147.135.213.107 - - [11/Mar/2026:07:22:12 +0800] "GET /superslot%20wallet%20net.aspx HTTP/1.1" 502 157 "-" "Mozilla/5.0 (compatible; MJ12bot/v1.4.8; http://mj12bot.com/)"
147.135.213.107 - - [11/Mar/2026:07:22:13 +0800] "GET /superslot%20wallet.aspx HTTP/1.1" 502 157 "-" "Mozilla/5.0 (compatible; MJ12bot/v1.4.8; http://mj12bot.com/)"
147.135.213.107 - - [11/Mar/2026:07:22:15 +0800] "GET /superslot168%20wallet.aspx HTTP/1.1" 502 157 "-" "Mozilla/5.0 (compatible; MJ12bot/v1.4.8; http://mj12bot.com/)"
147.135.213.107 - - [11/Mar/2026:07:22:16 +0800] "GET /ufa%20168.aspx HTTP/1.1" 502 157 "-" "Mozilla/5.0 (compatible; MJ12bot/v1.4.8; http://mj12bot.com/)"
147.135.213.107 - - [11/Mar/2026:07:22:18 +0800] "GET /ufa%20c4.aspx HTTP/1.1" 502 157 "-" "Mozilla/5.0 (compatible; MJ12bot/v1.4.8; http://mj12bot.com/)"
147.135.213.107 - - [11/Mar/2026:07:22:19 +0800] "GET /ufa%20sa.aspx HTTP/1.1" 502 157 "-" "Mozilla/5.0 (compatible; MJ12bot/v1.4.8; http://mj12bot.com/)"
147.135.213.107 - - [11/Mar/2026:07:22:21 +0800] "GET /ufa%20slot.aspx HTTP/1.1" 502 157 "-" "Mozilla/5.0 (compatible; MJ12bot/v1.4.8; http://mj12bot.com/)"
147.135.213.107 - - [11/Mar/2026:07:22:23 +0800] "GET /ufa%20vip.aspx HTTP/1.1" 502 157 "-" "Mozilla/5.0 (compatible; MJ12bot/v1.4.8; http://mj12bot.com/)"
147.135.213.107 - - [11/Mar/2026:07:22:24 +0800] "GET /ufa%20wallet%20777.aspx HTTP/1.1" 502 157 "-" "Mozilla/5.0 (compatible; MJ12bot/v1.4.8; http://mj12bot.com/)"
147.135.213.107 - - [11/Mar/2026:07:22:26 +0800] "GET /ufa%20wallet.aspx HTTP/1.1" 502 157 "-" "Mozilla/5.0 (compatible; MJ12bot/v1.4.8; http://mj12bot.com/)"
147.135.213.107 - - [11/Mar/2026:07:22:28 +0800] "GET /ufabet%20100.aspx HTTP/1.1" 502 157 "-" "Mozilla/5.0 (compatible; MJ12bot/v1.4.8; http://mj12bot.com/)"
147.135.213.107 - - [11/Mar/2026:07:22:29 +0800] "GET /ufabet%201668.aspx HTTP/1.1" 502 157 "-" "Mozilla/5.0 (compatible; MJ12bot/v1.4.8; http://mj12bot.com/)"
147.135.213.107 - - [11/Mar/2026:07:22:31 +0800] "GET /ufabet%207777.aspx HTTP/1.1" 502 157 "-" "Mozilla/5.0 (compatible; MJ12bot/v1.4.8; http://mj12bot.com/)"
147.135.213.107 - - [11/Mar/2026:07:22:32 +0800] "GET /ufabet%20auto%20wallet.aspx HTTP/1.1" 502 157 "-" "Mozilla/5.0 (compatible; MJ12bot/v1.4.8; http://mj12bot.com/)"
147.135.213.107 - - [11/Mar/2026:07:22:34 +0800] "GET /ufabet%20auto.aspx HTTP/1.1" 502 157 "-" "Mozilla/5.0 (compatible; MJ12bot/v1.4.8; http://mj12bot.com/)"
147.135.213.107 - - [11/Mar/2026:07:22:36 +0800] "GET /ufabet%20net.aspx HTTP/1.1" 502 157 "-" "Mozilla/5.0 (compatible; MJ12bot/v1.4.8; http://mj12bot.com/)"
147.135.213.107 - - [11/Mar/2026:07:22:37 +0800] "GET /ufabet%20wallet%20777.aspx HTTP/1.1" 502 157 "-" "Mozilla/5.0 (compatible; MJ12bot/v1.4.8; http://mj12bot.com/)"
147.135.213.107 - - [11/Mar/2026:07:22:39 +0800] "GET /ufabet%20wallet.aspx HTTP/1.1" 502 157 "-" "Mozilla/5.0 (compatible; MJ12bot/v1.4.8; http://mj12bot.com/)"
147.135.213.107 - - [11/Mar/2026:07:22:41 +0800] "GET /w69%20slot.aspx HTTP/1.1" 502 157 "-" "Mozilla/5.0 (compatible; MJ12bot/v1.4.8; http://mj12bot.com/)"
147.135.213.107 - - [11/Mar/2026:07:22:42 +0800] "GET /wallet%20slot.aspx HTTP/1.1" 502 157 "-" "Mozilla/5.0 (compatible; MJ12bot/v1.4.8; http://mj12bot.com/)"
147.135.213.107 - - [11/Mar/2026:07:22:44 +0800] "GET /we88%20slot.aspx HTTP/1.1" 502 157 "-" "Mozilla/5.0 (compatible; MJ12bot/v1.4.8; http://mj12bot.com/)"
147.135.213.107 - - [11/Mar/2026:07:22:46 +0800] "GET /www%20ufabet%20com.aspx HTTP/1.1" 502 157 "-" "Mozilla/5.0 (compatible; MJ12bot/v1.4.8; http://mj12bot.com/)"
147.135.213.107 - - [11/Mar/2026:07:22:47 +0800] "GET /xo%20slot.aspx HTTP/1.1" 502 157 "-" "Mozilla/5.0 (compatible; MJ12bot/v1.4.8; http://mj12bot.com/)"
147.135.213.107 - - [11/Mar/2026:07:22:49 +0800] "GET /yakuza%20slot.aspx HTTP/1.1" 502 157 "-" "Mozilla/5.0 (compatible; MJ12bot/v1.4.8; http://mj12bot.com/)"
147.135.213.107 - - [11/Mar/2026:07:22:51 +0800] "GET /robots.txt HTTP/1.1" 502 157 "-" "Mozilla/5.0 (compatible; MJ12bot/v1.4.8; http://mj12bot.com/)"
43.167.157.80 - - [11/Mar/2026:07:23:03 +0800] "GET / HTTP/1.1" 200 1971 "-" "Mozilla/5.0 (iPhone; CPU iPhone OS 13_2_3 like Mac OS X) AppleWebKit/605.1.15 (KHTML, like Gecko) Version/13.0.3 Mobile/15E148 Safari/604.1"
36.41.75.167 - - [11/Mar/2026:07:24:49 +0800] "GET / HTTP/1.1" 200 1971 "-" "Mozilla/5.0 (iPhone; CPU iPhone OS 13_2_3 like Mac OS X) AppleWebKit/605.1.15 (KHTML, like Gecko) Version/13.0.3 Mobile/15E148 Safari/604.1"
43.166.130.123 - - [11/Mar/2026:07:26:08 +0800] "GET / HTTP/1.1" 200 1971 "-" "Mozilla/5.0 (iPhone; CPU iPhone OS 13_2_3 like Mac OS X) AppleWebKit/605.1.15 (KHTML, like Gecko) Version/13.0.3 Mobile/15E148 Safari/604.1"
78.46.215.1 - - [11/Mar/2026:07:26:29 +0800] "HEAD / HTTP/1.1" 200 0 "http://nfe.com.au" "Mozilla/5.0+(compatible; UptimeRobot/2.0; http://www.uptimerobot.com/)"
130.61.17.31 - - [11/Mar/2026:07:28:05 +0800] "GET / HTTP/1.1" 200 5069 "-" "Mozilla/5.0 (compatible; TechCrawler/1.0)"
167.71.237.115 - - [11/Mar/2026:07:28:10 +0800] "GET / HTTP/1.1" 200 1971 "-" "Mozilla/5.0 (X11; Linux x86_64; rv:142.0) Gecko/20100101 Firefox/142.0"
167.71.237.115 - - [11/Mar/2026:07:28:11 +0800] "GET /favicon.ico HTTP/1.1" 404 196 "http://hostone.com.au/" "Mozilla/5.0 (X11; Linux x86_64; rv:142.0) Gecko/20100101 Firefox/142.0"
123.125.21.152 - - [11/Mar/2026:07:28:21 +0800] "GET / HTTP/1.1" 200 5069 "-" "-"
123.125.21.152 - - [11/Mar/2026:07:28:22 +0800] "GET / HTTP/1.1" 200 1971 "-" "Mozilla/5.0 (Macintosh; Intel Mac OS X 10_14_3) AppleWebKit/605.1.15 (KHTML, like Gecko) Version/12.0.3 Safari/605.1.15"
123.125.21.152 - - [11/Mar/2026:07:28:23 +0800] "GET /never_could_exists HTTP/1.1" 404 196 "-" "Mozilla/5.0 (Macintosh; Intel Mac OS X 10_14_3) AppleWebKit/605.1.15 (KHTML, like Gecko) Version/12.0.3 Safari/605.1.15"
123.125.21.152 - - [11/Mar/2026:07:28:23 +0800] "GET /adminer/ HTTP/1.1" 404 196 "-" "Mozilla/5.0 (Macintosh; Intel Mac OS X 10_14_3) AppleWebKit/605.1.15 (KHTML, like Gecko) Version/12.0.3 Safari/605.1.15"
123.125.21.152 - - [11/Mar/2026:07:28:24 +0800] "GET /arcgis/ HTTP/1.1" 404 196 "-" "Mozilla/5.0 (Macintosh; Intel Mac OS X 10_14_3) AppleWebKit/605.1.15 (KHTML, like Gecko) Version/12.0.3 Safari/605.1.15"
123.125.21.152 - - [11/Mar/2026:07:28:24 +0800] "GET /axis2/ HTTP/1.1" 404 196 "-" "Mozilla/5.0 (Macintosh; Intel Mac OS X 10_14_3) AppleWebKit/605.1.15 (KHTML, like Gecko) Version/12.0.3 Safari/605.1.15"
123.125.21.152 - - [11/Mar/2026:07:28:25 +0800] "GET /axis/ HTTP/1.1" 404 196 "-" "Mozilla/5.0 (Macintosh; Intel Mac OS X 10_14_3) AppleWebKit/605.1.15 (KHTML, like Gecko) Version/12.0.3 Safari/605.1.15"
123.125.21.152 - - [11/Mar/2026:07:28:26 +0800] "GET /druid/ HTTP/1.1" 404 196 "-" "Mozilla/5.0 (Macintosh; Intel Mac OS X 10_14_3) AppleWebKit/605.1.15 (KHTML, like Gecko) Version/12.0.3 Safari/605.1.15"
123.125.21.152 - - [11/Mar/2026:07:28:26 +0800] "GET /uis/ HTTP/1.1" 404 196 "-" "Mozilla/5.0 (Macintosh; Intel Mac OS X 10_14_3) AppleWebKit/605.1.15 (KHTML, like Gecko) Version/12.0.3 Safari/605.1.15"
123.125.21.152 - - [11/Mar/2026:07:28:27 +0800] "GET /imc/ HTTP/1.1" 404 196 "-" "Mozilla/5.0 (Macintosh; Intel Mac OS X 10_14_3) AppleWebKit/605.1.15 (KHTML, like Gecko) Version/12.0.3 Safari/605.1.15"
123.125.21.152 - - [11/Mar/2026:07:28:27 +0800] "GET /manager/ HTTP/1.1" 404 196 "-" "Mozilla/5.0 (Macintosh; Intel Mac OS X 10_14_3) AppleWebKit/605.1.15 (KHTML, like Gecko) Version/12.0.3 Safari/605.1.15"
123.125.21.152 - - [11/Mar/2026:07:28:28 +0800] "GET /minio/login HTTP/1.1" 404 196 "-" "Mozilla/5.0 (Macintosh; Intel Mac OS X 10_14_3) AppleWebKit/605.1.15 (KHTML, like Gecko) Version/12.0.3 Safari/605.1.15"
123.125.21.152 - - [11/Mar/2026:07:28:29 +0800] "GET /nacos/ HTTP/1.1" 404 196 "-" "Mozilla/5.0 (Macintosh; Intel Mac OS X 10_14_3) AppleWebKit/605.1.15 (KHTML, like Gecko) Version/12.0.3 Safari/605.1.15"
123.125.21.152 - - [11/Mar/2026:07:28:29 +0800] "GET /phpmyadmin/ HTTP/1.1" 502 157 "-" "Mozilla/5.0 (Macintosh; Intel Mac OS X 10_14_3) AppleWebKit/605.1.15 (KHTML, like Gecko) Version/12.0.3 Safari/605.1.15"
123.125.21.152 - - [11/Mar/2026:07:28:30 +0800] "GET /pma/ HTTP/1.1" 200 4978 "-" "Mozilla/5.0 (Macintosh; Intel Mac OS X 10_14_3) AppleWebKit/605.1.15 (KHTML, like Gecko) Version/12.0.3 Safari/605.1.15"
123.125.21.152 - - [11/Mar/2026:07:28:31 +0800] "GET /swagger-ui.html HTTP/1.1" 502 157 "-" "Mozilla/5.0 (Macintosh; Intel Mac OS X 10_14_3) AppleWebKit/605.1.15 (KHTML, like Gecko) Version/12.0.3 Safari/605.1.15"
123.125.21.152 - - [11/Mar/2026:07:28:31 +0800] "GET /swagger/ HTTP/1.1" 502 157 "-" "Mozilla/5.0 (Macintosh; Intel Mac OS X 10_14_3) AppleWebKit/605.1.15 (KHTML, like Gecko) Version/12.0.3 Safari/605.1.15"
123.125.21.152 - - [11/Mar/2026:07:28:32 +0800] "GET /api/docs/ HTTP/1.1" 502 157 "-" "Mozilla/5.0 (Macintosh; Intel Mac OS X 10_14_3) AppleWebKit/605.1.15 (KHTML, like Gecko) Version/12.0.3 Safari/605.1.15"
123.125.21.152 - - [11/Mar/2026:07:28:32 +0800] "GET /console/ HTTP/1.1" 502 157 "-" "Mozilla/5.0 (Macintosh; Intel Mac OS X 10_14_3) AppleWebKit/605.1.15 (KHTML, like Gecko) Version/12.0.3 Safari/605.1.15"
123.125.21.152 - - [11/Mar/2026:07:28:33 +0800] "GET /webroot/decision/ HTTP/1.1" 502 157 "-" "Mozilla/5.0 (Macintosh; Intel Mac OS X 10_14_3) AppleWebKit/605.1.15 (KHTML, like Gecko) Version/12.0.3 Safari/605.1.15"
123.125.21.152 - - [11/Mar/2026:07:28:34 +0800] "GET /harbor/ HTTP/1.1" 502 157 "-" "Mozilla/5.0 (Macintosh; Intel Mac OS X 10_14_3) AppleWebKit/605.1.15 (KHTML, like Gecko) Version/12.0.3 Safari/605.1.15"
123.125.21.152 - - [11/Mar/2026:07:28:34 +0800] "GET /xxl-job/ HTTP/1.1" 502 157 "-" "Mozilla/5.0 (Macintosh; Intel Mac OS X 10_14_3) AppleWebKit/605.1.15 (KHTML, like Gecko) Version/12.0.3 Safari/605.1.15"
123.125.21.152 - - [11/Mar/2026:07:28:35 +0800] "GET /xxl-job-admin/ HTTP/1.1" 502 157 "-" "Mozilla/5.0 (Macintosh; Intel Mac OS X 10_14_3) AppleWebKit/605.1.15 (KHTML, like Gecko) Version/12.0.3 Safari/605.1.15"
123.125.21.152 - - [11/Mar/2026:07:28:35 +0800] "GET /xxl/ HTTP/1.1" 502 157 "-" "Mozilla/5.0 (Macintosh; Intel Mac OS X 10_14_3) AppleWebKit/605.1.15 (KHTML, like Gecko) Version/12.0.3 Safari/605.1.15"
123.125.21.152 - - [11/Mar/2026:07:28:36 +0800] "GET /wui/ HTTP/1.1" 502 157 "-" "Mozilla/5.0 (Macintosh; Intel Mac OS X 10_14_3) AppleWebKit/605.1.15 (KHTML, like Gecko) Version/12.0.3 Safari/605.1.15"
123.125.21.152 - - [11/Mar/2026:07:28:36 +0800] "GET /smartbi/ HTTP/1.1" 502 157 "-" "Mozilla/5.0 (Macintosh; Intel Mac OS X 10_14_3) AppleWebKit/605.1.15 (KHTML, like Gecko) Version/12.0.3 Safari/605.1.15"
123.125.21.152 - - [11/Mar/2026:07:28:37 +0800] "GET /webroot/decision/ HTTP/1.1" 502 157 "-" "Mozilla/5.0 (Macintosh; Intel Mac OS X 10_14_3) AppleWebKit/605.1.15 (KHTML, like Gecko) Version/12.0.3 Safari/605.1.15"
123.125.21.152 - - [11/Mar/2026:07:28:38 +0800] "GET /xxl-job/ HTTP/1.1" 502 157 "-" "Mozilla/5.0 (Macintosh; Intel Mac OS X 10_14_3) AppleWebKit/605.1.15 (KHTML, like Gecko) Version/12.0.3 Safari/605.1.15"
123.125.21.152 - - [11/Mar/2026:07:28:38 +0800] "GET /xxl-job-admin/ HTTP/1.1" 502 157 "-" "Mozilla/5.0 (Macintosh; Intel Mac OS X 10_14_3) AppleWebKit/605.1.15 (KHTML, like Gecko) Version/12.0.3 Safari/605.1.15"
123.125.21.152 - - [11/Mar/2026:07:28:39 +0800] "GET /xxl/ HTTP/1.1" 502 157 "-" "Mozilla/5.0 (Macintosh; Intel Mac OS X 10_14_3) AppleWebKit/605.1.15 (KHTML, like Gecko) Version/12.0.3 Safari/605.1.15"
123.125.21.152 - - [11/Mar/2026:07:28:39 +0800] "GET /admin/ HTTP/1.1" 502 157 "-" "Mozilla/5.0 (Macintosh; Intel Mac OS X 10_14_3) AppleWebKit/605.1.15 (KHTML, like Gecko) Version/12.0.3 Safari/605.1.15"
123.125.21.152 - - [11/Mar/2026:07:28:40 +0800] "GET /login/ HTTP/1.1" 502 157 "-" "Mozilla/5.0 (Macintosh; Intel Mac OS X 10_14_3) AppleWebKit/605.1.15 (KHTML, like Gecko) Version/12.0.3 Safari/605.1.15"
123.125.21.152 - - [11/Mar/2026:07:28:41 +0800] "GET /mail/ HTTP/1.1" 502 157 "-" "Mozilla/5.0 (Macintosh; Intel Mac OS X 10_14_3) AppleWebKit/605.1.15 (KHTML, like Gecko) Version/12.0.3 Safari/605.1.15"
123.125.21.152 - - [11/Mar/2026:07:28:41 +0800] "GET /client/ HTTP/1.1" 502 157 "-" "Mozilla/5.0 (Macintosh; Intel Mac OS X 10_14_3) AppleWebKit/605.1.15 (KHTML, like Gecko) Version/12.0.3 Safari/605.1.15"
123.125.21.152 - - [11/Mar/2026:07:28:42 +0800] "GET /blog/ HTTP/1.1" 502 157 "-" "Mozilla/5.0 (Macintosh; Intel Mac OS X 10_14_3) AppleWebKit/605.1.15 (KHTML, like Gecko) Version/12.0.3 Safari/605.1.15"
123.125.21.152 - - [11/Mar/2026:07:28:42 +0800] "GET /old/ HTTP/1.1" 502 157 "-" "Mozilla/5.0 (Macintosh; Intel Mac OS X 10_14_3) AppleWebKit/605.1.15 (KHTML, like Gecko) Version/12.0.3 Safari/605.1.15"
64.89.163.10 - - [11/Mar/2026:07:28:43 +0800] "GET /txets.php HTTP/1.1" 404 196 "-" "Mozilla/5.0 (Windows NT 10.0; Win64; x64) AppleWebKit/537.36 (KHTML, like Gecko) Chrome/91.0.4472.124 Safari/537.36"
123.125.21.152 - - [11/Mar/2026:07:28:43 +0800] "GET /email/ HTTP/1.1" 502 157 "-" "Mozilla/5.0 (Macintosh; Intel Mac OS X 10_14_3) AppleWebKit/605.1.15 (KHTML, like Gecko) Version/12.0.3 Safari/605.1.15"
64.89.163.10 - - [11/Mar/2026:07:28:43 +0800] "GET /wp-content/txets.php HTTP/1.1" 404 196 "-" "Mozilla/5.0 (Windows NT 10.0; Win64; x64) AppleWebKit/537.36 (KHTML, like Gecko) Chrome/91.0.4472.124 Safari/537.36"
123.125.21.152 - - [11/Mar/2026:07:28:44 +0800] "GET /office/ HTTP/1.1" 502 157 "-" "Mozilla/5.0 (Macintosh; Intel Mac OS X 10_14_3) AppleWebKit/605.1.15 (KHTML, like Gecko) Version/12.0.3 Safari/605.1.15"
64.89.163.10 - - [11/Mar/2026:07:28:44 +0800] "GET /wp-includes/widgets/txets.php HTTP/1.1" 403 199 "-" "Mozilla/5.0 (Windows NT 10.0; Win64; x64) AppleWebKit/537.36 (KHTML, like Gecko) Chrome/91.0.4472.124 Safari/537.36"
123.125.21.152 - - [11/Mar/2026:07:28:44 +0800] "GET /oa/ HTTP/1.1" 502 157 "-" "Mozilla/5.0 (Macintosh; Intel Mac OS X 10_14_3) AppleWebKit/605.1.15 (KHTML, like Gecko) Version/12.0.3 Safari/605.1.15"
64.89.163.10 - - [11/Mar/2026:07:28:44 +0800] "GET /wp-includes/rest-api/txets.php HTTP/1.1" 403 199 "-" "Mozilla/5.0 (Windows NT 10.0; Win64; x64) AppleWebKit/537.36 (KHTML, like Gecko) Chrome/91.0.4472.124 Safari/537.36"
123.125.21.152 - - [11/Mar/2026:07:28:45 +0800] "GET /crm/ HTTP/1.1" 502 157 "-" "Mozilla/5.0 (Macintosh; Intel Mac OS X 10_14_3) AppleWebKit/605.1.15 (KHTML, like Gecko) Version/12.0.3 Safari/605.1.15"
64.89.163.10 - - [11/Mar/2026:07:28:45 +0800] "GET /wp-includes/blocks/post-template/txets.php HTTP/1.1" 403 199 "-" "Mozilla/5.0 (Windows NT 10.0; Win64; x64) AppleWebKit/537.36 (KHTML, like Gecko) Chrome/91.0.4472.124 Safari/537.36"
123.125.21.152 - - [11/Mar/2026:07:28:45 +0800] "GET /stack/ HTTP/1.1" 502 157 "-" "Mozilla/5.0 (Macintosh; Intel Mac OS X 10_14_3) AppleWebKit/605.1.15 (KHTML, like Gecko) Version/12.0.3 Safari/605.1.15"
64.89.163.10 - - [11/Mar/2026:07:28:46 +0800] "GET /wp-admin/txets.php HTTP/1.1" 404 196 "-" "Mozilla/5.0 (Windows NT 10.0; Win64; x64) AppleWebKit/537.36 (KHTML, like Gecko) Chrome/91.0.4472.124 Safari/537.36"
123.125.21.152 - - [11/Mar/2026:07:28:46 +0800] "GET /dashboard/ HTTP/1.1" 502 157 "-" "Mozilla/5.0 (Macintosh; Intel Mac OS X 10_14_3) AppleWebKit/605.1.15 (KHTML, like Gecko) Version/12.0.3 Safari/605.1.15"
64.89.163.10 - - [11/Mar/2026:07:28:46 +0800] "GET /wp-includes/txets.php HTTP/1.1" 403 199 "-" "Mozilla/5.0 (Windows NT 10.0; Win64; x64) AppleWebKit/537.36 (KHTML, like Gecko) Chrome/91.0.4472.124 Safari/537.36"
64.89.163.10 - - [11/Mar/2026:07:28:47 +0800] "GET /schallfuns.php HTTP/1.1" 404 196 "-" "Mozilla/5.0 (Windows NT 10.0; Win64; x64) AppleWebKit/537.36 (KHTML, like Gecko) Chrome/91.0.4472.124 Safari/537.36"
64.89.163.10 - - [11/Mar/2026:07:28:47 +0800] "GET /postnews.php HTTP/1.1" 404 196 "-" "Mozilla/5.0 (Windows NT 10.0; Win64; x64) AppleWebKit/537.36 (KHTML, like Gecko) Chrome/91.0.4472.124 Safari/537.36"
123.125.21.152 - - [11/Mar/2026:07:28:48 +0800] "GET /cms/ HTTP/1.1" 502 157 "-" "Mozilla/5.0 (Macintosh; Intel Mac OS X 10_14_3) AppleWebKit/605.1.15 (KHTML, like Gecko) Version/12.0.3 Safari/605.1.15"
123.125.21.152 - - [11/Mar/2026:07:28:48 +0800] "GET /news/ HTTP/1.1" 502 157 "-" "Mozilla/5.0 (Macintosh; Intel Mac OS X 10_14_3) AppleWebKit/605.1.15 (KHTML, like Gecko) Version/12.0.3 Safari/605.1.15"
123.125.21.152 - - [11/Mar/2026:07:28:49 +0800] "GET /user/ HTTP/1.1" 502 157 "-" "Mozilla/5.0 (Macintosh; Intel Mac OS X 10_14_3) AppleWebKit/605.1.15 (KHTML, like Gecko) Version/12.0.3 Safari/605.1.15"
123.125.21.152 - - [11/Mar/2026:07:28:49 +0800] "GET /member/ HTTP/1.1" 502 157 "-" "Mozilla/5.0 (Macintosh; Intel Mac OS X 10_14_3) AppleWebKit/605.1.15 (KHTML, like Gecko) Version/12.0.3 Safari/605.1.15"
123.125.21.152 - - [11/Mar/2026:07:28:50 +0800] "GET /forum/ HTTP/1.1" 502 157 "-" "Mozilla/5.0 (Macintosh; Intel Mac OS X 10_14_3) AppleWebKit/605.1.15 (KHTML, like Gecko) Version/12.0.3 Safari/605.1.15"
123.125.21.152 - - [11/Mar/2026:07:28:51 +0800] "GET /mobile/ HTTP/1.1" 502 157 "-" "Mozilla/5.0 (Macintosh; Intel Mac OS X 10_14_3) AppleWebKit/605.1.15 (KHTML, like Gecko) Version/12.0.3 Safari/605.1.15"
123.125.21.152 - - [11/Mar/2026:07:28:52 +0800] "GET /app/ HTTP/1.1" 502 157 "-" "Mozilla/5.0 (Macintosh; Intel Mac OS X 10_14_3) AppleWebKit/605.1.15 (KHTML, like Gecko) Version/12.0.3 Safari/605.1.15"
123.125.21.152 - - [11/Mar/2026:07:28:52 +0800] "GET /home/ HTTP/1.1" 502 157 "-" "Mozilla/5.0 (Macintosh; Intel Mac OS X 10_14_3) AppleWebKit/605.1.15 (KHTML, like Gecko) Version/12.0.3 Safari/605.1.15"
123.125.21.152 - - [11/Mar/2026:07:28:53 +0800] "GET /cas/ HTTP/1.1" 502 157 "-" "Mozilla/5.0 (Macintosh; Intel Mac OS X 10_14_3) AppleWebKit/605.1.15 (KHTML, like Gecko) Version/12.0.3 Safari/605.1.15"
123.125.21.152 - - [11/Mar/2026:07:28:53 +0800] "GET /portal/ HTTP/1.1" 502 157 "-" "Mozilla/5.0 (Macintosh; Intel Mac OS X 10_14_3) AppleWebKit/605.1.15 (KHTML, like Gecko) Version/12.0.3 Safari/605.1.15"
123.125.21.152 - - [11/Mar/2026:07:28:54 +0800] "GET /sys/ HTTP/1.1" 502 157 "-" "Mozilla/5.0 (Macintosh; Intel Mac OS X 10_14_3) AppleWebKit/605.1.15 (KHTML, like Gecko) Version/12.0.3 Safari/605.1.15"
123.125.21.152 - - [11/Mar/2026:07:28:55 +0800] "GET /wiki/ HTTP/1.1" 502 157 "-" "Mozilla/5.0 (Macintosh; Intel Mac OS X 10_14_3) AppleWebKit/605.1.15 (KHTML, like Gecko) Version/12.0.3 Safari/605.1.15"
123.125.21.152 - - [11/Mar/2026:07:28:55 +0800] "GET /im/ HTTP/1.1" 502 157 "-" "Mozilla/5.0 (Macintosh; Intel Mac OS X 10_14_3) AppleWebKit/605.1.15 (KHTML, like Gecko) Version/12.0.3 Safari/605.1.15"
123.125.21.152 - - [11/Mar/2026:07:28:56 +0800] "GET /spaces/ HTTP/1.1" 502 157 "-" "Mozilla/5.0 (Macintosh; Intel Mac OS X 10_14_3) AppleWebKit/605.1.15 (KHTML, like Gecko) Version/12.0.3 Safari/605.1.15"
123.125.21.152 - - [11/Mar/2026:07:28:56 +0800] "GET /homepage/ HTTP/1.1" 502 157 "-" "Mozilla/5.0 (Macintosh; Intel Mac OS X 10_14_3) AppleWebKit/605.1.15 (KHTML, like Gecko) Version/12.0.3 Safari/605.1.15"
123.125.21.152 - - [11/Mar/2026:07:28:57 +0800] "GET /default/ HTTP/1.1" 502 157 "-" "Mozilla/5.0 (Macintosh; Intel Mac OS X 10_14_3) AppleWebKit/605.1.15 (KHTML, like Gecko) Version/12.0.3 Safari/605.1.15"
123.125.21.152 - - [11/Mar/2026:07:28:58 +0800] "GET /Page/ HTTP/1.1" 502 157 "-" "Mozilla/5.0 (Macintosh; Intel Mac OS X 10_14_3) AppleWebKit/605.1.15 (KHTML, like Gecko) Version/12.0.3 Safari/605.1.15"
123.125.21.152 - - [11/Mar/2026:07:28:58 +0800] "POST /never_could_exists HTTP/1.1" 502 157 "-" "Mozilla/5.0 (Macintosh; Intel Mac OS X 10_14_3) AppleWebKit/605.1.15 (KHTML, like Gecko) Version/12.0.3 Safari/605.1.15"
123.125.21.152 - - [11/Mar/2026:07:28:59 +0800] "GET /?id=1%20and%201=1 HTTP/1.1" 502 157 "-" "Mozilla/5.0 (Macintosh; Intel Mac OS X 10_14_3) AppleWebKit/605.1.15 (KHTML, like Gecko) Version/12.0.3 Safari/605.1.15"
123.125.21.152 - - [11/Mar/2026:07:28:59 +0800] "GET /upnpdev.xml HTTP/1.1" 502 157 "-" "Mozilla/5.0 (Macintosh; Intel Mac OS X 10_14_3) AppleWebKit/605.1.15 (KHTML, like Gecko) Version/12.0.3 Safari/605.1.15"
123.125.21.152 - - [11/Mar/2026:07:29:00 +0800] "GET /axis2/never_could_exists.jws HTTP/1.1" 502 157 "-" "Mozilla/5.0 (Macintosh; Intel Mac OS X 10_14_3) AppleWebKit/605.1.15 (KHTML, like Gecko) Version/12.0.3 Safari/605.1.15"
123.125.21.152 - - [11/Mar/2026:07:29:01 +0800] "GET /favicon.ico HTTP/1.1" 502 157 "-" "Mozilla/5.0 (Macintosh; Intel Mac OS X 10_14_3) AppleWebKit/605.1.15 (KHTML, like Gecko) Version/12.0.3 Safari/605.1.15"
101.33.80.42 - - [11/Mar/2026:07:30:11 +0800] "GET / HTTP/1.1" 200 1971 "-" "Mozilla/5.0 (iPhone; CPU iPhone OS 13_2_3 like Mac OS X) AppleWebKit/605.1.15 (KHTML, like Gecko) Version/13.0.3 Mobile/15E148 Safari/604.1"
93.158.90.68 - - [11/Mar/2026:07:31:27 +0800] "GET / HTTP/1.1" 200 1971 "-" "Mozilla/5.0 (X11; CrOS x86_64 14541.0.0) AppleWebKit/537.36 (KHTML, like Gecko) Chrome/121.0.0.0 Safari/537.3"
65.108.78.33 - - [11/Mar/2026:07:33:59 +0800] "GET /robots.txt HTTP/1.1" 404 196 "-" "Mozilla/5.0 (compatible; MJ12bot/v1.4.8; http://mj12bot.com/)"
65.108.78.33 - - [11/Mar/2026:07:34:01 +0800] "GET /yakuza%20slot.aspx HTTP/1.1" 404 196 "-" "Mozilla/5.0 (compatible; MJ12bot/v1.4.8; http://mj12bot.com/)"
106.54.62.156 - - [11/Mar/2026:07:35:56 +0800] "GET / HTTP/1.1" 200 1971 "-" "Mozilla/5.0 (iPhone; CPU iPhone OS 13_2_3 like Mac OS X) AppleWebKit/605.1.15 (KHTML, like Gecko) Version/13.0.3 Mobile/15E148 Safari/604.1"
104.210.140.142 - - [11/Mar/2026:07:36:08 +0800] "GET /robots.txt HTTP/1.1" 404 196 "-" "Mozilla/5.0 (Macintosh; Intel Mac OS X 10_15_7) AppleWebKit/537.36 (KHTML, like Gecko) Chrome/131.0.0.0 Safari/537.36; compatible; OAI-SearchBot/1.0; +https://openai.com/searchbot"
58.65.241.173 - - [11/Mar/2026:07:36:50 +0800] "GET /admin/config.php HTTP/1.0" 404 196 "-" "xfa1"
180.150.80.60 - - [11/Mar/2026:07:37:50 +0800] "GET / HTTP/1.1" 200 1971 "-" "Mozilla/5.0 (Windows NT 10.0; Win64; x64) AppleWebKit/537.36 (KHTML, like Gecko) Chrome/145.0.0.0 Safari/537.36 Edg/145.0.0.0"
180.150.80.60 - - [11/Mar/2026:07:37:50 +0800] "HEAD / HTTP/1.1" 200 0 "-" "Mozilla/5.0 (Windows NT 10.0; Win64; x64) AppleWebKit/537.36 (KHTML, like Gecko) Chrome/145.0.0.0 Safari/537.36 Edg/145.0.0.0"
180.150.80.60 - - [11/Mar/2026:07:37:51 +0800] "GET /favicon.ico HTTP/1.1" 404 196 "http://vpb/" "Mozilla/5.0 (Windows NT 10.0; Win64; x64) AppleWebKit/537.36 (KHTML, like Gecko) Chrome/145.0.0.0 Safari/537.36 Edg/145.0.0.0"
34.75.239.93 - - [11/Mar/2026:07:38:54 +0800] "\x03\x00\x00\x00\x00\x00\x00\x00\x00\x00\x00\x00\x00\x00\x00\x00\x00\x00\x00\x00\x00\x00\x00\x00\x00\x00\x00\x00\x00\x00\x00\x00" 400 157 "-" "-"
34.75.239.93 - - [11/Mar/2026:07:38:54 +0800] "PING bd026d81-2d53-442b-bba6-785ed458000a" 400 157 "-" "-"
34.75.239.93 - - [11/Mar/2026:07:38:54 +0800] "\x16\x03\x01\x05\xD5\x01\x00\x05\xD1\x03\x03\xC6;\xE0Y\x93\x0B\x91\x9A\x81\xB1\x14\xF1\xE3J\x03j~\xFDUAZ\xB4s\x9A1\x011\xD4\xCD8\xEBh 0\xD47\x96\xAA\xCB\xCE?\xBE\xF2\xCB6\xF6\xAD\xF5\x08\x9D[5\x81\xB6\xF2\xF8&g\x86\xF0\xCF\x0E\xC2\x07\xC1\x00\x1A\xC0+\xC0/\xC0,\xC00\xCC\xA9\xCC\xA8\xC0\x09\xC0\x13\xC0" 400 157 "-" "-"
34.75.239.93 - - [11/Mar/2026:07:38:54 +0800] "\x16\x03\x01\x00\x80\x01\x00\x00|\x03\x015X;*M\xE1\xBCr'x\x95G" 400 157 "-" "-"
34.75.239.93 - - [11/Mar/2026:07:38:55 +0800] "{\x22id\x22: 1, \x22method\x22: \x22mining.subscribe\x22, \x22params\x22: []}" 400 157 "-" "-"
34.75.239.93 - - [11/Mar/2026:07:38:55 +0800] "\x16\x03\x01\x00\x80\x01\x00\x00|\x03\x01\xAC:\xAF\x85\xB9#\x84\x11\xF7G2\xA1\x99/\xC8@m.\xD6\xA0H\x19!\xE0\xFC\x06\xA6\xCA\xAE\x80\xC2\x12 -\x13\xDC\x9E\x103h\xE7*.\x04T;\xBA\xF3F\xA4\x95\x16\xA3\x89\xBB\x85\x8E\xDF\xDB\xB5\x95T\xD4*\xFA\x00\x02\x005\x01\x00\x001\x00\x0B\x00\x02\x01\x00\xFF\x01\x00\x01\x00\x00\x17\x00\x00\x00\x12\x00\x00\x00\x05\x00\x05\x01\x00\x00\x00\x00\x00" 400 157 "-" "-"
78.46.215.1 - - [11/Mar/2026:07:46:34 +0800] "HEAD / HTTP/1.1" 200 0 "http://nfe.com.au" "Mozilla/5.0+(compatible; UptimeRobot/2.0; http://www.uptimerobot.com/)"
117.33.163.216 - - [11/Mar/2026:07:46:40 +0800] "GET / HTTP/1.1" 200 1971 "-" "Mozilla/5.0 (iPhone; CPU iPhone OS 13_2_3 like Mac OS X) AppleWebKit/605.1.15 (KHTML, like Gecko) Version/13.0.3 Mobile/15E148 Safari/604.1"
64.89.163.10 - - [11/Mar/2026:07:46:44 +0800] "GET /txets.php HTTP/1.1" 404 196 "-" "Mozilla/5.0 (Windows NT 10.0; Win64; x64) AppleWebKit/537.36 (KHTML, like Gecko) Chrome/91.0.4472.124 Safari/537.36"
114.119.136.68 - - [11/Mar/2026:07:46:45 +0800] "GET / HTTP/1.1" 200 1971 "-" "Mozilla/5.0 (Linux; Android 7.0;) AppleWebKit/537.36 (KHTML, like Gecko) Mobile Safari/537.36 (compatible; PetalBot;+https://webmaster.petalsearch.com/site/petalbot)"
64.89.163.10 - - [11/Mar/2026:07:46:45 +0800] "GET /wp-content/txets.php HTTP/1.1" 404 196 "-" "Mozilla/5.0 (Windows NT 10.0; Win64; x64) AppleWebKit/537.36 (KHTML, like Gecko) Chrome/91.0.4472.124 Safari/537.36"
64.89.163.10 - - [11/Mar/2026:07:46:45 +0800] "GET /wp-includes/widgets/txets.php HTTP/1.1" 403 199 "-" "Mozilla/5.0 (Windows NT 10.0; Win64; x64) AppleWebKit/537.36 (KHTML, like Gecko) Chrome/91.0.4472.124 Safari/537.36"
64.89.163.10 - - [11/Mar/2026:07:46:46 +0800] "GET /wp-includes/rest-api/txets.php HTTP/1.1" 403 199 "-" "Mozilla/5.0 (Windows NT 10.0; Win64; x64) AppleWebKit/537.36 (KHTML, like Gecko) Chrome/91.0.4472.124 Safari/537.36"
64.89.163.10 - - [11/Mar/2026:07:46:46 +0800] "GET /wp-includes/blocks/post-template/txets.php HTTP/1.1" 403 199 "-" "Mozilla/5.0 (Windows NT 10.0; Win64; x64) AppleWebKit/537.36 (KHTML, like Gecko) Chrome/91.0.4472.124 Safari/537.36"
64.89.163.10 - - [11/Mar/2026:07:46:47 +0800] "GET /wp-admin/txets.php HTTP/1.1" 404 196 "-" "Mozilla/5.0 (Windows NT 10.0; Win64; x64) AppleWebKit/537.36 (KHTML, like Gecko) Chrome/91.0.4472.124 Safari/537.36"
64.89.163.10 - - [11/Mar/2026:07:46:48 +0800] "GET /wp-includes/txets.php HTTP/1.1" 403 199 "-" "Mozilla/5.0 (Windows NT 10.0; Win64; x64) AppleWebKit/537.36 (KHTML, like Gecko) Chrome/91.0.4472.124 Safari/537.36"
64.89.163.10 - - [11/Mar/2026:07:46:48 +0800] "GET /schallfuns.php HTTP/1.1" 404 196 "-" "Mozilla/5.0 (Windows NT 10.0; Win64; x64) AppleWebKit/537.36 (KHTML, like Gecko) Chrome/91.0.4472.124 Safari/537.36"
64.89.163.10 - - [11/Mar/2026:07:46:49 +0800] "GET /postnews.php HTTP/1.1" 404 196 "-" "Mozilla/5.0 (Windows NT 10.0; Win64; x64) AppleWebKit/537.36 (KHTML, like Gecko) Chrome/91.0.4472.124 Safari/537.36"
20.151.211.215 - - [11/Mar/2026:07:51:32 +0800] "GET /wp-content/plugins/hellopress/wp_filemanager.php HTTP/1.1" 404 196 "-" "-"
20.151.211.215 - - [11/Mar/2026:07:51:32 +0800] "GET /ws81.php HTTP/1.1" 404 196 "-" "-"
20.151.211.215 - - [11/Mar/2026:07:51:32 +0800] "GET /hnikt.php HTTP/1.1" 404 196 "-" "-"
20.151.211.215 - - [11/Mar/2026:07:51:32 +0800] "GET /awh.php HTTP/1.1" 404 196 "-" "-"
20.151.211.215 - - [11/Mar/2026:07:51:33 +0800] "GET /js.php HTTP/1.1" 404 196 "-" "-"
20.151.211.215 - - [11/Mar/2026:07:51:33 +0800] "GET /34.php HTTP/1.1" 404 196 "-" "-"
20.151.211.215 - - [11/Mar/2026:07:51:33 +0800] "GET /rafa.php HTTP/1.1" 404 196 "-" "-"
20.151.211.215 - - [11/Mar/2026:07:51:33 +0800] "GET /gu.php HTTP/1.1" 404 196 "-" "-"
20.151.211.215 - - [11/Mar/2026:07:51:33 +0800] "GET /wp-wlx.php HTTP/1.1" 404 196 "-" "-"
20.151.211.215 - - [11/Mar/2026:07:51:34 +0800] "GET /.well-known/pki-validation/gu.php HTTP/1.1" 404 196 "-" "-"
20.151.211.215 - - [11/Mar/2026:07:51:34 +0800] "GET /.well-known/pki-validation/rafa.php HTTP/1.1" 404 196 "-" "-"
20.151.211.215 - - [11/Mar/2026:07:51:34 +0800] "GET /wp-content/themes/pridmag/js.php HTTP/1.1" 502 157 "-" "-"
20.151.211.215 - - [11/Mar/2026:07:51:34 +0800] "GET /wp-content/themes/pridmag/34.php HTTP/1.1" 502 157 "-" "-"
8.216.38.6 - - [11/Mar/2026:07:51:37 +0800] "GET /.git/config HTTP/1.1" 403 153 "-" "Mozilla/5.0 (compatible; Scanner/1.0)"
52.4.63.207 - - [11/Mar/2026:07:52:29 +0800] "GET / HTTP/1.1" 200 1971 "-" "Mozilla/5.0 (X11; Linux aarch64) AppleWebKit/537.36 (KHTML, like Gecko) HeadlessChrome/120.0.6099.28 Safari/537.36"
43.157.62.101 - - [11/Mar/2026:07:52:55 +0800] "GET / HTTP/1.1" 200 1971 "-" "Mozilla/5.0 (iPhone; CPU iPhone OS 13_2_3 like Mac OS X) AppleWebKit/605.1.15 (KHTML, like Gecko) Version/13.0.3 Mobile/15E148 Safari/604.1"
51.75.119.161 - - [11/Mar/2026:07:54:30 +0800] "GET /robots.txt HTTP/1.1" 404 196 "-" "Mozilla/5.0 (compatible; MJ12bot/v1.4.8; http://mj12bot.com/)"
51.75.119.161 - - [11/Mar/2026:07:54:33 +0800] "GET /1234%20slot.aspx HTTP/1.1" 404 196 "-" "Mozilla/5.0 (compatible; MJ12bot/v1.4.8; http://mj12bot.com/)"
64.89.163.10 - - [11/Mar/2026:07:55:25 +0800] "GET /txets.php HTTP/1.1" 404 196 "-" "Mozilla/5.0 (Windows NT 10.0; Win64; x64) AppleWebKit/537.36 (KHTML, like Gecko) Chrome/91.0.4472.124 Safari/537.36"
64.89.163.10 - - [11/Mar/2026:07:55:25 +0800] "GET /wp-content/txets.php HTTP/1.1" 404 196 "-" "Mozilla/5.0 (Windows NT 10.0; Win64; x64) AppleWebKit/537.36 (KHTML, like Gecko) Chrome/91.0.4472.124 Safari/537.36"
64.89.163.10 - - [11/Mar/2026:07:55:26 +0800] "GET /wp-includes/widgets/txets.php HTTP/1.1" 403 199 "-" "Mozilla/5.0 (Windows NT 10.0; Win64; x64) AppleWebKit/537.36 (KHTML, like Gecko) Chrome/91.0.4472.124 Safari/537.36"
64.89.163.10 - - [11/Mar/2026:07:55:26 +0800] "GET /wp-includes/rest-api/txets.php HTTP/1.1" 403 199 "-" "Mozilla/5.0 (Windows NT 10.0; Win64; x64) AppleWebKit/537.36 (KHTML, like Gecko) Chrome/91.0.4472.124 Safari/537.36"
64.89.163.10 - - [11/Mar/2026:07:55:27 +0800] "GET /wp-includes/blocks/post-template/txets.php HTTP/1.1" 403 199 "-" "Mozilla/5.0 (Windows NT 10.0; Win64; x64) AppleWebKit/537.36 (KHTML, like Gecko) Chrome/91.0.4472.124 Safari/537.36"
64.89.163.10 - - [11/Mar/2026:07:55:27 +0800] "GET /wp-admin/txets.php HTTP/1.1" 404 196 "-" "Mozilla/5.0 (Windows NT 10.0; Win64; x64) AppleWebKit/537.36 (KHTML, like Gecko) Chrome/91.0.4472.124 Safari/537.36"
64.89.163.10 - - [11/Mar/2026:07:55:28 +0800] "GET /wp-includes/txets.php HTTP/1.1" 403 199 "-" "Mozilla/5.0 (Windows NT 10.0; Win64; x64) AppleWebKit/537.36 (KHTML, like Gecko) Chrome/91.0.4472.124 Safari/537.36"
64.89.163.10 - - [11/Mar/2026:07:55:28 +0800] "GET /schallfuns.php HTTP/1.1" 404 196 "-" "Mozilla/5.0 (Windows NT 10.0; Win64; x64) AppleWebKit/537.36 (KHTML, like Gecko) Chrome/91.0.4472.124 Safari/537.36"
64.89.163.10 - - [11/Mar/2026:07:55:29 +0800] "GET /postnews.php HTTP/1.1" 404 196 "-" "Mozilla/5.0 (Windows NT 10.0; Win64; x64) AppleWebKit/537.36 (KHTML, like Gecko) Chrome/91.0.4472.124 Safari/537.36"
135.181.180.59 - - [11/Mar/2026:07:57:20 +0800] "GET /robots.txt HTTP/1.1" 404 196 "-" "Mozilla/5.0 (compatible; MJ12bot/v1.4.8; http://mj12bot.com/)"
135.181.180.59 - - [11/Mar/2026:07:57:22 +0800] "GET /1234%20slot.aspx HTTP/1.1" 404 196 "-" "Mozilla/5.0 (compatible; MJ12bot/v1.4.8; http://mj12bot.com/)"
157.180.36.212 - - [11/Mar/2026:07:57:27 +0800] "GET / HTTP/1.1" 403 199 "-" "Go-http-client/1.1"
54.174.58.237 - - [11/Mar/2026:07:58:11 +0800] "GET /robots.txt HTTP/1.1" 404 196 "-" "Mozilla/5.0 AppleWebKit/537.36 (KHTML, like Gecko; compatible; HubSpot Crawler; +https://www.hubspot.com) Chrome/131.0.0.0 Safari/537.36"
54.174.58.253 - - [11/Mar/2026:07:58:12 +0800] "HEAD / HTTP/1.1" 200 0 "-" "Mozilla/5.0 AppleWebKit/537.36 (KHTML, like Gecko; compatible; HubSpot Crawler; +https://www.hubspot.com) Chrome/131.0.0.0 Safari/537.36"
145.239.69.44 - - [11/Mar/2026:07:59:17 +0800] "GET /robots.txt HTTP/1.1" 404 196 "-" "Mozilla/5.0 (compatible; MJ12bot/v1.4.8; http://mj12bot.com/)"
51.68.233.44 - - [11/Mar/2026:07:59:18 +0800] "GET /robots.txt HTTP/1.1" 404 196 "-" "Mozilla/5.0 (compatible; MJ12bot/v1.4.8; http://mj12bot.com/)"
145.239.69.44 - - [11/Mar/2026:07:59:19 +0800] "GET /1234%20slot.aspx HTTP/1.1" 404 196 "-" "Mozilla/5.0 (compatible; MJ12bot/v1.4.8; http://mj12bot.com/)"
51.68.233.44 - - [11/Mar/2026:07:59:20 +0800] "GET /1234%20slot.aspx HTTP/1.1" 404 196 "-" "Mozilla/5.0 (compatible; MJ12bot/v1.4.8; http://mj12bot.com/)"
104.210.140.140 - - [11/Mar/2026:07:59:58 +0800] "GET /robots.txt HTTP/1.1" 404 196 "-" "Mozilla/5.0 (Macintosh; Intel Mac OS X 10_15_7) AppleWebKit/537.36 (KHTML, like Gecko) Chrome/131.0.0.0 Safari/537.36; compatible; OAI-SearchBot/1.0; +https://openai.com/searchbot"
88.99.80.227 - - [11/Mar/2026:08:06:39 +0800] "HEAD / HTTP/1.1" 200 0 "http://nfe.com.au" "Mozilla/5.0+(compatible; UptimeRobot/2.0; http://www.uptimerobot.com/)"
185.242.226.15 - - [11/Mar/2026:08:16:03 +0800] "\x16\x03\x01\x00\x8A\x01\x00\x00\x86\x03\x03\x1E\x84u\xA0?\x08\xF1\xEC\xE6d\xCF`\xF9\xF3\xDE\xC8eX\xF7\x90Z7\x87\xB3\x02\x9B\x9E\x1Cga" 400 157 "-" "-"
64.89.163.10 - - [11/Mar/2026:08:17:51 +0800] "GET /txets.php HTTP/1.1" 404 196 "-" "Mozilla/5.0 (Windows NT 10.0; Win64; x64) AppleWebKit/537.36 (KHTML, like Gecko) Chrome/91.0.4472.124 Safari/537.36"
64.89.163.10 - - [11/Mar/2026:08:17:52 +0800] "GET /wp-content/txets.php HTTP/1.1" 404 196 "-" "Mozilla/5.0 (Windows NT 10.0; Win64; x64) AppleWebKit/537.36 (KHTML, like Gecko) Chrome/91.0.4472.124 Safari/537.36"
64.89.163.10 - - [11/Mar/2026:08:17:52 +0800] "GET /wp-includes/widgets/txets.php HTTP/1.1" 403 199 "-" "Mozilla/5.0 (Windows NT 10.0; Win64; x64) AppleWebKit/537.36 (KHTML, like Gecko) Chrome/91.0.4472.124 Safari/537.36"
64.89.163.10 - - [11/Mar/2026:08:17:53 +0800] "GET /wp-includes/rest-api/txets.php HTTP/1.1" 403 199 "-" "Mozilla/5.0 (Windows NT 10.0; Win64; x64) AppleWebKit/537.36 (KHTML, like Gecko) Chrome/91.0.4472.124 Safari/537.36"
64.89.163.10 - - [11/Mar/2026:08:17:53 +0800] "GET /wp-includes/blocks/post-template/txets.php HTTP/1.1" 403 199 "-" "Mozilla/5.0 (Windows NT 10.0; Win64; x64) AppleWebKit/537.36 (KHTML, like Gecko) Chrome/91.0.4472.124 Safari/537.36"
64.89.163.10 - - [11/Mar/2026:08:17:54 +0800] "GET /wp-admin/txets.php HTTP/1.1" 404 196 "-" "Mozilla/5.0 (Windows NT 10.0; Win64; x64) AppleWebKit/537.36 (KHTML, like Gecko) Chrome/91.0.4472.124 Safari/537.36"
64.89.163.10 - - [11/Mar/2026:08:17:54 +0800] "GET /wp-includes/txets.php HTTP/1.1" 403 199 "-" "Mozilla/5.0 (Windows NT 10.0; Win64; x64) AppleWebKit/537.36 (KHTML, like Gecko) Chrome/91.0.4472.124 Safari/537.36"
64.89.163.10 - - [11/Mar/2026:08:17:55 +0800] "GET /schallfuns.php HTTP/1.1" 404 196 "-" "Mozilla/5.0 (Windows NT 10.0; Win64; x64) AppleWebKit/537.36 (KHTML, like Gecko) Chrome/91.0.4472.124 Safari/537.36"
64.89.163.10 - - [11/Mar/2026:08:17:55 +0800] "GET /postnews.php HTTP/1.1" 404 196 "-" "Mozilla/5.0 (Windows NT 10.0; Win64; x64) AppleWebKit/537.36 (KHTML, like Gecko) Chrome/91.0.4472.124 Safari/537.36"
110.166.71.39 - - [11/Mar/2026:08:19:33 +0800] "GET / HTTP/1.1" 200 1971 "-" "Mozilla/5.0 (iPhone; CPU iPhone OS 13_2_3 like Mac OS X) AppleWebKit/605.1.15 (KHTML, like Gecko) Version/13.0.3 Mobile/15E148 Safari/604.1"
54.174.58.231 - - [11/Mar/2026:08:24:43 +0800] "GET /robots.txt HTTP/1.1" 404 196 "-" "Mozilla/5.0 AppleWebKit/537.36 (KHTML, like Gecko; compatible; HubSpot Crawler; +https://www.hubspot.com) Chrome/131.0.0.0 Safari/537.36"
54.174.58.236 - - [11/Mar/2026:08:24:46 +0800] "HEAD / HTTP/1.1" 200 0 "-" "Mozilla/5.0 AppleWebKit/537.36 (KHTML, like Gecko; compatible; HubSpot Crawler; +https://www.hubspot.com) Chrome/131.0.0.0 Safari/537.36"
51.222.95.226 - - [11/Mar/2026:08:26:38 +0800] "GET /robots.txt HTTP/1.1" 404 196 "-" "Mozilla/5.0 (compatible; AhrefsBot/7.0; +http://ahrefs.com/robot/)"
15.235.98.229 - - [11/Mar/2026:08:26:41 +0800] "GET / HTTP/1.1" 200 1971 "-" "Mozilla/5.0 (compatible; AhrefsBot/7.0; +http://ahrefs.com/robot/)"
88.99.80.227 - - [11/Mar/2026:08:26:44 +0800] "HEAD / HTTP/1.1" 200 0 "http://nfe.com.au" "Mozilla/5.0+(compatible; UptimeRobot/2.0; http://www.uptimerobot.com/)"
37.19.223.227 - - [11/Mar/2026:08:32:11 +0800] "GET / HTTP/1.0" 200 5069 "http://queenofheartstonic.com.au/" "Mozilla/5.0 (Windows NT 10.0; Win64; x64) AppleWebKit/537.36 (KHTML, like Gecko) Chrome/131.0.0.0 Safari/537.36 Avast/131.0.0.0"
94.154.239.69 - - [11/Mar/2026:08:33:20 +0800] "GET /robots.txt HTTP/1.1" 404 196 "-" "Mozilla/5.0 (compatible; MJ12bot/v1.4.8; http://mj12bot.com/)"
94.154.239.69 - - [11/Mar/2026:08:33:22 +0800] "GET /1234%20slot.aspx HTTP/1.1" 404 196 "-" "Mozilla/5.0 (compatible; MJ12bot/v1.4.8; http://mj12bot.com/)"
94.154.239.69 - - [11/Mar/2026:08:33:23 +0800] "GET /1234%20superslot.aspx HTTP/1.1" 404 196 "-" "Mozilla/5.0 (compatible; MJ12bot/v1.4.8; http://mj12bot.com/)"
94.154.239.69 - - [11/Mar/2026:08:33:25 +0800] "GET /168%20slot.aspx HTTP/1.1" 404 196 "-" "Mozilla/5.0 (compatible; MJ12bot/v1.4.8; http://mj12bot.com/)"
94.154.239.69 - - [11/Mar/2026:08:33:27 +0800] "GET /24th%20slot.aspx HTTP/1.1" 404 196 "-" "Mozilla/5.0 (compatible; MJ12bot/v1.4.8; http://mj12bot.com/)"
94.154.239.69 - - [11/Mar/2026:08:33:29 +0800] "GET /2xl%20slot.aspx HTTP/1.1" 404 196 "-" "Mozilla/5.0 (compatible; MJ12bot/v1.4.8; http://mj12bot.com/)"
94.154.239.69 - - [11/Mar/2026:08:33:30 +0800] "GET /789%20slot.aspx HTTP/1.1" 404 196 "-" "Mozilla/5.0 (compatible; MJ12bot/v1.4.8; http://mj12bot.com/)"
94.154.239.69 - - [11/Mar/2026:08:33:32 +0800] "GET /888%20slot.aspx HTTP/1.1" 404 196 "-" "Mozilla/5.0 (compatible; MJ12bot/v1.4.8; http://mj12bot.com/)"
94.154.239.69 - - [11/Mar/2026:08:33:34 +0800] "GET /all%20slot.aspx HTTP/1.1" 404 196 "-" "Mozilla/5.0 (compatible; MJ12bot/v1.4.8; http://mj12bot.com/)"
94.154.239.69 - - [11/Mar/2026:08:33:36 +0800] "GET /allslot%20wallet.aspx HTTP/1.1" 404 196 "-" "Mozilla/5.0 (compatible; MJ12bot/v1.4.8; http://mj12bot.com/)"
94.154.239.69 - - [11/Mar/2026:08:33:37 +0800] "GET /amb%20superslot.aspx HTTP/1.1" 404 196 "-" "Mozilla/5.0 (compatible; MJ12bot/v1.4.8; http://mj12bot.com/)"
94.154.239.69 - - [11/Mar/2026:08:33:39 +0800] "GET /apollo%20slot%20pg.aspx HTTP/1.1" 502 157 "-" "Mozilla/5.0 (compatible; MJ12bot/v1.4.8; http://mj12bot.com/)"
94.154.239.69 - - [11/Mar/2026:08:33:41 +0800] "GET /auto%20slot.aspx HTTP/1.1" 502 157 "-" "Mozilla/5.0 (compatible; MJ12bot/v1.4.8; http://mj12bot.com/)"
94.154.239.69 - - [11/Mar/2026:08:33:42 +0800] "GET /betflik%20casino.aspx HTTP/1.1" 502 157 "-" "Mozilla/5.0 (compatible; MJ12bot/v1.4.8; http://mj12bot.com/)"
94.154.239.69 - - [11/Mar/2026:08:33:44 +0800] "GET /betflik%20co.aspx HTTP/1.1" 502 157 "-" "Mozilla/5.0 (compatible; MJ12bot/v1.4.8; http://mj12bot.com/)"
94.154.239.69 - - [11/Mar/2026:08:33:46 +0800] "GET /betflik%20dc.aspx HTTP/1.1" 502 157 "-" "Mozilla/5.0 (compatible; MJ12bot/v1.4.8; http://mj12bot.com/)"
94.154.239.69 - - [11/Mar/2026:08:33:48 +0800] "GET /betflik%20slot.aspx HTTP/1.1" 502 157 "-" "Mozilla/5.0 (compatible; MJ12bot/v1.4.8; http://mj12bot.com/)"
94.154.239.69 - - [11/Mar/2026:08:33:49 +0800] "GET /betflik%20thailand.aspx HTTP/1.1" 502 157 "-" "Mozilla/5.0 (compatible; MJ12bot/v1.4.8; http://mj12bot.com/)"
94.154.239.69 - - [11/Mar/2026:08:33:51 +0800] "GET /betflix%20auto.aspx HTTP/1.1" 502 157 "-" "Mozilla/5.0 (compatible; MJ12bot/v1.4.8; http://mj12bot.com/)"
94.154.239.69 - - [11/Mar/2026:08:33:53 +0800] "GET /betflix%20casino.aspx HTTP/1.1" 502 157 "-" "Mozilla/5.0 (compatible; MJ12bot/v1.4.8; http://mj12bot.com/)"
94.154.239.69 - - [11/Mar/2026:08:33:54 +0800] "GET /betflix%20co.aspx HTTP/1.1" 502 157 "-" "Mozilla/5.0 (compatible; MJ12bot/v1.4.8; http://mj12bot.com/)"
94.154.239.69 - - [11/Mar/2026:08:33:56 +0800] "GET /betflix%20slot.aspx HTTP/1.1" 502 157 "-" "Mozilla/5.0 (compatible; MJ12bot/v1.4.8; http://mj12bot.com/)"
94.154.239.69 - - [11/Mar/2026:08:33:58 +0800] "GET /betflix%20thailand.aspx HTTP/1.1" 502 157 "-" "Mozilla/5.0 (compatible; MJ12bot/v1.4.8; http://mj12bot.com/)"
94.154.239.69 - - [11/Mar/2026:08:33:59 +0800] "GET /betflix%20wallet.aspx HTTP/1.1" 502 157 "-" "Mozilla/5.0 (compatible; MJ12bot/v1.4.8; http://mj12bot.com/)"
94.154.239.69 - - [11/Mar/2026:08:34:01 +0800] "GET /casino%20betflik.aspx HTTP/1.1" 502 157 "-" "Mozilla/5.0 (compatible; MJ12bot/v1.4.8; http://mj12bot.com/)"
94.154.239.69 - - [11/Mar/2026:08:34:03 +0800] "GET /casino%20betflix.aspx HTTP/1.1" 502 157 "-" "Mozilla/5.0 (compatible; MJ12bot/v1.4.8; http://mj12bot.com/)"
94.154.239.69 - - [11/Mar/2026:08:34:05 +0800] "GET /casino%20wallet.aspx HTTP/1.1" 502 157 "-" "Mozilla/5.0 (compatible; MJ12bot/v1.4.8; http://mj12bot.com/)"
94.154.239.69 - - [11/Mar/2026:08:34:06 +0800] "GET /demon%20slot%20game.aspx HTTP/1.1" 502 157 "-" "Mozilla/5.0 (compatible; MJ12bot/v1.4.8; http://mj12bot.com/)"
142.93.208.89 - - [11/Mar/2026:08:34:07 +0800] "GET / HTTP/1.1" 200 1971 "-" "Mozilla/5.0 (X11; Linux x86_64) AppleWebKit/537.36 (KHTML, like Gecko) Chrome/142.0.0.0 Safari/537.36"
142.93.208.89 - - [11/Mar/2026:08:34:08 +0800] "GET /favicon.ico HTTP/1.1" 404 196 "http://adopcommunications.com/" "Mozilla/5.0 (X11; Linux x86_64) AppleWebKit/537.36 (KHTML, like Gecko) Chrome/142.0.0.0 Safari/537.36"
94.154.239.69 - - [11/Mar/2026:08:34:08 +0800] "GET /dg%20casino.aspx HTTP/1.1" 502 157 "-" "Mozilla/5.0 (compatible; MJ12bot/v1.4.8; http://mj12bot.com/)"
94.154.239.69 - - [11/Mar/2026:08:34:10 +0800] "GET /g2g%20slot.aspx HTTP/1.1" 502 157 "-" "Mozilla/5.0 (compatible; MJ12bot/v1.4.8; http://mj12bot.com/)"
94.154.239.69 - - [11/Mar/2026:08:34:12 +0800] "GET /galaxy%20auto%20slot.aspx HTTP/1.1" 502 157 "-" "Mozilla/5.0 (compatible; MJ12bot/v1.4.8; http://mj12bot.com/)"
94.154.239.69 - - [11/Mar/2026:08:34:13 +0800] "GET /galaxy%20bet%20slot.aspx HTTP/1.1" 502 157 "-" "Mozilla/5.0 (compatible; MJ12bot/v1.4.8; http://mj12bot.com/)"
94.154.239.69 - - [11/Mar/2026:08:34:15 +0800] "GET /galaxy%20slot.aspx HTTP/1.1" 502 157 "-" "Mozilla/5.0 (compatible; MJ12bot/v1.4.8; http://mj12bot.com/)"
94.154.239.69 - - [11/Mar/2026:08:34:17 +0800] "GET /h25%20com.aspx HTTP/1.1" 502 157 "-" "Mozilla/5.0 (compatible; MJ12bot/v1.4.8; http://mj12bot.com/)"
94.154.239.69 - - [11/Mar/2026:08:34:19 +0800] "GET /jili%20slot.aspx HTTP/1.1" 502 157 "-" "Mozilla/5.0 (compatible; MJ12bot/v1.4.8; http://mj12bot.com/)"
94.154.239.69 - - [11/Mar/2026:08:34:20 +0800] "GET /joker%20slot.aspx HTTP/1.1" 502 157 "-" "Mozilla/5.0 (compatible; MJ12bot/v1.4.8; http://mj12bot.com/)"
94.154.239.69 - - [11/Mar/2026:08:34:22 +0800] "GET /joker%20vip.aspx HTTP/1.1" 502 157 "-" "Mozilla/5.0 (compatible; MJ12bot/v1.4.8; http://mj12bot.com/)"
94.154.239.69 - - [11/Mar/2026:08:34:23 +0800] "GET /kingkong%20joker.aspx HTTP/1.1" 502 157 "-" "Mozilla/5.0 (compatible; MJ12bot/v1.4.8; http://mj12bot.com/)"
94.154.239.69 - - [11/Mar/2026:08:34:25 +0800] "GET /lava%20slot.aspx HTTP/1.1" 502 157 "-" "Mozilla/5.0 (compatible; MJ12bot/v1.4.8; http://mj12bot.com/)"
94.154.239.69 - - [11/Mar/2026:08:34:27 +0800] "GET /mega%20slot.aspx HTTP/1.1" 502 157 "-" "Mozilla/5.0 (compatible; MJ12bot/v1.4.8; http://mj12bot.com/)"
94.154.239.69 - - [11/Mar/2026:08:34:28 +0800] "GET /metal%20slot.aspx HTTP/1.1" 502 157 "-" "Mozilla/5.0 (compatible; MJ12bot/v1.4.8; http://mj12bot.com/)"
94.154.239.69 - - [11/Mar/2026:08:34:30 +0800] "GET /pg%20168.aspx HTTP/1.1" 502 157 "-" "Mozilla/5.0 (compatible; MJ12bot/v1.4.8; http://mj12bot.com/)"
94.154.239.69 - - [11/Mar/2026:08:34:32 +0800] "GET /pg%20betflik.aspx HTTP/1.1" 502 157 "-" "Mozilla/5.0 (compatible; MJ12bot/v1.4.8; http://mj12bot.com/)"
94.154.239.69 - - [11/Mar/2026:08:34:33 +0800] "GET /pg%20game%20slot.aspx HTTP/1.1" 502 157 "-" "Mozilla/5.0 (compatible; MJ12bot/v1.4.8; http://mj12bot.com/)"
94.154.239.69 - - [11/Mar/2026:08:34:35 +0800] "GET /pg%20game.aspx HTTP/1.1" 502 157 "-" "Mozilla/5.0 (compatible; MJ12bot/v1.4.8; http://mj12bot.com/)"
94.154.239.69 - - [11/Mar/2026:08:34:36 +0800] "GET /pg%20joker%20auto.aspx HTTP/1.1" 502 157 "-" "Mozilla/5.0 (compatible; MJ12bot/v1.4.8; http://mj12bot.com/)"
94.154.239.69 - - [11/Mar/2026:08:34:38 +0800] "GET /pg%20joker.aspx HTTP/1.1" 404 196 "-" "Mozilla/5.0 (compatible; MJ12bot/v1.4.8; http://mj12bot.com/)"
94.154.239.69 - - [11/Mar/2026:08:34:40 +0800] "GET /pg%20osaka.aspx HTTP/1.1" 404 196 "-" "Mozilla/5.0 (compatible; MJ12bot/v1.4.8; http://mj12bot.com/)"
94.154.239.69 - - [11/Mar/2026:08:34:42 +0800] "GET /pg%20plus.aspx HTTP/1.1" 404 196 "-" "Mozilla/5.0 (compatible; MJ12bot/v1.4.8; http://mj12bot.com/)"
94.154.239.69 - - [11/Mar/2026:08:34:43 +0800] "GET /pg%20slot%20168.aspx HTTP/1.1" 404 196 "-" "Mozilla/5.0 (compatible; MJ12bot/v1.4.8; http://mj12bot.com/)"
94.154.239.69 - - [11/Mar/2026:08:34:45 +0800] "GET /pg%20slot%20789.aspx HTTP/1.1" 404 196 "-" "Mozilla/5.0 (compatible; MJ12bot/v1.4.8; http://mj12bot.com/)"
94.154.239.69 - - [11/Mar/2026:08:34:47 +0800] "GET /pg%20slot%20888th.aspx HTTP/1.1" 404 196 "-" "Mozilla/5.0 (compatible; MJ12bot/v1.4.8; http://mj12bot.com/)"
94.154.239.69 - - [11/Mar/2026:08:34:48 +0800] "GET /pg%20slot%20auto%20wallet.aspx HTTP/1.1" 404 196 "-" "Mozilla/5.0 (compatible; MJ12bot/v1.4.8; http://mj12bot.com/)"
94.154.239.69 - - [11/Mar/2026:08:34:50 +0800] "GET /pg%20slot%20auto.aspx HTTP/1.1" 404 196 "-" "Mozilla/5.0 (compatible; MJ12bot/v1.4.8; http://mj12bot.com/)"
94.154.239.69 - - [11/Mar/2026:08:34:52 +0800] "GET /pg%20slot%20game.aspx HTTP/1.1" 404 196 "-" "Mozilla/5.0 (compatible; MJ12bot/v1.4.8; http://mj12bot.com/)"
94.154.239.69 - - [11/Mar/2026:08:34:53 +0800] "GET /pg%20slot%20vegas.aspx HTTP/1.1" 404 196 "-" "Mozilla/5.0 (compatible; MJ12bot/v1.4.8; http://mj12bot.com/)"
94.154.239.69 - - [11/Mar/2026:08:34:55 +0800] "GET /pg%20slot%20vip.aspx HTTP/1.1" 404 196 "-" "Mozilla/5.0 (compatible; MJ12bot/v1.4.8; http://mj12bot.com/)"
138.197.81.20 - - [11/Mar/2026:08:34:56 +0800] "POST /cgi-bin/.%2e/.%2e/.%2e/.%2e/.%2e/.%2e/.%2e/.%2e/.%2e/.%2e/bin/sh HTTP/1.1" 400 157 "-" "-"
94.154.239.69 - - [11/Mar/2026:08:34:56 +0800] "GET /pg%20slot%20wallet.aspx HTTP/1.1" 502 157 "-" "Mozilla/5.0 (compatible; MJ12bot/v1.4.8; http://mj12bot.com/)"
138.197.81.20 - - [11/Mar/2026:08:34:58 +0800] "POST /cgi-bin/%%32%65%%32%65/%%32%65%%32%65/%%32%65%%32%65/%%32%65%%32%65/%%32%65%%32%65/%%32%65%%32%65/%%32%65%%32%65/bin/sh HTTP/1.1" 400 157 "-" "-"
94.154.239.69 - - [11/Mar/2026:08:34:58 +0800] "GET /pg%20slot.aspx HTTP/1.1" 502 157 "-" "Mozilla/5.0 (compatible; MJ12bot/v1.4.8; http://mj12bot.com/)"
138.197.81.20 - - [11/Mar/2026:08:34:58 +0800] "POST /hello.world?%ADd+allow_url_include%3d1+%ADd+auto_prepend_file%3dphp://input HTTP/1.1" 403 199 "-" "libredtail-http"
138.197.81.20 - - [11/Mar/2026:08:34:59 +0800] "POST /?%ADd+allow_url_include%3d1+%ADd+auto_prepend_file%3dphp://input HTTP/1.1" 403 199 "-" "libredtail-http"
138.197.81.20 - - [11/Mar/2026:08:35:00 +0800] "GET /vendor/phpunit/phpunit/src/Util/PHP/eval-stdin.php HTTP/1.1" 404 196 "-" "libredtail-http"
94.154.239.69 - - [11/Mar/2026:08:35:00 +0800] "GET /pg%20slot168.aspx HTTP/1.1" 502 157 "-" "Mozilla/5.0 (compatible; MJ12bot/v1.4.8; http://mj12bot.com/)"
138.197.81.20 - - [11/Mar/2026:08:35:01 +0800] "GET /vendor/phpunit/phpunit/Util/PHP/eval-stdin.php HTTP/1.1" 404 196 "-" "libredtail-http"
94.154.239.69 - - [11/Mar/2026:08:35:01 +0800] "GET /pg%20slot99.aspx HTTP/1.1" 502 157 "-" "Mozilla/5.0 (compatible; MJ12bot/v1.4.8; http://mj12bot.com/)"
138.197.81.20 - - [11/Mar/2026:08:35:02 +0800] "GET /vendor/phpunit/src/Util/PHP/eval-stdin.php HTTP/1.1" 404 196 "-" "libredtail-http"
138.197.81.20 - - [11/Mar/2026:08:35:03 +0800] "GET /vendor/phpunit/Util/PHP/eval-stdin.php HTTP/1.1" 404 196 "-" "libredtail-http"
94.154.239.69 - - [11/Mar/2026:08:35:03 +0800] "GET /pg%20soft.aspx HTTP/1.1" 502 157 "-" "Mozilla/5.0 (compatible; MJ12bot/v1.4.8; http://mj12bot.com/)"
138.197.81.20 - - [11/Mar/2026:08:35:04 +0800] "GET /vendor/phpunit/phpunit/LICENSE/eval-stdin.php HTTP/1.1" 404 196 "-" "libredtail-http"
94.154.239.69 - - [11/Mar/2026:08:35:05 +0800] "GET /pg%20th.aspx HTTP/1.1" 502 157 "-" "Mozilla/5.0 (compatible; MJ12bot/v1.4.8; http://mj12bot.com/)"
138.197.81.20 - - [11/Mar/2026:08:35:05 +0800] "GET /vendor/vendor/phpunit/phpunit/src/Util/PHP/eval-stdin.php HTTP/1.1" 404 196 "-" "libredtail-http"
94.154.239.69 - - [11/Mar/2026:08:35:06 +0800] "GET /pg%20thailand.aspx HTTP/1.1" 502 157 "-" "Mozilla/5.0 (compatible; MJ12bot/v1.4.8; http://mj12bot.com/)"
138.197.81.20 - - [11/Mar/2026:08:35:06 +0800] "GET /phpunit/phpunit/src/Util/PHP/eval-stdin.php HTTP/1.1" 404 196 "-" "libredtail-http"
138.197.81.20 - - [11/Mar/2026:08:35:07 +0800] "GET /phpunit/phpunit/Util/PHP/eval-stdin.php HTTP/1.1" 404 196 "-" "libredtail-http"
94.154.239.69 - - [11/Mar/2026:08:35:08 +0800] "GET /pg%20wallet.aspx HTTP/1.1" 502 157 "-" "Mozilla/5.0 (compatible; MJ12bot/v1.4.8; http://mj12bot.com/)"
138.197.81.20 - - [11/Mar/2026:08:35:08 +0800] "GET /phpunit/src/Util/PHP/eval-stdin.php HTTP/1.1" 404 196 "-" "libredtail-http"
138.197.81.20 - - [11/Mar/2026:08:35:09 +0800] "GET /phpunit/Util/PHP/eval-stdin.php HTTP/1.1" 404 196 "-" "libredtail-http"
94.154.239.69 - - [11/Mar/2026:08:35:09 +0800] "GET /pg%20world.aspx HTTP/1.1" 502 157 "-" "Mozilla/5.0 (compatible; MJ12bot/v1.4.8; http://mj12bot.com/)"
138.197.81.20 - - [11/Mar/2026:08:35:10 +0800] "GET /lib/phpunit/phpunit/src/Util/PHP/eval-stdin.php HTTP/1.1" 404 196 "-" "libredtail-http"
94.154.239.69 - - [11/Mar/2026:08:35:11 +0800] "GET /pgslot%20login.aspx HTTP/1.1" 502 157 "-" "Mozilla/5.0 (compatible; MJ12bot/v1.4.8; http://mj12bot.com/)"
138.197.81.20 - - [11/Mar/2026:08:35:11 +0800] "GET /lib/phpunit/phpunit/Util/PHP/eval-stdin.php HTTP/1.1" 502 157 "-" "libredtail-http"
138.197.81.20 - - [11/Mar/2026:08:35:12 +0800] "GET /lib/phpunit/src/Util/PHP/eval-stdin.php HTTP/1.1" 502 157 "-" "libredtail-http"
94.154.239.69 - - [11/Mar/2026:08:35:13 +0800] "GET /pgzeed%20gold.aspx HTTP/1.1" 502 157 "-" "Mozilla/5.0 (compatible; MJ12bot/v1.4.8; http://mj12bot.com/)"
138.197.81.20 - - [11/Mar/2026:08:35:13 +0800] "GET /lib/phpunit/Util/PHP/eval-stdin.php HTTP/1.1" 502 157 "-" "libredtail-http"
138.197.81.20 - - [11/Mar/2026:08:35:14 +0800] "GET /lib/vendor/phpunit/phpunit/src/Util/PHP/eval-stdin.php HTTP/1.1" 502 157 "-" "libredtail-http"
94.154.239.69 - - [11/Mar/2026:08:35:14 +0800] "GET /pp%20slot.aspx HTTP/1.1" 502 157 "-" "Mozilla/5.0 (compatible; MJ12bot/v1.4.8; http://mj12bot.com/)"
138.197.81.20 - - [11/Mar/2026:08:35:15 +0800] "GET /laravel/vendor/phpunit/phpunit/src/Util/PHP/eval-stdin.php HTTP/1.1" 502 157 "-" "libredtail-http"
