65.108.2.171 - - [07/Apr/2026:10:40:03 +0800] "GET /robots.txt HTTP/1.1" 200 112 "-" "Mozilla/5.0 (compatible; MJ12bot/v1.4.8; http://mj12bot.com/)"
65.108.2.171 - - [07/Apr/2026:10:40:06 +0800] "GET /?t= HTTP/1.1" 301 20 "-" "Mozilla/5.0 (compatible; MJ12bot/v1.4.8; http://mj12bot.com/)"
65.108.2.171 - - [07/Apr/2026:10:40:08 +0800] "GET /robots.txt HTTP/1.1" 200 112 "-" "Mozilla/5.0 (compatible; MJ12bot/v1.4.8; http://mj12bot.com/)"
65.108.2.171 - - [07/Apr/2026:10:40:11 +0800] "GET /?t HTTP/1.1" 200 12381 "-" "Mozilla/5.0 (compatible; MJ12bot/v1.4.8; http://mj12bot.com/)"
103.4.122.14 - - [07/Apr/2026:10:42:08 +0800] "POST /wp-cron.php?doing_wp_cron=1775529728.4230089187622070312500 HTTP/1.1" 200 20 "-" "WordPress/6.9.4; https://bfcg.com.au"
40.77.167.14 - - [07/Apr/2026:10:42:07 +0800] "GET /wp-sitemap-posts-page-1.xml HTTP/1.1" 200 441 "-" "Mozilla/5.0 AppleWebKit/537.36 (KHTML, like Gecko; compatible; bingbot/2.0; +http://www.bing.com/bingbot.htm) Chrome/116.0.1938.76 Safari/537.36"
103.4.122.14 - - [07/Apr/2026:10:46:42 +0800] "POST /wp-cron.php?doing_wp_cron=1775530002.9492850303649902343750 HTTP/1.1" 200 20 "-" "WordPress/6.9.4; https://bfcg.com.au"
192.42.116.100 - - [07/Apr/2026:10:46:42 +0800] "GET / HTTP/1.1" 301 - "bfcg.com.au" "Mozilla/5.0 (Linux; Android 10; MI MAX 3) AppleWebKit/537.36 (KHTML, like Gecko) Chrome/81.0.4044.142 Mobile Safari/537.36"
185.220.101.4 - - [07/Apr/2026:10:46:45 +0800] "GET / HTTP/1.1" 200 47616 "bfcg.com.au" "Mozilla/5.0 (Linux; Android 10; MI MAX 3) AppleWebKit/537.36 (KHTML, like Gecko) Chrome/81.0.4044.142 Mobile Safari/537.36"
185.220.101.4 - - [07/Apr/2026:10:46:49 +0800] "GET / HTTP/1.1" 200 47616 "https://bfcg.com.au" "Mozilla/5.0 (Linux; Android 10; MI MAX 3) AppleWebKit/537.36 (KHTML, like Gecko) Chrome/81.0.4044.142 Mobile Safari/537.36"
192.42.116.110 - - [07/Apr/2026:10:46:54 +0800] "GET /2020/10/05/welcome HTTP/1.1" 301 - "https://bfcg.com.au/2020/10/05/welcome" "Mozilla/5.0 (Linux; Android 10; MI MAX 3) AppleWebKit/537.36 (KHTML, like Gecko) Chrome/81.0.4044.142 Mobile Safari/537.36"
192.42.116.110 - - [07/Apr/2026:10:46:56 +0800] "GET /2020/10/05/welcome/ HTTP/1.1" 200 27268 "https://bfcg.com.au/2020/10/05/welcome" "Mozilla/5.0 (Linux; Android 10; MI MAX 3) AppleWebKit/537.36 (KHTML, like Gecko) Chrome/81.0.4044.142 Mobile Safari/537.36"
192.42.116.110 - - [07/Apr/2026:10:47:01 +0800] "POST /wp-comments-post.php HTTP/1.1" 302 - "https://bfcg.com.au/wp-comments-post.php" "Mozilla/5.0 (Linux; Android 10; MI MAX 3) AppleWebKit/537.36 (KHTML, like Gecko) Chrome/81.0.4044.142 Mobile Safari/537.36"
192.42.116.110 - - [07/Apr/2026:10:47:02 +0800] "GET /2020/10/05/welcome/ HTTP/1.1" 200 27268 "https://bfcg.com.au/wp-comments-post.php" "Mozilla/5.0 (Linux; Android 10; MI MAX 3) AppleWebKit/537.36 (KHTML, like Gecko) Chrome/81.0.4044.142 Mobile Safari/537.36"
192.42.116.145 - - [07/Apr/2026:10:47:09 +0800] "GET /about HTTP/1.1" 301 - "https://bfcg.com.au/about" "Mozilla/5.0 (Linux; Android 10; MI MAX 3) AppleWebKit/537.36 (KHTML, like Gecko) Chrome/81.0.4044.142 Mobile Safari/537.36"
192.42.116.145 - - [07/Apr/2026:10:47:10 +0800] "GET /about/ HTTP/1.1" 200 33538 "https://bfcg.com.au/about" "Mozilla/5.0 (Linux; Android 10; MI MAX 3) AppleWebKit/537.36 (KHTML, like Gecko) Chrome/81.0.4044.142 Mobile Safari/537.36"
192.42.116.145 - - [07/Apr/2026:10:47:14 +0800] "GET /comments/feed HTTP/1.1" 301 - "https://bfcg.com.au/comments/feed" "Mozilla/5.0 (Linux; Android 10; MI MAX 3) AppleWebKit/537.36 (KHTML, like Gecko) Chrome/81.0.4044.142 Mobile Safari/537.36"
192.42.116.145 - - [07/Apr/2026:10:47:15 +0800] "GET /comments/feed/ HTTP/1.1" 200 721 "https://bfcg.com.au/comments/feed" "Mozilla/5.0 (Linux; Android 10; MI MAX 3) AppleWebKit/537.36 (KHTML, like Gecko) Chrome/81.0.4044.142 Mobile Safari/537.36"
192.42.116.145 - - [07/Apr/2026:10:47:18 +0800] "GET /contact HTTP/1.1" 301 - "https://bfcg.com.au/contact" "Mozilla/5.0 (Linux; Android 10; MI MAX 3) AppleWebKit/537.36 (KHTML, like Gecko) Chrome/81.0.4044.142 Mobile Safari/537.36"
192.42.116.145 - - [07/Apr/2026:10:47:19 +0800] "GET /contact/ HTTP/1.1" 200 29731 "https://bfcg.com.au/contact" "Mozilla/5.0 (Linux; Android 10; MI MAX 3) AppleWebKit/537.36 (KHTML, like Gecko) Chrome/81.0.4044.142 Mobile Safari/537.36"
185.193.52.180 - - [07/Apr/2026:10:47:22 +0800] "POST /contact/ HTTP/1.1" 200 30025 "https://bfcg.com.au/contact/#wpcf7-f2573-p101-o1" "Mozilla/5.0 (Linux; Android 10; MI MAX 3) AppleWebKit/537.36 (KHTML, like Gecko) Chrome/81.0.4044.142 Mobile Safari/537.36"
185.193.52.180 - - [07/Apr/2026:10:47:27 +0800] "GET /feed HTTP/1.1" 301 - "https://bfcg.com.au/feed" "Mozilla/5.0 (Linux; Android 10; MI MAX 3) AppleWebKit/537.36 (KHTML, like Gecko) Chrome/81.0.4044.142 Mobile Safari/537.36"
185.193.52.180 - - [07/Apr/2026:10:47:29 +0800] "GET /feed/ HTTP/1.1" 200 2173 "https://bfcg.com.au/feed" "Mozilla/5.0 (Linux; Android 10; MI MAX 3) AppleWebKit/537.36 (KHTML, like Gecko) Chrome/81.0.4044.142 Mobile Safari/537.36"
185.193.52.180 - - [07/Apr/2026:10:47:31 +0800] "GET /log-in HTTP/1.1" 301 - "https://bfcg.com.au/log-in" "Mozilla/5.0 (Linux; Android 10; MI MAX 3) AppleWebKit/537.36 (KHTML, like Gecko) Chrome/81.0.4044.142 Mobile Safari/537.36"
185.193.52.180 - - [07/Apr/2026:10:47:32 +0800] "GET /log-in/ HTTP/1.1" 200 24839 "https://bfcg.com.au/log-in" "Mozilla/5.0 (Linux; Android 10; MI MAX 3) AppleWebKit/537.36 (KHTML, like Gecko) Chrome/81.0.4044.142 Mobile Safari/537.36"
103.4.122.14 - - [07/Apr/2026:10:47:42 +0800] "POST /wp-cron.php?doing_wp_cron=1775530061.8695399761199951171875 HTTP/1.1" 200 20 "-" "WordPress/6.9.4; https://bfcg.com.au"
192.42.116.42 - - [07/Apr/2026:10:47:41 +0800] "GET /news HTTP/1.1" 301 - "https://bfcg.com.au/news" "Mozilla/5.0 (Linux; Android 10; MI MAX 3) AppleWebKit/537.36 (KHTML, like Gecko) Chrome/81.0.4044.142 Mobile Safari/537.36"
192.42.116.44 - - [07/Apr/2026:10:47:49 +0800] "GET /news/ HTTP/1.1" 200 25284 "https://bfcg.com.au/news" "Mozilla/5.0 (Linux; Android 10; MI MAX 3) AppleWebKit/537.36 (KHTML, like Gecko) Chrome/81.0.4044.142 Mobile Safari/537.36"
31.133.0.235 - - [07/Apr/2026:10:47:54 +0800] "GET /our-business-management HTTP/1.1" 301 - "https://bfcg.com.au/our-business-management" "Mozilla/5.0 (Linux; Android 10; MI MAX 3) AppleWebKit/537.36 (KHTML, like Gecko) Chrome/81.0.4044.142 Mobile Safari/537.36"
31.133.0.235 - - [07/Apr/2026:10:47:55 +0800] "GET /our-business-management/ HTTP/1.1" 200 33131 "https://bfcg.com.au/our-business-management" "Mozilla/5.0 (Linux; Android 10; MI MAX 3) AppleWebKit/537.36 (KHTML, like Gecko) Chrome/81.0.4044.142 Mobile Safari/537.36"
31.133.0.235 - - [07/Apr/2026:10:47:59 +0800] "GET /our-partners HTTP/1.1" 301 - "https://bfcg.com.au/our-partners" "Mozilla/5.0 (Linux; Android 10; MI MAX 3) AppleWebKit/537.36 (KHTML, like Gecko) Chrome/81.0.4044.142 Mobile Safari/537.36"
31.133.0.235 - - [07/Apr/2026:10:48:00 +0800] "GET /our-partners/ HTTP/1.1" 200 30070 "https://bfcg.com.au/our-partners" "Mozilla/5.0 (Linux; Android 10; MI MAX 3) AppleWebKit/537.36 (KHTML, like Gecko) Chrome/81.0.4044.142 Mobile Safari/537.36"
195.176.3.23 - - [07/Apr/2026:10:48:14 +0800] "GET /our-policies HTTP/1.1" 301 - "https://bfcg.com.au/our-policies" "Mozilla/5.0 (Linux; Android 10; MI MAX 3) AppleWebKit/537.36 (KHTML, like Gecko) Chrome/81.0.4044.142 Mobile Safari/537.36"
195.176.3.23 - - [07/Apr/2026:10:48:15 +0800] "GET /our-policies/ HTTP/1.1" 200 26811 "https://bfcg.com.au/our-policies" "Mozilla/5.0 (Linux; Android 10; MI MAX 3) AppleWebKit/537.36 (KHTML, like Gecko) Chrome/81.0.4044.142 Mobile Safari/537.36"
195.176.3.23 - - [07/Apr/2026:10:48:19 +0800] "GET /our-values HTTP/1.1" 301 - "https://bfcg.com.au/our-values" "Mozilla/5.0 (Linux; Android 10; MI MAX 3) AppleWebKit/537.36 (KHTML, like Gecko) Chrome/81.0.4044.142 Mobile Safari/537.36"
195.176.3.23 - - [07/Apr/2026:10:48:20 +0800] "GET /our-values/ HTTP/1.1" 200 32169 "https://bfcg.com.au/our-values" "Mozilla/5.0 (Linux; Android 10; MI MAX 3) AppleWebKit/537.36 (KHTML, like Gecko) Chrome/81.0.4044.142 Mobile Safari/537.36"
23.129.64.160 - - [07/Apr/2026:10:48:26 +0800] "GET /privacy-policy HTTP/1.1" 301 - "https://bfcg.com.au/privacy-policy" "Mozilla/5.0 (Linux; Android 10; MI MAX 3) AppleWebKit/537.36 (KHTML, like Gecko) Chrome/81.0.4044.142 Mobile Safari/537.36"
23.129.64.160 - - [07/Apr/2026:10:48:28 +0800] "GET /privacy-policy/ HTTP/1.1" 200 25758 "https://bfcg.com.au/privacy-policy" "Mozilla/5.0 (Linux; Android 10; MI MAX 3) AppleWebKit/537.36 (KHTML, like Gecko) Chrome/81.0.4044.142 Mobile Safari/537.36"
103.4.122.14 - - [07/Apr/2026:10:48:45 +0800] "POST /wp-cron.php?doing_wp_cron=1775530125.1482880115509033203125 HTTP/1.1" 200 20 "-" "WordPress/6.9.4; https://bfcg.com.au"
185.220.101.7 - - [07/Apr/2026:10:48:44 +0800] "GET /services HTTP/1.1" 301 - "https://bfcg.com.au/services" "Mozilla/5.0 (Linux; Android 10; MI MAX 3) AppleWebKit/537.36 (KHTML, like Gecko) Chrome/81.0.4044.142 Mobile Safari/537.36"
185.220.101.7 - - [07/Apr/2026:10:48:45 +0800] "GET /services/ HTTP/1.1" 200 34545 "https://bfcg.com.au/services" "Mozilla/5.0 (Linux; Android 10; MI MAX 3) AppleWebKit/537.36 (KHTML, like Gecko) Chrome/81.0.4044.142 Mobile Safari/537.36"
185.220.101.7 - - [07/Apr/2026:10:48:49 +0800] "GET /wp-json HTTP/1.1" 200 234957 "https://bfcg.com.au/wp-json" "Mozilla/5.0 (Linux; Android 10; MI MAX 3) AppleWebKit/537.36 (KHTML, like Gecko) Chrome/81.0.4044.142 Mobile Safari/537.36"
192.42.116.12 - - [07/Apr/2026:10:48:53 +0800] "GET /wp-json/oembed/1.0/embed?url=https%3A%2F%2Fbfcg.com.au%2F HTTP/1.1" 200 2119 "https://bfcg.com.au/wp-json/oembed/1.0/embed?url=https%3A%2F%2Fbfcg.com.au%2F" "Mozilla/5.0 (Linux; Android 10; MI MAX 3) AppleWebKit/537.36 (KHTML, like Gecko) Chrome/81.0.4044.142 Mobile Safari/537.36"
192.42.116.12 - - [07/Apr/2026:10:48:57 +0800] "GET /wp-json/oembed/1.0/embed?url=https%3A%2F%2Fbfcg.com.au%2F&format=xml HTTP/1.1" 200 2273 "https://bfcg.com.au/wp-json/oembed/1.0/embed?url=https%3A%2F%2Fbfcg.com.au%2F&format=xml" "Mozilla/5.0 (Linux; Android 10; MI MAX 3) AppleWebKit/537.36 (KHTML, like Gecko) Chrome/81.0.4044.142 Mobile Safari/537.36"
192.42.116.12 - - [07/Apr/2026:10:48:59 +0800] "GET /wp-json/wp/v2/pages/123 HTTP/1.1" 200 25721 "https://bfcg.com.au/wp-json/wp/v2/pages/123" "Mozilla/5.0 (Linux; Android 10; MI MAX 3) AppleWebKit/537.36 (KHTML, like Gecko) Chrome/81.0.4044.142 Mobile Safari/537.36"
45.84.107.33 - - [07/Apr/2026:10:49:03 +0800] "GET /xmlrpc.php?rsd HTTP/1.1" 200 780 "https://bfcg.com.au/xmlrpc.php?rsd" "Mozilla/5.0 (Linux; Android 10; MI MAX 3) AppleWebKit/537.36 (KHTML, like Gecko) Chrome/81.0.4044.142 Mobile Safari/537.36"
103.4.122.14 - - [07/Apr/2026:10:54:09 +0800] "POST /wp-cron.php?doing_wp_cron=1775530449.4059131145477294921875 HTTP/1.1" 200 20 "-" "WordPress/6.9.4; https://bfcg.com.au"
52.167.144.138 - - [07/Apr/2026:10:54:08 +0800] "GET /wp-sitemap.xml HTTP/1.1" 200 229 "-" "Mozilla/5.0 AppleWebKit/537.36 (KHTML, like Gecko; compatible; bingbot/2.0; +http://www.bing.com/bingbot.htm) Chrome/116.0.1938.76 Safari/537.36"
217.216.72.68 - - [07/Apr/2026:10:56:41 +0800] "HEAD /wp-content/ HTTP/1.1" 403 - "-" "Go-http-client/1.1"
217.216.72.68 - - [07/Apr/2026:10:56:41 +0800] "HEAD /wp-includes/ HTTP/1.1" 403 - "-" "Go-http-client/1.1"
217.216.72.68 - - [07/Apr/2026:10:56:51 +0800] "HEAD /readme.html HTTP/1.1" 403 - "-" "Go-http-client/1.1"
217.216.72.68 - - [07/Apr/2026:10:56:51 +0800] "HEAD /wp-login.php HTTP/1.1" 403 - "-" "Go-http-client/1.1"
217.216.72.68 - - [07/Apr/2026:10:57:02 +0800] "HEAD /wp-includes/ HTTP/1.1" 403 - "-" "Go-http-client/1.1"
217.216.72.68 - - [07/Apr/2026:10:57:11 +0800] "HEAD /readme.html HTTP/1.1" 403 - "-" "Go-http-client/1.1"
217.216.72.68 - - [07/Apr/2026:10:57:11 +0800] "HEAD /wp-login.php HTTP/1.1" 403 - "-" "Go-http-client/1.1"
217.216.72.68 - - [07/Apr/2026:10:57:11 +0800] "HEAD /xmlrpc.php HTTP/1.1" 403 - "-" "Go-http-client/1.1"
103.4.122.14 - - [07/Apr/2026:10:58:55 +0800] "POST /wp-cron.php?doing_wp_cron=1775530735.5083119869232177734375 HTTP/1.1" 200 20 "-" "WordPress/6.9.4; https://bfcg.com.au"
35.92.53.198 - - [07/Apr/2026:10:58:54 +0800] "GET / HTTP/1.1" 301 - "-" "Mozilla/5.0 (Macintosh; Intel Mac OS X 10_15_7) AppleWebKit/537.36 (KHTML, like Gecko) Chrome/111.0.0.0 Safari/537.36"
35.92.53.198 - - [07/Apr/2026:10:58:56 +0800] "GET / HTTP/1.1" 200 47616 "-" "Mozilla/5.0 (Macintosh; Intel Mac OS X 10_15_7) AppleWebKit/537.36 (KHTML, like Gecko) Chrome/111.0.0.0 Safari/537.36"
35.92.53.198 - - [07/Apr/2026:10:58:58 +0800] "GET /wp-json/oembed/1.0/embed?url=https%3A%2F%2Fbfcg.com.au%2F HTTP/1.1" 200 1070 "-" "Faraday v0.17.6"
35.92.53.198 - - [07/Apr/2026:10:58:59 +0800] "GET /wp-json/oembed/1.0/embed?url=https%3A%2F%2Fbfcg.com.au%2F HTTP/1.1" 200 1070 "-" "Faraday v0.17.6"
103.4.122.14 - - [07/Apr/2026:11:07:43 +0800] "POST /wp-cron.php?doing_wp_cron=1775531263.7005989551544189453125 HTTP/1.1" 200 20 "-" "WordPress/6.9.4; https://bfcg.com.au"
14.161.152.221 - - [07/Apr/2026:11:07:42 +0800] "GET /docs/employee-resources/admin/ HTTP/1.1" 200 9589 "-" "Mozilla/5.0 (Windows NT 10.0; Win64; x64) AppleWebKit/537.36 (KHTML, like Gecko) Chrome/78.0.3904.97 Safari/537.36"
103.4.122.14 - - [07/Apr/2026:11:12:20 +0800] "POST /wp-cron.php?doing_wp_cron=1775531540.1682538986206054687500 HTTP/1.1" 200 20 "-" "WordPress/6.9.4; https://bfcg.com.au"
177.249.60.138 - - [07/Apr/2026:11:12:19 +0800] "GET /docs/employee-resources/health-saftey/general/ HTTP/1.1" 200 9548 "-" "Mozilla/5.0 (Windows NT 6.1; WOW64) AppleWebKit/537.36 (KHTML, like Gecko) Chrome/98.0.4758.102 Safari/537.36"
103.4.122.14 - - [07/Apr/2026:11:26:13 +0800] "POST /wp-cron.php?doing_wp_cron=1775532373.3381850719451904296875 HTTP/1.1" 200 20 "-" "WordPress/6.9.4; https://bfcg.com.au"
115.45.42.252 - - [07/Apr/2026:11:26:12 +0800] "GET /robots.txt HTTP/1.1" 200 108 "-" "Mozilla/5.0 (Windows NT 10.0; WOW64) AppleWebKit/537.36 (KHTML, like Gecko) Chrome/92.0.3731.141 Safari/537.36 SE 2.X MetaSr 1.0"
103.4.122.14 - - [07/Apr/2026:11:31:02 +0800] "POST /wp-cron.php?doing_wp_cron=1775532662.3833711147308349609375 HTTP/1.1" 200 20 "-" "WordPress/6.9.4; https://bfcg.com.au"
98.91.218.226 - - [07/Apr/2026:11:31:01 +0800] "GET / HTTP/1.1" 301 20 "-" "Mozilla/5.0 (Windows NT 10.0; Win64; x64) AppleWebKit/537.36 (KHTML, like Gecko) Chrome/137.0.0.0 Safari/537.36"
98.91.218.226 - - [07/Apr/2026:11:31:03 +0800] "GET / HTTP/1.1" 200 12381 "-" "Mozilla/5.0 (Windows NT 10.0; Win64; x64) AppleWebKit/537.36 (KHTML, like Gecko) Chrome/137.0.0.0 Safari/537.36"
98.91.218.226 - - [07/Apr/2026:11:31:05 +0800] "GET /contact/ HTTP/1.1" 200 7969 "-" "Mozilla/5.0 (Windows NT 10.0; Win64; x64) AppleWebKit/537.36 (KHTML, like Gecko) Chrome/137.0.0.0 Safari/537.36"
98.91.218.226 - - [07/Apr/2026:11:31:19 +0800] "GET / HTTP/1.1" 200 12381 "-" "axios/1.13.5"
103.4.122.14 - - [07/Apr/2026:11:41:53 +0800] "POST /wp-cron.php?doing_wp_cron=1775533313.5897390842437744140625 HTTP/1.1" 200 20 "-" "WordPress/6.9.4; https://bfcg.com.au"
216.73.216.14 - - [07/Apr/2026:11:41:52 +0800] "GET /robots.txt HTTP/1.1" 200 108 "-" "Mozilla/5.0 AppleWebKit/537.36 (KHTML, like Gecko; compatible; ClaudeBot/1.0; +claudebot@anthropic.com)"
216.73.216.14 - - [07/Apr/2026:11:41:53 +0800] "GET /wp-sitemap.xml HTTP/1.1" 200 229 "-" "Mozilla/5.0 AppleWebKit/537.36 (KHTML, like Gecko; compatible; ClaudeBot/1.0; +claudebot@anthropic.com)"
103.4.122.14 - - [07/Apr/2026:11:51:40 +0800] "POST /wp-cron.php?doing_wp_cron=1775533900.4369540214538574218750 HTTP/1.1" 200 20 "-" "WordPress/6.9.4; https://bfcg.com.au"
87.185.65.175 - - [07/Apr/2026:11:51:39 +0800] "GET /robots.txt HTTP/1.1" 301 - "-" "Mozilla/5.0 (compatible; MJ12bot/v1.4.8; http://mj12bot.com/)"
87.185.65.175 - - [07/Apr/2026:11:51:43 +0800] "GET /robots.txt HTTP/1.1" 200 112 "-" "Mozilla/5.0 (compatible; MJ12bot/v1.4.8; http://mj12bot.com/)"
87.185.65.175 - - [07/Apr/2026:11:51:47 +0800] "GET / HTTP/1.1" 301 20 "-" "Mozilla/5.0 (compatible; MJ12bot/v1.4.8; http://mj12bot.com/)"
87.185.65.175 - - [07/Apr/2026:11:51:56 +0800] "GET / HTTP/1.1" 200 12381 "-" "Mozilla/5.0 (compatible; MJ12bot/v1.4.8; http://mj12bot.com/)"
103.4.122.14 - - [07/Apr/2026:12:07:16 +0800] "POST /wp-cron.php?doing_wp_cron=1775534836.6339499950408935546875 HTTP/1.1" 200 20 "-" "WordPress/6.9.4; https://bfcg.com.au"
14.235.144.163 - - [07/Apr/2026:12:07:15 +0800] "GET /log-in/ HTTP/1.1" 200 6670 "-" "Mozilla/5.0 (Macintosh; Intel Mac OS X 10_15_3) AppleWebKit/537.36 (KHTML, like Gecko) Chrome/79.0.3945.130 Safari/537.36"
103.4.122.14 - - [07/Apr/2026:12:18:17 +0800] "POST /wp-cron.php?doing_wp_cron=1775535496.9925360679626464843750 HTTP/1.1" 200 20 "-" "WordPress/6.9.4; https://bfcg.com.au"
103.172.76.22 - - [07/Apr/2026:12:18:15 +0800] "POST /AutoDiscover/autodiscover.xml HTTP/1.1" 404 6156 "-" "Microsoft Office/16.0 (Windows NT 10.0; Microsoft Excel 16.0.19822; Pro)"
103.4.122.14 - - [07/Apr/2026:12:27:29 +0800] "POST /wp-cron.php?doing_wp_cron=1775536049.0223269462585449218750 HTTP/1.1" 200 20 "-" "WordPress/6.9.4; https://bfcg.com.au"
34.11.236.75 - - [07/Apr/2026:12:27:28 +0800] "HEAD / HTTP/1.1" 200 - "-" "Mozilla/5.0 (Windows NT 10.0; Win64; x64) AppleWebKit/537.36 (KHTML, like Gecko) Chrome/115.0 Safari/537.36"
34.11.236.75 - - [07/Apr/2026:12:27:29 +0800] "GET / HTTP/1.1" 200 12381 "-" "Mozilla/5.0 (Windows NT 10.0; Win64; x64) AppleWebKit/537.36 (KHTML, like Gecko) Chrome/115.0 Safari/537.36"
103.4.122.14 - - [07/Apr/2026:12:27:51 +0800] "POST /wp-cron.php?doing_wp_cron=1775536071.4488470554351806640625 HTTP/1.1" 200 20 "-" "WordPress/6.9.4; https://bfcg.com.au"
103.131.71.21 - - [07/Apr/2026:12:27:50 +0800] "GET /robots.txt HTTP/1.1" 200 108 "-" "Mozilla/5.0 (compatible; coccocbot-image/1.0; +http://help.coccoc.com/searchengine)"
103.131.71.34 - - [07/Apr/2026:12:27:53 +0800] "GET /wp-content/uploads/2020/08/logo-alt.png HTTP/1.1" 304 - "-" "Mozilla/5.0 (compatible; coccocbot-image/1.0; +http://help.coccoc.com/searchengine)"
103.4.122.14 - - [07/Apr/2026:12:45:23 +0800] "POST /wp-cron.php?doing_wp_cron=1775537123.5956261157989501953125 HTTP/1.1" 200 20 "-" "WordPress/6.9.4; https://bfcg.com.au"
103.172.76.22 - - [07/Apr/2026:12:45:22 +0800] "POST /AutoDiscover/autodiscover.xml HTTP/1.1" 404 6156 "-" "Microsoft Office/16.0 (Windows NT 10.0; Microsoft Excel 16.0.19822; Pro)"
103.4.122.14 - - [07/Apr/2026:12:48:07 +0800] "POST /wp-cron.php?doing_wp_cron=1775537287.7448999881744384765625 HTTP/1.1" 200 20 "-" "WordPress/6.9.4; https://bfcg.com.au"
169.224.36.208 - - [07/Apr/2026:12:48:06 +0800] "GET /category/news/ HTTP/1.1" 200 6601 "-" "Mozilla/5.0 (Windows NT 10.0; Win64; x64) AppleWebKit/537.36 (KHTML, like Gecko) Chrome/91.0.4472.114 Safari/537.36"
103.4.122.14 - - [07/Apr/2026:13:00:44 +0800] "POST /wp-cron.php?doing_wp_cron=1775538044.1443839073181152343750 HTTP/1.1" 200 20 "-" "WordPress/6.9.4; https://bfcg.com.au"
49.43.43.76 - - [07/Apr/2026:13:00:43 +0800] "GET / HTTP/1.1" 200 12381 "-" "Mozilla/5.0 (Macintosh; Intel Mac OS X 10_15_7) AppleWebKit/537.36 (KHTML, like Gecko) Chrome/146.0.0.0 Safari/537.36"
49.43.43.76 - - [07/Apr/2026:13:00:44 +0800] "GET /wp-content/uploads/2020/06/calima-bg-2.jpg HTTP/1.1" 404 6156 "https://bfcg.com.au/wp-content/cache/autoptimize/css/autoptimize_036a3e3adb14651182f90577734ef4ef.css" "Mozilla/5.0 (Macintosh; Intel Mac OS X 10_15_7) AppleWebKit/537.36 (KHTML, like Gecko) Chrome/146.0.0.0 Safari/537.36"
49.43.43.76 - - [07/Apr/2026:13:00:46 +0800] "GET /contact/ HTTP/1.1" 200 7969 "https://bfcg.com.au/" "Mozilla/5.0 (Macintosh; Intel Mac OS X 10_15_7) AppleWebKit/537.36 (KHTML, like Gecko) Chrome/146.0.0.0 Safari/537.36"
49.43.43.76 - - [07/Apr/2026:13:00:47 +0800] "GET /wp-json/contact-form-7/v1/contact-forms/2573/feedback/schema HTTP/1.1" 200 235 "https://bfcg.com.au/contact/" "Mozilla/5.0 (Macintosh; Intel Mac OS X 10_15_7) AppleWebKit/537.36 (KHTML, like Gecko) Chrome/146.0.0.0 Safari/537.36"
103.4.122.14 - - [07/Apr/2026:13:04:33 +0800] "POST /wp-cron.php?doing_wp_cron=1775538273.5452320575714111328125 HTTP/1.1" 200 20 "-" "WordPress/6.9.4; https://bfcg.com.au"
95.129.101.144 - - [07/Apr/2026:13:04:32 +0800] "GET /about/ HTTP/1.1" 200 9181 "-" "Mozilla/5.0 (compatible; SpiderLing; +https://nlp.fi.muni.cz/projects/biwec/)"
103.4.122.14 - - [07/Apr/2026:13:16:17 +0800] "POST /wp-cron.php?doing_wp_cron=1775538977.6713020801544189453125 HTTP/1.1" 200 20 "-" "WordPress/6.9.4; https://bfcg.com.au"
115.45.42.195 - - [07/Apr/2026:13:16:16 +0800] "GET /robots.txt HTTP/1.1" 200 108 "-" "Mozilla/5.0 (Windows NT 10.0; Win64; x64) AppleWebKit/537.36 (KHTML, like Gecko) Chrome/63.0.2933.74 Safari/537.36 Edge/18.18362"
103.4.122.14 - - [07/Apr/2026:13:35:49 +0800] "POST /wp-cron.php?doing_wp_cron=1775540149.4846019744873046875000 HTTP/1.1" 200 20 "-" "WordPress/6.9.4; https://bfcg.com.au"
13.52.178.23 - - [07/Apr/2026:13:35:48 +0800] "GET /log-in/ HTTP/1.1" 200 6670 "-" "Terra Cotta 0.1 https://www.github.com/ceramicTeam/CeramicTerracotta"
49.51.252.146 - - [07/Apr/2026:14:06:18 +0800] "GET / HTTP/1.1" 403 199 "-" "Mozilla/5.0 (iPhone; CPU iPhone OS 13_2_3 like Mac OS X) AppleWebKit/605.1.15 (KHTML, like Gecko) Version/13.0.3 Mobile/15E148 Safari/604.1"
123.253.95.110 - - [07/Apr/2026:14:06:42 +0800] "GET /docs/employee-resources/scheduled-maintenance/light-vehicle-service/ HTTP/1.1" 200 9574 "-" "Mozilla/5.0 (Windows NT 10.0; Win64; x64) AppleWebKit/537.36 (KHTML, like Gecko) Chrome/98.0.4758.81 Safari/537.36"
103.4.122.14 - - [07/Apr/2026:14:11:59 +0800] "POST /wp-cron.php?doing_wp_cron=1775542319.2937850952148437500000 HTTP/1.1" 200 20 "-" "WordPress/6.9.4; https://bfcg.com.au"
103.206.230.72 - - [07/Apr/2026:14:11:58 +0800] "GET /docs/employee-resources/admin/non-conformance-report/ HTTP/1.1" 200 9571 "-" "Mozilla/5.0 (Macintosh; Intel Mac OS X 10_11_6) AppleWebKit/537.36 (KHTML, like Gecko) Brave Chrome/79.0.3945.88 Safari/537.36"
103.4.122.14 - - [07/Apr/2026:14:17:27 +0800] "POST /wp-cron.php?doing_wp_cron=1775542647.3533298969268798828125 HTTP/1.1" 200 20 "-" "WordPress/6.9.4; https://bfcg.com.au"
216.73.216.14 - - [07/Apr/2026:14:17:26 +0800] "GET /robots.txt HTTP/1.1" 200 108 "-" "Mozilla/5.0 AppleWebKit/537.36 (KHTML, like Gecko; compatible; ClaudeBot/1.0; +claudebot@anthropic.com)"
216.73.216.14 - - [07/Apr/2026:14:17:27 +0800] "GET /wp-sitemap.xml HTTP/1.1" 200 229 "-" "Mozilla/5.0 AppleWebKit/537.36 (KHTML, like Gecko; compatible; ClaudeBot/1.0; +claudebot@anthropic.com)"
103.4.122.14 - - [07/Apr/2026:14:22:06 +0800] "POST /wp-cron.php?doing_wp_cron=1775542926.4605059623718261718750 HTTP/1.1" 200 20 "-" "WordPress/6.9.4; https://bfcg.com.au"
13.52.178.23 - - [07/Apr/2026:14:22:05 +0800] "GET /services/ HTTP/1.1" 200 8661 "-" "Terra Cotta 0.1 https://www.github.com/ceramicTeam/CeramicTerracotta"
103.4.122.14 - - [07/Apr/2026:14:22:53 +0800] "POST /wp-cron.php?doing_wp_cron=1775542973.6654269695281982421875 HTTP/1.1" 200 20 "-" "WordPress/6.9.4; https://bfcg.com.au"
93.123.109.232 - - [07/Apr/2026:14:22:52 +0800] "GET / HTTP/1.1" 200 12381 "-" "Mozilla/5.0 (X11; Linux i686; rv:6.0) Gecko/20100101 Firefox/6.0"
93.123.109.232 - - [07/Apr/2026:14:23:24 +0800] "GET //s3.amazonaws.com/downloads.mailchimp.com/js/mc-validate.js HTTP/1.1" 301 20 "-" "Mozilla/5.0 (Windows NT 10.0; WOW64) AppleWebKit/537.36 (KHTML, like Gecko) Chrome/72.0.3626.122 Safari/537.36 Vivaldi/2.3.1440.61"
93.123.109.232 - - [07/Apr/2026:14:23:24 +0800] "GET //bfcg.com.au/wp-content/cache/autoptimize/js/autoptimize_660f6aa917f215ee58a28a88fed9ac36.js HTTP/1.1" 301 20 "-" "Mozilla/5.0 (X11; Linux i686) AppleWebKit/537.36 (KHTML, like Gecko) Ubuntu Chromium/51.0.2704.79 Chrome/51.0.2704.79 Safari/537.36"
93.123.109.232 - - [07/Apr/2026:14:23:24 +0800] "GET //bfcg.com.au/wp-includes/js/wp-emoji-loader.min.js HTTP/1.1" 301 20 "-" "Mozilla/5.0 (Windows; U; ; en-NZ) AppleWebKit/527 (KHTML, like Gecko, Safari/419.3) Arora/0.8.0"
93.123.109.232 - - [07/Apr/2026:14:23:24 +0800] "GET //bfcg.com.au/wp-includes/js/dist/i18n.min.js HTTP/1.1" 301 20 "-" "Mozilla/5.0 (Linux; U; Android 9; en-us; POCOPHONE F1 Build/PKQ1.180729.001) AppleWebKit/537.36 (KHTML, like Gecko) Version/4.0 Chrome/71.0.3578.141 Mobile Safari/537.36 XiaoMi/MiuiBrowser/10.9.7-g"
93.123.109.232 - - [07/Apr/2026:14:23:24 +0800] "GET //bfcg.com.au/wp-includes/js/wp-emoji-release.min.js HTTP/1.1" 301 20 "-" "Mozilla/5.0 (X11; Linux x86_64; rv:19.0) Gecko/20100101 Firefox/19.0 Iceweasel/19.0.2"
93.123.109.232 - - [07/Apr/2026:14:23:27 +0800] "GET //bfcg.com.au/wp-includes/js/jquery/jquery.min.js HTTP/1.1" 301 20 "-" "Mozilla/5.0 (Windows NT 6.1; Win64; x64) AppleWebKit/537.36 (KHTML, like Gecko) Chrome/37.0.2062.124 Safari/537.36"
93.123.109.232 - - [07/Apr/2026:14:23:27 +0800] "GET //bfcg.com.au/wp-content/plugins/autoptimize/classes/external/js/lazysizes.min.js HTTP/1.1" 301 20 "-" "Mozilla/5.0 (X11; Linux x86_64) AppleWebKit/537.36 (KHTML, like Gecko) Chrome/72.0.3626.96 Safari/537.36"
93.123.109.232 - - [07/Apr/2026:14:23:27 +0800] "GET //bfcg.com.au/wp-includes/js/dist/hooks.min.js HTTP/1.1" 301 20 "-" "Mozilla/5.0 (Windows NT 10.0; Win64; x64) AppleWebKit/537.36 (KHTML, like Gecko) Chrome/76.0.3798.0 Safari/537.36"
93.123.109.232 - - [07/Apr/2026:14:23:27 +0800] "GET //bfcg.com.au/wp-includes/js/dist/vendor/wp-polyfill.min.js HTTP/1.1" 301 20 "-" "POLARIS/6.01(BREW 3.1.5;U;en-us;LG;LX265;POLARIS/6.01/WAP;)MMP/2.0 profile/MIDP-201 Configuration /CLDC-1.1"
93.123.109.232 - - [07/Apr/2026:14:23:28 +0800] "GET //www.google.com/recaptcha/api.js HTTP/1.1" 301 20 "-" "Mozilla/5.0 (Windows; U; Windows NT 5.1; tr; rv:1.9.2.8) Gecko/20100722 Firefox/3.6.8 ( .NET CLR 3.5.30729; .NET4.0E)"
93.123.109.232 - - [07/Apr/2026:14:23:28 +0800] "GET //bfcg.com.au/wp-includes/js/jquery/jquery.min.js HTTP/1.1" 301 20 "-" "Mozilla/5.0 (Linux; Android 9; CLT-L29 Build/HUAWEICLT-L29) AppleWebKit/537.36 (KHTML, like Gecko) Chrome/69.0.3497.100 Mobile Safari/537.36 OPR/48.1.2331.132804"
93.123.109.232 - - [07/Apr/2026:14:23:28 +0800] "GET //bfcg.com.au/wp-includes/js/dist/hooks.min.js HTTP/1.1" 301 20 "-" "Mozilla/5.0 (Windows NT 10.0; WOW64) AppleWebKit/537.36 (KHTML, like Gecko) Chrome/70.0.3538.25 Safari/537.36 Core/1.70.3722.400 QQBrowser/10.5.3763.400"
93.123.109.232 - - [07/Apr/2026:14:23:28 +0800] "GET //bfcg.com.au/wp-content/plugins/autoptimize/classes/external/js/lazysizes.min.js HTTP/1.1" 301 20 "-" "Mozilla/5.0 (Linux; Android 9; LM-G820) AppleWebKit/537.36 (KHTML, like Gecko) Chrome/76.0.3809.111 Mobile Safari/537.36"
93.123.109.232 - - [07/Apr/2026:14:23:28 +0800] "GET //bfcg.com.au/wp-includes/js/dist/vendor/wp-polyfill.min.js HTTP/1.1" 301 20 "-" "Mozilla/5.0 (iPad; CPU OS 12_3_1 like Mac OS X) AppleWebKit/605.1.15 (KHTML, like Gecko) Mobile/15E148;WeRead/4.1.3 (iPad; iOS 12.3.1; Scale/2.00)"
103.4.122.14 - - [07/Apr/2026:14:45:45 +0800] "POST /wp-cron.php?doing_wp_cron=1775544345.5658059120178222656250 HTTP/1.1" 200 20 "-" "WordPress/6.9.4; https://bfcg.com.au"
13.52.178.23 - - [07/Apr/2026:14:45:44 +0800] "GET /our-business-management/ HTTP/1.1" 200 8002 "-" "Terra Cotta 0.1 https://www.github.com/ceramicTeam/CeramicTerracotta"
103.4.122.14 - - [07/Apr/2026:14:54:42 +0800] "POST /wp-cron.php?doing_wp_cron=1775544881.8743109703063964843750 HTTP/1.1" 200 20 "-" "WordPress/6.9.4; https://bfcg.com.au"
54.84.102.81 - - [07/Apr/2026:14:54:40 +0800] "GET /docs/employee-resources/ HTTP/1.1" 200 9519 "-" "Mozilla/5.0 AppleWebKit/537.36 (KHTML, like Gecko; compatible; Amazonbot/0.1; +https://developer.amazon.com/support/amazonbot) Chrome/119.0.6045.214 Safari/537.36"
103.4.122.14 - - [07/Apr/2026:15:00:01 +0800] "POST /wp-cron.php?doing_wp_cron=1775545201.3399410247802734375000 HTTP/1.1" 200 20 "-" "WordPress/6.9.4; https://bfcg.com.au"
113.183.188.227 - - [07/Apr/2026:15:00:00 +0800] "GET /docs/employee-resources/health-saftey/ HTTP/1.1" 200 9558 "-" "Mozilla/5.0 (Windows NT 10.0; Win64; x64) AppleWebKit/537.36 (KHTML, like Gecko) Chrome/75.0.3770.90 Safari/537.36"
159.89.55.133 - - [07/Apr/2026:15:06:09 +0800] "GET /.git/config HTTP/1.1" 403 199 "-" "Mozilla/5.0 (Windows NT 10.0; Win64; x64) AppleWebKit/537.36 (KHTML, like Gecko) Chrome/76.0.3798.0 Safari/537.36"
103.4.122.14 - - [07/Apr/2026:15:14:41 +0800] "POST /wp-cron.php?doing_wp_cron=1775546081.0240249633789062500000 HTTP/1.1" 200 20 "-" "WordPress/6.9.4; https://bfcg.com.au"
57.141.14.19 - - [07/Apr/2026:15:14:40 +0800] "GET /news-sitemap.xml HTTP/1.1" 404 23064 "-" "meta-externalagent/1.1 (+https://developers.facebook.com/docs/sharing/webmasters/crawler)"
103.4.122.14 - - [07/Apr/2026:15:30:25 +0800] "POST /wp-cron.php?doing_wp_cron=1775547025.7045490741729736328125 HTTP/1.1" 200 20 "-" "WordPress/6.9.4; https://bfcg.com.au"
57.141.14.45 - - [07/Apr/2026:15:30:24 +0800] "GET /sitemap_index.xml HTTP/1.1" 404 23064 "-" "meta-externalagent/1.1 (+https://developers.facebook.com/docs/sharing/webmasters/crawler)"
103.4.122.14 - - [07/Apr/2026:15:45:50 +0800] "POST /wp-cron.php?doing_wp_cron=1775547950.8785359859466552734375 HTTP/1.1" 200 20 "-" "WordPress/6.9.4; https://bfcg.com.au"
178.16.52.54 - - [07/Apr/2026:15:45:50 +0800] "GET / HTTP/1.1" 301 20 "-" "python-requests/2.31.0"
178.16.52.54 - - [07/Apr/2026:15:45:52 +0800] "GET / HTTP/1.1" 200 12381 "-" "python-requests/2.31.0"
103.4.122.14 - - [07/Apr/2026:15:49:54 +0800] "POST /wp-cron.php?doing_wp_cron=1775548194.7878739833831787109375 HTTP/1.1" 200 20 "-" "WordPress/6.9.4; https://bfcg.com.au"
102.219.210.106 - - [07/Apr/2026:15:49:53 +0800] "GET /docs/employee-resources/admin/site-induction-checklist/ HTTP/1.1" 200 9552 "-" "Mozilla/5.0 (Windows NT 6.1; Win64; x64) AppleWebKit/537.36 (KHTML, like Gecko) Chrome/80.0.3987.132 Safari/537.36"
103.4.122.14 - - [07/Apr/2026:15:58:06 +0800] "POST /wp-cron.php?doing_wp_cron=1775548686.0685639381408691406250 HTTP/1.1" 200 20 "-" "WordPress/6.9.4; https://bfcg.com.au"
95.129.101.144 - - [07/Apr/2026:15:58:05 +0800] "GET /contact/ HTTP/1.1" 200 7969 "-" "Mozilla/5.0 (compatible; SpiderLing; +https://nlp.fi.muni.cz/projects/biwec/)"
103.4.122.14 - - [07/Apr/2026:16:09:24 +0800] "POST /wp-cron.php?doing_wp_cron=1775549364.1612439155578613281250 HTTP/1.1" 200 20 "-" "WordPress/6.9.4; https://bfcg.com.au"
103.4.122.13 - - [07/Apr/2026:16:09:23 +0800] "GET / HTTP/1.1" 200 47616 "https://wpmain.screwlooseit.com.au" "Mozilla/5.0 (compatible; MainWP/6.0.7; +http://mainwp.com)"
52.167.144.136 - - [07/Apr/2026:16:17:59 +0800] "GET /wp-content/uploads/2020/09/wa_limestone.jpg HTTP/1.1" 200 14888 "-" "Mozilla/5.0 AppleWebKit/537.36 (KHTML, like Gecko; compatible; bingbot/2.0; +http://www.bing.com/bingbot.htm) Chrome/116.0.1938.76 Safari/537.36"
103.4.122.14 - - [07/Apr/2026:16:19:34 +0800] "POST /wp-cron.php?doing_wp_cron=1775549974.5644309520721435546875 HTTP/1.1" 200 20 "-" "WordPress/6.9.4; https://bfcg.com.au"
143.20.253.190 - - [07/Apr/2026:16:19:33 +0800] "GET /wp-json/wp/v2/pages/101 HTTP/1.1" 200 2673 "-" "Mozilla/5.0 (Macintosh; Intel Mac OS X 10_15_7) AppleWebKit/537.36 (KHTML, like Gecko) Chrome/135.0.0.0 Safari/537.36"
103.4.122.14 - - [07/Apr/2026:16:33:11 +0800] "POST /wp-cron.php?doing_wp_cron=1775550791.6463010311126708984375 HTTP/1.1" 200 20 "-" "WordPress/6.9.4; https://bfcg.com.au"
20.63.84.172 - - [07/Apr/2026:16:33:10 +0800] "GET //wp-content/plugins/fix/up.php HTTP/1.1" 301 20 "-" "Mozilla/5.0 (Windows NT 10.0; Win64; x64) AppleWebKit/537.36 (KHTML, like Gecko) Chrome/85.0.4183.102 Safari/537.36"
20.63.84.172 - - [07/Apr/2026:16:33:11 +0800] "GET /wp-content/plugins/fix/up.php HTTP/1.1" 404 6167 "-" "Mozilla/5.0 (Windows NT 10.0; Win64; x64) AppleWebKit/537.36 (KHTML, like Gecko) Chrome/85.0.4183.102 Safari/537.36"
40.77.167.45 - - [07/Apr/2026:16:47:02 +0800] "GET /our-business-management/ HTTP/1.1" 200 8002 "-" "Mozilla/5.0 AppleWebKit/537.36 (KHTML, like Gecko; compatible; bingbot/2.0; +http://www.bing.com/bingbot.htm) Chrome/116.0.1938.76 Safari/537.36"
40.77.167.155 - - [07/Apr/2026:16:47:25 +0800] "GET /wp-content/cache/autoptimize/js/autoptimize_0476bd60af445891c8491c3498684f0b.js HTTP/1.1" 200 13680 "-" "Mozilla/5.0 AppleWebKit/537.36 (KHTML, like Gecko; compatible; bingbot/2.0; +http://www.bing.com/bingbot.htm) Chrome/116.0.1938.76 Safari/537.36"
40.77.167.45 - - [07/Apr/2026:16:47:25 +0800] "GET /wp-content/cache/autoptimize/css/autoptimize_81f9ddb35a66d3b9b1688d21df294bbe.css HTTP/1.1" 200 17834 "-" "Mozilla/5.0 AppleWebKit/537.36 (KHTML, like Gecko; compatible; bingbot/2.0; +http://www.bing.com/bingbot.htm) Chrome/116.0.1938.76 Safari/537.36"
40.77.167.155 - - [07/Apr/2026:16:47:35 +0800] "GET /wp-content/plugins/autoptimize/classes/external/js/lazysizes.min.js?ao_version=3.1.15 HTTP/1.1" 200 4122 "-" "Mozilla/5.0 AppleWebKit/537.36 (KHTML, like Gecko; compatible; bingbot/2.0; +http://www.bing.com/bingbot.htm) Chrome/116.0.1938.76 Safari/537.36"
103.4.122.14 - - [07/Apr/2026:16:55:25 +0800] "POST /wp-cron.php?doing_wp_cron=1775552124.9986860752105712890625 HTTP/1.1" 200 20 "-" "WordPress/6.9.4; https://bfcg.com.au"
13.223.22.190 - - [07/Apr/2026:16:55:24 +0800] "HEAD /docs/employee-resources/scheduled-maintenance/service-sheets/ HTTP/1.1" 200 - "-" "Mozilla/5.0 AppleWebKit/605.1.15 (KHTML, like Gecko) Chrome/139.0.0.0 Safari/605.1.15"
103.4.122.14 - - [07/Apr/2026:17:00:33 +0800] "POST /wp-cron.php?doing_wp_cron=1775552433.1749570369720458984375 HTTP/1.1" 200 20 "-" "WordPress/6.9.4; https://bfcg.com.au"
57.141.14.2 - - [07/Apr/2026:17:00:32 +0800] "GET /wp-sitemap-taxonomies-category-1.xml HTTP/1.1" 200 243 "-" "meta-externalagent/1.1 (+https://developers.facebook.com/docs/sharing/webmasters/crawler)"
40.77.177.30 - - [07/Apr/2026:17:03:15 +0800] "GET /wp-includes/js/dist/i18n.min.js?ver=c26c3dc7bed366793375 HTTP/1.1" 200 5314 "-" "Mozilla/5.0 AppleWebKit/537.36 (KHTML, like Gecko; compatible; bingbot/2.0; +http://www.bing.com/bingbot.htm) Chrome/100.0.4896.127 Safari/537.36"
40.77.178.30 - - [07/Apr/2026:17:03:15 +0800] "GET /wp-includes/js/dist/hooks.min.js?ver=dd5603f07f9220ed27f1 HTTP/1.1" 200 5661 "-" "Mozilla/5.0 AppleWebKit/537.36 (KHTML, like Gecko; compatible; bingbot/2.0; +http://www.bing.com/bingbot.htm) Chrome/100.0.4896.127 Safari/537.36"
103.4.122.14 - - [07/Apr/2026:17:08:27 +0800] "POST /wp-cron.php?doing_wp_cron=1775552907.5434520244598388671875 HTTP/1.1" 200 20 "-" "WordPress/6.9.4; https://bfcg.com.au"
189.14.72.213 - - [07/Apr/2026:17:08:26 +0800] "GET /wp-json/oembed/1.0/embed?url=https%3A%2F%2Fbfcg.com.au%2F HTTP/1.1" 200 1073 "-" "Mozilla/5.0 (Windows NT 6.1; WOW64) AppleWebKit/537.36 (KHTML, like Gecko) Chrome/106.0.0.0 Safari/537.36"
103.4.122.14 - - [07/Apr/2026:17:09:25 +0800] "POST /wp-cron.php?doing_wp_cron=1775552965.6310629844665527343750 HTTP/1.1" 200 20 "-" "WordPress/6.9.4; https://bfcg.com.au"
44.196.172.251 - - [07/Apr/2026:17:09:24 +0800] "GET /robots.txt HTTP/1.1" 200 108 "-" "Mozilla/5.0 (Macintosh; Intel Mac OS X 10_10_1) AppleWebKit/600.2.5 (KHTML, like Gecko) Version/8.0.2 Safari/600.2.5 (Gort)"
103.4.122.14 - - [07/Apr/2026:17:16:34 +0800] "POST /wp-cron.php?doing_wp_cron=1775553394.6710529327392578125000 HTTP/1.1" 200 20 "-" "WordPress/6.9.4; https://bfcg.com.au"
52.167.144.169 - - [07/Apr/2026:17:16:33 +0800] "GET /wp-sitemap-users-1.xml HTTP/1.1" 200 184 "-" "Mozilla/5.0 AppleWebKit/537.36 (KHTML, like Gecko; compatible; bingbot/2.0; +http://www.bing.com/bingbot.htm) Chrome/116.0.1938.76 Safari/537.36"
103.4.122.14 - - [07/Apr/2026:17:31:15 +0800] "POST /wp-cron.php?doing_wp_cron=1775554275.3181760311126708984375 HTTP/1.1" 200 20 "-" "WordPress/6.9.4; https://bfcg.com.au"
216.73.216.14 - - [07/Apr/2026:17:31:14 +0800] "GET /robots.txt HTTP/1.1" 200 108 "-" "Mozilla/5.0 AppleWebKit/537.36 (KHTML, like Gecko; compatible; ClaudeBot/1.0; +claudebot@anthropic.com)"
216.73.216.14 - - [07/Apr/2026:17:31:15 +0800] "GET /wp-sitemap.xml HTTP/1.1" 200 229 "-" "Mozilla/5.0 AppleWebKit/537.36 (KHTML, like Gecko; compatible; ClaudeBot/1.0; +claudebot@anthropic.com)"
103.4.122.14 - - [07/Apr/2026:17:40:55 +0800] "POST /wp-cron.php?doing_wp_cron=1775554855.0947649478912353515625 HTTP/1.1" 200 20 "-" "WordPress/6.9.4; https://bfcg.com.au"
3.126.84.224 - - [07/Apr/2026:17:40:54 +0800] "GET / HTTP/1.1" 200 12381 "-" "Mozilla/5.0 (X11; Linux x86_64) AppleWebKit/537.36 (KHTML, like Gecko) Chrome/131.0.0.0 Safari/537.36"
3.126.84.224 - - [07/Apr/2026:17:40:55 +0800] "POST / HTTP/1.1" 200 12381 "-" "Mozilla/5.0 (X11; Linux x86_64) AppleWebKit/537.36 (KHTML, like Gecko) Chrome/131.0.0.0 Safari/537.36"
3.126.84.224 - - [07/Apr/2026:17:40:56 +0800] "GET /.env HTTP/1.1" 403 199 "-" "Mozilla/5.0 (X11; Linux x86_64) AppleWebKit/537.36 (KHTML, like Gecko) Chrome/131.0.0.0 Safari/537.36"
3.126.84.224 - - [07/Apr/2026:17:40:57 +0800] "GET /.env.local HTTP/1.1" 403 199 "-" "Mozilla/5.0 (X11; Linux x86_64) AppleWebKit/537.36 (KHTML, like Gecko) Chrome/131.0.0.0 Safari/537.36"
3.126.84.224 - - [07/Apr/2026:17:40:58 +0800] "GET /.env.production HTTP/1.1" 403 199 "-" "Mozilla/5.0 (X11; Linux x86_64) AppleWebKit/537.36 (KHTML, like Gecko) Chrome/131.0.0.0 Safari/537.36"
3.126.84.224 - - [07/Apr/2026:17:40:59 +0800] "GET /.env.staging HTTP/1.1" 403 199 "-" "Mozilla/5.0 (X11; Linux x86_64) AppleWebKit/537.36 (KHTML, like Gecko) Chrome/131.0.0.0 Safari/537.36"
3.126.84.224 - - [07/Apr/2026:17:41:00 +0800] "GET /.env.development HTTP/1.1" 403 199 "-" "Mozilla/5.0 (X11; Linux x86_64) AppleWebKit/537.36 (KHTML, like Gecko) Chrome/131.0.0.0 Safari/537.36"
3.126.84.224 - - [07/Apr/2026:17:41:01 +0800] "GET /.env.test HTTP/1.1" 403 199 "-" "Mozilla/5.0 (X11; Linux x86_64) AppleWebKit/537.36 (KHTML, like Gecko) Chrome/131.0.0.0 Safari/537.36"
3.126.84.224 - - [07/Apr/2026:17:41:02 +0800] "GET /.env.remote HTTP/1.1" 403 199 "-" "Mozilla/5.0 (X11; Linux x86_64) AppleWebKit/537.36 (KHTML, like Gecko) Chrome/131.0.0.0 Safari/537.36"
3.126.84.224 - - [07/Apr/2026:17:41:03 +0800] "GET /.env.bak HTTP/1.1" 403 199 "-" "Mozilla/5.0 (X11; Linux x86_64) AppleWebKit/537.36 (KHTML, like Gecko) Chrome/131.0.0.0 Safari/537.36"
3.126.84.224 - - [07/Apr/2026:17:41:04 +0800] "GET /.env.backup HTTP/1.1" 403 199 "-" "Mozilla/5.0 (X11; Linux x86_64) AppleWebKit/537.36 (KHTML, like Gecko) Chrome/131.0.0.0 Safari/537.36"
3.126.84.224 - - [07/Apr/2026:17:41:05 +0800] "GET /.env.save HTTP/1.1" 403 199 "-" "Mozilla/5.0 (X11; Linux x86_64) AppleWebKit/537.36 (KHTML, like Gecko) Chrome/131.0.0.0 Safari/537.36"
3.126.84.224 - - [07/Apr/2026:17:41:06 +0800] "GET /.env.old HTTP/1.1" 403 199 "-" "Mozilla/5.0 (X11; Linux x86_64) AppleWebKit/537.36 (KHTML, like Gecko) Chrome/131.0.0.0 Safari/537.36"
3.126.84.224 - - [07/Apr/2026:17:41:07 +0800] "GET /.env.sample HTTP/1.1" 403 199 "-" "Mozilla/5.0 (X11; Linux x86_64) AppleWebKit/537.36 (KHTML, like Gecko) Chrome/131.0.0.0 Safari/537.36"
3.126.84.224 - - [07/Apr/2026:17:41:08 +0800] "GET /.env.example HTTP/1.1" 403 199 "-" "Mozilla/5.0 (X11; Linux x86_64) AppleWebKit/537.36 (KHTML, like Gecko) Chrome/131.0.0.0 Safari/537.36"
3.126.84.224 - - [07/Apr/2026:17:41:09 +0800] "GET /.env.dev HTTP/1.1" 403 199 "-" "Mozilla/5.0 (X11; Linux x86_64) AppleWebKit/537.36 (KHTML, like Gecko) Chrome/131.0.0.0 Safari/537.36"
3.126.84.224 - - [07/Apr/2026:17:41:10 +0800] "GET /.env.prod HTTP/1.1" 403 199 "-" "Mozilla/5.0 (X11; Linux x86_64) AppleWebKit/537.36 (KHTML, like Gecko) Chrome/131.0.0.0 Safari/537.36"
3.126.84.224 - - [07/Apr/2026:17:41:11 +0800] "GET /.env.stage HTTP/1.1" 403 199 "-" "Mozilla/5.0 (X11; Linux x86_64) AppleWebKit/537.36 (KHTML, like Gecko) Chrome/131.0.0.0 Safari/537.36"
3.126.84.224 - - [07/Apr/2026:17:41:12 +0800] "GET /.env.ci HTTP/1.1" 403 199 "-" "Mozilla/5.0 (X11; Linux x86_64) AppleWebKit/537.36 (KHTML, like Gecko) Chrome/131.0.0.0 Safari/537.36"
3.126.84.224 - - [07/Apr/2026:17:41:13 +0800] "GET /.env.docker HTTP/1.1" 403 199 "-" "Mozilla/5.0 (X11; Linux x86_64) AppleWebKit/537.36 (KHTML, like Gecko) Chrome/131.0.0.0 Safari/537.36"
3.126.84.224 - - [07/Apr/2026:17:41:13 +0800] "GET /.env.live HTTP/1.1" 403 199 "-" "Mozilla/5.0 (X11; Linux x86_64) AppleWebKit/537.36 (KHTML, like Gecko) Chrome/131.0.0.0 Safari/537.36"
3.126.84.224 - - [07/Apr/2026:17:41:14 +0800] "GET /.env.preprod HTTP/1.1" 403 199 "-" "Mozilla/5.0 (X11; Linux x86_64) AppleWebKit/537.36 (KHTML, like Gecko) Chrome/131.0.0.0 Safari/537.36"
3.126.84.224 - - [07/Apr/2026:17:41:15 +0800] "GET /.env.uat HTTP/1.1" 403 199 "-" "Mozilla/5.0 (X11; Linux x86_64) AppleWebKit/537.36 (KHTML, like Gecko) Chrome/131.0.0.0 Safari/537.36"
3.126.84.224 - - [07/Apr/2026:17:41:16 +0800] "GET /.env.dist HTTP/1.1" 403 199 "-" "Mozilla/5.0 (X11; Linux x86_64) AppleWebKit/537.36 (KHTML, like Gecko) Chrome/131.0.0.0 Safari/537.36"
3.126.84.224 - - [07/Apr/2026:17:41:17 +0800] "GET /.env.swp HTTP/1.1" 403 199 "-" "Mozilla/5.0 (X11; Linux x86_64) AppleWebKit/537.36 (KHTML, like Gecko) Chrome/131.0.0.0 Safari/537.36"
3.126.84.224 - - [07/Apr/2026:17:41:18 +0800] "GET /.env~ HTTP/1.1" 403 199 "-" "Mozilla/5.0 (X11; Linux x86_64) AppleWebKit/537.36 (KHTML, like Gecko) Chrome/131.0.0.0 Safari/537.36"
3.126.84.224 - - [07/Apr/2026:17:41:19 +0800] "GET /app/.env HTTP/1.1" 403 199 "-" "Mozilla/5.0 (X11; Linux x86_64) AppleWebKit/537.36 (KHTML, like Gecko) Chrome/131.0.0.0 Safari/537.36"
3.126.84.224 - - [07/Apr/2026:17:41:20 +0800] "GET /apps/.env HTTP/1.1" 403 199 "-" "Mozilla/5.0 (X11; Linux x86_64) AppleWebKit/537.36 (KHTML, like Gecko) Chrome/131.0.0.0 Safari/537.36"
3.126.84.224 - - [07/Apr/2026:17:41:21 +0800] "GET /api/.env HTTP/1.1" 403 199 "-" "Mozilla/5.0 (X11; Linux x86_64) AppleWebKit/537.36 (KHTML, like Gecko) Chrome/131.0.0.0 Safari/537.36"
3.126.84.224 - - [07/Apr/2026:17:41:22 +0800] "GET /web/.env HTTP/1.1" 403 199 "-" "Mozilla/5.0 (X11; Linux x86_64) AppleWebKit/537.36 (KHTML, like Gecko) Chrome/131.0.0.0 Safari/537.36"
3.126.84.224 - - [07/Apr/2026:17:41:23 +0800] "GET /site/.env HTTP/1.1" 403 199 "-" "Mozilla/5.0 (X11; Linux x86_64) AppleWebKit/537.36 (KHTML, like Gecko) Chrome/131.0.0.0 Safari/537.36"
3.126.84.224 - - [07/Apr/2026:17:41:24 +0800] "GET /public/.env HTTP/1.1" 403 199 "-" "Mozilla/5.0 (X11; Linux x86_64) AppleWebKit/537.36 (KHTML, like Gecko) Chrome/131.0.0.0 Safari/537.36"
3.126.84.224 - - [07/Apr/2026:17:41:25 +0800] "GET /admin/.env HTTP/1.1" 403 199 "-" "Mozilla/5.0 (X11; Linux x86_64) AppleWebKit/537.36 (KHTML, like Gecko) Chrome/131.0.0.0 Safari/537.36"
3.126.84.224 - - [07/Apr/2026:17:41:26 +0800] "GET /backend/.env HTTP/1.1" 403 199 "-" "Mozilla/5.0 (X11; Linux x86_64) AppleWebKit/537.36 (KHTML, like Gecko) Chrome/131.0.0.0 Safari/537.36"
103.4.122.14 - - [07/Apr/2026:18:01:34 +0800] "POST /wp-cron.php?doing_wp_cron=1775556094.3486371040344238281250 HTTP/1.1" 200 20 "-" "WordPress/6.9.4; https://bfcg.com.au"
114.119.141.100 - - [07/Apr/2026:18:01:33 +0800] "GET /docs/employee-resources/scheduled-maintenance/250hr-service-skid-steer/ HTTP/1.1" 200 9566 "https://bfcg.com.au/docs/employee-resources/scheduled-maintenance/250hr-service-mack-truck/" "Mozilla/5.0 (Linux; Android 7.0;) AppleWebKit/537.36 (KHTML, like Gecko) Mobile Safari/537.36 (compatible; PetalBot;+https://webmaster.petalsearch.com/site/petalbot)"
103.4.122.14 - - [07/Apr/2026:18:04:07 +0800] "POST /wp-cron.php?doing_wp_cron=1775556247.3613049983978271484375 HTTP/1.1" 200 20 "-" "WordPress/6.9.4; https://bfcg.com.au"
114.119.139.207 - - [07/Apr/2026:18:04:06 +0800] "GET /docs/employee-resources/health-saftey/maintenance/ HTTP/1.1" 200 9539 "https://bfcg.com.au/docs/employee-resources/scheduled-maintenance/250hr-service-mack-truck/" "Mozilla/5.0 (Linux; Android 7.0;) AppleWebKit/537.36 (KHTML, like Gecko) Mobile Safari/537.36 (compatible; PetalBot;+https://webmaster.petalsearch.com/site/petalbot)"
103.4.122.14 - - [07/Apr/2026:18:07:05 +0800] "POST /wp-cron.php?doing_wp_cron=1775556425.7654509544372558593750 HTTP/1.1" 200 20 "-" "WordPress/6.9.4; https://bfcg.com.au"
114.119.137.237 - - [07/Apr/2026:18:07:04 +0800] "GET /our-partners/ HTTP/1.1" 200 7842 "https://bfcg.com.au/contact/" "Mozilla/5.0 (Linux; Android 7.0;) AppleWebKit/537.36 (KHTML, like Gecko) Mobile Safari/537.36 (compatible; PetalBot;+https://webmaster.petalsearch.com/site/petalbot)"
103.4.122.14 - - [07/Apr/2026:18:07:39 +0800] "POST /wp-cron.php?doing_wp_cron=1775556459.5216629505157470703125 HTTP/1.1" 200 20 "-" "WordPress/6.9.4; https://bfcg.com.au"
91.136.11.84 - - [07/Apr/2026:18:07:37 +0800] "GET /wp-login.php HTTP/1.1" 200 2956 "-" "Mozilla/5.0 (Windows NT 10.0; WOW64; Trident/7.0; Touch; MAARJS; rv:11.0) like Gecko"
91.136.11.84 - - [07/Apr/2026:18:07:39 +0800] "POST /wp-login.php HTTP/1.1" 200 3093 "https://bfcg.com.au/wp-login.php" "Mozilla/5.0 (Windows NT 10.0; WOW64; Trident/7.0; Touch; MAARJS; rv:11.0) like Gecko"
103.4.122.14 - - [07/Apr/2026:18:25:12 +0800] "POST /wp-cron.php?doing_wp_cron=1775557512.9133639335632324218750 HTTP/1.1" 200 20 "-" "WordPress/6.9.4; https://bfcg.com.au"
34.219.156.72 - - [07/Apr/2026:18:25:12 +0800] "GET / HTTP/1.1" 301 20 "-" "Mozilla/5.0 (Windows NT 10.0; Win64; x64) AppleWebKit/537.36 (KHTML, like Gecko) Chrome/113.0.0.0 Safari/537.36"
34.219.156.72 - - [07/Apr/2026:18:25:13 +0800] "GET / HTTP/1.1" 200 12381 "-" "Mozilla/5.0 (Windows NT 10.0; Win64; x64) AppleWebKit/537.36 (KHTML, like Gecko) Chrome/113.0.0.0 Safari/537.36"
103.4.122.14 - - [07/Apr/2026:18:26:06 +0800] "POST /wp-cron.php?doing_wp_cron=1775557565.9242949485778808593750 HTTP/1.1" 200 20 "-" "WordPress/6.9.4; https://bfcg.com.au"
57.141.14.37 - - [07/Apr/2026:18:26:05 +0800] "GET /SiteMap.aspx HTTP/1.1" 404 23064 "-" "meta-externalagent/1.1 (+https://developers.facebook.com/docs/sharing/webmasters/crawler)"
103.4.122.14 - - [07/Apr/2026:18:29:14 +0800] "POST /wp-cron.php?doing_wp_cron=1775557754.6144149303436279296875 HTTP/1.1" 200 20 "-" "WordPress/6.9.4; https://bfcg.com.au"
103.124.93.101 - - [07/Apr/2026:18:29:13 +0800] "GET /wp-login.php HTTP/1.1" 200 2956 "-" "Mozilla/5.0 (Macintosh; Intel Mac OS X 10_12_4) AppleWebKit/603.1.20 (KHTML, like Gecko) Version/10.1 Safari/603.1.20"
103.124.93.101 - - [07/Apr/2026:18:29:15 +0800] "POST /wp-login.php HTTP/1.1" 200 3090 "https://bfcg.com.au/wp-login.php" "Mozilla/5.0 (Macintosh; Intel Mac OS X 10_12_4) AppleWebKit/603.1.20 (KHTML, like Gecko) Version/10.1 Safari/603.1.20"
103.4.122.14 - - [07/Apr/2026:18:34:48 +0800] "POST /wp-cron.php?doing_wp_cron=1775558088.3761889934539794921875 HTTP/1.1" 200 20 "-" "WordPress/6.9.4; https://bfcg.com.au"
89.139.31.218 - - [07/Apr/2026:18:34:47 +0800] "GET /services/ HTTP/1.1" 200 8661 "-" "Mozilla/5.0 (Windows NT 10.0; Win64; x64) AppleWebKit/537.36 (KHTML, like Gecko) Chrome/86.0.4240.75 Safari/537.36"
103.4.122.14 - - [07/Apr/2026:18:47:04 +0800] "POST /wp-cron.php?doing_wp_cron=1775558824.1545441150665283203125 HTTP/1.1" 200 20 "-" "WordPress/6.9.4; https://bfcg.com.au"
40.77.167.78 - - [07/Apr/2026:18:47:03 +0800] "GET /wp-sitemap-taxonomies-category-1.xml HTTP/1.1" 200 184 "-" "Mozilla/5.0 AppleWebKit/537.36 (KHTML, like Gecko; compatible; bingbot/2.0; +http://www.bing.com/bingbot.htm) Chrome/116.0.1938.76 Safari/537.36"
103.4.122.14 - - [07/Apr/2026:18:47:40 +0800] "POST /wp-cron.php?doing_wp_cron=1775558859.8416140079498291015625 HTTP/1.1" 200 20 "-" "WordPress/6.9.4; https://bfcg.com.au"
95.129.101.144 - - [07/Apr/2026:18:47:38 +0800] "GET /services/ HTTP/1.1" 200 8661 "-" "Mozilla/5.0 (compatible; SpiderLing; +https://nlp.fi.muni.cz/projects/biwec/)"
103.4.122.14 - - [07/Apr/2026:18:55:53 +0800] "POST /wp-cron.php?doing_wp_cron=1775559353.1283230781555175781250 HTTP/1.1" 200 20 "-" "WordPress/6.9.4; https://bfcg.com.au"
104.210.140.132 - - [07/Apr/2026:18:55:52 +0800] "GET /robots.txt HTTP/1.1" 200 108 "-" "Mozilla/5.0 (Macintosh; Intel Mac OS X 10_15_7) AppleWebKit/537.36 (KHTML, like Gecko) Chrome/131.0.0.0 Safari/537.36; compatible; OAI-SearchBot/1.0; +https://openai.com/searchbot"
103.4.122.14 - - [07/Apr/2026:18:59:10 +0800] "POST /wp-cron.php?doing_wp_cron=1775559550.0084180831909179687500 HTTP/1.1" 200 20 "-" "WordPress/6.9.4; https://bfcg.com.au"
54.37.118.67 - - [07/Apr/2026:18:59:09 +0800] "GET /robots.txt HTTP/1.1" 200 108 "-" "Mozilla/5.0 (compatible; AhrefsBot/7.0; +http://ahrefs.com/robot/)"
167.114.139.9 - - [07/Apr/2026:18:59:12 +0800] "GET /docs/employee-resources/health-saftey/ HTTP/1.1" 200 9558 "-" "Mozilla/5.0 (compatible; AhrefsBot/7.0; +http://ahrefs.com/robot/)"
103.4.122.14 - - [07/Apr/2026:19:05:27 +0800] "POST /wp-cron.php?doing_wp_cron=1775559927.5693590641021728515625 HTTP/1.1" 200 20 "-" "WordPress/6.9.4; https://bfcg.com.au"
216.244.66.229 - - [07/Apr/2026:19:05:26 +0800] "GET /robots.txt HTTP/1.1" 200 112 "-" "Mozilla/5.0 (compatible; DotBot/1.2; +https://opensiteexplorer.org/dotbot; help@moz.com)"
43.157.67.70 - - [07/Apr/2026:19:07:22 +0800] "GET / HTTP/1.1" 403 199 "-" "Mozilla/5.0 (iPhone; CPU iPhone OS 13_2_3 like Mac OS X) AppleWebKit/605.1.15 (KHTML, like Gecko) Version/13.0.3 Mobile/15E148 Safari/604.1"
103.4.122.14 - - [07/Apr/2026:19:11:44 +0800] "POST /wp-cron.php?doing_wp_cron=1775560304.1860609054565429687500 HTTP/1.1" 200 20 "-" "WordPress/6.9.4; https://bfcg.com.au"
216.244.66.229 - - [07/Apr/2026:19:11:43 +0800] "GET / HTTP/1.1" 301 - "-" "Mozilla/5.0 (compatible; DotBot/1.2; +https://opensiteexplorer.org/dotbot; help@moz.com)"
103.4.122.14 - - [07/Apr/2026:19:26:39 +0800] "POST /wp-cron.php?doing_wp_cron=1775561199.9271159172058105468750 HTTP/1.1" 200 20 "-" "WordPress/6.9.4; https://bfcg.com.au"
123.19.57.213 - - [07/Apr/2026:19:26:39 +0800] "GET http://bfcg.com.au/ HTTP/1.1" 301 20 "-" "Mozilla/5.0 (Macintosh; Intel Mac OS X 10_14_6) AppleWebKit/537.36 (KHTML, like Gecko) Chrome/100.0.4896.75 Safari/537.36"
103.4.122.14 - - [07/Apr/2026:19:32:49 +0800] "POST /wp-cron.php?doing_wp_cron=1775561569.7053349018096923828125 HTTP/1.1" 200 20 "-" "WordPress/6.9.4; https://bfcg.com.au"
65.254.225.219 - - [07/Apr/2026:19:32:49 +0800] "GET /wp-login.php HTTP/1.1" 200 2956 "-" "Mozilla/5.0 (Windows NT 10.0; WOW64) AppleWebKit/537.36 (KHTML, like Gecko) Chrome/64.0.3282.186 Safari/537.36 OPR/51.0.2830.55"
