203.210.186.183 - - [02/Apr/2026:05:43:51 +0800] "GET /author/bfcgroup/ HTTP/1.1" 200 6776 "-" "Mozilla/5.0 (Windows NT 6.3; Win64; x64) AppleWebKit/537.36 (KHTML, like Gecko) Chrome/100.0.4896.127 Safari/537.36"
103.4.122.14 - - [02/Apr/2026:05:56:59 +0800] "POST /wp-cron.php?doing_wp_cron=1775080619.1391670703887939453125 HTTP/1.1" 200 20 "-" "WordPress/6.9.4; https://bfcg.com.au"
121.122.45.153 - - [02/Apr/2026:05:56:58 +0800] "POST /xmlrpc.php HTTP/1.1" 200 403 "-" "Jetpack/12.5; WordPress/6.3; http://site80262786.com"
103.4.122.14 - - [02/Apr/2026:06:04:54 +0800] "POST /wp-cron.php?doing_wp_cron=1775081094.2319190502166748046875 HTTP/1.1" 200 20 "-" "WordPress/6.9.4; https://bfcg.com.au"
57.141.14.20 - - [02/Apr/2026:06:04:53 +0800] "GET /wp-sitemap.xml HTTP/1.1" 200 594 "-" "meta-externalagent/1.1 (+https://developers.facebook.com/docs/sharing/webmasters/crawler)"
103.4.122.14 - - [02/Apr/2026:06:06:44 +0800] "POST /wp-cron.php?doing_wp_cron=1775081204.1970698833465576171875 HTTP/1.1" 200 20 "-" "WordPress/6.9.4; https://bfcg.com.au"
54.235.116.66 - - [02/Apr/2026:06:06:43 +0800] "GET /robots.txt HTTP/1.1" 200 108 "-" "Mozilla/5.0 (Macintosh; Intel Mac OS X 10_10_1) AppleWebKit/600.2.5 (KHTML, like Gecko) Version/8.0.2 Safari/600.2.5 (Gort)"
52.167.144.205 - - [02/Apr/2026:06:16:19 +0800] "GET /wp-content/uploads/2020/10/welcome_banner-300x203.jpg HTTP/1.1" 200 21483 "-" "Mozilla/5.0 AppleWebKit/537.36 (KHTML, like Gecko; compatible; bingbot/2.0; +http://www.bing.com/bingbot.htm) Chrome/116.0.1938.76 Safari/537.36"
103.4.122.14 - - [02/Apr/2026:06:24:04 +0800] "POST /wp-cron.php?doing_wp_cron=1775082244.6838951110839843750000 HTTP/1.1" 200 20 "-" "WordPress/6.9.4; https://bfcg.com.au"
113.163.226.187 - - [02/Apr/2026:06:24:03 +0800] "GET /docs/ HTTP/1.1" 200 7676 "-" "Mozilla/5.0 (X11; CrOS i686 3912.101.0) AppleWebKit/537.36 (KHTML, like Gecko) Chrome/27.0.1453.116 Safari/537.36"
85.208.96.212 - - [02/Apr/2026:06:47:48 +0800] "GET /robots.txt HTTP/1.1" 200 108 "-" "Mozilla/5.0 (compatible; SemrushBot/7~bl; +http://www.semrush.com/bot.html)"
185.191.171.16 - - [02/Apr/2026:06:47:52 +0800] "GET / HTTP/1.1" 200 12381 "-" "Mozilla/5.0 (compatible; SemrushBot/7~bl; +http://www.semrush.com/bot.html)"
103.4.122.14 - - [02/Apr/2026:06:52:06 +0800] "POST /wp-cron.php?doing_wp_cron=1775083926.3124148845672607421875 HTTP/1.1" 200 20 "-" "WordPress/6.9.4; https://bfcg.com.au"
20.240.45.211 - - [02/Apr/2026:06:52:05 +0800] "GET /wp-content/plugins/hellopress/wp_filemanager.php HTTP/1.1" 404 23056 "-" "-"
20.240.45.211 - - [02/Apr/2026:06:52:06 +0800] "GET /class-bda.php HTTP/1.1" 404 23056 "-" "-"
20.240.45.211 - - [02/Apr/2026:06:52:07 +0800] "GET /f2.php HTTP/1.1" 404 23056 "-" "-"
20.240.45.211 - - [02/Apr/2026:06:52:08 +0800] "GET /classc.php HTTP/1.1" 404 23056 "-" "-"
20.240.45.211 - - [02/Apr/2026:06:52:09 +0800] "GET /ahutr.php HTTP/1.1" 404 23056 "-" "-"
20.240.45.211 - - [02/Apr/2026:06:52:11 +0800] "GET /class-cc.php HTTP/1.1" 404 23056 "-" "-"
20.240.45.211 - - [02/Apr/2026:06:52:12 +0800] "GET /aligk.php HTTP/1.1" 404 23056 "-" "-"
20.240.45.211 - - [02/Apr/2026:06:52:13 +0800] "GET /brtnd.php HTTP/1.1" 404 23056 "-" "-"
20.240.45.211 - - [02/Apr/2026:06:52:14 +0800] "GET /azrhw.php HTTP/1.1" 404 23056 "-" "-"
20.240.45.211 - - [02/Apr/2026:06:52:15 +0800] "GET /cnusw.php HTTP/1.1" 404 23056 "-" "-"
20.240.45.211 - - [02/Apr/2026:06:52:16 +0800] "GET /dtwpf.php HTTP/1.1" 404 23056 "-" "-"
20.240.45.211 - - [02/Apr/2026:06:52:17 +0800] "GET /wtiiy.php HTTP/1.1" 403 199 "-" "-"
20.240.45.211 - - [02/Apr/2026:06:52:17 +0800] "GET /wtiiy.php HTTP/1.1" 403 199 "-" "-"
20.240.45.211 - - [02/Apr/2026:06:52:18 +0800] "GET /wtiiy.php HTTP/1.1" 403 199 "-" "-"
20.240.45.211 - - [02/Apr/2026:06:52:18 +0800] "GET /wtiiy.php HTTP/1.1" 403 199 "-" "-"
20.240.45.211 - - [02/Apr/2026:06:52:19 +0800] "GET /s.php HTTP/1.1" 403 199 "-" "-"
20.240.45.211 - - [02/Apr/2026:06:52:19 +0800] "GET /s.php HTTP/1.1" 403 199 "-" "-"
20.240.45.211 - - [02/Apr/2026:06:52:20 +0800] "GET /s.php HTTP/1.1" 403 199 "-" "-"
20.240.45.211 - - [02/Apr/2026:06:52:20 +0800] "GET /s.php HTTP/1.1" 403 199 "-" "-"
20.240.45.211 - - [02/Apr/2026:06:52:21 +0800] "GET /sadcut1.php HTTP/1.1" 403 199 "-" "-"
20.240.45.211 - - [02/Apr/2026:06:52:21 +0800] "GET /sadcut1.php HTTP/1.1" 403 199 "-" "-"
20.240.45.211 - - [02/Apr/2026:06:52:22 +0800] "GET /sadcut1.php HTTP/1.1" 403 199 "-" "-"
20.240.45.211 - - [02/Apr/2026:06:52:23 +0800] "GET /sadcut1.php HTTP/1.1" 403 199 "-" "-"
20.240.45.211 - - [02/Apr/2026:06:52:23 +0800] "GET /lef.php HTTP/1.1" 403 199 "-" "-"
20.240.45.211 - - [02/Apr/2026:06:52:24 +0800] "GET /lef.php HTTP/1.1" 403 199 "-" "-"
20.240.45.211 - - [02/Apr/2026:06:52:24 +0800] "GET /lef.php HTTP/1.1" 403 199 "-" "-"
20.240.45.211 - - [02/Apr/2026:06:52:25 +0800] "GET /lef.php HTTP/1.1" 403 199 "-" "-"
20.240.45.211 - - [02/Apr/2026:06:52:25 +0800] "GET /ftde.php HTTP/1.1" 403 199 "-" "-"
20.240.45.211 - - [02/Apr/2026:06:52:26 +0800] "GET /ftde.php HTTP/1.1" 403 199 "-" "-"
20.240.45.211 - - [02/Apr/2026:06:52:26 +0800] "GET /ftde.php HTTP/1.1" 403 199 "-" "-"
20.240.45.211 - - [02/Apr/2026:06:52:27 +0800] "GET /ftde.php HTTP/1.1" 403 199 "-" "-"
20.240.45.211 - - [02/Apr/2026:06:52:27 +0800] "GET /wp-ccv.php HTTP/1.1" 403 199 "-" "-"
20.240.45.211 - - [02/Apr/2026:06:52:28 +0800] "GET /wp-ccv.php HTTP/1.1" 403 199 "-" "-"
20.240.45.211 - - [02/Apr/2026:06:52:28 +0800] "GET /wp-ccv.php HTTP/1.1" 403 199 "-" "-"
20.240.45.211 - - [02/Apr/2026:06:52:29 +0800] "GET /wp-ccv.php HTTP/1.1" 403 199 "-" "-"
20.240.45.211 - - [02/Apr/2026:06:52:29 +0800] "GET /h2.php HTTP/1.1" 403 199 "-" "-"
20.240.45.211 - - [02/Apr/2026:06:52:30 +0800] "GET /h2.php HTTP/1.1" 403 199 "-" "-"
20.240.45.211 - - [02/Apr/2026:06:52:31 +0800] "GET /h2.php HTTP/1.1" 403 199 "-" "-"
20.240.45.211 - - [02/Apr/2026:06:52:31 +0800] "GET /h2.php HTTP/1.1" 403 199 "-" "-"
20.240.45.211 - - [02/Apr/2026:06:52:32 +0800] "GET /haz.php HTTP/1.1" 403 199 "-" "-"
20.240.45.211 - - [02/Apr/2026:06:52:32 +0800] "GET /haz.php HTTP/1.1" 403 199 "-" "-"
20.240.45.211 - - [02/Apr/2026:06:52:33 +0800] "GET /haz.php HTTP/1.1" 403 199 "-" "-"
20.240.45.211 - - [02/Apr/2026:06:52:33 +0800] "GET /haz.php HTTP/1.1" 403 199 "-" "-"
20.240.45.211 - - [02/Apr/2026:06:52:34 +0800] "GET /dass.php HTTP/1.1" 403 199 "-" "-"
20.240.45.211 - - [02/Apr/2026:06:52:34 +0800] "GET /dass.php HTTP/1.1" 403 199 "-" "-"
20.240.45.211 - - [02/Apr/2026:06:52:35 +0800] "GET /dass.php HTTP/1.1" 403 199 "-" "-"
20.240.45.211 - - [02/Apr/2026:06:52:36 +0800] "GET /dass.php HTTP/1.1" 403 199 "-" "-"
20.240.45.211 - - [02/Apr/2026:06:52:36 +0800] "GET /rithin.php HTTP/1.1" 403 199 "-" "-"
20.240.45.211 - - [02/Apr/2026:06:52:37 +0800] "GET /rithin.php HTTP/1.1" 403 199 "-" "-"
20.240.45.211 - - [02/Apr/2026:06:52:37 +0800] "GET /rithin.php HTTP/1.1" 403 199 "-" "-"
20.240.45.211 - - [02/Apr/2026:06:52:38 +0800] "GET /rithin.php HTTP/1.1" 403 199 "-" "-"
20.240.45.211 - - [02/Apr/2026:06:52:39 +0800] "GET /cilng.php HTTP/1.1" 403 199 "-" "-"
20.240.45.211 - - [02/Apr/2026:06:52:39 +0800] "GET /cilng.php HTTP/1.1" 403 199 "-" "-"
20.240.45.211 - - [02/Apr/2026:06:52:40 +0800] "GET /cilng.php HTTP/1.1" 403 199 "-" "-"
20.240.45.211 - - [02/Apr/2026:06:52:40 +0800] "GET /cilng.php HTTP/1.1" 403 199 "-" "-"
20.240.45.211 - - [02/Apr/2026:06:52:41 +0800] "GET /f222.php HTTP/1.1" 403 199 "-" "-"
20.240.45.211 - - [02/Apr/2026:06:52:41 +0800] "GET /f222.php HTTP/1.1" 403 199 "-" "-"
20.240.45.211 - - [02/Apr/2026:06:52:42 +0800] "GET /f222.php HTTP/1.1" 403 199 "-" "-"
20.240.45.211 - - [02/Apr/2026:06:52:43 +0800] "GET /f222.php HTTP/1.1" 403 199 "-" "-"
20.240.45.211 - - [02/Apr/2026:06:52:43 +0800] "GET /wp-ver.php HTTP/1.1" 403 199 "-" "-"
20.240.45.211 - - [02/Apr/2026:06:52:44 +0800] "GET /wp-ver.php HTTP/1.1" 403 199 "-" "-"
20.240.45.211 - - [02/Apr/2026:06:52:44 +0800] "GET /wp-ver.php HTTP/1.1" 403 199 "-" "-"
20.240.45.211 - - [02/Apr/2026:06:52:45 +0800] "GET /wp-ver.php HTTP/1.1" 403 199 "-" "-"
20.240.45.211 - - [02/Apr/2026:06:52:45 +0800] "GET /wp-block.php HTTP/1.1" 403 199 "-" "-"
20.240.45.211 - - [02/Apr/2026:06:52:46 +0800] "GET /wp-block.php HTTP/1.1" 403 199 "-" "-"
20.240.45.211 - - [02/Apr/2026:06:52:47 +0800] "GET /wp-block.php HTTP/1.1" 403 199 "-" "-"
20.240.45.211 - - [02/Apr/2026:06:52:47 +0800] "GET /wp-block.php HTTP/1.1" 403 199 "-" "-"
20.240.45.211 - - [02/Apr/2026:06:52:48 +0800] "GET /sf.php HTTP/1.1" 403 199 "-" "-"
20.240.45.211 - - [02/Apr/2026:06:52:48 +0800] "GET /sf.php HTTP/1.1" 403 199 "-" "-"
20.240.45.211 - - [02/Apr/2026:06:52:49 +0800] "GET /sf.php HTTP/1.1" 403 199 "-" "-"
20.240.45.211 - - [02/Apr/2026:06:52:49 +0800] "GET /sf.php HTTP/1.1" 403 199 "-" "-"
20.240.45.211 - - [02/Apr/2026:06:52:50 +0800] "GET /wp-blog.php HTTP/1.1" 403 199 "-" "-"
20.240.45.211 - - [02/Apr/2026:06:52:50 +0800] "GET /wp-blog.php HTTP/1.1" 403 199 "-" "-"
20.240.45.211 - - [02/Apr/2026:06:52:51 +0800] "GET /wp-blog.php HTTP/1.1" 403 199 "-" "-"
20.240.45.211 - - [02/Apr/2026:06:52:51 +0800] "GET /bhm.php HTTP/1.1" 403 199 "-" "-"
20.240.45.211 - - [02/Apr/2026:06:52:52 +0800] "GET /bhm.php HTTP/1.1" 403 199 "-" "-"
20.240.45.211 - - [02/Apr/2026:06:52:52 +0800] "GET /bhm.php HTTP/1.1" 403 199 "-" "-"
20.240.45.211 - - [02/Apr/2026:06:52:53 +0800] "GET /bhm.php HTTP/1.1" 403 199 "-" "-"
20.240.45.211 - - [02/Apr/2026:06:52:53 +0800] "GET /ckk.php HTTP/1.1" 403 199 "-" "-"
20.240.45.211 - - [02/Apr/2026:06:52:54 +0800] "GET /ckk.php HTTP/1.1" 403 199 "-" "-"
20.240.45.211 - - [02/Apr/2026:06:52:54 +0800] "GET /ckk.php HTTP/1.1" 403 199 "-" "-"
20.240.45.211 - - [02/Apr/2026:06:52:55 +0800] "GET /ckk.php HTTP/1.1" 403 199 "-" "-"
20.240.45.211 - - [02/Apr/2026:06:52:56 +0800] "GET /kiwkiw.php HTTP/1.1" 403 199 "-" "-"
20.240.45.211 - - [02/Apr/2026:06:52:56 +0800] "GET /kiwkiw.php HTTP/1.1" 403 199 "-" "-"
20.240.45.211 - - [02/Apr/2026:06:52:57 +0800] "GET /kiwkiw.php HTTP/1.1" 403 199 "-" "-"
20.240.45.211 - - [02/Apr/2026:06:52:58 +0800] "GET /sfcl.php HTTP/1.1" 403 199 "-" "-"
20.240.45.211 - - [02/Apr/2026:06:52:58 +0800] "GET /sfcl.php HTTP/1.1" 403 199 "-" "-"
20.240.45.211 - - [02/Apr/2026:06:52:59 +0800] "GET /sfcl.php HTTP/1.1" 403 199 "-" "-"
20.240.45.211 - - [02/Apr/2026:06:52:57 +0800] "GET /kiwkiw.php HTTP/1.1" 403 199 "-" "-"
20.240.45.211 - - [02/Apr/2026:06:52:59 +0800] "GET /sfcl.php HTTP/1.1" 403 199 "-" "-"
20.240.45.211 - - [02/Apr/2026:06:53:00 +0800] "GET /xxx.php HTTP/1.1" 403 199 "-" "-"
20.240.45.211 - - [02/Apr/2026:06:53:00 +0800] "GET /xxx.php HTTP/1.1" 403 199 "-" "-"
20.240.45.211 - - [02/Apr/2026:06:53:01 +0800] "GET /xxx.php HTTP/1.1" 403 199 "-" "-"
20.240.45.211 - - [02/Apr/2026:06:53:01 +0800] "GET /xxx.php HTTP/1.1" 403 199 "-" "-"
20.240.45.211 - - [02/Apr/2026:06:53:02 +0800] "GET /xozx.php HTTP/1.1" 403 199 "-" "-"
20.240.45.211 - - [02/Apr/2026:06:53:03 +0800] "GET /xozx.php HTTP/1.1" 403 199 "-" "-"
20.240.45.211 - - [02/Apr/2026:06:53:03 +0800] "GET /xozx.php HTTP/1.1" 403 199 "-" "-"
20.240.45.211 - - [02/Apr/2026:06:53:04 +0800] "GET /xozx.php HTTP/1.1" 403 199 "-" "-"
20.240.45.211 - - [02/Apr/2026:06:53:04 +0800] "GET /wp-upload.php HTTP/1.1" 403 199 "-" "-"
20.240.45.211 - - [02/Apr/2026:06:53:05 +0800] "GET /wp-upload.php HTTP/1.1" 403 199 "-" "-"
20.240.45.211 - - [02/Apr/2026:06:53:05 +0800] "GET /wp-upload.php HTTP/1.1" 403 199 "-" "-"
20.240.45.211 - - [02/Apr/2026:06:53:06 +0800] "GET /wp-upload.php HTTP/1.1" 403 199 "-" "-"
20.240.45.211 - - [02/Apr/2026:06:53:06 +0800] "GET /only.php HTTP/1.1" 403 199 "-" "-"
20.240.45.211 - - [02/Apr/2026:06:53:07 +0800] "GET /only.php HTTP/1.1" 403 199 "-" "-"
20.240.45.211 - - [02/Apr/2026:06:53:07 +0800] "GET /only.php HTTP/1.1" 403 199 "-" "-"
20.240.45.211 - - [02/Apr/2026:06:53:08 +0800] "GET /only.php HTTP/1.1" 403 199 "-" "-"
20.240.45.211 - - [02/Apr/2026:06:53:08 +0800] "GET /torsa1.php HTTP/1.1" 403 199 "-" "-"
20.240.45.211 - - [02/Apr/2026:06:53:09 +0800] "GET /torsa1.php HTTP/1.1" 403 199 "-" "-"
20.240.45.211 - - [02/Apr/2026:06:53:09 +0800] "GET /torsa1.php HTTP/1.1" 403 199 "-" "-"
20.240.45.211 - - [02/Apr/2026:06:53:10 +0800] "GET /torsa1.php HTTP/1.1" 403 199 "-" "-"
20.240.45.211 - - [02/Apr/2026:06:53:11 +0800] "GET /torsa.php HTTP/1.1" 403 199 "-" "-"
20.240.45.211 - - [02/Apr/2026:06:53:11 +0800] "GET /torsa.php HTTP/1.1" 403 199 "-" "-"
20.240.45.211 - - [02/Apr/2026:06:53:12 +0800] "GET /torsa.php HTTP/1.1" 403 199 "-" "-"
20.240.45.211 - - [02/Apr/2026:06:53:12 +0800] "GET /torsa.php HTTP/1.1" 403 199 "-" "-"
20.240.45.211 - - [02/Apr/2026:06:53:13 +0800] "GET /wp-act.php HTTP/1.1" 403 199 "-" "-"
20.240.45.211 - - [02/Apr/2026:06:53:13 +0800] "GET /wp-act.php HTTP/1.1" 403 199 "-" "-"
20.240.45.211 - - [02/Apr/2026:06:53:14 +0800] "GET /wp-act.php HTTP/1.1" 403 199 "-" "-"
20.240.45.211 - - [02/Apr/2026:06:53:14 +0800] "GET /wp-act.php HTTP/1.1" 403 199 "-" "-"
20.240.45.211 - - [02/Apr/2026:06:53:15 +0800] "GET /ftde.php HTTP/1.1" 403 199 "-" "-"
20.240.45.211 - - [02/Apr/2026:06:53:15 +0800] "GET /ftde.php HTTP/1.1" 403 199 "-" "-"
103.4.122.14 - - [02/Apr/2026:06:53:17 +0800] "POST /wp-cron.php?doing_wp_cron=1775083997.1347610950469970703125 HTTP/1.1" 200 20 "-" "WordPress/6.9.4; https://bfcg.com.au"
20.240.45.211 - - [02/Apr/2026:06:53:16 +0800] "GET /ftde.php HTTP/1.1" 404 23056 "-" "-"
20.240.45.211 - - [02/Apr/2026:06:53:17 +0800] "GET /file-gertdxz.php HTTP/1.1" 404 23056 "-" "-"
20.240.45.211 - - [02/Apr/2026:06:53:18 +0800] "GET /export.php HTTP/1.1" 404 23056 "-" "-"
20.240.45.211 - - [02/Apr/2026:06:53:19 +0800] "GET /55.php HTTP/1.1" 404 23056 "-" "-"
20.240.45.211 - - [02/Apr/2026:06:53:21 +0800] "GET /mmp.php HTTP/1.1" 404 23056 "-" "-"
20.240.45.211 - - [02/Apr/2026:06:53:22 +0800] "GET /rrr.php HTTP/1.1" 404 23056 "-" "-"
20.240.45.211 - - [02/Apr/2026:06:53:23 +0800] "GET /un.php HTTP/1.1" 404 23056 "-" "-"
20.240.45.211 - - [02/Apr/2026:06:53:24 +0800] "GET /lupo.php HTTP/1.1" 404 23056 "-" "-"
20.240.45.211 - - [02/Apr/2026:06:53:25 +0800] "GET /ianmg.php HTTP/1.1" 404 23056 "-" "-"
20.240.45.211 - - [02/Apr/2026:06:53:26 +0800] "GET /wp-block.php HTTP/1.1" 404 23056 "-" "-"
103.4.122.14 - - [02/Apr/2026:06:55:10 +0800] "POST /wp-cron.php?doing_wp_cron=1775084110.2316548824310302734375 HTTP/1.1" 200 20 "-" "WordPress/6.9.4; https://bfcg.com.au"
197.45.254.208 - - [02/Apr/2026:06:55:09 +0800] "POST /xmlrpc.php HTTP/1.1" 200 403 "-" "Jetpack/12.0; WordPress/6.4; http://site38696128.com"
103.4.122.14 - - [02/Apr/2026:07:17:07 +0800] "POST /wp-cron.php?doing_wp_cron=1775085427.0336689949035644531250 HTTP/1.1" 200 20 "-" "WordPress/6.9.4; https://bfcg.com.au"
185.191.171.10 - - [02/Apr/2026:07:17:06 +0800] "GET /docs/employee-resources/admin/ HTTP/1.1" 200 9590 "-" "Mozilla/5.0 (compatible; SemrushBot/7~bl; +http://www.semrush.com/bot.html)"
103.4.122.14 - - [02/Apr/2026:07:18:07 +0800] "POST /wp-cron.php?doing_wp_cron=1775085487.3445389270782470703125 HTTP/1.1" 200 20 "-" "WordPress/6.9.4; https://bfcg.com.au"
81.167.26.57 - - [02/Apr/2026:07:18:06 +0800] "GET /robots.txt HTTP/1.1" 200 112 "-" "Mozilla/5.0 (compatible; MJ12bot/v1.4.8; http://mj12bot.com/)"
81.167.26.57 - - [02/Apr/2026:07:18:09 +0800] "GET /?t= HTTP/1.1" 301 20 "-" "Mozilla/5.0 (compatible; MJ12bot/v1.4.8; http://mj12bot.com/)"
81.167.26.57 - - [02/Apr/2026:07:18:11 +0800] "GET /robots.txt HTTP/1.1" 200 112 "-" "Mozilla/5.0 (compatible; MJ12bot/v1.4.8; http://mj12bot.com/)"
81.167.26.57 - - [02/Apr/2026:07:18:13 +0800] "GET /?t HTTP/1.1" 200 12381 "-" "Mozilla/5.0 (compatible; MJ12bot/v1.4.8; http://mj12bot.com/)"
103.4.122.14 - - [02/Apr/2026:07:19:13 +0800] "POST /wp-cron.php?doing_wp_cron=1775085552.8917810916900634765625 HTTP/1.1" 200 20 "-" "WordPress/6.9.4; https://bfcg.com.au"
192.141.69.47 - - [02/Apr/2026:07:19:12 +0800] "POST /xmlrpc.php HTTP/1.1" 200 403 "-" "Jetpack by WordPress.com"
103.4.122.14 - - [02/Apr/2026:07:25:41 +0800] "POST /wp-cron.php?doing_wp_cron=1775085941.0813949108123779296875 HTTP/1.1" 200 20 "-" "WordPress/6.9.4; https://bfcg.com.au"
216.73.216.14 - - [02/Apr/2026:07:25:40 +0800] "GET /robots.txt HTTP/1.1" 200 108 "-" "Mozilla/5.0 AppleWebKit/537.36 (KHTML, like Gecko; compatible; ClaudeBot/1.0; +claudebot@anthropic.com)"
216.73.216.14 - - [02/Apr/2026:07:25:41 +0800] "GET /wp-sitemap.xml HTTP/1.1" 200 229 "-" "Mozilla/5.0 AppleWebKit/537.36 (KHTML, like Gecko; compatible; ClaudeBot/1.0; +claudebot@anthropic.com)"
103.4.122.13 - - [02/Apr/2026:07:25:59 +0800] "GET / HTTP/1.1" 200 47616 "https://wpmain.screwlooseit.com.au" "Mozilla/5.0 (compatible; MainWP/6.0.7; +http://mainwp.com)"
103.4.122.14 - - [02/Apr/2026:07:41:39 +0800] "POST /wp-cron.php?doing_wp_cron=1775086899.5532090663909912109375 HTTP/1.1" 200 20 "-" "WordPress/6.9.4; https://bfcg.com.au"
113.174.73.111 - - [02/Apr/2026:07:41:38 +0800] "GET /contact/ HTTP/1.1" 200 7969 "-" "Mozilla/5.0 (Macintosh; Intel Mac OS X 10_10) AppleWebKit/537.36 (KHTML, like Gecko) Chrome/93.0.4612.206 Safari/537.36"
103.4.122.14 - - [02/Apr/2026:07:50:35 +0800] "POST /wp-cron.php?doing_wp_cron=1775087435.8048539161682128906250 HTTP/1.1" 200 20 "-" "WordPress/6.9.4; https://bfcg.com.au"
197.45.254.208 - - [02/Apr/2026:07:50:35 +0800] "POST /xmlrpc.php HTTP/1.1" 200 403 "-" "Jetpack by WordPress.com"
103.4.122.14 - - [02/Apr/2026:07:51:28 +0800] "POST /wp-cron.php?doing_wp_cron=1775087488.4057331085205078125000 HTTP/1.1" 200 20 "-" "WordPress/6.9.4; https://bfcg.com.au"
216.73.216.14 - - [02/Apr/2026:07:51:27 +0800] "GET /wp-sitemap.xml HTTP/1.1" 200 229 "-" "Mozilla/5.0 AppleWebKit/537.36 (KHTML, like Gecko; compatible; ClaudeBot/1.0; +claudebot@anthropic.com)"
103.4.122.14 - - [02/Apr/2026:07:51:45 +0800] "POST /wp-cron.php?doing_wp_cron=1775087505.6697969436645507812500 HTTP/1.1" 200 20 "-" "WordPress/6.9.4; https://bfcg.com.au"
74.7.227.160 - - [02/Apr/2026:07:51:45 +0800] "GET /wp-sitemap.xml HTTP/1.1" 200 229 "-" "Mozilla/5.0 AppleWebKit/537.36 (KHTML, like Gecko; compatible; GPTBot/1.3; +https://openai.com/gptbot)"
178.153.40.250 - - [02/Apr/2026:07:56:52 +0800] "POST /xmlrpc.php HTTP/1.1" 200 403 "-" "Mozilla/5.0 (X11; Ubuntu; Linux x86_64; x86) AppleWebKit/537.36 (KHTML, like Gecko) Firefox/80.0.0.0 Safari/537.36"
103.4.122.14 - - [02/Apr/2026:07:56:53 +0800] "POST /wp-cron.php?doing_wp_cron=1775087812.8153450489044189453125 HTTP/1.1" 200 20 "-" "WordPress/6.9.4; https://bfcg.com.au"
181.24.1.127 - - [02/Apr/2026:07:56:52 +0800] "POST /xmlrpc.php HTTP/1.1" 200 403 "-" "Mozilla/5.0 (Linux; Android 10; x86) AppleWebKit/537.36 (KHTML, like Gecko) Opera/62.0.0.0 Safari/537.36"
178.153.40.250 - - [02/Apr/2026:08:01:49 +0800] "GET /wp-json/wp/v2/users HTTP/1.1" 403 199 "-" "Mozilla/4.0 (compatible; Win32; WinHttp.WinHttpRequest.5)"
103.4.122.14 - - [02/Apr/2026:08:03:07 +0800] "POST /wp-cron.php?doing_wp_cron=1775088187.4249660968780517578125 HTTP/1.1" 200 20 "-" "WordPress/6.9.4; https://bfcg.com.au"
178.153.40.250 - - [02/Apr/2026:08:03:06 +0800] "POST /xmlrpc.php HTTP/1.1" 200 403 "-" "Mozilla/5.0 (Windows NT 6.2; x86) AppleWebKit/537.36 (KHTML, like Gecko) Safari/11.0.0.0 Safari/537.36"
103.4.122.14 - - [02/Apr/2026:08:04:22 +0800] "POST /wp-cron.php?doing_wp_cron=1775088261.9258179664611816406250 HTTP/1.1" 200 20 "-" "WordPress/6.9.4; https://bfcg.com.au"
178.153.40.250 - - [02/Apr/2026:08:04:21 +0800] "POST /xmlrpc.php HTTP/1.1" 200 403 "-" "Mozilla/5.0 (Windows NT 10.0; arm64) AppleWebKit/537.36 (KHTML, like Gecko) Firefox/79.0.0.0 Safari/537.36"
103.4.122.14 - - [02/Apr/2026:08:05:44 +0800] "POST /wp-cron.php?doing_wp_cron=1775088344.8005099296569824218750 HTTP/1.1" 200 20 "-" "WordPress/6.9.4; https://bfcg.com.au"
178.153.40.250 - - [02/Apr/2026:08:05:44 +0800] "POST /xmlrpc.php HTTP/1.1" 200 403 "-" "Mozilla/5.0 (Windows NT 10.0; x86) AppleWebKit/537.36 (KHTML, like Gecko) Chrome/111.0.0.0 Safari/537.36"
103.4.122.14 - - [02/Apr/2026:08:06:53 +0800] "POST /wp-cron.php?doing_wp_cron=1775088413.6843030452728271484375 HTTP/1.1" 200 20 "-" "WordPress/6.9.4; https://bfcg.com.au"
178.153.40.250 - - [02/Apr/2026:08:06:52 +0800] "POST /xmlrpc.php HTTP/1.1" 200 403 "-" "Mozilla/5.0 (Windows NT 6.2; x64) AppleWebKit/537.36 (KHTML, like Gecko) Safari/10.0.0.0 Safari/537.36"
103.4.122.14 - - [02/Apr/2026:08:10:37 +0800] "POST /wp-cron.php?doing_wp_cron=1775088636.9165949821472167968750 HTTP/1.1" 200 20 "-" "WordPress/6.9.4; https://bfcg.com.au"
57.141.14.22 - - [02/Apr/2026:08:10:35 +0800] "GET /myslot.aspx HTTP/1.1" 404 23064 "-" "meta-externalagent/1.1 (+https://developers.facebook.com/docs/sharing/webmasters/crawler)"
103.4.122.14 - - [02/Apr/2026:08:13:19 +0800] "POST /wp-cron.php?doing_wp_cron=1775088799.2984879016876220703125 HTTP/1.1" 200 20 "-" "WordPress/6.9.4; https://bfcg.com.au"
18.214.138.148 - - [02/Apr/2026:08:13:18 +0800] "GET /docs/employee-resources/admin/chain-slings-register/ HTTP/1.1" 200 9568 "-" "Mozilla/5.0 AppleWebKit/537.36 (KHTML, like Gecko; compatible; Amazonbot/0.1; +https://developer.amazon.com/support/amazonbot) Chrome/119.0.6045.214 Safari/537.36"
103.4.122.14 - - [02/Apr/2026:08:17:07 +0800] "POST /wp-cron.php?doing_wp_cron=1775089027.7838859558105468750000 HTTP/1.1" 200 20 "-" "WordPress/6.9.4; https://bfcg.com.au"
35.245.219.202 - - [02/Apr/2026:08:17:07 +0800] "GET /robots.txt HTTP/1.1" 200 108 "-" "Mozilla/5.0 (compatible; Orbbot/1.1;)"
35.245.219.202 - - [02/Apr/2026:08:17:08 +0800] "GET / HTTP/1.1" 301 20 "-" "Mozilla/5.0 (compatible; Orbbot/1.1;)"
35.245.219.202 - - [02/Apr/2026:08:17:09 +0800] "GET /robots.txt HTTP/1.1" 200 108 "-" "Mozilla/5.0 (compatible; Orbbot/1.1;)"
35.245.219.202 - - [02/Apr/2026:08:17:11 +0800] "GET / HTTP/1.1" 200 12381 "-" "Mozilla/5.0 (compatible; Orbbot/1.1;)"
35.245.219.202 - - [02/Apr/2026:08:17:12 +0800] "GET / HTTP/1.1" 301 20 "-" "Mozilla/5.0 (compatible; Orbbot/1.1;)"
35.245.219.202 - - [02/Apr/2026:08:17:13 +0800] "GET / HTTP/1.1" 200 12381 "-" "Mozilla/5.0 (compatible; Orbbot/1.1;)"
35.245.219.202 - - [02/Apr/2026:08:17:15 +0800] "GET /our-business-management HTTP/1.1" 301 20 "-" "Mozilla/5.0 (compatible; Orbbot/1.1;)"
35.245.219.202 - - [02/Apr/2026:08:17:16 +0800] "GET /our-business-management/ HTTP/1.1" 200 8017 "-" "Mozilla/5.0 (compatible; Orbbot/1.1;)"
35.245.219.202 - - [02/Apr/2026:08:17:17 +0800] "GET /contact HTTP/1.1" 301 20 "-" "Mozilla/5.0 (compatible; Orbbot/1.1;)"
35.245.219.202 - - [02/Apr/2026:08:17:18 +0800] "GET /contact/ HTTP/1.1" 200 7985 "-" "Mozilla/5.0 (compatible; Orbbot/1.1;)"
35.245.219.202 - - [02/Apr/2026:08:17:19 +0800] "GET /about HTTP/1.1" 301 20 "-" "Mozilla/5.0 (compatible; Orbbot/1.1;)"
35.245.219.202 - - [02/Apr/2026:08:17:20 +0800] "GET /about/ HTTP/1.1" 200 9196 "-" "Mozilla/5.0 (compatible; Orbbot/1.1;)"
35.245.219.202 - - [02/Apr/2026:08:17:21 +0800] "GET /services HTTP/1.1" 301 20 "-" "Mozilla/5.0 (compatible; Orbbot/1.1;)"
35.245.219.202 - - [02/Apr/2026:08:17:22 +0800] "GET /services/ HTTP/1.1" 200 8675 "-" "Mozilla/5.0 (compatible; Orbbot/1.1;)"
35.245.219.202 - - [02/Apr/2026:08:17:24 +0800] "GET /our-values HTTP/1.1" 301 20 "-" "Mozilla/5.0 (compatible; Orbbot/1.1;)"
35.245.219.202 - - [02/Apr/2026:08:17:25 +0800] "GET /our-values/ HTTP/1.1" 200 7554 "-" "Mozilla/5.0 (compatible; Orbbot/1.1;)"
35.245.219.202 - - [02/Apr/2026:08:17:26 +0800] "GET /our-policies HTTP/1.1" 301 20 "-" "Mozilla/5.0 (compatible; Orbbot/1.1;)"
35.245.219.202 - - [02/Apr/2026:08:17:27 +0800] "GET /our-policies/ HTTP/1.1" 200 7519 "-" "Mozilla/5.0 (compatible; Orbbot/1.1;)"
103.4.122.14 - - [02/Apr/2026:08:20:04 +0800] "POST /wp-cron.php?doing_wp_cron=1775089204.4557080268859863281250 HTTP/1.1" 200 20 "-" "WordPress/6.9.4; https://bfcg.com.au"
49.0.26.185 - - [02/Apr/2026:08:20:03 +0800] "GET /wp-json/wp/v2/posts HTTP/1.1" 200 942 "-" "Mozilla/5.0 (Windows NT 10.0; Win64; x64) AppleWebKit/537.36 (KHTML, like Gecko) Chrome/120.0.0.0 Safari/537.36"
49.0.26.185 - - [02/Apr/2026:08:20:05 +0800] "POST /wp-comments-post.php HTTP/1.1" 302 20 "-" "Mozilla/5.0 (Windows NT 10.0; Win64; x64) AppleWebKit/537.36 (KHTML, like Gecko) Chrome/120.0.0.0 Safari/537.36"
103.4.122.14 - - [02/Apr/2026:08:33:21 +0800] "POST /wp-cron.php?doing_wp_cron=1775090000.9393100738525390625000 HTTP/1.1" 200 20 "-" "WordPress/6.9.4; https://bfcg.com.au"
103.172.76.22 - - [02/Apr/2026:08:33:19 +0800] "POST /AutoDiscover/autodiscover.xml HTTP/1.1" 404 6156 "-" "Microsoft Office/16.0 (Windows NT 10.0; Microsoft Excel 16.0.19822; Pro)"
103.4.122.14 - - [02/Apr/2026:08:36:28 +0800] "POST /wp-cron.php?doing_wp_cron=1775090188.6526029109954833984375 HTTP/1.1" 200 20 "-" "WordPress/6.9.4; https://bfcg.com.au"
85.208.96.210 - - [02/Apr/2026:08:36:27 +0800] "GET /robots.txt HTTP/1.1" 200 108 "-" "Mozilla/5.0 (compatible; SemrushBot/7~bl; +http://www.semrush.com/bot.html)"
185.191.171.14 - - [02/Apr/2026:08:36:31 +0800] "GET /docs/employee-resources/ HTTP/1.1" 200 9519 "-" "Mozilla/5.0 (compatible; SemrushBot/7~bl; +http://www.semrush.com/bot.html)"
103.4.122.14 - - [02/Apr/2026:08:41:17 +0800] "POST /wp-cron.php?doing_wp_cron=1775090477.3907990455627441406250 HTTP/1.1" 200 20 "-" "WordPress/6.9.4; https://bfcg.com.au"
54.39.203.14 - - [02/Apr/2026:08:41:16 +0800] "GET /wp-sitemap.xml HTTP/1.1" 200 229 "-" "Mozilla/5.0 (compatible; AhrefsBot/7.0; +http://ahrefs.com/robot/)"
54.39.136.119 - - [02/Apr/2026:08:41:19 +0800] "GET /wp-sitemap-posts-post-1.xml HTTP/1.1" 200 220 "-" "Mozilla/5.0 (compatible; AhrefsBot/7.0; +http://ahrefs.com/robot/)"
54.39.6.109 - - [02/Apr/2026:08:41:22 +0800] "GET /wp-sitemap-posts-page-1.xml HTTP/1.1" 200 441 "-" "Mozilla/5.0 (compatible; AhrefsBot/7.0; +http://ahrefs.com/robot/)"
167.114.139.170 - - [02/Apr/2026:08:41:25 +0800] "GET /wp-sitemap-posts-docs-1.xml HTTP/1.1" 200 520 "-" "Mozilla/5.0 (compatible; AhrefsBot/7.0; +http://ahrefs.com/robot/)"
51.161.37.124 - - [02/Apr/2026:08:41:27 +0800] "GET /wp-sitemap-taxonomies-category-1.xml HTTP/1.1" 200 184 "-" "Mozilla/5.0 (compatible; AhrefsBot/7.0; +http://ahrefs.com/robot/)"
142.44.228.7 - - [02/Apr/2026:08:41:30 +0800] "GET /wp-sitemap-users-1.xml HTTP/1.1" 200 184 "-" "Mozilla/5.0 (compatible; AhrefsBot/7.0; +http://ahrefs.com/robot/)"
181.24.1.127 - - [02/Apr/2026:08:46:28 +0800] "GET /wp-json/wp/v2/users HTTP/1.1" 403 199 "-" "Mozilla/4.0 (compatible; Win32; WinHttp.WinHttpRequest.5)"
103.4.122.14 - - [02/Apr/2026:08:48:19 +0800] "POST /wp-cron.php?doing_wp_cron=1775090899.0780820846557617187500 HTTP/1.1" 200 20 "-" "WordPress/6.9.4; https://bfcg.com.au"
181.24.1.127 - - [02/Apr/2026:08:48:18 +0800] "POST /xmlrpc.php HTTP/1.1" 200 403 "-" "Mozilla/5.0 (Macintosh; Intel Mac OS X 10_15_7; x86) AppleWebKit/537.36 (KHTML, like Gecko) Safari/10.0.0.0 Safari/537.36"
31.220.80.169 - - [02/Apr/2026:08:49:11 +0800] "GET /wp-admin/css/ HTTP/1.1" 403 199 "binance.com" "Mozilla/5.0 (Windows NT 10.0; Win64; x64) AppleWebKit/537.36 (KHTML, like Gecko) Chrome/90.0.4430.85 Safari/537.36"
103.4.122.14 - - [02/Apr/2026:08:50:04 +0800] "POST /wp-cron.php?doing_wp_cron=1775091004.6120541095733642578125 HTTP/1.1" 200 20 "-" "WordPress/6.9.4; https://bfcg.com.au"
181.24.1.127 - - [02/Apr/2026:08:50:03 +0800] "POST /xmlrpc.php HTTP/1.1" 200 403 "-" "Mozilla/5.0 (Windows NT 6.2; arm64) AppleWebKit/537.36 (KHTML, like Gecko) Edge/83.0.0.0 Safari/537.36"
103.4.122.14 - - [02/Apr/2026:08:51:52 +0800] "POST /wp-cron.php?doing_wp_cron=1775091112.7741351127624511718750 HTTP/1.1" 200 20 "-" "WordPress/6.9.4; https://bfcg.com.au"
181.24.1.127 - - [02/Apr/2026:08:51:52 +0800] "POST /xmlrpc.php HTTP/1.1" 200 403 "-" "Mozilla/5.0 (Windows NT 6.3; x64) AppleWebKit/537.36 (KHTML, like Gecko) Edge/90.0.0.0 Safari/537.36"
103.4.122.14 - - [02/Apr/2026:08:53:37 +0800] "POST /wp-cron.php?doing_wp_cron=1775091216.9661159515380859375000 HTTP/1.1" 200 20 "-" "WordPress/6.9.4; https://bfcg.com.au"
181.24.1.127 - - [02/Apr/2026:08:53:36 +0800] "POST /xmlrpc.php HTTP/1.1" 200 403 "-" "Mozilla/5.0 (Windows NT 6.3; arm64) AppleWebKit/537.36 (KHTML, like Gecko) Edge/95.0.0.0 Safari/537.36"
103.4.122.14 - - [02/Apr/2026:09:11:16 +0800] "POST /wp-cron.php?doing_wp_cron=1775092275.7962470054626464843750 HTTP/1.1" 200 20 "-" "WordPress/6.9.4; https://bfcg.com.au"
187.86.161.139 - - [02/Apr/2026:09:11:13 +0800] "POST /xmlrpc.php HTTP/1.1" 200 403 "-" "Jetpack by WordPress.com"
103.4.122.14 - - [02/Apr/2026:09:12:34 +0800] "POST /wp-cron.php?doing_wp_cron=1775092354.7488861083984375000000 HTTP/1.1" 200 20 "-" "WordPress/6.9.4; https://bfcg.com.au"
3.225.45.252 - - [02/Apr/2026:09:12:34 +0800] "GET /wp-json/wp/v2/docs/2749 HTTP/1.1" 200 785 "-" "Mozilla/5.0 AppleWebKit/537.36 (KHTML, like Gecko; compatible; Amazonbot/0.1; +https://developer.amazon.com/support/amazonbot) Chrome/119.0.6045.214 Safari/537.36"
103.4.122.14 - - [02/Apr/2026:09:14:15 +0800] "POST /wp-cron.php?doing_wp_cron=1775092455.5703899860382080078125 HTTP/1.1" 200 20 "-" "WordPress/6.9.4; https://bfcg.com.au"
193.33.236.17 - - [02/Apr/2026:09:14:14 +0800] "GET /log-in/ HTTP/1.1" 200 6670 "-" "Mozilla/5.0 (Windows NT 10.0; Win64; x64) AppleWebKit/537.36 (KHTML, like Gecko) Chrome/61.0.3163.100 Safari/537.36"
103.4.122.14 - - [02/Apr/2026:09:18:00 +0800] "POST /wp-cron.php?doing_wp_cron=1775092679.9764111042022705078125 HTTP/1.1" 200 20 "-" "WordPress/6.9.4; https://bfcg.com.au"
129.122.249.54 - - [02/Apr/2026:09:17:59 +0800] "POST /xmlrpc.php HTTP/1.1" 200 403 "-" "Jetpack/12.1; WordPress/6.4; http://site73835557.com"
103.4.122.14 - - [02/Apr/2026:09:24:43 +0800] "POST /wp-cron.php?doing_wp_cron=1775093083.3679180145263671875000 HTTP/1.1" 200 20 "-" "WordPress/6.9.4; https://bfcg.com.au"
165.16.183.156 - - [02/Apr/2026:09:24:42 +0800] "POST /xmlrpc.php HTTP/1.1" 200 403 "-" "Jetpack by WordPress.com (Jetpack 12.5; WordPress 6.2)"
103.4.122.14 - - [02/Apr/2026:09:30:16 +0800] "POST /wp-cron.php?doing_wp_cron=1775093416.1572949886322021484375 HTTP/1.1" 200 20 "-" "WordPress/6.9.4; https://bfcg.com.au"
114.119.131.123 - - [02/Apr/2026:09:30:15 +0800] "GET /docs/employee-resources/scheduled-maintenance/250hr-service-skid-steer/ HTTP/1.1" 200 9566 "https://bfcg.com.au/docs/employee-resources" "Mozilla/5.0 (Linux; Android 7.0;) AppleWebKit/537.36 (KHTML, like Gecko) Mobile Safari/537.36 (compatible; PetalBot;+https://webmaster.petalsearch.com/site/petalbot)"
103.4.122.14 - - [02/Apr/2026:09:32:10 +0800] "POST /wp-cron.php?doing_wp_cron=1775093529.9109408855438232421875 HTTP/1.1" 200 20 "-" "WordPress/6.9.4; https://bfcg.com.au"
14.169.166.233 - - [02/Apr/2026:09:32:09 +0800] "GET /log-in/ HTTP/1.1" 200 6670 "-" "Mozilla/5.0 (Macintosh; Intel Mac OS X 10_15_6) AppleWebKit/537.36 (KHTML, like Gecko) Brave Chrome/86.0.4240.183 Safari/537.36"
103.4.122.14 - - [02/Apr/2026:09:32:58 +0800] "POST /wp-cron.php?doing_wp_cron=1775093578.1083040237426757812500 HTTP/1.1" 200 20 "-" "WordPress/6.9.4; https://bfcg.com.au"
114.119.133.1 - - [02/Apr/2026:09:32:57 +0800] "GET /docs/employee-resources/admin/ HTTP/1.1" 200 9590 "https://bfcg.com.au/docs/employee-resources" "Mozilla/5.0 (Linux; Android 7.0;) AppleWebKit/537.36 (KHTML, like Gecko) Mobile Safari/537.36 (compatible; PetalBot;+https://webmaster.petalsearch.com/site/petalbot)"
103.4.122.14 - - [02/Apr/2026:09:40:02 +0800] "POST /wp-cron.php?doing_wp_cron=1775094002.2502169609069824218750 HTTP/1.1" 200 20 "-" "WordPress/6.9.4; https://bfcg.com.au"
18.237.51.249 - - [02/Apr/2026:09:40:01 +0800] "GET / HTTP/1.1" 301 20 "-" "Mozilla/5.0 (Windows NT 10.0; Win64; x64) AppleWebKit/537.36 (KHTML, like Gecko) Chrome/113.0.0.0 Safari/537.36"
18.237.51.249 - - [02/Apr/2026:09:40:03 +0800] "GET / HTTP/1.1" 200 12381 "-" "Mozilla/5.0 (Windows NT 10.0; Win64; x64) AppleWebKit/537.36 (KHTML, like Gecko) Chrome/113.0.0.0 Safari/537.36"
103.4.122.14 - - [02/Apr/2026:09:51:34 +0800] "POST /wp-cron.php?doing_wp_cron=1775094694.3931150436401367187500 HTTP/1.1" 200 20 "-" "WordPress/6.9.4; https://bfcg.com.au"
185.191.171.13 - - [02/Apr/2026:09:51:33 +0800] "GET /robots.txt HTTP/1.1" 200 108 "-" "Mozilla/5.0 (compatible; SemrushBot/7~bl; +http://www.semrush.com/bot.html)"
85.208.96.204 - - [02/Apr/2026:09:51:36 +0800] "GET /author/bfcgroup/ HTTP/1.1" 200 6776 "-" "Mozilla/5.0 (compatible; SemrushBot/7~bl; +http://www.semrush.com/bot.html)"
103.4.122.14 - - [02/Apr/2026:10:14:11 +0800] "POST /wp-cron.php?doing_wp_cron=1775096051.4786510467529296875000 HTTP/1.1" 200 20 "-" "WordPress/6.9.4; https://bfcg.com.au"
110.249.201.133 - - [02/Apr/2026:10:14:11 +0800] "GET /robots.txt HTTP/1.1" 200 108 "-" "Mozilla/5.0 (Linux; Android 5.0) AppleWebKit/537.36 (KHTML, like Gecko) Mobile Safari/537.36 (compatible; Bytespider; https://zhanzhang.toutiao.com/)"
103.4.122.14 - - [02/Apr/2026:10:14:16 +0800] "POST /wp-cron.php HTTP/1.1" 200 20 "-" "WordPress/6.9.4; https://bfcg.com.au"
103.4.122.14 - - [02/Apr/2026:10:14:17 +0800] "GET / HTTP/1.1" 200 12381 "-" "WordPress/6.9.4; https://bfcg.com.au"
103.4.122.14 - - [02/Apr/2026:10:14:17 +0800] "GET / HTTP/1.1" 200 12381 "-" "WordPress/6.9.4; https://bfcg.com.au"
103.4.122.14 - - [02/Apr/2026:10:14:18 +0800] "GET / HTTP/1.1" 200 12381 "-" "WordPress/6.9.4; https://bfcg.com.au"
103.4.122.14 - - [02/Apr/2026:10:14:18 +0800] "GET / HTTP/1.1" 200 12381 "-" "WordPress/6.9.4; https://bfcg.com.au"
103.4.122.14 - - [02/Apr/2026:10:17:15 +0800] "POST /wp-cron.php?doing_wp_cron=1775096235.1026659011840820312500 HTTP/1.1" 200 20 "-" "WordPress/6.9.4; https://bfcg.com.au"
104.210.140.132 - - [02/Apr/2026:10:17:14 +0800] "GET /robots.txt HTTP/1.1" 200 108 "-" "Mozilla/5.0 (Macintosh; Intel Mac OS X 10_15_7) AppleWebKit/537.36 (KHTML, like Gecko) Chrome/131.0.0.0 Safari/537.36; compatible; OAI-SearchBot/1.0; +https://openai.com/searchbot"
103.4.122.13 - - [02/Apr/2026:10:20:48 +0800] "GET /wp-cron.php HTTP/1.1" 200 20 "-" "WordPress/6.9.4; https://wpmain.screwlooseit.com.au"
103.4.122.14 - - [02/Apr/2026:10:21:54 +0800] "POST /wp-cron.php?doing_wp_cron=1775096513.8978519439697265625000 HTTP/1.1" 200 20 "-" "WordPress/6.9.4; https://bfcg.com.au"
40.77.167.230 - - [02/Apr/2026:10:21:53 +0800] "GET /services/ HTTP/1.1" 200 8661 "-" "Mozilla/5.0 AppleWebKit/537.36 (KHTML, like Gecko; compatible; bingbot/2.0; +http://www.bing.com/bingbot.htm) Chrome/116.0.1938.76 Safari/537.36"
40.77.167.230 - - [02/Apr/2026:10:22:02 +0800] "GET /wp-content/cache/autoptimize/css/autoptimize_single_958b54a1a0e36b42ed86874243b85acc.css?ver=1765795654 HTTP/1.1" 200 926 "-" "Mozilla/5.0 AppleWebKit/537.36 (KHTML, like Gecko; compatible; bingbot/2.0; +http://www.bing.com/bingbot.htm) Chrome/116.0.1938.76 Safari/537.36"
40.77.167.230 - - [02/Apr/2026:10:22:02 +0800] "GET /wp-content/cache/autoptimize/css/autoptimize_7f23a7b1444a1faeae193378c30c91ae.css HTTP/1.1" 200 17849 "-" "Mozilla/5.0 AppleWebKit/537.36 (KHTML, like Gecko; compatible; bingbot/2.0; +http://www.bing.com/bingbot.htm) Chrome/116.0.1938.76 Safari/537.36"
40.77.167.230 - - [02/Apr/2026:10:22:03 +0800] "GET /wp-includes/js/wp-emoji-release.min.js?ver=6.9.4 HTTP/1.1" 200 5375 "-" "Mozilla/5.0 AppleWebKit/537.36 (KHTML, like Gecko; compatible; bingbot/2.0; +http://www.bing.com/bingbot.htm) Chrome/116.0.1938.76 Safari/537.36"
103.4.122.14 - - [02/Apr/2026:10:29:21 +0800] "POST /wp-cron.php?doing_wp_cron=1775096961.3142879009246826171875 HTTP/1.1" 200 20 "-" "WordPress/6.9.4; https://bfcg.com.au"
167.235.137.28 - - [02/Apr/2026:10:29:20 +0800] "GET / HTTP/1.1" 200 47616 "-" "Mozilla/5.0 (Macintosh; Intel Mac OS X 10_15_7) AppleWebKit/537.36 (KHTML, like Gecko) Chrome/142.0.0.0 Safari/537.36"
103.4.122.14 - - [02/Apr/2026:10:30:47 +0800] "POST /wp-cron.php?doing_wp_cron=1775097047.7565500736236572265625 HTTP/1.1" 200 20 "-" "WordPress/6.9.4; https://bfcg.com.au"
216.73.216.14 - - [02/Apr/2026:10:30:47 +0800] "GET /robots.txt HTTP/1.1" 200 108 "-" "Mozilla/5.0 AppleWebKit/537.36 (KHTML, like Gecko; compatible; ClaudeBot/1.0; +claudebot@anthropic.com)"
216.73.216.14 - - [02/Apr/2026:10:30:48 +0800] "GET /category/news HTTP/1.1" 301 20 "-" "Mozilla/5.0 AppleWebKit/537.36 (KHTML, like Gecko; compatible; ClaudeBot/1.0; +claudebot@anthropic.com)"
216.73.216.14 - - [02/Apr/2026:10:30:48 +0800] "GET /category/news/ HTTP/1.1" 200 6601 "https://bfcg.com.au/category/news" "Mozilla/5.0 AppleWebKit/537.36 (KHTML, like Gecko; compatible; ClaudeBot/1.0; +claudebot@anthropic.com)"
65.55.210.253 - - [02/Apr/2026:10:38:00 +0800] "GET /wp-content/themes/generatepress/assets/fonts/generatepress.woff2 HTTP/1.1" 200 1264 "-" "Mozilla/5.0 AppleWebKit/537.36 (KHTML, like Gecko; compatible; bingbot/2.0; +http://www.bing.com/bingbot.htm) Chrome/100.0.4896.127 Safari/537.36"
103.4.122.14 - - [02/Apr/2026:10:50:33 +0800] "POST /wp-cron.php?doing_wp_cron=1775098233.3546559810638427734375 HTTP/1.1" 200 20 "-" "WordPress/6.9.4; https://bfcg.com.au"
65.181.31.192 - - [02/Apr/2026:10:50:32 +0800] "POST /AutoDiscover/autodiscover.xml HTTP/1.1" 404 6156 "-" "Microsoft Office/16.0 (Windows NT 10.0; Microsoft PowerPoint 16.0.19822; Pro)"
221.229.106.25 - - [02/Apr/2026:10:57:57 +0800] "GET / HTTP/1.1" 403 199 "-" "Mozilla/5.0 (iPhone; CPU iPhone OS 13_2_3 like Mac OS X) AppleWebKit/605.1.15 (KHTML, like Gecko) Version/13.0.3 Mobile/15E148 Safari/604.1"
103.4.122.14 - - [02/Apr/2026:11:16:29 +0800] "POST /wp-cron.php?doing_wp_cron=1775099789.4797110557556152343750 HTTP/1.1" 200 20 "-" "WordPress/6.9.4; https://bfcg.com.au"
173.249.253.164 - - [02/Apr/2026:11:16:29 +0800] "POST /xmlrpc.php HTTP/1.1" 200 403 "-" "Jetpack by WordPress.com"
103.4.122.14 - - [02/Apr/2026:11:20:43 +0800] "POST /wp-cron.php?doing_wp_cron=1775100043.2644820213317871093750 HTTP/1.1" 200 20 "-" "WordPress/6.9.4; https://bfcg.com.au"
180.252.171.229 - - [02/Apr/2026:11:20:42 +0800] "POST /xmlrpc.php HTTP/1.1" 200 403 "-" "Jetpack/13.0; WordPress/6.2; http://site44660725.com"
103.4.122.14 - - [02/Apr/2026:11:22:43 +0800] "POST /wp-cron.php?doing_wp_cron=1775100163.6837999820709228515625 HTTP/1.1" 200 20 "-" "WordPress/6.9.4; https://bfcg.com.au"
77.91.96.103 - - [02/Apr/2026:11:22:43 +0800] "GET / HTTP/1.1" 200 12381 "-" "WP Scanner Panel/1.0"
77.91.96.103 - - [02/Apr/2026:11:23:14 +0800] "GET /readme.html HTTP/1.1" 200 3028 "-" "WP Scanner Panel/1.0"
77.91.96.103 - - [02/Apr/2026:11:23:25 +0800] "GET /robots.txt HTTP/1.1" 200 108 "-" "WP Scanner Panel/1.0"
103.4.122.14 - - [02/Apr/2026:11:23:38 +0800] "POST /wp-cron.php?doing_wp_cron=1775100218.5589630603790283203125 HTTP/1.1" 200 20 "-" "WordPress/6.9.4; https://bfcg.com.au"
77.91.96.103 - - [02/Apr/2026:11:23:38 +0800] "GET /wp-admin/ HTTP/1.1" 302 20 "-" "WP Scanner Panel/1.0"
77.91.96.103 - - [02/Apr/2026:11:23:39 +0800] "GET /wp-login.php?redirect_to=https%3A%2F%2Fbfcg.com.au%2Fwp-admin%2F&reauth=1 HTTP/1.1" 200 2963 "-" "WP Scanner Panel/1.0"
77.91.96.103 - - [02/Apr/2026:11:23:52 +0800] "GET /wp-admin/css/ HTTP/1.1" 403 199 "-" "WP Scanner Panel/1.0"
77.91.96.103 - - [02/Apr/2026:11:24:03 +0800] "GET /wp-admin/images/ HTTP/1.1" 403 199 "-" "WP Scanner Panel/1.0"
77.91.96.103 - - [02/Apr/2026:11:24:15 +0800] "GET /wp-admin/includes/ HTTP/1.1" 403 199 "-" "WP Scanner Panel/1.0"
77.91.96.103 - - [02/Apr/2026:11:24:26 +0800] "GET /wp-admin/js/ HTTP/1.1" 403 199 "-" "WP Scanner Panel/1.0"
77.91.96.103 - - [02/Apr/2026:11:24:38 +0800] "GET /wp-config.php HTTP/1.1" 403 199 "-" "WP Scanner Panel/1.0"
77.91.96.103 - - [02/Apr/2026:11:24:49 +0800] "GET /wp-content/ HTTP/1.1" 200 20 "-" "WP Scanner Panel/1.0"
77.91.96.103 - - [02/Apr/2026:11:25:00 +0800] "GET /wp-content/plugins/ HTTP/1.1" 200 20 "-" "WP Scanner Panel/1.0"
77.91.96.103 - - [02/Apr/2026:11:25:12 +0800] "GET /wp-content/themes/ HTTP/1.1" 200 20 "-" "WP Scanner Panel/1.0"
103.4.122.14 - - [02/Apr/2026:11:25:24 +0800] "POST /wp-cron.php?doing_wp_cron=1775100324.0002899169921875000000 HTTP/1.1" 200 20 "-" "WordPress/6.9.4; https://bfcg.com.au"
77.91.96.103 - - [02/Apr/2026:11:25:23 +0800] "GET /wp-content/wflogs/ HTTP/1.1" 404 6156 "-" "WP Scanner Panel/1.0"
77.91.96.103 - - [02/Apr/2026:11:25:25 +0800] "GET /wp-includes/ HTTP/1.1" 403 199 "-" "WP Scanner Panel/1.0"
77.91.96.103 - - [02/Apr/2026:11:25:36 +0800] "GET /xmlrpc.php HTTP/1.1" 405 60 "-" "WP Scanner Panel/1.0"
103.4.122.14 - - [02/Apr/2026:11:25:38 +0800] "POST /wp-cron.php?doing_wp_cron=1775100338.0282518863677978515625 HTTP/1.1" 200 20 "-" "WordPress/6.9.4; https://bfcg.com.au"
77.91.96.103 - - [02/Apr/2026:11:25:37 +0800] "GET /wp-admin/admin-ajax.php HTTP/1.1" 400 21 "-" "WP Scanner Panel/1.0"
77.91.96.103 - - [02/Apr/2026:11:25:39 +0800] "GET /wp-content/wpvividbackups/ HTTP/1.1" 404 6156 "-" "WP Scanner Panel/1.0"
77.91.96.103 - - [02/Apr/2026:11:25:41 +0800] "GET /wp-content/plugins/wpvivid-backuprestore/ HTTP/1.1" 404 6156 "-" "WP Scanner Panel/1.0"
103.4.122.14 - - [02/Apr/2026:11:29:01 +0800] "POST /wp-cron.php?doing_wp_cron=1775100540.9646680355072021484375 HTTP/1.1" 200 20 "-" "WordPress/6.9.4; https://bfcg.com.au"
122.173.113.105 - - [02/Apr/2026:11:29:00 +0800] "POST /xmlrpc.php HTTP/1.1" 200 403 "-" "Mozilla/5.0 (Linux; Android 10; x86) AppleWebKit/537.36 (KHTML, like Gecko) Chrome/108.0.0.0 Safari/537.36"
103.4.122.14 - - [02/Apr/2026:11:33:08 +0800] "POST /wp-cron.php?doing_wp_cron=1775100787.9018468856811523437500 HTTP/1.1" 200 20 "-" "WordPress/6.9.4; https://bfcg.com.au"
216.73.216.14 - - [02/Apr/2026:11:33:07 +0800] "GET /robots.txt HTTP/1.1" 200 108 "-" "Mozilla/5.0 AppleWebKit/537.36 (KHTML, like Gecko; compatible; ClaudeBot/1.0; +claudebot@anthropic.com)"
216.73.216.14 - - [02/Apr/2026:11:33:08 +0800] "GET /wp-sitemap.xml HTTP/1.1" 200 229 "-" "Mozilla/5.0 AppleWebKit/537.36 (KHTML, like Gecko; compatible; ClaudeBot/1.0; +claudebot@anthropic.com)"
103.4.122.14 - - [02/Apr/2026:11:41:53 +0800] "POST /wp-cron.php?doing_wp_cron=1775101313.2838609218597412109375 HTTP/1.1" 200 20 "-" "WordPress/6.9.4; https://bfcg.com.au"
66.249.75.68 - - [02/Apr/2026:11:41:52 +0800] "GET /robots.txt HTTP/1.1" 200 108 "-" "Mozilla/5.0 (compatible; Googlebot/2.1; +http://www.google.com/bot.html)"
66.249.75.66 - - [02/Apr/2026:11:41:53 +0800] "GET / HTTP/1.1" 301 20 "-" "Mozilla/5.0 (compatible; Googlebot/2.1; +http://www.google.com/bot.html)"
66.249.75.68 - - [02/Apr/2026:11:41:53 +0800] "GET / HTTP/1.1" 301 20 "-" "Mozilla/5.0 (Linux; Android 6.0.1; Nexus 5X Build/MMB29P) AppleWebKit/537.36 (KHTML, like Gecko) Chrome/99.0.4844.84 Mobile Safari/537.36 (compatible; Googlebot/2.1; +http://www.google.com/bot.html)"
66.249.75.67 - - [02/Apr/2026:11:41:55 +0800] "GET / HTTP/1.1" 200 12381 "-" "Mozilla/5.0 (compatible; Googlebot/2.1; +http://www.google.com/bot.html)"
66.249.75.68 - - [02/Apr/2026:11:41:55 +0800] "GET / HTTP/1.1" 200 12381 "-" "Mozilla/5.0 (Linux; Android 6.0.1; Nexus 5X Build/MMB29P) AppleWebKit/537.36 (KHTML, like Gecko) Chrome/99.0.4844.84 Mobile Safari/537.36 (compatible; Googlebot/2.1; +http://www.google.com/bot.html)"
103.4.122.14 - - [02/Apr/2026:11:42:41 +0800] "POST /wp-cron.php?doing_wp_cron=1775101361.2827138900756835937500 HTTP/1.1" 200 20 "-" "WordPress/6.9.4; https://bfcg.com.au"
122.173.113.105 - - [02/Apr/2026:11:42:40 +0800] "POST /xmlrpc.php HTTP/1.1" 200 403 "-" "Mozilla/5.0 (Linux; Android 10; arm64) AppleWebKit/537.36 (KHTML, like Gecko) Safari/12.0.0.0 Safari/537.36"
103.4.122.14 - - [02/Apr/2026:11:44:26 +0800] "POST /wp-cron.php?doing_wp_cron=1775101466.6215400695800781250000 HTTP/1.1" 200 20 "-" "WordPress/6.9.4; https://bfcg.com.au"
122.173.113.105 - - [02/Apr/2026:11:44:26 +0800] "POST /xmlrpc.php HTTP/1.1" 200 403 "-" "Mozilla/5.0 (Macintosh; Intel Mac OS X 10_15_7; x64) AppleWebKit/537.36 (KHTML, like Gecko) Edge/81.0.0.0 Safari/537.36"
103.4.122.14 - - [02/Apr/2026:11:46:20 +0800] "POST /wp-cron.php?doing_wp_cron=1775101580.6098179817199707031250 HTTP/1.1" 200 20 "-" "WordPress/6.9.4; https://bfcg.com.au"
122.173.113.105 - - [02/Apr/2026:11:46:20 +0800] "POST /xmlrpc.php HTTP/1.1" 200 403 "-" "Mozilla/5.0 (Linux; Android 10; x64) AppleWebKit/537.36 (KHTML, like Gecko) Opera/66.0.0.0 Safari/537.36"
103.4.122.14 - - [02/Apr/2026:11:48:01 +0800] "POST /wp-cron.php?doing_wp_cron=1775101680.8317360877990722656250 HTTP/1.1" 200 20 "-" "WordPress/6.9.4; https://bfcg.com.au"
122.173.113.105 - - [02/Apr/2026:11:48:00 +0800] "POST /xmlrpc.php HTTP/1.1" 200 403 "-" "Mozilla/5.0 (Macintosh; Intel Mac OS X 10_15_7; x86) AppleWebKit/537.36 (KHTML, like Gecko) Safari/12.0.0.0 Safari/537.36"
148.113.130.235 - - [02/Apr/2026:11:48:35 +0800] "GET /wp-sitemap.xml HTTP/1.1" 200 229 "-" "Mozilla/5.0 (compatible; AhrefsBot/7.0; +http://ahrefs.com/robot/)"
103.4.122.14 - - [02/Apr/2026:11:48:38 +0800] "POST /wp-cron.php?doing_wp_cron=1775101718.8013288974761962890625 HTTP/1.1" 200 20 "-" "WordPress/6.9.4; https://bfcg.com.au"
51.161.37.196 - - [02/Apr/2026:11:48:38 +0800] "GET /wp-sitemap-posts-post-1.xml HTTP/1.1" 200 220 "-" "Mozilla/5.0 (compatible; AhrefsBot/7.0; +http://ahrefs.com/robot/)"
54.39.203.178 - - [02/Apr/2026:11:48:41 +0800] "GET /wp-sitemap-posts-page-1.xml HTTP/1.1" 200 441 "-" "Mozilla/5.0 (compatible; AhrefsBot/7.0; +http://ahrefs.com/robot/)"
15.235.98.127 - - [02/Apr/2026:11:48:43 +0800] "GET /wp-sitemap-posts-docs-1.xml HTTP/1.1" 200 520 "-" "Mozilla/5.0 (compatible; AhrefsBot/7.0; +http://ahrefs.com/robot/)"
167.114.139.237 - - [02/Apr/2026:11:48:45 +0800] "GET /wp-sitemap-taxonomies-category-1.xml HTTP/1.1" 200 184 "-" "Mozilla/5.0 (compatible; AhrefsBot/7.0; +http://ahrefs.com/robot/)"
15.235.96.128 - - [02/Apr/2026:11:48:48 +0800] "GET /wp-sitemap-users-1.xml HTTP/1.1" 200 184 "-" "Mozilla/5.0 (compatible; AhrefsBot/7.0; +http://ahrefs.com/robot/)"
103.4.122.14 - - [02/Apr/2026:11:51:30 +0800] "POST /wp-cron.php?doing_wp_cron=1775101890.7658250331878662109375 HTTP/1.1" 200 20 "-" "WordPress/6.9.4; https://bfcg.com.au"
13.217.113.23 - - [02/Apr/2026:11:51:30 +0800] "GET / HTTP/1.1" 200 12381 "-" "axios/1.13.5"
103.4.122.14 - - [02/Apr/2026:12:09:48 +0800] "POST /wp-cron.php?doing_wp_cron=1775102988.0431261062622070312500 HTTP/1.1" 200 20 "-" "WordPress/6.9.4; https://bfcg.com.au"
79.110.202.131 - - [02/Apr/2026:12:09:47 +0800] "GET //wp-json/wp/v2/posts HTTP/1.0" 200 942 "-" "Mozilla/5.0 (Windows NT 10.0; Win64; x64) AppleWebKit/537.36 (KHTML, like Gecko) Chrome/120.0.0.0 Safari/537.36"
103.4.122.14 - - [02/Apr/2026:12:33:36 +0800] "POST /wp-cron.php?doing_wp_cron=1775104416.6290230751037597656250 HTTP/1.1" 200 20 "-" "WordPress/6.9.4; https://bfcg.com.au"
59.145.94.245 - - [02/Apr/2026:12:33:36 +0800] "POST /xmlrpc.php HTTP/1.1" 200 403 "-" "WordPress.com; https://wordpress.com"
216.73.216.14 - - [02/Apr/2026:12:34:19 +0800] "GET /robots.txt HTTP/1.1" 200 108 "-" "Mozilla/5.0 AppleWebKit/537.36 (KHTML, like Gecko; compatible; ClaudeBot/1.0; +claudebot@anthropic.com)"
216.73.216.14 - - [02/Apr/2026:12:34:19 +0800] "GET /privacy-policy HTTP/1.1" 301 20 "-" "Mozilla/5.0 AppleWebKit/537.36 (KHTML, like Gecko; compatible; ClaudeBot/1.0; +claudebot@anthropic.com)"
216.73.216.14 - - [02/Apr/2026:12:34:20 +0800] "GET /privacy-policy/ HTTP/1.1" 200 7098 "https://bfcg.com.au/privacy-policy" "Mozilla/5.0 AppleWebKit/537.36 (KHTML, like Gecko; compatible; ClaudeBot/1.0; +claudebot@anthropic.com)"
103.4.122.14 - - [02/Apr/2026:12:42:01 +0800] "POST /wp-cron.php?doing_wp_cron=1775104920.8599040508270263671875 HTTP/1.1" 200 20 "-" "WordPress/6.9.4; https://bfcg.com.au"
216.73.216.14 - - [02/Apr/2026:12:42:00 +0800] "GET /author/bfcgroup HTTP/1.1" 301 20 "-" "Mozilla/5.0 AppleWebKit/537.36 (KHTML, like Gecko; compatible; ClaudeBot/1.0; +claudebot@anthropic.com)"
216.73.216.14 - - [02/Apr/2026:12:42:01 +0800] "GET /author/bfcgroup/ HTTP/1.1" 200 6776 "https://bfcg.com.au/author/bfcgroup" "Mozilla/5.0 AppleWebKit/537.36 (KHTML, like Gecko; compatible; ClaudeBot/1.0; +claudebot@anthropic.com)"
103.4.122.14 - - [02/Apr/2026:12:59:04 +0800] "POST /wp-cron.php?doing_wp_cron=1775105944.2918670177459716796875 HTTP/1.1" 200 20 "-" "WordPress/6.9.4; https://bfcg.com.au"
103.167.195.178 - - [02/Apr/2026:12:59:03 +0800] "POST /xmlrpc.php HTTP/1.1" 200 403 "-" "Jetpack by WordPress.com (Jetpack 12.0; WordPress 6.3)"
103.4.122.14 - - [02/Apr/2026:13:04:56 +0800] "POST /wp-cron.php?doing_wp_cron=1775106296.1726150512695312500000 HTTP/1.1" 200 20 "-" "WordPress/6.9.4; https://bfcg.com.au"
122.160.115.68 - - [02/Apr/2026:13:04:55 +0800] "POST /xmlrpc.php HTTP/1.1" 200 403 "-" "Jetpack by WordPress.com (Jetpack 12.5; WordPress 6.2)"
103.4.122.14 - - [02/Apr/2026:13:17:12 +0800] "POST /wp-cron.php?doing_wp_cron=1775107032.7223761081695556640625 HTTP/1.1" 200 20 "-" "WordPress/6.9.4; https://bfcg.com.au"
151.240.33.19 - - [02/Apr/2026:13:17:11 +0800] "GET /manager.php HTTP/1.1" 404 23056 "-" "Mozilla/5.0 (Windows NT 10.0; WOW64; Trident/7.0; .NET4.0C; .NET4.0E; .NET CLR 2.0.50727; .NET CLR 3.0.30729; .NET CLR 3.5.30729; rv:11.0) like Gecko"
151.240.33.19 - - [02/Apr/2026:13:17:21 +0800] "GET /wp-includes/ HTTP/1.1" 403 199 "-" "Mozilla/5.0 (Windows NT 10.0; Win64; x64) AppleWebKit/537.36 (KHTML, like Gecko) Chrome/79.0.3945.88 Safari/537.36"
151.240.33.19 - - [02/Apr/2026:13:17:21 +0800] "GET /wp-content/uploads/ HTTP/1.1" 403 13 "-" "Mozilla/5.0 (Windows NT 10.0; Win64; x64) AppleWebKit/537.36 (KHTML, like Gecko) Chrome/84.0.4147.105 Safari/537.36"
151.240.33.19 - - [02/Apr/2026:13:17:21 +0800] "GET /wp-admin/includes/ HTTP/1.1" 403 199 "-" "Mozilla/5.0 (Windows NT 10.0) AppleWebKit/537.36 (KHTML, like Gecko) Chrome/84.0.4147.105 Safari/537.36"
151.240.33.19 - - [02/Apr/2026:13:17:22 +0800] "GET /wp-content/plugins/ HTTP/1.1" 200 - "-" "Mozilla/5.0 (Windows NT 10.0; Win64; x64) AppleWebKit/537.36 (KHTML, like Gecko) Chrome/83.0.4103.61 Safari/537.36"
151.240.33.19 - - [02/Apr/2026:13:17:22 +0800] "GET /wp-content/themes/ HTTP/1.1" 200 - "-" "Mozilla/5.0 (Windows NT 6.1; Win64; x64) AppleWebKit/537.36 (KHTML, like Gecko) Chrome/58.0.3029.110 Safari/537.3"
151.240.33.19 - - [02/Apr/2026:13:17:22 +0800] "GET /images/ HTTP/1.1" 404 23056 "-" "Mozilla/5.0 (Windows NT 10.0; Win64; x64; rv:79.0) Gecko/20100101 Firefox/79.0"
