| Server IP : 103.4.122.14 / Your IP : 216.73.216.103 Web Server : Apache/2.4.62 (Unix) OpenSSL/1.0.2k-fips System : Linux cwp2.slnet.com.au 3.10.0-1160.119.1.el7.x86_64 #1 SMP Tue Jun 4 14:43:51 UTC 2024 x86_64 User : statewid ( 1251) PHP Version : 8.3.31 Disable Function : NONE MySQL : OFF | cURL : ON | WGET : ON | Perl : ON | Python : ON | Sudo : ON | Pkexec : ON Directory : /usr/local/apache/domlogs/ |
Upload File : |
103.4.122.14 - - [01/Apr/2026:00:04:58 +0800] "POST /wp-cron.php?doing_wp_cron=1774973097.9298660755157470703125 HTTP/1.1" 200 20 "-" "WordPress/6.9.4; https://bfcg.com.au"
85.208.96.199 - - [01/Apr/2026:00:04:57 +0800] "GET /robots.txt HTTP/1.1" 200 108 "-" "Mozilla/5.0 (compatible; SemrushBot/7~bl; +http://www.semrush.com/bot.html)"
185.191.171.2 - - [01/Apr/2026:00:04:59 +0800] "GET /our-values/ HTTP/1.1" 200 7539 "-" "Mozilla/5.0 (compatible; SemrushBot/7~bl; +http://www.semrush.com/bot.html)"
103.4.122.14 - - [01/Apr/2026:00:16:48 +0800] "POST /wp-cron.php?doing_wp_cron=1774973808.1680231094360351562500 HTTP/1.1" 200 20 "-" "WordPress/6.9.4; https://bfcg.com.au"
20.63.85.156 - - [01/Apr/2026:00:16:47 +0800] "GET / HTTP/1.1" 200 12381 "-" "Mozilla/5.0 (Windows NT 10.0; Win64; x64) Chrome/122.0.0.0 Safari/537.36"
20.63.85.156 - - [01/Apr/2026:00:16:48 +0800] "GET /checkout HTTP/1.1" 404 6156 "-" "Mozilla/5.0 (Windows NT 10.0; Win64; x64) Chrome/122.0.0.0 Safari/537.36"
20.63.85.156 - - [01/Apr/2026:00:16:49 +0800] "GET /cart HTTP/1.1" 404 6156 "-" "Mozilla/5.0 (Windows NT 10.0; Win64; x64) Chrome/122.0.0.0 Safari/537.36"
20.63.85.156 - - [01/Apr/2026:00:16:49 +0800] "GET /shop HTTP/1.1" 404 6156 "-" "Mozilla/5.0 (Windows NT 10.0; Win64; x64) Chrome/122.0.0.0 Safari/537.36"
20.63.85.156 - - [01/Apr/2026:00:16:49 +0800] "GET /checkout/onepage HTTP/1.1" 404 6156 "-" "Mozilla/5.0 (Windows NT 10.0; Win64; x64) Chrome/122.0.0.0 Safari/537.36"
20.63.85.156 - - [01/Apr/2026:00:16:49 +0800] "GET /pagamento HTTP/1.1" 404 6156 "-" "Mozilla/5.0 (Windows NT 10.0; Win64; x64) Chrome/122.0.0.0 Safari/537.36"
20.63.85.156 - - [01/Apr/2026:00:16:49 +0800] "GET /carrinho HTTP/1.1" 404 6156 "-" "Mozilla/5.0 (Windows NT 10.0; Win64; x64) Chrome/122.0.0.0 Safari/537.36"
20.63.85.156 - - [01/Apr/2026:00:16:49 +0800] "GET /wc-api/v3/ HTTP/1.1" 404 6156 "-" "Mozilla/5.0 (Windows NT 10.0; Win64; x64) Chrome/122.0.0.0 Safari/537.36"
20.63.85.156 - - [01/Apr/2026:00:16:49 +0800] "GET /api/checkout/pub/orderForm HTTP/1.1" 404 6156 "-" "Mozilla/5.0 (Windows NT 10.0; Win64; x64) Chrome/122.0.0.0 Safari/537.36"
20.63.85.156 - - [01/Apr/2026:00:16:49 +0800] "GET /services/shop-id HTTP/1.1" 404 6156 "-" "Mozilla/5.0 (Windows NT 10.0; Win64; x64) Chrome/122.0.0.0 Safari/537.36"
20.63.85.156 - - [01/Apr/2026:00:16:49 +0800] "GET /pago/finalizar HTTP/1.1" 404 6156 "-" "Mozilla/5.0 (Windows NT 10.0; Win64; x64) Chrome/122.0.0.0 Safari/537.36"
20.63.85.156 - - [01/Apr/2026:00:16:49 +0800] "GET /compra-click HTTP/1.1" 404 6156 "-" "Mozilla/5.0 (Windows NT 10.0; Win64; x64) Chrome/122.0.0.0 Safari/537.36"
20.63.85.156 - - [01/Apr/2026:00:16:49 +0800] "GET /checkout/v2/payment HTTP/1.1" 404 6156 "-" "Mozilla/5.0 (Windows NT 10.0; Win64; x64) Chrome/122.0.0.0 Safari/537.36"
4.205.39.97 - - [01/Apr/2026:00:17:40 +0800] "GET /wp-content/themes/seotheme/db.php?u HTTP/1.1" 404 23056 "www.google.com" "Mozlila/5.0 (Linux; Android 7.0; SM-G892A Bulid/NRD90M; wv) AppleWebKit/537.36 (KHTML, like Gecko) Version/4.0 Chrome/60.0.3112.107 Moblie Safari/537.36"
4.205.39.97 - - [01/Apr/2026:00:17:40 +0800] "POST /ALFA_DATA/alfacgiapi/perl.alfa HTTP/1.1" 404 23056 "www.google.com" "Mozlila/5.0 (Linux; Android 7.0; SM-G892A Bulid/NRD90M; wv) AppleWebKit/537.36 (KHTML, like Gecko) Version/4.0 Chrome/60.0.3112.107 Moblie Safari/537.36"
103.4.122.14 - - [01/Apr/2026:00:17:41 +0800] "POST /wp-cron.php?doing_wp_cron=1774973861.3630061149597167968750 HTTP/1.1" 200 20 "-" "WordPress/6.9.4; https://bfcg.com.au"
4.205.39.97 - - [01/Apr/2026:00:17:40 +0800] "GET / HTTP/1.1" 301 - "-" "Mozlila/5.0 (Linux; Android 7.0; SM-G892A Bulid/NRD90M; wv) AppleWebKit/537.36 (KHTML, like Gecko) Version/4.0 Chrome/60.0.3112.107 Moblie Safari/537.36"
4.205.39.97 - - [01/Apr/2026:00:17:40 +0800] "POST /wp-plain.php HTTP/1.1" 404 23056 "www.google.com" "Mozilla/5.0 (Linux; Android 7.0; SM-G892A Bulid/NRD90M; wv) AppleWebKit/537.36 (KHTML, like Gecko) Version/4.0 Chrome/60.0.3112.107 Moblie Safari/537.36"
4.205.39.97 - - [01/Apr/2026:00:17:41 +0800] "POST /alfacgiapi/perl.alfa HTTP/1.1" 404 23056 "www.google.com" "Mozlila/5.0 (Linux; Android 7.0; SM-G892A Bulid/NRD90M; wv) AppleWebKit/537.36 (KHTML, like Gecko) Version/4.0 Chrome/60.0.3112.107 Moblie Safari/537.36"
4.205.39.97 - - [01/Apr/2026:00:17:42 +0800] "GET /wp-content/themes/seotheme/db.php?u HTTP/1.1" 404 23064 "www.google.com" "Mozlila/5.0 (Linux; Android 7.0; SM-G892A Bulid/NRD90M; wv) AppleWebKit/537.36 (KHTML, like Gecko) Version/4.0 Chrome/60.0.3112.107 Moblie Safari/537.36"
4.205.39.97 - - [01/Apr/2026:00:17:42 +0800] "GET /hktnxost.php?Fox=d3wL7 HTTP/1.1" 404 23056 "www.google.com" "Mozilla/5.0 (Linux; Android 7.0; SM-G892A Bulid/NRD90M; wv) AppleWebKit/537.36 (KHTML, like Gecko) Version/4.0 Chrome/60.0.3112.107 Moblie Safari/537.36"
4.205.39.97 - - [01/Apr/2026:00:17:42 +0800] "GET / HTTP/1.1" 200 47616 "-" "Mozlila/5.0 (Linux; Android 7.0; SM-G892A Bulid/NRD90M; wv) AppleWebKit/537.36 (KHTML, like Gecko) Version/4.0 Chrome/60.0.3112.107 Moblie Safari/537.36"
4.205.39.97 - - [01/Apr/2026:00:17:43 +0800] "GET /wp-content/plugins/apikey/apikey.php?test=hello HTTP/1.1" 404 23064 "-" "Mozlila/5.0 (Linux; Android 7.0; SM-G892A Bulid/NRD90M; wv) AppleWebKit/537.36 (KHTML, like Gecko) Version/4.0 Chrome/60.0.3112.107 Moblie Safari/537.36"
4.205.39.97 - - [01/Apr/2026:00:17:43 +0800] "POST /wp-plain.php HTTP/1.1" 404 23064 "www.google.com" "Mozilla/5.0 (Linux; Android 7.0; SM-G892A Bulid/NRD90M; wv) AppleWebKit/537.36 (KHTML, like Gecko) Version/4.0 Chrome/60.0.3112.107 Moblie Safari/537.36"
4.205.39.97 - - [01/Apr/2026:00:17:44 +0800] "GET /plugins/content/apismtp/apismtp.php?test=hello HTTP/1.1" 404 23064 "-" "Mozlila/5.0 (Linux; Android 7.0; SM-G892A Bulid/NRD90M; wv) AppleWebKit/537.36 (KHTML, like Gecko) Version/4.0 Chrome/60.0.3112.107 Moblie Safari/537.36"
4.205.39.97 - - [01/Apr/2026:00:17:45 +0800] "GET /sydqtvjp.php?Fox=d3wL7 HTTP/1.1" 404 23064 "www.google.com" "Mozilla/5.0 (Linux; Android 7.0; SM-G892A Bulid/NRD90M; wv) AppleWebKit/537.36 (KHTML, like Gecko) Version/4.0 Chrome/60.0.3112.107 Moblie Safari/537.36"
4.205.39.97 - - [01/Apr/2026:00:17:45 +0800] "GET /wp-content/plugins/apikey/apikey.php.suspected?test=hello HTTP/1.1" 404 23064 "-" "Mozlila/5.0 (Linux; Android 7.0; SM-G892A Bulid/NRD90M; wv) AppleWebKit/537.36 (KHTML, like Gecko) Version/4.0 Chrome/60.0.3112.107 Moblie Safari/537.36"
4.205.39.97 - - [01/Apr/2026:00:17:46 +0800] "GET /plugins/content/apismtp/apismtp.php.suspected?test=hello HTTP/1.1" 404 23064 "-" "Mozlila/5.0 (Linux; Android 7.0; SM-G892A Bulid/NRD90M; wv) AppleWebKit/537.36 (KHTML, like Gecko) Version/4.0 Chrome/60.0.3112.107 Moblie Safari/537.36"
103.4.122.14 - - [01/Apr/2026:00:29:59 +0800] "POST /wp-cron.php?doing_wp_cron=1774974599.4502890110015869140625 HTTP/1.1" 200 20 "-" "WordPress/6.9.4; https://bfcg.com.au"
216.73.216.14 - - [01/Apr/2026:00:29:58 +0800] "GET /robots.txt HTTP/1.1" 200 108 "-" "Mozilla/5.0 AppleWebKit/537.36 (KHTML, like Gecko; compatible; ClaudeBot/1.0; +claudebot@anthropic.com)"
216.73.216.14 - - [01/Apr/2026:00:29:59 +0800] "GET /wp-sitemap.xml HTTP/1.1" 200 229 "-" "Mozilla/5.0 AppleWebKit/537.36 (KHTML, like Gecko; compatible; ClaudeBot/1.0; +claudebot@anthropic.com)"
103.4.122.14 - - [01/Apr/2026:00:52:48 +0800] "POST /wp-cron.php?doing_wp_cron=1774975968.6370379924774169921875 HTTP/1.1" 200 20 "-" "WordPress/6.9.4; https://bfcg.com.au"
216.73.216.14 - - [01/Apr/2026:00:52:47 +0800] "GET /wp-sitemap.xml HTTP/1.1" 200 229 "-" "Mozilla/5.0 AppleWebKit/537.36 (KHTML, like Gecko; compatible; ClaudeBot/1.0; +claudebot@anthropic.com)"
103.4.122.14 - - [01/Apr/2026:00:55:46 +0800] "POST /wp-cron.php?doing_wp_cron=1774976146.0472509860992431640625 HTTP/1.1" 200 20 "-" "WordPress/6.9.4; https://bfcg.com.au"
4.205.39.97 - - [01/Apr/2026:00:55:45 +0800] "GET / HTTP/1.1" 301 - "-" "Mozlila/5.0 (Linux; Android 7.0; SM-G892A Bulid/NRD90M; wv) AppleWebKit/537.36 (KHTML, like Gecko) Version/4.0 Chrome/60.0.3112.107 Moblie Safari/537.36"
4.205.39.97 - - [01/Apr/2026:00:55:45 +0800] "POST /ALFA_DATA/alfacgiapi/perl.alfa HTTP/1.1" 404 23056 "www.google.com" "Mozlila/5.0 (Linux; Android 7.0; SM-G892A Bulid/NRD90M; wv) AppleWebKit/537.36 (KHTML, like Gecko) Version/4.0 Chrome/60.0.3112.107 Moblie Safari/537.36"
4.205.39.97 - - [01/Apr/2026:00:55:45 +0800] "GET /wp-content/themes/seotheme/db.php?u HTTP/1.1" 404 23056 "www.google.com" "Mozlila/5.0 (Linux; Android 7.0; SM-G892A Bulid/NRD90M; wv) AppleWebKit/537.36 (KHTML, like Gecko) Version/4.0 Chrome/60.0.3112.107 Moblie Safari/537.36"
4.205.39.97 - - [01/Apr/2026:00:55:45 +0800] "POST /wp-plain.php HTTP/1.1" 404 23056 "www.google.com" "Mozilla/5.0 (Linux; Android 7.0; SM-G892A Bulid/NRD90M; wv) AppleWebKit/537.36 (KHTML, like Gecko) Version/4.0 Chrome/60.0.3112.107 Moblie Safari/537.36"
4.205.39.97 - - [01/Apr/2026:00:55:46 +0800] "POST /alfacgiapi/perl.alfa HTTP/1.1" 404 23056 "www.google.com" "Mozlila/5.0 (Linux; Android 7.0; SM-G892A Bulid/NRD90M; wv) AppleWebKit/537.36 (KHTML, like Gecko) Version/4.0 Chrome/60.0.3112.107 Moblie Safari/537.36"
4.205.39.97 - - [01/Apr/2026:00:55:47 +0800] "GET /wp-content/themes/seotheme/db.php?u HTTP/1.1" 404 23064 "www.google.com" "Mozlila/5.0 (Linux; Android 7.0; SM-G892A Bulid/NRD90M; wv) AppleWebKit/537.36 (KHTML, like Gecko) Version/4.0 Chrome/60.0.3112.107 Moblie Safari/537.36"
4.205.39.97 - - [01/Apr/2026:00:55:47 +0800] "GET /osraxclc.php?Fox=d3wL7 HTTP/1.1" 404 23056 "www.google.com" "Mozilla/5.0 (Linux; Android 7.0; SM-G892A Bulid/NRD90M; wv) AppleWebKit/537.36 (KHTML, like Gecko) Version/4.0 Chrome/60.0.3112.107 Moblie Safari/537.36"
4.205.39.97 - - [01/Apr/2026:00:55:47 +0800] "GET / HTTP/1.1" 200 47616 "-" "Mozlila/5.0 (Linux; Android 7.0; SM-G892A Bulid/NRD90M; wv) AppleWebKit/537.36 (KHTML, like Gecko) Version/4.0 Chrome/60.0.3112.107 Moblie Safari/537.36"
4.205.39.97 - - [01/Apr/2026:00:55:48 +0800] "GET /wp-content/plugins/apikey/apikey.php?test=hello HTTP/1.1" 404 23064 "-" "Mozlila/5.0 (Linux; Android 7.0; SM-G892A Bulid/NRD90M; wv) AppleWebKit/537.36 (KHTML, like Gecko) Version/4.0 Chrome/60.0.3112.107 Moblie Safari/537.36"
4.205.39.97 - - [01/Apr/2026:00:55:48 +0800] "POST /wp-plain.php HTTP/1.1" 404 23064 "www.google.com" "Mozilla/5.0 (Linux; Android 7.0; SM-G892A Bulid/NRD90M; wv) AppleWebKit/537.36 (KHTML, like Gecko) Version/4.0 Chrome/60.0.3112.107 Moblie Safari/537.36"
4.205.39.97 - - [01/Apr/2026:00:55:49 +0800] "GET /plugins/content/apismtp/apismtp.php?test=hello HTTP/1.1" 404 23064 "-" "Mozlila/5.0 (Linux; Android 7.0; SM-G892A Bulid/NRD90M; wv) AppleWebKit/537.36 (KHTML, like Gecko) Version/4.0 Chrome/60.0.3112.107 Moblie Safari/537.36"
4.205.39.97 - - [01/Apr/2026:00:55:49 +0800] "GET /zxunuxzq.php?Fox=d3wL7 HTTP/1.1" 404 23064 "www.google.com" "Mozilla/5.0 (Linux; Android 7.0; SM-G892A Bulid/NRD90M; wv) AppleWebKit/537.36 (KHTML, like Gecko) Version/4.0 Chrome/60.0.3112.107 Moblie Safari/537.36"
4.205.39.97 - - [01/Apr/2026:00:55:50 +0800] "GET /wp-content/plugins/apikey/apikey.php.suspected?test=hello HTTP/1.1" 404 23064 "-" "Mozlila/5.0 (Linux; Android 7.0; SM-G892A Bulid/NRD90M; wv) AppleWebKit/537.36 (KHTML, like Gecko) Version/4.0 Chrome/60.0.3112.107 Moblie Safari/537.36"
4.205.39.97 - - [01/Apr/2026:00:55:51 +0800] "GET /plugins/content/apismtp/apismtp.php.suspected?test=hello HTTP/1.1" 404 23064 "-" "Mozlila/5.0 (Linux; Android 7.0; SM-G892A Bulid/NRD90M; wv) AppleWebKit/537.36 (KHTML, like Gecko) Version/4.0 Chrome/60.0.3112.107 Moblie Safari/537.36"
103.4.122.14 - - [01/Apr/2026:01:01:56 +0800] "POST /wp-cron.php?doing_wp_cron=1774976516.4448549747467041015625 HTTP/1.1" 200 20 "-" "WordPress/6.9.4; https://bfcg.com.au"
14.178.117.125 - - [01/Apr/2026:01:01:55 +0800] "GET http://www.bfcg.com.au/ HTTP/1.1" 301 20 "-" "Mozilla/5.0 (Windows NT 10.0; Win64; x64) AppleWebKit/537.36 (KHTML, like Gecko) Chrome/91.0.4472.114 Safari/537.36"
103.4.122.14 - - [01/Apr/2026:01:09:38 +0800] "POST /wp-cron.php?doing_wp_cron=1774976978.0734970569610595703125 HTTP/1.1" 200 20 "-" "WordPress/6.9.4; https://bfcg.com.au"
3.217.171.106 - - [01/Apr/2026:01:09:37 +0800] "GET /docs/employee-resources/scheduled-maintenance/service-sheets/ HTTP/1.1" 200 9759 "-" "Mozilla/5.0 AppleWebKit/537.36 (KHTML, like Gecko; compatible; Amazonbot/0.1; +https://developer.amazon.com/support/amazonbot) Chrome/119.0.6045.214 Safari/537.36"
103.4.122.14 - - [01/Apr/2026:01:18:13 +0800] "POST /wp-cron.php?doing_wp_cron=1774977493.6013350486755371093750 HTTP/1.1" 200 20 "-" "WordPress/6.9.4; https://bfcg.com.au"
119.73.101.1 - - [01/Apr/2026:01:18:12 +0800] "POST /xmlrpc.php HTTP/1.1" 200 403 "-" "Jetpack/12.0; WordPress/6.4; http://site76995825.com"
103.4.122.14 - - [01/Apr/2026:01:24:20 +0800] "POST /wp-cron.php?doing_wp_cron=1774977860.7847540378570556640625 HTTP/1.1" 200 20 "-" "WordPress/6.9.4; https://bfcg.com.au"
114.119.136.184 - - [01/Apr/2026:01:24:20 +0800] "GET /robots.txt HTTP/1.1" 200 108 "-" "Mozilla/5.0 (compatible;PetalBot;+https://webmaster.petalsearch.com/site/petalbot)"
103.4.122.14 - - [01/Apr/2026:01:28:10 +0800] "POST /wp-cron.php?doing_wp_cron=1774978090.0638270378112792968750 HTTP/1.1" 200 20 "-" "WordPress/6.9.4; https://bfcg.com.au"
35.87.199.187 - - [01/Apr/2026:01:28:09 +0800] "GET / HTTP/1.1" 301 20 "-" "Mozilla/5.0 (Windows NT 10.0; Win64; x64) AppleWebKit/537.36 (KHTML, like Gecko) Chrome/113.0.0.0 Safari/537.36"
35.87.199.187 - - [01/Apr/2026:01:28:10 +0800] "GET / HTTP/1.1" 200 12381 "-" "Mozilla/5.0 (Windows NT 10.0; Win64; x64) AppleWebKit/537.36 (KHTML, like Gecko) Chrome/113.0.0.0 Safari/537.36"
103.4.122.14 - - [01/Apr/2026:01:32:24 +0800] "POST /wp-cron.php?doing_wp_cron=1774978344.8025670051574707031250 HTTP/1.1" 200 20 "-" "WordPress/6.9.4; https://bfcg.com.au"
154.125.132.119 - - [01/Apr/2026:01:32:23 +0800] "GET /docs/employee-resources/health-saftey/maintenance/ HTTP/1.1" 200 9540 "-" "Mozilla/5.0 (Macintosh; Intel Mac OS X 10_15_7) AppleWebKit/537.36 (KHTML, like Gecko) Chrome/103.0.9999.0 Safari/537.36"
103.4.122.14 - - [01/Apr/2026:01:42:27 +0800] "POST /wp-cron.php?doing_wp_cron=1774978947.5336499214172363281250 HTTP/1.1" 200 20 "-" "WordPress/6.9.4; https://bfcg.com.au"
179.233.31.218 - - [01/Apr/2026:01:42:26 +0800] "POST /xmlrpc.php HTTP/1.1" 200 403 "-" "Jetpack by WordPress.com"
103.4.122.14 - - [01/Apr/2026:01:45:46 +0800] "POST /wp-cron.php?doing_wp_cron=1774979146.7586910724639892578125 HTTP/1.1" 200 20 "-" "WordPress/6.9.4; https://bfcg.com.au"
5.133.192.135 - - [01/Apr/2026:01:45:45 +0800] "GET / HTTP/1.1" 200 12381 "-" "Mozilla/5.0 (Windows NT 10.0; Win64; x64) AppleWebKit/537.36 (KHTML, like Gecko) Chrome/105.0.0.0 Safari/537.36"
5.133.192.135 - - [01/Apr/2026:01:45:48 +0800] "GET /wp-content/uploads/2020/08/cropped-favicon-32x32.png HTTP/1.1" 200 1889 "-" "Mozilla/5.0 (Windows NT 10.0; Win64; x64) AppleWebKit/537.36 (KHTML, like Gecko) Chrome/105.0.0.0 Safari/537.36"
103.4.122.14 - - [01/Apr/2026:01:50:40 +0800] "POST /wp-cron.php?doing_wp_cron=1774979440.9222440719604492187500 HTTP/1.1" 200 20 "-" "WordPress/6.9.4; https://bfcg.com.au"
144.172.106.121 - - [01/Apr/2026:01:50:40 +0800] "GET /wp-admin/network/index.php HTTP/1.1" 302 20 "-" "Mozilla/5.0 (Linux; Android 7.0; SM-G892A) AppleWebKit/537.36 (KHTML, like Gecko) Chrome/60.0.3112.107 Mobile Safari/537.36"
144.172.106.121 - - [01/Apr/2026:01:50:48 +0800] "GET /wp-admin/network/index.php HTTP/1.1" 302 20 "-" "Mozilla/5.0 (Linux; Android 7.0; SM-G892A) AppleWebKit/537.36 (KHTML, like Gecko) Chrome/60.0.3112.107 Mobile Safari/537.36"
144.172.106.121 - - [01/Apr/2026:01:50:50 +0800] "GET /wp-login.php?redirect_to=https%3A%2F%2Fbfcg.com.au%2Fwp-admin%2Fnetwork%2Findex.php&reauth=1 HTTP/1.1" 200 2974 "-" "Mozilla/5.0 (Linux; Android 7.0; SM-G892A) AppleWebKit/537.36 (KHTML, like Gecko) Chrome/60.0.3112.107 Mobile Safari/537.36"
144.172.106.121 - - [01/Apr/2026:01:50:58 +0800] "GET /wp-admin/js/index.php HTTP/1.1" 301 20 "-" "Mozilla/5.0 (Linux; Android 7.0; SM-G892A) AppleWebKit/537.36 (KHTML, like Gecko) Chrome/60.0.3112.107 Mobile Safari/537.36"
144.172.106.121 - - [01/Apr/2026:01:51:00 +0800] "GET /wp-admin/js/ HTTP/1.1" 403 199 "-" "Mozilla/5.0 (Linux; Android 7.0; SM-G892A) AppleWebKit/537.36 (KHTML, like Gecko) Chrome/60.0.3112.107 Mobile Safari/537.36"
144.172.106.121 - - [01/Apr/2026:01:51:02 +0800] "GET /wp-admin/images/index.php HTTP/1.1" 301 20 "-" "Mozilla/5.0 (Linux; Android 7.0; SM-G892A) AppleWebKit/537.36 (KHTML, like Gecko) Chrome/60.0.3112.107 Mobile Safari/537.36"
144.172.106.121 - - [01/Apr/2026:01:51:12 +0800] "GET /wp-admin/images/ HTTP/1.1" 403 199 "-" "Mozilla/5.0 (Linux; Android 7.0; SM-G892A) AppleWebKit/537.36 (KHTML, like Gecko) Chrome/60.0.3112.107 Mobile Safari/537.36"
144.172.106.121 - - [01/Apr/2026:01:51:16 +0800] "GET /wp-admin/css/index.php HTTP/1.1" 301 20 "-" "Mozilla/5.0 (Linux; Android 7.0; SM-G892A) AppleWebKit/537.36 (KHTML, like Gecko) Chrome/60.0.3112.107 Mobile Safari/537.36"
144.172.106.121 - - [01/Apr/2026:01:51:19 +0800] "GET /wp-admin/css/ HTTP/1.1" 403 199 "-" "Mozilla/5.0 (Linux; Android 7.0; SM-G892A) AppleWebKit/537.36 (KHTML, like Gecko) Chrome/60.0.3112.107 Mobile Safari/537.36"
144.172.106.121 - - [01/Apr/2026:01:51:23 +0800] "GET /wp-includes/SimplePie/Content/Type/index.php HTTP/1.1" 403 199 "-" "Mozilla/5.0 (Linux; Android 7.0; SM-G892A) AppleWebKit/537.36 (KHTML, like Gecko) Chrome/60.0.3112.107 Mobile Safari/537.36"
144.172.106.121 - - [01/Apr/2026:01:51:30 +0800] "GET /wp-includes/Requests/Auth/index.php HTTP/1.1" 403 199 "-" "Mozilla/5.0 (Linux; Android 7.0; SM-G892A) AppleWebKit/537.36 (KHTML, like Gecko) Chrome/60.0.3112.107 Mobile Safari/537.36"
144.172.106.121 - - [01/Apr/2026:01:51:31 +0800] "GET /wp-admin/css/colors/index.php HTTP/1.1" 301 20 "-" "Mozilla/5.0 (Linux; Android 7.0; SM-G892A) AppleWebKit/537.36 (KHTML, like Gecko) Chrome/60.0.3112.107 Mobile Safari/537.36"
144.172.106.121 - - [01/Apr/2026:01:51:33 +0800] "GET /wp-admin/css/colors/ HTTP/1.1" 403 199 "-" "Mozilla/5.0 (Linux; Android 7.0; SM-G892A) AppleWebKit/537.36 (KHTML, like Gecko) Chrome/60.0.3112.107 Mobile Safari/537.36"
103.4.122.14 - - [01/Apr/2026:01:51:37 +0800] "POST /wp-cron.php?doing_wp_cron=1774979497.7708039283752441406250 HTTP/1.1" 200 20 "-" "WordPress/6.9.4; https://bfcg.com.au"
144.172.106.121 - - [01/Apr/2026:01:51:37 +0800] "GET /wp-content/languages/index.php HTTP/1.1" 301 20 "-" "Mozilla/5.0 (Linux; Android 7.0; SM-G892A) AppleWebKit/537.36 (KHTML, like Gecko) Chrome/60.0.3112.107 Mobile Safari/537.36"
144.172.106.121 - - [01/Apr/2026:01:51:38 +0800] "GET /wp-content/languages/ HTTP/1.1" 403 199 "-" "Mozilla/5.0 (Linux; Android 7.0; SM-G892A) AppleWebKit/537.36 (KHTML, like Gecko) Chrome/60.0.3112.107 Mobile Safari/537.36"
144.172.106.121 - - [01/Apr/2026:01:51:39 +0800] "GET /wp-content/upgrade/index.php HTTP/1.1" 301 20 "-" "Mozilla/5.0 (Linux; Android 7.0; SM-G892A) AppleWebKit/537.36 (KHTML, like Gecko) Chrome/60.0.3112.107 Mobile Safari/537.36"
144.172.106.121 - - [01/Apr/2026:01:51:41 +0800] "GET /wp-content/upgrade/ HTTP/1.1" 403 199 "-" "Mozilla/5.0 (Linux; Android 7.0; SM-G892A) AppleWebKit/537.36 (KHTML, like Gecko) Chrome/60.0.3112.107 Mobile Safari/537.36"
144.172.106.121 - - [01/Apr/2026:01:51:41 +0800] "GET /wp-content/IXR/index.php HTTP/1.1" 301 20 "-" "Mozilla/5.0 (Linux; Android 7.0; SM-G892A) AppleWebKit/537.36 (KHTML, like Gecko) Chrome/60.0.3112.107 Mobile Safari/537.36"
144.172.106.121 - - [01/Apr/2026:01:51:43 +0800] "GET /wp-content/IXR/ HTTP/1.1" 404 6167 "-" "Mozilla/5.0 (Linux; Android 7.0; SM-G892A) AppleWebKit/537.36 (KHTML, like Gecko) Chrome/60.0.3112.107 Mobile Safari/537.36"
144.172.106.121 - - [01/Apr/2026:01:51:44 +0800] "GET /inputs.php HTTP/1.1" 404 6167 "-" "Mozilla/5.0 (Linux; Android 7.0; SM-G892A) AppleWebKit/537.36 (KHTML, like Gecko) Chrome/60.0.3112.107 Mobile Safari/537.36"
144.172.106.121 - - [01/Apr/2026:01:51:49 +0800] "GET /admin.php HTTP/1.1" 404 6167 "-" "Mozilla/5.0 (Linux; Android 7.0; SM-G892A) AppleWebKit/537.36 (KHTML, like Gecko) Chrome/60.0.3112.107 Mobile Safari/537.36"
144.172.106.121 - - [01/Apr/2026:01:51:50 +0800] "GET /about.php HTTP/1.1" 404 6167 "-" "Mozilla/5.0 (Linux; Android 7.0; SM-G892A) AppleWebKit/537.36 (KHTML, like Gecko) Chrome/60.0.3112.107 Mobile Safari/537.36"
144.172.106.121 - - [01/Apr/2026:01:51:54 +0800] "GET /wp-blog-header.php HTTP/1.1" 404 20 "-" "Mozilla/5.0 (Linux; Android 7.0; SM-G892A) AppleWebKit/537.36 (KHTML, like Gecko) Chrome/60.0.3112.107 Mobile Safari/537.36"
144.172.106.121 - - [01/Apr/2026:01:51:54 +0800] "GET /edit-tags.php HTTP/1.1" 404 6167 "-" "Mozilla/5.0 (Linux; Android 7.0; SM-G892A) AppleWebKit/537.36 (KHTML, like Gecko) Chrome/60.0.3112.107 Mobile Safari/537.36"
144.172.106.121 - - [01/Apr/2026:01:51:58 +0800] "GET /wp.php HTTP/1.1" 404 6167 "-" "Mozilla/5.0 (Linux; Android 7.0; SM-G892A) AppleWebKit/537.36 (KHTML, like Gecko) Chrome/60.0.3112.107 Mobile Safari/537.36"
144.172.106.121 - - [01/Apr/2026:01:52:00 +0800] "GET /hoot.php HTTP/1.1" 404 6167 "-" "Mozilla/5.0 (Linux; Android 7.0; SM-G892A) AppleWebKit/537.36 (KHTML, like Gecko) Chrome/60.0.3112.107 Mobile Safari/537.36"
144.172.106.121 - - [01/Apr/2026:01:52:04 +0800] "GET /wp-content/backup/inputs.php HTTP/1.1" 404 6167 "-" "Mozilla/5.0 (Linux; Android 7.0; SM-G892A) AppleWebKit/537.36 (KHTML, like Gecko) Chrome/60.0.3112.107 Mobile Safari/537.36"
144.172.106.121 - - [01/Apr/2026:01:52:06 +0800] "GET /wp-content/uploads/inputs.php HTTP/1.1" 404 6167 "-" "Mozilla/5.0 (Linux; Android 7.0; SM-G892A) AppleWebKit/537.36 (KHTML, like Gecko) Chrome/60.0.3112.107 Mobile Safari/537.36"
144.172.106.121 - - [01/Apr/2026:01:52:08 +0800] "GET /wp-content/plugins/inputs.php HTTP/1.1" 404 6167 "-" "Mozilla/5.0 (Linux; Android 7.0; SM-G892A) AppleWebKit/537.36 (KHTML, like Gecko) Chrome/60.0.3112.107 Mobile Safari/537.36"
144.172.106.121 - - [01/Apr/2026:01:52:10 +0800] "GET /wp-content/themes/inputs.php HTTP/1.1" 403 199 "-" "Mozilla/5.0 (Linux; Android 7.0; SM-G892A) AppleWebKit/537.36 (KHTML, like Gecko) Chrome/60.0.3112.107 Mobile Safari/537.36"
144.172.106.121 - - [01/Apr/2026:01:52:14 +0800] "GET /userfuns.php HTTP/1.1" 403 199 "-" "Mozilla/5.0 (Linux; Android 7.0; SM-G892A) AppleWebKit/537.36 (KHTML, like Gecko) Chrome/60.0.3112.107 Mobile Safari/537.36"
144.172.106.121 - - [01/Apr/2026:01:52:17 +0800] "GET /wp-content/plugins/userfuns.php HTTP/1.1" 403 199 "-" "Mozilla/5.0 (Linux; Android 7.0; SM-G892A) AppleWebKit/537.36 (KHTML, like Gecko) Chrome/60.0.3112.107 Mobile Safari/537.36"
144.172.106.121 - - [01/Apr/2026:01:52:20 +0800] "GET /wp-content/themes/userfuns.php HTTP/1.1" 403 199 "-" "Mozilla/5.0 (Linux; Android 7.0; SM-G892A) AppleWebKit/537.36 (KHTML, like Gecko) Chrome/60.0.3112.107 Mobile Safari/537.36"
144.172.106.121 - - [01/Apr/2026:01:52:24 +0800] "GET /wp-admin/css/about.php HTTP/1.1" 403 199 "-" "Mozilla/5.0 (Linux; Android 7.0; SM-G892A) AppleWebKit/537.36 (KHTML, like Gecko) Chrome/60.0.3112.107 Mobile Safari/537.36"
144.172.106.121 - - [01/Apr/2026:01:52:26 +0800] "GET /wp-content/themes/about.php HTTP/1.1" 403 199 "-" "Mozilla/5.0 (Linux; Android 7.0; SM-G892A) AppleWebKit/537.36 (KHTML, like Gecko) Chrome/60.0.3112.107 Mobile Safari/537.36"
144.172.106.121 - - [01/Apr/2026:01:52:35 +0800] "GET /wp-login.php HTTP/1.1" 403 199 "-" "Mozilla/5.0 (Linux; Android 7.0; SM-G892A) AppleWebKit/537.36 (KHTML, like Gecko) Chrome/60.0.3112.107 Mobile Safari/537.36"
144.172.106.121 - - [01/Apr/2026:01:52:39 +0800] "GET /wp-content/plugins/about.php HTTP/1.1" 403 199 "-" "Mozilla/5.0 (Linux; Android 7.0; SM-G892A) AppleWebKit/537.36 (KHTML, like Gecko) Chrome/60.0.3112.107 Mobile Safari/537.36"
144.172.106.121 - - [01/Apr/2026:01:52:43 +0800] "GET /wp-content/plugins/admin.php HTTP/1.1" 403 199 "-" "Mozilla/5.0 (Linux; Android 7.0; SM-G892A) AppleWebKit/537.36 (KHTML, like Gecko) Chrome/60.0.3112.107 Mobile Safari/537.36"
144.172.106.121 - - [01/Apr/2026:01:52:45 +0800] "GET /wp-content/db-cache.php HTTP/1.1" 403 199 "-" "Mozilla/5.0 (Linux; Android 7.0; SM-G892A) AppleWebKit/537.36 (KHTML, like Gecko) Chrome/60.0.3112.107 Mobile Safari/537.36"
144.172.106.121 - - [01/Apr/2026:01:52:52 +0800] "GET /wp-content/themes/twentyeleven/functions.php HTTP/1.1" 403 199 "-" "Mozilla/5.0 (Linux; Android 7.0; SM-G892A) AppleWebKit/537.36 (KHTML, like Gecko) Chrome/60.0.3112.107 Mobile Safari/537.36"
144.172.106.121 - - [01/Apr/2026:01:52:58 +0800] "GET /wp-content/themes/oceanwp/functions.php HTTP/1.1" 403 199 "-" "Mozilla/5.0 (Linux; Android 7.0; SM-G892A) AppleWebKit/537.36 (KHTML, like Gecko) Chrome/60.0.3112.107 Mobile Safari/537.36"
144.172.106.121 - - [01/Apr/2026:01:53:00 +0800] "GET /wp-content/themes/twentythirteen/functions.php HTTP/1.1" 403 199 "-" "Mozilla/5.0 (Linux; Android 7.0; SM-G892A) AppleWebKit/537.36 (KHTML, like Gecko) Chrome/60.0.3112.107 Mobile Safari/537.36"
144.172.106.121 - - [01/Apr/2026:01:53:04 +0800] "GET /wp-content/themes/kadence/functions.php HTTP/1.1" 403 199 "-" "Mozilla/5.0 (Linux; Android 7.0; SM-G892A) AppleWebKit/537.36 (KHTML, like Gecko) Chrome/60.0.3112.107 Mobile Safari/537.36"
144.172.106.121 - - [01/Apr/2026:01:53:06 +0800] "GET /wp-content/themes/twentytwenty/functions.php HTTP/1.1" 403 199 "-" "Mozilla/5.0 (Linux; Android 7.0; SM-G892A) AppleWebKit/537.36 (KHTML, like Gecko) Chrome/60.0.3112.107 Mobile Safari/537.36"
103.4.122.14 - - [01/Apr/2026:01:53:13 +0800] "POST /wp-cron.php?doing_wp_cron=1774979593.6095221042633056640625 HTTP/1.1" 200 20 "-" "WordPress/6.9.4; https://bfcg.com.au"
144.172.106.121 - - [01/Apr/2026:01:53:12 +0800] "GET /wp-content/inputs.php HTTP/1.1" 404 6167 "-" "Mozilla/5.0 (Linux; Android 7.0; SM-G892A) AppleWebKit/537.36 (KHTML, like Gecko) Chrome/60.0.3112.107 Mobile Safari/537.36"
144.172.106.121 - - [01/Apr/2026:01:53:16 +0800] "GET /wp-content/admin.php HTTP/1.1" 404 6167 "-" "Mozilla/5.0 (Linux; Android 7.0; SM-G892A) AppleWebKit/537.36 (KHTML, like Gecko) Chrome/60.0.3112.107 Mobile Safari/537.36"
144.172.106.121 - - [01/Apr/2026:01:53:27 +0800] "GET /wp-content/about.php HTTP/1.1" 404 6167 "-" "Mozilla/5.0 (Linux; Android 7.0; SM-G892A) AppleWebKit/537.36 (KHTML, like Gecko) Chrome/60.0.3112.107 Mobile Safari/537.36"
144.172.106.121 - - [01/Apr/2026:01:53:31 +0800] "GET /wp-content/wp-blog-header.php HTTP/1.1" 404 6167 "-" "Mozilla/5.0 (Linux; Android 7.0; SM-G892A) AppleWebKit/537.36 (KHTML, like Gecko) Chrome/60.0.3112.107 Mobile Safari/537.36"
144.172.106.121 - - [01/Apr/2026:01:53:35 +0800] "GET /wp-content/edit-tags.php HTTP/1.1" 404 6167 "-" "Mozilla/5.0 (Linux; Android 7.0; SM-G892A) AppleWebKit/537.36 (KHTML, like Gecko) Chrome/60.0.3112.107 Mobile Safari/537.36"
103.4.122.14 - - [01/Apr/2026:01:53:46 +0800] "POST /wp-cron.php?doing_wp_cron=1774979626.2668859958648681640625 HTTP/1.1" 200 20 "-" "WordPress/6.9.4; https://bfcg.com.au"
144.172.106.121 - - [01/Apr/2026:01:53:45 +0800] "GET /wp-content/wp.php HTTP/1.1" 404 6167 "-" "Mozilla/5.0 (Linux; Android 7.0; SM-G892A) AppleWebKit/537.36 (KHTML, like Gecko) Chrome/60.0.3112.107 Mobile Safari/537.36"
144.172.106.121 - - [01/Apr/2026:01:53:47 +0800] "GET /wp-content/hoot.php HTTP/1.1" 404 6167 "-" "Mozilla/5.0 (Linux; Android 7.0; SM-G892A) AppleWebKit/537.36 (KHTML, like Gecko) Chrome/60.0.3112.107 Mobile Safari/537.36"
144.172.106.121 - - [01/Apr/2026:01:53:52 +0800] "GET /wp-content/userfuns.php HTTP/1.1" 404 6167 "-" "Mozilla/5.0 (Linux; Android 7.0; SM-G892A) AppleWebKit/537.36 (KHTML, like Gecko) Chrome/60.0.3112.107 Mobile Safari/537.36"
144.172.106.121 - - [01/Apr/2026:01:53:54 +0800] "GET /wp-content/wp-login.php HTTP/1.1" 404 6167 "-" "Mozilla/5.0 (Linux; Android 7.0; SM-G892A) AppleWebKit/537.36 (KHTML, like Gecko) Chrome/60.0.3112.107 Mobile Safari/537.36"
144.172.106.121 - - [01/Apr/2026:01:53:57 +0800] "GET /wp-admin/inputs.php HTTP/1.1" 404 6167 "-" "Mozilla/5.0 (Linux; Android 7.0; SM-G892A) AppleWebKit/537.36 (KHTML, like Gecko) Chrome/60.0.3112.107 Mobile Safari/537.36"
144.172.106.121 - - [01/Apr/2026:01:53:58 +0800] "GET /wp-admin/admin.php HTTP/1.1" 302 20 "-" "Mozilla/5.0 (Linux; Android 7.0; SM-G892A) AppleWebKit/537.36 (KHTML, like Gecko) Chrome/60.0.3112.107 Mobile Safari/537.36"
144.172.106.121 - - [01/Apr/2026:01:54:12 +0800] "GET /wp-admin/about.php HTTP/1.1" 302 20 "-" "Mozilla/5.0 (Linux; Android 7.0; SM-G892A) AppleWebKit/537.36 (KHTML, like Gecko) Chrome/60.0.3112.107 Mobile Safari/537.36"
144.172.106.121 - - [01/Apr/2026:01:54:21 +0800] "GET /wp-admin/about.php HTTP/1.1" 302 20 "-" "Mozilla/5.0 (Linux; Android 7.0; SM-G892A) AppleWebKit/537.36 (KHTML, like Gecko) Chrome/60.0.3112.107 Mobile Safari/537.36"
144.172.106.121 - - [01/Apr/2026:01:54:23 +0800] "GET /wp-login.php?redirect_to=https%3A%2F%2Fbfcg.com.au%2Fwp-admin%2Fabout.php&reauth=1 HTTP/1.1" 200 2970 "-" "Mozilla/5.0 (Linux; Android 7.0; SM-G892A) AppleWebKit/537.36 (KHTML, like Gecko) Chrome/60.0.3112.107 Mobile Safari/537.36"
144.172.106.121 - - [01/Apr/2026:01:54:27 +0800] "GET /wp-admin/wp-blog-header.php HTTP/1.1" 404 6167 "-" "Mozilla/5.0 (Linux; Android 7.0; SM-G892A) AppleWebKit/537.36 (KHTML, like Gecko) Chrome/60.0.3112.107 Mobile Safari/537.36"
144.172.106.121 - - [01/Apr/2026:01:54:32 +0800] "GET /wp-admin/edit-tags.php HTTP/1.1" 403 199 "-" "Mozilla/5.0 (Linux; Android 7.0; SM-G892A) AppleWebKit/537.36 (KHTML, like Gecko) Chrome/60.0.3112.107 Mobile Safari/537.36"
144.172.106.121 - - [01/Apr/2026:01:54:36 +0800] "GET /wp-admin/wp.php HTTP/1.1" 403 199 "-" "Mozilla/5.0 (Linux; Android 7.0; SM-G892A) AppleWebKit/537.36 (KHTML, like Gecko) Chrome/60.0.3112.107 Mobile Safari/537.36"
144.172.106.121 - - [01/Apr/2026:01:54:43 +0800] "GET /wp-admin/hoot.php HTTP/1.1" 403 199 "-" "Mozilla/5.0 (Linux; Android 7.0; SM-G892A) AppleWebKit/537.36 (KHTML, like Gecko) Chrome/60.0.3112.107 Mobile Safari/537.36"
144.172.106.121 - - [01/Apr/2026:01:54:48 +0800] "GET /wp-admin/userfuns.php HTTP/1.1" 403 199 "-" "Mozilla/5.0 (Linux; Android 7.0; SM-G892A) AppleWebKit/537.36 (KHTML, like Gecko) Chrome/60.0.3112.107 Mobile Safari/537.36"
144.172.106.121 - - [01/Apr/2026:01:54:50 +0800] "GET /wp-admin/wp-login.php HTTP/1.1" 403 199 "-" "Mozilla/5.0 (Linux; Android 7.0; SM-G892A) AppleWebKit/537.36 (KHTML, like Gecko) Chrome/60.0.3112.107 Mobile Safari/537.36"
144.172.106.121 - - [01/Apr/2026:01:54:58 +0800] "GET /wp-includes/inputs.php HTTP/1.1" 403 199 "-" "Mozilla/5.0 (Linux; Android 7.0; SM-G892A) AppleWebKit/537.36 (KHTML, like Gecko) Chrome/60.0.3112.107 Mobile Safari/537.36"
144.172.106.121 - - [01/Apr/2026:01:55:05 +0800] "GET /wp-includes/admin.php HTTP/1.1" 403 199 "-" "Mozilla/5.0 (Linux; Android 7.0; SM-G892A) AppleWebKit/537.36 (KHTML, like Gecko) Chrome/60.0.3112.107 Mobile Safari/537.36"
144.172.106.121 - - [01/Apr/2026:01:55:12 +0800] "GET /wp-includes/about.php HTTP/1.1" 403 199 "-" "Mozilla/5.0 (Linux; Android 7.0; SM-G892A) AppleWebKit/537.36 (KHTML, like Gecko) Chrome/60.0.3112.107 Mobile Safari/537.36"
144.172.106.121 - - [01/Apr/2026:01:55:16 +0800] "GET /wp-includes/wp-blog-header.php HTTP/1.1" 403 199 "-" "Mozilla/5.0 (Linux; Android 7.0; SM-G892A) AppleWebKit/537.36 (KHTML, like Gecko) Chrome/60.0.3112.107 Mobile Safari/537.36"
144.172.106.121 - - [01/Apr/2026:01:55:17 +0800] "GET /wp-includes/edit-tags.php HTTP/1.1" 403 199 "-" "Mozilla/5.0 (Linux; Android 7.0; SM-G892A) AppleWebKit/537.36 (KHTML, like Gecko) Chrome/60.0.3112.107 Mobile Safari/537.36"
144.172.106.121 - - [01/Apr/2026:01:55:21 +0800] "GET /wp-includes/wp.php HTTP/1.1" 403 199 "-" "Mozilla/5.0 (Linux; Android 7.0; SM-G892A) AppleWebKit/537.36 (KHTML, like Gecko) Chrome/60.0.3112.107 Mobile Safari/537.36"
144.172.106.121 - - [01/Apr/2026:01:55:27 +0800] "GET /wp-includes/hoot.php HTTP/1.1" 403 199 "-" "Mozilla/5.0 (Linux; Android 7.0; SM-G892A) AppleWebKit/537.36 (KHTML, like Gecko) Chrome/60.0.3112.107 Mobile Safari/537.36"
103.4.122.14 - - [01/Apr/2026:01:55:28 +0800] "POST /wp-cron.php?doing_wp_cron=1774979727.8515760898590087890625 HTTP/1.1" 200 20 "-" "WordPress/6.9.4; https://bfcg.com.au"
117.232.5.224 - - [01/Apr/2026:01:55:27 +0800] "GET / HTTP/1.1" 200 12381 "-" "Mozilla/5.0 (Macintosh; Intel Mac OS X 10_12_4; rv:1.9.3.20) Gecko/9825-03-11 06:13:02.702423 Firefox/3.8"
144.172.106.121 - - [01/Apr/2026:01:55:30 +0800] "GET /wp-includes/userfuns.php HTTP/1.1" 403 199 "-" "Mozilla/5.0 (Linux; Android 7.0; SM-G892A) AppleWebKit/537.36 (KHTML, like Gecko) Chrome/60.0.3112.107 Mobile Safari/537.36"
144.172.106.121 - - [01/Apr/2026:01:55:33 +0800] "GET /wp-includes/wp-login.php HTTP/1.1" 403 199 "-" "Mozilla/5.0 (Linux; Android 7.0; SM-G892A) AppleWebKit/537.36 (KHTML, like Gecko) Chrome/60.0.3112.107 Mobile Safari/537.36"
103.4.122.14 - - [01/Apr/2026:01:55:37 +0800] "POST /wp-cron.php?doing_wp_cron=1774979737.0473310947418212890625 HTTP/1.1" 200 20 "-" "WordPress/6.9.4; https://bfcg.com.au"
144.172.106.121 - - [01/Apr/2026:01:55:36 +0800] "GET /wp-content/uploads/2024/inputs.php HTTP/1.1" 404 6167 "-" "Mozilla/5.0 (Linux; Android 7.0; SM-G892A) AppleWebKit/537.36 (KHTML, like Gecko) Chrome/60.0.3112.107 Mobile Safari/537.36"
144.172.106.121 - - [01/Apr/2026:01:55:38 +0800] "GET /wp-content/uploads/2024/admin.php HTTP/1.1" 404 6167 "-" "Mozilla/5.0 (Linux; Android 7.0; SM-G892A) AppleWebKit/537.36 (KHTML, like Gecko) Chrome/60.0.3112.107 Mobile Safari/537.36"
144.172.106.121 - - [01/Apr/2026:01:55:43 +0800] "GET /wp-content/uploads/2024/about.php HTTP/1.1" 404 6167 "-" "Mozilla/5.0 (Linux; Android 7.0; SM-G892A) AppleWebKit/537.36 (KHTML, like Gecko) Chrome/60.0.3112.107 Mobile Safari/537.36"
144.172.106.121 - - [01/Apr/2026:01:55:45 +0800] "GET /wp-content/uploads/2024/wp-blog-header.php HTTP/1.1" 404 6167 "-" "Mozilla/5.0 (Linux; Android 7.0; SM-G892A) AppleWebKit/537.36 (KHTML, like Gecko) Chrome/60.0.3112.107 Mobile Safari/537.36"
144.172.106.121 - - [01/Apr/2026:01:55:50 +0800] "GET /wp-content/uploads/2024/edit-tags.php HTTP/1.1" 404 6167 "-" "Mozilla/5.0 (Linux; Android 7.0; SM-G892A) AppleWebKit/537.36 (KHTML, like Gecko) Chrome/60.0.3112.107 Mobile Safari/537.36"
144.172.106.121 - - [01/Apr/2026:01:55:51 +0800] "GET /wp-content/uploads/2024/wp.php HTTP/1.1" 404 6167 "-" "Mozilla/5.0 (Linux; Android 7.0; SM-G892A) AppleWebKit/537.36 (KHTML, like Gecko) Chrome/60.0.3112.107 Mobile Safari/537.36"
144.172.106.121 - - [01/Apr/2026:01:55:53 +0800] "GET /wp-content/uploads/2024/hoot.php HTTP/1.1" 404 6167 "-" "Mozilla/5.0 (Linux; Android 7.0; SM-G892A) AppleWebKit/537.36 (KHTML, like Gecko) Chrome/60.0.3112.107 Mobile Safari/537.36"
144.172.106.121 - - [01/Apr/2026:01:55:55 +0800] "GET /wp-content/uploads/2024/userfuns.php HTTP/1.1" 404 6167 "-" "Mozilla/5.0 (Linux; Android 7.0; SM-G892A) AppleWebKit/537.36 (KHTML, like Gecko) Chrome/60.0.3112.107 Mobile Safari/537.36"
144.172.106.121 - - [01/Apr/2026:01:55:56 +0800] "GET /wp-content/uploads/2024/wp-login.php HTTP/1.1" 404 6167 "-" "Mozilla/5.0 (Linux; Android 7.0; SM-G892A) AppleWebKit/537.36 (KHTML, like Gecko) Chrome/60.0.3112.107 Mobile Safari/537.36"
144.172.106.121 - - [01/Apr/2026:01:55:59 +0800] "GET /wp-content/uploads/2025/inputs.php HTTP/1.1" 404 6167 "-" "Mozilla/5.0 (Linux; Android 7.0; SM-G892A) AppleWebKit/537.36 (KHTML, like Gecko) Chrome/60.0.3112.107 Mobile Safari/537.36"
144.172.106.121 - - [01/Apr/2026:01:56:02 +0800] "GET /wp-content/uploads/2025/admin.php HTTP/1.1" 404 6167 "-" "Mozilla/5.0 (Linux; Android 7.0; SM-G892A) AppleWebKit/537.36 (KHTML, like Gecko) Chrome/60.0.3112.107 Mobile Safari/537.36"
144.172.106.121 - - [01/Apr/2026:01:56:03 +0800] "GET /wp-content/uploads/2025/about.php HTTP/1.1" 403 199 "-" "Mozilla/5.0 (Linux; Android 7.0; SM-G892A) AppleWebKit/537.36 (KHTML, like Gecko) Chrome/60.0.3112.107 Mobile Safari/537.36"
144.172.106.121 - - [01/Apr/2026:01:56:07 +0800] "GET /wp-content/uploads/2025/wp-blog-header.php HTTP/1.1" 403 199 "-" "Mozilla/5.0 (Linux; Android 7.0; SM-G892A) AppleWebKit/537.36 (KHTML, like Gecko) Chrome/60.0.3112.107 Mobile Safari/537.36"
144.172.106.121 - - [01/Apr/2026:01:56:10 +0800] "GET /wp-content/uploads/2025/edit-tags.php HTTP/1.1" 403 199 "-" "Mozilla/5.0 (Linux; Android 7.0; SM-G892A) AppleWebKit/537.36 (KHTML, like Gecko) Chrome/60.0.3112.107 Mobile Safari/537.36"
144.172.106.121 - - [01/Apr/2026:01:56:14 +0800] "GET /wp-content/uploads/2025/wp.php HTTP/1.1" 403 199 "-" "Mozilla/5.0 (Linux; Android 7.0; SM-G892A) AppleWebKit/537.36 (KHTML, like Gecko) Chrome/60.0.3112.107 Mobile Safari/537.36"
144.172.106.121 - - [01/Apr/2026:01:56:21 +0800] "GET /wp-content/uploads/2025/hoot.php HTTP/1.1" 403 199 "-" "Mozilla/5.0 (Linux; Android 7.0; SM-G892A) AppleWebKit/537.36 (KHTML, like Gecko) Chrome/60.0.3112.107 Mobile Safari/537.36"
144.172.106.121 - - [01/Apr/2026:01:56:24 +0800] "GET /wp-content/uploads/2025/userfuns.php HTTP/1.1" 403 199 "-" "Mozilla/5.0 (Linux; Android 7.0; SM-G892A) AppleWebKit/537.36 (KHTML, like Gecko) Chrome/60.0.3112.107 Mobile Safari/537.36"
144.172.106.121 - - [01/Apr/2026:01:56:30 +0800] "GET /wp-content/uploads/2025/wp-login.php HTTP/1.1" 403 199 "-" "Mozilla/5.0 (Linux; Android 7.0; SM-G892A) AppleWebKit/537.36 (KHTML, like Gecko) Chrome/60.0.3112.107 Mobile Safari/537.36"
103.4.122.14 - - [01/Apr/2026:02:00:20 +0800] "POST /wp-cron.php?doing_wp_cron=1774980020.0245740413665771484375 HTTP/1.1" 200 20 "-" "WordPress/6.9.4; https://bfcg.com.au"
216.244.66.229 - - [01/Apr/2026:02:00:19 +0800] "GET /robots.txt HTTP/1.1" 200 112 "-" "Mozilla/5.0 (compatible; DotBot/1.2; +https://opensiteexplorer.org/dotbot; help@moz.com)"
103.4.122.14 - - [01/Apr/2026:02:02:01 +0800] "POST /wp-cron.php?doing_wp_cron=1774980121.5578320026397705078125 HTTP/1.1" 200 20 "-" "WordPress/6.9.4; https://bfcg.com.au"
103.20.83.78 - - [01/Apr/2026:02:02:00 +0800] "GET /wp-json/wp/v2/posts HTTP/1.0" 200 942 "-" "Mozilla/5.0 (Windows NT 10.0; Win64; x64) AppleWebKit/537.36 (KHTML, like Gecko) Chrome/120.0.0.0 Safari/537.36"
103.4.122.14 - - [01/Apr/2026:02:07:45 +0800] "POST /wp-cron.php?doing_wp_cron=1774980465.0848979949951171875000 HTTP/1.1" 200 20 "-" "WordPress/6.9.4; https://bfcg.com.au"
216.244.66.229 - - [01/Apr/2026:02:07:44 +0800] "GET / HTTP/1.1" 301 - "-" "Mozilla/5.0 (compatible; DotBot/1.2; +https://opensiteexplorer.org/dotbot; help@moz.com)"
103.4.122.14 - - [01/Apr/2026:02:29:50 +0800] "POST /wp-cron.php?doing_wp_cron=1774981790.0937740802764892578125 HTTP/1.1" 200 20 "-" "WordPress/6.9.4; https://bfcg.com.au"
114.119.153.97 - - [01/Apr/2026:02:29:49 +0800] "GET /wp-sitemap-users-1.xml HTTP/1.1" 200 184 "-" "Mozilla/5.0 (Linux; Android 7.0;) AppleWebKit/537.36 (KHTML, like Gecko) Mobile Safari/537.36 (compatible; PetalBot;+https://webmaster.petalsearch.com/site/petalbot)"
103.4.122.14 - - [01/Apr/2026:02:32:07 +0800] "POST /wp-cron.php?doing_wp_cron=1774981927.2283749580383300781250 HTTP/1.1" 200 20 "-" "WordPress/6.9.4; https://bfcg.com.au"
114.119.141.100 - - [01/Apr/2026:02:32:06 +0800] "GET /wp-sitemap-posts-page-1.xml HTTP/1.1" 200 441 "-" "Mozilla/5.0 (Linux; Android 7.0;) AppleWebKit/537.36 (KHTML, like Gecko) Mobile Safari/537.36 (compatible; PetalBot;+https://webmaster.petalsearch.com/site/petalbot)"
103.4.122.14 - - [01/Apr/2026:02:35:17 +0800] "POST /wp-cron.php?doing_wp_cron=1774982117.7401208877563476562500 HTTP/1.1" 200 20 "-" "WordPress/6.9.4; https://bfcg.com.au"
114.119.153.97 - - [01/Apr/2026:02:35:16 +0800] "GET /our-partners/ HTTP/1.1" 200 7842 "https://bfcg.com.au/our-business-management/" "Mozilla/5.0 (Linux; Android 7.0;) AppleWebKit/537.36 (KHTML, like Gecko) Mobile Safari/537.36 (compatible; PetalBot;+https://webmaster.petalsearch.com/site/petalbot)"
103.4.122.14 - - [01/Apr/2026:02:36:56 +0800] "POST /wp-cron.php?doing_wp_cron=1774982216.0819909572601318359375 HTTP/1.1" 200 20 "-" "WordPress/6.9.4; https://bfcg.com.au"
114.119.153.97 - - [01/Apr/2026:02:36:55 +0800] "GET /our-partners HTTP/1.1" 301 20 "https://bfcg.com.au/category/news" "Mozilla/5.0 (Linux; Android 7.0;) AppleWebKit/537.36 (KHTML, like Gecko) Mobile Safari/537.36 (compatible; PetalBot;+https://webmaster.petalsearch.com/site/petalbot)"
103.4.122.14 - - [01/Apr/2026:02:39:09 +0800] "POST /wp-cron.php?doing_wp_cron=1774982349.7004489898681640625000 HTTP/1.1" 200 20 "-" "WordPress/6.9.4; https://bfcg.com.au"
114.119.137.237 - - [01/Apr/2026:02:39:09 +0800] "GET /news HTTP/1.1" 301 20 "https://bfcg.com.au/category/news" "Mozilla/5.0 (Linux; Android 7.0;) AppleWebKit/537.36 (KHTML, like Gecko) Mobile Safari/537.36 (compatible; PetalBot;+https://webmaster.petalsearch.com/site/petalbot)"
114.119.137.237 - - [01/Apr/2026:02:39:11 +0800] "GET /news/ HTTP/1.1" 200 6659 "https://bfcg.com.au/category/news" "Mozilla/5.0 (Linux; Android 7.0;) AppleWebKit/537.36 (KHTML, like Gecko) Mobile Safari/537.36 (compatible; PetalBot;+https://webmaster.petalsearch.com/site/petalbot)"
103.4.122.13 - - [01/Apr/2026:02:39:16 +0800] "GET / HTTP/1.1" 200 47616 "https://wpmain.screwlooseit.com.au" "Mozilla/5.0 (compatible; MainWP/6.0.7; +http://mainwp.com)"
103.4.122.14 - - [01/Apr/2026:02:41:19 +0800] "POST /wp-cron.php?doing_wp_cron=1774982479.3060479164123535156250 HTTP/1.1" 200 20 "-" "WordPress/6.9.4; https://bfcg.com.au"
114.119.146.37 - - [01/Apr/2026:02:41:18 +0800] "GET /news HTTP/1.1" 301 20 "https://bfcg.com.au/category/news" "Mozilla/5.0 (Linux; Android 7.0;) AppleWebKit/537.36 (KHTML, like Gecko) Mobile Safari/537.36 (compatible; PetalBot;+https://webmaster.petalsearch.com/site/petalbot)"
114.119.146.37 - - [01/Apr/2026:02:41:19 +0800] "GET /news/ HTTP/1.1" 200 6659 "https://bfcg.com.au/category/news" "Mozilla/5.0 (Linux; Android 7.0;) AppleWebKit/537.36 (KHTML, like Gecko) Mobile Safari/537.36 (compatible; PetalBot;+https://webmaster.petalsearch.com/site/petalbot)"
103.4.122.14 - - [01/Apr/2026:02:42:51 +0800] "POST /wp-cron.php?doing_wp_cron=1774982571.5403749942779541015625 HTTP/1.1" 200 20 "-" "WordPress/6.9.4; https://bfcg.com.au"
199.45.154.132 - - [01/Apr/2026:02:42:50 +0800] "GET / HTTP/1.1" 301 20 "-" "Mozilla/5.0 (compatible; CensysInspect/1.1; +https://about.censys.io/)"
103.4.122.14 - - [01/Apr/2026:02:43:39 +0800] "POST /wp-cron.php?doing_wp_cron=1774982619.1918859481811523437500 HTTP/1.1" 200 20 "-" "WordPress/6.9.4; https://bfcg.com.au"
114.119.153.97 - - [01/Apr/2026:02:43:38 +0800] "GET /docs/employee-resources/admin/staff-attendance-form HTTP/1.1" 301 20 "https://bfcg.com.au/docs/employee-resources/scheduled-maintenance/250hr-service-mack-truck" "Mozilla/5.0 (Linux; Android 7.0;) AppleWebKit/537.36 (KHTML, like Gecko) Mobile Safari/537.36 (compatible; PetalBot;+https://webmaster.petalsearch.com/site/petalbot)"
114.119.153.97 - - [01/Apr/2026:02:43:45 +0800] "GET /docs/employee-resources/admin/staff-attendance-form/ HTTP/1.1" 200 9568 "https://bfcg.com.au/docs/employee-resources/scheduled-maintenance/250hr-service-mack-truck" "Mozilla/5.0 (Linux; Android 7.0;) AppleWebKit/537.36 (KHTML, like Gecko) Mobile Safari/537.36 (compatible; PetalBot;+https://webmaster.petalsearch.com/site/petalbot)"
103.4.122.14 - - [01/Apr/2026:02:45:37 +0800] "POST /wp-cron.php?doing_wp_cron=1774982737.6395521163940429687500 HTTP/1.1" 200 20 "-" "WordPress/6.9.4; https://bfcg.com.au"
178.233.224.187 - - [01/Apr/2026:02:45:36 +0800] "POST /xmlrpc.php HTTP/1.1" 200 403 "-" "Jetpack by WordPress.com"
114.119.153.97 - - [01/Apr/2026:02:46:04 +0800] "GET /our-policies HTTP/1.1" 301 20 "https://bfcg.com.au/category/news" "Mozilla/5.0 (Linux; Android 7.0;) AppleWebKit/537.36 (KHTML, like Gecko) Mobile Safari/537.36 (compatible; PetalBot;+https://webmaster.petalsearch.com/site/petalbot)"
103.4.122.14 - - [01/Apr/2026:02:48:36 +0800] "POST /wp-cron.php?doing_wp_cron=1774982915.9520850181579589843750 HTTP/1.1" 200 20 "-" "WordPress/6.9.4; https://bfcg.com.au"
114.119.153.97 - - [01/Apr/2026:02:48:35 +0800] "GET /docs/employee-resources/admin/fire-extinguisher-register/ HTTP/1.1" 200 9560 "https://bfcg.com.au/docs/employee-resources/admin/fire-extinguisher-register" "Mozilla/5.0 (Linux; Android 7.0;) AppleWebKit/537.36 (KHTML, like Gecko) Mobile Safari/537.36 (compatible; PetalBot;+https://webmaster.petalsearch.com/site/petalbot)"
103.4.122.14 - - [01/Apr/2026:03:02:24 +0800] "POST /wp-cron.php?doing_wp_cron=1774983744.5221490859985351562500 HTTP/1.1" 200 20 "-" "WordPress/6.9.4; https://bfcg.com.au"
128.201.45.150 - - [01/Apr/2026:03:02:23 +0800] "POST /xmlrpc.php HTTP/1.1" 200 403 "-" "Jetpack/13.0; WordPress/6.1; http://site45871716.com"
103.4.122.14 - - [01/Apr/2026:03:28:36 +0800] "POST /wp-cron.php?doing_wp_cron=1774985316.3711769580841064453125 HTTP/1.1" 200 20 "-" "WordPress/6.9.4; https://bfcg.com.au"
216.73.216.14 - - [01/Apr/2026:03:28:35 +0800] "GET /robots.txt HTTP/1.1" 200 108 "-" "Mozilla/5.0 AppleWebKit/537.36 (KHTML, like Gecko; compatible; ClaudeBot/1.0; +claudebot@anthropic.com)"
216.73.216.14 - - [01/Apr/2026:03:28:36 +0800] "GET / HTTP/1.1" 200 12381 "-" "Mozilla/5.0 AppleWebKit/537.36 (KHTML, like Gecko; compatible; ClaudeBot/1.0; +claudebot@anthropic.com)"
103.4.122.14 - - [01/Apr/2026:04:28:35 +0800] "POST /wp-cron.php?doing_wp_cron=1774988915.2523889541625976562500 HTTP/1.1" 200 20 "-" "WordPress/6.9.4; https://bfcg.com.au"
47.128.96.180 - - [01/Apr/2026:04:28:34 +0800] "GET / HTTP/1.1" 200 12381 "-" "Mozilla/5.0 (Linux; Android 5.0) AppleWebKit/537.36 (KHTML, like Gecko) Mobile Safari/537.36 (compatible; TikTokSpider; ttspider-feedback@tiktok.com)"
47.128.96.180 - - [01/Apr/2026:04:28:35 +0800] "GET /wp-content/cache/autoptimize/css/autoptimize_single_fa01caa3511fe59492737e72ecc1ea48.css?ver=1765777674 HTTP/1.1" 200 1814 "https://bfcg.com.au/" "Mozilla/5.0 (Linux; Android 5.0) AppleWebKit/537.36 (KHTML, like Gecko) Mobile Safari/537.36 (compatible; TikTokSpider; ttspider-feedback@tiktok.com)"
47.128.96.180 - - [01/Apr/2026:04:28:35 +0800] "GET /wp-content/uploads/2020/10/LT160.jpg HTTP/1.1" 206 500 "https://bfcg.com.au/" "Mozilla/5.0 (Linux; Android 5.0) AppleWebKit/537.36 (KHTML, like Gecko) Mobile Safari/537.36 (compatible; TikTokSpider; ttspider-feedback@tiktok.com)"
47.128.96.180 - - [01/Apr/2026:04:28:35 +0800] "GET /wp-content/uploads/2020/10/LT160.jpg HTTP/1.1" 304 - "https://bfcg.com.au/" "Mozilla/5.0 (Linux; Android 5.0) AppleWebKit/537.36 (KHTML, like Gecko) Mobile Safari/537.36 (compatible; TikTokSpider; ttspider-feedback@tiktok.com)"
47.128.96.180 - - [01/Apr/2026:04:28:35 +0800] "GET /wp-content/uploads/2020/08/cta-home.jpg HTTP/1.1" 206 500 "https://bfcg.com.au/wp-content/cache/autoptimize/css/autoptimize_single_fa01caa3511fe59492737e72ecc1ea48.css?ver=1765777674" "Mozilla/5.0 (Linux; Android 5.0) AppleWebKit/537.36 (KHTML, like Gecko) Mobile Safari/537.36 (compatible; TikTokSpider; ttspider-feedback@tiktok.com)"
47.128.96.180 - - [01/Apr/2026:04:28:35 +0800] "GET /wp-content/uploads/2020/08/cta-home.jpg HTTP/1.1" 304 - "https://bfcg.com.au/wp-content/cache/autoptimize/css/autoptimize_single_fa01caa3511fe59492737e72ecc1ea48.css?ver=1765777674" "Mozilla/5.0 (Linux; Android 5.0) AppleWebKit/537.36 (KHTML, like Gecko) Mobile Safari/537.36 (compatible; TikTokSpider; ttspider-feedback@tiktok.com)"
47.128.96.180 - - [01/Apr/2026:04:28:35 +0800] "GET /wp-content/uploads/2020/10/LT160.jpg HTTP/1.1" 206 111643 "https://bfcg.com.au/" "Mozilla/5.0 (Linux; Android 5.0) AppleWebKit/537.36 (KHTML, like Gecko) Mobile Safari/537.36 (compatible; TikTokSpider; ttspider-feedback@tiktok.com)"
47.128.96.180 - - [01/Apr/2026:04:28:36 +0800] "GET /wp-content/uploads/2020/08/cta-home.jpg HTTP/1.1" 206 329113 "https://bfcg.com.au/wp-content/cache/autoptimize/css/autoptimize_single_fa01caa3511fe59492737e72ecc1ea48.css?ver=1765777674" "Mozilla/5.0 (Linux; Android 5.0) AppleWebKit/537.36 (KHTML, like Gecko) Mobile Safari/537.36 (compatible; TikTokSpider; ttspider-feedback@tiktok.com)"
47.128.96.180 - - [01/Apr/2026:04:28:35 +0800] "GET /wp-content/uploads/2020/06/calima-bg-2.jpg HTTP/1.1" 404 23064 "https://bfcg.com.au/wp-content/cache/autoptimize/css/autoptimize_036a3e3adb14651182f90577734ef4ef.css" "Mozilla/5.0 (Linux; Android 5.0) AppleWebKit/537.36 (KHTML, like Gecko) Mobile Safari/537.36 (compatible; TikTokSpider; ttspider-feedback@tiktok.com)"
47.128.96.180 - - [01/Apr/2026:04:28:35 +0800] "GET /wp-content/cache/autoptimize/css/autoptimize_036a3e3adb14651182f90577734ef4ef.css HTTP/1.1" 200 17882 "https://bfcg.com.au/" "Mozilla/5.0 (Linux; Android 5.0) AppleWebKit/537.36 (KHTML, like Gecko) Mobile Safari/537.36 (compatible; TikTokSpider; ttspider-feedback@tiktok.com)"
47.128.96.180 - - [01/Apr/2026:04:28:37 +0800] "GET /wp-content/uploads/2020/10/hero-render-small.jpg HTTP/1.1" 206 500 "https://bfcg.com.au/wp-content/cache/autoptimize/css/autoptimize_single_fa01caa3511fe59492737e72ecc1ea48.css?ver=1765777674" "Mozilla/5.0 (Linux; Android 5.0) AppleWebKit/537.36 (KHTML, like Gecko) Mobile Safari/537.36 (compatible; TikTokSpider; ttspider-feedback@tiktok.com)"
47.128.96.180 - - [01/Apr/2026:04:28:37 +0800] "GET /wp-content/uploads/2020/10/hero-render-small.jpg HTTP/1.1" 304 - "https://bfcg.com.au/wp-content/cache/autoptimize/css/autoptimize_single_fa01caa3511fe59492737e72ecc1ea48.css?ver=1765777674" "Mozilla/5.0 (Linux; Android 5.0) AppleWebKit/537.36 (KHTML, like Gecko) Mobile Safari/537.36 (compatible; TikTokSpider; ttspider-feedback@tiktok.com)"
