216.73.216.14 - - [08/Apr/2026:11:15:54 +0800] "GET /wp-sitemap.xml HTTP/1.1" 200 229 "-" "Mozilla/5.0 AppleWebKit/537.36 (KHTML, like Gecko; compatible; ClaudeBot/1.0; +claudebot@anthropic.com)"
103.4.122.14 - - [08/Apr/2026:11:17:17 +0800] "POST /wp-cron.php?doing_wp_cron=1775618237.2477650642395019531250 HTTP/1.1" 200 20 "-" "WordPress/6.9.4; https://bfcg.com.au"
103.4.122.13 - - [08/Apr/2026:11:17:16 +0800] "GET / HTTP/1.1" 200 47616 "https://wpmain.screwlooseit.com.au" "Mozilla/5.0 (compatible; MainWP/6.0.8; +http://mainwp.com)"
103.4.122.14 - - [08/Apr/2026:11:29:18 +0800] "POST /wp-cron.php?doing_wp_cron=1775618958.2100911140441894531250 HTTP/1.1" 200 20 "-" "WordPress/6.9.4; https://bfcg.com.au"
103.172.76.22 - - [08/Apr/2026:11:29:17 +0800] "POST /AutoDiscover/autodiscover.xml HTTP/1.1" 404 6156 "-" "Microsoft Office/16.0 (Windows NT 10.0; Microsoft Excel 16.0.19822; Pro)"
104.131.110.1 - - [08/Apr/2026:11:31:11 +0800] "GET /.git/config HTTP/1.1" 403 199 "-" "Mozilla/5.0 (X11; Linux x86_64) AppleWebKit/537.36 (KHTML, like Gecko) Chrome/81.0.4044.129 Safari/537.36"
104.131.110.1 - - [08/Apr/2026:11:31:13 +0800] "GET /.git/config HTTP/1.1" 403 199 "-" "Mozilla/5.0 (X11; Linux x86_64) AppleWebKit/537.36 (KHTML, like Gecko) Chrome/81.0.4044.129 Safari/537.36"
103.4.122.14 - - [08/Apr/2026:11:41:18 +0800] "POST /wp-cron.php?doing_wp_cron=1775619677.8446049690246582031250 HTTP/1.1" 200 20 "-" "WordPress/6.9.4; https://bfcg.com.au"
54.86.188.160 - - [08/Apr/2026:11:41:17 +0800] "GET /robots.txt HTTP/1.1" 200 108 "-" "Mozilla/5.0 (Macintosh; Intel Mac OS X 10_10_1) AppleWebKit/600.2.5 (KHTML, like Gecko) Version/8.0.2 Safari/600.2.5 (Gort)"
103.4.122.14 - - [08/Apr/2026:11:58:36 +0800] "POST /wp-cron.php?doing_wp_cron=1775620716.0946910381317138671875 HTTP/1.1" 200 20 "-" "WordPress/6.9.4; https://bfcg.com.au"
52.201.155.215 - - [08/Apr/2026:11:58:35 +0800] "GET /our-policies/ HTTP/1.1" 200 7507 "-" "Mozilla/5.0 AppleWebKit/537.36 (KHTML, like Gecko; compatible; Amazonbot/0.1; +https://developer.amazon.com/support/amazonbot) Chrome/119.0.6045.214 Safari/537.36"
103.4.122.14 - - [08/Apr/2026:11:58:50 +0800] "POST /wp-cron.php?doing_wp_cron=1775620730.1990110874176025390625 HTTP/1.1" 200 20 "-" "WordPress/6.9.4; https://bfcg.com.au"
57.141.14.99 - - [08/Apr/2026:11:58:49 +0800] "GET /news_sitemap.xml HTTP/1.1" 404 23064 "-" "meta-externalagent/1.1 (+https://developers.facebook.com/docs/sharing/webmasters/crawler)"
103.4.122.14 - - [08/Apr/2026:12:06:06 +0800] "POST /wp-cron.php?doing_wp_cron=1775621166.6465740203857421875000 HTTP/1.1" 200 20 "-" "WordPress/6.9.4; https://bfcg.com.au"
52.167.144.66 - - [08/Apr/2026:12:06:05 +0800] "GET /robots.txt HTTP/1.1" 200 108 "-" "Mozilla/5.0 AppleWebKit/537.36 (KHTML, like Gecko; compatible; bingbot/2.0; +http://www.bing.com/bingbot.htm) Chrome/116.0.1938.76 Safari/537.36"
52.167.144.192 - - [08/Apr/2026:12:06:17 +0800] "GET /news/ HTTP/1.1" 200 6659 "-" "Mozilla/5.0 AppleWebKit/537.36 (KHTML, like Gecko; compatible; bingbot/2.0; +http://www.bing.com/bingbot.htm) Chrome/116.0.1938.76 Safari/537.36"
103.4.122.14 - - [08/Apr/2026:12:09:59 +0800] "POST /wp-cron.php?doing_wp_cron=1775621399.1589438915252685546875 HTTP/1.1" 200 20 "-" "WordPress/6.9.4; https://bfcg.com.au"
192.36.109.83 - - [08/Apr/2026:12:09:58 +0800] "GET / HTTP/1.1" 301 20 "-" "Mozilla/5.0 (iPhone; CPU iPhone OS 17_1_2 like Mac OS X) AppleWebKit/605.1.15 (KHTML, like Gecko) Version/17.1.2 Mobile/15E148 Safari/604"
192.36.109.129 - - [08/Apr/2026:12:10:00 +0800] "GET / HTTP/1.1" 200 12381 "http://bfcg.com.au/" "Mozilla/5.0 (iPhone; CPU iPhone OS 17_1_2 like Mac OS X) AppleWebKit/605.1.15 (KHTML, like Gecko) Version/17.1.2 Mobile/15E148 Safari/604"
192.36.109.125 - - [08/Apr/2026:12:10:02 +0800] "GET /our-business-management/ HTTP/1.1" 200 8002 "-" "Mozilla/5.0 (iPhone; CPU iPhone OS 17_1_2 like Mac OS X) AppleWebKit/605.1.15 (KHTML, like Gecko) Version/17.1.2 Mobile/15E148 Safari/604"
192.36.109.83 - - [08/Apr/2026:12:10:04 +0800] "GET /2020/10/05/welcome/ HTTP/1.1" 200 7295 "-" "Mozilla/5.0 (iPhone; CPU iPhone OS 17_1_2 like Mac OS X) AppleWebKit/605.1.15 (KHTML, like Gecko) Version/17.1.2 Mobile/15E148 Safari/604"
192.36.109.102 - - [08/Apr/2026:12:10:06 +0800] "GET /author/bfcgroup/ HTTP/1.1" 200 6776 "-" "Mozilla/5.0 (iPhone; CPU iPhone OS 17_1_2 like Mac OS X) AppleWebKit/605.1.15 (KHTML, like Gecko) Version/17.1.2 Mobile/15E148 Safari/604"
103.4.122.14 - - [08/Apr/2026:12:25:27 +0800] "POST /wp-cron.php?doing_wp_cron=1775622327.2392709255218505859375 HTTP/1.1" 200 20 "-" "WordPress/6.9.4; https://bfcg.com.au"
72.167.46.126 - - [08/Apr/2026:12:25:25 +0800] "GET /wp-login.php HTTP/1.1" 200 2957 "-" "Mozilla/5.0 (Windows NT 6.1; WOW64; Trident/7.0; MDDSJS; rv:11.0) like Gecko"
72.167.46.126 - - [08/Apr/2026:12:25:27 +0800] "POST /wp-login.php HTTP/1.1" 200 3094 "https://bfcg.com.au/wp-login.php" "Mozilla/5.0 (Windows NT 6.1; WOW64; Trident/7.0; MDDSJS; rv:11.0) like Gecko"
103.4.122.14 - - [08/Apr/2026:12:53:11 +0800] "POST /wp-cron.php?doing_wp_cron=1775623991.6617250442504882812500 HTTP/1.1" 200 20 "-" "WordPress/6.9.4; https://bfcg.com.au"
103.131.71.49 - - [08/Apr/2026:12:53:10 +0800] "GET /robots.txt HTTP/1.1" 200 108 "-" "Mozilla/5.0 (compatible; coccocbot-image/1.0; +http://help.coccoc.com/searchengine)"
103.131.71.43 - - [08/Apr/2026:12:53:13 +0800] "GET /wp-content/uploads/2020/10/LT160.jpg HTTP/1.1" 304 - "-" "Mozilla/5.0 (compatible; coccocbot-image/1.0; +http://help.coccoc.com/searchengine)"
103.4.122.14 - - [08/Apr/2026:12:57:55 +0800] "POST /wp-cron.php?doing_wp_cron=1775624275.6540570259094238281250 HTTP/1.1" 200 20 "-" "WordPress/6.9.4; https://bfcg.com.au"
216.244.66.229 - - [08/Apr/2026:12:57:54 +0800] "GET /robots.txt HTTP/1.1" 200 112 "-" "Mozilla/5.0 (compatible; DotBot/1.2; +https://opensiteexplorer.org/dotbot; help@moz.com)"
103.4.122.14 - - [08/Apr/2026:13:09:55 +0800] "POST /wp-cron.php?doing_wp_cron=1775624995.4556999206542968750000 HTTP/1.1" 200 20 "-" "WordPress/6.9.4; https://bfcg.com.au"
216.244.66.229 - - [08/Apr/2026:13:09:54 +0800] "GET /feed/ HTTP/1.1" 200 2172 "-" "Mozilla/5.0 (compatible; DotBot/1.2; +https://opensiteexplorer.org/dotbot; help@moz.com)"
103.4.122.14 - - [08/Apr/2026:13:39:06 +0800] "POST /wp-cron.php?doing_wp_cron=1775626745.7858619689941406250000 HTTP/1.1" 200 20 "-" "WordPress/6.9.4; https://bfcg.com.au"
52.167.144.195 - - [08/Apr/2026:13:39:04 +0800] "GET /wp-sitemap-posts-page-1.xml HTTP/1.1" 200 441 "-" "Mozilla/5.0 AppleWebKit/537.36 (KHTML, like Gecko; compatible; bingbot/2.0; +http://www.bing.com/bingbot.htm) Chrome/116.0.1938.76 Safari/537.36"
103.4.122.14 - - [08/Apr/2026:13:47:08 +0800] "POST /wp-cron.php?doing_wp_cron=1775627228.3775780200958251953125 HTTP/1.1" 200 20 "-" "WordPress/6.9.4; https://bfcg.com.au"
50.87.231.172 - - [08/Apr/2026:13:47:07 +0800] "GET /wp-login.php HTTP/1.1" 200 2957 "-" "Mozilla/4.0 (compatible; MSIE 7.0; Windows NT 6.1; WOW64; Trident/7.0; SLCC2; .NET CLR 2.0.50727; .NET CLR 3.5.30729; .NET CLR 3.0.30729; Media Center PC 6.0; InfoPath.2; .NET4.0C; .NET4.0E)"
50.87.231.172 - - [08/Apr/2026:13:47:10 +0800] "POST /wp-login.php HTTP/1.1" 200 3091 "https://bfcg.com.au/wp-login.php" "Mozilla/4.0 (compatible; MSIE 7.0; Windows NT 6.1; WOW64; Trident/7.0; SLCC2; .NET CLR 2.0.50727; .NET CLR 3.5.30729; .NET CLR 3.0.30729; Media Center PC 6.0; InfoPath.2; .NET4.0C; .NET4.0E)"
103.4.122.14 - - [08/Apr/2026:13:52:22 +0800] "POST /wp-cron.php?doing_wp_cron=1775627542.0454409122467041015625 HTTP/1.1" 200 20 "-" "WordPress/6.9.4; https://bfcg.com.au"
95.168.190.198 - - [08/Apr/2026:13:52:21 +0800] "GET /robots.txt HTTP/1.1" 200 108 "-" "Mozilla/5.0 (compatible; ORT/v1.0.0; visit ORTc.me )"
167.114.139.239 - - [08/Apr/2026:13:59:57 +0800] "GET /robots.txt HTTP/1.1" 200 108 "-" "Mozilla/5.0 (compatible; AhrefsBot/7.0; +http://ahrefs.com/robot/)"
54.39.6.157 - - [08/Apr/2026:14:00:02 +0800] "GET /wp-sitemap.xml HTTP/1.1" 200 229 "-" "Mozilla/5.0 (compatible; AhrefsBot/7.0; +http://ahrefs.com/robot/)"
148.113.128.173 - - [08/Apr/2026:14:00:05 +0800] "GET /wp-sitemap-posts-post-1.xml HTTP/1.1" 200 220 "-" "Mozilla/5.0 (compatible; AhrefsBot/7.0; +http://ahrefs.com/robot/)"
15.235.27.68 - - [08/Apr/2026:14:00:08 +0800] "GET /wp-sitemap-posts-page-1.xml HTTP/1.1" 200 441 "-" "Mozilla/5.0 (compatible; AhrefsBot/7.0; +http://ahrefs.com/robot/)"
51.222.168.252 - - [08/Apr/2026:14:00:11 +0800] "GET /wp-sitemap-posts-docs-1.xml HTTP/1.1" 200 520 "-" "Mozilla/5.0 (compatible; AhrefsBot/7.0; +http://ahrefs.com/robot/)"
51.222.168.162 - - [08/Apr/2026:14:00:14 +0800] "GET /wp-sitemap-taxonomies-category-1.xml HTTP/1.1" 200 184 "-" "Mozilla/5.0 (compatible; AhrefsBot/7.0; +http://ahrefs.com/robot/)"
15.235.98.170 - - [08/Apr/2026:14:00:17 +0800] "GET /wp-sitemap-users-1.xml HTTP/1.1" 200 184 "-" "Mozilla/5.0 (compatible; AhrefsBot/7.0; +http://ahrefs.com/robot/)"
43.135.138.128 - - [08/Apr/2026:14:01:16 +0800] "GET / HTTP/1.1" 403 199 "-" "Mozilla/5.0 (iPhone; CPU iPhone OS 13_2_3 like Mac OS X) AppleWebKit/605.1.15 (KHTML, like Gecko) Version/13.0.3 Mobile/15E148 Safari/604.1"
104.131.110.1 - - [08/Apr/2026:14:17:41 +0800] "GET /.git/config HTTP/1.1" 403 199 "-" "Mozilla/5.0 (X11; Linux x86_64) AppleWebKit/537.36 (KHTML, like Gecko) Chrome/81.0.4044.129 Safari/537.36"
104.131.110.1 - - [08/Apr/2026:14:17:55 +0800] "GET /.git/config HTTP/1.1" 403 199 "-" "Mozilla/5.0 (X11; Linux x86_64) AppleWebKit/537.36 (KHTML, like Gecko) Chrome/81.0.4044.129 Safari/537.36"
103.4.122.14 - - [08/Apr/2026:14:18:13 +0800] "POST /wp-cron.php?doing_wp_cron=1775629093.2457840442657470703125 HTTP/1.1" 200 20 "-" "WordPress/6.9.4; https://bfcg.com.au"
14.226.112.131 - - [08/Apr/2026:14:18:12 +0800] "GET /docs/employee-resources/admin/non-conformance-report/ HTTP/1.1" 200 9572 "-" "Mozilla/5.0 (Macintosh; Intel Mac OS X 10_10_5) AppleWebKit/537.36 (KHTML, like Gecko) Chrome/87.0.4280.88 Safari/537.36"
103.4.122.14 - - [08/Apr/2026:14:29:54 +0800] "POST /wp-cron.php?doing_wp_cron=1775629794.3836719989776611328125 HTTP/1.1" 200 20 "-" "WordPress/6.9.4; https://bfcg.com.au"
52.167.144.204 - - [08/Apr/2026:14:29:53 +0800] "GET / HTTP/1.1" 200 12381 "-" "Mozilla/5.0 AppleWebKit/537.36 (KHTML, like Gecko; compatible; bingbot/2.0; +http://www.bing.com/bingbot.htm) Chrome/116.0.1938.76 Safari/537.36"
103.4.122.14 - - [08/Apr/2026:14:30:51 +0800] "POST /wp-cron.php?doing_wp_cron=1775629851.2903029918670654296875 HTTP/1.1" 200 20 "-" "WordPress/6.9.4; https://bfcg.com.au"
40.77.167.75 - - [08/Apr/2026:14:30:50 +0800] "GET /wp-sitemap-posts-post-1.xml HTTP/1.1" 200 220 "-" "Mozilla/5.0 AppleWebKit/537.36 (KHTML, like Gecko; compatible; bingbot/2.0; +http://www.bing.com/bingbot.htm) Chrome/116.0.1938.76 Safari/537.36"
43.157.38.228 - - [08/Apr/2026:14:32:32 +0800] "GET / HTTP/1.1" 403 199 "-" "Mozilla/5.0 (iPhone; CPU iPhone OS 13_2_3 like Mac OS X) AppleWebKit/605.1.15 (KHTML, like Gecko) Version/13.0.3 Mobile/15E148 Safari/604.1"
103.4.122.14 - - [08/Apr/2026:14:46:06 +0800] "POST /wp-cron.php?doing_wp_cron=1775630766.0343120098114013671875 HTTP/1.1" 200 20 "-" "WordPress/6.9.4; https://bfcg.com.au"
66.249.75.69 - - [08/Apr/2026:14:46:05 +0800] "GET /robots.txt HTTP/1.1" 200 108 "-" "Mozilla/5.0 (compatible; Googlebot/2.1; +http://www.google.com/bot.html)"
103.4.122.14 - - [08/Apr/2026:14:47:21 +0800] "POST /wp-cron.php?doing_wp_cron=1775630841.1684799194335937500000 HTTP/1.1" 200 20 "-" "WordPress/6.9.4; https://bfcg.com.au"
66.249.75.68 - - [08/Apr/2026:14:47:20 +0800] "GET /contact/ HTTP/1.1" 200 7969 "-" "Mozilla/5.0 (Linux; Android 6.0.1; Nexus 5X Build/MMB29P) AppleWebKit/537.36 (KHTML, like Gecko) Chrome/146.0.7680.177 Mobile Safari/537.36 (compatible; Googlebot/2.1; +http://www.google.com/bot.html)"
66.249.75.67 - - [08/Apr/2026:14:47:34 +0800] "GET /wp-content/cache/autoptimize/css/autoptimize_single_2fca3171aa376a32a74376db5881d60f.css?ver=1765772150 HTTP/1.1" 200 780 "https://bfcg.com.au/contact/" "Mozilla/5.0 (Linux; Android 6.0.1; Nexus 5X Build/MMB29P) AppleWebKit/537.36 (KHTML, like Gecko) Chrome/146.0.7680.177 Mobile Safari/537.36 (compatible; Googlebot/2.1; +http://www.google.com/bot.html)"
103.4.122.14 - - [08/Apr/2026:14:47:42 +0800] "POST /wp-cron.php?doing_wp_cron=1775630862.3134291172027587890625 HTTP/1.1" 200 20 "-" "WordPress/6.9.4; https://bfcg.com.au"
66.249.75.67 - - [08/Apr/2026:14:47:41 +0800] "GET /wp-json/contact-form-7/v1/contact-forms/2573/feedback/schema HTTP/1.1" 200 235 "https://bfcg.com.au/contact/" "Mozilla/5.0 (Linux; Android 6.0.1; Nexus 5X Build/MMB29P) AppleWebKit/537.36 (KHTML, like Gecko) Chrome/146.0.7680.177 Mobile Safari/537.36 (compatible; Googlebot/2.1; +http://www.google.com/bot.html)"
103.4.122.14 - - [08/Apr/2026:14:50:25 +0800] "POST /wp-cron.php?doing_wp_cron=1775631025.8291430473327636718750 HTTP/1.1" 200 20 "-" "WordPress/6.9.4; https://bfcg.com.au"
89.46.223.184 - - [08/Apr/2026:14:50:24 +0800] "GET /bless.php HTTP/1.1" 404 23056 "-" "Mozilla/5.0 (Windows NT 10.0; Win64; x64) AppleWebKit/537.36 (KHTML, like Gecko) Chrome/84.0.4147.105 Safari/537.36 OPR/70.0.3728.95"
89.46.223.184 - - [08/Apr/2026:14:50:34 +0800] "GET /update/ HTTP/1.1" 404 23056 "-" "Mozilla/5.0 (Windows NT 10.0; Win64; x64; rv:79.0) Gecko/20100101 Firefox/79.0"
103.4.122.14 - - [08/Apr/2026:14:51:44 +0800] "POST /wp-cron.php?doing_wp_cron=1775631104.2380828857421875000000 HTTP/1.1" 200 20 "-" "WordPress/6.9.4; https://bfcg.com.au"
98.83.177.42 - - [08/Apr/2026:14:51:43 +0800] "GET /services/ HTTP/1.1" 200 8661 "-" "Mozilla/5.0 AppleWebKit/537.36 (KHTML, like Gecko; compatible; Amazonbot/0.1; +https://developer.amazon.com/support/amazonbot) Chrome/119.0.6045.214 Safari/537.36"
103.4.122.14 - - [08/Apr/2026:15:01:05 +0800] "POST /wp-cron.php?doing_wp_cron=1775631664.7932109832763671875000 HTTP/1.1" 200 20 "-" "WordPress/6.9.4; https://bfcg.com.au"
52.167.144.196 - - [08/Apr/2026:15:01:03 +0800] "GET /log-in/ HTTP/1.1" 200 6670 "-" "Mozilla/5.0 AppleWebKit/537.36 (KHTML, like Gecko; compatible; bingbot/2.0; +http://www.bing.com/bingbot.htm) Chrome/116.0.1938.76 Safari/537.36"
103.4.122.14 - - [08/Apr/2026:15:08:14 +0800] "POST /wp-cron.php?doing_wp_cron=1775632094.2376599311828613281250 HTTP/1.1" 200 20 "-" "WordPress/6.9.4; https://bfcg.com.au"
52.167.144.166 - - [08/Apr/2026:15:08:13 +0800] "GET /sitemap.xml.gz HTTP/1.1" 301 20 "-" "Mozilla/5.0 AppleWebKit/537.36 (KHTML, like Gecko; compatible; bingbot/2.0; +http://www.bing.com/bingbot.htm) Chrome/116.0.1938.76 Safari/537.36"
52.167.144.166 - - [08/Apr/2026:15:08:15 +0800] "GET /wp-sitemap.xml HTTP/1.1" 200 229 "-" "Mozilla/5.0 AppleWebKit/537.36 (KHTML, like Gecko; compatible; bingbot/2.0; +http://www.bing.com/bingbot.htm) Chrome/116.0.1938.76 Safari/537.36"
103.4.122.14 - - [08/Apr/2026:15:14:29 +0800] "POST /wp-cron.php?doing_wp_cron=1775632468.9715940952301025390625 HTTP/1.1" 200 20 "-" "WordPress/6.9.4; https://bfcg.com.au"
143.14.6.139 - - [08/Apr/2026:15:14:28 +0800] "GET /wp-json/wp/v2/pages/2048 HTTP/1.1" 200 1897 "-" "Mozilla/5.0 (Macintosh; Intel Mac OS X 10_15_7) AppleWebKit/537.36 (KHTML, like Gecko) Chrome/135.0.0.0 Safari/537.36"
103.4.122.14 - - [08/Apr/2026:15:16:11 +0800] "POST /wp-cron.php?doing_wp_cron=1775632571.5826549530029296875000 HTTP/1.1" 200 20 "-" "WordPress/6.9.4; https://bfcg.com.au"
216.73.216.14 - - [08/Apr/2026:15:16:10 +0800] "GET /robots.txt HTTP/1.1" 200 108 "-" "Mozilla/5.0 AppleWebKit/537.36 (KHTML, like Gecko; compatible; ClaudeBot/1.0; +claudebot@anthropic.com)"
216.73.216.14 - - [08/Apr/2026:15:16:12 +0800] "GET /wp-sitemap.xml HTTP/1.1" 200 229 "-" "Mozilla/5.0 AppleWebKit/537.36 (KHTML, like Gecko; compatible; ClaudeBot/1.0; +claudebot@anthropic.com)"
103.4.122.14 - - [08/Apr/2026:15:21:58 +0800] "POST /wp-cron.php?doing_wp_cron=1775632918.4757390022277832031250 HTTP/1.1" 200 20 "-" "WordPress/6.9.4; https://bfcg.com.au"
34.221.92.78 - - [08/Apr/2026:15:21:57 +0800] "GET / HTTP/1.1" 301 20 "-" "Mozilla/5.0 (Windows NT 10.0; Win64; x64) AppleWebKit/537.36 (KHTML, like Gecko) Chrome/113.0.0.0 Safari/537.36"
34.221.92.78 - - [08/Apr/2026:15:21:59 +0800] "GET / HTTP/1.1" 200 12381 "-" "Mozilla/5.0 (Windows NT 10.0; Win64; x64) AppleWebKit/537.36 (KHTML, like Gecko) Chrome/113.0.0.0 Safari/537.36"
104.210.140.128 - - [08/Apr/2026:15:22:35 +0800] "GET /robots.txt HTTP/1.1" 200 108 "-" "Mozilla/5.0 (Macintosh; Intel Mac OS X 10_15_7) AppleWebKit/537.36 (KHTML, like Gecko) Chrome/131.0.0.0 Safari/537.36; compatible; OAI-SearchBot/1.0; +https://openai.com/searchbot"
103.4.122.14 - - [08/Apr/2026:15:51:45 +0800] "POST /wp-cron.php?doing_wp_cron=1775634705.1955249309539794921875 HTTP/1.1" 200 20 "-" "WordPress/6.9.4; https://bfcg.com.au"
43.172.198.20 - - [08/Apr/2026:15:51:44 +0800] "GET /docs/employee-resources/scheduled-maintenance/250hr-service-skid-steer HTTP/1.1" 301 20 "-" "Mozilla/5.0 (Windows NT 10.0; Win64; x64) AppleWebKit/537.36 (KHTML, like Gecko) Chrome/146.0.0.0 Safari/537.36"
43.173.175.36 - - [08/Apr/2026:15:51:46 +0800] "GET /docs/employee-resources/scheduled-maintenance/250hr-service-skid-steer/ HTTP/1.1" 200 9566 "-" "Mozilla/5.0 (Windows NT 10.0; Win64; x64) AppleWebKit/537.36 (KHTML, like Gecko) Chrome/146.0.0.0 Safari/537.36"
43.173.179.38 - - [08/Apr/2026:15:51:48 +0800] "GET /wp-includes/js/jquery/jquery.min.js?ver=3.7.1 HTTP/1.1" 200 30368 "https://bfcg.com.au/docs/employee-resources/scheduled-maintenance/250hr-service-skid-steer/" "Mozilla/5.0 (Windows NT 10.0; Win64; x64) AppleWebKit/537.36 (KHTML, like Gecko) Chrome/146.0.0.0 Safari/537.36"
43.172.194.141 - - [08/Apr/2026:15:51:48 +0800] "GET /wp-content/cache/autoptimize/css/autoptimize_2488b8cf824f951cd860030d1a2e15a1.css HTTP/1.1" 200 20782 "https://bfcg.com.au/docs/employee-resources/scheduled-maintenance/250hr-service-skid-steer/" "Mozilla/5.0 (Windows NT 10.0; Win64; x64) AppleWebKit/537.36 (KHTML, like Gecko) Chrome/146.0.0.0 Safari/537.36"
43.173.176.141 - - [08/Apr/2026:15:51:49 +0800] "GET /wp-content/cache/autoptimize/js/autoptimize_8a1d48904be33925e2d50b6a3ec3f118.js HTTP/1.1" 200 23439 "https://bfcg.com.au/docs/employee-resources/scheduled-maintenance/250hr-service-skid-steer/" "Mozilla/5.0 (Windows NT 10.0; Win64; x64) AppleWebKit/537.36 (KHTML, like Gecko) Chrome/146.0.0.0 Safari/537.36"
43.173.182.30 - - [08/Apr/2026:15:51:54 +0800] "POST /wp-admin/admin-ajax.php HTTP/1.1" 200 3007 "https://bfcg.com.au/docs/employee-resources/scheduled-maintenance/250hr-service-skid-steer/" "Mozilla/5.0 (Windows NT 10.0; Win64; x64) AppleWebKit/537.36 (KHTML, like Gecko) Chrome/146.0.0.0 Safari/537.36"
103.4.122.14 - - [08/Apr/2026:16:05:20 +0800] "POST /wp-cron.php?doing_wp_cron=1775635520.7312850952148437500000 HTTP/1.1" 200 20 "-" "WordPress/6.9.4; https://bfcg.com.au"
217.182.194.25 - - [08/Apr/2026:16:05:20 +0800] "GET /robots.txt HTTP/1.1" 200 112 "-" "Mozilla/5.0 (compatible; MJ12bot/v1.4.8; http://mj12bot.com/)"
217.182.194.25 - - [08/Apr/2026:16:05:22 +0800] "GET /betflix%20wallet.aspx HTTP/1.1" 404 6167 "-" "Mozilla/5.0 (compatible; MJ12bot/v1.4.8; http://mj12bot.com/)"
217.182.194.25 - - [08/Apr/2026:16:05:25 +0800] "GET /slot%20auto.aspx HTTP/1.1" 404 6167 "-" "Mozilla/5.0 (compatible; MJ12bot/v1.4.8; http://mj12bot.com/)"
103.4.122.14 - - [08/Apr/2026:16:06:16 +0800] "POST /wp-cron.php?doing_wp_cron=1775635576.5193789005279541015625 HTTP/1.1" 200 20 "-" "WordPress/6.9.4; https://bfcg.com.au"
18.206.47.187 - - [08/Apr/2026:16:06:15 +0800] "GET / HTTP/1.1" 200 12381 "-" "Mozilla/5.0 AppleWebKit/537.36 (KHTML, like Gecko; compatible; Amazonbot/0.1; +https://developer.amazon.com/support/amazonbot) Chrome/119.0.6045.214 Safari/537.36"
103.4.122.14 - - [08/Apr/2026:16:07:01 +0800] "POST /wp-cron.php?doing_wp_cron=1775635621.3537430763244628906250 HTTP/1.1" 200 20 "-" "WordPress/6.9.4; https://bfcg.com.au"
14.172.171.192 - - [08/Apr/2026:16:07:00 +0800] "GET /services/ HTTP/1.1" 200 8661 "-" "Mozilla/5.0 (Windows NT 10.0; Win64; x64) AppleWebKit/537.36 (KHTML, like Gecko) Chrome/88.0.4324.43 Safari/537.36"
103.4.122.14 - - [08/Apr/2026:16:16:56 +0800] "POST /wp-cron.php?doing_wp_cron=1775636216.0180029869079589843750 HTTP/1.1" 200 20 "-" "WordPress/6.9.4; https://bfcg.com.au"
115.45.43.251 - - [08/Apr/2026:16:16:55 +0800] "GET /robots.txt HTTP/1.1" 200 108 "-" "Mozilla/5.0 (Windows NT 10.0; Win64; x64) AppleWebKit/537.36 (KHTML, like Gecko) Chrome/79.0.3911.153 Safari/537.36 OPR/63.0.3368.43"
103.4.122.14 - - [08/Apr/2026:16:46:05 +0800] "POST /wp-cron.php?doing_wp_cron=1775637964.9406509399414062500000 HTTP/1.1" 200 20 "-" "WordPress/6.9.4; https://bfcg.com.au"
52.167.144.18 - - [08/Apr/2026:16:46:04 +0800] "GET /our-business-management/ HTTP/1.1" 200 8002 "-" "Mozilla/5.0 AppleWebKit/537.36 (KHTML, like Gecko; compatible; bingbot/2.0; +http://www.bing.com/bingbot.htm) Chrome/116.0.1938.76 Safari/537.36"
52.167.144.183 - - [08/Apr/2026:16:46:22 +0800] "GET /wp-content/cache/autoptimize/css/autoptimize_single_4360fa217d7d9706f67239ee19cab338.css?ver=1765773542 HTTP/1.1" 200 922 "-" "Mozilla/5.0 AppleWebKit/537.36 (KHTML, like Gecko; compatible; bingbot/2.0; +http://www.bing.com/bingbot.htm) Chrome/116.0.1938.76 Safari/537.36"
103.4.122.14 - - [08/Apr/2026:16:57:29 +0800] "POST /wp-cron.php?doing_wp_cron=1775638649.2867400646209716796875 HTTP/1.1" 200 20 "-" "WordPress/6.9.4; https://bfcg.com.au"
46.171.5.26 - - [08/Apr/2026:16:57:27 +0800] "GET /wp-login.php HTTP/1.1" 200 2957 "-" "Mozilla/5.0 (Windows NT 10.0; WOW64) AppleWebKit/537.36 (KHTML, like Gecko) Chrome/64.0.3282.186 Safari/537.36 OPR/51.0.2830.55"
46.171.5.26 - - [08/Apr/2026:16:57:29 +0800] "POST /wp-login.php HTTP/1.1" 200 3094 "https://bfcg.com.au/wp-login.php" "Mozilla/5.0 (Windows NT 10.0; WOW64) AppleWebKit/537.36 (KHTML, like Gecko) Chrome/64.0.3282.186 Safari/537.36 OPR/51.0.2830.55"
103.4.122.14 - - [08/Apr/2026:17:01:32 +0800] "POST /wp-cron.php?doing_wp_cron=1775638892.3719320297241210937500 HTTP/1.1" 200 20 "-" "WordPress/6.9.4; https://bfcg.com.au"
14.248.97.117 - - [08/Apr/2026:17:01:31 +0800] "GET /docs/employee-resources/health-saftey/general/ HTTP/1.1" 200 9548 "-" "Mozilla/5.0 (Macintosh; Intel Mac OS X 10_13_6) AppleWebKit/537.36 (KHTML, like Gecko) Brave Chrome/86.0.4240.99 Safari/537.36"
103.4.122.14 - - [08/Apr/2026:17:05:47 +0800] "POST /wp-cron.php?doing_wp_cron=1775639147.3198568820953369140625 HTTP/1.1" 200 20 "-" "WordPress/6.9.4; https://bfcg.com.au"
181.192.7.170 - - [08/Apr/2026:17:05:46 +0800] "GET /docs/employee-resources/health-saftey/maintenance/ HTTP/1.1" 200 9540 "-" "Mozilla/5.0 (Windows NT 10.0; Win64; x64) AppleWebKit/537.36 (KHTML, like Gecko) Chrome/106.0.0.0 Safari/537.36 Agency/97.8.8247.48"
103.4.122.14 - - [08/Apr/2026:17:21:58 +0800] "POST /wp-cron.php?doing_wp_cron=1775640118.5680000782012939453125 HTTP/1.1" 200 20 "-" "WordPress/6.9.4; https://bfcg.com.au"
47.128.25.42 - - [08/Apr/2026:17:21:57 +0800] "GET /robots.txt HTTP/1.1" 200 108 "-" "Mozilla/5.0 (Linux; Android 5.0) AppleWebKit/537.36 (KHTML, like Gecko) Mobile Safari/537.36 (compatible; Bytespider; spider-feedback@bytedance.com)"
103.4.122.14 - - [08/Apr/2026:17:28:14 +0800] "POST /wp-cron.php?doing_wp_cron=1775640494.6021978855133056640625 HTTP/1.1" 200 20 "-" "WordPress/6.9.4; https://bfcg.com.au"
52.34.232.87 - - [08/Apr/2026:17:28:13 +0800] "GET /wp-login.php HTTP/1.1" 200 2957 "-" "Mozilla/4.0 (compatible; MSIE 7.0; Windows NT 6.2; WOW64; Trident/7.0; .NET4.0C; .NET4.0E; Tablet PC 2.0; .NET CLR 2.0.50727; .NET CLR 3.0.30729; .NET CLR 3.5.30729)"
52.34.232.87 - - [08/Apr/2026:17:28:16 +0800] "POST /wp-login.php HTTP/1.1" 200 3094 "https://bfcg.com.au/wp-login.php" "Mozilla/4.0 (compatible; MSIE 7.0; Windows NT 6.2; WOW64; Trident/7.0; .NET4.0C; .NET4.0E; Tablet PC 2.0; .NET CLR 2.0.50727; .NET CLR 3.0.30729; .NET CLR 3.5.30729)"
34.169.201.154 - - [08/Apr/2026:17:48:07 +0800] "GET /wp-content/uploads/2020/10/project-capital-advisory.jpg HTTP/1.1" 200 40091 "-" "Mozilla/5.0 (X11; Linux x86_64) AppleWebKit/537.36 (KHTML, like Gecko) Chrome/91.0.4472.114 Safari/537.36"
103.4.122.14 - - [08/Apr/2026:18:07:14 +0800] "POST /wp-cron.php?doing_wp_cron=1775642834.5856308937072753906250 HTTP/1.1" 200 20 "-" "WordPress/6.9.4; https://bfcg.com.au"
115.45.40.29 - - [08/Apr/2026:18:07:13 +0800] "GET /robots.txt HTTP/1.1" 200 108 "-" "Mozilla/5.0 (Windows NT 10.0; WOW64) AppleWebKit/537.36 (KHTML, like Gecko) Chrome/57.0.4460.82 Safari/537.36 QIHU 360EE"
103.4.122.14 - - [08/Apr/2026:18:09:55 +0800] "POST /wp-cron.php?doing_wp_cron=1775642995.1598329544067382812500 HTTP/1.1" 200 20 "-" "WordPress/6.9.4; https://bfcg.com.au"
51.222.168.93 - - [08/Apr/2026:18:09:54 +0800] "GET /author/bfcgroup/ HTTP/1.1" 200 6776 "-" "Mozilla/5.0 (compatible; AhrefsBot/7.0; +http://ahrefs.com/robot/)"
103.4.122.14 - - [08/Apr/2026:18:16:50 +0800] "POST /wp-cron.php?doing_wp_cron=1775643409.8008561134338378906250 HTTP/1.1" 200 20 "-" "WordPress/6.9.4; https://bfcg.com.au"
14.179.64.32 - - [08/Apr/2026:18:16:49 +0800] "GET /wp-json/oembed/1.0/embed?url=https%3A%2F%2Fbfcg.com.au%2F HTTP/1.1" 200 1072 "-" "Mozilla/5.0 (Macintosh; Intel Mac OS X 10_13_6) AppleWebKit/537.36 (KHTML, like Gecko) Chrome/68.0.3440.84 Safari/537.36"
103.4.122.14 - - [08/Apr/2026:18:29:52 +0800] "POST /wp-cron.php?doing_wp_cron=1775644192.7564890384674072265625 HTTP/1.1" 200 20 "-" "WordPress/6.9.4; https://bfcg.com.au"
57.141.14.64 - - [08/Apr/2026:18:29:51 +0800] "GET /sitemap.html HTTP/1.1" 404 23064 "-" "meta-externalagent/1.1 (+https://developers.facebook.com/docs/sharing/webmasters/crawler)"
103.4.122.14 - - [08/Apr/2026:18:41:17 +0800] "POST /wp-cron.php?doing_wp_cron=1775644876.9399518966674804687500 HTTP/1.1" 200 20 "-" "WordPress/6.9.4; https://bfcg.com.au"
52.167.144.186 - - [08/Apr/2026:18:41:16 +0800] "GET /wp-sitemap-taxonomies-category-1.xml HTTP/1.1" 200 184 "-" "Mozilla/5.0 AppleWebKit/537.36 (KHTML, like Gecko; compatible; bingbot/2.0; +http://www.bing.com/bingbot.htm) Chrome/116.0.1938.76 Safari/537.36"
103.4.122.14 - - [08/Apr/2026:18:43:41 +0800] "POST /wp-cron.php?doing_wp_cron=1775645021.4859631061553955078125 HTTP/1.1" 200 20 "-" "WordPress/6.9.4; https://bfcg.com.au"
14.243.166.144 - - [08/Apr/2026:18:43:40 +0800] "GET /docs/employee-resources/scheduled-maintenance/250hr-service-mack-truck/ HTTP/1.1" 200 9578 "-" "Mozilla/5.0 (Windows NT 5.1) AppleWebKit/537.36 (KHTML, like Gecko) Chrome/35.0.3319.102 Safari/537.36"
103.4.122.14 - - [08/Apr/2026:18:54:01 +0800] "POST /wp-cron.php?doing_wp_cron=1775645641.0232129096984863281250 HTTP/1.1" 200 20 "-" "WordPress/6.9.4; https://bfcg.com.au"
39.56.32.97 - - [08/Apr/2026:18:54:00 +0800] "POST /xmlrpc.php HTTP/1.1" 200 403 "-" "Mozilla/5.0 (Windows NT 10.0; x64) AppleWebKit/537.36 (KHTML, like Gecko) Firefox/100.0.0.0 Safari/537.36"
103.4.122.14 - - [08/Apr/2026:18:55:57 +0800] "POST /wp-cron.php?doing_wp_cron=1775645757.7060539722442626953125 HTTP/1.1" 200 20 "-" "WordPress/6.9.4; https://bfcg.com.au"
103.4.122.13 - - [08/Apr/2026:18:55:56 +0800] "GET / HTTP/1.1" 200 47616 "https://wpmain.screwlooseit.com.au" "Mozilla/5.0 (compatible; MainWP/6.0.8; +http://mainwp.com)"
103.4.122.14 - - [08/Apr/2026:19:06:48 +0800] "POST /wp-cron.php?doing_wp_cron=1775646408.1266338825225830078125 HTTP/1.1" 200 20 "-" "WordPress/6.9.4; https://bfcg.com.au"
102.254.89.20 - - [08/Apr/2026:19:06:47 +0800] "GET /2020/10/05/welcome/ HTTP/1.1" 200 7295 "-" "Mozilla/5.0 (Macintosh; Intel Mac OS X 10_15_7) AppleWebKit/537.36 (KHTML, like Gecko) Chrome/88.0.4324.186 Safari/537.36"
39.56.32.97 - - [08/Apr/2026:19:11:35 +0800] "GET /wp-json/wp/v2/users HTTP/1.1" 403 199 "-" "Mozilla/4.0 (compatible; Win32; WinHttp.WinHttpRequest.5)"
103.4.122.14 - - [08/Apr/2026:19:13:04 +0800] "POST /wp-cron.php?doing_wp_cron=1775646784.2211859226226806640625 HTTP/1.1" 200 20 "-" "WordPress/6.9.4; https://bfcg.com.au"
39.56.32.97 - - [08/Apr/2026:19:13:03 +0800] "POST /xmlrpc.php HTTP/1.1" 200 403 "-" "Mozilla/5.0 (Linux; Android 10; x86) AppleWebKit/537.36 (KHTML, like Gecko) Firefox/90.0.0.0 Safari/537.36"
103.4.122.14 - - [08/Apr/2026:19:14:33 +0800] "POST /wp-cron.php?doing_wp_cron=1775646872.8301439285278320312500 HTTP/1.1" 200 20 "-" "WordPress/6.9.4; https://bfcg.com.au"
39.56.32.97 - - [08/Apr/2026:19:14:32 +0800] "POST /xmlrpc.php HTTP/1.1" 200 403 "-" "Mozilla/5.0 (Windows NT 6.3; x64) AppleWebKit/537.36 (KHTML, like Gecko) Opera/68.0.0.0 Safari/537.36"
103.4.122.14 - - [08/Apr/2026:19:16:01 +0800] "POST /wp-cron.php?doing_wp_cron=1775646961.1633470058441162109375 HTTP/1.1" 200 20 "-" "WordPress/6.9.4; https://bfcg.com.au"
39.56.32.97 - - [08/Apr/2026:19:16:00 +0800] "POST /xmlrpc.php HTTP/1.1" 200 403 "-" "Mozilla/5.0 (Linux; Android 10; arm64) AppleWebKit/537.36 (KHTML, like Gecko) Chrome/90.0.0.0 Safari/537.36"
103.4.122.14 - - [08/Apr/2026:19:17:30 +0800] "POST /wp-cron.php?doing_wp_cron=1775647050.6378331184387207031250 HTTP/1.1" 200 20 "-" "WordPress/6.9.4; https://bfcg.com.au"
39.56.32.97 - - [08/Apr/2026:19:17:29 +0800] "POST /xmlrpc.php HTTP/1.1" 200 403 "-" "Mozilla/5.0 (Linux; Android 10; arm64) AppleWebKit/537.36 (KHTML, like Gecko) Firefox/96.0.0.0 Safari/537.36"
103.4.122.14 - - [08/Apr/2026:19:18:03 +0800] "POST /wp-cron.php?doing_wp_cron=1775647083.6835420131683349609375 HTTP/1.1" 200 20 "-" "WordPress/6.9.4; https://bfcg.com.au"
185.191.171.7 - - [08/Apr/2026:19:18:03 +0800] "GET /robots.txt HTTP/1.1" 200 108 "-" "Mozilla/5.0 (compatible; SemrushBot/7~bl; +http://www.semrush.com/bot.html)"
85.208.96.195 - - [08/Apr/2026:19:18:04 +0800] "GET /privacy-policy/ HTTP/1.1" 200 7098 "-" "Mozilla/5.0 (compatible; SemrushBot/7~bl; +http://www.semrush.com/bot.html)"
103.4.122.14 - - [08/Apr/2026:19:25:35 +0800] "POST /wp-cron.php?doing_wp_cron=1775647535.4959700107574462890625 HTTP/1.1" 200 20 "-" "WordPress/6.9.4; https://bfcg.com.au"
51.68.111.209 - - [08/Apr/2026:19:25:34 +0800] "GET /robots.txt HTTP/1.1" 200 108 "-" "Mozilla/5.0 (compatible; MJ12bot/v2.0.5; http://mj12bot.com/)"
213.230.86.101 - - [08/Apr/2026:19:25:35 +0800] "GET /category/news/ HTTP/1.1" 200 6601 "-" "Mozilla/5.0 (Macintosh; Intel Mac OS X 10_14_6) AppleWebKit/537.36 (KHTML, like Gecko) Brave Chrome/87.0.4280.88 Safari/537.36"
51.68.111.209 - - [08/Apr/2026:19:25:35 +0800] "GET / HTTP/1.1" 301 20 "-" "Mozilla/5.0 (compatible; MJ12bot/v2.0.5; http://mj12bot.com/)"
103.4.122.14 - - [08/Apr/2026:19:25:38 +0800] "POST /wp-cron.php?doing_wp_cron=1775647538.2681760787963867187500 HTTP/1.1" 200 20 "-" "WordPress/6.9.4; https://bfcg.com.au"
51.68.111.209 - - [08/Apr/2026:19:25:37 +0800] "GET /robots.txt HTTP/1.1" 200 108 "-" "Mozilla/5.0 (compatible; MJ12bot/v2.0.5; http://mj12bot.com/)"
51.68.111.209 - - [08/Apr/2026:19:25:38 +0800] "GET / HTTP/1.1" 200 12381 "-" "Mozilla/5.0 (compatible; MJ12bot/v2.0.5; http://mj12bot.com/)"
103.4.122.14 - - [08/Apr/2026:19:36:56 +0800] "POST /wp-cron.php?doing_wp_cron=1775648216.4308540821075439453125 HTTP/1.1" 200 20 "-" "WordPress/6.9.4; https://bfcg.com.au"
216.73.216.14 - - [08/Apr/2026:19:36:55 +0800] "GET /robots.txt HTTP/1.1" 200 108 "-" "Mozilla/5.0 AppleWebKit/537.36 (KHTML, like Gecko; compatible; ClaudeBot/1.0; +claudebot@anthropic.com)"
216.73.216.14 - - [08/Apr/2026:19:36:56 +0800] "GET /wp-sitemap.xml HTTP/1.1" 200 229 "-" "Mozilla/5.0 AppleWebKit/537.36 (KHTML, like Gecko; compatible; ClaudeBot/1.0; +claudebot@anthropic.com)"
43.166.7.113 - - [08/Apr/2026:19:40:16 +0800] "GET / HTTP/1.1" 403 199 "-" "Mozilla/5.0 (iPhone; CPU iPhone OS 13_2_3 like Mac OS X) AppleWebKit/605.1.15 (KHTML, like Gecko) Version/13.0.3 Mobile/15E148 Safari/604.1"
103.4.122.14 - - [08/Apr/2026:19:48:32 +0800] "POST /wp-cron.php?doing_wp_cron=1775648911.8920118808746337890625 HTTP/1.1" 200 20 "-" "WordPress/6.9.4; https://bfcg.com.au"
136.158.67.175 - - [08/Apr/2026:19:48:31 +0800] "GET / HTTP/1.1" 200 12381 "-" "Mozilla/5.0 (Macintosh; PPC Mac OS X 10_9_7) AppleWebKit/533.2 (KHTML, like Gecko) Chrome/22.0.894.0 Safari/533.2"
103.4.122.14 - - [08/Apr/2026:20:07:06 +0800] "POST /wp-cron.php?doing_wp_cron=1775650025.8400220870971679687500 HTTP/1.1" 200 20 "-" "WordPress/6.9.4; https://bfcg.com.au"
196.70.193.171 - - [08/Apr/2026:20:07:04 +0800] "GET /news/ HTTP/1.1" 200 6659 "-" "Mozilla/5.0 (Windows CE; si-LK; rv:1.9.0.20) Gecko/7863-03-30 22:32:56.442993 Firefox/3.6.16"
51.75.116.202 - - [08/Apr/2026:20:11:22 +0800] "GET /robots.txt HTTP/1.1" 200 112 "-" "Mozilla/5.0 (compatible; MJ12bot/v1.4.8; http://mj12bot.com/)"
103.4.122.14 - - [08/Apr/2026:20:11:23 +0800] "POST /wp-cron.php?doing_wp_cron=1775650283.0569150447845458984375 HTTP/1.1" 200 20 "-" "WordPress/6.9.4; https://bfcg.com.au"
51.75.116.202 - - [08/Apr/2026:20:11:24 +0800] "GET /?t= HTTP/1.1" 301 20 "-" "Mozilla/5.0 (compatible; MJ12bot/v1.4.8; http://mj12bot.com/)"
51.75.116.202 - - [08/Apr/2026:20:11:27 +0800] "GET /robots.txt HTTP/1.1" 200 112 "-" "Mozilla/5.0 (compatible; MJ12bot/v1.4.8; http://mj12bot.com/)"
51.75.116.202 - - [08/Apr/2026:20:11:30 +0800] "GET /?t HTTP/1.1" 200 12381 "-" "Mozilla/5.0 (compatible; MJ12bot/v1.4.8; http://mj12bot.com/)"
103.4.122.14 - - [08/Apr/2026:20:24:55 +0800] "POST /wp-cron.php?doing_wp_cron=1775651094.9116010665893554687500 HTTP/1.1" 200 20 "-" "WordPress/6.9.4; https://bfcg.com.au"
186.189.89.159 - - [08/Apr/2026:20:24:54 +0800] "GET /log-in/ HTTP/1.1" 200 6670 "-" "Opera/8.52.(Windows NT 6.1; ja-JP) Presto/2.9.187 Version/10.00"
103.4.122.14 - - [08/Apr/2026:20:45:59 +0800] "POST /wp-cron.php?doing_wp_cron=1775652359.0751419067382812500000 HTTP/1.1" 200 20 "-" "WordPress/6.9.4; https://bfcg.com.au"
45.163.199.124 - - [08/Apr/2026:20:45:58 +0800] "GET /category/news/ HTTP/1.1" 200 6601 "-" "Opera/8.54.(Windows 95; sv-SE) Presto/2.9.163 Version/10.00"
103.4.122.14 - - [08/Apr/2026:20:51:22 +0800] "POST /wp-cron.php?doing_wp_cron=1775652682.1476900577545166015625 HTTP/1.1" 200 20 "-" "WordPress/6.9.4; https://bfcg.com.au"
103.4.122.13 - - [08/Apr/2026:20:51:21 +0800] "GET / HTTP/1.1" 200 47616 "https://wpmain.screwlooseit.com.au" "Mozilla/5.0 (compatible; MainWP/6.0.8; +http://mainwp.com)"
103.4.122.14 - - [08/Apr/2026:20:58:25 +0800] "POST /wp-cron.php?doing_wp_cron=1775653104.7889590263366699218750 HTTP/1.1" 200 20 "-" "WordPress/6.9.4; https://bfcg.com.au"
114.119.139.207 - - [08/Apr/2026:20:58:23 +0800] "GET /docs/employee-resources/admin/ HTTP/1.1" 200 9588 "https://bfcg.com.au/docs/employee-resources/scheduled-maintenance/250hr-service-skid-steer/" "Mozilla/5.0 (Linux; Android 7.0;) AppleWebKit/537.36 (KHTML, like Gecko) Mobile Safari/537.36 (compatible; PetalBot;+https://webmaster.petalsearch.com/site/petalbot)"
103.4.122.14 - - [08/Apr/2026:21:01:30 +0800] "POST /wp-cron.php?doing_wp_cron=1775653290.5505959987640380859375 HTTP/1.1" 200 20 "-" "WordPress/6.9.4; https://bfcg.com.au"
114.119.137.237 - - [08/Apr/2026:21:01:29 +0800] "GET /docs/employee-resources HTTP/1.1" 301 20 "https://bfcg.com.au/docs/employee-resources/scheduled-maintenance/250hr-service-mack-truck" "Mozilla/5.0 (Linux; Android 7.0;) AppleWebKit/537.36 (KHTML, like Gecko) Mobile Safari/537.36 (compatible; PetalBot;+https://webmaster.petalsearch.com/site/petalbot)"
114.119.137.237 - - [08/Apr/2026:21:01:32 +0800] "GET /docs/employee-resources/ HTTP/1.1" 200 9519 "https://bfcg.com.au/docs/employee-resources/scheduled-maintenance/250hr-service-mack-truck" "Mozilla/5.0 (Linux; Android 7.0;) AppleWebKit/537.36 (KHTML, like Gecko) Mobile Safari/537.36 (compatible; PetalBot;+https://webmaster.petalsearch.com/site/petalbot)"
103.4.122.14 - - [08/Apr/2026:21:22:26 +0800] "POST /wp-cron.php?doing_wp_cron=1775654546.7770559787750244140625 HTTP/1.1" 200 20 "-" "WordPress/6.9.4; https://bfcg.com.au"
193.233.123.6 - - [08/Apr/2026:21:22:25 +0800] "GET /author/bfcgroup/ HTTP/1.1" 200 6776 "-" "Mozilla/5.0 (Android 7.0; Mobile; rv:5.0) Gecko/5.0 Firefox/5.0"
66.249.81.36 - - [08/Apr/2026:21:28:26 +0800] "GET /.well-known/traffic-advice HTTP/1.1" 404 6156 "-" "Chrome Privacy Preserving Prefetch Proxy"
103.4.122.14 - - [08/Apr/2026:21:28:27 +0800] "POST /wp-cron.php?doing_wp_cron=1775654907.2714490890502929687500 HTTP/1.1" 200 20 "-" "WordPress/6.9.4; https://bfcg.com.au"
162.120.187.172 - - [08/Apr/2026:21:28:26 +0800] "GET / HTTP/1.1" 200 12381 "https://www.google.com/" "Mozilla/5.0 (Windows NT 10.0; Win64; x64) AppleWebKit/537.36 (KHTML, like Gecko) Chrome/146.0.0.0 Safari/537.36"
103.4.122.14 - - [08/Apr/2026:21:45:19 +0800] "POST /wp-cron.php?doing_wp_cron=1775655919.3205490112304687500000 HTTP/1.1" 200 20 "-" "WordPress/6.9.4; https://bfcg.com.au"
103.131.71.34 - - [08/Apr/2026:21:45:18 +0800] "GET /robots.txt HTTP/1.1" 200 108 "-" "Mozilla/5.0 (compatible; coccocbot-image/1.0; +http://help.coccoc.com/searchengine)"
103.131.71.43 - - [08/Apr/2026:21:45:20 +0800] "GET /wp-content/uploads/2020/08/logo-alt.png HTTP/1.1" 304 - "-" "Mozilla/5.0 (compatible; coccocbot-image/1.0; +http://help.coccoc.com/searchengine)"
103.4.122.14 - - [08/Apr/2026:21:48:05 +0800] "POST /wp-cron.php?doing_wp_cron=1775656085.4907550811767578125000 HTTP/1.1" 200 20 "-" "WordPress/6.9.4; https://bfcg.com.au"
52.167.144.214 - - [08/Apr/2026:21:48:04 +0800] "GET /wp-sitemap-users-1.xml HTTP/1.1" 200 184 "-" "Mozilla/5.0 AppleWebKit/537.36 (KHTML, like Gecko; compatible; bingbot/2.0; +http://www.bing.com/bingbot.htm) Chrome/116.0.1938.76 Safari/537.36"
103.4.122.14 - - [08/Apr/2026:21:57:18 +0800] "POST /wp-cron.php?doing_wp_cron=1775656638.7100679874420166015625 HTTP/1.1" 200 20 "-" "WordPress/6.9.4; https://bfcg.com.au"
103.209.196.232 - - [08/Apr/2026:21:57:17 +0800] "GET /docs/employee-resources/admin/site-induction-checklist/ HTTP/1.1" 200 9551 "-" "Mozilla/5.0 (Windows NT 6.3; WOW64) AppleWebKit/537.36 (KHTML, like Gecko) Chrome/63.0.3215.0 Safari/537.36"
66.132.195.98 - - [08/Apr/2026:21:57:25 +0800] "GET / HTTP/1.1" 200 12381 "-" "Mozilla/5.0 (compatible; CensysInspect/1.1; +https://about.censys.io/)"
66.132.195.98 - - [08/Apr/2026:21:57:31 +0800] "GET /wp-content/uploads/2020/08/cropped-favicon-32x32.png HTTP/1.1" 200 1889 "-" "Mozilla/5.0 (compatible; CensysInspect/1.1; +https://about.censys.io/)"
66.132.195.98 - - [08/Apr/2026:21:57:34 +0800] "GET /wp-content/uploads/2020/08/cropped-favicon-192x192.png HTTP/1.1" 200 20052 "-" "Mozilla/5.0 (compatible; CensysInspect/1.1; +https://about.censys.io/)"
66.132.195.98 - - [08/Apr/2026:21:57:38 +0800] "GET /wp-content/uploads/2020/08/cropped-favicon-180x180.png HTTP/1.1" 200 23689 "-" "Mozilla/5.0 (compatible; CensysInspect/1.1; +https://about.censys.io/)"
103.4.122.14 - - [08/Apr/2026:22:04:11 +0800] "POST /wp-cron.php?doing_wp_cron=1775657051.7052900791168212890625 HTTP/1.1" 200 20 "-" "WordPress/6.9.4; https://bfcg.com.au"
193.186.4.170 - - [08/Apr/2026:22:04:10 +0800] "GET / HTTP/1.1" 200 12381 "https://www.google.com/" "Mozilla/5.0 (Windows NT 10.0; Win64; x64) AppleWebKit/537.36 (KHTML, like Gecko) Chrome/146.0.0.0 Safari/537.36"
103.4.122.14 - - [08/Apr/2026:22:14:48 +0800] "POST /wp-cron.php?doing_wp_cron=1775657688.9360289573669433593750 HTTP/1.1" 200 20 "-" "WordPress/6.9.4; https://bfcg.com.au"
72.146.17.168 - - [08/Apr/2026:22:14:48 +0800] "GET /wp-content/plugins/hellopress/wp_filemanager.php HTTP/1.1" 404 23056 "-" "-"
72.146.17.168 - - [08/Apr/2026:22:14:49 +0800] "GET /ahax.php HTTP/1.1" 404 23056 "-" "-"
72.146.17.168 - - [08/Apr/2026:22:14:50 +0800] "GET /uwu2.php HTTP/1.1" 404 23056 "-" "-"
72.146.17.168 - - [08/Apr/2026:22:14:51 +0800] "GET /nc4.php HTTP/1.1" 404 23056 "-" "-"
72.146.17.168 - - [08/Apr/2026:22:14:52 +0800] "GET /akcc.php HTTP/1.1" 404 23056 "-" "-"
72.146.17.168 - - [08/Apr/2026:22:14:53 +0800] "GET /wp.php HTTP/1.1" 404 23056 "-" "-"
72.146.17.168 - - [08/Apr/2026:22:14:54 +0800] "GET /zews.php HTTP/1.1" 404 23056 "-" "-"
72.146.17.168 - - [08/Apr/2026:22:14:55 +0800] "GET /zwso.php HTTP/1.1" 404 23056 "-" "-"
72.146.17.168 - - [08/Apr/2026:22:14:56 +0800] "GET /124.php HTTP/1.1" 404 23056 "-" "-"
72.146.17.168 - - [08/Apr/2026:22:14:57 +0800] "GET /epinyins.php HTTP/1.1" 404 23056 "-" "-"
72.146.17.168 - - [08/Apr/2026:22:14:58 +0800] "GET /geck.php HTTP/1.1" 404 23056 "-" "-"
72.146.17.168 - - [08/Apr/2026:22:14:59 +0800] "GET /shout.php HTTP/1.1" 403 199 "-" "-"
72.146.17.168 - - [08/Apr/2026:22:15:01 +0800] "GET /shout.php HTTP/1.1" 403 199 "-" "-"
72.146.17.168 - - [08/Apr/2026:22:15:05 +0800] "GET /shout.php HTTP/1.1" 403 199 "-" "-"
72.146.17.168 - - [08/Apr/2026:22:15:07 +0800] "GET /shout.php HTTP/1.1" 403 199 "-" "-"
72.146.17.168 - - [08/Apr/2026:22:15:09 +0800] "GET /size.php HTTP/1.1" 403 199 "-" "-"
72.146.17.168 - - [08/Apr/2026:22:15:13 +0800] "GET /size.php HTTP/1.1" 403 199 "-" "-"
72.146.17.168 - - [08/Apr/2026:22:15:16 +0800] "GET /size.php HTTP/1.1" 403 199 "-" "-"
72.146.17.168 - - [08/Apr/2026:22:15:19 +0800] "GET /size.php HTTP/1.1" 403 199 "-" "-"
72.146.17.168 - - [08/Apr/2026:22:15:21 +0800] "GET /wp-gr.php HTTP/1.1" 403 199 "-" "-"
72.146.17.168 - - [08/Apr/2026:22:15:23 +0800] "GET /wp-gr.php HTTP/1.1" 403 199 "-" "-"
72.146.17.168 - - [08/Apr/2026:22:15:35 +0800] "GET /wp-gr.php HTTP/1.1" 403 199 "-" "-"
72.146.17.168 - - [08/Apr/2026:22:15:48 +0800] "GET /wp-mn.php HTTP/1.1" 403 199 "-" "-"
103.4.122.14 - - [08/Apr/2026:22:16:01 +0800] "POST /wp-cron.php?doing_wp_cron=1775657761.2297489643096923828125 HTTP/1.1" 200 20 "-" "WordPress/6.9.4; https://bfcg.com.au"
72.146.17.168 - - [08/Apr/2026:22:16:00 +0800] "GET /wp-mt.php HTTP/1.1" 404 23056 "-" "-"
72.146.17.168 - - [08/Apr/2026:22:16:01 +0800] "GET /ww.php HTTP/1.1" 404 23056 "-" "-"
72.146.17.168 - - [08/Apr/2026:22:16:02 +0800] "GET /111.php HTTP/1.1" 404 23056 "-" "-"
72.146.17.168 - - [08/Apr/2026:22:16:03 +0800] "GET /ova.php HTTP/1.1" 404 23056 "-" "-"
72.146.17.168 - - [08/Apr/2026:22:16:05 +0800] "GET /abcd.php HTTP/1.1" 404 23056 "-" "-"
72.146.17.168 - - [08/Apr/2026:22:16:06 +0800] "GET /chosen.php HTTP/1.1" 404 23056 "-" "-"
72.146.17.168 - - [08/Apr/2026:22:16:07 +0800] "GET /123.php HTTP/1.1" 404 23056 "-" "-"
72.146.17.168 - - [08/Apr/2026:22:16:08 +0800] "GET /we.php HTTP/1.1" 404 23056 "-" "-"
72.146.17.168 - - [08/Apr/2026:22:16:09 +0800] "GET /goat.php HTTP/1.1" 404 23056 "-" "-"
72.146.17.168 - - [08/Apr/2026:22:16:10 +0800] "GET /ioxi-o.php HTTP/1.1" 404 23056 "-" "-"
72.146.17.168 - - [08/Apr/2026:22:16:12 +0800] "GET /v.php HTTP/1.1" 404 23056 "-" "-"
72.146.17.168 - - [08/Apr/2026:22:16:13 +0800] "GET /ar.php HTTP/1.1" 403 199 "-" "-"
72.146.17.168 - - [08/Apr/2026:22:16:15 +0800] "GET /ar.php HTTP/1.1" 403 199 "-" "-"
72.146.17.168 - - [08/Apr/2026:22:16:19 +0800] "GET /ar.php HTTP/1.1" 403 199 "-" "-"
72.146.17.168 - - [08/Apr/2026:22:16:33 +0800] "GET /qing.php HTTP/1.1" 403 199 "-" "-"
72.146.17.168 - - [08/Apr/2026:22:16:39 +0800] "GET /qing.php HTTP/1.1" 403 199 "-" "-"
72.146.17.168 - - [08/Apr/2026:22:16:52 +0800] "GET /lv.php HTTP/1.1" 403 199 "-" "-"
72.146.17.168 - - [08/Apr/2026:22:16:57 +0800] "GET /lv.php HTTP/1.1" 403 199 "-" "-"
72.146.17.168 - - [08/Apr/2026:22:16:59 +0800] "GET /lv.php HTTP/1.1" 403 199 "-" "-"
72.146.17.168 - - [08/Apr/2026:22:17:01 +0800] "GET /lv.php HTTP/1.1" 403 199 "-" "-"
72.146.17.168 - - [08/Apr/2026:22:17:03 +0800] "GET /mms.php HTTP/1.1" 403 199 "-" "-"
72.146.17.168 - - [08/Apr/2026:22:17:05 +0800] "GET /mms.php HTTP/1.1" 403 199 "-" "-"
72.146.17.168 - - [08/Apr/2026:22:17:10 +0800] "GET /mms.php HTTP/1.1" 403 199 "-" "-"
103.4.122.14 - - [08/Apr/2026:22:17:13 +0800] "POST /wp-cron.php?doing_wp_cron=1775657833.1367440223693847656250 HTTP/1.1" 200 20 "-" "WordPress/6.9.4; https://bfcg.com.au"
72.146.17.168 - - [08/Apr/2026:22:17:12 +0800] "GET /mms.php HTTP/1.1" 404 23056 "-" "-"
72.146.17.168 - - [08/Apr/2026:22:17:13 +0800] "GET /gmo.php HTTP/1.1" 404 23056 "-" "-"
72.146.17.168 - - [08/Apr/2026:22:17:14 +0800] "GET /dev.php HTTP/1.1" 404 23056 "-" "-"
72.146.17.168 - - [08/Apr/2026:22:17:15 +0800] "GET /lite.php HTTP/1.1" 404 23056 "-" "-"
72.146.17.168 - - [08/Apr/2026:22:17:16 +0800] "GET /error.php HTTP/1.1" 404 23056 "-" "-"
72.146.17.168 - - [08/Apr/2026:22:17:17 +0800] "GET /pp.php HTTP/1.1" 404 23056 "-" "-"
72.146.17.168 - - [08/Apr/2026:22:17:19 +0800] "GET /a1.php HTTP/1.1" 404 23056 "-" "-"
72.146.17.168 - - [08/Apr/2026:22:17:20 +0800] "GET /a2.php HTTP/1.1" 404 23056 "-" "-"
72.146.17.168 - - [08/Apr/2026:22:17:21 +0800] "GET /lock360.php HTTP/1.1" 404 23056 "-" "-"
72.146.17.168 - - [08/Apr/2026:22:17:22 +0800] "GET /alfa.php HTTP/1.1" 404 23056 "-" "-"
72.146.17.168 - - [08/Apr/2026:22:17:23 +0800] "GET /ee.php HTTP/1.1" 404 23056 "-" "-"
72.146.17.168 - - [08/Apr/2026:22:17:24 +0800] "GET /6.php HTTP/1.1" 403 199 "-" "-"
72.146.17.168 - - [08/Apr/2026:22:17:28 +0800] "GET /6.php HTTP/1.1" 403 199 "-" "-"
72.146.17.168 - - [08/Apr/2026:22:17:30 +0800] "GET /6.php HTTP/1.1" 403 199 "-" "-"
72.146.17.168 - - [08/Apr/2026:22:17:34 +0800] "GET /6.php HTTP/1.1" 403 199 "-" "-"
103.4.122.14 - - [08/Apr/2026:22:17:39 +0800] "POST /wp-cron.php?doing_wp_cron=1775657859.3143990039825439453125 HTTP/1.1" 200 20 "-" "WordPress/6.9.4; https://bfcg.com.au"
14.176.43.217 - - [08/Apr/2026:22:17:38 +0800] "GET /docs/employee-resources/scheduled-maintenance/light-vehicle-service/ HTTP/1.1" 200 9574 "-" "Mozilla/5.0 (Macintosh; Intel Mac OS X 10_15_2) AppleWebKit/537.36 (KHTML, like Gecko) Chrome/79.0.3945.130 Safari/537.36"
72.146.17.168 - - [08/Apr/2026:22:17:44 +0800] "GET /12.php HTTP/1.1" 403 199 "-" "-"
72.146.17.168 - - [08/Apr/2026:22:17:47 +0800] "GET /12.php HTTP/1.1" 403 199 "-" "-"
72.146.17.168 - - [08/Apr/2026:22:18:13 +0800] "GET /2.php HTTP/1.1" 403 199 "-" "-"
72.146.17.168 - - [08/Apr/2026:22:18:18 +0800] "GET /2.php HTTP/1.1" 403 199 "-" "-"
72.146.17.168 - - [08/Apr/2026:22:18:20 +0800] "GET /2.php HTTP/1.1" 403 199 "-" "-"
72.146.17.168 - - [08/Apr/2026:22:18:23 +0800] "GET /2.php HTTP/1.1" 404 23056 "-" "-"
72.146.17.168 - - [08/Apr/2026:22:18:25 +0800] "GET /13.php HTTP/1.1" 404 23056 "-" "-"
72.146.17.168 - - [08/Apr/2026:22:18:26 +0800] "GET /13k.php HTTP/1.1" 404 23056 "-" "-"
72.146.17.168 - - [08/Apr/2026:22:18:27 +0800] "GET /css.php HTTP/1.1" 404 23056 "-" "-"
72.146.17.168 - - [08/Apr/2026:22:18:28 +0800] "GET /bypass.php HTTP/1.1" 404 23056 "-" "-"
72.146.17.168 - - [08/Apr/2026:22:18:29 +0800] "GET /3.php HTTP/1.1" 404 23056 "-" "-"
72.146.17.168 - - [08/Apr/2026:22:18:30 +0800] "GET /10.php HTTP/1.1" 404 23056 "-" "-"
72.146.17.168 - - [08/Apr/2026:22:18:31 +0800] "GET /kk.php HTTP/1.1" 404 23056 "-" "-"
72.146.17.168 - - [08/Apr/2026:22:18:32 +0800] "GET /cf.php HTTP/1.1" 404 23056 "-" "-"
72.146.17.168 - - [08/Apr/2026:22:18:32 +0800] "GET /456.php HTTP/1.1" 404 23056 "-" "-"
72.146.17.168 - - [08/Apr/2026:22:18:33 +0800] "GET /7.php HTTP/1.1" 404 23056 "-" "-"
72.146.17.168 - - [08/Apr/2026:22:18:34 +0800] "GET /2x.php HTTP/1.1" 403 199 "-" "-"
72.146.17.168 - - [08/Apr/2026:22:18:42 +0800] "GET /2x.php HTTP/1.1" 403 199 "-" "-"
72.146.17.168 - - [08/Apr/2026:22:18:55 +0800] "GET /aa.php HTTP/1.1" 403 199 "-" "-"
72.146.17.168 - - [08/Apr/2026:22:18:57 +0800] "GET /aa.php HTTP/1.1" 403 199 "-" "-"
72.146.17.168 - - [08/Apr/2026:22:18:59 +0800] "GET /aa.php HTTP/1.1" 403 199 "-" "-"
72.146.17.168 - - [08/Apr/2026:22:19:02 +0800] "GET /aa.php HTTP/1.1" 403 199 "-" "-"
72.146.17.168 - - [08/Apr/2026:22:19:04 +0800] "GET /goods.php HTTP/1.1" 403 199 "-" "-"
72.146.17.168 - - [08/Apr/2026:22:19:06 +0800] "GET /goods.php HTTP/1.1" 403 199 "-" "-"
72.146.17.168 - - [08/Apr/2026:22:19:07 +0800] "GET /goods.php HTTP/1.1" 403 199 "-" "-"
72.146.17.168 - - [08/Apr/2026:22:19:08 +0800] "GET /goods.php HTTP/1.1" 403 199 "-" "-"
72.146.17.168 - - [08/Apr/2026:22:19:21 +0800] "GET /pepe.php HTTP/1.1" 403 199 "-" "-"
72.146.17.168 - - [08/Apr/2026:22:19:29 +0800] "GET /file32.php HTTP/1.1" 403 199 "-" "-"
72.146.17.168 - - [08/Apr/2026:22:19:31 +0800] "GET /file32.php HTTP/1.1" 403 199 "-" "-"
103.4.122.14 - - [08/Apr/2026:22:19:35 +0800] "POST /wp-cron.php?doing_wp_cron=1775657975.6181290149688720703125 HTTP/1.1" 200 20 "-" "WordPress/6.9.4; https://bfcg.com.au"
72.146.17.168 - - [08/Apr/2026:22:19:34 +0800] "GET /file32.php HTTP/1.1" 404 23056 "-" "-"
72.146.17.168 - - [08/Apr/2026:22:19:36 +0800] "GET /file.php HTTP/1.1" 404 23056 "-" "-"
103.4.122.14 - - [08/Apr/2026:22:19:37 +0800] "POST /wp-cron.php?doing_wp_cron=1775657977.8368198871612548828125 HTTP/1.1" 200 20 "-" "WordPress/6.9.4; https://bfcg.com.au"
72.146.17.168 - - [08/Apr/2026:22:19:37 +0800] "GET /x.php HTTP/1.1" 404 23056 "-" "-"
72.146.17.168 - - [08/Apr/2026:22:19:38 +0800] "GET /11.php HTTP/1.1" 404 23056 "-" "-"
72.146.17.168 - - [08/Apr/2026:22:19:39 +0800] "GET /class20.php HTTP/1.1" 404 23056 "-" "-"
72.146.17.168 - - [08/Apr/2026:22:19:40 +0800] "GET /ll.php HTTP/1.1" 404 23056 "-" "-"
72.146.17.168 - - [08/Apr/2026:22:19:42 +0800] "GET /wp-admin/maint/maint.php HTTP/1.1" 404 23056 "-" "-"
72.146.17.168 - - [08/Apr/2026:22:19:43 +0800] "GET /atomlib.php HTTP/1.1" 404 23056 "-" "-"
72.146.17.168 - - [08/Apr/2026:22:19:44 +0800] "GET /system_log.php HTTP/1.1" 404 23056 "-" "-"
72.146.17.168 - - [08/Apr/2026:22:19:45 +0800] "GET /wp-gr.php HTTP/1.1" 404 23056 "-" "-"
72.146.17.168 - - [08/Apr/2026:22:19:46 +0800] "GET /asus.php HTTP/1.1" 404 23056 "-" "-"
72.146.17.168 - - [08/Apr/2026:22:19:47 +0800] "GET /wp.php HTTP/1.1" 403 199 "-" "-"
72.146.17.168 - - [08/Apr/2026:22:19:52 +0800] "GET /wp.php HTTP/1.1" 403 199 "-" "-"
72.146.17.168 - - [08/Apr/2026:22:19:54 +0800] "GET /wp.php HTTP/1.1" 403 199 "-" "-"
72.146.17.168 - - [08/Apr/2026:22:20:04 +0800] "GET /xx.php HTTP/1.1" 403 199 "-" "-"
72.146.17.168 - - [08/Apr/2026:22:20:05 +0800] "GET /xx.php HTTP/1.1" 403 199 "-" "-"
72.146.17.168 - - [08/Apr/2026:22:20:07 +0800] "GET /xx.php HTTP/1.1" 403 199 "-" "-"
72.146.17.168 - - [08/Apr/2026:22:20:09 +0800] "GET /xx.php HTTP/1.1" 403 199 "-" "-"
72.146.17.168 - - [08/Apr/2026:22:20:12 +0800] "GET /wp-mn.php HTTP/1.1" 403 199 "-" "-"
72.146.17.168 - - [08/Apr/2026:22:20:14 +0800] "GET /wp-mn.php HTTP/1.1" 403 199 "-" "-"
