20.203.215.185 - - [01/Apr/2026:18:56:41 +0800] "GET /ws42.php HTTP/1.1" 403 199 "-" "-"
20.203.215.185 - - [01/Apr/2026:18:56:42 +0800] "GET /ws42.php HTTP/1.1" 403 199 "-" "-"
20.203.215.185 - - [01/Apr/2026:18:56:42 +0800] "GET /66.php HTTP/1.1" 403 199 "-" "-"
20.203.215.185 - - [01/Apr/2026:18:56:43 +0800] "GET /66.php HTTP/1.1" 403 199 "-" "-"
20.203.215.185 - - [01/Apr/2026:18:56:44 +0800] "GET /66.php HTTP/1.1" 403 199 "-" "-"
20.203.215.185 - - [01/Apr/2026:18:56:45 +0800] "GET /66.php HTTP/1.1" 403 199 "-" "-"
20.203.215.185 - - [01/Apr/2026:18:56:46 +0800] "GET /wgift1.php HTTP/1.1" 403 199 "-" "-"
20.203.215.185 - - [01/Apr/2026:18:56:46 +0800] "GET /wgift1.php HTTP/1.1" 403 199 "-" "-"
20.203.215.185 - - [01/Apr/2026:18:56:47 +0800] "GET /wgift1.php HTTP/1.1" 403 199 "-" "-"
20.203.215.185 - - [01/Apr/2026:18:56:48 +0800] "GET /wgift1.php HTTP/1.1" 403 199 "-" "-"
20.203.215.185 - - [01/Apr/2026:18:56:48 +0800] "GET /aa.php HTTP/1.1" 403 199 "-" "-"
20.203.215.185 - - [01/Apr/2026:18:56:49 +0800] "GET /aa.php HTTP/1.1" 403 199 "-" "-"
20.203.215.185 - - [01/Apr/2026:18:56:49 +0800] "GET /aa.php HTTP/1.1" 403 199 "-" "-"
20.203.215.185 - - [01/Apr/2026:18:56:50 +0800] "GET /aa.php HTTP/1.1" 403 199 "-" "-"
20.203.215.185 - - [01/Apr/2026:18:56:50 +0800] "GET /north1.php HTTP/1.1" 403 199 "-" "-"
20.203.215.185 - - [01/Apr/2026:18:56:51 +0800] "GET /north1.php HTTP/1.1" 403 199 "-" "-"
20.203.215.185 - - [01/Apr/2026:18:56:52 +0800] "GET /north1.php HTTP/1.1" 403 199 "-" "-"
20.203.215.185 - - [01/Apr/2026:18:56:53 +0800] "GET /north1.php HTTP/1.1" 403 199 "-" "-"
20.203.215.185 - - [01/Apr/2026:18:56:53 +0800] "GET /eee.php HTTP/1.1" 403 199 "-" "-"
20.203.215.185 - - [01/Apr/2026:18:56:54 +0800] "GET /eee.php HTTP/1.1" 403 199 "-" "-"
20.203.215.185 - - [01/Apr/2026:18:56:54 +0800] "GET /eee.php HTTP/1.1" 403 199 "-" "-"
20.203.215.185 - - [01/Apr/2026:18:56:55 +0800] "GET /eee.php HTTP/1.1" 403 199 "-" "-"
20.203.215.185 - - [01/Apr/2026:18:56:56 +0800] "GET /ggb.php HTTP/1.1" 403 199 "-" "-"
20.203.215.185 - - [01/Apr/2026:18:56:57 +0800] "GET /ggb.php HTTP/1.1" 403 199 "-" "-"
20.203.215.185 - - [01/Apr/2026:18:56:57 +0800] "GET /ggb.php HTTP/1.1" 403 199 "-" "-"
20.203.215.185 - - [01/Apr/2026:18:56:58 +0800] "GET /ggb.php HTTP/1.1" 403 199 "-" "-"
20.203.215.185 - - [01/Apr/2026:18:56:59 +0800] "GET /wp-admin/admin.php HTTP/1.1" 403 199 "-" "-"
20.203.215.185 - - [01/Apr/2026:18:56:59 +0800] "GET /wp-admin/admin.php HTTP/1.1" 403 199 "-" "-"
20.203.215.185 - - [01/Apr/2026:18:57:00 +0800] "GET /wp-admin/admin.php HTTP/1.1" 403 199 "-" "-"
20.203.215.185 - - [01/Apr/2026:18:57:00 +0800] "GET /wp-admin/admin.php HTTP/1.1" 403 199 "-" "-"
20.203.215.185 - - [01/Apr/2026:18:57:05 +0800] "GET /ws77.php HTTP/1.1" 403 199 "-" "-"
20.203.215.185 - - [01/Apr/2026:18:57:22 +0800] "GET /gpt-sh.php HTTP/1.1" 403 199 "-" "-"
20.203.215.185 - - [01/Apr/2026:18:57:23 +0800] "GET /gpt-sh.php HTTP/1.1" 403 199 "-" "-"
20.203.215.185 - - [01/Apr/2026:18:57:23 +0800] "GET /gpt-sh.php HTTP/1.1" 403 199 "-" "-"
20.203.215.185 - - [01/Apr/2026:18:57:24 +0800] "GET /gpt-sh.php HTTP/1.1" 403 199 "-" "-"
20.203.215.185 - - [01/Apr/2026:18:57:25 +0800] "GET /f6.php HTTP/1.1" 403 199 "-" "-"
20.203.215.185 - - [01/Apr/2026:18:57:25 +0800] "GET /f6.php HTTP/1.1" 403 199 "-" "-"
20.203.215.185 - - [01/Apr/2026:18:57:26 +0800] "GET /f6.php HTTP/1.1" 403 199 "-" "-"
20.203.215.185 - - [01/Apr/2026:18:57:27 +0800] "GET /f6.php HTTP/1.1" 403 199 "-" "-"
20.203.215.185 - - [01/Apr/2026:18:57:28 +0800] "GET /ws85.php HTTP/1.1" 403 199 "-" "-"
20.203.215.185 - - [01/Apr/2026:18:57:28 +0800] "GET /ws85.php HTTP/1.1" 403 199 "-" "-"
20.203.215.185 - - [01/Apr/2026:18:57:29 +0800] "GET /ws85.php HTTP/1.1" 403 199 "-" "-"
20.203.215.185 - - [01/Apr/2026:18:57:29 +0800] "GET /ws85.php HTTP/1.1" 403 199 "-" "-"
20.203.215.185 - - [01/Apr/2026:18:57:30 +0800] "GET /wander.php HTTP/1.1" 403 199 "-" "-"
20.203.215.185 - - [01/Apr/2026:18:57:30 +0800] "GET /wander.php HTTP/1.1" 403 199 "-" "-"
20.203.215.185 - - [01/Apr/2026:18:57:31 +0800] "GET /wander.php HTTP/1.1" 403 199 "-" "-"
20.203.215.185 - - [01/Apr/2026:18:57:32 +0800] "GET /wander.php HTTP/1.1" 403 199 "-" "-"
20.203.215.185 - - [01/Apr/2026:18:57:33 +0800] "GET /h02ugyh.php HTTP/1.1" 403 199 "-" "-"
20.203.215.185 - - [01/Apr/2026:18:57:33 +0800] "GET /h02ugyh.php HTTP/1.1" 403 199 "-" "-"
103.4.122.14 - - [01/Apr/2026:18:57:35 +0800] "POST /wp-cron.php?doing_wp_cron=1775041055.7217049598693847656250 HTTP/1.1" 200 20 "-" "WordPress/6.9.4; https://bfcg.com.au"
20.203.215.185 - - [01/Apr/2026:18:57:34 +0800] "GET /h02ugyh.php HTTP/1.1" 404 23056 "-" "-"
20.203.215.185 - - [01/Apr/2026:18:57:36 +0800] "GET /ad.php HTTP/1.1" 404 23056 "-" "-"
103.4.122.14 - - [01/Apr/2026:18:57:38 +0800] "POST /wp-cron.php?doing_wp_cron=1775041057.9956569671630859375000 HTTP/1.1" 200 20 "-" "WordPress/6.9.4; https://bfcg.com.au"
20.203.215.185 - - [01/Apr/2026:18:57:37 +0800] "GET /z60.php HTTP/1.1" 404 23056 "-" "-"
20.203.215.185 - - [01/Apr/2026:18:57:38 +0800] "GET /gptsh.php HTTP/1.1" 404 23056 "-" "-"
20.203.215.185 - - [01/Apr/2026:18:57:39 +0800] "GET /wp-admin/maint/wta.php HTTP/1.1" 404 23056 "-" "-"
20.203.215.185 - - [01/Apr/2026:18:57:40 +0800] "GET /sql.php HTTP/1.1" 404 23056 "-" "-"
20.203.215.185 - - [01/Apr/2026:18:57:41 +0800] "GET /rithin.php HTTP/1.1" 404 23056 "-" "-"
20.203.215.185 - - [01/Apr/2026:18:57:42 +0800] "GET /wp-class.php HTTP/1.1" 404 23056 "-" "-"
20.203.215.185 - - [01/Apr/2026:18:57:43 +0800] "GET /xper1.php HTTP/1.1" 404 23056 "-" "-"
20.203.215.185 - - [01/Apr/2026:18:57:44 +0800] "GET /ws78.php HTTP/1.1" 404 23056 "-" "-"
20.203.215.185 - - [01/Apr/2026:18:57:45 +0800] "GET /uang.php HTTP/1.1" 404 23056 "-" "-"
20.203.215.185 - - [01/Apr/2026:18:57:46 +0800] "GET /save.php HTTP/1.1" 403 199 "-" "-"
20.203.215.185 - - [01/Apr/2026:18:57:47 +0800] "GET /save.php HTTP/1.1" 403 199 "-" "-"
20.203.215.185 - - [01/Apr/2026:18:57:48 +0800] "GET /save.php HTTP/1.1" 403 199 "-" "-"
20.203.215.185 - - [01/Apr/2026:18:57:48 +0800] "GET /save.php HTTP/1.1" 403 199 "-" "-"
20.203.215.185 - - [01/Apr/2026:18:57:49 +0800] "GET /wtiiy.php HTTP/1.1" 403 199 "-" "-"
20.203.215.185 - - [01/Apr/2026:18:57:49 +0800] "GET /wtiiy.php HTTP/1.1" 403 199 "-" "-"
20.203.215.185 - - [01/Apr/2026:18:57:51 +0800] "GET /wtiiy.php HTTP/1.1" 403 199 "-" "-"
20.203.215.185 - - [01/Apr/2026:18:57:53 +0800] "GET /wtiiy.php HTTP/1.1" 403 199 "-" "-"
20.203.215.185 - - [01/Apr/2026:18:57:54 +0800] "GET /xs.php HTTP/1.1" 403 199 "-" "-"
20.203.215.185 - - [01/Apr/2026:18:57:55 +0800] "GET /xs.php HTTP/1.1" 403 199 "-" "-"
20.203.215.185 - - [01/Apr/2026:18:57:56 +0800] "GET /xs.php HTTP/1.1" 403 199 "-" "-"
20.203.215.185 - - [01/Apr/2026:18:57:56 +0800] "GET /xs.php HTTP/1.1" 403 199 "-" "-"
20.203.215.185 - - [01/Apr/2026:18:57:57 +0800] "GET /bolt.php HTTP/1.1" 403 199 "-" "-"
20.203.215.185 - - [01/Apr/2026:18:57:58 +0800] "GET /bolt.php HTTP/1.1" 403 199 "-" "-"
20.203.215.185 - - [01/Apr/2026:18:57:59 +0800] "GET /bolt.php HTTP/1.1" 403 199 "-" "-"
20.203.215.185 - - [01/Apr/2026:18:58:01 +0800] "GET /bolt.php HTTP/1.1" 403 199 "-" "-"
20.203.215.185 - - [01/Apr/2026:18:58:02 +0800] "GET /gelio1.php HTTP/1.1" 403 199 "-" "-"
20.203.215.185 - - [01/Apr/2026:18:58:03 +0800] "GET /gelio1.php HTTP/1.1" 403 199 "-" "-"
20.203.215.185 - - [01/Apr/2026:18:58:04 +0800] "GET /gelio1.php HTTP/1.1" 403 199 "-" "-"
20.203.215.185 - - [01/Apr/2026:18:58:05 +0800] "GET /gelio1.php HTTP/1.1" 403 199 "-" "-"
20.203.215.185 - - [01/Apr/2026:18:58:06 +0800] "GET /as.php HTTP/1.1" 403 199 "-" "-"
20.203.215.185 - - [01/Apr/2026:18:58:06 +0800] "GET /as.php HTTP/1.1" 403 199 "-" "-"
20.203.215.185 - - [01/Apr/2026:18:58:08 +0800] "GET /as.php HTTP/1.1" 403 199 "-" "-"
20.203.215.185 - - [01/Apr/2026:18:58:08 +0800] "GET /as.php HTTP/1.1" 403 199 "-" "-"
20.203.215.185 - - [01/Apr/2026:18:58:09 +0800] "GET /yuzuru1.php HTTP/1.1" 403 199 "-" "-"
20.203.215.185 - - [01/Apr/2026:18:58:10 +0800] "GET /yuzuru1.php HTTP/1.1" 403 199 "-" "-"
20.203.215.185 - - [01/Apr/2026:18:58:10 +0800] "GET /yuzuru1.php HTTP/1.1" 403 199 "-" "-"
20.203.215.185 - - [01/Apr/2026:18:58:11 +0800] "GET /yuzuru1.php HTTP/1.1" 403 199 "-" "-"
20.203.215.185 - - [01/Apr/2026:18:58:12 +0800] "GET /gettest.php HTTP/1.1" 403 199 "-" "-"
20.203.215.185 - - [01/Apr/2026:18:58:13 +0800] "GET /gettest.php HTTP/1.1" 403 199 "-" "-"
20.203.215.185 - - [01/Apr/2026:18:58:13 +0800] "GET /gettest.php HTTP/1.1" 403 199 "-" "-"
20.203.215.185 - - [01/Apr/2026:18:58:15 +0800] "GET /gettest.php HTTP/1.1" 403 199 "-" "-"
20.203.215.185 - - [01/Apr/2026:18:58:16 +0800] "GET /sweg.php HTTP/1.1" 403 199 "-" "-"
20.203.215.185 - - [01/Apr/2026:18:58:17 +0800] "GET /sweg.php HTTP/1.1" 403 199 "-" "-"
20.203.215.185 - - [01/Apr/2026:18:58:18 +0800] "GET /sweg.php HTTP/1.1" 403 199 "-" "-"
20.203.215.185 - - [01/Apr/2026:18:58:18 +0800] "GET /sweg.php HTTP/1.1" 403 199 "-" "-"
20.203.215.185 - - [01/Apr/2026:18:58:19 +0800] "GET /xpwer1.php HTTP/1.1" 403 199 "-" "-"
20.203.215.185 - - [01/Apr/2026:18:58:20 +0800] "GET /xpwer1.php HTTP/1.1" 403 199 "-" "-"
20.203.215.185 - - [01/Apr/2026:18:58:20 +0800] "GET /xpwer1.php HTTP/1.1" 403 199 "-" "-"
20.203.215.185 - - [01/Apr/2026:18:58:21 +0800] "GET /xpwer1.php HTTP/1.1" 403 199 "-" "-"
20.203.215.185 - - [01/Apr/2026:18:58:22 +0800] "GET /ws40.php HTTP/1.1" 403 199 "-" "-"
20.203.215.185 - - [01/Apr/2026:18:58:23 +0800] "GET /ws40.php HTTP/1.1" 403 199 "-" "-"
20.203.215.185 - - [01/Apr/2026:18:58:23 +0800] "GET /ws40.php HTTP/1.1" 403 199 "-" "-"
20.203.215.185 - - [01/Apr/2026:18:58:24 +0800] "GET /ws40.php HTTP/1.1" 403 199 "-" "-"
20.203.215.185 - - [01/Apr/2026:18:58:25 +0800] "GET /albin.php HTTP/1.1" 403 199 "-" "-"
20.203.215.185 - - [01/Apr/2026:18:58:26 +0800] "GET /albin.php HTTP/1.1" 403 199 "-" "-"
20.203.215.185 - - [01/Apr/2026:18:58:27 +0800] "GET /albin.php HTTP/1.1" 403 199 "-" "-"
20.203.215.185 - - [01/Apr/2026:18:58:28 +0800] "GET /albin.php HTTP/1.1" 403 199 "-" "-"
20.203.215.185 - - [01/Apr/2026:18:58:28 +0800] "GET /awh.php HTTP/1.1" 403 199 "-" "-"
20.203.215.185 - - [01/Apr/2026:18:58:29 +0800] "GET /awh.php HTTP/1.1" 403 199 "-" "-"
20.203.215.185 - - [01/Apr/2026:18:58:30 +0800] "GET /awh.php HTTP/1.1" 403 199 "-" "-"
20.203.215.185 - - [01/Apr/2026:18:58:30 +0800] "GET /awh.php HTTP/1.1" 403 199 "-" "-"
20.203.215.185 - - [01/Apr/2026:18:58:31 +0800] "GET /shellerr.php HTTP/1.1" 403 199 "-" "-"
20.203.215.185 - - [01/Apr/2026:18:58:32 +0800] "GET /shellerr.php HTTP/1.1" 403 199 "-" "-"
20.203.215.185 - - [01/Apr/2026:18:58:33 +0800] "GET /shellerr.php HTTP/1.1" 403 199 "-" "-"
20.203.215.185 - - [01/Apr/2026:18:58:34 +0800] "GET /shellerr.php HTTP/1.1" 403 199 "-" "-"
20.203.215.185 - - [01/Apr/2026:18:58:35 +0800] "GET /wp-scanner.php HTTP/1.1" 403 199 "-" "-"
20.203.215.185 - - [01/Apr/2026:18:58:35 +0800] "GET /wp-scanner.php HTTP/1.1" 403 199 "-" "-"
20.203.215.185 - - [01/Apr/2026:18:58:36 +0800] "GET /wp-scanner.php HTTP/1.1" 403 199 "-" "-"
20.203.215.185 - - [01/Apr/2026:18:58:37 +0800] "GET /wp-scanner.php HTTP/1.1" 403 199 "-" "-"
20.203.215.185 - - [01/Apr/2026:18:58:37 +0800] "GET /8.php HTTP/1.1" 403 199 "-" "-"
20.203.215.185 - - [01/Apr/2026:18:58:38 +0800] "GET /8.php HTTP/1.1" 403 199 "-" "-"
20.203.215.185 - - [01/Apr/2026:18:58:39 +0800] "GET /8.php HTTP/1.1" 403 199 "-" "-"
20.203.215.185 - - [01/Apr/2026:18:58:41 +0800] "GET /8.php HTTP/1.1" 403 199 "-" "-"
20.203.215.185 - - [01/Apr/2026:18:58:41 +0800] "GET /to.php HTTP/1.1" 403 199 "-" "-"
20.203.215.185 - - [01/Apr/2026:18:58:43 +0800] "GET /to.php HTTP/1.1" 403 199 "-" "-"
20.203.215.185 - - [01/Apr/2026:18:58:44 +0800] "GET /to.php HTTP/1.1" 403 199 "-" "-"
103.4.122.14 - - [01/Apr/2026:18:58:46 +0800] "POST /wp-cron.php?doing_wp_cron=1775041126.3038990497589111328125 HTTP/1.1" 200 20 "-" "WordPress/6.9.4; https://bfcg.com.au"
20.203.215.185 - - [01/Apr/2026:18:58:45 +0800] "GET /to.php HTTP/1.1" 404 23056 "-" "-"
20.203.215.185 - - [01/Apr/2026:18:58:46 +0800] "GET /wp9.php HTTP/1.1" 404 23056 "-" "-"
20.203.215.185 - - [01/Apr/2026:18:58:47 +0800] "GET /ant.php HTTP/1.1" 404 23056 "-" "-"
20.203.215.185 - - [01/Apr/2026:18:58:48 +0800] "GET /ws86.php HTTP/1.1" 404 23056 "-" "-"
20.203.215.185 - - [01/Apr/2026:18:58:50 +0800] "GET /jga.php HTTP/1.1" 404 23056 "-" "-"
20.203.215.185 - - [01/Apr/2026:18:58:52 +0800] "GET /xda.php HTTP/1.1" 404 23056 "-" "-"
20.203.215.185 - - [01/Apr/2026:18:58:53 +0800] "GET /classgoto24.php HTTP/1.1" 404 23056 "-" "-"
20.203.215.185 - - [01/Apr/2026:18:58:54 +0800] "GET /ws82.php HTTP/1.1" 404 23056 "-" "-"
20.203.215.185 - - [01/Apr/2026:18:58:55 +0800] "GET /ws43.php HTTP/1.1" 404 23056 "-" "-"
20.203.215.185 - - [01/Apr/2026:18:58:56 +0800] "GET /gec.php HTTP/1.1" 404 23056 "-" "-"
20.203.215.185 - - [01/Apr/2026:18:58:57 +0800] "GET /uuu.php HTTP/1.1" 404 23056 "-" "-"
20.203.215.185 - - [01/Apr/2026:18:58:58 +0800] "GET /1.php HTTP/1.1" 403 199 "-" "-"
20.203.215.185 - - [01/Apr/2026:18:58:59 +0800] "GET /1.php HTTP/1.1" 403 199 "-" "-"
20.203.215.185 - - [01/Apr/2026:18:59:00 +0800] "GET /1.php HTTP/1.1" 403 199 "-" "-"
20.203.215.185 - - [01/Apr/2026:18:59:01 +0800] "GET /1.php HTTP/1.1" 403 199 "-" "-"
20.203.215.185 - - [01/Apr/2026:18:59:02 +0800] "GET /size.php HTTP/1.1" 403 199 "-" "-"
20.203.215.185 - - [01/Apr/2026:18:59:03 +0800] "GET /size.php HTTP/1.1" 403 199 "-" "-"
20.203.215.185 - - [01/Apr/2026:18:59:05 +0800] "GET /size.php HTTP/1.1" 403 199 "-" "-"
20.203.215.185 - - [01/Apr/2026:18:59:05 +0800] "GET /size.php HTTP/1.1" 403 199 "-" "-"
20.203.215.185 - - [01/Apr/2026:18:59:06 +0800] "GET /lib.php HTTP/1.1" 403 199 "-" "-"
20.203.215.185 - - [01/Apr/2026:18:59:07 +0800] "GET /lib.php HTTP/1.1" 403 199 "-" "-"
20.203.215.185 - - [01/Apr/2026:18:59:10 +0800] "GET /lib.php HTTP/1.1" 403 199 "-" "-"
20.203.215.185 - - [01/Apr/2026:18:59:08 +0800] "GET /lib.php HTTP/1.1" 403 199 "-" "-"
20.203.215.185 - - [01/Apr/2026:18:59:12 +0800] "GET /wp-load.php HTTP/1.1" 403 199 "-" "-"
20.203.215.185 - - [01/Apr/2026:18:59:17 +0800] "GET /wp-load.php HTTP/1.1" 403 199 "-" "-"
20.203.215.185 - - [01/Apr/2026:18:59:18 +0800] "GET /wp-load.php HTTP/1.1" 403 199 "-" "-"
20.203.215.185 - - [01/Apr/2026:18:59:20 +0800] "GET /wp-load.php HTTP/1.1" 403 199 "-" "-"
20.203.215.185 - - [01/Apr/2026:18:59:22 +0800] "GET /torsa1.php HTTP/1.1" 403 199 "-" "-"
20.203.215.185 - - [01/Apr/2026:18:59:24 +0800] "GET /torsa1.php HTTP/1.1" 403 199 "-" "-"
20.203.215.185 - - [01/Apr/2026:18:59:25 +0800] "GET /torsa1.php HTTP/1.1" 403 199 "-" "-"
20.203.215.185 - - [01/Apr/2026:18:59:26 +0800] "GET /torsa1.php HTTP/1.1" 403 199 "-" "-"
20.203.215.185 - - [01/Apr/2026:18:59:27 +0800] "GET /b.php HTTP/1.1" 403 199 "-" "-"
20.203.215.185 - - [01/Apr/2026:18:59:28 +0800] "GET /b.php HTTP/1.1" 403 199 "-" "-"
20.203.215.185 - - [01/Apr/2026:18:59:30 +0800] "GET /b.php HTTP/1.1" 403 199 "-" "-"
20.203.215.185 - - [01/Apr/2026:18:59:31 +0800] "GET /b.php HTTP/1.1" 403 199 "-" "-"
20.203.215.185 - - [01/Apr/2026:18:59:31 +0800] "GET /vaza.php HTTP/1.1" 403 199 "-" "-"
20.203.215.185 - - [01/Apr/2026:18:59:32 +0800] "GET /vaza.php HTTP/1.1" 403 199 "-" "-"
20.203.215.185 - - [01/Apr/2026:18:59:33 +0800] "GET /vaza.php HTTP/1.1" 403 199 "-" "-"
20.203.215.185 - - [01/Apr/2026:18:59:33 +0800] "GET /vaza.php HTTP/1.1" 403 199 "-" "-"
20.203.215.185 - - [01/Apr/2026:18:59:34 +0800] "GET /bnm.php HTTP/1.1" 403 199 "-" "-"
20.203.215.185 - - [01/Apr/2026:18:59:35 +0800] "GET /bnm.php HTTP/1.1" 403 199 "-" "-"
20.203.215.185 - - [01/Apr/2026:18:59:36 +0800] "GET /bnm.php HTTP/1.1" 403 199 "-" "-"
20.203.215.185 - - [01/Apr/2026:18:59:37 +0800] "GET /bnm.php HTTP/1.1" 403 199 "-" "-"
20.203.215.185 - - [01/Apr/2026:18:59:37 +0800] "GET /wp-admin/maint/admin.php HTTP/1.1" 403 199 "-" "-"
20.203.215.185 - - [01/Apr/2026:18:59:38 +0800] "GET /wp-admin/maint/admin.php HTTP/1.1" 403 199 "-" "-"
20.203.215.185 - - [01/Apr/2026:18:59:39 +0800] "GET /wp-admin/maint/admin.php HTTP/1.1" 403 199 "-" "-"
20.203.215.185 - - [01/Apr/2026:18:59:40 +0800] "GET /wp-admin/maint/admin.php HTTP/1.1" 403 199 "-" "-"
20.203.215.185 - - [01/Apr/2026:18:59:42 +0800] "GET /xc0252.php HTTP/1.1" 403 199 "-" "-"
20.203.215.185 - - [01/Apr/2026:18:59:42 +0800] "GET /xc0252.php HTTP/1.1" 403 199 "-" "-"
20.203.215.185 - - [01/Apr/2026:18:59:43 +0800] "GET /xc0252.php HTTP/1.1" 403 199 "-" "-"
20.203.215.185 - - [01/Apr/2026:18:59:44 +0800] "GET /xc0252.php HTTP/1.1" 403 199 "-" "-"
20.203.215.185 - - [01/Apr/2026:18:59:45 +0800] "GET /saorix1.php HTTP/1.1" 403 199 "-" "-"
20.203.215.185 - - [01/Apr/2026:18:59:46 +0800] "GET /saorix1.php HTTP/1.1" 403 199 "-" "-"
20.203.215.185 - - [01/Apr/2026:18:59:48 +0800] "GET /saorix1.php HTTP/1.1" 403 199 "-" "-"
20.203.215.185 - - [01/Apr/2026:18:59:49 +0800] "GET /saorix1.php HTTP/1.1" 403 199 "-" "-"
20.203.215.185 - - [01/Apr/2026:18:59:50 +0800] "GET /tx79.php HTTP/1.1" 403 199 "-" "-"
20.203.215.185 - - [01/Apr/2026:18:59:51 +0800] "GET /tx79.php HTTP/1.1" 403 199 "-" "-"
20.203.215.185 - - [01/Apr/2026:18:59:53 +0800] "GET /tx79.php HTTP/1.1" 403 199 "-" "-"
20.203.215.185 - - [01/Apr/2026:18:59:54 +0800] "GET /tx79.php HTTP/1.1" 403 199 "-" "-"
20.203.215.185 - - [01/Apr/2026:18:59:55 +0800] "GET /wp-admin/images/admin.php HTTP/1.1" 403 199 "-" "-"
20.203.215.185 - - [01/Apr/2026:18:59:56 +0800] "GET /wp-admin/images/admin.php HTTP/1.1" 403 199 "-" "-"
103.4.122.14 - - [01/Apr/2026:18:59:58 +0800] "POST /wp-cron.php?doing_wp_cron=1775041198.5809350013732910156250 HTTP/1.1" 200 20 "-" "WordPress/6.9.4; https://bfcg.com.au"
20.203.215.185 - - [01/Apr/2026:18:59:57 +0800] "GET /wp-admin/images/admin.php HTTP/1.1" 404 23056 "-" "-"
20.203.215.185 - - [01/Apr/2026:18:59:59 +0800] "GET /wp3.php HTTP/1.1" 404 23056 "-" "-"
20.203.215.185 - - [01/Apr/2026:19:00:00 +0800] "GET /v3.php HTTP/1.1" 404 23056 "-" "-"
20.203.215.185 - - [01/Apr/2026:19:00:01 +0800] "GET /v.php HTTP/1.1" 404 23056 "-" "-"
20.203.215.185 - - [01/Apr/2026:19:00:02 +0800] "GET /d2.php HTTP/1.1" 404 23056 "-" "-"
20.203.215.185 - - [01/Apr/2026:19:00:03 +0800] "GET /xc.php HTTP/1.1" 404 23056 "-" "-"
20.203.215.185 - - [01/Apr/2026:19:00:04 +0800] "GET /g.php HTTP/1.1" 404 23056 "-" "-"
20.203.215.185 - - [01/Apr/2026:19:00:05 +0800] "GET /gmo.php HTTP/1.1" 404 23056 "-" "-"
20.203.215.185 - - [01/Apr/2026:19:00:06 +0800] "GET /11.php HTTP/1.1" 404 23056 "-" "-"
20.203.215.185 - - [01/Apr/2026:19:00:07 +0800] "GET /20.php HTTP/1.1" 404 23056 "-" "-"
20.203.215.185 - - [01/Apr/2026:19:00:08 +0800] "GET /f35.php HTTP/1.1" 404 23056 "-" "-"
20.203.215.185 - - [01/Apr/2026:19:00:09 +0800] "GET /c.php HTTP/1.1" 403 199 "-" "-"
20.203.215.185 - - [01/Apr/2026:19:00:10 +0800] "GET /c.php HTTP/1.1" 403 199 "-" "-"
20.203.215.185 - - [01/Apr/2026:19:00:11 +0800] "GET /c.php HTTP/1.1" 403 199 "-" "-"
20.203.215.185 - - [01/Apr/2026:19:00:12 +0800] "GET /c.php HTTP/1.1" 403 199 "-" "-"
20.203.215.185 - - [01/Apr/2026:19:00:13 +0800] "GET /we2.php HTTP/1.1" 403 199 "-" "-"
20.203.215.185 - - [01/Apr/2026:19:00:14 +0800] "GET /we2.php HTTP/1.1" 403 199 "-" "-"
20.203.215.185 - - [01/Apr/2026:19:00:15 +0800] "GET /we2.php HTTP/1.1" 403 199 "-" "-"
20.203.215.185 - - [01/Apr/2026:19:00:16 +0800] "GET /we2.php HTTP/1.1" 403 199 "-" "-"
20.203.215.185 - - [01/Apr/2026:19:00:18 +0800] "GET /04.php HTTP/1.1" 403 199 "-" "-"
20.203.215.185 - - [01/Apr/2026:19:00:20 +0800] "GET /04.php HTTP/1.1" 403 199 "-" "-"
20.203.215.185 - - [01/Apr/2026:19:00:21 +0800] "GET /04.php HTTP/1.1" 403 199 "-" "-"
20.203.215.185 - - [01/Apr/2026:19:00:22 +0800] "GET /04.php HTTP/1.1" 403 199 "-" "-"
20.203.215.185 - - [01/Apr/2026:19:00:27 +0800] "GET /333.php HTTP/1.1" 403 199 "-" "-"
20.203.215.185 - - [01/Apr/2026:19:00:28 +0800] "GET /333.php HTTP/1.1" 403 199 "-" "-"
20.203.215.185 - - [01/Apr/2026:19:00:30 +0800] "GET /333.php HTTP/1.1" 403 199 "-" "-"
20.203.215.185 - - [01/Apr/2026:19:00:31 +0800] "GET /333.php HTTP/1.1" 403 199 "-" "-"
103.4.122.14 - - [01/Apr/2026:19:05:25 +0800] "POST /wp-cron.php?doing_wp_cron=1775041525.8159790039062500000000 HTTP/1.1" 200 20 "-" "WordPress/6.9.4; https://bfcg.com.au"
54.39.203.108 - - [01/Apr/2026:19:05:24 +0800] "GET /docs/ HTTP/1.1" 200 7675 "-" "Mozilla/5.0 (compatible; AhrefsBot/7.0; +http://ahrefs.com/robot/)"
51.222.168.209 - - [01/Apr/2026:19:06:54 +0800] "GET /wp-content/cache/autoptimize/css/autoptimize_6796ae379597d6007661f3b3eff1275c.css HTTP/1.1" 200 20979 "-" "Mozilla/5.0 (compatible; AhrefsBot/7.0; +http://ahrefs.com/robot/)"
15.235.98.11 - - [01/Apr/2026:19:06:56 +0800] "GET /wp-content/cache/autoptimize/js/autoptimize_52a9b9df7357334be92b5edaf7fdc92b.js HTTP/1.1" 200 23367 "-" "Mozilla/5.0 (compatible; AhrefsBot/7.0; +http://ahrefs.com/robot/)"
103.4.122.14 - - [01/Apr/2026:19:07:51 +0800] "POST /wp-cron.php?doing_wp_cron=1775041671.7749450206756591796875 HTTP/1.1" 200 20 "-" "WordPress/6.9.4; https://bfcg.com.au"
52.0.218.219 - - [01/Apr/2026:19:07:51 +0800] "GET /wp-json/wp/v2/docs/2802 HTTP/1.1" 200 746 "-" "Mozilla/5.0 AppleWebKit/537.36 (KHTML, like Gecko; compatible; Amazonbot/0.1; +https://developer.amazon.com/support/amazonbot) Chrome/119.0.6045.214 Safari/537.36"
103.4.122.14 - - [01/Apr/2026:19:17:17 +0800] "POST /wp-cron.php?doing_wp_cron=1775042236.9389829635620117187500 HTTP/1.1" 200 20 "-" "WordPress/6.9.4; https://bfcg.com.au"
15.235.98.49 - - [01/Apr/2026:19:17:16 +0800] "GET /docs/employee-resources/scheduled-maintenance/250hr-service-mack-truck/ HTTP/1.1" 200 9578 "-" "Mozilla/5.0 (compatible; AhrefsBot/7.0; +http://ahrefs.com/robot/)"
103.4.122.14 - - [01/Apr/2026:19:26:16 +0800] "POST /wp-cron.php?doing_wp_cron=1775042776.6335558891296386718750 HTTP/1.1" 200 20 "-" "WordPress/6.9.4; https://bfcg.com.au"
14.240.40.215 - - [01/Apr/2026:19:26:15 +0800] "GET /news/ HTTP/1.1" 200 6659 "-" "Mozilla/5.0 (Windows NT 5.1) AppleWebKit/537.36 (KHTML, like Gecko) Chrome/35.0.2309.372 Safari/537.36"
51.222.168.160 - - [01/Apr/2026:19:30:05 +0800] "GET /docs/employee-resources/scheduled-maintenance/light-vehicle-service/ HTTP/1.1" 200 9574 "-" "Mozilla/5.0 (compatible; AhrefsBot/7.0; +http://ahrefs.com/robot/)"
103.4.122.14 - - [01/Apr/2026:19:45:00 +0800] "POST /wp-cron.php?doing_wp_cron=1775043899.9314498901367187500000 HTTP/1.1" 200 20 "-" "WordPress/6.9.4; https://bfcg.com.au"
15.235.27.85 - - [01/Apr/2026:19:44:59 +0800] "GET /wp-sitemap.xml HTTP/1.1" 200 229 "-" "Mozilla/5.0 (compatible; AhrefsBot/7.0; +http://ahrefs.com/robot/)"
142.44.233.101 - - [01/Apr/2026:19:45:02 +0800] "GET /wp-sitemap-posts-post-1.xml HTTP/1.1" 200 220 "-" "Mozilla/5.0 (compatible; AhrefsBot/7.0; +http://ahrefs.com/robot/)"
54.39.210.22 - - [01/Apr/2026:19:45:04 +0800] "GET /wp-sitemap-posts-page-1.xml HTTP/1.1" 200 441 "-" "Mozilla/5.0 (compatible; AhrefsBot/7.0; +http://ahrefs.com/robot/)"
54.39.136.226 - - [01/Apr/2026:19:45:07 +0800] "GET /wp-sitemap-posts-docs-1.xml HTTP/1.1" 200 520 "-" "Mozilla/5.0 (compatible; AhrefsBot/7.0; +http://ahrefs.com/robot/)"
148.113.130.133 - - [01/Apr/2026:19:45:10 +0800] "GET /wp-sitemap-taxonomies-category-1.xml HTTP/1.1" 200 184 "-" "Mozilla/5.0 (compatible; AhrefsBot/7.0; +http://ahrefs.com/robot/)"
148.113.128.131 - - [01/Apr/2026:19:45:12 +0800] "GET /wp-sitemap-users-1.xml HTTP/1.1" 200 184 "-" "Mozilla/5.0 (compatible; AhrefsBot/7.0; +http://ahrefs.com/robot/)"
103.4.122.14 - - [01/Apr/2026:19:57:34 +0800] "POST /wp-cron.php?doing_wp_cron=1775044654.0007009506225585937500 HTTP/1.1" 200 20 "-" "WordPress/6.9.4; https://bfcg.com.au"
212.11.64.217 - - [01/Apr/2026:19:57:33 +0800] "POST /wp-confiq.php HTTP/1.1" 404 6156 "-" "Mozilla/5.0 (Windows NT 11.0; Win64; x64) AppleWebKit/537.36 (KHTML, like Gecko) Chrome/122.0.6261.57 Safari/537.36"
212.11.64.217 - - [01/Apr/2026:19:57:34 +0800] "POST /wp/wp-confiq.php HTTP/1.1" 404 6156 "-" "Mozilla/5.0 (Macintosh; Intel Mac OS X 10.15) Gecko/20100101 Firefox/119.0.1"
212.11.64.217 - - [01/Apr/2026:19:57:35 +0800] "POST /blog/wp-confiq.php HTTP/1.1" 404 6156 "https://www.linkedin.com/" "Mozilla/5.0 (Macintosh; Intel Mac OS X 10.15) Gecko/20100101 Firefox/120.0.1"
103.4.122.14 - - [01/Apr/2026:20:01:56 +0800] "POST /wp-cron.php?doing_wp_cron=1775044915.9241340160369873046875 HTTP/1.1" 200 20 "-" "WordPress/6.9.4; https://bfcg.com.au"
114.119.131.123 - - [01/Apr/2026:20:01:55 +0800] "GET / HTTP/1.1" 200 12381 "-" "Mozilla/5.0 (Linux; Android 7.0;) AppleWebKit/537.36 (HTML, like Gecko) Mobile Safari/537.36 (compatible; PetalBot;+https://webmaster.petalsearch.com/site/petalbot)"
103.4.122.14 - - [01/Apr/2026:20:04:34 +0800] "POST /wp-cron.php?doing_wp_cron=1775045074.2269010543823242187500 HTTP/1.1" 200 20 "-" "WordPress/6.9.4; https://bfcg.com.au"
54.39.0.173 - - [01/Apr/2026:20:04:33 +0800] "GET /docs/employee-resources/scheduled-maintenance/250hr-service-skid-steer/ HTTP/1.1" 200 9566 "-" "Mozilla/5.0 (compatible; AhrefsBot/7.0; +http://ahrefs.com/robot/)"
103.4.122.14 - - [01/Apr/2026:20:08:13 +0800] "POST /wp-cron.php?doing_wp_cron=1775045293.8226330280303955078125 HTTP/1.1" 200 20 "-" "WordPress/6.9.4; https://bfcg.com.au"
190.89.109.64 - - [01/Apr/2026:20:08:13 +0800] "POST /xmlrpc.php HTTP/1.1" 200 403 "-" "Jetpack by WordPress.com"
103.4.122.14 - - [01/Apr/2026:20:14:57 +0800] "POST /wp-cron.php?doing_wp_cron=1775045697.7391610145568847656250 HTTP/1.1" 200 20 "-" "WordPress/6.9.4; https://bfcg.com.au"
113.165.224.114 - - [01/Apr/2026:20:14:56 +0800] "GET /category/news/ HTTP/1.1" 200 6601 "-" "Mozilla/5.0 (Windows NT 6.1) AppleWebKit/537.36 (KHTML, like Gecko) Chrome/80.0.3987.132 Safari/537.36"
103.4.122.14 - - [01/Apr/2026:20:16:24 +0800] "POST /wp-cron.php?doing_wp_cron=1775045784.2450530529022216796875 HTTP/1.1" 200 20 "-" "WordPress/6.9.4; https://bfcg.com.au"
49.47.218.16 - - [01/Apr/2026:20:16:23 +0800] "GET / HTTP/1.1" 301 20 "-" "Mozilla/5.0 (Macintosh; Intel Mac OS X 10_15_7) AppleWebKit/537.36 (KHTML, like Gecko) Chrome/134.0.0.0 Safari/537.36"
106.254.243.70 - - [01/Apr/2026:20:16:26 +0800] "GET / HTTP/1.1" 200 12381 "https://www.linkedin.com/" "Mozilla/5.0 (Macintosh; Intel Mac OS X 10_15_7) AppleWebKit/605.1.15 (KHTML, like Gecko) Version/18.4 Safari/605.1.15"
103.4.122.14 - - [01/Apr/2026:20:16:42 +0800] "POST /wp-cron.php?doing_wp_cron=1775045802.4571409225463867187500 HTTP/1.1" 200 20 "-" "WordPress/6.9.4; https://bfcg.com.au"
3.230.35.237 - - [01/Apr/2026:20:16:41 +0800] "GET / HTTP/1.1" 301 20 "-" "Mozilla/5.0 (Macintosh; Intel Mac OS X 10.15; rv:136.0) Gecko/20100101 Firefox/136.0"
3.230.35.237 - - [01/Apr/2026:20:16:43 +0800] "GET / HTTP/1.1" 200 12381 "-" "Mozilla/5.0 (Macintosh; Intel Mac OS X 10.15; rv:136.0) Gecko/20100101 Firefox/136.0"
103.4.122.14 - - [01/Apr/2026:20:18:56 +0800] "POST /wp-cron.php?doing_wp_cron=1775045936.7784960269927978515625 HTTP/1.1" 200 20 "-" "WordPress/6.9.4; https://bfcg.com.au"
51.161.37.240 - - [01/Apr/2026:20:18:55 +0800] "GET /docs/employee-resources/admin/non-conformance-report/ HTTP/1.1" 200 9572 "-" "Mozilla/5.0 (compatible; AhrefsBot/7.0; +http://ahrefs.com/robot/)"
103.4.122.14 - - [01/Apr/2026:20:22:18 +0800] "POST /wp-cron.php?doing_wp_cron=1775046138.0647599697113037109375 HTTP/1.1" 200 20 "-" "WordPress/6.9.4; https://bfcg.com.au"
110.172.98.2 - - [01/Apr/2026:20:22:17 +0800] "GET / HTTP/1.1" 301 20 "-" "Mozilla/5.0 (Windows NT 10.0; Win64; x64) AppleWebKit/537.36 (KHTML, like Gecko) Chrome/79.0.3945.130 Safari/537.36"
103.4.122.14 - - [01/Apr/2026:20:28:32 +0800] "POST /wp-cron.php?doing_wp_cron=1775046512.1098849773406982421875 HTTP/1.1" 200 20 "-" "WordPress/6.9.4; https://bfcg.com.au"
103.155.18.32 - - [01/Apr/2026:20:28:31 +0800] "POST /xmlrpc.php HTTP/1.1" 200 403 "-" "Mozilla/5.0 (Windows NT 6.2; x86) AppleWebKit/537.36 (KHTML, like Gecko) Opera/78.0.0.0 Safari/537.36"
103.4.122.14 - - [01/Apr/2026:20:29:20 +0800] "POST /wp-cron.php?doing_wp_cron=1775046560.4473280906677246093750 HTTP/1.1" 200 20 "-" "WordPress/6.9.4; https://bfcg.com.au"
216.73.216.14 - - [01/Apr/2026:20:29:19 +0800] "GET /robots.txt HTTP/1.1" 200 108 "-" "Mozilla/5.0 AppleWebKit/537.36 (KHTML, like Gecko; compatible; ClaudeBot/1.0; +claudebot@anthropic.com)"
216.73.216.14 - - [01/Apr/2026:20:29:20 +0800] "GET /wp-sitemap.xml HTTP/1.1" 200 229 "-" "Mozilla/5.0 AppleWebKit/537.36 (KHTML, like Gecko; compatible; ClaudeBot/1.0; +claudebot@anthropic.com)"
103.155.18.32 - - [01/Apr/2026:20:31:46 +0800] "GET /wp-json/wp/v2/users HTTP/1.1" 403 199 "-" "Mozilla/4.0 (compatible; Win32; WinHttp.WinHttpRequest.5)"
103.4.122.14 - - [01/Apr/2026:20:32:45 +0800] "POST /wp-cron.php?doing_wp_cron=1775046764.8387250900268554687500 HTTP/1.1" 200 20 "-" "WordPress/6.9.4; https://bfcg.com.au"
142.44.228.64 - - [01/Apr/2026:20:32:43 +0800] "GET /docs/employee-resources/admin/timesheet/ HTTP/1.1" 200 9766 "-" "Mozilla/5.0 (compatible; AhrefsBot/7.0; +http://ahrefs.com/robot/)"
103.155.18.32 - - [01/Apr/2026:20:33:06 +0800] "POST /xmlrpc.php HTTP/1.1" 200 403 "-" "Mozilla/5.0 (Macintosh; Intel Mac OS X 10_15_7; x86) AppleWebKit/537.36 (KHTML, like Gecko) Firefox/97.0.0.0 Safari/537.36"
103.4.122.14 - - [01/Apr/2026:20:34:31 +0800] "POST /wp-cron.php?doing_wp_cron=1775046871.4917449951171875000000 HTTP/1.1" 200 20 "-" "WordPress/6.9.4; https://bfcg.com.au"
103.155.18.32 - - [01/Apr/2026:20:34:30 +0800] "POST /xmlrpc.php HTTP/1.1" 200 403 "-" "Mozilla/5.0 (Linux; Android 10; x86) AppleWebKit/537.36 (KHTML, like Gecko) Safari/13.0.0.0 Safari/537.36"
103.4.122.14 - - [01/Apr/2026:20:35:59 +0800] "POST /wp-cron.php?doing_wp_cron=1775046959.5308640003204345703125 HTTP/1.1" 200 20 "-" "WordPress/6.9.4; https://bfcg.com.au"
103.155.18.32 - - [01/Apr/2026:20:35:58 +0800] "POST /xmlrpc.php HTTP/1.1" 200 403 "-" "Mozilla/5.0 (Windows NT 6.2; arm64) AppleWebKit/537.36 (KHTML, like Gecko) Edge/94.0.0.0 Safari/537.36"
103.4.122.14 - - [01/Apr/2026:20:37:31 +0800] "POST /wp-cron.php?doing_wp_cron=1775047051.0442869663238525390625 HTTP/1.1" 200 20 "-" "WordPress/6.9.4; https://bfcg.com.au"
103.155.18.32 - - [01/Apr/2026:20:37:30 +0800] "POST /xmlrpc.php HTTP/1.1" 200 403 "-" "Mozilla/5.0 (X11; Ubuntu; Linux x86_64; x64) AppleWebKit/537.36 (KHTML, like Gecko) Safari/11.0.0.0 Safari/537.36"
103.4.122.14 - - [01/Apr/2026:20:45:26 +0800] "POST /wp-cron.php?doing_wp_cron=1775047526.6966118812561035156250 HTTP/1.1" 200 20 "-" "WordPress/6.9.4; https://bfcg.com.au"
142.44.228.189 - - [01/Apr/2026:20:45:25 +0800] "GET /docs/employee-resources/health-saftey/general/ HTTP/1.1" 200 9548 "-" "Mozilla/5.0 (compatible; AhrefsBot/7.0; +http://ahrefs.com/robot/)"
103.4.122.14 - - [01/Apr/2026:20:51:34 +0800] "POST /wp-cron.php?doing_wp_cron=1775047893.8905088901519775390625 HTTP/1.1" 200 20 "-" "WordPress/6.9.4; https://bfcg.com.au"
51.68.107.137 - - [01/Apr/2026:20:51:33 +0800] "GET /robots.txt HTTP/1.1" 200 108 "-" "Mozilla/5.0 (compatible; MJ12bot/v2.0.5; http://mj12bot.com/)"
51.68.107.137 - - [01/Apr/2026:20:51:34 +0800] "GET / HTTP/1.1" 200 12381 "-" "Mozilla/5.0 (compatible; MJ12bot/v2.0.5; http://mj12bot.com/)"
103.4.122.14 - - [01/Apr/2026:20:53:09 +0800] "POST /wp-cron.php?doing_wp_cron=1775047989.0522511005401611328125 HTTP/1.1" 200 20 "-" "WordPress/6.9.4; https://bfcg.com.au"
14.162.19.241 - - [01/Apr/2026:20:53:08 +0800] "GET /docs/employee-resources/scheduled-maintenance/screen-service-sheet/ HTTP/1.1" 200 9785 "-" "Mozilla/5.0 (Macintosh; Intel Mac OS X 10_10_1) AppleWebKit/537.36 (KHTML, like Gecko) Chrome/37.0.2062.124 Safari/537.36"
103.4.122.14 - - [01/Apr/2026:20:57:21 +0800] "POST /wp-cron.php?doing_wp_cron=1775048241.3465349674224853515625 HTTP/1.1" 200 20 "-" "WordPress/6.9.4; https://bfcg.com.au"
148.113.130.199 - - [01/Apr/2026:20:57:20 +0800] "GET /docs/employee-resources/admin/site-induction-checklist/ HTTP/1.1" 200 9553 "-" "Mozilla/5.0 (compatible; AhrefsBot/7.0; +http://ahrefs.com/robot/)"
103.4.122.14 - - [01/Apr/2026:21:07:59 +0800] "POST /wp-cron.php?doing_wp_cron=1775048879.1890881061553955078125 HTTP/1.1" 200 20 "-" "WordPress/6.9.4; https://bfcg.com.au"
34.69.248.241 - - [01/Apr/2026:21:07:58 +0800] "GET / HTTP/1.1" 200 47616 "http://www.google.com/" "Mozilla/5.0 (X11; Linux x86_64) AppleWebKit/537.36 (KHTML, like Gecko) Chrome/85.0.4183.121 Safari/537.36"
34.69.248.241 - - [01/Apr/2026:21:07:59 +0800] "GET / HTTP/1.1" 200 47616 "http://www.google.com/" "Mozilla/5.0 (X11; Linux x86_64) AppleWebKit/537.36 (KHTML, like Gecko) Chrome/85.0.4183.121 Safari/537.36"
34.69.248.241 - - [01/Apr/2026:21:08:00 +0800] "GET /privacy-policy/ HTTP/1.1" 200 25758 "http://www.google.com/" "Mozilla/5.0 (X11; Linux x86_64) AppleWebKit/537.36 (KHTML, like Gecko) Chrome/85.0.4183.121 Safari/537.36"
34.69.248.241 - - [01/Apr/2026:21:08:01 +0800] "GET /contact/ HTTP/1.1" 200 29731 "http://www.google.com/" "Mozilla/5.0 (X11; Linux x86_64) AppleWebKit/537.36 (KHTML, like Gecko) Chrome/85.0.4183.121 Safari/537.36"
34.69.248.241 - - [01/Apr/2026:21:08:02 +0800] "GET /contact/ HTTP/1.1" 200 29731 "http://www.google.com/" "Mozilla/5.0 (X11; Linux x86_64) AppleWebKit/537.36 (KHTML, like Gecko) Chrome/85.0.4183.121 Safari/537.36"
34.69.248.241 - - [01/Apr/2026:21:08:03 +0800] "GET /about/ HTTP/1.1" 200 33538 "http://www.google.com/" "Mozilla/5.0 (X11; Linux x86_64) AppleWebKit/537.36 (KHTML, like Gecko) Chrome/85.0.4183.121 Safari/537.36"
34.69.248.241 - - [01/Apr/2026:21:08:06 +0800] "GET / HTTP/1.1" 200 47616 "https://www.google.com/" "Mozilla/5.0 (X11; Linux x86_64) AppleWebKit/537.36 (KHTML, like Gecko) Chrome/85.0.4183.121 Safari/537.36"
34.69.248.241 - - [01/Apr/2026:21:08:08 +0800] "GET / HTTP/1.1" 301 - "https://www.google.com/" "Mozilla/5.0 (X11; Linux x86_64) AppleWebKit/537.36 (KHTML, like Gecko) Chrome/85.0.4183.121 Safari/537.36"
34.69.248.241 - - [01/Apr/2026:21:08:10 +0800] "GET / HTTP/1.1" 200 47616 "https://www.google.com/" "Mozilla/5.0 (X11; Linux x86_64) AppleWebKit/537.36 (KHTML, like Gecko) Chrome/85.0.4183.121 Safari/537.36"
185.99.137.53 - - [01/Apr/2026:21:08:28 +0800] "GET / HTTP/1.1" 200 12381 "-" "Mozilla/5.0 (Android 2.3; Mobile; rv:38.0) Gecko/38.0 Firefox/38.0"
103.4.122.14 - - [01/Apr/2026:21:09:32 +0800] "POST /wp-cron.php?doing_wp_cron=1775048972.5898509025573730468750 HTTP/1.1" 200 20 "-" "WordPress/6.9.4; https://bfcg.com.au"
51.222.168.59 - - [01/Apr/2026:21:09:31 +0800] "GET /docs/employee-resources/admin/chain-slings-register/ HTTP/1.1" 200 9568 "-" "Mozilla/5.0 (compatible; AhrefsBot/7.0; +http://ahrefs.com/robot/)"
103.4.122.14 - - [01/Apr/2026:21:14:31 +0800] "POST /wp-cron.php?doing_wp_cron=1775049271.5883359909057617187500 HTTP/1.1" 200 20 "-" "WordPress/6.9.4; https://bfcg.com.au"
34.225.87.80 - - [01/Apr/2026:21:14:30 +0800] "GET /wp-json/wp/v2/docs/2790 HTTP/1.1" 200 767 "-" "Mozilla/5.0 AppleWebKit/537.36 (KHTML, like Gecko; compatible; Amazonbot/0.1; +https://developer.amazon.com/support/amazonbot) Chrome/119.0.6045.214 Safari/537.36"
41.208.191.80 - - [01/Apr/2026:21:14:31 +0800] "POST /xmlrpc.php HTTP/1.1" 200 403 "-" "WordPress.com; https://wordpress.com"
103.4.122.14 - - [01/Apr/2026:21:14:52 +0800] "POST /wp-cron.php?doing_wp_cron=1775049291.9330389499664306640625 HTTP/1.1" 200 20 "-" "WordPress/6.9.4; https://bfcg.com.au"
99.44.188.159 - - [01/Apr/2026:21:14:51 +0800] "POST /xmlrpc.php HTTP/1.1" 200 403 "-" "Jetpack/12.1; WordPress/6.2; http://site96306872.com"
103.4.122.14 - - [01/Apr/2026:21:18:52 +0800] "POST /wp-cron.php?doing_wp_cron=1775049532.7654829025268554687500 HTTP/1.1" 200 20 "-" "WordPress/6.9.4; https://bfcg.com.au"
216.73.216.14 - - [01/Apr/2026:21:18:52 +0800] "GET /docs/employee-resources/health-saftey/general HTTP/1.1" 301 20 "-" "Mozilla/5.0 AppleWebKit/537.36 (KHTML, like Gecko; compatible; ClaudeBot/1.0; +claudebot@anthropic.com)"
216.73.216.14 - - [01/Apr/2026:21:18:53 +0800] "GET /docs/employee-resources/health-saftey/general/ HTTP/1.1" 200 9548 "https://bfcg.com.au/docs/employee-resources/health-saftey/general" "Mozilla/5.0 AppleWebKit/537.36 (KHTML, like Gecko; compatible; ClaudeBot/1.0; +claudebot@anthropic.com)"
103.4.122.14 - - [01/Apr/2026:21:20:13 +0800] "POST /wp-cron.php?doing_wp_cron=1775049613.5601310729980468750000 HTTP/1.1" 200 20 "-" "WordPress/6.9.4; https://bfcg.com.au"
181.42.184.126 - - [01/Apr/2026:21:20:12 +0800] "POST /xmlrpc.php HTTP/1.1" 200 403 "-" "Jetpack by WordPress.com (Jetpack 13.0; WordPress 6.3)"
103.4.122.14 - - [01/Apr/2026:21:21:02 +0800] "POST /wp-cron.php?doing_wp_cron=1775049662.4068009853363037109375 HTTP/1.1" 200 20 "-" "WordPress/6.9.4; https://bfcg.com.au"
142.44.220.188 - - [01/Apr/2026:21:21:01 +0800] "GET /our-partners/ HTTP/1.1" 200 7842 "-" "Mozilla/5.0 (compatible; AhrefsBot/7.0; +http://ahrefs.com/robot/)"
142.44.233.148 - - [01/Apr/2026:21:22:38 +0800] "GET /wp-content/cache/autoptimize/css/autoptimize_single_0e7dc58300f06225932cfba4bb9c69b7.css?ver=1765795698 HTTP/1.1" 200 932 "-" "Mozilla/5.0 (compatible; AhrefsBot/7.0; +http://ahrefs.com/robot/)"
103.4.122.14 - - [01/Apr/2026:21:23:20 +0800] "POST /wp-cron.php?doing_wp_cron=1775049800.1366710662841796875000 HTTP/1.1" 200 20 "-" "WordPress/6.9.4; https://bfcg.com.au"
179.0.116.118 - - [01/Apr/2026:21:23:19 +0800] "POST /xmlrpc.php HTTP/1.1" 200 403 "-" "Jetpack/12.0; WordPress/6.1; http://site52254428.com"
103.4.122.14 - - [01/Apr/2026:21:27:11 +0800] "POST /wp-cron.php?doing_wp_cron=1775050031.3350770473480224609375 HTTP/1.1" 200 20 "-" "WordPress/6.9.4; https://bfcg.com.au"
197.42.175.187 - - [01/Apr/2026:21:27:10 +0800] "POST /xmlrpc.php HTTP/1.1" 200 403 "-" "Jetpack by WordPress.com (Jetpack 12.0; WordPress 6.1)"
103.4.122.14 - - [01/Apr/2026:21:33:06 +0800] "POST /wp-cron.php?doing_wp_cron=1775050385.8614220619201660156250 HTTP/1.1" 200 20 "-" "WordPress/6.9.4; https://bfcg.com.au"
142.44.228.112 - - [01/Apr/2026:21:33:04 +0800] "GET /2020/10/05/welcome/ HTTP/1.1" 200 7295 "-" "Mozilla/5.0 (compatible; AhrefsBot/7.0; +http://ahrefs.com/robot/)"
148.113.130.39 - - [01/Apr/2026:21:35:47 +0800] "GET /wp-content/cache/autoptimize/js/autoptimize_9c54527e4b88b58eca1868b2047203be.js HTTP/1.1" 200 14770 "-" "Mozilla/5.0 (compatible; AhrefsBot/7.0; +http://ahrefs.com/robot/)"
148.113.128.150 - - [01/Apr/2026:21:35:49 +0800] "GET /wp-content/cache/autoptimize/css/autoptimize_9dfbf3aed7d3e0d05d95734792e08790.css HTTP/1.1" 200 17208 "-" "Mozilla/5.0 (compatible; AhrefsBot/7.0; +http://ahrefs.com/robot/)"
103.4.122.14 - - [01/Apr/2026:21:41:22 +0800] "POST /wp-cron.php?doing_wp_cron=1775050882.5830149650573730468750 HTTP/1.1" 200 20 "-" "WordPress/6.9.4; https://bfcg.com.au"
190.218.79.100 - - [01/Apr/2026:21:41:21 +0800] "GET /category/news/ HTTP/1.1" 200 6601 "-" "Mozilla/5.0 (compatible; MSIE 7.0; Windows NT 6.0; Trident/5.0)"
103.4.122.14 - - [01/Apr/2026:21:45:21 +0800] "POST /wp-cron.php?doing_wp_cron=1775051121.1263821125030517578125 HTTP/1.1" 200 20 "-" "WordPress/6.9.4; https://bfcg.com.au"
148.113.128.245 - - [01/Apr/2026:21:45:20 +0800] "GET /services/ HTTP/1.1" 200 8661 "-" "Mozilla/5.0 (compatible; AhrefsBot/7.0; +http://ahrefs.com/robot/)"
148.113.128.150 - - [01/Apr/2026:21:47:47 +0800] "GET /wp-content/cache/autoptimize/css/autoptimize_7f23a7b1444a1faeae193378c30c91ae.css HTTP/1.1" 200 17849 "-" "Mozilla/5.0 (compatible; AhrefsBot/7.0; +http://ahrefs.com/robot/)"
103.4.122.14 - - [01/Apr/2026:22:02:48 +0800] "POST /wp-cron.php?doing_wp_cron=1775052168.7394740581512451171875 HTTP/1.1" 200 20 "-" "WordPress/6.9.4; https://bfcg.com.au"
51.161.65.210 - - [01/Apr/2026:22:02:48 +0800] "GET /wp-sitemap.xml HTTP/1.1" 200 229 "-" "Mozilla/5.0 (compatible; AhrefsBot/7.0; +http://ahrefs.com/robot/)"
54.39.6.244 - - [01/Apr/2026:22:02:50 +0800] "GET /wp-sitemap-posts-post-1.xml HTTP/1.1" 200 220 "-" "Mozilla/5.0 (compatible; AhrefsBot/7.0; +http://ahrefs.com/robot/)"
148.113.130.152 - - [01/Apr/2026:22:02:53 +0800] "GET /wp-sitemap-posts-page-1.xml HTTP/1.1" 200 441 "-" "Mozilla/5.0 (compatible; AhrefsBot/7.0; +http://ahrefs.com/robot/)"
142.44.228.106 - - [01/Apr/2026:22:02:56 +0800] "GET /wp-sitemap-posts-docs-1.xml HTTP/1.1" 200 520 "-" "Mozilla/5.0 (compatible; AhrefsBot/7.0; +http://ahrefs.com/robot/)"
167.114.139.122 - - [01/Apr/2026:22:02:58 +0800] "GET /wp-sitemap-taxonomies-category-1.xml HTTP/1.1" 200 184 "-" "Mozilla/5.0 (compatible; AhrefsBot/7.0; +http://ahrefs.com/robot/)"
148.113.128.74 - - [01/Apr/2026:22:03:01 +0800] "GET /wp-sitemap-users-1.xml HTTP/1.1" 200 184 "-" "Mozilla/5.0 (compatible; AhrefsBot/7.0; +http://ahrefs.com/robot/)"
182.42.111.156 - - [01/Apr/2026:22:06:16 +0800] "GET / HTTP/1.1" 403 199 "-" "Mozilla/5.0 (iPhone; CPU iPhone OS 13_2_3 like Mac OS X) AppleWebKit/605.1.15 (KHTML, like Gecko) Version/13.0.3 Mobile/15E148 Safari/604.1"
103.4.122.14 - - [01/Apr/2026:22:06:39 +0800] "POST /wp-cron.php?doing_wp_cron=1775052399.6205348968505859375000 HTTP/1.1" 200 20 "-" "WordPress/6.9.4; https://bfcg.com.au"
114.119.141.100 - - [01/Apr/2026:22:06:38 +0800] "GET /news HTTP/1.1" 301 20 "-" "Mozilla/5.0 (Linux; Android 7.0;) AppleWebKit/537.36 (KHTML, like Gecko) Mobile Safari/537.36 (compatible; PetalBot;+https://webmaster.petalsearch.com/site/petalbot)"
103.4.122.14 - - [01/Apr/2026:22:07:43 +0800] "POST /wp-cron.php?doing_wp_cron=1775052463.5779740810394287109375 HTTP/1.1" 200 20 "-" "WordPress/6.9.4; https://bfcg.com.au"
52.200.93.170 - - [01/Apr/2026:22:07:42 +0800] "GET /wp-json/wp/v2/docs/2796 HTTP/1.1" 200 783 "-" "Mozilla/5.0 AppleWebKit/537.36 (KHTML, like Gecko; compatible; Amazonbot/0.1; +https://developer.amazon.com/support/amazonbot) Chrome/119.0.6045.214 Safari/537.36"
196.191.144.49 - - [01/Apr/2026:22:08:01 +0800] "GET /privacy-policy/ HTTP/1.1" 200 7098 "-" "Mozilla/5.0 (Windows NT 6.1; WOW64) AppleWebKit/537.36 (KHTML, like Gecko) Chrome/97.0.4692.99 Safari/537.36"
103.4.122.14 - - [01/Apr/2026:22:08:54 +0800] "POST /wp-cron.php?doing_wp_cron=1775052533.9723169803619384765625 HTTP/1.1" 200 20 "-" "WordPress/6.9.4; https://bfcg.com.au"
103.185.25.206 - - [01/Apr/2026:22:08:53 +0800] "GET /docs/employee-resources/admin/staff-attendance-form/ HTTP/1.1" 200 9568 "-" "Mozilla/5.0 (Macintosh; Intel Mac OS X 10_15_6) AppleWebKit/537.36 (KHTML, like Gecko) Chrome/95.0.4638.69 Safari/537.36"
103.4.122.14 - - [01/Apr/2026:22:09:39 +0800] "POST /wp-cron.php?doing_wp_cron=1775052578.8687050342559814453125 HTTP/1.1" 200 20 "-" "WordPress/6.9.4; https://bfcg.com.au"
114.119.139.207 - - [01/Apr/2026:22:09:37 +0800] "GET /log-in/ HTTP/1.1" 200 6669 "https://bfcg.com.au/2020/10/05/welcome/" "Mozilla/5.0 (Linux; Android 7.0;) AppleWebKit/537.36 (KHTML, like Gecko) Mobile Safari/537.36 (compatible; PetalBot;+https://webmaster.petalsearch.com/site/petalbot)"
41.214.24.119 - - [01/Apr/2026:22:09:42 +0800] "GET http://bfcg.com.au/ HTTP/1.1" 301 20 "-" "Mozilla/5.0 (Windows NT 6.1) AppleWebKit/537.36 (KHTML, like Gecko) Chrome/87.0.4280.88 Safari/537.36"
38.145.208.171 - - [01/Apr/2026:22:10:08 +0800] "GET /wp-json/wp/v2/posts HTTP/1.1" 200 942 "-" "Mozilla/5.0 (Windows NT 10.0; Win64; x64) AppleWebKit/537.36 (KHTML, like Gecko) Chrome/120.0.0.0 Safari/537.36"
38.145.208.171 - - [01/Apr/2026:22:10:10 +0800] "POST /wp-comments-post.php HTTP/1.1" 302 20 "-" "Mozilla/5.0 (Windows NT 10.0; Win64; x64) AppleWebKit/537.36 (KHTML, like Gecko) Chrome/120.0.0.0 Safari/537.36"
103.4.122.14 - - [01/Apr/2026:22:12:15 +0800] "POST /wp-cron.php?doing_wp_cron=1775052735.5742878913879394531250 HTTP/1.1" 200 20 "-" "WordPress/6.9.4; https://bfcg.com.au"
114.119.139.207 - - [01/Apr/2026:22:12:14 +0800] "GET /contact/ HTTP/1.1" 200 7969 "https://bfcg.com.au/2020/10/05/welcome/" "Mozilla/5.0 (Linux; Android 7.0;) AppleWebKit/537.36 (KHTML, like Gecko) Mobile Safari/537.36 (compatible; PetalBot;+https://webmaster.petalsearch.com/site/petalbot)"
103.4.122.14 - - [01/Apr/2026:22:13:25 +0800] "POST /wp-cron.php?doing_wp_cron=1775052804.8208000659942626953125 HTTP/1.1" 200 20 "-" "WordPress/6.9.4; https://bfcg.com.au"
197.54.6.210 - - [01/Apr/2026:22:13:24 +0800] "POST /xmlrpc.php HTTP/1.1" 200 403 "-" "Jetpack/12.1; WordPress/6.4; http://site37695802.com"
103.4.122.14 - - [01/Apr/2026:22:32:57 +0800] "POST /wp-cron.php?doing_wp_cron=1775053976.9332489967346191406250 HTTP/1.1" 200 20 "-" "WordPress/6.9.4; https://bfcg.com.au"
88.246.195.29 - - [01/Apr/2026:22:32:56 +0800] "POST /xmlrpc.php HTTP/1.1" 200 403 "-" "WordPress.com; https://wordpress.com"
51.222.95.11 - - [01/Apr/2026:22:32:59 +0800] "GET /our-business-management/ HTTP/1.1" 200 8002 "-" "Mozilla/5.0 (compatible; AhrefsBot/7.0; +http://ahrefs.com/robot/)"
103.4.122.14 - - [01/Apr/2026:22:38:30 +0800] "POST /wp-cron.php?doing_wp_cron=1775054310.7541260719299316406250 HTTP/1.1" 200 20 "-" "WordPress/6.9.4; https://bfcg.com.au"
5.94.226.202 - - [01/Apr/2026:22:38:29 +0800] "GET /2020/10/05/welcome/ HTTP/1.1" 200 7295 "-" "Opera/9.60.(X11; Linux x86_64; ckb-IQ) Presto/2.9.180 Version/11.00"
103.4.122.14 - - [01/Apr/2026:22:39:52 +0800] "POST /wp-cron.php?doing_wp_cron=1775054392.1408660411834716796875 HTTP/1.1" 200 20 "-" "WordPress/6.9.4; https://bfcg.com.au"
103.205.131.174 - - [01/Apr/2026:22:39:51 +0800] "GET / HTTP/1.1" 200 12381 "https://www.google.com/" "Mozilla/5.0 (iPhone; CPU iPhone OS 18_7 like Mac OS X) AppleWebKit/605.1.15 (KHTML, like Gecko) Version/26.3 Mobile/15E148 Safari/604.1"
103.205.131.174 - - [01/Apr/2026:22:39:52 +0800] "GET /wp-content/cache/autoptimize/css/autoptimize_036a3e3adb14651182f90577734ef4ef.css HTTP/1.1" 200 17882 "https://bfcg.com.au/" "Mozilla/5.0 (iPhone; CPU iPhone OS 18_7 like Mac OS X) AppleWebKit/605.1.15 (KHTML, like Gecko) Version/26.3 Mobile/15E148 Safari/604.1"
103.205.131.174 - - [01/Apr/2026:22:39:52 +0800] "GET /wp-content/plugins/autoptimize/classes/external/js/lazysizes.min.js?ao_version=3.1.15 HTTP/1.1" 200 4122 "https://bfcg.com.au/" "Mozilla/5.0 (iPhone; CPU iPhone OS 18_7 like Mac OS X) AppleWebKit/605.1.15 (KHTML, like Gecko) Version/26.3 Mobile/15E148 Safari/604.1"
103.205.131.174 - - [01/Apr/2026:22:39:52 +0800] "GET /wp-content/cache/autoptimize/css/autoptimize_single_fa01caa3511fe59492737e72ecc1ea48.css?ver=1765777674 HTTP/1.1" 200 1814 "https://bfcg.com.au/" "Mozilla/5.0 (iPhone; CPU iPhone OS 18_7 like Mac OS X) AppleWebKit/605.1.15 (KHTML, like Gecko) Version/26.3 Mobile/15E148 Safari/604.1"
103.205.131.174 - - [01/Apr/2026:22:39:52 +0800] "GET /wp-includes/js/dist/vendor/wp-polyfill.min.js?ver=3.15.0 HTTP/1.1" 200 11852 "https://bfcg.com.au/" "Mozilla/5.0 (iPhone; CPU iPhone OS 18_7 like Mac OS X) AppleWebKit/605.1.15 (KHTML, like Gecko) Version/26.3 Mobile/15E148 Safari/604.1"
103.205.131.174 - - [01/Apr/2026:22:39:52 +0800] "GET /wp-includes/js/jquery/jquery.min.js?ver=3.7.1 HTTP/1.1" 200 30368 "https://bfcg.com.au/" "Mozilla/5.0 (iPhone; CPU iPhone OS 18_7 like Mac OS X) AppleWebKit/605.1.15 (KHTML, like Gecko) Version/26.3 Mobile/15E148 Safari/604.1"
103.205.131.174 - - [01/Apr/2026:22:39:52 +0800] "GET /wp-includes/js/dist/hooks.min.js?ver=dd5603f07f9220ed27f1 HTTP/1.1" 200 1941 "https://bfcg.com.au/" "Mozilla/5.0 (iPhone; CPU iPhone OS 18_7 like Mac OS X) AppleWebKit/605.1.15 (KHTML, like Gecko) Version/26.3 Mobile/15E148 Safari/604.1"
103.205.131.174 - - [01/Apr/2026:22:39:52 +0800] "GET /wp-includes/js/dist/i18n.min.js?ver=c26c3dc7bed366793375 HTTP/1.1" 200 2229 "https://bfcg.com.au/" "Mozilla/5.0 (iPhone; CPU iPhone OS 18_7 like Mac OS X) AppleWebKit/605.1.15 (KHTML, like Gecko) Version/26.3 Mobile/15E148 Safari/604.1"
103.205.131.174 - - [01/Apr/2026:22:39:53 +0800] "GET /wp-content/cache/autoptimize/js/autoptimize_660f6aa917f215ee58a28a88fed9ac36.js HTTP/1.1" 200 19689 "https://bfcg.com.au/" "Mozilla/5.0 (iPhone; CPU iPhone OS 18_7 like Mac OS X) AppleWebKit/605.1.15 (KHTML, like Gecko) Version/26.3 Mobile/15E148 Safari/604.1"
103.205.131.174 - - [01/Apr/2026:22:39:53 +0800] "GET /wp-content/themes/generatepress/assets/fonts/generatepress.woff2 HTTP/1.1" 200 1264 "https://bfcg.com.au/" "Mozilla/5.0 (iPhone; CPU iPhone OS 18_7 like Mac OS X) AppleWebKit/605.1.15 (KHTML, like Gecko) Version/26.3 Mobile/15E148 Safari/604.1"
103.205.131.174 - - [01/Apr/2026:22:39:52 +0800] "GET /wp-content/uploads/2020/10/LT160.jpg HTTP/1.1" 200 112143 "https://bfcg.com.au/" "Mozilla/5.0 (iPhone; CPU iPhone OS 18_7 like Mac OS X) AppleWebKit/605.1.15 (KHTML, like Gecko) Version/26.3 Mobile/15E148 Safari/604.1"
103.205.131.174 - - [01/Apr/2026:22:39:53 +0800] "GET /wp-content/uploads/2020/10/hero-render-small.jpg HTTP/1.1" 200 322393 "https://bfcg.com.au/" "Mozilla/5.0 (iPhone; CPU iPhone OS 18_7 like Mac OS X) AppleWebKit/605.1.15 (KHTML, like Gecko) Version/26.3 Mobile/15E148 Safari/604.1"
103.205.131.174 - - [01/Apr/2026:22:39:53 +0800] "GET /wp-content/uploads/2020/06/calima-bg-2.jpg HTTP/1.1" 404 6156 "https://bfcg.com.au/" "Mozilla/5.0 (iPhone; CPU iPhone OS 18_7 like Mac OS X) AppleWebKit/605.1.15 (KHTML, like Gecko) Version/26.3 Mobile/15E148 Safari/604.1"
103.205.131.174 - - [01/Apr/2026:22:39:53 +0800] "GET /wp-content/uploads/2020/08/cta-home.jpg HTTP/1.1" 200 329613 "https://bfcg.com.au/" "Mozilla/5.0 (iPhone; CPU iPhone OS 18_7 like Mac OS X) AppleWebKit/605.1.15 (KHTML, like Gecko) Version/26.3 Mobile/15E148 Safari/604.1"
103.4.122.14 - - [01/Apr/2026:22:41:50 +0800] "POST /wp-cron.php?doing_wp_cron=1775054510.7958140373229980468750 HTTP/1.1" 200 20 "-" "WordPress/6.9.4; https://bfcg.com.au"
5.1.106.129 - - [01/Apr/2026:22:41:49 +0800] "GET /docs/employee-resources/scheduled-maintenance/light-vehicle-service/ HTTP/1.1" 200 9575 "-" "Mozilla/5.0 (Macintosh; Intel Mac OS X 10_15_0) AppleWebKit/537.36 (KHTML, like Gecko) Chrome/89.0.4389.114 Safari/537.36"
43.157.147.3 - - [01/Apr/2026:22:50:46 +0800] "GET / HTTP/1.1" 403 199 "-" "Mozilla/5.0 (iPhone; CPU iPhone OS 13_2_3 like Mac OS X) AppleWebKit/605.1.15 (KHTML, like Gecko) Version/13.0.3 Mobile/15E148 Safari/604.1"
103.4.122.14 - - [01/Apr/2026:23:00:04 +0800] "POST /wp-cron.php?doing_wp_cron=1775055604.2874031066894531250000 HTTP/1.1" 200 20 "-" "WordPress/6.9.4; https://bfcg.com.au"
