107.158.64.227 - - [03/Apr/2026:07:06:20 +0800] "POST /wp-login.php HTTP/1.1" 200 10260 "-" "Mozilla/5.0"
103.4.122.14 - - [03/Apr/2026:07:07:39 +0800] "POST /wp-cron.php?doing_wp_cron=1775171259.1119780540466308593750 HTTP/1.1" 200 20 "-" "WordPress/6.9.4; https://bfcg.com.au"
137.184.227.205 - - [03/Apr/2026:07:07:38 +0800] "GET / HTTP/1.1" 200 12381 "-" "Mozilla/5.0 (Windows NT 10.0; Win64; x64) AppleWebKit/537.36 (KHTML, like Gecko) Chrome/131.0.0.0 Safari/537.36"
103.4.122.14 - - [03/Apr/2026:07:13:19 +0800] "POST /wp-cron.php?doing_wp_cron=1775171599.7155320644378662109375 HTTP/1.1" 200 20 "-" "WordPress/6.9.4; https://bfcg.com.au"
104.210.140.140 - - [03/Apr/2026:07:13:19 +0800] "GET /robots.txt HTTP/1.1" 200 108 "-" "Mozilla/5.0 (Macintosh; Intel Mac OS X 10_15_7) AppleWebKit/537.36 (KHTML, like Gecko) Chrome/131.0.0.0 Safari/537.36; compatible; OAI-SearchBot/1.0; +https://openai.com/searchbot"
103.4.122.14 - - [03/Apr/2026:07:21:00 +0800] "POST /wp-cron.php?doing_wp_cron=1775172060.1871850490570068359375 HTTP/1.1" 200 20 "-" "WordPress/6.9.4; https://bfcg.com.au"
54.39.6.117 - - [03/Apr/2026:07:20:59 +0800] "GET /wp-sitemap.xml HTTP/1.1" 200 229 "-" "Mozilla/5.0 (compatible; AhrefsBot/7.0; +http://ahrefs.com/robot/)"
54.39.136.41 - - [03/Apr/2026:07:21:02 +0800] "GET /wp-sitemap-posts-post-1.xml HTTP/1.1" 200 220 "-" "Mozilla/5.0 (compatible; AhrefsBot/7.0; +http://ahrefs.com/robot/)"
54.39.203.23 - - [03/Apr/2026:07:21:04 +0800] "GET /wp-sitemap-posts-page-1.xml HTTP/1.1" 200 441 "-" "Mozilla/5.0 (compatible; AhrefsBot/7.0; +http://ahrefs.com/robot/)"
167.114.139.125 - - [03/Apr/2026:07:21:07 +0800] "GET /wp-sitemap-posts-docs-1.xml HTTP/1.1" 200 520 "-" "Mozilla/5.0 (compatible; AhrefsBot/7.0; +http://ahrefs.com/robot/)"
54.39.203.166 - - [03/Apr/2026:07:21:09 +0800] "GET /wp-sitemap-taxonomies-category-1.xml HTTP/1.1" 200 184 "-" "Mozilla/5.0 (compatible; AhrefsBot/7.0; +http://ahrefs.com/robot/)"
54.39.203.74 - - [03/Apr/2026:07:21:11 +0800] "GET /wp-sitemap-users-1.xml HTTP/1.1" 200 184 "-" "Mozilla/5.0 (compatible; AhrefsBot/7.0; +http://ahrefs.com/robot/)"
103.4.122.14 - - [03/Apr/2026:07:27:22 +0800] "POST /wp-cron.php?doing_wp_cron=1775172442.6010510921478271484375 HTTP/1.1" 200 20 "-" "WordPress/6.9.4; https://bfcg.com.au"
107.158.64.227 - - [03/Apr/2026:07:27:22 +0800] "POST /wp-login.php HTTP/1.1" 200 10260 "-" "Mozilla/5.0"
103.4.122.14 - - [03/Apr/2026:07:41:46 +0800] "POST /wp-cron.php?doing_wp_cron=1775173306.1223781108856201171875 HTTP/1.1" 200 20 "-" "WordPress/6.9.4; https://bfcg.com.au"
216.73.216.14 - - [03/Apr/2026:07:41:45 +0800] "GET /robots.txt HTTP/1.1" 200 108 "-" "Mozilla/5.0 AppleWebKit/537.36 (KHTML, like Gecko; compatible; ClaudeBot/1.0; +claudebot@anthropic.com)"
216.73.216.14 - - [03/Apr/2026:07:41:46 +0800] "GET /wp-sitemap.xml HTTP/1.1" 200 229 "-" "Mozilla/5.0 AppleWebKit/537.36 (KHTML, like Gecko; compatible; ClaudeBot/1.0; +claudebot@anthropic.com)"
103.4.122.14 - - [03/Apr/2026:07:43:38 +0800] "POST /wp-cron.php?doing_wp_cron=1775173418.5465500354766845703125 HTTP/1.1" 200 20 "-" "WordPress/6.9.4; https://bfcg.com.au"
113.239.120.186 - - [03/Apr/2026:07:43:37 +0800] "GET /our-business-management/ HTTP/1.1" 200 8002 "-" "Mozilla/5.0 (Macintosh; Intel Mac OS X 10_15_7) AppleWebKit/537.36 (KHTML, like Gecko) Chrome/140.0.0.0 Safari/537.36"
103.4.122.14 - - [03/Apr/2026:07:46:01 +0800] "POST /wp-cron.php?doing_wp_cron=1775173561.2195088863372802734375 HTTP/1.1" 200 20 "-" "WordPress/6.9.4; https://bfcg.com.au"
103.131.71.51 - - [03/Apr/2026:07:46:00 +0800] "GET /robots.txt HTTP/1.1" 200 108 "-" "Mozilla/5.0 (compatible; coccocbot-image/1.0; +http://help.coccoc.com/searchengine)"
103.131.71.31 - - [03/Apr/2026:07:46:04 +0800] "GET /wp-content/uploads/2020/10/LT160.jpg HTTP/1.1" 304 - "-" "Mozilla/5.0 (compatible; coccocbot-image/1.0; +http://help.coccoc.com/searchengine)"
103.4.122.14 - - [03/Apr/2026:07:48:20 +0800] "POST /wp-cron.php?doing_wp_cron=1775173700.4812309741973876953125 HTTP/1.1" 200 20 "-" "WordPress/6.9.4; https://bfcg.com.au"
107.158.64.227 - - [03/Apr/2026:07:48:20 +0800] "POST /wp-login.php HTTP/1.1" 200 10260 "-" "Mozilla/5.0"
74.7.228.60 - - [03/Apr/2026:07:54:18 +0800] "GET /robots.txt HTTP/1.1" 200 108 "-" "Mozilla/5.0 (Macintosh; Intel Mac OS X 10_15_7) AppleWebKit/537.36 (KHTML, like Gecko) Chrome/131.0.0.0 Safari/537.36; compatible; OAI-SearchBot/1.3; robots.txt; +https://openai.com/searchbot"
103.4.122.14 - - [03/Apr/2026:07:54:18 +0800] "POST /wp-cron.php?doing_wp_cron=1775174058.5197029113769531250000 HTTP/1.1" 200 20 "-" "WordPress/6.9.4; https://bfcg.com.au"
74.7.227.160 - - [03/Apr/2026:07:54:18 +0800] "GET /wp-sitemap.xml HTTP/1.1" 200 229 "-" "Mozilla/5.0 AppleWebKit/537.36 (KHTML, like Gecko; compatible; GPTBot/1.3; +https://openai.com/gptbot)"
103.4.122.14 - - [03/Apr/2026:08:08:18 +0800] "POST /wp-cron.php?doing_wp_cron=1775174898.4373219013214111328125 HTTP/1.1" 200 20 "-" "WordPress/6.9.4; https://bfcg.com.au"
20.63.102.187 - - [03/Apr/2026:08:08:18 +0800] "GET //wp-content/plugins/fix/up.php HTTP/1.1" 301 20 "-" "Mozilla/5.0 (Windows NT 10.0; Win64; x64) AppleWebKit/537.36 (KHTML, like Gecko) Chrome/85.0.4183.102 Safari/537.36"
20.63.102.187 - - [03/Apr/2026:08:08:18 +0800] "GET /wp-content/plugins/fix/up.php HTTP/1.1" 404 6167 "-" "Mozilla/5.0 (Windows NT 10.0; Win64; x64) AppleWebKit/537.36 (KHTML, like Gecko) Chrome/85.0.4183.102 Safari/537.36"
103.4.122.14 - - [03/Apr/2026:08:09:15 +0800] "POST /wp-cron.php?doing_wp_cron=1775174955.0296790599822998046875 HTTP/1.1" 200 20 "-" "WordPress/6.9.4; https://bfcg.com.au"
107.158.64.227 - - [03/Apr/2026:08:09:13 +0800] "POST /wp-login.php HTTP/1.1" 200 10260 "-" "Mozilla/5.0"
103.4.122.14 - - [03/Apr/2026:08:09:56 +0800] "POST /wp-cron.php?doing_wp_cron=1775174996.7100119590759277343750 HTTP/1.1" 200 20 "-" "WordPress/6.9.4; https://bfcg.com.au"
20.63.102.187 - - [03/Apr/2026:08:09:56 +0800] "GET //wp-content/plugins/fix/up.php HTTP/1.1" 301 20 "-" "Mozilla/5.0 (Windows NT 10.0; Win64; x64) AppleWebKit/537.36 (KHTML, like Gecko) Chrome/85.0.4183.102 Safari/537.36"
20.63.102.187 - - [03/Apr/2026:08:09:56 +0800] "GET /wp-content/plugins/fix/up.php HTTP/1.1" 404 6167 "-" "Mozilla/5.0 (Windows NT 10.0; Win64; x64) AppleWebKit/537.36 (KHTML, like Gecko) Chrome/85.0.4183.102 Safari/537.36"
103.4.122.14 - - [03/Apr/2026:08:11:23 +0800] "POST /wp-cron.php?doing_wp_cron=1775175083.9031789302825927734375 HTTP/1.1" 200 20 "-" "WordPress/6.9.4; https://bfcg.com.au"
20.63.102.187 - - [03/Apr/2026:08:11:23 +0800] "GET //wp-content/plugins/fix/up.php HTTP/1.1" 301 20 "-" "Mozilla/5.0 (Windows NT 10.0; Win64; x64) AppleWebKit/537.36 (KHTML, like Gecko) Chrome/85.0.4183.102 Safari/537.36"
20.63.102.187 - - [03/Apr/2026:08:11:24 +0800] "GET /wp-content/plugins/fix/up.php HTTP/1.1" 404 6167 "-" "Mozilla/5.0 (Windows NT 10.0; Win64; x64) AppleWebKit/537.36 (KHTML, like Gecko) Chrome/85.0.4183.102 Safari/537.36"
103.4.122.14 - - [03/Apr/2026:08:16:37 +0800] "POST /wp-cron.php?doing_wp_cron=1775175397.6215710639953613281250 HTTP/1.1" 200 20 "-" "WordPress/6.9.4; https://bfcg.com.au"
4.246.122.106 - - [03/Apr/2026:08:16:36 +0800] "GET / HTTP/1.1" 200 12381 "-" "Mozilla/5.0 (Windows NT 10.0; Win64; x64) AppleWebKit/537.36 (KHTML, like Gecko) Chrome/115.0.0.0 Safari/537.36"
4.246.122.106 - - [03/Apr/2026:08:16:59 +0800] "GET /our-policies/ HTTP/1.1" 200 7507 "https://bfcg.com.au" "Mozilla/5.0 (Windows NT 10.0; Win64; x64) AppleWebKit/537.36 (KHTML, like Gecko) Chrome/115.0.0.0 Safari/537.36"
4.246.122.106 - - [03/Apr/2026:08:16:59 +0800] "GET /about/ HTTP/1.1" 200 9181 "https://bfcg.com.au" "Mozilla/5.0 (Windows NT 10.0; Win64; x64) AppleWebKit/537.36 (KHTML, like Gecko) Chrome/115.0.0.0 Safari/537.36"
4.246.122.106 - - [03/Apr/2026:08:16:59 +0800] "GET /privacy-policy/ HTTP/1.1" 200 7098 "https://bfcg.com.au" "Mozilla/5.0 (Windows NT 10.0; Win64; x64) AppleWebKit/537.36 (KHTML, like Gecko) Chrome/115.0.0.0 Safari/537.36"
4.246.122.106 - - [03/Apr/2026:08:16:59 +0800] "GET /contact/ HTTP/1.1" 200 7969 "https://bfcg.com.au" "Mozilla/5.0 (Windows NT 10.0; Win64; x64) AppleWebKit/537.36 (KHTML, like Gecko) Chrome/115.0.0.0 Safari/537.36"
103.4.122.14 - - [03/Apr/2026:08:30:24 +0800] "POST /wp-cron.php?doing_wp_cron=1775176224.3480529785156250000000 HTTP/1.1" 200 20 "-" "WordPress/6.9.4; https://bfcg.com.au"
107.158.64.227 - - [03/Apr/2026:08:30:23 +0800] "POST /wp-login.php HTTP/1.1" 200 10260 "-" "Mozilla/5.0"
103.4.122.14 - - [03/Apr/2026:08:31:05 +0800] "POST /wp-cron.php?doing_wp_cron=1775176265.7685229778289794921875 HTTP/1.1" 200 20 "-" "WordPress/6.9.4; https://bfcg.com.au"
95.108.213.242 - - [03/Apr/2026:08:31:05 +0800] "GET /robots.txt HTTP/1.1" 200 112 "-" "Mozilla/5.0 (compatible; YandexBot/3.0; +http://yandex.com/bots)"
87.250.224.208 - - [03/Apr/2026:08:31:07 +0800] "GET /docs/employee-resources/scheduled-maintenance/service-sheets/ HTTP/1.1" 200 9758 "-" "Mozilla/5.0 (compatible; YandexBot/3.0; +http://yandex.com/bots)"
103.4.122.14 - - [03/Apr/2026:08:39:21 +0800] "POST /wp-cron.php?doing_wp_cron=1775176761.6023349761962890625000 HTTP/1.1" 200 20 "-" "WordPress/6.9.4; https://bfcg.com.au"
216.73.216.14 - - [03/Apr/2026:08:39:21 +0800] "GET /wp-sitemap.xml HTTP/1.1" 200 229 "-" "Mozilla/5.0 AppleWebKit/537.36 (KHTML, like Gecko; compatible; ClaudeBot/1.0; +claudebot@anthropic.com)"
103.4.122.14 - - [03/Apr/2026:08:51:31 +0800] "POST /wp-cron.php?doing_wp_cron=1775177491.5299520492553710937500 HTTP/1.1" 200 20 "-" "WordPress/6.9.4; https://bfcg.com.au"
107.158.64.227 - - [03/Apr/2026:08:51:31 +0800] "POST /wp-login.php HTTP/1.1" 200 10260 "-" "Mozilla/5.0"
103.4.122.14 - - [03/Apr/2026:09:08:00 +0800] "POST /wp-cron.php?doing_wp_cron=1775178479.8334760665893554687500 HTTP/1.1" 200 20 "-" "WordPress/6.9.4; https://bfcg.com.au"
107.178.194.163 - - [03/Apr/2026:09:07:59 +0800] "HEAD /about/ HTTP/1.1" 200 - "http://bfcg.com.au" "Mozilla/5.0 (Android 13; Mobile; rv:109.0) Gecko/112.0 Firefox/112.0 AppEngine-Google; (+http://code.google.com/appengine; appid: s~virustotalcloud)"
66.249.75.68 - - [03/Apr/2026:09:07:59 +0800] "GET / HTTP/1.1" 200 12381 "-" "GoogleOther"
107.178.194.165 - - [03/Apr/2026:09:08:01 +0800] "GET /about/ HTTP/1.1" 200 9181 "http://bfcg.com.au" "Mozilla/5.0 (Android 13; Mobile; rv:109.0) Gecko/112.0 Firefox/112.0 AppEngine-Google; (+http://code.google.com/appengine; appid: s~virustotalcloud)"
3.135.227.134 - - [03/Apr/2026:09:08:02 +0800] "GET /about/ HTTP/1.1" 200 9181 "-" "Mozilla/5.0 (Windows NT 10.0; Win64; x64) AppleWebKit/537.36 (KHTML, like Gecko) Chrome/114.0.0.0 Safari/537.36 Edg/114.0.1823.51"
3.12.35.152 - - [03/Apr/2026:09:08:02 +0800] "GET /about/ HTTP/1.1" 200 9181 "-" "Mozilla/5.0 (Windows NT 10.0; Win64; x64) AppleWebKit/537.36 (KHTML, like Gecko) Chrome/114.0.0.0 Safari/537.36 Edg/114.0.1823.51"
176.100.243.133 - - [03/Apr/2026:09:08:08 +0800] "GET /about/ HTTP/1.1" 403 199 "-" "Go-http-client/1.1"
18.188.185.2 - - [03/Apr/2026:09:08:08 +0800] "GET /about/ HTTP/1.1" 200 9181 "-" "Mozilla/5.0 (Windows NT 10.0; Win64; x64) AppleWebKit/537.36 (KHTML, like Gecko) Chrome/114.0.0.0 Safari/537.36 Edg/114.0.1823.51"
107.178.194.165 - - [03/Apr/2026:09:08:09 +0800] "HEAD /about/ HTTP/1.1" 200 - "http://bfcg.com.au" "Mozilla/5.0 (Macintosh; Intel Mac OS X 10_15_7) AppleWebKit/605.1.15 (KHTML, like Gecko) Version/15.5 Safari/605.1.15 AppEngine-Google; (+http://code.google.com/appengine; appid: s~virustotalcloud)"
107.178.194.163 - - [03/Apr/2026:09:08:10 +0800] "GET /about/ HTTP/1.1" 200 9181 "http://bfcg.com.au" "Mozilla/5.0 (Macintosh; Intel Mac OS X 10_15_7) AppleWebKit/605.1.15 (KHTML, like Gecko) Version/15.5 Safari/605.1.15 AppEngine-Google; (+http://code.google.com/appengine; appid: s~virustotalcloud)"
107.178.194.165 - - [03/Apr/2026:09:08:13 +0800] "HEAD /wp-includes/js/dist/i18n.min.js?ver=c26c3dc7bed366793375 HTTP/1.1" 200 - "http://bfcg.com.au" "Mozilla/5.0 (Macintosh; Intel Mac OS X 10_15_7) AppleWebKit/605.1.15 (KHTML, like Gecko) Version/15.5 Safari/605.1.15 AppEngine-Google; (+http://code.google.com/appengine; appid: s~virustotalcloud)"
107.178.194.163 - - [03/Apr/2026:09:08:13 +0800] "HEAD /wp-content/plugins/autoptimize/classes/external/js/lazysizes.min.js?ao_version=3.1.15 HTTP/1.1" 200 - "http://bfcg.com.au" "Mozilla/5.0 (Windows NT 10.0; Win64; x64) AppleWebKit/537.36 (KHTML, like Gecko) Chrome/112.0.0.0 Safari/537.36 AppEngine-Google; (+http://code.google.com/appengine; appid: s~virustotalcloud)"
107.178.194.165 - - [03/Apr/2026:09:08:13 +0800] "HEAD /wp-includes/js/dist/hooks.min.js?ver=dd5603f07f9220ed27f1 HTTP/1.1" 200 - "http://bfcg.com.au" "Mozilla/5.0 (Windows NT 10.0; Win64; x64) AppleWebKit/537.36 (KHTML, like Gecko) Chrome/112.0.0.0 Safari/537.36 AppEngine-Google; (+http://code.google.com/appengine; appid: s~virustotalcloud)"
107.178.194.163 - - [03/Apr/2026:09:08:13 +0800] "GET /wp-includes/js/dist/hooks.min.js?ver=dd5603f07f9220ed27f1 HTTP/1.1" 200 1941 "http://bfcg.com.au" "Mozilla/5.0 (Windows NT 10.0; Win64; x64) AppleWebKit/537.36 (KHTML, like Gecko) Chrome/112.0.0.0 Safari/537.36 AppEngine-Google; (+http://code.google.com/appengine; appid: s~virustotalcloud)"
107.178.194.163 - - [03/Apr/2026:09:08:14 +0800] "GET /wp-includes/js/dist/i18n.min.js?ver=c26c3dc7bed366793375 HTTP/1.1" 200 2229 "http://bfcg.com.au" "Mozilla/5.0 (Macintosh; Intel Mac OS X 10_15_7) AppleWebKit/605.1.15 (KHTML, like Gecko) Version/15.5 Safari/605.1.15 AppEngine-Google; (+http://code.google.com/appengine; appid: s~virustotalcloud)"
107.178.194.164 - - [03/Apr/2026:09:08:14 +0800] "HEAD /wp-includes/js/dist/vendor/wp-polyfill.min.js?ver=3.15.0 HTTP/1.1" 200 - "http://bfcg.com.au" "Mozilla/5.0 (Android 13; Mobile; rv:109.0) Gecko/112.0 Firefox/112.0 AppEngine-Google; (+http://code.google.com/appengine; appid: s~virustotalcloud)"
107.178.194.163 - - [03/Apr/2026:09:08:14 +0800] "HEAD /wp-content/cache/autoptimize/js/autoptimize_0476bd60af445891c8491c3498684f0b.js HTTP/1.1" 200 - "http://bfcg.com.au" "Mozilla/5.0 (Linux; Android 13; Pixel 4a (5G) Build/TQ2A.230505.002; wv) AppleWebKit/537.36 (KHTML, like Gecko) Version/4.0 Chrome/112.0.5615.136 Mobile Safari/537.36 GoogleApp/14.16.27.29.arm64 AppEngine-Google; (+http://code.google.com/appengine; appid: s~virustotalcloud)"
107.178.194.165 - - [03/Apr/2026:09:08:14 +0800] "GET /wp-content/cache/autoptimize/js/autoptimize_0476bd60af445891c8491c3498684f0b.js HTTP/1.1" 200 13680 "http://bfcg.com.au" "Mozilla/5.0 (Linux; Android 13; Pixel 4a (5G) Build/TQ2A.230505.002; wv) AppleWebKit/537.36 (KHTML, like Gecko) Version/4.0 Chrome/112.0.5615.136 Mobile Safari/537.36 GoogleApp/14.16.27.29.arm64 AppEngine-Google; (+http://code.google.com/appengine; appid: s~virustotalcloud)"
107.178.194.164 - - [03/Apr/2026:09:08:14 +0800] "GET /wp-content/plugins/autoptimize/classes/external/js/lazysizes.min.js?ao_version=3.1.15 HTTP/1.1" 200 4122 "http://bfcg.com.au" "Mozilla/5.0 (Windows NT 10.0; Win64; x64) AppleWebKit/537.36 (KHTML, like Gecko) Chrome/112.0.0.0 Safari/537.36 AppEngine-Google; (+http://code.google.com/appengine; appid: s~virustotalcloud)"
107.178.194.163 - - [03/Apr/2026:09:08:14 +0800] "GET /wp-includes/js/dist/vendor/wp-polyfill.min.js?ver=3.15.0 HTTP/1.1" 200 11852 "http://bfcg.com.au" "Mozilla/5.0 (Android 13; Mobile; rv:109.0) Gecko/112.0 Firefox/112.0 AppEngine-Google; (+http://code.google.com/appengine; appid: s~virustotalcloud)"
103.4.122.14 - - [03/Apr/2026:09:09:00 +0800] "POST /wp-cron.php?doing_wp_cron=1775178540.7718470096588134765625 HTTP/1.1" 200 20 "-" "WordPress/6.9.4; https://bfcg.com.au"
54.70.53.60 - - [03/Apr/2026:09:09:00 +0800] "GET /about/ HTTP/1.1" 200 9181 "-" "Mozilla/5.0 (Windows NT 10.0; Win64; x64) AppleWebKit/537.36 (KHTML, like Gecko) Chrome/143.0.0.0 Safari/537.36"
54.70.53.60 - - [03/Apr/2026:09:09:01 +0800] "GET /wp-content/cache/autoptimize/css/autoptimize_81f9ddb35a66d3b9b1688d21df294bbe.css HTTP/1.1" 200 17834 "https://bfcg.com.au/about/" "Mozilla/5.0 (Windows NT 10.0; Win64; x64) AppleWebKit/537.36 (KHTML, like Gecko) Chrome/143.0.0.0 Safari/537.36"
54.70.53.60 - - [03/Apr/2026:09:09:01 +0800] "GET /wp-content/cache/autoptimize/css/autoptimize_single_aadae654ad0b7188827e85393288abdb.css?ver=1765772697 HTTP/1.1" 200 1034 "https://bfcg.com.au/about/" "Mozilla/5.0 (Windows NT 10.0; Win64; x64) AppleWebKit/537.36 (KHTML, like Gecko) Chrome/143.0.0.0 Safari/537.36"
54.70.53.60 - - [03/Apr/2026:09:09:01 +0800] "GET /wp-content/uploads/2020/09/turnkey_material_processing.jpg HTTP/1.1" 200 62275 "https://bfcg.com.au/about/" "Mozilla/5.0 (Windows NT 10.0; Win64; x64) AppleWebKit/537.36 (KHTML, like Gecko) Chrome/143.0.0.0 Safari/537.36"
54.70.53.60 - - [03/Apr/2026:09:09:01 +0800] "GET /wp-includes/js/dist/hooks.min.js?ver=dd5603f07f9220ed27f1 HTTP/1.1" 200 1941 "https://bfcg.com.au/about/" "Mozilla/5.0 (Windows NT 10.0; Win64; x64) AppleWebKit/537.36 (KHTML, like Gecko) Chrome/143.0.0.0 Safari/537.36"
54.70.53.60 - - [03/Apr/2026:09:09:01 +0800] "GET /wp-includes/js/dist/i18n.min.js?ver=c26c3dc7bed366793375 HTTP/1.1" 200 2229 "https://bfcg.com.au/about/" "Mozilla/5.0 (Windows NT 10.0; Win64; x64) AppleWebKit/537.36 (KHTML, like Gecko) Chrome/143.0.0.0 Safari/537.36"
54.70.53.60 - - [03/Apr/2026:09:09:01 +0800] "GET /wp-content/plugins/autoptimize/classes/external/js/lazysizes.min.js?ao_version=3.1.15 HTTP/1.1" 200 4122 "https://bfcg.com.au/about/" "Mozilla/5.0 (Windows NT 10.0; Win64; x64) AppleWebKit/537.36 (KHTML, like Gecko) Chrome/143.0.0.0 Safari/537.36"
54.70.53.60 - - [03/Apr/2026:09:09:01 +0800] "GET /wp-content/cache/autoptimize/js/autoptimize_0476bd60af445891c8491c3498684f0b.js HTTP/1.1" 200 13680 "https://bfcg.com.au/about/" "Mozilla/5.0 (Windows NT 10.0; Win64; x64) AppleWebKit/537.36 (KHTML, like Gecko) Chrome/143.0.0.0 Safari/537.36"
54.70.53.60 - - [03/Apr/2026:09:09:02 +0800] "GET /wp-content/plugins/gp-premium/general/icons/gp-premium.ttf HTTP/1.1" 200 1594 "https://bfcg.com.au/wp-content/cache/autoptimize/css/autoptimize_81f9ddb35a66d3b9b1688d21df294bbe.css" "Mozilla/5.0 (Windows NT 10.0; Win64; x64) AppleWebKit/537.36 (KHTML, like Gecko) Chrome/143.0.0.0 Safari/537.36"
54.70.53.60 - - [03/Apr/2026:09:09:02 +0800] "GET /wp-content/uploads/2020/08/logo-alt.png HTTP/1.1" 200 100570 "https://bfcg.com.au/about/" "Mozilla/5.0 (Windows NT 10.0; Win64; x64) AppleWebKit/537.36 (KHTML, like Gecko) Chrome/143.0.0.0 Safari/537.36"
54.70.53.60 - - [03/Apr/2026:09:09:01 +0800] "GET /wp-content/uploads/2020/06/calima-bg-2.jpg HTTP/1.1" 404 6156 "https://bfcg.com.au/wp-content/cache/autoptimize/css/autoptimize_81f9ddb35a66d3b9b1688d21df294bbe.css" "Mozilla/5.0 (Windows NT 10.0; Win64; x64) AppleWebKit/537.36 (KHTML, like Gecko) Chrome/143.0.0.0 Safari/537.36"
54.70.53.60 - - [03/Apr/2026:09:09:03 +0800] "GET /wp-includes/js/wp-emoji-release.min.js?ver=6.9.4 HTTP/1.1" 200 5375 "https://bfcg.com.au/about/" "Mozilla/5.0 (Windows NT 10.0; Win64; x64) AppleWebKit/537.36 (KHTML, like Gecko) Chrome/143.0.0.0 Safari/537.36"
54.70.53.60 - - [03/Apr/2026:09:09:01 +0800] "GET /wp-includes/js/dist/vendor/wp-polyfill.min.js?ver=3.15.0 HTTP/1.1" 200 11852 "https://bfcg.com.au/about/" "Mozilla/5.0 (Windows NT 10.0; Win64; x64) AppleWebKit/537.36 (KHTML, like Gecko) Chrome/143.0.0.0 Safari/537.36"
54.70.53.60 - - [03/Apr/2026:09:09:03 +0800] "GET /wp-content/themes/generatepress/assets/fonts/generatepress.woff2 HTTP/1.1" 200 1264 "https://bfcg.com.au/wp-content/cache/autoptimize/css/autoptimize_81f9ddb35a66d3b9b1688d21df294bbe.css" "Mozilla/5.0 (Windows NT 10.0; Win64; x64) AppleWebKit/537.36 (KHTML, like Gecko) Chrome/143.0.0.0 Safari/537.36"
54.70.53.60 - - [03/Apr/2026:09:09:04 +0800] "GET /wp-content/uploads/2020/09/JohanB-300x300.jpg HTTP/1.1" 200 18090 "https://bfcg.com.au/about/" "Mozilla/5.0 (Windows NT 10.0; Win64; x64) AppleWebKit/537.36 (KHTML, like Gecko) Chrome/143.0.0.0 Safari/537.36"
54.70.53.60 - - [03/Apr/2026:09:09:04 +0800] "GET /wp-content/uploads/2020/09/mark-freeman-new.jpg HTTP/1.1" 200 6550 "https://bfcg.com.au/about/" "Mozilla/5.0 (Windows NT 10.0; Win64; x64) AppleWebKit/537.36 (KHTML, like Gecko) Chrome/143.0.0.0 Safari/537.36"
54.70.53.60 - - [03/Apr/2026:09:09:07 +0800] "GET /wp-content/uploads/2020/08/logo-300x263.png HTTP/1.1" 200 38297 "https://bfcg.com.au/about/" "Mozilla/5.0 (Windows NT 10.0; Win64; x64) AppleWebKit/537.36 (KHTML, like Gecko) Chrome/143.0.0.0 Safari/537.36"
103.4.122.14 - - [03/Apr/2026:09:11:21 +0800] "POST /wp-cron.php?doing_wp_cron=1775178680.9306681156158447265625 HTTP/1.1" 200 20 "-" "WordPress/6.9.4; https://bfcg.com.au"
34.86.212.119 - - [03/Apr/2026:09:11:20 +0800] "GET /about/ HTTP/1.1" 200 9181 "-" "Mozilla/5.0 (iPhone; CPU iPhone OS 17_4_1 like Mac OS X) AppleWebKit/605.1.15 (KHTML, like Gecko) Version/17.4.1 Mobile/15E148 Safari/604.1"
34.86.212.119 - - [03/Apr/2026:09:11:21 +0800] "GET /wp-content/cache/autoptimize/css/autoptimize_single_aadae654ad0b7188827e85393288abdb.css?ver=1765772697 HTTP/1.1" 200 1034 "https://bfcg.com.au/about/" "Mozilla/5.0 (iPhone; CPU iPhone OS 17_4_1 like Mac OS X) AppleWebKit/605.1.15 (KHTML, like Gecko) Version/17.4.1 Mobile/15E148 Safari/604.1"
34.86.212.119 - - [03/Apr/2026:09:11:21 +0800] "GET /wp-includes/js/dist/hooks.min.js?ver=dd5603f07f9220ed27f1 HTTP/1.1" 200 1941 "https://bfcg.com.au/about/" "Mozilla/5.0 (iPhone; CPU iPhone OS 17_4_1 like Mac OS X) AppleWebKit/605.1.15 (KHTML, like Gecko) Version/17.4.1 Mobile/15E148 Safari/604.1"
34.86.212.119 - - [03/Apr/2026:09:11:21 +0800] "GET /wp-includes/js/dist/i18n.min.js?ver=c26c3dc7bed366793375 HTTP/1.1" 200 2229 "https://bfcg.com.au/about/" "Mozilla/5.0 (iPhone; CPU iPhone OS 17_4_1 like Mac OS X) AppleWebKit/605.1.15 (KHTML, like Gecko) Version/17.4.1 Mobile/15E148 Safari/604.1"
34.86.212.119 - - [03/Apr/2026:09:11:21 +0800] "GET /wp-content/plugins/autoptimize/classes/external/js/lazysizes.min.js?ao_version=3.1.15 HTTP/1.1" 200 4122 "https://bfcg.com.au/about/" "Mozilla/5.0 (iPhone; CPU iPhone OS 17_4_1 like Mac OS X) AppleWebKit/605.1.15 (KHTML, like Gecko) Version/17.4.1 Mobile/15E148 Safari/604.1"
34.86.212.119 - - [03/Apr/2026:09:11:21 +0800] "GET /wp-content/cache/autoptimize/js/autoptimize_0476bd60af445891c8491c3498684f0b.js HTTP/1.1" 200 13680 "https://bfcg.com.au/about/" "Mozilla/5.0 (iPhone; CPU iPhone OS 17_4_1 like Mac OS X) AppleWebKit/605.1.15 (KHTML, like Gecko) Version/17.4.1 Mobile/15E148 Safari/604.1"
34.86.212.119 - - [03/Apr/2026:09:11:21 +0800] "GET /wp-content/uploads/2020/09/turnkey_material_processing.jpg HTTP/1.1" 200 62275 "https://bfcg.com.au/about/" "Mozilla/5.0 (iPhone; CPU iPhone OS 17_4_1 like Mac OS X) AppleWebKit/605.1.15 (KHTML, like Gecko) Version/17.4.1 Mobile/15E148 Safari/604.1"
34.86.212.119 - - [03/Apr/2026:09:11:21 +0800] "GET /wp-content/themes/generatepress/assets/fonts/generatepress.woff2 HTTP/1.1" 200 1264 "https://bfcg.com.au/wp-content/cache/autoptimize/css/autoptimize_81f9ddb35a66d3b9b1688d21df294bbe.css" "Mozilla/5.0 (iPhone; CPU iPhone OS 17_4_1 like Mac OS X) AppleWebKit/605.1.15 (KHTML, like Gecko) Version/17.4.1 Mobile/15E148 Safari/604.1"
34.86.212.119 - - [03/Apr/2026:09:11:21 +0800] "GET /wp-content/uploads/2020/09/JohanB-300x300.jpg HTTP/1.1" 200 18090 "https://bfcg.com.au/about/" "Mozilla/5.0 (iPhone; CPU iPhone OS 17_4_1 like Mac OS X) AppleWebKit/605.1.15 (KHTML, like Gecko) Version/17.4.1 Mobile/15E148 Safari/604.1"
34.86.212.119 - - [03/Apr/2026:09:11:22 +0800] "GET /wp-content/uploads/2020/09/mark-freeman-new.jpg HTTP/1.1" 200 6550 "https://bfcg.com.au/about/" "Mozilla/5.0 (iPhone; CPU iPhone OS 17_4_1 like Mac OS X) AppleWebKit/605.1.15 (KHTML, like Gecko) Version/17.4.1 Mobile/15E148 Safari/604.1"
34.86.212.119 - - [03/Apr/2026:09:11:21 +0800] "GET /wp-content/uploads/2020/08/logo-alt.png HTTP/1.1" 200 100570 "https://bfcg.com.au/about/" "Mozilla/5.0 (iPhone; CPU iPhone OS 17_4_1 like Mac OS X) AppleWebKit/605.1.15 (KHTML, like Gecko) Version/17.4.1 Mobile/15E148 Safari/604.1"
34.86.212.119 - - [03/Apr/2026:09:11:21 +0800] "GET /wp-content/uploads/2020/06/calima-bg-2.jpg HTTP/1.1" 404 6156 "https://bfcg.com.au/wp-content/cache/autoptimize/css/autoptimize_81f9ddb35a66d3b9b1688d21df294bbe.css" "Mozilla/5.0 (iPhone; CPU iPhone OS 17_4_1 like Mac OS X) AppleWebKit/605.1.15 (KHTML, like Gecko) Version/17.4.1 Mobile/15E148 Safari/604.1"
34.86.212.119 - - [03/Apr/2026:09:11:21 +0800] "GET /wp-content/cache/autoptimize/css/autoptimize_81f9ddb35a66d3b9b1688d21df294bbe.css HTTP/1.1" 200 17834 "https://bfcg.com.au/about/" "Mozilla/5.0 (iPhone; CPU iPhone OS 17_4_1 like Mac OS X) AppleWebKit/605.1.15 (KHTML, like Gecko) Version/17.4.1 Mobile/15E148 Safari/604.1"
34.86.212.119 - - [03/Apr/2026:09:11:22 +0800] "GET /wp-includes/js/dist/vendor/wp-polyfill.min.js?ver=3.15.0 HTTP/1.1" 200 11852 "https://bfcg.com.au/about/" "Mozilla/5.0 (iPhone; CPU iPhone OS 17_4_1 like Mac OS X) AppleWebKit/605.1.15 (KHTML, like Gecko) Version/17.4.1 Mobile/15E148 Safari/604.1"
34.86.212.119 - - [03/Apr/2026:09:11:23 +0800] "GET /wp-content/plugins/gp-premium/general/icons/gp-premium.ttf HTTP/1.1" 200 1594 "https://bfcg.com.au/wp-content/cache/autoptimize/css/autoptimize_81f9ddb35a66d3b9b1688d21df294bbe.css" "Mozilla/5.0 (iPhone; CPU iPhone OS 17_4_1 like Mac OS X) AppleWebKit/605.1.15 (KHTML, like Gecko) Version/17.4.1 Mobile/15E148 Safari/604.1"
34.86.212.119 - - [03/Apr/2026:09:11:23 +0800] "GET /wp-includes/js/wp-emoji-release.min.js?ver=6.9.4 HTTP/1.1" 200 5375 "https://bfcg.com.au/about/" "Mozilla/5.0 (iPhone; CPU iPhone OS 17_4_1 like Mac OS X) AppleWebKit/605.1.15 (KHTML, like Gecko) Version/17.4.1 Mobile/15E148 Safari/604.1"
34.86.212.119 - - [03/Apr/2026:09:11:23 +0800] "GET /wp-content/uploads/2020/08/cropped-favicon-32x32.png HTTP/1.1" 200 1889 "https://bfcg.com.au/about/" "Mozilla/5.0 (iPhone; CPU iPhone OS 17_4_1 like Mac OS X) AppleWebKit/605.1.15 (KHTML, like Gecko) Version/17.4.1 Mobile/15E148 Safari/604.1"
103.4.122.14 - - [03/Apr/2026:09:12:35 +0800] "POST /wp-cron.php?doing_wp_cron=1775178755.1305339336395263671875 HTTP/1.1" 200 20 "-" "WordPress/6.9.4; https://bfcg.com.au"
107.158.64.227 - - [03/Apr/2026:09:12:34 +0800] "POST /wp-login.php HTTP/1.1" 200 10260 "-" "Mozilla/5.0"
103.4.122.14 - - [03/Apr/2026:09:13:18 +0800] "POST /wp-cron.php?doing_wp_cron=1775178798.0377271175384521484375 HTTP/1.1" 200 20 "-" "WordPress/6.9.4; https://bfcg.com.au"
179.61.240.53 - - [03/Apr/2026:09:13:17 +0800] "GET /about/ HTTP/1.1" 200 9181 "-" "Mozilla/5.0 (Linux; Android 10; K) AppleWebKit/537.36 (KHTML, like Gecko) Chrome/145.0.0.0 Mobile Safari/537.36"
103.4.122.14 - - [03/Apr/2026:09:15:14 +0800] "POST /wp-cron.php?doing_wp_cron=1775178913.9908199310302734375000 HTTP/1.1" 200 20 "-" "WordPress/6.9.4; https://bfcg.com.au"
57.141.14.29 - - [03/Apr/2026:09:15:13 +0800] "GET /\xe0\xb8\x97\xe0\xb8\x94\xe0\xb8\xa5\xe0\xb8\xad\xe0\xb8\x87\xe0\xb9\x80\xe0\xb8\xa5\xe0\xb9\x88\xe0\xb8\x99\xe0\xb8\xaa\xe0\xb8\xa5\xe0\xb9\x87\xe0\xb8\xad\xe0\xb8\x95\xe0\xb8\x9f\xe0\xb8\xa3\xe0\xb8\xb5xo.aspx HTTP/1.1" 404 23064 "-" "meta-externalagent/1.1 (+https://developers.facebook.com/docs/sharing/webmasters/crawler)"
103.4.122.14 - - [03/Apr/2026:09:29:19 +0800] "POST /wp-cron.php?doing_wp_cron=1775179759.4555959701538085937500 HTTP/1.1" 200 20 "-" "WordPress/6.9.4; https://bfcg.com.au"
14.170.34.154 - - [03/Apr/2026:09:29:18 +0800] "GET /privacy-policy/ HTTP/1.1" 200 7098 "-" "Mozilla/5.0 (Macintosh; Intel Mac OS X 10_7_5) AppleWebKit/537.36 (KHTML, like Gecko) Chrome/27.0.1453.93 Safari/537.36"
103.4.122.14 - - [03/Apr/2026:09:32:49 +0800] "POST /wp-cron.php?doing_wp_cron=1775179969.2806239128112792968750 HTTP/1.1" 200 20 "-" "WordPress/6.9.4; https://bfcg.com.au"
20.63.102.187 - - [03/Apr/2026:09:32:48 +0800] "GET //wp-content/plugins/fix/up.php HTTP/1.1" 301 20 "-" "Mozilla/5.0 (Windows NT 10.0; Win64; x64) AppleWebKit/537.36 (KHTML, like Gecko) Chrome/85.0.4183.102 Safari/537.36"
20.63.102.187 - - [03/Apr/2026:09:32:49 +0800] "GET /wp-content/plugins/fix/up.php HTTP/1.1" 404 6167 "-" "Mozilla/5.0 (Windows NT 10.0; Win64; x64) AppleWebKit/537.36 (KHTML, like Gecko) Chrome/85.0.4183.102 Safari/537.36"
103.4.122.14 - - [03/Apr/2026:09:33:37 +0800] "POST /wp-cron.php?doing_wp_cron=1775180017.2443590164184570312500 HTTP/1.1" 200 20 "-" "WordPress/6.9.4; https://bfcg.com.au"
107.158.64.227 - - [03/Apr/2026:09:33:36 +0800] "POST /wp-login.php HTTP/1.1" 200 10260 "-" "Mozilla/5.0"
103.4.122.14 - - [03/Apr/2026:09:35:07 +0800] "POST /wp-cron.php?doing_wp_cron=1775180107.1124138832092285156250 HTTP/1.1" 200 20 "-" "WordPress/6.9.4; https://bfcg.com.au"
57.141.14.101 - - [03/Apr/2026:09:35:06 +0800] "GET /\xe0\xb8\xaa\xe0\xb8\xa5\xe0\xb9\x87\xe0\xb8\xad\xe0\xb8\x95888\xe0\xb9\x80\xe0\xb8\xa7\xe0\xb9\x87\xe0\xb8\x9a\xe0\xb8\x95\xe0\xb8\xa3\xe0\xb8\x87\xe0\xb8\xa7\xe0\xb8\xad\xe0\xb9\x80\xe0\xb8\xa5\xe0\xb8\x97.aspx HTTP/1.1" 404 23064 "-" "meta-externalagent/1.1 (+https://developers.facebook.com/docs/sharing/webmasters/crawler)"
103.4.122.14 - - [03/Apr/2026:09:35:59 +0800] "POST /wp-cron.php?doing_wp_cron=1775180159.0020298957824707031250 HTTP/1.1" 200 20 "-" "WordPress/6.9.4; https://bfcg.com.au"
57.141.14.19 - - [03/Apr/2026:09:35:58 +0800] "GET /\xe0\xb8\x97\xe0\xb8\x94\xe0\xb8\xa5\xe0\xb8\xad\xe0\xb8\x87\xe0\xb9\x80\xe0\xb8\xa5\xe0\xb9\x88\xe0\xb8\x99.aspx HTTP/1.1" 404 23064 "-" "meta-externalagent/1.1 (+https://developers.facebook.com/docs/sharing/webmasters/crawler)"
103.4.122.14 - - [03/Apr/2026:09:53:45 +0800] "POST /wp-cron.php?doing_wp_cron=1775181225.4971439838409423828125 HTTP/1.1" 200 20 "-" "WordPress/6.9.4; https://bfcg.com.au"
40.77.167.74 - - [03/Apr/2026:09:53:45 +0800] "GET /wp-sitemap.xml HTTP/1.1" 200 229 "-" "Mozilla/5.0 AppleWebKit/537.36 (KHTML, like Gecko; compatible; bingbot/2.0; +http://www.bing.com/bingbot.htm) Chrome/116.0.1938.76 Safari/537.36"
103.4.122.14 - - [03/Apr/2026:09:54:41 +0800] "POST /wp-cron.php?doing_wp_cron=1775181281.7886979579925537109375 HTTP/1.1" 200 20 "-" "WordPress/6.9.4; https://bfcg.com.au"
107.158.64.227 - - [03/Apr/2026:09:54:41 +0800] "POST /wp-login.php HTTP/1.1" 200 10260 "-" "Mozilla/5.0"
103.4.122.14 - - [03/Apr/2026:09:58:31 +0800] "POST /wp-cron.php?doing_wp_cron=1775181511.0128009319305419921875 HTTP/1.1" 200 20 "-" "WordPress/6.9.4; https://bfcg.com.au"
198.244.168.154 - - [03/Apr/2026:09:58:30 +0800] "GET /robots.txt HTTP/1.1" 200 108 "-" "Mozilla/5.0 (compatible; AhrefsBot/7.0; +http://ahrefs.com/robot/)"
54.39.0.195 - - [03/Apr/2026:09:58:33 +0800] "GET /wp-sitemap.xml HTTP/1.1" 200 229 "-" "Mozilla/5.0 (compatible; AhrefsBot/7.0; +http://ahrefs.com/robot/)"
148.113.130.113 - - [03/Apr/2026:09:58:35 +0800] "GET /wp-sitemap-posts-post-1.xml HTTP/1.1" 200 220 "-" "Mozilla/5.0 (compatible; AhrefsBot/7.0; +http://ahrefs.com/robot/)"
103.4.122.14 - - [03/Apr/2026:09:58:38 +0800] "POST /wp-cron.php?doing_wp_cron=1775181518.3710799217224121093750 HTTP/1.1" 200 20 "-" "WordPress/6.9.4; https://bfcg.com.au"
54.39.0.138 - - [03/Apr/2026:09:58:38 +0800] "GET /wp-sitemap-posts-page-1.xml HTTP/1.1" 200 441 "-" "Mozilla/5.0 (compatible; AhrefsBot/7.0; +http://ahrefs.com/robot/)"
54.39.203.210 - - [03/Apr/2026:09:58:40 +0800] "GET /wp-sitemap-posts-docs-1.xml HTTP/1.1" 200 520 "-" "Mozilla/5.0 (compatible; AhrefsBot/7.0; +http://ahrefs.com/robot/)"
167.114.139.20 - - [03/Apr/2026:09:58:42 +0800] "GET /wp-sitemap-taxonomies-category-1.xml HTTP/1.1" 200 184 "-" "Mozilla/5.0 (compatible; AhrefsBot/7.0; +http://ahrefs.com/robot/)"
54.39.6.212 - - [03/Apr/2026:09:58:45 +0800] "GET /wp-sitemap-users-1.xml HTTP/1.1" 200 184 "-" "Mozilla/5.0 (compatible; AhrefsBot/7.0; +http://ahrefs.com/robot/)"
103.4.122.14 - - [03/Apr/2026:10:10:04 +0800] "POST /wp-cron.php?doing_wp_cron=1775182204.5146389007568359375000 HTTP/1.1" 200 20 "-" "WordPress/6.9.4; https://bfcg.com.au"
16.145.88.181 - - [03/Apr/2026:10:10:04 +0800] "GET / HTTP/1.1" 301 20 "-" "Mozilla/5.0 (Windows NT 10.0; Win64; x64) AppleWebKit/537.36 (KHTML, like Gecko) Chrome/113.0.0.0 Safari/537.36"
16.145.88.181 - - [03/Apr/2026:10:10:05 +0800] "GET / HTTP/1.1" 200 12381 "-" "Mozilla/5.0 (Windows NT 10.0; Win64; x64) AppleWebKit/537.36 (KHTML, like Gecko) Chrome/113.0.0.0 Safari/537.36"
103.4.122.14 - - [03/Apr/2026:10:14:21 +0800] "POST /wp-cron.php?doing_wp_cron=1775182461.0643239021301269531250 HTTP/1.1" 200 20 "-" "WordPress/6.9.4; https://bfcg.com.au"
77.81.142.124 - - [03/Apr/2026:10:14:20 +0800] "GET /about/ HTTP/1.1" 200 9181 "-" "Mozilla/5.0 (Windows NT 10.0; Win64; x64) AppleWebKit/537.36 (KHTML, like Gecko) Chrome/84.0.4147.89 Safari/537.36"
103.4.122.14 - - [03/Apr/2026:10:15:40 +0800] "POST /wp-cron.php?doing_wp_cron=1775182540.8086380958557128906250 HTTP/1.1" 200 20 "-" "WordPress/6.9.4; https://bfcg.com.au"
107.158.64.227 - - [03/Apr/2026:10:15:40 +0800] "POST /wp-login.php HTTP/1.1" 200 10260 "-" "Mozilla/5.0"
103.4.122.14 - - [03/Apr/2026:10:19:56 +0800] "POST /wp-cron.php?doing_wp_cron=1775182796.7533481121063232421875 HTTP/1.1" 200 20 "-" "WordPress/6.9.4; https://bfcg.com.au"
216.73.216.14 - - [03/Apr/2026:10:19:56 +0800] "GET /robots.txt HTTP/1.1" 200 108 "-" "Mozilla/5.0 AppleWebKit/537.36 (KHTML, like Gecko; compatible; ClaudeBot/1.0; +claudebot@anthropic.com)"
216.73.216.14 - - [03/Apr/2026:10:19:57 +0800] "GET /wp-sitemap.xml HTTP/1.1" 200 229 "-" "Mozilla/5.0 AppleWebKit/537.36 (KHTML, like Gecko; compatible; ClaudeBot/1.0; +claudebot@anthropic.com)"
103.4.122.14 - - [03/Apr/2026:10:30:11 +0800] "POST /wp-cron.php?doing_wp_cron=1775183410.9870619773864746093750 HTTP/1.1" 200 20 "-" "WordPress/6.9.4; https://bfcg.com.au"
209.141.32.143 - - [03/Apr/2026:10:30:10 +0800] "GET /wp-content/plugins/js-support-ticket/readme.txt HTTP/1.1" 404 6156 "-" "Mozilla/5.0 (Windows NT 10.0; Win64; x64) AppleWebKit/537.36 (KHTML, like Gecko) Chrome/120.1.2.3 Safari/537.36 Edg/121.0.623.86"
103.4.122.14 - - [03/Apr/2026:10:34:23 +0800] "POST /wp-cron.php?doing_wp_cron=1775183663.4280550479888916015625 HTTP/1.1" 200 20 "-" "WordPress/6.9.4; https://bfcg.com.au"
103.4.122.13 - - [03/Apr/2026:10:34:23 +0800] "GET /?login_required=1&user=ACS&mainwpsignature=RY49%2BbTZUEgv7Z%2FDw8LUDHE9sS1eeAiooA%2B1r84publbUuTkC6C4EFvlDSmkjlpqoaD%2BXIgaV4Fbxm7%2Bj%2FxHTDP8tHpdP0HGJgNiVLyfL7TXLieI%2BtxUfgp7443DyF6dsajem8kcW5eqlXS9nTcIkKdd1R59RaT%2BIqPjKGeprV9BaoeFJhUH%2B3ILqSZoj0Q7yFe1ho2xIaf5Znact15ToEVbAxK4HGQ%2FwylAs0q9QCpDm%2FNyXH07bdUDyW3yckoKHskstFhmNWTh0G4zETMtCoEVNscMLFfIgP543SzNL1jf4Dl%2BfC6rc70eUXhjn8Hc75zny0W5irAh%2Bz3c7kIuww%3D%3D&nonce=8549&where=plugins.php%3F_detect_plugins_updates%3Dyes&sign_algo=7 HTTP/1.1" 302 20 "-" "WordPress/6.9.4; https://wpmain.screwlooseit.com.au"
103.4.122.13 - - [03/Apr/2026:10:34:23 +0800] "GET /wp-admin/plugins.php?_detect_plugins_updates=yes HTTP/1.1" 200 38376 "-" "WordPress/6.9.4; https://wpmain.screwlooseit.com.au"
103.4.122.13 - - [03/Apr/2026:10:34:25 +0800] "POST /wp-admin/admin-ajax.php HTTP/1.1" 200 107893 "https://wpmain.screwlooseit.com.au" "Mozilla/5.0 (compatible; MainWP/6.0.7; +http://mainwp.com)"
103.4.122.13 - - [03/Apr/2026:10:34:29 +0800] "POST /wp-admin/admin-ajax.php HTTP/1.1" 200 141 "https://wpmain.screwlooseit.com.au" "Mozilla/5.0 (compatible; MainWP/6.0.7; +http://mainwp.com)"
103.4.122.13 - - [03/Apr/2026:10:34:29 +0800] "GET /wp-content/uploads/2020/08/cropped-favicon.png HTTP/1.1" 200 54142 "-" "Mozilla/5.0 (compatible; MainWP/6.0.7; +http://mainwp.com)"
103.4.122.14 - - [03/Apr/2026:10:36:53 +0800] "POST /wp-cron.php?doing_wp_cron=1775183812.8803689479827880859375 HTTP/1.1" 200 20 "-" "WordPress/6.9.4; https://bfcg.com.au"
107.158.64.227 - - [03/Apr/2026:10:36:52 +0800] "POST /wp-login.php HTTP/1.1" 200 10260 "-" "Mozilla/5.0"
103.4.122.14 - - [03/Apr/2026:10:38:30 +0800] "POST /wp-cron.php?doing_wp_cron=1775183910.2192969322204589843750 HTTP/1.1" 200 20 "-" "WordPress/6.9.4; https://bfcg.com.au"
57.141.14.80 - - [03/Apr/2026:10:38:29 +0800] "GET /news_sitemap.xml HTTP/1.1" 404 23064 "-" "meta-externalagent/1.1 (+https://developers.facebook.com/docs/sharing/webmasters/crawler)"
103.4.122.13 - - [03/Apr/2026:10:42:36 +0800] "GET /wp-cron.php HTTP/1.1" 200 20 "-" "WordPress/6.9.4; https://wpmain.screwlooseit.com.au"
205.169.39.56 - - [03/Apr/2026:10:42:57 +0800] "GET /about/ HTTP/1.1" 200 9181 "https://bing.com/" "Mozilla/5.0 (Windows NT 10.0; Win64; x64) AppleWebKit/537.36 (KHTML, like Gecko) Chrome/117.0.5938.132 Safari/537.36"
205.169.39.56 - - [03/Apr/2026:10:42:58 +0800] "GET /wp-content/cache/autoptimize/css/autoptimize_81f9ddb35a66d3b9b1688d21df294bbe.css HTTP/1.1" 200 17834 "https://bfcg.com.au/about/" "Mozilla/5.0 (Windows NT 10.0; Win64; x64) AppleWebKit/537.36 (KHTML, like Gecko) Chrome/117.0.5938.132 Safari/537.36"
205.169.39.56 - - [03/Apr/2026:10:42:59 +0800] "GET /wp-content/cache/autoptimize/css/autoptimize_single_aadae654ad0b7188827e85393288abdb.css?ver=1765772697 HTTP/1.1" 200 1034 "https://bfcg.com.au/about/" "Mozilla/5.0 (Windows NT 10.0; Win64; x64) AppleWebKit/537.36 (KHTML, like Gecko) Chrome/117.0.5938.132 Safari/537.36"
205.169.39.56 - - [03/Apr/2026:10:42:59 +0800] "GET /wp-includes/js/dist/hooks.min.js?ver=dd5603f07f9220ed27f1 HTTP/1.1" 200 1941 "https://bfcg.com.au/about/" "Mozilla/5.0 (Windows NT 10.0; Win64; x64) AppleWebKit/537.36 (KHTML, like Gecko) Chrome/117.0.5938.132 Safari/537.36"
205.169.39.56 - - [03/Apr/2026:10:42:59 +0800] "GET /wp-includes/js/dist/i18n.min.js?ver=c26c3dc7bed366793375 HTTP/1.1" 200 2229 "https://bfcg.com.au/about/" "Mozilla/5.0 (Windows NT 10.0; Win64; x64) AppleWebKit/537.36 (KHTML, like Gecko) Chrome/117.0.5938.132 Safari/537.36"
205.169.39.56 - - [03/Apr/2026:10:42:59 +0800] "GET /wp-content/themes/generatepress/assets/fonts/generatepress.woff2 HTTP/1.1" 200 1264 "https://bfcg.com.au/wp-content/cache/autoptimize/css/autoptimize_81f9ddb35a66d3b9b1688d21df294bbe.css" "Mozilla/5.0 (Windows NT 10.0; Win64; x64) AppleWebKit/537.36 (KHTML, like Gecko) Chrome/117.0.5938.132 Safari/537.36"
205.169.39.56 - - [03/Apr/2026:10:42:59 +0800] "GET /wp-includes/js/dist/vendor/wp-polyfill.min.js?ver=3.15.0 HTTP/1.1" 200 11852 "https://bfcg.com.au/about/" "Mozilla/5.0 (Windows NT 10.0; Win64; x64) AppleWebKit/537.36 (KHTML, like Gecko) Chrome/117.0.5938.132 Safari/537.36"
205.169.39.56 - - [03/Apr/2026:10:42:59 +0800] "GET /wp-content/uploads/2020/09/turnkey_material_processing.jpg HTTP/1.1" 200 62275 "https://bfcg.com.au/about/" "Mozilla/5.0 (Windows NT 10.0; Win64; x64) AppleWebKit/537.36 (KHTML, like Gecko) Chrome/117.0.5938.132 Safari/537.36"
205.169.39.56 - - [03/Apr/2026:10:42:59 +0800] "GET /wp-content/plugins/autoptimize/classes/external/js/lazysizes.min.js?ao_version=3.1.15 HTTP/1.1" 200 4122 "https://bfcg.com.au/about/" "Mozilla/5.0 (Windows NT 10.0; Win64; x64) AppleWebKit/537.36 (KHTML, like Gecko) Chrome/117.0.5938.132 Safari/537.36"
205.169.39.56 - - [03/Apr/2026:10:42:59 +0800] "GET /wp-content/cache/autoptimize/js/autoptimize_0476bd60af445891c8491c3498684f0b.js HTTP/1.1" 200 13680 "https://bfcg.com.au/about/" "Mozilla/5.0 (Windows NT 10.0; Win64; x64) AppleWebKit/537.36 (KHTML, like Gecko) Chrome/117.0.5938.132 Safari/537.36"
205.169.39.56 - - [03/Apr/2026:10:42:59 +0800] "GET /wp-content/uploads/2020/06/calima-bg-2.jpg HTTP/1.1" 404 6156 "https://bfcg.com.au/wp-content/cache/autoptimize/css/autoptimize_81f9ddb35a66d3b9b1688d21df294bbe.css" "Mozilla/5.0 (Windows NT 10.0; Win64; x64) AppleWebKit/537.36 (KHTML, like Gecko) Chrome/117.0.5938.132 Safari/537.36"
205.169.39.56 - - [03/Apr/2026:10:43:00 +0800] "GET /wp-content/uploads/2020/09/mark-freeman-new.jpg HTTP/1.1" 200 6550 "https://bfcg.com.au/about/" "Mozilla/5.0 (Windows NT 10.0; Win64; x64) AppleWebKit/537.36 (KHTML, like Gecko) Chrome/117.0.5938.132 Safari/537.36"
205.169.39.56 - - [03/Apr/2026:10:43:00 +0800] "GET /wp-content/uploads/2020/09/JohanB-300x300.jpg HTTP/1.1" 200 18090 "https://bfcg.com.au/about/" "Mozilla/5.0 (Windows NT 10.0; Win64; x64) AppleWebKit/537.36 (KHTML, like Gecko) Chrome/117.0.5938.132 Safari/537.36"
205.169.39.56 - - [03/Apr/2026:10:43:00 +0800] "GET /wp-content/uploads/2020/08/logo-alt.png HTTP/1.1" 200 100570 "https://bfcg.com.au/about/" "Mozilla/5.0 (Windows NT 10.0; Win64; x64) AppleWebKit/537.36 (KHTML, like Gecko) Chrome/117.0.5938.132 Safari/537.36"
205.169.39.56 - - [03/Apr/2026:10:43:08 +0800] "GET /wp-content/plugins/gp-premium/general/icons/gp-premium.ttf HTTP/1.1" 200 1594 "https://bfcg.com.au/wp-content/cache/autoptimize/css/autoptimize_81f9ddb35a66d3b9b1688d21df294bbe.css" "Mozilla/5.0 (Windows NT 10.0; Win64; x64) AppleWebKit/537.36 (KHTML, like Gecko) Chrome/117.0.5938.132 Safari/537.36"
205.169.39.56 - - [03/Apr/2026:10:43:08 +0800] "GET /wp-includes/js/wp-emoji-release.min.js?ver=6.9.4 HTTP/1.1" 200 5375 "https://bfcg.com.au/about/" "Mozilla/5.0 (Windows NT 10.0; Win64; x64) AppleWebKit/537.36 (KHTML, like Gecko) Chrome/117.0.5938.132 Safari/537.36"
103.4.122.14 - - [03/Apr/2026:10:44:38 +0800] "POST /wp-cron.php?doing_wp_cron=1775184277.9681580066680908203125 HTTP/1.1" 200 20 "-" "WordPress/6.9.4; https://bfcg.com.au"
113.190.2.35 - - [03/Apr/2026:10:44:37 +0800] "GET /docs/employee-resources/scheduled-maintenance/250hr-service-mack-truck/ HTTP/1.1" 200 9578 "-" "Mozilla/5.0 (Windows NT 10.0; Win64; x64) AppleWebKit/537.36 (KHTML, like Gecko) Chrome/86.0.4240.198 Safari/537.36"
14.182.97.252 - - [03/Apr/2026:10:45:31 +0800] "GET /docs/employee-resources/scheduled-maintenance/service-sheets/ HTTP/1.1" 200 9758 "-" "Mozilla/5.0 (Windows NT 6.3; WOW64) AppleWebKit/537.36 (KHTML, like Gecko) Chrome/92.0.4515.131 Safari/537.36"
103.4.122.14 - - [03/Apr/2026:10:46:59 +0800] "POST /wp-cron.php?doing_wp_cron=1775184419.6528151035308837890625 HTTP/1.1" 200 20 "-" "WordPress/6.9.4; https://bfcg.com.au"
186.179.14.238 - - [03/Apr/2026:10:46:59 +0800] "GET /log-in/ HTTP/1.1" 200 6669 "-" "Mozilla/5.0 (Windows NT 10.0; Win64; x64) AppleWebKit/537.36 (KHTML, like Gecko) Chrome/61.0.3163.100 Safari/537.36"
103.4.122.14 - - [03/Apr/2026:10:55:13 +0800] "POST /wp-cron.php?doing_wp_cron=1775184913.3777029514312744140625 HTTP/1.1" 200 20 "-" "WordPress/6.9.4; https://bfcg.com.au"
216.244.66.229 - - [03/Apr/2026:10:55:12 +0800] "GET /robots.txt HTTP/1.1" 200 112 "-" "Mozilla/5.0 (compatible; DotBot/1.2; +https://opensiteexplorer.org/dotbot; help@moz.com)"
103.4.122.14 - - [03/Apr/2026:10:58:05 +0800] "POST /wp-cron.php?doing_wp_cron=1775185084.9265398979187011718750 HTTP/1.1" 200 20 "-" "WordPress/6.9.4; https://bfcg.com.au"
107.158.64.227 - - [03/Apr/2026:10:58:04 +0800] "POST /wp-login.php HTTP/1.1" 200 10260 "-" "Mozilla/5.0"
103.4.122.14 - - [03/Apr/2026:10:59:10 +0800] "POST /wp-cron.php?doing_wp_cron=1775185150.8786909580230712890625 HTTP/1.1" 200 20 "-" "WordPress/6.9.4; https://bfcg.com.au"
74.7.228.60 - - [03/Apr/2026:10:59:10 +0800] "GET /robots.txt HTTP/1.1" 200 108 "-" "Mozilla/5.0 (Macintosh; Intel Mac OS X 10_15_7) AppleWebKit/537.36 (KHTML, like Gecko) Chrome/131.0.0.0 Safari/537.36; compatible; OAI-SearchBot/1.3; robots.txt; +https://openai.com/searchbot"
103.4.122.14 - - [03/Apr/2026:11:01:13 +0800] "POST /wp-cron.php?doing_wp_cron=1775185273.6807250976562500000000 HTTP/1.1" 200 20 "-" "WordPress/6.9.4; https://bfcg.com.au"
213.180.203.88 - - [03/Apr/2026:11:01:13 +0800] "GET /robots.txt HTTP/1.1" 200 112 "-" "Mozilla/5.0 (compatible; YandexBot/3.0; +http://yandex.com/bots)"
95.108.213.244 - - [03/Apr/2026:11:01:15 +0800] "GET /docs/employee-resources/scheduled-maintenance/250hr-service-mack-truck/ HTTP/1.1" 200 9578 "-" "Mozilla/5.0 (compatible; YandexBot/3.0; +http://yandex.com/bots)"
103.4.122.14 - - [03/Apr/2026:11:11:16 +0800] "POST /wp-cron.php?doing_wp_cron=1775185876.4379520416259765625000 HTTP/1.1" 200 20 "-" "WordPress/6.9.4; https://bfcg.com.au"
216.244.66.229 - - [03/Apr/2026:11:11:15 +0800] "GET /privacy-policy/ HTTP/1.1" 200 25748 "-" "Mozilla/5.0 (compatible; DotBot/1.2; +https://opensiteexplorer.org/dotbot; help@moz.com)"
103.4.122.14 - - [03/Apr/2026:11:19:21 +0800] "POST /wp-cron.php?doing_wp_cron=1775186361.9200110435485839843750 HTTP/1.1" 200 20 "-" "WordPress/6.9.4; https://bfcg.com.au"
107.158.64.227 - - [03/Apr/2026:11:19:20 +0800] "POST /wp-login.php HTTP/1.1" 200 10260 "-" "Mozilla/5.0"
103.4.122.14 - - [03/Apr/2026:11:21:32 +0800] "POST /wp-cron.php?doing_wp_cron=1775186491.8740980625152587890625 HTTP/1.1" 200 20 "-" "WordPress/6.9.4; https://bfcg.com.au"
190.6.16.112 - - [03/Apr/2026:11:21:31 +0800] "GET /wp-json/oembed/1.0/embed?url=https%3A%2F%2Fbfcg.com.au%2F HTTP/1.1" 200 1072 "-" "Mozilla/5.0 (Microsoft Windows NT 10.0.16299.0; Win64; x64) AppleWebKit/537.36 (KHTML, like Gecko) Chrome/63.0.3239.132 Safari/537.36 (FTM)"
103.4.122.14 - - [03/Apr/2026:11:23:43 +0800] "POST /wp-cron.php?doing_wp_cron=1775186623.6628999710083007812500 HTTP/1.1" 200 20 "-" "WordPress/6.9.4; https://bfcg.com.au"
142.44.228.138 - - [03/Apr/2026:11:23:43 +0800] "GET / HTTP/1.1" 200 12381 "-" "Mozilla/5.0 (compatible; AhrefsBot/7.0; +http://ahrefs.com/robot/)"
168.100.149.119 - - [03/Apr/2026:11:23:45 +0800] "GET /robots.txt HTTP/1.1" 200 108 "-" "Mozilla/5.0 (compatible; AhrefsBot/7.0; +http://ahrefs.com/robot/)"
202.8.40.66 - - [03/Apr/2026:11:23:46 +0800] "GET /wp-includes/js/dist/hooks.min.js?ver=dd5603f07f9220ed27f1 HTTP/1.1" 200 1941 "https://bfcg.com.au/" "Mozilla/5.0 (compatible; AhrefsBot/7.0; +http://ahrefs.com/robot/)"
202.8.40.66 - - [03/Apr/2026:11:23:46 +0800] "GET /wp-includes/js/dist/i18n.min.js?ver=c26c3dc7bed366793375 HTTP/1.1" 200 2229 "https://bfcg.com.au/" "Mozilla/5.0 (compatible; AhrefsBot/7.0; +http://ahrefs.com/robot/)"
202.8.40.66 - - [03/Apr/2026:11:23:46 +0800] "GET /wp-content/cache/autoptimize/css/autoptimize_single_fa01caa3511fe59492737e72ecc1ea48.css?ver=1765777674 HTTP/1.1" 200 1814 "https://bfcg.com.au/" "Mozilla/5.0 (compatible; AhrefsBot/7.0; +http://ahrefs.com/robot/)"
202.8.40.66 - - [03/Apr/2026:11:23:46 +0800] "GET /wp-content/cache/autoptimize/css/autoptimize_036a3e3adb14651182f90577734ef4ef.css HTTP/1.1" 200 17882 "https://bfcg.com.au/" "Mozilla/5.0 (compatible; AhrefsBot/7.0; +http://ahrefs.com/robot/)"
202.8.40.66 - - [03/Apr/2026:11:23:46 +0800] "GET /wp-includes/js/dist/vendor/wp-polyfill.min.js?ver=3.15.0 HTTP/1.1" 200 11852 "https://bfcg.com.au/" "Mozilla/5.0 (compatible; AhrefsBot/7.0; +http://ahrefs.com/robot/)"
202.8.40.66 - - [03/Apr/2026:11:23:47 +0800] "GET /wp-includes/js/jquery/jquery.min.js?ver=3.7.1 HTTP/1.1" 200 30368 "https://bfcg.com.au/" "Mozilla/5.0 (compatible; AhrefsBot/7.0; +http://ahrefs.com/robot/)"
202.8.40.66 - - [03/Apr/2026:11:23:47 +0800] "GET /wp-content/plugins/autoptimize/classes/external/js/lazysizes.min.js?ao_version=3.1.15 HTTP/1.1" 200 4122 "https://bfcg.com.au/" "Mozilla/5.0 (compatible; AhrefsBot/7.0; +http://ahrefs.com/robot/)"
202.8.40.66 - - [03/Apr/2026:11:23:47 +0800] "GET /wp-content/cache/autoptimize/js/autoptimize_660f6aa917f215ee58a28a88fed9ac36.js HTTP/1.1" 200 19689 "https://bfcg.com.au/" "Mozilla/5.0 (compatible; AhrefsBot/7.0; +http://ahrefs.com/robot/)"
202.8.40.66 - - [03/Apr/2026:11:23:47 +0800] "GET /wp-content/themes/generatepress/assets/fonts/generatepress.woff2 HTTP/1.1" 200 1264 "https://bfcg.com.au/wp-content/cache/autoptimize/css/autoptimize_036a3e3adb14651182f90577734ef4ef.css" "Mozilla/5.0 (compatible; AhrefsBot/7.0; +http://ahrefs.com/robot/)"
202.8.40.66 - - [03/Apr/2026:11:23:47 +0800] "GET /wp-includes/js/wp-emoji-release.min.js?ver=6.9.4 HTTP/1.1" 200 5375 "https://bfcg.com.au/" "Mozilla/5.0 (compatible; AhrefsBot/7.0; +http://ahrefs.com/robot/)"
202.8.40.66 - - [03/Apr/2026:11:23:47 +0800] "GET /wp-content/plugins/gp-premium/general/icons/gp-premium.ttf HTTP/1.1" 200 1594 "https://bfcg.com.au/wp-content/cache/autoptimize/css/autoptimize_036a3e3adb14651182f90577734ef4ef.css" "Mozilla/5.0 (compatible; AhrefsBot/7.0; +http://ahrefs.com/robot/)"
103.4.122.14 - - [03/Apr/2026:11:25:21 +0800] "POST /wp-cron.php?doing_wp_cron=1775186721.2799460887908935546875 HTTP/1.1" 200 20 "-" "WordPress/6.9.4; https://bfcg.com.au"
103.4.122.13 - - [03/Apr/2026:11:25:20 +0800] "GET / HTTP/1.1" 200 47616 "https://wpmain.screwlooseit.com.au" "Mozilla/5.0 (compatible; MainWP/6.0.7; +http://mainwp.com)"
142.44.220.31 - - [03/Apr/2026:11:28:10 +0800] "GET /wp-includes/js/dist/vendor/wp-polyfill.min.js?ver=3.15.0 HTTP/1.1" 200 11852 "-" "Mozilla/5.0 (compatible; AhrefsBot/7.0; +http://ahrefs.com/robot/)"
15.235.96.17 - - [03/Apr/2026:11:28:11 +0800] "GET /wp-content/cache/autoptimize/css/autoptimize_single_fa01caa3511fe59492737e72ecc1ea48.css?ver=1765777674 HTTP/1.1" 200 1814 "-" "Mozilla/5.0 (compatible; AhrefsBot/7.0; +http://ahrefs.com/robot/)"
54.39.136.89 - - [03/Apr/2026:11:28:13 +0800] "GET /wp-includes/js/jquery/jquery.min.js?ver=3.7.1 HTTP/1.1" 200 30368 "-" "Mozilla/5.0 (compatible; AhrefsBot/7.0; +http://ahrefs.com/robot/)"
148.113.128.226 - - [03/Apr/2026:11:28:15 +0800] "GET /wp-includes/js/dist/i18n.min.js HTTP/1.1" 200 2229 "-" "Mozilla/5.0 (compatible; AhrefsBot/7.0; +http://ahrefs.com/robot/)"
15.235.98.51 - - [03/Apr/2026:11:28:17 +0800] "GET /wp-content/uploads/2020/09/meccano_consulting-1.jpg HTTP/1.1" 200 19134 "-" "Mozilla/5.0 (compatible; AhrefsBot/7.0; +http://ahrefs.com/robot/)"
54.39.210.38 - - [03/Apr/2026:11:28:19 +0800] "GET /wp-content/cache/autoptimize/css/autoptimize_036a3e3adb14651182f90577734ef4ef.css HTTP/1.1" 200 17882 "-" "Mozilla/5.0 (compatible; AhrefsBot/7.0; +http://ahrefs.com/robot/)"
51.161.37.160 - - [03/Apr/2026:11:28:21 +0800] "GET /wp-content/plugins/autoptimize/classes/external/js/lazysizes.min.js?ao_version=3.1.15 HTTP/1.1" 200 4122 "-" "Mozilla/5.0 (compatible; AhrefsBot/7.0; +http://ahrefs.com/robot/)"
51.161.65.102 - - [03/Apr/2026:11:28:22 +0800] "GET /wp-content/cache/autoptimize/js/autoptimize_660f6aa917f215ee58a28a88fed9ac36.js HTTP/1.1" 200 19689 "-" "Mozilla/5.0 (compatible; AhrefsBot/7.0; +http://ahrefs.com/robot/)"
142.44.225.160 - - [03/Apr/2026:11:28:24 +0800] "GET /wp-includes/js/dist/hooks.min.js HTTP/1.1" 200 1941 "-" "Mozilla/5.0 (compatible; AhrefsBot/7.0; +http://ahrefs.com/robot/)"
