60.242.201.126 - - [09/Apr/2026:07:06:53 +0800] "GET /wp-content/cache/autoptimize/css/autoptimize_7f23a7b1444a1faeae193378c30c91ae.css HTTP/1.1" 200 17849 "https://bfcg.com.au/services/" "Mozilla/5.0 (Windows NT 10.0; Win64; x64) AppleWebKit/537.36 (KHTML, like Gecko) Chrome/146.0.0.0 Safari/537.36"
103.4.122.14 - - [09/Apr/2026:07:06:53 +0800] "POST /wp-cron.php?doing_wp_cron=1775689613.7324879169464111328125 HTTP/1.1" 200 20 "-" "WordPress/6.9.4; https://bfcg.com.au"
60.242.201.126 - - [09/Apr/2026:07:06:52 +0800] "GET /services/ HTTP/1.1" 200 8661 "https://bfcg.com.au/about/" "Mozilla/5.0 (Windows NT 10.0; Win64; x64) AppleWebKit/537.36 (KHTML, like Gecko) Chrome/146.0.0.0 Safari/537.36"
60.242.201.126 - - [09/Apr/2026:07:06:53 +0800] "GET /wp-content/uploads/2020/10/project_life_cycle_new.jpg HTTP/1.1" 200 59210 "https://bfcg.com.au/services/" "Mozilla/5.0 (Windows NT 10.0; Win64; x64) AppleWebKit/537.36 (KHTML, like Gecko) Chrome/146.0.0.0 Safari/537.36"
60.242.201.126 - - [09/Apr/2026:07:06:53 +0800] "GET /wp-content/uploads/2020/06/calima-bg-2.jpg HTTP/1.1" 404 6156 "https://bfcg.com.au/wp-content/cache/autoptimize/css/autoptimize_7f23a7b1444a1faeae193378c30c91ae.css" "Mozilla/5.0 (Windows NT 10.0; Win64; x64) AppleWebKit/537.36 (KHTML, like Gecko) Chrome/146.0.0.0 Safari/537.36"
60.242.201.126 - - [09/Apr/2026:07:06:55 +0800] "GET /wp-content/uploads/2020/10/project-capital-advisory.jpg HTTP/1.1" 200 40091 "https://bfcg.com.au/services/" "Mozilla/5.0 (Windows NT 10.0; Win64; x64) AppleWebKit/537.36 (KHTML, like Gecko) Chrome/146.0.0.0 Safari/537.36"
60.242.201.126 - - [09/Apr/2026:07:06:58 +0800] "GET /wp-content/uploads/2020/10/four-guys.jpg HTTP/1.1" 200 92959 "https://bfcg.com.au/services/" "Mozilla/5.0 (Windows NT 10.0; Win64; x64) AppleWebKit/537.36 (KHTML, like Gecko) Chrome/146.0.0.0 Safari/537.36"
60.242.201.126 - - [09/Apr/2026:07:07:00 +0800] "GET /wp-content/uploads/2020/08/logo-300x263.png HTTP/1.1" 200 38297 "https://bfcg.com.au/services/" "Mozilla/5.0 (Windows NT 10.0; Win64; x64) AppleWebKit/537.36 (KHTML, like Gecko) Chrome/146.0.0.0 Safari/537.36"
60.242.201.126 - - [09/Apr/2026:07:07:10 +0800] "GET /contact/ HTTP/1.1" 200 7969 "https://bfcg.com.au/services/" "Mozilla/5.0 (Windows NT 10.0; Win64; x64) AppleWebKit/537.36 (KHTML, like Gecko) Chrome/146.0.0.0 Safari/537.36"
60.242.201.126 - - [09/Apr/2026:07:07:10 +0800] "GET /wp-content/cache/autoptimize/css/autoptimize_single_2fca3171aa376a32a74376db5881d60f.css?ver=1765772150 HTTP/1.1" 200 780 "https://bfcg.com.au/contact/" "Mozilla/5.0 (Windows NT 10.0; Win64; x64) AppleWebKit/537.36 (KHTML, like Gecko) Chrome/146.0.0.0 Safari/537.36"
60.242.201.126 - - [09/Apr/2026:07:07:10 +0800] "GET /wp-content/uploads/2020/10/contact.jpg HTTP/1.1" 200 70641 "https://bfcg.com.au/contact/" "Mozilla/5.0 (Windows NT 10.0; Win64; x64) AppleWebKit/537.36 (KHTML, like Gecko) Chrome/146.0.0.0 Safari/537.36"
60.242.201.126 - - [09/Apr/2026:07:07:10 +0800] "GET /wp-json/contact-form-7/v1/contact-forms/2573/feedback/schema HTTP/1.1" 200 235 "https://bfcg.com.au/contact/" "Mozilla/5.0 (Windows NT 10.0; Win64; x64) AppleWebKit/537.36 (KHTML, like Gecko) Chrome/146.0.0.0 Safari/537.36"
103.4.122.14 - - [09/Apr/2026:07:23:00 +0800] "POST /wp-cron.php?doing_wp_cron=1775690579.9804050922393798828125 HTTP/1.1" 200 20 "-" "WordPress/6.9.4; https://bfcg.com.au"
216.73.216.85 - - [09/Apr/2026:07:22:59 +0800] "GET /wp-sitemap.xml HTTP/1.1" 200 229 "-" "Mozilla/5.0 AppleWebKit/537.36 (KHTML, like Gecko; compatible; ClaudeBot/1.0; +claudebot@anthropic.com)"
103.4.122.14 - - [09/Apr/2026:07:30:28 +0800] "POST /wp-cron.php?doing_wp_cron=1775691028.7794520854949951171875 HTTP/1.1" 200 20 "-" "WordPress/6.9.4; https://bfcg.com.au"
51.210.216.21 - - [09/Apr/2026:07:30:28 +0800] "GET / HTTP/1.1" 301 20 "-" "Mozilla/5.0 (X11; Linux x86_64) AppleWebKit/537.36 (KHTML, like Gecko) Chrome/124.0.0.0 Safari/537.36"
51.210.216.21 - - [09/Apr/2026:07:30:29 +0800] "GET / HTTP/1.1" 200 12381 "-" "Mozilla/5.0 (X11; Linux x86_64) AppleWebKit/537.36 (KHTML, like Gecko) Chrome/124.0.0.0 Safari/537.36"
103.4.122.14 - - [09/Apr/2026:07:42:00 +0800] "POST /wp-cron.php?doing_wp_cron=1775691719.8256659507751464843750 HTTP/1.1" 200 20 "-" "WordPress/6.9.4; https://bfcg.com.au"
39.34.163.239 - - [09/Apr/2026:07:41:58 +0800] "GET /author/bfcgroup/ HTTP/1.1" 200 6776 "-" "Mozilla/5.0 (Macintosh; Intel Mac OS X 10_15_6) AppleWebKit/537.36 (KHTML, like Gecko) Chrome/88.0.4324.150 Safari/537.36"
103.4.122.14 - - [09/Apr/2026:07:44:29 +0800] "POST /wp-cron.php?doing_wp_cron=1775691869.0881030559539794921875 HTTP/1.1" 200 20 "-" "WordPress/6.9.4; https://bfcg.com.au"
40.77.167.6 - - [09/Apr/2026:07:44:28 +0800] "GET /sitemap.xml.gz HTTP/1.1" 301 20 "-" "Mozilla/5.0 AppleWebKit/537.36 (KHTML, like Gecko; compatible; bingbot/2.0; +http://www.bing.com/bingbot.htm) Chrome/116.0.1938.76 Safari/537.36"
40.77.167.6 - - [09/Apr/2026:07:44:30 +0800] "GET /wp-sitemap.xml HTTP/1.1" 200 229 "-" "Mozilla/5.0 AppleWebKit/537.36 (KHTML, like Gecko; compatible; bingbot/2.0; +http://www.bing.com/bingbot.htm) Chrome/116.0.1938.76 Safari/537.36"
35.243.228.85 - - [09/Apr/2026:07:45:01 +0800] "GET / HTTP/1.1" 301 20 "-" "Mozilla/5.0 (Windows NT 10.0; Win64; x64) AppleWebKit/537.36 (KHTML, like Gecko) Chrome/70.0.3538.77 Safari/537.36"
35.243.228.85 - - [09/Apr/2026:07:45:01 +0800] "GET /getcmd HTTP/1.1" 404 6167 "-" "Mozilla/5.0 (Windows NT 10.0; Win64; x64) AppleWebKit/537.36 (KHTML, like Gecko) Chrome/70.0.3538.77 Safari/537.36"
35.243.228.85 - - [09/Apr/2026:07:45:01 +0800] "GET / HTTP/1.1" 200 47616 "-" "Mozilla/5.0 (Windows NT 10.0; Win64; x64) AppleWebKit/537.36 (KHTML, like Gecko) Chrome/70.0.3538.77 Safari/537.36"
103.4.122.14 - - [09/Apr/2026:07:45:01 +0800] "POST /wp-cron.php?doing_wp_cron=1775691901.8028800487518310546875 HTTP/1.1" 200 20 "-" "WordPress/6.9.4; https://bfcg.com.au"
35.243.228.85 - - [09/Apr/2026:07:45:01 +0800] "GET / HTTP/1.1" 301 - "-" "Mozilla/5.0 (Windows NT 10.0; Win64; x64) AppleWebKit/537.36 (KHTML, like Gecko) Chrome/70.0.3538.77 Safari/537.36"
35.243.228.85 - - [09/Apr/2026:07:45:01 +0800] "GET / HTTP/1.1" 200 12381 "-" "Mozilla/5.0 (Windows NT 10.0; Win64; x64) AppleWebKit/537.36 (KHTML, like Gecko) Chrome/70.0.3538.77 Safari/537.36"
35.243.228.85 - - [09/Apr/2026:07:45:01 +0800] "GET /getcmd HTTP/1.1" 404 6156 "-" "Mozilla/5.0 (Windows NT 10.0; Win64; x64) AppleWebKit/537.36 (KHTML, like Gecko) Chrome/70.0.3538.77 Safari/537.36"
35.243.228.85 - - [09/Apr/2026:07:45:02 +0800] "GET / HTTP/1.1" 200 12381 "http://103.4.122.14:80" "Mozilla/5.0 (Windows NT 10.0; Win64; x64) AppleWebKit/537.36 (KHTML, like Gecko) Chrome/70.0.3538.77 Safari/537.36"
103.4.122.14 - - [09/Apr/2026:07:54:43 +0800] "POST /wp-cron.php?doing_wp_cron=1775692483.1251189708709716796875 HTTP/1.1" 200 20 "-" "WordPress/6.9.4; https://bfcg.com.au"
85.208.96.196 - - [09/Apr/2026:07:54:42 +0800] "GET /robots.txt HTTP/1.1" 200 108 "-" "Mozilla/5.0 (compatible; SemrushBot/7~bl; +http://www.semrush.com/bot.html)"
85.208.96.193 - - [09/Apr/2026:07:54:44 +0800] "GET /docs/employee-resources/admin/timesheet/ HTTP/1.1" 200 9764 "-" "Mozilla/5.0 (compatible; SemrushBot/7~bl; +http://www.semrush.com/bot.html)"
192.178.8.68 - - [09/Apr/2026:07:55:04 +0800] "GET /.well-known/traffic-advice HTTP/1.1" 404 6156 "-" "Chrome Privacy Preserving Prefetch Proxy"
193.186.4.158 - - [09/Apr/2026:07:55:05 +0800] "GET / HTTP/1.1" 200 12381 "https://www.google.com/" "Mozilla/5.0 (Macintosh; Intel Mac OS X 10_15_7) AppleWebKit/537.36 (KHTML, like Gecko) Chrome/146.0.0.0 Safari/537.36"
203.121.204.253 - - [09/Apr/2026:07:55:07 +0800] "GET /wp-content/cache/autoptimize/css/autoptimize_single_fa01caa3511fe59492737e72ecc1ea48.css?ver=1765777674 HTTP/1.1" 200 1814 "https://bfcg.com.au/" "Mozilla/5.0 (Macintosh; Intel Mac OS X 10_15_7) AppleWebKit/537.36 (KHTML, like Gecko) Chrome/146.0.0.0 Safari/537.36"
203.121.204.253 - - [09/Apr/2026:07:55:07 +0800] "GET /wp-content/cache/autoptimize/css/autoptimize_036a3e3adb14651182f90577734ef4ef.css HTTP/1.1" 200 17882 "https://bfcg.com.au/" "Mozilla/5.0 (Macintosh; Intel Mac OS X 10_15_7) AppleWebKit/537.36 (KHTML, like Gecko) Chrome/146.0.0.0 Safari/537.36"
203.121.204.253 - - [09/Apr/2026:07:55:07 +0800] "GET /wp-includes/js/dist/hooks.min.js?ver=dd5603f07f9220ed27f1 HTTP/1.1" 200 1941 "https://bfcg.com.au/" "Mozilla/5.0 (Macintosh; Intel Mac OS X 10_15_7) AppleWebKit/537.36 (KHTML, like Gecko) Chrome/146.0.0.0 Safari/537.36"
203.121.204.253 - - [09/Apr/2026:07:55:07 +0800] "GET /wp-content/uploads/2020/10/LT160.jpg HTTP/1.1" 200 112143 "https://bfcg.com.au/" "Mozilla/5.0 (Macintosh; Intel Mac OS X 10_15_7) AppleWebKit/537.36 (KHTML, like Gecko) Chrome/146.0.0.0 Safari/537.36"
203.121.204.253 - - [09/Apr/2026:07:55:07 +0800] "GET /wp-includes/js/dist/i18n.min.js?ver=c26c3dc7bed366793375 HTTP/1.1" 200 2229 "https://bfcg.com.au/" "Mozilla/5.0 (Macintosh; Intel Mac OS X 10_15_7) AppleWebKit/537.36 (KHTML, like Gecko) Chrome/146.0.0.0 Safari/537.36"
203.121.204.253 - - [09/Apr/2026:07:55:07 +0800] "GET /wp-includes/js/dist/vendor/wp-polyfill.min.js?ver=3.15.0 HTTP/1.1" 200 11852 "https://bfcg.com.au/" "Mozilla/5.0 (Macintosh; Intel Mac OS X 10_15_7) AppleWebKit/537.36 (KHTML, like Gecko) Chrome/146.0.0.0 Safari/537.36"
203.121.204.253 - - [09/Apr/2026:07:55:07 +0800] "GET /wp-content/cache/autoptimize/js/autoptimize_660f6aa917f215ee58a28a88fed9ac36.js HTTP/1.1" 200 19689 "https://bfcg.com.au/" "Mozilla/5.0 (Macintosh; Intel Mac OS X 10_15_7) AppleWebKit/537.36 (KHTML, like Gecko) Chrome/146.0.0.0 Safari/537.36"
203.121.204.253 - - [09/Apr/2026:07:55:07 +0800] "GET /wp-includes/js/jquery/jquery.min.js?ver=3.7.1 HTTP/1.1" 200 30368 "https://bfcg.com.au/" "Mozilla/5.0 (Macintosh; Intel Mac OS X 10_15_7) AppleWebKit/537.36 (KHTML, like Gecko) Chrome/146.0.0.0 Safari/537.36"
203.121.204.253 - - [09/Apr/2026:07:55:07 +0800] "GET /wp-content/themes/generatepress/assets/fonts/generatepress.woff2 HTTP/1.1" 200 1264 "https://bfcg.com.au/wp-content/cache/autoptimize/css/autoptimize_036a3e3adb14651182f90577734ef4ef.css" "Mozilla/5.0 (Macintosh; Intel Mac OS X 10_15_7) AppleWebKit/537.36 (KHTML, like Gecko) Chrome/146.0.0.0 Safari/537.36"
203.121.204.253 - - [09/Apr/2026:07:55:07 +0800] "GET /wp-content/uploads/2020/08/cta-home.jpg HTTP/1.1" 200 329613 "https://bfcg.com.au/wp-content/cache/autoptimize/css/autoptimize_single_fa01caa3511fe59492737e72ecc1ea48.css?ver=1765777674" "Mozilla/5.0 (Macintosh; Intel Mac OS X 10_15_7) AppleWebKit/537.36 (KHTML, like Gecko) Chrome/146.0.0.0 Safari/537.36"
203.121.204.253 - - [09/Apr/2026:07:55:07 +0800] "GET /wp-content/uploads/2020/06/calima-bg-2.jpg HTTP/1.1" 404 6156 "https://bfcg.com.au/wp-content/cache/autoptimize/css/autoptimize_036a3e3adb14651182f90577734ef4ef.css" "Mozilla/5.0 (Macintosh; Intel Mac OS X 10_15_7) AppleWebKit/537.36 (KHTML, like Gecko) Chrome/146.0.0.0 Safari/537.36"
203.121.204.253 - - [09/Apr/2026:07:55:08 +0800] "GET /wp-content/uploads/2020/08/logo-alt.png HTTP/1.1" 200 100570 "https://bfcg.com.au/" "Mozilla/5.0 (Macintosh; Intel Mac OS X 10_15_7) AppleWebKit/537.36 (KHTML, like Gecko) Chrome/146.0.0.0 Safari/537.36"
203.121.204.253 - - [09/Apr/2026:07:55:08 +0800] "GET /wp-content/plugins/gp-premium/general/icons/gp-premium.ttf HTTP/1.1" 200 1594 "https://bfcg.com.au/wp-content/cache/autoptimize/css/autoptimize_036a3e3adb14651182f90577734ef4ef.css" "Mozilla/5.0 (Macintosh; Intel Mac OS X 10_15_7) AppleWebKit/537.36 (KHTML, like Gecko) Chrome/146.0.0.0 Safari/537.36"
203.121.204.253 - - [09/Apr/2026:07:55:08 +0800] "GET /wp-includes/js/wp-emoji-release.min.js?ver=6.9.4 HTTP/1.1" 200 5375 "https://bfcg.com.au/" "Mozilla/5.0 (Macintosh; Intel Mac OS X 10_15_7) AppleWebKit/537.36 (KHTML, like Gecko) Chrome/146.0.0.0 Safari/537.36"
203.121.204.253 - - [09/Apr/2026:07:55:07 +0800] "GET /wp-content/plugins/autoptimize/classes/external/js/lazysizes.min.js?ao_version=3.1.15 HTTP/1.1" 200 4122 "https://bfcg.com.au/" "Mozilla/5.0 (Macintosh; Intel Mac OS X 10_15_7) AppleWebKit/537.36 (KHTML, like Gecko) Chrome/146.0.0.0 Safari/537.36"
203.121.204.253 - - [09/Apr/2026:07:55:09 +0800] "GET /wp-content/uploads/2020/10/hero-render-small.jpg HTTP/1.1" 200 322393 "https://bfcg.com.au/wp-content/cache/autoptimize/css/autoptimize_single_fa01caa3511fe59492737e72ecc1ea48.css?ver=1765777674" "Mozilla/5.0 (Macintosh; Intel Mac OS X 10_15_7) AppleWebKit/537.36 (KHTML, like Gecko) Chrome/146.0.0.0 Safari/537.36"
203.121.204.253 - - [09/Apr/2026:07:55:09 +0800] "GET /wp-content/uploads/2020/08/cropped-favicon-32x32.png HTTP/1.1" 200 1889 "https://bfcg.com.au/" "Mozilla/5.0 (Macintosh; Intel Mac OS X 10_15_7) AppleWebKit/537.36 (KHTML, like Gecko) Chrome/146.0.0.0 Safari/537.36"
203.121.204.253 - - [09/Apr/2026:07:55:13 +0800] "GET /wp-content/uploads/2020/09/wa_limestone-1.jpg HTTP/1.1" 200 14888 "https://bfcg.com.au/" "Mozilla/5.0 (Macintosh; Intel Mac OS X 10_15_7) AppleWebKit/537.36 (KHTML, like Gecko) Chrome/146.0.0.0 Safari/537.36"
203.121.204.253 - - [09/Apr/2026:07:55:13 +0800] "GET /wp-content/uploads/2020/09/meccano_consulting-1.jpg HTTP/1.1" 200 19134 "https://bfcg.com.au/" "Mozilla/5.0 (Macintosh; Intel Mac OS X 10_15_7) AppleWebKit/537.36 (KHTML, like Gecko) Chrome/146.0.0.0 Safari/537.36"
203.121.204.253 - - [09/Apr/2026:07:55:16 +0800] "GET /services/ HTTP/1.1" 200 8661 "https://bfcg.com.au/" "Mozilla/5.0 (Macintosh; Intel Mac OS X 10_15_7) AppleWebKit/537.36 (KHTML, like Gecko) Chrome/146.0.0.0 Safari/537.36"
203.121.204.253 - - [09/Apr/2026:07:55:17 +0800] "GET /wp-content/uploads/2020/10/project_life_cycle_new.jpg HTTP/1.1" 200 59210 "https://bfcg.com.au/services/" "Mozilla/5.0 (Macintosh; Intel Mac OS X 10_15_7) AppleWebKit/537.36 (KHTML, like Gecko) Chrome/146.0.0.0 Safari/537.36"
203.121.204.253 - - [09/Apr/2026:07:55:17 +0800] "GET /wp-content/cache/autoptimize/css/autoptimize_7f23a7b1444a1faeae193378c30c91ae.css HTTP/1.1" 200 17849 "https://bfcg.com.au/services/" "Mozilla/5.0 (Macintosh; Intel Mac OS X 10_15_7) AppleWebKit/537.36 (KHTML, like Gecko) Chrome/146.0.0.0 Safari/537.36"
203.121.204.253 - - [09/Apr/2026:07:55:17 +0800] "GET /wp-content/cache/autoptimize/css/autoptimize_single_958b54a1a0e36b42ed86874243b85acc.css?ver=1765795654 HTTP/1.1" 200 926 "https://bfcg.com.au/services/" "Mozilla/5.0 (Macintosh; Intel Mac OS X 10_15_7) AppleWebKit/537.36 (KHTML, like Gecko) Chrome/146.0.0.0 Safari/537.36"
203.121.204.253 - - [09/Apr/2026:07:55:17 +0800] "GET /wp-content/cache/autoptimize/js/autoptimize_0476bd60af445891c8491c3498684f0b.js HTTP/1.1" 200 13680 "https://bfcg.com.au/services/" "Mozilla/5.0 (Macintosh; Intel Mac OS X 10_15_7) AppleWebKit/537.36 (KHTML, like Gecko) Chrome/146.0.0.0 Safari/537.36"
203.121.204.253 - - [09/Apr/2026:07:55:17 +0800] "GET /wp-content/uploads/2020/06/calima-bg-2.jpg HTTP/1.1" 404 6156 "https://bfcg.com.au/wp-content/cache/autoptimize/css/autoptimize_7f23a7b1444a1faeae193378c30c91ae.css" "Mozilla/5.0 (Macintosh; Intel Mac OS X 10_15_7) AppleWebKit/537.36 (KHTML, like Gecko) Chrome/146.0.0.0 Safari/537.36"
203.121.204.253 - - [09/Apr/2026:07:55:19 +0800] "GET /wp-content/uploads/2020/10/project-capital-advisory.jpg HTTP/1.1" 200 40091 "https://bfcg.com.au/services/" "Mozilla/5.0 (Macintosh; Intel Mac OS X 10_15_7) AppleWebKit/537.36 (KHTML, like Gecko) Chrome/146.0.0.0 Safari/537.36"
203.121.204.253 - - [09/Apr/2026:07:55:22 +0800] "GET /wp-content/uploads/2020/09/turnkey_material_processing.jpg HTTP/1.1" 200 62275 "https://bfcg.com.au/services/" "Mozilla/5.0 (Macintosh; Intel Mac OS X 10_15_7) AppleWebKit/537.36 (KHTML, like Gecko) Chrome/146.0.0.0 Safari/537.36"
203.121.204.253 - - [09/Apr/2026:07:55:26 +0800] "GET /wp-content/uploads/2020/10/four-guys.jpg HTTP/1.1" 200 92959 "https://bfcg.com.au/services/" "Mozilla/5.0 (Macintosh; Intel Mac OS X 10_15_7) AppleWebKit/537.36 (KHTML, like Gecko) Chrome/146.0.0.0 Safari/537.36"
203.121.204.253 - - [09/Apr/2026:07:55:29 +0800] "GET /wp-content/uploads/2020/08/logo-768x672.png HTTP/1.1" 200 188255 "https://bfcg.com.au/services/" "Mozilla/5.0 (Macintosh; Intel Mac OS X 10_15_7) AppleWebKit/537.36 (KHTML, like Gecko) Chrome/146.0.0.0 Safari/537.36"
103.4.122.14 - - [09/Apr/2026:08:05:17 +0800] "POST /wp-cron.php?doing_wp_cron=1775693116.9511349201202392578125 HTTP/1.1" 200 20 "-" "WordPress/6.9.4; https://bfcg.com.au"
34.231.156.59 - - [09/Apr/2026:08:05:16 +0800] "GET /docs/employee-resources/admin/chain-slings-register/ HTTP/1.1" 200 9568 "-" "Mozilla/5.0 AppleWebKit/537.36 (KHTML, like Gecko; compatible; Amazonbot/0.1; +https://developer.amazon.com/support/amazonbot) Chrome/119.0.6045.214 Safari/537.36"
74.7.242.42 - - [09/Apr/2026:08:32:08 +0800] "GET /wp-sitemap.xml HTTP/1.1" 200 229 "-" "Mozilla/5.0 AppleWebKit/537.36 (KHTML, like Gecko; compatible; GPTBot/1.3; +https://openai.com/gptbot)"
103.4.122.14 - - [09/Apr/2026:08:32:09 +0800] "POST /wp-cron.php?doing_wp_cron=1775694728.9458220005035400390625 HTTP/1.1" 200 20 "-" "WordPress/6.9.4; https://bfcg.com.au"
74.7.244.33 - - [09/Apr/2026:08:32:08 +0800] "GET /robots.txt HTTP/1.1" 200 108 "-" "Mozilla/5.0 (Macintosh; Intel Mac OS X 10_15_7) AppleWebKit/537.36 (KHTML, like Gecko) Chrome/131.0.0.0 Safari/537.36; compatible; OAI-SearchBot/1.3; robots.txt; +https://openai.com/searchbot"
41.25.43.116 - - [09/Apr/2026:08:34:48 +0800] "GET /contact/ HTTP/1.1" 200 7969 "-" "Mozilla/5.0 (Macintosh; Intel Mac OS X 10_15_4) AppleWebKit/537.36 (KHTML, like Gecko) Brave Chrome/87.0.4280.101 Safari/537.36"
103.4.122.14 - - [09/Apr/2026:08:43:05 +0800] "POST /wp-cron.php?doing_wp_cron=1775695385.4078569412231445312500 HTTP/1.1" 200 20 "-" "WordPress/6.9.4; https://bfcg.com.au"
20.63.32.44 - - [09/Apr/2026:08:43:04 +0800] "GET /wp-content/plugins/hellopress/wp_filemanager.php HTTP/1.1" 404 23056 "-" "-"
20.63.32.44 - - [09/Apr/2026:08:43:05 +0800] "GET /a7.php HTTP/1.1" 404 23056 "-" "-"
20.63.32.44 - - [09/Apr/2026:08:43:06 +0800] "GET /shadow-bot.php HTTP/1.1" 404 23056 "-" "-"
20.63.32.44 - - [09/Apr/2026:08:43:07 +0800] "GET /zxcs.php HTTP/1.1" 404 23056 "-" "-"
20.63.32.44 - - [09/Apr/2026:08:43:08 +0800] "GET /btx25.php HTTP/1.1" 404 23056 "-" "-"
20.63.32.44 - - [09/Apr/2026:08:43:09 +0800] "GET /ca-022.php HTTP/1.1" 404 23056 "-" "-"
20.63.32.44 - - [09/Apr/2026:08:43:10 +0800] "GET /rnenu.php HTTP/1.1" 404 23056 "-" "-"
20.63.32.44 - - [09/Apr/2026:08:43:11 +0800] "GET /fallbackapi.php HTTP/1.1" 404 23056 "-" "-"
103.4.122.14 - - [09/Apr/2026:08:49:30 +0800] "POST /wp-cron.php?doing_wp_cron=1775695770.2074820995330810546875 HTTP/1.1" 200 20 "-" "WordPress/6.9.4; https://bfcg.com.au"
20.63.32.44 - - [09/Apr/2026:08:49:29 +0800] "GET /wp-content/plugins/hellopress/wp_filemanager.php HTTP/1.1" 404 23056 "-" "-"
20.63.32.44 - - [09/Apr/2026:08:49:30 +0800] "GET /a7.php HTTP/1.1" 404 23056 "-" "-"
20.63.32.44 - - [09/Apr/2026:08:49:31 +0800] "GET /shadow-bot.php HTTP/1.1" 404 23056 "-" "-"
20.63.32.44 - - [09/Apr/2026:08:49:32 +0800] "GET /zxcs.php HTTP/1.1" 404 23056 "-" "-"
20.63.32.44 - - [09/Apr/2026:08:49:33 +0800] "GET /btx25.php HTTP/1.1" 404 23056 "-" "-"
20.63.32.44 - - [09/Apr/2026:08:49:34 +0800] "GET /ca-022.php HTTP/1.1" 404 23056 "-" "-"
20.63.32.44 - - [09/Apr/2026:08:49:35 +0800] "GET /rnenu.php HTTP/1.1" 404 23056 "-" "-"
103.4.122.14 - - [09/Apr/2026:08:49:37 +0800] "POST /wp-cron.php?doing_wp_cron=1775695777.0645949840545654296875 HTTP/1.1" 200 20 "-" "WordPress/6.9.4; https://bfcg.com.au"
20.63.32.44 - - [09/Apr/2026:08:49:36 +0800] "GET /fallbackapi.php HTTP/1.1" 404 23056 "-" "-"
103.4.122.14 - - [09/Apr/2026:09:02:05 +0800] "POST /wp-cron.php?doing_wp_cron=1775696525.1250689029693603515625 HTTP/1.1" 200 20 "-" "WordPress/6.9.4; https://bfcg.com.au"
17.22.245.58 - - [09/Apr/2026:09:02:04 +0800] "GET /robots.txt HTTP/1.1" 200 108 "-" "Mozilla/5.0 (Macintosh; Intel Mac OS X 10_15_7) AppleWebKit/605.1.15 (KHTML, like Gecko) Version/17.4 Safari/605.1.15 (Applebot/0.1; +http://www.apple.com/go/applebot)"
17.22.245.58 - - [09/Apr/2026:09:02:05 +0800] "GET /contact/ HTTP/1.1" 200 7969 "-" "Mozilla/5.0 (Macintosh; Intel Mac OS X 10_15_7) AppleWebKit/605.1.15 (KHTML, like Gecko) Version/17.4 Safari/605.1.15 (Applebot/0.1; +http://www.apple.com/go/applebot)"
103.4.122.14 - - [09/Apr/2026:09:04:56 +0800] "POST /wp-cron.php?doing_wp_cron=1775696695.8700170516967773437500 HTTP/1.1" 200 20 "-" "WordPress/6.9.4; https://bfcg.com.au"
216.73.216.85 - - [09/Apr/2026:09:04:55 +0800] "GET /robots.txt HTTP/1.1" 200 108 "-" "Mozilla/5.0 AppleWebKit/537.36 (KHTML, like Gecko; compatible; ClaudeBot/1.0; +claudebot@anthropic.com)"
216.73.216.85 - - [09/Apr/2026:09:04:56 +0800] "GET /wp-sitemap.xml HTTP/1.1" 200 229 "-" "Mozilla/5.0 AppleWebKit/537.36 (KHTML, like Gecko; compatible; ClaudeBot/1.0; +claudebot@anthropic.com)"
103.4.122.14 - - [09/Apr/2026:09:05:57 +0800] "POST /wp-cron.php?doing_wp_cron=1775696757.5580129623413085937500 HTTP/1.1" 200 20 "-" "WordPress/6.9.4; https://bfcg.com.au"
185.191.171.6 - - [09/Apr/2026:09:05:56 +0800] "GET /robots.txt HTTP/1.1" 200 108 "-" "Mozilla/5.0 (compatible; SemrushBot/7~bl; +http://www.semrush.com/bot.html)"
85.208.96.204 - - [09/Apr/2026:09:05:58 +0800] "GET /log-in/ HTTP/1.1" 200 6669 "-" "Mozilla/5.0 (compatible; SemrushBot/7~bl; +http://www.semrush.com/bot.html)"
103.4.122.14 - - [09/Apr/2026:09:06:39 +0800] "POST /wp-cron.php?doing_wp_cron=1775696799.2929310798645019531250 HTTP/1.1" 200 20 "-" "WordPress/6.9.4; https://bfcg.com.au"
84.54.33.186 - - [09/Apr/2026:09:06:38 +0800] "GET / HTTP/1.1" 301 20 "-" "Mozilla/5.0 (Windows NT 10.0; Win64; x64) AppleWebKit/537.36 (KHTML, like Gecko) Chrome/122.0.0.0 Safari/537.36"
17.22.237.35 - - [09/Apr/2026:09:07:09 +0800] "GET /wp-content/cache/autoptimize/css/autoptimize_single_2fca3171aa376a32a74376db5881d60f.css?ver=1765772150 HTTP/1.1" 200 780 "https://bfcg.com.au/contact/" "Mozilla/5.0 (Macintosh; Intel Mac OS X 10_15_7) AppleWebKit/605.1.15 (KHTML, like Gecko) Version/17.4 Safari/605.1.15 (Applebot/0.1; +http://www.apple.com/go/applebot)"
17.22.245.177 - - [09/Apr/2026:09:07:10 +0800] "GET /wp-content/cache/autoptimize/css/autoptimize_81f9ddb35a66d3b9b1688d21df294bbe.css HTTP/1.1" 200 17834 "https://bfcg.com.au/contact/" "Mozilla/5.0 (Macintosh; Intel Mac OS X 10_15_7) AppleWebKit/605.1.15 (KHTML, like Gecko) Version/17.4 Safari/605.1.15 (Applebot/0.1; +http://www.apple.com/go/applebot)"
17.22.253.152 - - [09/Apr/2026:09:07:12 +0800] "GET /wp-content/cache/autoptimize/js/autoptimize_0476bd60af445891c8491c3498684f0b.js HTTP/1.1" 200 13680 "https://bfcg.com.au/contact/" "Mozilla/5.0 (Macintosh; Intel Mac OS X 10_15_7) AppleWebKit/605.1.15 (KHTML, like Gecko) Version/17.4 Safari/605.1.15 (Applebot/0.1; +http://www.apple.com/go/applebot)"
17.22.253.106 - - [09/Apr/2026:09:07:13 +0800] "GET /wp-includes/js/dist/vendor/wp-polyfill.min.js?ver=3.15.0 HTTP/1.1" 200 11852 "https://bfcg.com.au/contact/" "Mozilla/5.0 (Macintosh; Intel Mac OS X 10_15_7) AppleWebKit/605.1.15 (KHTML, like Gecko) Version/17.4 Safari/605.1.15 (Applebot/0.1; +http://www.apple.com/go/applebot)"
17.22.237.99 - - [09/Apr/2026:09:07:15 +0800] "GET /wp-includes/js/dist/i18n.min.js?ver=c26c3dc7bed366793375 HTTP/1.1" 200 2229 "https://bfcg.com.au/contact/" "Mozilla/5.0 (Macintosh; Intel Mac OS X 10_15_7) AppleWebKit/605.1.15 (KHTML, like Gecko) Version/17.4 Safari/605.1.15 (Applebot/0.1; +http://www.apple.com/go/applebot)"
17.22.237.92 - - [09/Apr/2026:09:07:16 +0800] "GET /wp-content/plugins/autoptimize/classes/external/js/lazysizes.min.js?ao_version=3.1.15 HTTP/1.1" 200 4122 "https://bfcg.com.au/contact/" "Mozilla/5.0 (Macintosh; Intel Mac OS X 10_15_7) AppleWebKit/605.1.15 (KHTML, like Gecko) Version/17.4 Safari/605.1.15 (Applebot/0.1; +http://www.apple.com/go/applebot)"
17.22.237.223 - - [09/Apr/2026:09:07:23 +0800] "GET /wp-includes/js/dist/hooks.min.js?ver=dd5603f07f9220ed27f1 HTTP/1.1" 200 1941 "https://bfcg.com.au/contact/" "Mozilla/5.0 (Macintosh; Intel Mac OS X 10_15_7) AppleWebKit/605.1.15 (KHTML, like Gecko) Version/17.4 Safari/605.1.15 (Applebot/0.1; +http://www.apple.com/go/applebot)"
17.22.253.46 - - [09/Apr/2026:09:07:30 +0800] "GET /wp-includes/js/wp-emoji-release.min.js?ver=6.9.4 HTTP/1.1" 200 5375 "https://bfcg.com.au/contact/" "Mozilla/5.0 (Macintosh; Intel Mac OS X 10_15_7) AppleWebKit/605.1.15 (KHTML, like Gecko) Version/17.4 Safari/605.1.15 (Applebot/0.1; +http://www.apple.com/go/applebot)"
17.22.245.139 - - [09/Apr/2026:09:07:31 +0800] "GET /wp-json/contact-form-7/v1/contact-forms/2573/feedback/schema HTTP/1.1" 200 235 "https://bfcg.com.au/contact/" "Mozilla/5.0 (Macintosh; Intel Mac OS X 10_15_7) AppleWebKit/605.1.15 (KHTML, like Gecko) Version/17.4 Safari/605.1.15 (Applebot/0.1; +http://www.apple.com/go/applebot)"
20.63.32.44 - - [09/Apr/2026:09:12:51 +0800] "GET /wp-content/plugins/hellopress/wp_filemanager.php HTTP/1.1" 404 23056 "-" "-"
20.63.32.44 - - [09/Apr/2026:09:12:53 +0800] "GET /a7.php HTTP/1.1" 403 199 "-" "-"
20.63.32.44 - - [09/Apr/2026:09:12:54 +0800] "GET /a7.php HTTP/1.1" 403 199 "-" "-"
20.63.32.44 - - [09/Apr/2026:09:12:54 +0800] "GET /a7.php HTTP/1.1" 403 199 "-" "-"
20.63.32.44 - - [09/Apr/2026:09:12:55 +0800] "GET /a7.php HTTP/1.1" 403 199 "-" "-"
20.63.32.44 - - [09/Apr/2026:09:12:55 +0800] "GET /shadow-bot.php HTTP/1.1" 403 199 "-" "-"
20.63.32.44 - - [09/Apr/2026:09:12:56 +0800] "GET /shadow-bot.php HTTP/1.1" 403 199 "-" "-"
20.63.32.44 - - [09/Apr/2026:09:12:56 +0800] "GET /shadow-bot.php HTTP/1.1" 403 199 "-" "-"
20.63.32.44 - - [09/Apr/2026:09:12:57 +0800] "GET /shadow-bot.php HTTP/1.1" 403 199 "-" "-"
20.63.32.44 - - [09/Apr/2026:09:12:57 +0800] "GET /zxcs.php HTTP/1.1" 403 199 "-" "-"
20.63.32.44 - - [09/Apr/2026:09:12:58 +0800] "GET /zxcs.php HTTP/1.1" 403 199 "-" "-"
20.63.32.44 - - [09/Apr/2026:09:12:58 +0800] "GET /zxcs.php HTTP/1.1" 403 199 "-" "-"
20.63.32.44 - - [09/Apr/2026:09:12:58 +0800] "GET /zxcs.php HTTP/1.1" 403 199 "-" "-"
20.63.32.44 - - [09/Apr/2026:09:12:59 +0800] "GET /btx25.php HTTP/1.1" 403 199 "-" "-"
20.63.32.44 - - [09/Apr/2026:09:12:59 +0800] "GET /btx25.php HTTP/1.1" 403 199 "-" "-"
20.63.32.44 - - [09/Apr/2026:09:13:00 +0800] "GET /btx25.php HTTP/1.1" 403 199 "-" "-"
20.63.32.44 - - [09/Apr/2026:09:13:00 +0800] "GET /btx25.php HTTP/1.1" 403 199 "-" "-"
20.63.32.44 - - [09/Apr/2026:09:13:01 +0800] "GET /ca-022.php HTTP/1.1" 403 199 "-" "-"
20.63.32.44 - - [09/Apr/2026:09:13:01 +0800] "GET /ca-022.php HTTP/1.1" 403 199 "-" "-"
20.63.32.44 - - [09/Apr/2026:09:13:02 +0800] "GET /ca-022.php HTTP/1.1" 403 199 "-" "-"
20.63.32.44 - - [09/Apr/2026:09:13:02 +0800] "GET /ca-022.php HTTP/1.1" 403 199 "-" "-"
20.63.32.44 - - [09/Apr/2026:09:13:03 +0800] "GET /rnenu.php HTTP/1.1" 403 199 "-" "-"
20.63.32.44 - - [09/Apr/2026:09:13:03 +0800] "GET /rnenu.php HTTP/1.1" 403 199 "-" "-"
20.63.32.44 - - [09/Apr/2026:09:13:03 +0800] "GET /rnenu.php HTTP/1.1" 403 199 "-" "-"
20.63.32.44 - - [09/Apr/2026:09:13:04 +0800] "GET /rnenu.php HTTP/1.1" 403 199 "-" "-"
20.63.32.44 - - [09/Apr/2026:09:13:04 +0800] "GET /fallbackapi.php HTTP/1.1" 403 199 "-" "-"
20.63.32.44 - - [09/Apr/2026:09:13:05 +0800] "GET /fallbackapi.php HTTP/1.1" 403 199 "-" "-"
20.63.32.44 - - [09/Apr/2026:09:13:05 +0800] "GET /fallbackapi.php HTTP/1.1" 403 199 "-" "-"
20.63.32.44 - - [09/Apr/2026:09:13:06 +0800] "GET /fallbackapi.php HTTP/1.1" 403 199 "-" "-"
85.254.2.223 - - [09/Apr/2026:09:31:34 +0800] "GET / HTTP/1.1" 200 - "-" "Mozilla/5.0 (Macintosh; Intel Mac OS X 10_15_7) AppleWebKit/537.36 (KHTML, like Gecko) Chrome/142.0.0.0 Safari/537.36"
138.226.108.71 - - [09/Apr/2026:09:31:37 +0800] "GET /about/ HTTP/1.1" 200 - "-" "Mozilla/5.0 (Macintosh; Intel Mac OS X 10_15_7) AppleWebKit/537.36 (KHTML, like Gecko) Chrome/142.0.0.0 Safari/537.36"
16.148.139.204 - - [09/Apr/2026:09:33:02 +0800] "GET / HTTP/1.1" 200 - "-" "Mozilla/5.0 (Windows NT 10.0; Win64; x64) AppleWebKit/537.36 (KHTML, like Gecko) Chrome/113.0.0.0 Safari/537.36"
103.4.122.14 - - [09/Apr/2026:12:32:38 +0800] "POST /wp-cron.php?doing_wp_cron=1775709158.7714450359344482421875 HTTP/1.1" 200 20 "-" "WordPress/6.9.4; https://bfcg.com.au"
216.244.66.229 - - [09/Apr/2026:12:32:37 +0800] "GET /robots.txt HTTP/1.1" 200 112 "-" "Mozilla/5.0 (compatible; DotBot/1.2; +https://opensiteexplorer.org/dotbot; help@moz.com)"
103.4.122.14 - - [09/Apr/2026:12:32:45 +0800] "POST /wp-cron.php HTTP/1.1" 200 20 "-" "WordPress/6.9.4; https://bfcg.com.au"
103.4.122.14 - - [09/Apr/2026:12:32:45 +0800] "GET / HTTP/1.1" 200 12381 "-" "WordPress/6.9.4; https://bfcg.com.au"
103.4.122.14 - - [09/Apr/2026:12:32:46 +0800] "GET / HTTP/1.1" 200 12381 "-" "WordPress/6.9.4; https://bfcg.com.au"
103.4.122.14 - - [09/Apr/2026:12:32:47 +0800] "GET / HTTP/1.1" 200 12381 "-" "WordPress/6.9.4; https://bfcg.com.au"
103.4.122.14 - - [09/Apr/2026:12:32:48 +0800] "GET / HTTP/1.1" 200 12381 "-" "WordPress/6.9.4; https://bfcg.com.au"
103.4.122.14 - - [09/Apr/2026:12:38:19 +0800] "POST /wp-cron.php?doing_wp_cron=1775709499.3240680694580078125000 HTTP/1.1" 200 20 "-" "WordPress/6.9.4; https://bfcg.com.au"
103.172.76.22 - - [09/Apr/2026:12:38:18 +0800] "POST /AutoDiscover/autodiscover.xml HTTP/1.1" 404 6156 "-" "Microsoft Office/16.0 (Windows NT 10.0; Microsoft Excel 16.0.19822; Pro)"
103.4.122.14 - - [09/Apr/2026:12:39:31 +0800] "POST /wp-cron.php?doing_wp_cron=1775709571.4449119567871093750000 HTTP/1.1" 200 20 "-" "WordPress/6.9.4; https://bfcg.com.au"
104.210.140.137 - - [09/Apr/2026:12:39:30 +0800] "GET /robots.txt HTTP/1.1" 200 108 "-" "Mozilla/5.0 (Macintosh; Intel Mac OS X 10_15_7) AppleWebKit/537.36 (KHTML, like Gecko) Chrome/131.0.0.0 Safari/537.36; compatible; OAI-SearchBot/1.0; +https://openai.com/searchbot"
103.4.122.14 - - [09/Apr/2026:12:42:32 +0800] "POST /wp-cron.php?doing_wp_cron=1775709752.7635409832000732421875 HTTP/1.1" 200 20 "-" "WordPress/6.9.4; https://bfcg.com.au"
216.244.66.229 - - [09/Apr/2026:12:42:32 +0800] "GET /author/bfcgroup/feed/ HTTP/1.1" 200 2232 "-" "Mozilla/5.0 (compatible; DotBot/1.2; +https://opensiteexplorer.org/dotbot; help@moz.com)"
103.4.122.14 - - [09/Apr/2026:12:45:33 +0800] "POST /wp-cron.php?doing_wp_cron=1775709933.8091690540313720703125 HTTP/1.1" 200 20 "-" "WordPress/6.9.4; https://bfcg.com.au"
216.73.216.85 - - [09/Apr/2026:12:45:33 +0800] "GET /robots.txt HTTP/1.1" 200 108 "-" "Mozilla/5.0 AppleWebKit/537.36 (KHTML, like Gecko; compatible; ClaudeBot/1.0; +claudebot@anthropic.com)"
216.73.216.85 - - [09/Apr/2026:12:45:34 +0800] "GET /wp-sitemap.xml HTTP/1.1" 200 229 "-" "Mozilla/5.0 AppleWebKit/537.36 (KHTML, like Gecko; compatible; ClaudeBot/1.0; +claudebot@anthropic.com)"
103.4.122.14 - - [09/Apr/2026:13:04:06 +0800] "POST /wp-cron.php?doing_wp_cron=1775711046.5891048908233642578125 HTTP/1.1" 200 20 "-" "WordPress/6.9.4; https://bfcg.com.au"
104.28.166.94 - - [09/Apr/2026:13:04:05 +0800] "GET / HTTP/1.1" 200 12381 "-" "Mozilla/5.0 (Windows NT 10.0; Win64; x64) AppleWebKit/537.36 (KHTML, like Gecko) Chrome/145.0.7632.6 Safari/537.36"
104.28.166.94 - - [09/Apr/2026:13:04:06 +0800] "GET /wp-content/cache/autoptimize/css/autoptimize_single_fa01caa3511fe59492737e72ecc1ea48.css?ver=1765777674 HTTP/1.1" 200 1814 "https://bfcg.com.au/" "Mozilla/5.0 (X11; Linux x86_64) AppleWebKit/537.36 (KHTML, like Gecko) Chrome/145.0.0.0 Safari/537.36"
104.28.166.94 - - [09/Apr/2026:13:04:07 +0800] "GET /wp-content/cache/autoptimize/css/autoptimize_036a3e3adb14651182f90577734ef4ef.css HTTP/1.1" 200 17882 "https://bfcg.com.au/" "Mozilla/5.0 (X11; Linux x86_64) AppleWebKit/537.36 (KHTML, like Gecko) Chrome/145.0.0.0 Safari/537.36"
104.28.166.94 - - [09/Apr/2026:13:04:07 +0800] "GET /wp-includes/js/dist/i18n.min.js?ver=c26c3dc7bed366793375 HTTP/1.1" 200 2229 "https://bfcg.com.au/" "Mozilla/5.0 (X11; Linux x86_64) AppleWebKit/537.36 (KHTML, like Gecko) Chrome/145.0.0.0 Safari/537.36"
104.28.166.94 - - [09/Apr/2026:13:04:07 +0800] "GET /wp-includes/js/dist/hooks.min.js?ver=dd5603f07f9220ed27f1 HTTP/1.1" 200 1941 "https://bfcg.com.au/" "Mozilla/5.0 (X11; Linux x86_64) AppleWebKit/537.36 (KHTML, like Gecko) Chrome/145.0.0.0 Safari/537.36"
104.28.166.94 - - [09/Apr/2026:13:04:07 +0800] "GET /wp-includes/js/jquery/jquery.min.js?ver=3.7.1 HTTP/1.1" 200 30368 "https://bfcg.com.au/" "Mozilla/5.0 (X11; Linux x86_64) AppleWebKit/537.36 (KHTML, like Gecko) Chrome/145.0.0.0 Safari/537.36"
104.28.166.94 - - [09/Apr/2026:13:04:07 +0800] "GET /wp-content/plugins/autoptimize/classes/external/js/lazysizes.min.js?ao_version=3.1.15 HTTP/1.1" 200 4122 "https://bfcg.com.au/" "Mozilla/5.0 (X11; Linux x86_64) AppleWebKit/537.36 (KHTML, like Gecko) Chrome/145.0.0.0 Safari/537.36"
104.28.166.94 - - [09/Apr/2026:13:04:07 +0800] "GET /wp-includes/js/dist/vendor/wp-polyfill.min.js?ver=3.15.0 HTTP/1.1" 200 11852 "https://bfcg.com.au/" "Mozilla/5.0 (X11; Linux x86_64) AppleWebKit/537.36 (KHTML, like Gecko) Chrome/145.0.0.0 Safari/537.36"
104.28.166.94 - - [09/Apr/2026:13:04:07 +0800] "GET /wp-content/cache/autoptimize/js/autoptimize_660f6aa917f215ee58a28a88fed9ac36.js HTTP/1.1" 200 19689 "https://bfcg.com.au/" "Mozilla/5.0 (X11; Linux x86_64) AppleWebKit/537.36 (KHTML, like Gecko) Chrome/145.0.0.0 Safari/537.36"
103.4.122.14 - - [09/Apr/2026:13:43:01 +0800] "POST /wp-cron.php?doing_wp_cron=1775713381.2213020324707031250000 HTTP/1.1" 200 20 "-" "WordPress/6.9.4; https://bfcg.com.au"
195.201.199.99 - - [09/Apr/2026:13:43:00 +0800] "GET /robots.txt HTTP/1.1" 200 112 "-" "Mozilla/5.0 (compatible; MJ12bot/v1.4.8; http://mj12bot.com/)"
195.201.199.99 - - [09/Apr/2026:13:43:03 +0800] "GET /?t= HTTP/1.1" 301 20 "-" "Mozilla/5.0 (compatible; MJ12bot/v1.4.8; http://mj12bot.com/)"
195.201.199.99 - - [09/Apr/2026:13:43:05 +0800] "GET /robots.txt HTTP/1.1" 200 112 "-" "Mozilla/5.0 (compatible; MJ12bot/v1.4.8; http://mj12bot.com/)"
195.201.199.99 - - [09/Apr/2026:13:43:08 +0800] "GET /?t HTTP/1.1" 200 12381 "-" "Mozilla/5.0 (compatible; MJ12bot/v1.4.8; http://mj12bot.com/)"
103.4.122.14 - - [09/Apr/2026:13:44:01 +0800] "POST /wp-cron.php?doing_wp_cron=1775713441.7280609607696533203125 HTTP/1.1" 200 20 "-" "WordPress/6.9.4; https://bfcg.com.au"
20.63.85.156 - - [09/Apr/2026:13:44:00 +0800] "GET / HTTP/1.1" 200 12381 "-" "Mozilla/5.0 (Macintosh; Intel Mac OS X 10_15_7) AppleWebKit/537.36 (KHTML, like Gecko) Chrome/124.0.0.0 Safari/537.36"
20.63.85.156 - - [09/Apr/2026:13:44:02 +0800] "GET /checkout HTTP/1.1" 404 6156 "-" "Mozilla/5.0 (Macintosh; Intel Mac OS X 10_15_7) AppleWebKit/537.36 (KHTML, like Gecko) Chrome/124.0.0.0 Safari/537.36"
20.63.85.156 - - [09/Apr/2026:13:44:05 +0800] "GET /pagamento HTTP/1.1" 404 6156 "-" "Mozilla/5.0 (Macintosh; Intel Mac OS X 10_15_7) AppleWebKit/537.36 (KHTML, like Gecko) Chrome/124.0.0.0 Safari/537.36"
20.63.85.156 - - [09/Apr/2026:13:44:05 +0800] "GET /shop HTTP/1.1" 404 6156 "-" "Mozilla/5.0 (Macintosh; Intel Mac OS X 10_15_7) AppleWebKit/537.36 (KHTML, like Gecko) Chrome/124.0.0.0 Safari/537.36"
20.63.85.156 - - [09/Apr/2026:13:44:05 +0800] "GET /cart/checkout HTTP/1.1" 404 6156 "-" "Mozilla/5.0 (Macintosh; Intel Mac OS X 10_15_7) AppleWebKit/537.36 (KHTML, like Gecko) Chrome/124.0.0.0 Safari/537.36"
20.63.85.156 - - [09/Apr/2026:13:44:05 +0800] "GET /carrinho HTTP/1.1" 404 6156 "-" "Mozilla/5.0 (Macintosh; Intel Mac OS X 10_15_7) AppleWebKit/537.36 (KHTML, like Gecko) Chrome/124.0.0.0 Safari/537.36"
20.63.85.156 - - [09/Apr/2026:13:44:05 +0800] "GET /finalizar-compra HTTP/1.1" 404 6156 "-" "Mozilla/5.0 (Macintosh; Intel Mac OS X 10_15_7) AppleWebKit/537.36 (KHTML, like Gecko) Chrome/124.0.0.0 Safari/537.36"
20.63.85.156 - - [09/Apr/2026:13:44:05 +0800] "GET /cart HTTP/1.1" 404 6156 "-" "Mozilla/5.0 (Macintosh; Intel Mac OS X 10_15_7) AppleWebKit/537.36 (KHTML, like Gecko) Chrome/124.0.0.0 Safari/537.36"
20.63.85.156 - - [09/Apr/2026:13:44:05 +0800] "GET /api/checkout/pub/orderForm HTTP/1.1" 404 6156 "-" "Mozilla/5.0 (Macintosh; Intel Mac OS X 10_15_7) AppleWebKit/537.36 (KHTML, like Gecko) Chrome/124.0.0.0 Safari/537.36"
20.63.85.156 - - [09/Apr/2026:13:44:05 +0800] "GET /compra-click HTTP/1.1" 404 6156 "-" "Mozilla/5.0 (Macintosh; Intel Mac OS X 10_15_7) AppleWebKit/537.36 (KHTML, like Gecko) Chrome/124.0.0.0 Safari/537.36"
20.63.85.156 - - [09/Apr/2026:13:44:05 +0800] "GET /wc-api/v3/ HTTP/1.1" 404 6156 "-" "Mozilla/5.0 (Macintosh; Intel Mac OS X 10_15_7) AppleWebKit/537.36 (KHTML, like Gecko) Chrome/124.0.0.0 Safari/537.36"
20.63.85.156 - - [09/Apr/2026:13:44:05 +0800] "GET /onestepcheckout HTTP/1.1" 404 6156 "-" "Mozilla/5.0 (Macintosh; Intel Mac OS X 10_15_7) AppleWebKit/537.36 (KHTML, like Gecko) Chrome/124.0.0.0 Safari/537.36"
20.63.85.156 - - [09/Apr/2026:13:44:05 +0800] "GET /comprar HTTP/1.1" 404 6156 "-" "Mozilla/5.0 (Macintosh; Intel Mac OS X 10_15_7) AppleWebKit/537.36 (KHTML, like Gecko) Chrome/124.0.0.0 Safari/537.36"
20.63.85.156 - - [09/Apr/2026:13:44:05 +0800] "GET /checkout/cart HTTP/1.1" 404 6156 "-" "Mozilla/5.0 (Macintosh; Intel Mac OS X 10_15_7) AppleWebKit/537.36 (KHTML, like Gecko) Chrome/124.0.0.0 Safari/537.36"
20.63.85.156 - - [09/Apr/2026:13:44:05 +0800] "GET /warenkorb HTTP/1.1" 404 6156 "-" "Mozilla/5.0 (Macintosh; Intel Mac OS X 10_15_7) AppleWebKit/537.36 (KHTML, like Gecko) Chrome/124.0.0.0 Safari/537.36"
20.63.85.156 - - [09/Apr/2026:13:44:05 +0800] "GET /checkout/payment HTTP/1.1" 404 6156 "-" "Mozilla/5.0 (Macintosh; Intel Mac OS X 10_15_7) AppleWebKit/537.36 (KHTML, like Gecko) Chrome/124.0.0.0 Safari/537.36"
20.63.85.156 - - [09/Apr/2026:13:44:05 +0800] "GET /pago/finalizar HTTP/1.1" 404 6156 "-" "Mozilla/5.0 (Macintosh; Intel Mac OS X 10_15_7) AppleWebKit/537.36 (KHTML, like Gecko) Chrome/124.0.0.0 Safari/537.36"
20.63.85.156 - - [09/Apr/2026:13:44:05 +0800] "GET /checkout/ HTTP/1.1" 404 6156 "-" "Mozilla/5.0 (Macintosh; Intel Mac OS X 10_15_7) AppleWebKit/537.36 (KHTML, like Gecko) Chrome/124.0.0.0 Safari/537.36"
20.63.85.156 - - [09/Apr/2026:13:44:05 +0800] "GET /wp-json/wc/store/v1/cart HTTP/1.1" 404 117 "-" "Mozilla/5.0 (Macintosh; Intel Mac OS X 10_15_7) AppleWebKit/537.36 (KHTML, like Gecko) Chrome/124.0.0.0 Safari/537.36"
20.63.85.156 - - [09/Apr/2026:13:44:05 +0800] "GET /commande HTTP/1.1" 404 6156 "-" "Mozilla/5.0 (Macintosh; Intel Mac OS X 10_15_7) AppleWebKit/537.36 (KHTML, like Gecko) Chrome/124.0.0.0 Safari/537.36"
20.63.85.156 - - [09/Apr/2026:13:44:05 +0800] "GET /panier HTTP/1.1" 404 6156 "-" "Mozilla/5.0 (Macintosh; Intel Mac OS X 10_15_7) AppleWebKit/537.36 (KHTML, like Gecko) Chrome/124.0.0.0 Safari/537.36"
20.63.85.156 - - [09/Apr/2026:13:44:05 +0800] "GET /carrello HTTP/1.1" 404 6156 "-" "Mozilla/5.0 (Macintosh; Intel Mac OS X 10_15_7) AppleWebKit/537.36 (KHTML, like Gecko) Chrome/124.0.0.0 Safari/537.36"
20.63.85.156 - - [09/Apr/2026:13:44:05 +0800] "GET /kasse HTTP/1.1" 404 6156 "-" "Mozilla/5.0 (Macintosh; Intel Mac OS X 10_15_7) AppleWebKit/537.36 (KHTML, like Gecko) Chrome/124.0.0.0 Safari/537.36"
20.63.85.156 - - [09/Apr/2026:13:44:05 +0800] "GET /services/shop-id HTTP/1.1" 404 6156 "-" "Mozilla/5.0 (Macintosh; Intel Mac OS X 10_15_7) AppleWebKit/537.36 (KHTML, like Gecko) Chrome/124.0.0.0 Safari/537.36"
20.63.85.156 - - [09/Apr/2026:13:44:05 +0800] "GET /give HTTP/1.1" 404 6156 "-" "Mozilla/5.0 (Macintosh; Intel Mac OS X 10_15_7) AppleWebKit/537.36 (KHTML, like Gecko) Chrome/124.0.0.0 Safari/537.36"
20.63.85.156 - - [09/Apr/2026:13:44:05 +0800] "GET /donation HTTP/1.1" 404 6156 "-" "Mozilla/5.0 (Macintosh; Intel Mac OS X 10_15_7) AppleWebKit/537.36 (KHTML, like Gecko) Chrome/124.0.0.0 Safari/537.36"
20.63.85.156 - - [09/Apr/2026:13:44:05 +0800] "GET /checkout/ HTTP/1.1" 404 6156 "-" "Mozilla/5.0 (Macintosh; Intel Mac OS X 10_15_7) AppleWebKit/537.36 (KHTML, like Gecko) Chrome/124.0.0.0 Safari/537.36"
20.63.85.156 - - [09/Apr/2026:13:44:05 +0800] "GET /donations HTTP/1.1" 404 6156 "-" "Mozilla/5.0 (Macintosh; Intel Mac OS X 10_15_7) AppleWebKit/537.36 (KHTML, like Gecko) Chrome/124.0.0.0 Safari/537.36"
20.63.85.156 - - [09/Apr/2026:13:44:05 +0800] "GET /pay HTTP/1.1" 404 6156 "-" "Mozilla/5.0 (Macintosh; Intel Mac OS X 10_15_7) AppleWebKit/537.36 (KHTML, like Gecko) Chrome/124.0.0.0 Safari/537.36"
20.63.85.156 - - [09/Apr/2026:13:44:05 +0800] "GET /donate HTTP/1.1" 404 6156 "-" "Mozilla/5.0 (Macintosh; Intel Mac OS X 10_15_7) AppleWebKit/537.36 (KHTML, like Gecko) Chrome/124.0.0.0 Safari/537.36"
20.63.85.156 - - [09/Apr/2026:13:44:05 +0800] "GET /make-a-payment HTTP/1.1" 404 6156 "-" "Mozilla/5.0 (Macintosh; Intel Mac OS X 10_15_7) AppleWebKit/537.36 (KHTML, like Gecko) Chrome/124.0.0.0 Safari/537.36"
20.63.85.156 - - [09/Apr/2026:13:44:05 +0800] "GET /pay-an-invoice/ HTTP/1.1" 404 6156 "-" "Mozilla/5.0 (Macintosh; Intel Mac OS X 10_15_7) AppleWebKit/537.36 (KHTML, like Gecko) Chrome/124.0.0.0 Safari/537.36"
20.63.85.156 - - [09/Apr/2026:13:44:05 +0800] "GET /checkout/onepage HTTP/1.1" 404 6156 "-" "Mozilla/5.0 (Macintosh; Intel Mac OS X 10_15_7) AppleWebKit/537.36 (KHTML, like Gecko) Chrome/124.0.0.0 Safari/537.36"
20.78.0.222 - - [09/Apr/2026:13:49:55 +0800] "GET /wp-admin/css/ HTTP/1.1" 403 199 "binance.com" "Mozilla/5.0 (Windows NT 10.0; Win64; x64) AppleWebKit/537.36 (KHTML, like Gecko) Chrome/90.0.4430.85 Safari/537.36"
103.4.122.14 - - [09/Apr/2026:14:08:58 +0800] "POST /wp-cron.php?doing_wp_cron=1775714938.2428719997406005859375 HTTP/1.1" 200 20 "-" "WordPress/6.9.4; https://bfcg.com.au"
154.192.139.10 - - [09/Apr/2026:14:08:57 +0800] "POST /xmlrpc.php HTTP/1.1" 200 403 "-" "Mozilla/5.0 (Windows NT 10.0; arm64) AppleWebKit/537.36 (KHTML, like Gecko) Opera/69.0.0.0 Safari/537.36"
103.4.122.14 - - [09/Apr/2026:14:21:09 +0800] "POST /wp-cron.php?doing_wp_cron=1775715669.2980279922485351562500 HTTP/1.1" 200 20 "-" "WordPress/6.9.4; https://bfcg.com.au"
14.163.110.114 - - [09/Apr/2026:14:21:08 +0800] "GET /2020/10/05/welcome/ HTTP/1.1" 200 7295 "-" "Mozilla/5.0 (Windows NT 6.1; Win64; x64) AppleWebKit/537.36 (KHTML, like Gecko) Chrome/72.0.3626.109 Safari/537.36"
154.192.139.10 - - [09/Apr/2026:14:25:11 +0800] "GET /wp-json/wp/v2/users HTTP/1.1" 403 199 "-" "Mozilla/4.0 (compatible; Win32; WinHttp.WinHttpRequest.5)"
103.4.122.14 - - [09/Apr/2026:14:26:14 +0800] "POST /wp-cron.php?doing_wp_cron=1775715973.8788089752197265625000 HTTP/1.1" 200 20 "-" "WordPress/6.9.4; https://bfcg.com.au"
154.192.139.10 - - [09/Apr/2026:14:26:13 +0800] "POST /xmlrpc.php HTTP/1.1" 200 403 "-" "Mozilla/5.0 (Windows NT 6.3; x86) AppleWebKit/537.36 (KHTML, like Gecko) Opera/80.0.0.0 Safari/537.36"
103.4.122.14 - - [09/Apr/2026:14:26:39 +0800] "POST /wp-cron.php?doing_wp_cron=1775715999.2520830631256103515625 HTTP/1.1" 200 20 "-" "WordPress/6.9.4; https://bfcg.com.au"
43.173.176.141 - - [09/Apr/2026:14:26:38 +0800] "GET /docs/employee-resources/admin/non-conformance-report HTTP/1.1" 301 20 "-" "Mozilla/5.0 (Windows NT 10.0; Win64; x64) AppleWebKit/537.36 (KHTML, like Gecko) Chrome/108.0.0.0 Safari/537.36"
43.173.173.15 - - [09/Apr/2026:14:26:40 +0800] "GET /docs/employee-resources/admin/non-conformance-report/ HTTP/1.1" 200 9572 "-" "Mozilla/5.0 (Windows NT 10.0; Win64; x64) AppleWebKit/537.36 (KHTML, like Gecko) Chrome/108.0.0.0 Safari/537.36"
43.172.194.25 - - [09/Apr/2026:14:26:46 +0800] "POST /wp-admin/admin-ajax.php HTTP/1.1" 200 3007 "https://bfcg.com.au/docs/employee-resources/admin/non-conformance-report/" "Mozilla/5.0 (Windows NT 10.0; Win64; x64) AppleWebKit/537.36 (KHTML, like Gecko) Chrome/108.0.0.0 Safari/537.36"
154.192.139.10 - - [09/Apr/2026:14:27:24 +0800] "POST /xmlrpc.php HTTP/1.1" 200 403 "-" "Mozilla/5.0 (X11; Ubuntu; Linux x86_64; x64) AppleWebKit/537.36 (KHTML, like Gecko) Opera/62.0.0.0 Safari/537.36"
103.4.122.14 - - [09/Apr/2026:14:28:12 +0800] "POST /wp-cron.php?doing_wp_cron=1775716091.8676590919494628906250 HTTP/1.1" 200 20 "-" "WordPress/6.9.4; https://bfcg.com.au"
98.86.105.20 - - [09/Apr/2026:14:28:10 +0800] "GET / HTTP/1.1" 200 47616 "-" "Mozilla/5.0 (X11; Linux x86_64) AppleWebKit/537.36 (KHTML, like Gecko) Chrome/58.0.3029.110 Safari/537.36"
154.192.139.10 - - [09/Apr/2026:14:28:23 +0800] "POST /xmlrpc.php HTTP/1.1" 200 403 "-" "Mozilla/5.0 (Linux; Android 10; x64) AppleWebKit/537.36 (KHTML, like Gecko) Opera/76.0.0.0 Safari/537.36"
103.4.122.14 - - [09/Apr/2026:14:29:30 +0800] "POST /wp-cron.php?doing_wp_cron=1775716169.9413878917694091796875 HTTP/1.1" 200 20 "-" "WordPress/6.9.4; https://bfcg.com.au"
154.192.139.10 - - [09/Apr/2026:14:29:29 +0800] "POST /xmlrpc.php HTTP/1.1" 200 403 "-" "Mozilla/5.0 (Windows NT 6.3; arm64) AppleWebKit/537.36 (KHTML, like Gecko) Firefox/70.0.0.0 Safari/537.36"
103.4.122.14 - - [09/Apr/2026:15:05:45 +0800] "POST /wp-cron.php?doing_wp_cron=1775718345.2498199939727783203125 HTTP/1.1" 200 20 "-" "WordPress/6.9.4; https://bfcg.com.au"
1.145.210.56 - - [09/Apr/2026:15:05:44 +0800] "GET / HTTP/1.1" 200 12381 "https://www.google.com/" "Mozilla/5.0 (Linux; Android 10; K) AppleWebKit/537.36 (KHTML, like Gecko) Chrome/146.0.0.0 Mobile Safari/537.36"
1.145.210.56 - - [09/Apr/2026:15:05:45 +0800] "GET /wp-content/cache/autoptimize/css/autoptimize_036a3e3adb14651182f90577734ef4ef.css HTTP/1.1" 200 17882 "https://bfcg.com.au/" "Mozilla/5.0 (Linux; Android 10; K) AppleWebKit/537.36 (KHTML, like Gecko) Chrome/146.0.0.0 Mobile Safari/537.36"
1.145.210.56 - - [09/Apr/2026:15:05:45 +0800] "GET /wp-content/cache/autoptimize/css/autoptimize_single_fa01caa3511fe59492737e72ecc1ea48.css?ver=1765777674 HTTP/1.1" 200 1814 "https://bfcg.com.au/" "Mozilla/5.0 (Linux; Android 10; K) AppleWebKit/537.36 (KHTML, like Gecko) Chrome/146.0.0.0 Mobile Safari/537.36"
1.145.210.56 - - [09/Apr/2026:15:05:45 +0800] "GET /wp-includes/js/dist/hooks.min.js?ver=dd5603f07f9220ed27f1 HTTP/1.1" 200 1941 "https://bfcg.com.au/" "Mozilla/5.0 (Linux; Android 10; K) AppleWebKit/537.36 (KHTML, like Gecko) Chrome/146.0.0.0 Mobile Safari/537.36"
1.145.210.56 - - [09/Apr/2026:15:05:45 +0800] "GET /wp-includes/js/dist/i18n.min.js?ver=c26c3dc7bed366793375 HTTP/1.1" 200 2229 "https://bfcg.com.au/" "Mozilla/5.0 (Linux; Android 10; K) AppleWebKit/537.36 (KHTML, like Gecko) Chrome/146.0.0.0 Mobile Safari/537.36"
1.145.210.56 - - [09/Apr/2026:15:05:45 +0800] "GET /wp-content/uploads/2020/10/LT160.jpg HTTP/1.1" 200 112143 "https://bfcg.com.au/" "Mozilla/5.0 (Linux; Android 10; K) AppleWebKit/537.36 (KHTML, like Gecko) Chrome/146.0.0.0 Mobile Safari/537.36"
1.145.210.56 - - [09/Apr/2026:15:05:45 +0800] "GET /wp-content/plugins/autoptimize/classes/external/js/lazysizes.min.js?ao_version=3.1.15 HTTP/1.1" 200 4122 "https://bfcg.com.au/" "Mozilla/5.0 (Linux; Android 10; K) AppleWebKit/537.36 (KHTML, like Gecko) Chrome/146.0.0.0 Mobile Safari/537.36"
1.145.210.56 - - [09/Apr/2026:15:05:45 +0800] "GET /wp-includes/js/dist/vendor/wp-polyfill.min.js?ver=3.15.0 HTTP/1.1" 200 11852 "https://bfcg.com.au/" "Mozilla/5.0 (Linux; Android 10; K) AppleWebKit/537.36 (KHTML, like Gecko) Chrome/146.0.0.0 Mobile Safari/537.36"
1.145.210.56 - - [09/Apr/2026:15:05:45 +0800] "GET /wp-includes/js/jquery/jquery.min.js?ver=3.7.1 HTTP/1.1" 200 30368 "https://bfcg.com.au/" "Mozilla/5.0 (Linux; Android 10; K) AppleWebKit/537.36 (KHTML, like Gecko) Chrome/146.0.0.0 Mobile Safari/537.36"
1.145.210.56 - - [09/Apr/2026:15:05:45 +0800] "GET /wp-content/cache/autoptimize/js/autoptimize_660f6aa917f215ee58a28a88fed9ac36.js HTTP/1.1" 200 19689 "https://bfcg.com.au/" "Mozilla/5.0 (Linux; Android 10; K) AppleWebKit/537.36 (KHTML, like Gecko) Chrome/146.0.0.0 Mobile Safari/537.36"
1.145.210.56 - - [09/Apr/2026:15:05:45 +0800] "GET /wp-content/themes/generatepress/assets/fonts/generatepress.woff2 HTTP/1.1" 200 1264 "https://bfcg.com.au/wp-content/cache/autoptimize/css/autoptimize_036a3e3adb14651182f90577734ef4ef.css" "Mozilla/5.0 (Linux; Android 10; K) AppleWebKit/537.36 (KHTML, like Gecko) Chrome/146.0.0.0 Mobile Safari/537.36"
1.145.210.56 - - [09/Apr/2026:15:05:45 +0800] "GET /wp-content/uploads/2020/08/cta-home.jpg HTTP/1.1" 200 329613 "https://bfcg.com.au/wp-content/cache/autoptimize/css/autoptimize_single_fa01caa3511fe59492737e72ecc1ea48.css?ver=1765777674" "Mozilla/5.0 (Linux; Android 10; K) AppleWebKit/537.36 (KHTML, like Gecko) Chrome/146.0.0.0 Mobile Safari/537.36"
1.145.210.56 - - [09/Apr/2026:15:05:45 +0800] "GET /wp-content/uploads/2020/10/hero-render-small.jpg HTTP/1.1" 200 322393 "https://bfcg.com.au/wp-content/cache/autoptimize/css/autoptimize_single_fa01caa3511fe59492737e72ecc1ea48.css?ver=1765777674" "Mozilla/5.0 (Linux; Android 10; K) AppleWebKit/537.36 (KHTML, like Gecko) Chrome/146.0.0.0 Mobile Safari/537.36"
1.145.210.56 - - [09/Apr/2026:15:05:45 +0800] "GET /wp-content/uploads/2020/06/calima-bg-2.jpg HTTP/1.1" 404 6156 "https://bfcg.com.au/wp-content/cache/autoptimize/css/autoptimize_036a3e3adb14651182f90577734ef4ef.css" "Mozilla/5.0 (Linux; Android 10; K) AppleWebKit/537.36 (KHTML, like Gecko) Chrome/146.0.0.0 Mobile Safari/537.36"
1.145.210.56 - - [09/Apr/2026:15:05:47 +0800] "GET /wp-content/uploads/2020/08/logo-alt.png HTTP/1.1" 200 100570 "https://bfcg.com.au/" "Mozilla/5.0 (Linux; Android 10; K) AppleWebKit/537.36 (KHTML, like Gecko) Chrome/146.0.0.0 Mobile Safari/537.36"
1.145.210.56 - - [09/Apr/2026:15:05:47 +0800] "GET /wp-content/plugins/gp-premium/general/icons/gp-premium.ttf HTTP/1.1" 200 1594 "https://bfcg.com.au/wp-content/cache/autoptimize/css/autoptimize_036a3e3adb14651182f90577734ef4ef.css" "Mozilla/5.0 (Linux; Android 10; K) AppleWebKit/537.36 (KHTML, like Gecko) Chrome/146.0.0.0 Mobile Safari/537.36"
1.145.210.56 - - [09/Apr/2026:15:05:47 +0800] "GET /wp-includes/js/wp-emoji-release.min.js?ver=6.9.4 HTTP/1.1" 200 5375 "https://bfcg.com.au/" "Mozilla/5.0 (Linux; Android 10; K) AppleWebKit/537.36 (KHTML, like Gecko) Chrome/146.0.0.0 Mobile Safari/537.36"
1.145.210.56 - - [09/Apr/2026:15:05:49 +0800] "GET /wp-content/uploads/2020/08/cropped-favicon-180x180.png HTTP/1.1" 200 23689 "https://bfcg.com.au/" "Mozilla/5.0 (Linux; Android 10; K) AppleWebKit/537.36 (KHTML, like Gecko) Chrome/146.0.0.0 Mobile Safari/537.36"
