47.128.96.18 - - [05/Apr/2026:04:34:29 +0800] "GET /wp-content/uploads/2020/10/LT160.jpg HTTP/1.1" 304 - "https://bfcg.com.au/" "Mozilla/5.0 (Linux; Android 5.0) AppleWebKit/537.36 (KHTML, like Gecko) Mobile Safari/537.36 (compatible; TikTokSpider; ttspider-feedback@tiktok.com)"
47.128.96.18 - - [05/Apr/2026:04:34:29 +0800] "GET /wp-content/uploads/2020/06/calima-bg-2.jpg HTTP/1.1" 404 23064 "https://bfcg.com.au/wp-content/cache/autoptimize/css/autoptimize_036a3e3adb14651182f90577734ef4ef.css" "Mozilla/5.0 (Linux; Android 5.0) AppleWebKit/537.36 (KHTML, like Gecko) Mobile Safari/537.36 (compatible; TikTokSpider; ttspider-feedback@tiktok.com)"
47.128.96.18 - - [05/Apr/2026:04:34:29 +0800] "GET /wp-content/uploads/2020/08/cta-home.jpg HTTP/1.1" 206 329113 "https://bfcg.com.au/wp-content/cache/autoptimize/css/autoptimize_single_fa01caa3511fe59492737e72ecc1ea48.css?ver=1765777674" "Mozilla/5.0 (Linux; Android 5.0) AppleWebKit/537.36 (KHTML, like Gecko) Mobile Safari/537.36 (compatible; TikTokSpider; ttspider-feedback@tiktok.com)"
47.128.96.18 - - [05/Apr/2026:04:34:29 +0800] "GET /wp-content/uploads/2020/10/LT160.jpg HTTP/1.1" 206 111643 "https://bfcg.com.au/" "Mozilla/5.0 (Linux; Android 5.0) AppleWebKit/537.36 (KHTML, like Gecko) Mobile Safari/537.36 (compatible; TikTokSpider; ttspider-feedback@tiktok.com)"
47.128.96.18 - - [05/Apr/2026:04:34:29 +0800] "GET /wp-content/uploads/2020/10/hero-render-small.jpg HTTP/1.1" 206 321893 "https://bfcg.com.au/wp-content/cache/autoptimize/css/autoptimize_single_fa01caa3511fe59492737e72ecc1ea48.css?ver=1765777674" "Mozilla/5.0 (Linux; Android 5.0) AppleWebKit/537.36 (KHTML, like Gecko) Mobile Safari/537.36 (compatible; TikTokSpider; ttspider-feedback@tiktok.com)"
103.4.122.14 - - [05/Apr/2026:04:38:43 +0800] "POST /wp-cron.php?doing_wp_cron=1775335123.1893711090087890625000 HTTP/1.1" 200 20 "-" "WordPress/6.9.4; https://bfcg.com.au"
177.52.30.87 - - [05/Apr/2026:04:38:42 +0800] "GET /docs/employee-resources/ HTTP/1.1" 200 9519 "-" "Mozilla/5.0 (X11; Linux x86_64) AppleWebKit/537.36 (KHTML, like Gecko) Chrome/33.0.1750.517 Safari/537.36"
103.4.122.14 - - [05/Apr/2026:04:44:05 +0800] "POST /wp-cron.php?doing_wp_cron=1775335445.2407410144805908203125 HTTP/1.1" 200 20 "-" "WordPress/6.9.4; https://bfcg.com.au"
186.55.12.158 - - [05/Apr/2026:04:44:04 +0800] "GET http://bfcg.com.au/ HTTP/1.1" 301 20 "-" "Mozilla/5.0 (Windows NT 6.3; WOW64) AppleWebKit/537.36 (KHTML, like Gecko) Chrome/87.0.4280.66 Safari/537.36"
186.237.124.247 - - [05/Apr/2026:04:44:10 +0800] "GET http://bfcg.com.au/ HTTP/1.1" 301 20 "-" "Mozilla/5.0 (Macintosh; Intel Mac OS X 10_13_6) AppleWebKit/537.36 (KHTML, like Gecko) Brave Chrome/80.0.3987.87 Safari/537.36"
103.4.122.14 - - [05/Apr/2026:04:51:08 +0800] "POST /wp-cron.php?doing_wp_cron=1775335867.9272890090942382812500 HTTP/1.1" 200 20 "-" "WordPress/6.9.4; https://bfcg.com.au"
216.73.216.14 - - [05/Apr/2026:04:51:07 +0800] "GET /robots.txt HTTP/1.1" 200 108 "-" "Mozilla/5.0 AppleWebKit/537.36 (KHTML, like Gecko; compatible; ClaudeBot/1.0; +claudebot@anthropic.com)"
216.73.216.14 - - [05/Apr/2026:04:51:08 +0800] "GET / HTTP/1.1" 200 12381 "-" "Mozilla/5.0 AppleWebKit/537.36 (KHTML, like Gecko; compatible; ClaudeBot/1.0; +claudebot@anthropic.com)"
103.4.122.14 - - [05/Apr/2026:04:58:09 +0800] "POST /wp-cron.php?doing_wp_cron=1775336289.1240739822387695312500 HTTP/1.1" 200 20 "-" "WordPress/6.9.4; https://bfcg.com.au"
165.231.182.247 - - [05/Apr/2026:04:58:08 +0800] "GET /contact/ HTTP/1.0" 200 29731 "https://bfcg.com.au/contact/" "Mozilla/5.0 (Windows NT 10.0; Win64; x64) AppleWebKit/537.36 (KHTML, like Gecko) Chrome/103.0.5060.134 Safari/537.36"
165.231.182.253 - - [05/Apr/2026:04:58:10 +0800] "POST /contact/ HTTP/1.0" 200 30059 "https://bfcg.com.au/contact/" "Mozilla/5.0 (Windows NT 10.0; Win64; x64) AppleWebKit/537.36 (KHTML, like Gecko) Chrome/103.0.5060.134 Safari/537.36"
103.4.122.14 - - [05/Apr/2026:05:03:54 +0800] "POST /wp-cron.php?doing_wp_cron=1775336634.3574190139770507812500 HTTP/1.1" 200 20 "-" "WordPress/6.9.4; https://bfcg.com.au"
52.167.144.198 - - [05/Apr/2026:05:03:53 +0800] "GET /sitemaps.xml HTTP/1.1" 404 6156 "-" "Mozilla/5.0 AppleWebKit/537.36 (KHTML, like Gecko; compatible; bingbot/2.0; +http://www.bing.com/bingbot.htm) Chrome/116.0.1938.76 Safari/537.36"
103.4.122.14 - - [05/Apr/2026:05:05:21 +0800] "POST /wp-cron.php?doing_wp_cron=1775336720.8444340229034423828125 HTTP/1.1" 200 20 "-" "WordPress/6.9.4; https://bfcg.com.au"
67.210.97.28 - - [05/Apr/2026:05:05:20 +0800] "HEAD / HTTP/1.1" 200 - "-" "ct2ips/1.0"
67.210.97.28 - - [05/Apr/2026:05:05:27 +0800] "HEAD / HTTP/1.1" 301 - "-" "ct2ips/1.0"
67.210.97.28 - - [05/Apr/2026:05:05:28 +0800] "HEAD / HTTP/1.1" 200 - "https://www.bfcg.com.au/" "ct2ips/1.0"
103.4.122.14 - - [05/Apr/2026:05:15:47 +0800] "POST /wp-cron.php?doing_wp_cron=1775337347.1765089035034179687500 HTTP/1.1" 200 20 "-" "WordPress/6.9.4; https://bfcg.com.au"
74.7.227.160 - - [05/Apr/2026:05:15:46 +0800] "GET / HTTP/1.1" 200 12381 "-" "Mozilla/5.0 AppleWebKit/537.36 (KHTML, like Gecko; compatible; GPTBot/1.3; +https://openai.com/gptbot)"
74.7.227.160 - - [05/Apr/2026:05:15:49 +0800] "GET /log-in/ HTTP/1.1" 200 6669 "https://bfcg.com.au/" "Mozilla/5.0 AppleWebKit/537.36 (KHTML, like Gecko; compatible; GPTBot/1.3; +https://openai.com/gptbot)"
74.7.227.160 - - [05/Apr/2026:05:15:51 +0800] "GET /2020/10/05/welcome/ HTTP/1.1" 200 7295 "https://bfcg.com.au/" "Mozilla/5.0 AppleWebKit/537.36 (KHTML, like Gecko; compatible; GPTBot/1.3; +https://openai.com/gptbot)"
74.7.227.160 - - [05/Apr/2026:05:15:54 +0800] "GET /wp-includes/js/jquery/jquery.min.js?ver=3.7.1 HTTP/1.1" 200 30368 "https://bfcg.com.au/" "Mozilla/5.0 AppleWebKit/537.36 (KHTML, like Gecko; compatible; GPTBot/1.3; +https://openai.com/gptbot)"
74.7.227.160 - - [05/Apr/2026:05:15:56 +0800] "GET /wp-content/cache/autoptimize/css/autoptimize_036a3e3adb14651182f90577734ef4ef.css HTTP/1.1" 200 17882 "https://bfcg.com.au/" "Mozilla/5.0 AppleWebKit/537.36 (KHTML, like Gecko; compatible; GPTBot/1.3; +https://openai.com/gptbot)"
74.7.227.160 - - [05/Apr/2026:05:15:58 +0800] "GET /wp-json/oembed/1.0/embed?format=xml&url=https%3A%2F%2Fbfcg.com.au%2F HTTP/1.1" 200 1105 "https://bfcg.com.au/" "Mozilla/5.0 AppleWebKit/537.36 (KHTML, like Gecko; compatible; GPTBot/1.3; +https://openai.com/gptbot)"
74.7.227.160 - - [05/Apr/2026:05:16:00 +0800] "GET /news/ HTTP/1.1" 200 6659 "https://bfcg.com.au/" "Mozilla/5.0 AppleWebKit/537.36 (KHTML, like Gecko; compatible; GPTBot/1.3; +https://openai.com/gptbot)"
74.7.227.160 - - [05/Apr/2026:05:16:02 +0800] "GET /feed/ HTTP/1.1" 200 994 "https://bfcg.com.au/" "Mozilla/5.0 AppleWebKit/537.36 (KHTML, like Gecko; compatible; GPTBot/1.3; +https://openai.com/gptbot)"
74.7.227.160 - - [05/Apr/2026:05:16:04 +0800] "GET /our-business-management/ HTTP/1.1" 200 8002 "https://bfcg.com.au/" "Mozilla/5.0 AppleWebKit/537.36 (KHTML, like Gecko; compatible; GPTBot/1.3; +https://openai.com/gptbot)"
74.7.227.160 - - [05/Apr/2026:05:16:05 +0800] "GET /?p=2694 HTTP/1.1" 301 20 "https://bfcg.com.au/log-in/" "Mozilla/5.0 AppleWebKit/537.36 (KHTML, like Gecko; compatible; GPTBot/1.3; +https://openai.com/gptbot)"
74.7.227.160 - - [05/Apr/2026:05:16:05 +0800] "GET /log-in/ HTTP/1.1" 200 6669 "https://bfcg.com.au/?p=2694" "Mozilla/5.0 AppleWebKit/537.36 (KHTML, like Gecko; compatible; GPTBot/1.3; +https://openai.com/gptbot)"
74.7.227.160 - - [05/Apr/2026:05:16:06 +0800] "GET /?p=2072 HTTP/1.1" 301 20 "https://bfcg.com.au/2020/10/05/welcome/" "Mozilla/5.0 AppleWebKit/537.36 (KHTML, like Gecko; compatible; GPTBot/1.3; +https://openai.com/gptbot)"
74.7.227.160 - - [05/Apr/2026:05:16:07 +0800] "GET /2020/10/05/welcome/ HTTP/1.1" 200 7295 "https://bfcg.com.au/?p=2072" "Mozilla/5.0 AppleWebKit/537.36 (KHTML, like Gecko; compatible; GPTBot/1.3; +https://openai.com/gptbot)"
74.7.227.160 - - [05/Apr/2026:05:16:07 +0800] "GET /?p=2525 HTTP/1.1" 301 20 "https://bfcg.com.au/our-business-management/" "Mozilla/5.0 AppleWebKit/537.36 (KHTML, like Gecko; compatible; GPTBot/1.3; +https://openai.com/gptbot)"
74.7.227.160 - - [05/Apr/2026:05:16:08 +0800] "GET /our-business-management/ HTTP/1.1" 200 8002 "https://bfcg.com.au/?p=2525" "Mozilla/5.0 AppleWebKit/537.36 (KHTML, like Gecko; compatible; GPTBot/1.3; +https://openai.com/gptbot)"
217.216.37.56 - - [05/Apr/2026:05:31:18 +0800] "GET / HTTP/1.1" 403 199 "-" "Go-http-client/1.1"
217.216.37.56 - - [05/Apr/2026:05:31:18 +0800] "GET /wp-includes/css/buttons.css HTTP/1.1" 403 199 "-" "Go-http-client/1.1"
217.216.37.56 - - [05/Apr/2026:05:31:18 +0800] "GET /media/system/js/core.js HTTP/1.1" 403 199 "-" "Go-http-client/1.1"
103.4.122.14 - - [05/Apr/2026:05:49:04 +0800] "POST /wp-cron.php?doing_wp_cron=1775339344.0041730403900146484375 HTTP/1.1" 200 20 "-" "WordPress/6.9.4; https://bfcg.com.au"
66.249.75.68 - - [05/Apr/2026:05:49:03 +0800] "GET /our-business-management/ HTTP/1.1" 200 8002 "-" "Mozilla/5.0 (Linux; Android 6.0.1; Nexus 5X Build/MMB29P) AppleWebKit/537.36 (KHTML, like Gecko) Chrome/146.0.7680.177 Mobile Safari/537.36 (compatible; Googlebot/2.1; +http://www.google.com/bot.html)"
66.249.75.68 - - [05/Apr/2026:05:49:08 +0800] "GET /wp-content/cache/autoptimize/css/autoptimize_single_4360fa217d7d9706f67239ee19cab338.css?ver=1765773542 HTTP/1.1" 200 922 "https://bfcg.com.au/our-business-management/" "Mozilla/5.0 (Linux; Android 6.0.1; Nexus 5X Build/MMB29P) AppleWebKit/537.36 (KHTML, like Gecko) Chrome/146.0.7680.177 Mobile Safari/537.36 (compatible; Googlebot/2.1; +http://www.google.com/bot.html)"
103.4.122.14 - - [05/Apr/2026:06:12:55 +0800] "POST /wp-cron.php?doing_wp_cron=1775340775.4491291046142578125000 HTTP/1.1" 200 20 "-" "WordPress/6.9.4; https://bfcg.com.au"
40.77.167.155 - - [05/Apr/2026:06:12:54 +0800] "GET /docs/employee-resources/admin/timesheet/ HTTP/1.1" 200 9765 "-" "Mozilla/5.0 AppleWebKit/537.36 (KHTML, like Gecko; compatible; bingbot/2.0; +http://www.bing.com/bingbot.htm) Chrome/116.0.1938.76 Safari/537.36"
49.51.183.15 - - [05/Apr/2026:06:13:27 +0800] "GET / HTTP/1.1" 403 199 "-" "Mozilla/5.0 (iPhone; CPU iPhone OS 13_2_3 like Mac OS X) AppleWebKit/605.1.15 (KHTML, like Gecko) Version/13.0.3 Mobile/15E148 Safari/604.1"
103.4.122.14 - - [05/Apr/2026:06:14:00 +0800] "POST /wp-cron.php?doing_wp_cron=1775340840.3690350055694580078125 HTTP/1.1" 200 20 "-" "WordPress/6.9.4; https://bfcg.com.au"
94.23.188.219 - - [05/Apr/2026:06:13:59 +0800] "GET /robots.txt HTTP/1.1" 200 108 "-" "Mozilla/5.0 (compatible; AhrefsBot/7.0; +http://ahrefs.com/robot/)"
142.44.220.195 - - [05/Apr/2026:06:14:02 +0800] "GET /wp-sitemap.xml HTTP/1.1" 200 229 "-" "Mozilla/5.0 (compatible; AhrefsBot/7.0; +http://ahrefs.com/robot/)"
51.161.65.5 - - [05/Apr/2026:06:14:04 +0800] "GET /wp-sitemap-posts-post-1.xml HTTP/1.1" 200 220 "-" "Mozilla/5.0 (compatible; AhrefsBot/7.0; +http://ahrefs.com/robot/)"
54.39.0.47 - - [05/Apr/2026:06:14:07 +0800] "GET /wp-sitemap-posts-page-1.xml HTTP/1.1" 200 441 "-" "Mozilla/5.0 (compatible; AhrefsBot/7.0; +http://ahrefs.com/robot/)"
54.39.6.170 - - [05/Apr/2026:06:14:09 +0800] "GET /wp-sitemap-posts-docs-1.xml HTTP/1.1" 200 520 "-" "Mozilla/5.0 (compatible; AhrefsBot/7.0; +http://ahrefs.com/robot/)"
54.39.210.63 - - [05/Apr/2026:06:14:12 +0800] "GET /wp-sitemap-taxonomies-category-1.xml HTTP/1.1" 200 184 "-" "Mozilla/5.0 (compatible; AhrefsBot/7.0; +http://ahrefs.com/robot/)"
142.44.220.153 - - [05/Apr/2026:06:14:14 +0800] "GET /wp-sitemap-users-1.xml HTTP/1.1" 200 184 "-" "Mozilla/5.0 (compatible; AhrefsBot/7.0; +http://ahrefs.com/robot/)"
103.4.122.14 - - [05/Apr/2026:06:17:25 +0800] "POST /wp-cron.php?doing_wp_cron=1775341045.1613719463348388671875 HTTP/1.1" 200 20 "-" "WordPress/6.9.4; https://bfcg.com.au"
114.119.137.237 - - [05/Apr/2026:06:17:24 +0800] "GET /services/ HTTP/1.1" 200 8661 "https://bfcg.com.au/docs/employee-resources/health-saftey/general" "Mozilla/5.0 (Linux; Android 7.0;) AppleWebKit/537.36 (KHTML, like Gecko) Mobile Safari/537.36 (compatible; PetalBot;+https://webmaster.petalsearch.com/site/petalbot)"
51.77.43.72 - - [05/Apr/2026:06:18:21 +0800] "GET /robots.txt HTTP/1.1" 200 112 "-" "Mozilla/5.0 (compatible; MJ12bot/v1.4.8; http://mj12bot.com/)"
103.4.122.14 - - [05/Apr/2026:06:18:22 +0800] "POST /wp-cron.php?doing_wp_cron=1775341102.3357241153717041015625 HTTP/1.1" 200 20 "-" "WordPress/6.9.4; https://bfcg.com.au"
51.77.43.72 - - [05/Apr/2026:06:18:21 +0800] "GET /robots.txt HTTP/1.1" 200 112 "-" "Mozilla/5.0 (compatible; MJ12bot/v1.4.8; http://mj12bot.com/)"
103.4.122.14 - - [05/Apr/2026:06:18:22 +0800] "POST /wp-cron.php?doing_wp_cron=1775341102.3372669219970703125000 HTTP/1.1" 200 20 "-" "WordPress/6.9.4; https://bfcg.com.au"
51.77.43.72 - - [05/Apr/2026:06:18:21 +0800] "GET /robots.txt HTTP/1.1" 200 112 "-" "Mozilla/5.0 (compatible; MJ12bot/v1.4.8; http://mj12bot.com/)"
51.77.43.72 - - [05/Apr/2026:06:18:22 +0800] "GET /robots.txt HTTP/1.1" 200 112 "-" "Mozilla/5.0 (compatible; MJ12bot/v1.4.8; http://mj12bot.com/)"
51.77.43.72 - - [05/Apr/2026:06:18:23 +0800] "GET /robots.txt HTTP/1.1" 200 112 "-" "Mozilla/5.0 (compatible; MJ12bot/v1.4.8; http://mj12bot.com/)"
51.77.43.72 - - [05/Apr/2026:06:18:24 +0800] "GET /?t= HTTP/1.1" 301 20 "-" "Mozilla/5.0 (compatible; MJ12bot/v1.4.8; http://mj12bot.com/)"
51.77.43.72 - - [05/Apr/2026:06:18:24 +0800] "GET /?t= HTTP/1.1" 301 20 "-" "Mozilla/5.0 (compatible; MJ12bot/v1.4.8; http://mj12bot.com/)"
51.77.43.72 - - [05/Apr/2026:06:18:24 +0800] "GET /?t= HTTP/1.1" 301 20 "-" "Mozilla/5.0 (compatible; MJ12bot/v1.4.8; http://mj12bot.com/)"
51.77.43.72 - - [05/Apr/2026:06:18:24 +0800] "GET /?t= HTTP/1.1" 301 20 "-" "Mozilla/5.0 (compatible; MJ12bot/v1.4.8; http://mj12bot.com/)"
51.77.43.72 - - [05/Apr/2026:06:18:25 +0800] "GET /?t= HTTP/1.1" 301 20 "-" "Mozilla/5.0 (compatible; MJ12bot/v1.4.8; http://mj12bot.com/)"
51.77.43.72 - - [05/Apr/2026:06:18:25 +0800] "GET /robots.txt HTTP/1.1" 200 112 "-" "Mozilla/5.0 (compatible; MJ12bot/v1.4.8; http://mj12bot.com/)"
51.77.43.72 - - [05/Apr/2026:06:18:25 +0800] "GET /robots.txt HTTP/1.1" 200 112 "-" "Mozilla/5.0 (compatible; MJ12bot/v1.4.8; http://mj12bot.com/)"
51.77.43.72 - - [05/Apr/2026:06:18:26 +0800] "GET /robots.txt HTTP/1.1" 200 112 "-" "Mozilla/5.0 (compatible; MJ12bot/v1.4.8; http://mj12bot.com/)"
51.77.43.72 - - [05/Apr/2026:06:18:26 +0800] "GET /robots.txt HTTP/1.1" 200 112 "-" "Mozilla/5.0 (compatible; MJ12bot/v1.4.8; http://mj12bot.com/)"
51.77.43.72 - - [05/Apr/2026:06:18:26 +0800] "GET /robots.txt HTTP/1.1" 200 112 "-" "Mozilla/5.0 (compatible; MJ12bot/v1.4.8; http://mj12bot.com/)"
51.77.43.72 - - [05/Apr/2026:06:18:27 +0800] "GET /robots.txt HTTP/1.1" 200 112 "-" "Mozilla/5.0 (compatible; MJ12bot/v1.4.8; http://mj12bot.com/)"
51.77.43.72 - - [05/Apr/2026:06:18:27 +0800] "GET /?t= HTTP/1.1" 301 20 "-" "Mozilla/5.0 (compatible; MJ12bot/v1.4.8; http://mj12bot.com/)"
51.77.43.72 - - [05/Apr/2026:06:18:28 +0800] "GET /?t HTTP/1.1" 200 12381 "-" "Mozilla/5.0 (compatible; MJ12bot/v1.4.8; http://mj12bot.com/)"
51.77.43.72 - - [05/Apr/2026:06:18:28 +0800] "GET /?t HTTP/1.1" 200 12381 "-" "Mozilla/5.0 (compatible; MJ12bot/v1.4.8; http://mj12bot.com/)"
51.77.43.72 - - [05/Apr/2026:06:18:28 +0800] "GET /?t HTTP/1.1" 200 12381 "-" "Mozilla/5.0 (compatible; MJ12bot/v1.4.8; http://mj12bot.com/)"
51.77.43.72 - - [05/Apr/2026:06:18:28 +0800] "GET /?t HTTP/1.1" 200 12381 "-" "Mozilla/5.0 (compatible; MJ12bot/v1.4.8; http://mj12bot.com/)"
51.77.43.72 - - [05/Apr/2026:06:18:29 +0800] "GET /?t HTTP/1.1" 200 12381 "-" "Mozilla/5.0 (compatible; MJ12bot/v1.4.8; http://mj12bot.com/)"
51.77.43.72 - - [05/Apr/2026:06:18:29 +0800] "GET /robots.txt HTTP/1.1" 200 112 "-" "Mozilla/5.0 (compatible; MJ12bot/v1.4.8; http://mj12bot.com/)"
51.77.43.72 - - [05/Apr/2026:06:18:31 +0800] "GET /?t HTTP/1.1" 200 12381 "-" "Mozilla/5.0 (compatible; MJ12bot/v1.4.8; http://mj12bot.com/)"
103.4.122.14 - - [05/Apr/2026:06:20:08 +0800] "POST /wp-cron.php?doing_wp_cron=1775341207.8651459217071533203125 HTTP/1.1" 200 20 "-" "WordPress/6.9.4; https://bfcg.com.au"
114.119.146.37 - - [05/Apr/2026:06:20:07 +0800] "GET /docs/employee-resources/admin/fire-extinguisher-register HTTP/1.1" 301 20 "https://bfcg.com.au/docs/employee-resources/scheduled-maintenance/250hr-service-mack-truck" "Mozilla/5.0 (Linux; Android 7.0;) AppleWebKit/537.36 (KHTML, like Gecko) Mobile Safari/537.36 (compatible; PetalBot;+https://webmaster.petalsearch.com/site/petalbot)"
114.119.146.37 - - [05/Apr/2026:06:20:17 +0800] "GET /docs/employee-resources/admin/fire-extinguisher-register/ HTTP/1.1" 200 9559 "https://bfcg.com.au/docs/employee-resources/scheduled-maintenance/250hr-service-mack-truck" "Mozilla/5.0 (Linux; Android 7.0;) AppleWebKit/537.36 (KHTML, like Gecko) Mobile Safari/537.36 (compatible; PetalBot;+https://webmaster.petalsearch.com/site/petalbot)"
103.4.122.14 - - [05/Apr/2026:06:33:49 +0800] "POST /wp-cron.php?doing_wp_cron=1775342029.1502549648284912109375 HTTP/1.1" 200 20 "-" "WordPress/6.9.4; https://bfcg.com.au"
197.249.48.16 - - [05/Apr/2026:06:33:48 +0800] "POST /xmlrpc.php HTTP/1.1" 200 403 "-" "Mozilla/5.0 (Windows NT 6.3; x64) AppleWebKit/537.36 (KHTML, like Gecko) Chrome/107.0.0.0 Safari/537.36"
197.249.48.16 - - [05/Apr/2026:06:41:15 +0800] "GET /wp-json/wp/v2/users HTTP/1.1" 403 199 "-" "Mozilla/4.0 (compatible; Win32; WinHttp.WinHttpRequest.5)"
103.4.122.14 - - [05/Apr/2026:06:42:51 +0800] "POST /wp-cron.php?doing_wp_cron=1775342571.1971569061279296875000 HTTP/1.1" 200 20 "-" "WordPress/6.9.4; https://bfcg.com.au"
197.249.48.16 - - [05/Apr/2026:06:42:50 +0800] "POST /xmlrpc.php HTTP/1.1" 200 403 "-" "Mozilla/5.0 (Windows NT 6.3; x64) AppleWebKit/537.36 (KHTML, like Gecko) Edge/92.0.0.0 Safari/537.36"
103.4.122.14 - - [05/Apr/2026:06:44:33 +0800] "POST /wp-cron.php?doing_wp_cron=1775342673.0569269657135009765625 HTTP/1.1" 200 20 "-" "WordPress/6.9.4; https://bfcg.com.au"
197.249.48.16 - - [05/Apr/2026:06:44:32 +0800] "POST /xmlrpc.php HTTP/1.1" 200 403 "-" "Mozilla/5.0 (Windows NT 10.0; x64) AppleWebKit/537.36 (KHTML, like Gecko) Firefox/89.0.0.0 Safari/537.36"
103.4.122.14 - - [05/Apr/2026:06:46:08 +0800] "POST /wp-cron.php?doing_wp_cron=1775342767.9596939086914062500000 HTTP/1.1" 200 20 "-" "WordPress/6.9.4; https://bfcg.com.au"
197.249.48.16 - - [05/Apr/2026:06:46:07 +0800] "POST /xmlrpc.php HTTP/1.1" 200 403 "-" "Mozilla/5.0 (Linux; Android 10; x64) AppleWebKit/537.36 (KHTML, like Gecko) Opera/66.0.0.0 Safari/537.36"
103.4.122.14 - - [05/Apr/2026:06:47:52 +0800] "POST /wp-cron.php?doing_wp_cron=1775342872.4959669113159179687500 HTTP/1.1" 200 20 "-" "WordPress/6.9.4; https://bfcg.com.au"
197.249.48.16 - - [05/Apr/2026:06:47:52 +0800] "POST /xmlrpc.php HTTP/1.1" 200 403 "-" "Mozilla/5.0 (X11; Ubuntu; Linux x86_64; x86) AppleWebKit/537.36 (KHTML, like Gecko) Opera/71.0.0.0 Safari/537.36"
103.4.122.14 - - [05/Apr/2026:06:54:30 +0800] "POST /wp-cron.php?doing_wp_cron=1775343270.2066559791564941406250 HTTP/1.1" 200 20 "-" "WordPress/6.9.4; https://bfcg.com.au"
14.178.249.143 - - [05/Apr/2026:06:54:29 +0800] "GET /docs/employee-resources/admin/non-conformance-report/ HTTP/1.1" 200 9571 "-" "Mozilla/5.0 (Macintosh; Intel Mac OS X 10_15_6) AppleWebKit/537.36 (KHTML, like Gecko) Chrome/87.0.4280.88 Safari/537.36"
104.28.108.1 - - [05/Apr/2026:06:57:54 +0800] "GET /wp-content/cache/autoptimize/css/autoptimize_036a3e3adb14651182f90577734ef4ef.css HTTP/1.1" 200 17882 "https://bfcg.com.au/" "Mozilla/5.0 (iPhone; CPU iPhone OS 18_7 like Mac OS X) AppleWebKit/605.1.15 (KHTML, like Gecko) Version/26.3 Mobile/15E148 Safari/604.1"
103.4.122.14 - - [05/Apr/2026:06:57:54 +0800] "POST /wp-cron.php?doing_wp_cron=1775343474.5601599216461181640625 HTTP/1.1" 200 20 "-" "WordPress/6.9.4; https://bfcg.com.au"
104.28.108.1 - - [05/Apr/2026:06:57:53 +0800] "GET / HTTP/1.1" 200 12381 "-" "Mozilla/5.0 (iPhone; CPU iPhone OS 18_7 like Mac OS X) AppleWebKit/605.1.15 (KHTML, like Gecko) Version/26.3 Mobile/15E148 Safari/604.1"
104.28.108.1 - - [05/Apr/2026:06:57:54 +0800] "GET /wp-content/cache/autoptimize/css/autoptimize_single_fa01caa3511fe59492737e72ecc1ea48.css?ver=1765777674 HTTP/1.1" 200 1814 "https://bfcg.com.au/" "Mozilla/5.0 (iPhone; CPU iPhone OS 18_7 like Mac OS X) AppleWebKit/605.1.15 (KHTML, like Gecko) Version/26.3 Mobile/15E148 Safari/604.1"
104.28.108.1 - - [05/Apr/2026:06:57:54 +0800] "GET /wp-includes/js/dist/hooks.min.js?ver=dd5603f07f9220ed27f1 HTTP/1.1" 200 1941 "https://bfcg.com.au/" "Mozilla/5.0 (iPhone; CPU iPhone OS 18_7 like Mac OS X) AppleWebKit/605.1.15 (KHTML, like Gecko) Version/26.3 Mobile/15E148 Safari/604.1"
104.28.108.1 - - [05/Apr/2026:06:57:54 +0800] "GET /wp-content/plugins/autoptimize/classes/external/js/lazysizes.min.js?ao_version=3.1.15 HTTP/1.1" 200 4122 "https://bfcg.com.au/" "Mozilla/5.0 (iPhone; CPU iPhone OS 18_7 like Mac OS X) AppleWebKit/605.1.15 (KHTML, like Gecko) Version/26.3 Mobile/15E148 Safari/604.1"
104.28.108.1 - - [05/Apr/2026:06:57:54 +0800] "GET /wp-includes/js/jquery/jquery.min.js?ver=3.7.1 HTTP/1.1" 200 30368 "https://bfcg.com.au/" "Mozilla/5.0 (iPhone; CPU iPhone OS 18_7 like Mac OS X) AppleWebKit/605.1.15 (KHTML, like Gecko) Version/26.3 Mobile/15E148 Safari/604.1"
104.28.108.1 - - [05/Apr/2026:06:57:54 +0800] "GET /wp-content/uploads/2020/10/LT160.jpg HTTP/1.1" 200 112143 "https://bfcg.com.au/" "Mozilla/5.0 (iPhone; CPU iPhone OS 18_7 like Mac OS X) AppleWebKit/605.1.15 (KHTML, like Gecko) Version/26.3 Mobile/15E148 Safari/604.1"
103.4.122.14 - - [05/Apr/2026:07:02:44 +0800] "POST /wp-cron.php?doing_wp_cron=1775343764.5670680999755859375000 HTTP/1.1" 200 20 "-" "WordPress/6.9.4; https://bfcg.com.au"
186.64.216.179 - - [05/Apr/2026:07:02:43 +0800] "GET /?utm_campaign=website%3Ft%3D&utm_medium=referral&utm_source=dlook HTTP/1.1" 200 12381 "-" "Mozilla/5.0 (Macintosh; Intel Mac OS X 10_10_5) AppleWebKit/537.36 (KHTML, like Gecko) Chrome/87.0.4280.88 Safari/537.36"
43.166.131.228 - - [05/Apr/2026:07:06:21 +0800] "GET / HTTP/1.1" 403 199 "-" "Mozilla/5.0 (iPhone; CPU iPhone OS 13_2_3 like Mac OS X) AppleWebKit/605.1.15 (KHTML, like Gecko) Version/13.0.3 Mobile/15E148 Safari/604.1"
103.4.122.14 - - [05/Apr/2026:07:39:00 +0800] "POST /wp-cron.php?doing_wp_cron=1775345940.3879950046539306640625 HTTP/1.1" 200 20 "-" "WordPress/6.9.4; https://bfcg.com.au"
14.185.13.157 - - [05/Apr/2026:07:38:59 +0800] "GET /docs/employee-resources/scheduled-maintenance/light-vehicle-service/ HTTP/1.1" 200 9575 "-" "Mozilla/5.0 (Macintosh; Intel Mac OS X 11_0_1) AppleWebKit/537.36 (KHTML, like Gecko) Brave Chrome/88.0.4324.192 Safari/537.36"
103.4.122.14 - - [05/Apr/2026:07:53:53 +0800] "POST /wp-cron.php?doing_wp_cron=1775346833.4129860401153564453125 HTTP/1.1" 200 20 "-" "WordPress/6.9.4; https://bfcg.com.au"
113.167.200.37 - - [05/Apr/2026:07:53:52 +0800] "GET /docs/employee-resources/health-saftey/maintenance/ HTTP/1.1" 200 9539 "-" "Mozilla/5.0 (Windows NT 10.0; WOW64) AppleWebKit/537.36 (KHTML, like Gecko) Chrome/89.0.4389.90 Safari/537.36"
74.7.228.60 - - [05/Apr/2026:08:00:33 +0800] "GET /robots.txt HTTP/1.1" 200 108 "-" "Mozilla/5.0 (Macintosh; Intel Mac OS X 10_15_7) AppleWebKit/537.36 (KHTML, like Gecko) Chrome/131.0.0.0 Safari/537.36; compatible; OAI-SearchBot/1.3; robots.txt; +https://openai.com/searchbot"
103.4.122.14 - - [05/Apr/2026:08:00:33 +0800] "POST /wp-cron.php?doing_wp_cron=1775347233.5350561141967773437500 HTTP/1.1" 200 20 "-" "WordPress/6.9.4; https://bfcg.com.au"
74.7.227.160 - - [05/Apr/2026:08:00:33 +0800] "GET /wp-sitemap.xml HTTP/1.1" 200 229 "-" "Mozilla/5.0 AppleWebKit/537.36 (KHTML, like Gecko; compatible; GPTBot/1.3; +https://openai.com/gptbot)"
103.4.122.14 - - [05/Apr/2026:08:18:47 +0800] "POST /wp-cron.php?doing_wp_cron=1775348327.4571619033813476562500 HTTP/1.1" 200 20 "-" "WordPress/6.9.4; https://bfcg.com.au"
40.77.167.121 - - [05/Apr/2026:08:18:46 +0800] "GET /docs/employee-resources/ HTTP/1.1" 200 9520 "-" "Mozilla/5.0 AppleWebKit/537.36 (KHTML, like Gecko; compatible; bingbot/2.0; +http://www.bing.com/bingbot.htm) Chrome/116.0.1938.76 Safari/537.36"
103.4.122.14 - - [05/Apr/2026:08:25:50 +0800] "POST /wp-cron.php?doing_wp_cron=1775348750.1057438850402832031250 HTTP/1.1" 200 20 "-" "WordPress/6.9.4; https://bfcg.com.au"
14.183.62.12 - - [05/Apr/2026:08:25:49 +0800] "GET /about/ HTTP/1.1" 200 9181 "-" "Mozilla/5.0 (Windows NT 6.1; WOW64) AppleWebKit/537.36 (KHTML, like Gecko) Chrome/104.0.0.0 Safari/537.36"
216.73.216.14 - - [05/Apr/2026:08:26:09 +0800] "GET /robots.txt HTTP/1.1" 200 108 "-" "Mozilla/5.0 AppleWebKit/537.36 (KHTML, like Gecko; compatible; ClaudeBot/1.0; +claudebot@anthropic.com)"
216.73.216.14 - - [05/Apr/2026:08:26:09 +0800] "GET /wp-sitemap.xml HTTP/1.1" 200 229 "-" "Mozilla/5.0 AppleWebKit/537.36 (KHTML, like Gecko; compatible; ClaudeBot/1.0; +claudebot@anthropic.com)"
103.4.122.14 - - [05/Apr/2026:08:59:45 +0800] "POST /wp-cron.php?doing_wp_cron=1775350785.2655880451202392578125 HTTP/1.1" 200 20 "-" "WordPress/6.9.4; https://bfcg.com.au"
51.222.168.234 - - [05/Apr/2026:08:59:44 +0800] "GET /wp-sitemap.xml HTTP/1.1" 200 229 "-" "Mozilla/5.0 (compatible; AhrefsBot/7.0; +http://ahrefs.com/robot/)"
51.161.65.139 - - [05/Apr/2026:08:59:47 +0800] "GET /wp-sitemap-posts-post-1.xml HTTP/1.1" 200 220 "-" "Mozilla/5.0 (compatible; AhrefsBot/7.0; +http://ahrefs.com/robot/)"
54.39.0.79 - - [05/Apr/2026:08:59:49 +0800] "GET /wp-sitemap-posts-page-1.xml HTTP/1.1" 200 441 "-" "Mozilla/5.0 (compatible; AhrefsBot/7.0; +http://ahrefs.com/robot/)"
142.44.233.201 - - [05/Apr/2026:08:59:52 +0800] "GET /wp-sitemap-posts-docs-1.xml HTTP/1.1" 200 520 "-" "Mozilla/5.0 (compatible; AhrefsBot/7.0; +http://ahrefs.com/robot/)"
142.44.228.119 - - [05/Apr/2026:08:59:54 +0800] "GET /wp-sitemap-taxonomies-category-1.xml HTTP/1.1" 200 184 "-" "Mozilla/5.0 (compatible; AhrefsBot/7.0; +http://ahrefs.com/robot/)"
15.235.27.29 - - [05/Apr/2026:08:59:56 +0800] "GET /wp-sitemap-users-1.xml HTTP/1.1" 200 184 "-" "Mozilla/5.0 (compatible; AhrefsBot/7.0; +http://ahrefs.com/robot/)"
103.4.122.14 - - [05/Apr/2026:09:01:42 +0800] "POST /wp-cron.php?doing_wp_cron=1775350902.6064510345458984375000 HTTP/1.1" 200 20 "-" "WordPress/6.9.4; https://bfcg.com.au"
190.6.43.96 - - [05/Apr/2026:09:01:42 +0800] "GET /docs/employee-resources/health-saftey/general/ HTTP/1.1" 200 9548 "-" "Mozilla/5.0 (Macintosh; Intel Mac OS X 10_15_7) AppleWebKit/537.36 (KHTML, like Gecko) Chrome/86.0.4240.198 Safari/537.36"
103.4.122.14 - - [05/Apr/2026:09:07:49 +0800] "POST /wp-cron.php?doing_wp_cron=1775351269.1030869483947753906250 HTTP/1.1" 200 20 "-" "WordPress/6.9.4; https://bfcg.com.au"
202.183.141.189 - - [05/Apr/2026:09:07:47 +0800] "GET /wp-login.php HTTP/1.1" 200 2957 "-" "Mozilla/5.0 (Windows NT 6.3; Win64; x64) AppleWebKit/537.36 (KHTML, like Gecko) Chrome/67.0.3396.62 Safari/537.36"
74.234.80.3 - - [05/Apr/2026:09:08:13 +0800] "GET /wp-content/plugins/hellopress/wp_filemanager.php HTTP/1.1" 404 23056 "-" "-"
74.234.80.3 - - [05/Apr/2026:09:08:14 +0800] "GET /xwx1.php HTTP/1.1" 404 23056 "-" "-"
74.234.80.3 - - [05/Apr/2026:09:08:14 +0800] "GET /dass.php HTTP/1.1" 404 23056 "-" "-"
74.234.80.3 - - [05/Apr/2026:09:08:15 +0800] "GET /taff.php HTTP/1.1" 404 23056 "-" "-"
74.234.80.3 - - [05/Apr/2026:09:08:16 +0800] "GET /maxro.php HTTP/1.1" 404 23056 "-" "-"
74.234.80.3 - - [05/Apr/2026:09:08:17 +0800] "GET /tymi.php HTTP/1.1" 404 23056 "-" "-"
74.234.80.3 - - [05/Apr/2026:09:08:18 +0800] "GET /wp-class.php HTTP/1.1" 404 23056 "-" "-"
74.234.80.3 - - [05/Apr/2026:09:08:19 +0800] "GET /7logs.php HTTP/1.1" 404 23056 "-" "-"
74.234.80.3 - - [05/Apr/2026:09:08:20 +0800] "GET /xxc.php HTTP/1.1" 404 23056 "-" "-"
74.234.80.3 - - [05/Apr/2026:09:08:21 +0800] "GET /Jcrop.php HTTP/1.1" 404 23056 "-" "-"
74.234.80.3 - - [05/Apr/2026:09:08:21 +0800] "GET /rh.php HTTP/1.1" 404 23056 "-" "-"
74.234.80.3 - - [05/Apr/2026:09:08:22 +0800] "GET /55l453.php HTTP/1.1" 403 199 "-" "-"
74.234.80.3 - - [05/Apr/2026:09:08:26 +0800] "GET /55l453.php HTTP/1.1" 403 199 "-" "-"
74.234.80.3 - - [05/Apr/2026:09:08:41 +0800] "GET /xx.php HTTP/1.1" 403 199 "-" "-"
74.234.80.3 - - [05/Apr/2026:09:08:46 +0800] "GET /xx.php HTTP/1.1" 403 199 "-" "-"
74.234.80.3 - - [05/Apr/2026:09:08:55 +0800] "GET /xx.php HTTP/1.1" 403 199 "-" "-"
74.234.80.3 - - [05/Apr/2026:09:09:00 +0800] "GET /bkyac.php HTTP/1.1" 403 199 "-" "-"
74.234.80.3 - - [05/Apr/2026:09:09:20 +0800] "GET /cilus.php HTTP/1.1" 403 199 "-" "-"
103.4.122.14 - - [05/Apr/2026:09:09:35 +0800] "POST /wp-cron.php?doing_wp_cron=1775351375.0099689960479736328125 HTTP/1.1" 200 20 "-" "WordPress/6.9.4; https://bfcg.com.au"
74.234.80.3 - - [05/Apr/2026:09:09:34 +0800] "GET /cilus.php HTTP/1.1" 404 23056 "-" "-"
103.4.122.14 - - [05/Apr/2026:09:09:38 +0800] "POST /wp-cron.php?doing_wp_cron=1775351378.2039330005645751953125 HTTP/1.1" 200 20 "-" "WordPress/6.9.4; https://bfcg.com.au"
74.234.80.3 - - [05/Apr/2026:09:09:37 +0800] "GET /error_log.php HTTP/1.1" 404 23056 "-" "-"
74.234.80.3 - - [05/Apr/2026:09:09:38 +0800] "GET /HLA-dd.php HTTP/1.1" 404 23056 "-" "-"
74.234.80.3 - - [05/Apr/2026:09:09:39 +0800] "GET /wsc.php HTTP/1.1" 404 23056 "-" "-"
74.234.80.3 - - [05/Apr/2026:09:09:40 +0800] "GET /wp-lvminl.php HTTP/1.1" 404 23056 "-" "-"
74.234.80.3 - - [05/Apr/2026:09:09:40 +0800] "GET /ww.php HTTP/1.1" 404 23056 "-" "-"
74.234.80.3 - - [05/Apr/2026:09:09:41 +0800] "GET /dczem.php HTTP/1.1" 404 23056 "-" "-"
74.234.80.3 - - [05/Apr/2026:09:09:42 +0800] "GET /albrt.php HTTP/1.1" 404 23056 "-" "-"
103.4.122.14 - - [05/Apr/2026:09:16:51 +0800] "POST /wp-cron.php?doing_wp_cron=1775351811.5044960975646972656250 HTTP/1.1" 200 20 "-" "WordPress/6.9.4; https://bfcg.com.au"
13.223.141.79 - - [05/Apr/2026:09:16:51 +0800] "GET /robots.txt HTTP/1.1" 200 108 "-" "Mozilla/5.0 (Macintosh; Intel Mac OS X 10_10_1) AppleWebKit/600.2.5 (KHTML, like Gecko) Version/8.0.2 Safari/600.2.5 (Gort)"
103.4.122.14 - - [05/Apr/2026:09:27:56 +0800] "POST /wp-cron.php?doing_wp_cron=1775352476.4750859737396240234375 HTTP/1.1" 200 20 "-" "WordPress/6.9.4; https://bfcg.com.au"
23.27.244.58 - - [05/Apr/2026:09:27:55 +0800] "GET / HTTP/1.1" 200 12381 "-" "Mozilla/5.0 (Windows NT 10.0; Win64; x64) AppleWebKit/537.36"
103.4.122.14 - - [05/Apr/2026:09:29:37 +0800] "POST /wp-cron.php?doing_wp_cron=1775352577.7412550449371337890625 HTTP/1.1" 200 20 "-" "WordPress/6.9.4; https://bfcg.com.au"
68.221.137.197 - - [05/Apr/2026:09:29:37 +0800] "GET /wp-content/plugins/hellopress/wp_filemanager.php HTTP/1.1" 404 23056 "-" "-"
68.221.137.197 - - [05/Apr/2026:09:29:38 +0800] "GET /xwx1.php HTTP/1.1" 404 23056 "-" "-"
68.221.137.197 - - [05/Apr/2026:09:29:38 +0800] "GET /dass.php HTTP/1.1" 404 23056 "-" "-"
68.221.137.197 - - [05/Apr/2026:09:29:39 +0800] "GET /taff.php HTTP/1.1" 404 23056 "-" "-"
68.221.137.197 - - [05/Apr/2026:09:29:40 +0800] "GET /maxro.php HTTP/1.1" 404 23056 "-" "-"
68.221.137.197 - - [05/Apr/2026:09:29:41 +0800] "GET /tymi.php HTTP/1.1" 404 23056 "-" "-"
68.221.137.197 - - [05/Apr/2026:09:29:41 +0800] "GET /wp-class.php HTTP/1.1" 404 23056 "-" "-"
68.221.137.197 - - [05/Apr/2026:09:29:42 +0800] "GET /7logs.php HTTP/1.1" 404 23056 "-" "-"
68.221.137.197 - - [05/Apr/2026:09:29:43 +0800] "GET /xxc.php HTTP/1.1" 404 23056 "-" "-"
68.221.137.197 - - [05/Apr/2026:09:29:43 +0800] "GET /Jcrop.php HTTP/1.1" 404 23056 "-" "-"
68.221.137.197 - - [05/Apr/2026:09:29:44 +0800] "GET /rh.php HTTP/1.1" 404 23056 "-" "-"
68.221.137.197 - - [05/Apr/2026:09:29:45 +0800] "GET /55l453.php HTTP/1.1" 403 199 "-" "-"
68.221.137.197 - - [05/Apr/2026:09:29:49 +0800] "GET /55l453.php HTTP/1.1" 403 199 "-" "-"
68.221.137.197 - - [05/Apr/2026:09:29:53 +0800] "GET /55l453.php HTTP/1.1" 403 199 "-" "-"
68.221.137.197 - - [05/Apr/2026:09:29:55 +0800] "GET /55l453.php HTTP/1.1" 403 199 "-" "-"
68.221.137.197 - - [05/Apr/2026:09:30:02 +0800] "GET /xx.php HTTP/1.1" 403 199 "-" "-"
103.4.122.14 - - [05/Apr/2026:09:31:14 +0800] "POST /wp-cron.php?doing_wp_cron=1775352674.8919589519500732421875 HTTP/1.1" 200 20 "-" "WordPress/6.9.4; https://bfcg.com.au"
68.221.137.197 - - [05/Apr/2026:09:31:14 +0800] "GET /cilus.php HTTP/1.1" 404 23056 "-" "-"
68.221.137.197 - - [05/Apr/2026:09:31:15 +0800] "GET /error_log.php HTTP/1.1" 404 23056 "-" "-"
68.221.137.197 - - [05/Apr/2026:09:31:16 +0800] "GET /HLA-dd.php HTTP/1.1" 404 23056 "-" "-"
68.221.137.197 - - [05/Apr/2026:09:31:16 +0800] "GET /wsc.php HTTP/1.1" 404 23056 "-" "-"
68.221.137.197 - - [05/Apr/2026:09:31:17 +0800] "GET /wp-lvminl.php HTTP/1.1" 404 23056 "-" "-"
68.221.137.197 - - [05/Apr/2026:09:31:18 +0800] "GET /ww.php HTTP/1.1" 404 23056 "-" "-"
68.221.137.197 - - [05/Apr/2026:09:31:18 +0800] "GET /dczem.php HTTP/1.1" 404 23056 "-" "-"
68.221.137.197 - - [05/Apr/2026:09:31:19 +0800] "GET /albrt.php HTTP/1.1" 404 23056 "-" "-"
103.4.122.14 - - [05/Apr/2026:09:39:11 +0800] "POST /wp-cron.php?doing_wp_cron=1775353151.5653669834136962890625 HTTP/1.1" 200 20 "-" "WordPress/6.9.4; https://bfcg.com.au"
201.208.180.135 - - [05/Apr/2026:09:39:10 +0800] "GET /2020/10/05/welcome/ HTTP/1.1" 200 7295 "-" "Mozilla/5.0 (Windows NT 6.3; WOW64) AppleWebKit/537.36 (KHTML, like Gecko) Chrome/75.0.3770.100 ADG/11.0.2566 AOLBUILD/11.0.2566 Safari/537.36"
103.4.122.14 - - [05/Apr/2026:09:46:17 +0800] "POST /wp-cron.php?doing_wp_cron=1775353576.8233699798583984375000 HTTP/1.1" 200 20 "-" "WordPress/6.9.4; https://bfcg.com.au"
123.27.21.237 - - [05/Apr/2026:09:46:16 +0800] "GET /docs/employee-resources/scheduled-maintenance/250hr-service-mack-truck/ HTTP/1.1" 200 9578 "-" "Mozilla/5.0 (Windows NT 6.1; Win64; x64) AppleWebKit/537.36 (KHTML, like Gecko) Chrome/96.0.4664.110 Safari/537.36"
103.4.122.14 - - [05/Apr/2026:10:05:44 +0800] "POST /wp-cron.php?doing_wp_cron=1775354744.7692170143127441406250 HTTP/1.1" 200 20 "-" "WordPress/6.9.4; https://bfcg.com.au"
113.180.28.221 - - [05/Apr/2026:10:05:44 +0800] "GET /contact/ HTTP/1.1" 200 7969 "-" "Mozilla/5.0 (Macintosh; Intel Mac OS X 10_13_5) AppleWebKit/537.36 (KHTML, like Gecko) Chrome/67.0.3396.87 Safari/537.36"
182.42.104.32 - - [05/Apr/2026:10:22:24 +0800] "GET / HTTP/1.1" 403 199 "-" "Mozilla/5.0 (iPhone; CPU iPhone OS 13_2_3 like Mac OS X) AppleWebKit/605.1.15 (KHTML, like Gecko) Version/13.0.3 Mobile/15E148 Safari/604.1"
103.4.122.14 - - [05/Apr/2026:10:26:37 +0800] "POST /wp-cron.php?doing_wp_cron=1775355997.7617158889770507812500 HTTP/1.1" 200 20 "-" "WordPress/6.9.4; https://bfcg.com.au"
14.166.201.177 - - [05/Apr/2026:10:26:37 +0800] "GET /docs/employee-resources/admin/timesheet/ HTTP/1.1" 200 9765 "-" "Mozilla/5.0 (Windows NT 6.1) AppleWebKit/537.36 (KHTML, like Gecko) Chrome/85.0.4183.83 Safari/537.36"
103.4.122.14 - - [05/Apr/2026:10:28:15 +0800] "POST /wp-cron.php?doing_wp_cron=1775356095.4945490360260009765625 HTTP/1.1" 200 20 "-" "WordPress/6.9.4; https://bfcg.com.au"
139.5.75.38 - - [05/Apr/2026:10:28:15 +0800] "POST /xmlrpc.php HTTP/1.1" 200 403 "-" "Mozilla/5.0 (Macintosh; Intel Mac OS X 10_15_7; x86) AppleWebKit/537.36 (KHTML, like Gecko) Opera/65.0.0.0 Safari/537.36"
139.5.75.38 - - [05/Apr/2026:10:31:40 +0800] "GET /wp-json/wp/v2/users HTTP/1.1" 403 199 "-" "Mozilla/4.0 (compatible; Win32; WinHttp.WinHttpRequest.5)"
103.4.122.14 - - [05/Apr/2026:10:33:07 +0800] "POST /wp-cron.php?doing_wp_cron=1775356387.6864368915557861328125 HTTP/1.1" 200 20 "-" "WordPress/6.9.4; https://bfcg.com.au"
139.5.75.38 - - [05/Apr/2026:10:33:07 +0800] "POST /xmlrpc.php HTTP/1.1" 200 403 "-" "Mozilla/5.0 (Windows NT 6.3; x64) AppleWebKit/537.36 (KHTML, like Gecko) Opera/79.0.0.0 Safari/537.36"
103.4.122.13 - - [05/Apr/2026:10:33:34 +0800] "GET / HTTP/1.1" 200 47616 "https://wpmain.screwlooseit.com.au" "Mozilla/5.0 (compatible; MainWP/6.0.7; +http://mainwp.com)"
103.4.122.14 - - [05/Apr/2026:10:34:47 +0800] "POST /wp-cron.php?doing_wp_cron=1775356487.0864250659942626953125 HTTP/1.1" 200 20 "-" "WordPress/6.9.4; https://bfcg.com.au"
139.5.75.38 - - [05/Apr/2026:10:34:46 +0800] "POST /xmlrpc.php HTTP/1.1" 200 403 "-" "Mozilla/5.0 (Macintosh; Intel Mac OS X 10_15_7; arm64) AppleWebKit/537.36 (KHTML, like Gecko) Chrome/103.0.0.0 Safari/537.36"
103.109.239.210 - - [05/Apr/2026:10:35:01 +0800] "GET /docs/employee-resources/admin/ HTTP/1.1" 200 9589 "-" "Mozilla/5.0 (Windows NT 10.0; WOW64) AppleWebKit/537.36 (KHTML, like Gecko) Chrome/68.0.3440.75 Safari/537.36"
103.4.122.13 - - [05/Apr/2026:10:35:23 +0800] "GET /wp-cron.php HTTP/1.1" 200 20 "-" "WordPress/6.9.4; https://wpmain.screwlooseit.com.au"
103.4.122.14 - - [05/Apr/2026:10:36:38 +0800] "POST /wp-cron.php?doing_wp_cron=1775356598.5248889923095703125000 HTTP/1.1" 200 20 "-" "WordPress/6.9.4; https://bfcg.com.au"
139.5.75.38 - - [05/Apr/2026:10:36:37 +0800] "POST /xmlrpc.php HTTP/1.1" 200 403 "-" "Mozilla/5.0 (Windows NT 6.3; x86) AppleWebKit/537.36 (KHTML, like Gecko) Opera/78.0.0.0 Safari/537.36"
103.4.122.14 - - [05/Apr/2026:10:38:08 +0800] "POST /wp-cron.php?doing_wp_cron=1775356687.8784110546112060546875 HTTP/1.1" 200 20 "-" "WordPress/6.9.4; https://bfcg.com.au"
139.5.75.38 - - [05/Apr/2026:10:38:07 +0800] "POST /xmlrpc.php HTTP/1.1" 200 403 "-" "Mozilla/5.0 (Macintosh; Intel Mac OS X 10_15_7; x64) AppleWebKit/537.36 (KHTML, like Gecko) Edge/100.0.0.0 Safari/537.36"
103.4.122.14 - - [05/Apr/2026:10:41:59 +0800] "POST /wp-cron.php?doing_wp_cron=1775356919.6636691093444824218750 HTTP/1.1" 200 20 "-" "WordPress/6.9.4; https://bfcg.com.au"
14.244.21.55 - - [05/Apr/2026:10:41:59 +0800] "GET /privacy-policy/ HTTP/1.1" 200 7098 "-" "Mozilla/5.0 (Macintosh; Intel Mac OS X 10_15_7) AppleWebKit/537.36 (KHTML, like Gecko) Brave Chrome/85.0.4183.102 Safari/537.36"
103.4.122.14 - - [05/Apr/2026:10:58:50 +0800] "POST /wp-cron.php?doing_wp_cron=1775357930.0888800621032714843750 HTTP/1.1" 200 20 "-" "WordPress/6.9.4; https://bfcg.com.au"
216.73.216.14 - - [05/Apr/2026:10:58:49 +0800] "GET /robots.txt HTTP/1.1" 200 108 "-" "Mozilla/5.0 AppleWebKit/537.36 (KHTML, like Gecko; compatible; ClaudeBot/1.0; +claudebot@anthropic.com)"
216.73.216.14 - - [05/Apr/2026:10:58:50 +0800] "GET /wp-sitemap.xml HTTP/1.1" 200 229 "-" "Mozilla/5.0 AppleWebKit/537.36 (KHTML, like Gecko; compatible; ClaudeBot/1.0; +claudebot@anthropic.com)"
103.4.122.14 - - [05/Apr/2026:11:08:15 +0800] "POST /wp-cron.php?doing_wp_cron=1775358495.6737129688262939453125 HTTP/1.1" 200 20 "-" "WordPress/6.9.4; https://bfcg.com.au"
18.214.138.148 - - [05/Apr/2026:11:08:15 +0800] "GET /docs/employee-resources/scheduled-maintenance/ HTTP/1.1" 200 9621 "-" "Mozilla/5.0 AppleWebKit/537.36 (KHTML, like Gecko; compatible; Amazonbot/0.1; +https://developer.amazon.com/support/amazonbot) Chrome/119.0.6045.214 Safari/537.36"
44.209.187.99 - - [05/Apr/2026:11:08:18 +0800] "GET /about/ HTTP/1.1" 200 9181 "-" "Mozilla/5.0 AppleWebKit/537.36 (KHTML, like Gecko; compatible; Amazonbot/0.1; +https://developer.amazon.com/support/amazonbot) Chrome/119.0.6045.214 Safari/537.36"
103.4.122.14 - - [05/Apr/2026:11:13:43 +0800] "POST /wp-cron.php?doing_wp_cron=1775358823.4720530509948730468750 HTTP/1.1" 200 20 "-" "WordPress/6.9.4; https://bfcg.com.au"
103.131.71.50 - - [05/Apr/2026:11:13:43 +0800] "GET /robots.txt HTTP/1.1" 200 108 "-" "Mozilla/5.0 (compatible; coccocbot-image/1.0; +http://help.coccoc.com/searchengine)"
103.131.71.33 - - [05/Apr/2026:11:13:48 +0800] "GET /wp-content/uploads/2020/08/logo-300x263.png HTTP/1.1" 304 - "-" "Mozilla/5.0 (compatible; coccocbot-image/1.0; +http://help.coccoc.com/searchengine)"
103.4.122.14 - - [05/Apr/2026:11:21:34 +0800] "POST /wp-cron.php?doing_wp_cron=1775359293.8523969650268554687500 HTTP/1.1" 200 20 "-" "WordPress/6.9.4; https://bfcg.com.au"
14.224.37.75 - - [05/Apr/2026:11:21:33 +0800] "GET /docs/ HTTP/1.1" 200 7677 "-" "Mozilla/5.0 (Windows NT 6.1; WOW64) AppleWebKit/537.36 (KHTML, like Gecko) Chrome/67.0.3396.62 Safari/537.36"
103.4.122.14 - - [05/Apr/2026:11:31:30 +0800] "POST /wp-cron.php?doing_wp_cron=1775359890.2495610713958740234375 HTTP/1.1" 200 20 "-" "WordPress/6.9.4; https://bfcg.com.au"
13.78.10.220 - - [05/Apr/2026:11:31:29 +0800] "GET /admin.php HTTP/1.1" 404 6156 "-" "Mozilla/5.0 (Windows NT 10.0; Win64; x64) AppleWebKit/537.36 (KHTML, like Gecko) Chrome/120.0.0.0 Safari/537.36"
13.78.10.220 - - [05/Apr/2026:11:31:30 +0800] "GET /about.php HTTP/1.1" 404 6156 "-" "Mozilla/5.0 (Windows NT 10.0; Win64; x64) AppleWebKit/537.36 (KHTML, like Gecko) Chrome/120.0.0.0 Safari/537.36"
13.78.10.220 - - [05/Apr/2026:11:31:31 +0800] "GET /cgi-bin/ HTTP/1.1" 404 196 "-" "Mozilla/5.0 (Windows NT 10.0; Win64; x64) AppleWebKit/537.36 (KHTML, like Gecko) Chrome/120.0.0.0 Safari/537.36"
13.78.10.220 - - [05/Apr/2026:11:31:31 +0800] "GET /wp-content/themes/ HTTP/1.1" 200 20 "-" "Mozilla/5.0 (Windows NT 10.0; Win64; x64) AppleWebKit/537.36 (KHTML, like Gecko) Chrome/120.0.0.0 Safari/537.36"
13.78.10.220 - - [05/Apr/2026:11:31:31 +0800] "GET /adminfuns.php HTTP/1.1" 404 6156 "-" "Mozilla/5.0 (Windows NT 10.0; Win64; x64) AppleWebKit/537.36 (KHTML, like Gecko) Chrome/120.0.0.0 Safari/537.36"
13.78.10.220 - - [05/Apr/2026:11:31:31 +0800] "GET /edit.php HTTP/1.1" 404 6156 "-" "Mozilla/5.0 (Windows NT 10.0; Win64; x64) AppleWebKit/537.36 (KHTML, like Gecko) Chrome/120.0.0.0 Safari/537.36"
13.78.10.220 - - [05/Apr/2026:11:31:32 +0800] "GET /.well-known/logs233/index.php HTTP/1.1" 301 20 "-" "Mozilla/5.0 (Windows NT 10.0; Win64; x64) AppleWebKit/537.36 (KHTML, like Gecko) Chrome/120.0.0.0 Safari/537.36"
13.78.10.220 - - [05/Apr/2026:11:31:32 +0800] "GET /wp-admin/maint/ HTTP/1.1" 403 199 "-" "Mozilla/5.0 (Windows NT 10.0; Win64; x64) AppleWebKit/537.36 (KHTML, like Gecko) Chrome/120.0.0.0 Safari/537.36"
13.78.10.220 - - [05/Apr/2026:11:31:33 +0800] "GET /wp-admin/ HTTP/1.1" 302 20 "-" "Mozilla/5.0 (Windows NT 10.0; Win64; x64) AppleWebKit/537.36 (KHTML, like Gecko) Chrome/120.0.0.0 Safari/537.36"
13.78.10.220 - - [05/Apr/2026:11:31:33 +0800] "GET /lite.php HTTP/1.1" 404 6156 "-" "Mozilla/5.0 (Windows NT 10.0; Win64; x64) AppleWebKit/537.36 (KHTML, like Gecko) Chrome/120.0.0.0 Safari/537.36"
13.78.10.220 - - [05/Apr/2026:11:31:34 +0800] "GET /wp-admin/js/ HTTP/1.1" 403 199 "-" "Mozilla/5.0 (Windows NT 10.0; Win64; x64) AppleWebKit/537.36 (KHTML, like Gecko) Chrome/120.0.0.0 Safari/537.36"
13.78.10.220 - - [05/Apr/2026:11:31:34 +0800] "GET /wp-includes/ HTTP/1.1" 403 199 "-" "Mozilla/5.0 (Windows NT 10.0; Win64; x64) AppleWebKit/537.36 (KHTML, like Gecko) Chrome/120.0.0.0 Safari/537.36"
13.78.10.220 - - [05/Apr/2026:11:31:34 +0800] "GET /wp-content/uploads/ HTTP/1.1" 403 33 "-" "Mozilla/5.0 (Windows NT 10.0; Win64; x64) AppleWebKit/537.36 (KHTML, like Gecko) Chrome/120.0.0.0 Safari/537.36"
13.78.10.220 - - [05/Apr/2026:11:31:34 +0800] "GET /wp-admin/js/widgets/ HTTP/1.1" 403 199 "-" "Mozilla/5.0 (Windows NT 10.0; Win64; x64) AppleWebKit/537.36 (KHTML, like Gecko) Chrome/120.0.0.0 Safari/537.36"
13.78.10.220 - - [05/Apr/2026:11:31:34 +0800] "GET /wp-content/themes/admin.php HTTP/1.1" 404 6156 "-" "Mozilla/5.0 (Windows NT 10.0; Win64; x64) AppleWebKit/537.36 (KHTML, like Gecko) Chrome/120.0.0.0 Safari/537.36"
13.78.10.220 - - [05/Apr/2026:11:31:35 +0800] "GET /wk/index.php HTTP/1.1" 301 20 "-" "Mozilla/5.0 (Windows NT 10.0; Win64; x64) AppleWebKit/537.36 (KHTML, like Gecko) Chrome/120.0.0.0 Safari/537.36"
13.78.10.220 - - [05/Apr/2026:11:31:35 +0800] "GET /wp-content/plugins/plugin/index.php HTTP/1.1" 301 20 "-" "Mozilla/5.0 (Windows NT 10.0; Win64; x64) AppleWebKit/537.36 (KHTML, like Gecko) Chrome/120.0.0.0 Safari/537.36"
13.78.10.220 - - [05/Apr/2026:11:31:36 +0800] "GET /wp-content/themes/index.php HTTP/1.1" 200 20 "-" "Mozilla/5.0 (Windows NT 10.0; Win64; x64) AppleWebKit/537.36 (KHTML, like Gecko) Chrome/120.0.0.0 Safari/537.36"
13.78.10.220 - - [05/Apr/2026:11:31:36 +0800] "GET /wp-content/themes/theme/about.php HTTP/1.1" 404 6156 "-" "Mozilla/5.0 (Windows NT 10.0; Win64; x64) AppleWebKit/537.36 (KHTML, like Gecko) Chrome/120.0.0.0 Safari/537.36"
103.4.122.14 - - [05/Apr/2026:11:31:37 +0800] "POST /wp-cron.php?doing_wp_cron=1775359897.4946129322052001953125 HTTP/1.1" 200 20 "-" "WordPress/6.9.4; https://bfcg.com.au"
13.78.10.220 - - [05/Apr/2026:11:31:37 +0800] "GET /file.php HTTP/1.1" 404 6156 "-" "Mozilla/5.0 (Windows NT 10.0; Win64; x64) AppleWebKit/537.36 (KHTML, like Gecko) Chrome/120.0.0.0 Safari/537.36"
13.78.10.220 - - [05/Apr/2026:11:31:37 +0800] "GET /inputs.php HTTP/1.1" 404 6156 "-" "Mozilla/5.0 (Windows NT 10.0; Win64; x64) AppleWebKit/537.36 (KHTML, like Gecko) Chrome/120.0.0.0 Safari/537.36"
13.78.10.220 - - [05/Apr/2026:11:31:38 +0800] "GET /wp-includes/js/crop/ HTTP/1.1" 403 199 "-" "Mozilla/5.0 (Windows NT 10.0; Win64; x64) AppleWebKit/537.36 (KHTML, like Gecko) Chrome/120.0.0.0 Safari/537.36"
103.4.122.14 - - [05/Apr/2026:11:35:27 +0800] "POST /wp-cron.php?doing_wp_cron=1775360127.8210248947143554687500 HTTP/1.1" 200 20 "-" "WordPress/6.9.4; https://bfcg.com.au"
35.171.117.160 - - [05/Apr/2026:11:35:27 +0800] "GET /docs/employee-resources/scheduled-maintenance/light-vehicle-service/ HTTP/1.1" 200 9575 "-" "Mozilla/5.0 AppleWebKit/537.36 (KHTML, like Gecko; compatible; Amazonbot/0.1; +https://developer.amazon.com/support/amazonbot) Chrome/119.0.6045.214 Safari/537.36"
103.4.122.14 - - [05/Apr/2026:11:58:53 +0800] "POST /wp-cron.php?doing_wp_cron=1775361533.3998138904571533203125 HTTP/1.1" 200 20 "-" "WordPress/6.9.4; https://bfcg.com.au"
172.213.234.56 - - [05/Apr/2026:11:58:52 +0800] "GET /wp-content/plugins/hellopress/wp_filemanager.php HTTP/1.1" 404 23056 "-" "-"
172.213.234.56 - - [05/Apr/2026:11:58:53 +0800] "GET /RIP.php HTTP/1.1" 404 23056 "-" "-"
103.4.122.14 - - [05/Apr/2026:12:04:55 +0800] "POST /wp-cron.php?doing_wp_cron=1775361894.8620750904083251953125 HTTP/1.1" 200 20 "-" "WordPress/6.9.4; https://bfcg.com.au"
203.175.103.12 - - [05/Apr/2026:12:04:54 +0800] "GET / HTTP/1.1" 200 12381 "https://www.google.com/" "Mozilla/5.0 (Linux; Android 10; K) AppleWebKit/537.36 (KHTML, like Gecko) Chrome/146.0.0.0 Mobile Safari/537.36"
203.175.103.12 - - [05/Apr/2026:12:04:55 +0800] "GET /wp-content/cache/autoptimize/css/autoptimize_036a3e3adb14651182f90577734ef4ef.css HTTP/1.1" 200 17882 "https://bfcg.com.au/" "Mozilla/5.0 (Linux; Android 10; K) AppleWebKit/537.36 (KHTML, like Gecko) Chrome/146.0.0.0 Mobile Safari/537.36"
203.175.103.12 - - [05/Apr/2026:12:04:55 +0800] "GET /wp-content/cache/autoptimize/css/autoptimize_single_fa01caa3511fe59492737e72ecc1ea48.css?ver=1765777674 HTTP/1.1" 200 1814 "https://bfcg.com.au/" "Mozilla/5.0 (Linux; Android 10; K) AppleWebKit/537.36 (KHTML, like Gecko) Chrome/146.0.0.0 Mobile Safari/537.36"
203.175.103.12 - - [05/Apr/2026:12:04:56 +0800] "GET /wp-includes/js/dist/hooks.min.js?ver=dd5603f07f9220ed27f1 HTTP/1.1" 200 1941 "https://bfcg.com.au/" "Mozilla/5.0 (Linux; Android 10; K) AppleWebKit/537.36 (KHTML, like Gecko) Chrome/146.0.0.0 Mobile Safari/537.36"
203.175.103.12 - - [05/Apr/2026:12:04:56 +0800] "GET /wp-content/uploads/2020/10/LT160.jpg HTTP/1.1" 200 112143 "https://bfcg.com.au/" "Mozilla/5.0 (Linux; Android 10; K) AppleWebKit/537.36 (KHTML, like Gecko) Chrome/146.0.0.0 Mobile Safari/537.36"
203.175.103.12 - - [05/Apr/2026:12:04:57 +0800] "GET /wp-includes/js/dist/i18n.min.js?ver=c26c3dc7bed366793375 HTTP/1.1" 200 2229 "https://bfcg.com.au/" "Mozilla/5.0 (Linux; Android 10; K) AppleWebKit/537.36 (KHTML, like Gecko) Chrome/146.0.0.0 Mobile Safari/537.36"
203.175.103.12 - - [05/Apr/2026:12:04:57 +0800] "GET /wp-includes/js/dist/vendor/wp-polyfill.min.js?ver=3.15.0 HTTP/1.1" 200 11852 "https://bfcg.com.au/" "Mozilla/5.0 (Linux; Android 10; K) AppleWebKit/537.36 (KHTML, like Gecko) Chrome/146.0.0.0 Mobile Safari/537.36"
203.175.103.12 - - [05/Apr/2026:12:04:58 +0800] "GET /wp-includes/js/jquery/jquery.min.js?ver=3.7.1 HTTP/1.1" 200 30368 "https://bfcg.com.au/" "Mozilla/5.0 (Linux; Android 10; K) AppleWebKit/537.36 (KHTML, like Gecko) Chrome/146.0.0.0 Mobile Safari/537.36"
203.175.103.12 - - [05/Apr/2026:12:04:58 +0800] "GET /wp-content/plugins/autoptimize/classes/external/js/lazysizes.min.js?ao_version=3.1.15 HTTP/1.1" 200 4122 "https://bfcg.com.au/" "Mozilla/5.0 (Linux; Android 10; K) AppleWebKit/537.36 (KHTML, like Gecko) Chrome/146.0.0.0 Mobile Safari/537.36"
203.175.103.12 - - [05/Apr/2026:12:04:58 +0800] "GET /wp-content/cache/autoptimize/js/autoptimize_660f6aa917f215ee58a28a88fed9ac36.js HTTP/1.1" 200 19689 "https://bfcg.com.au/" "Mozilla/5.0 (Linux; Android 10; K) AppleWebKit/537.36 (KHTML, like Gecko) Chrome/146.0.0.0 Mobile Safari/537.36"
203.175.103.12 - - [05/Apr/2026:12:04:58 +0800] "GET /wp-content/themes/generatepress/assets/fonts/generatepress.woff2 HTTP/1.1" 200 1264 "https://bfcg.com.au/wp-content/cache/autoptimize/css/autoptimize_036a3e3adb14651182f90577734ef4ef.css" "Mozilla/5.0 (Linux; Android 10; K) AppleWebKit/537.36 (KHTML, like Gecko) Chrome/146.0.0.0 Mobile Safari/537.36"
203.175.103.12 - - [05/Apr/2026:12:04:58 +0800] "GET /wp-content/uploads/2020/06/calima-bg-2.jpg HTTP/1.1" 404 6156 "https://bfcg.com.au/wp-content/cache/autoptimize/css/autoptimize_036a3e3adb14651182f90577734ef4ef.css" "Mozilla/5.0 (Linux; Android 10; K) AppleWebKit/537.36 (KHTML, like Gecko) Chrome/146.0.0.0 Mobile Safari/537.36"
203.175.103.12 - - [05/Apr/2026:12:04:59 +0800] "GET /wp-content/plugins/gp-premium/general/icons/gp-premium.ttf HTTP/1.1" 200 1594 "https://bfcg.com.au/wp-content/cache/autoptimize/css/autoptimize_036a3e3adb14651182f90577734ef4ef.css" "Mozilla/5.0 (Linux; Android 10; K) AppleWebKit/537.36 (KHTML, like Gecko) Chrome/146.0.0.0 Mobile Safari/537.36"
203.175.103.12 - - [05/Apr/2026:12:04:59 +0800] "GET /wp-includes/js/wp-emoji-release.min.js?ver=6.9.4 HTTP/1.1" 200 5375 "https://bfcg.com.au/" "Mozilla/5.0 (Linux; Android 10; K) AppleWebKit/537.36 (KHTML, like Gecko) Chrome/146.0.0.0 Mobile Safari/537.36"
203.175.103.12 - - [05/Apr/2026:12:04:58 +0800] "GET /wp-content/uploads/2020/08/cta-home.jpg HTTP/1.1" 200 329613 "https://bfcg.com.au/wp-content/cache/autoptimize/css/autoptimize_single_fa01caa3511fe59492737e72ecc1ea48.css?ver=1765777674" "Mozilla/5.0 (Linux; Android 10; K) AppleWebKit/537.36 (KHTML, like Gecko) Chrome/146.0.0.0 Mobile Safari/537.36"
