43.133.220.37 - - [06/Apr/2026:14:07:48 +0800] "GET / HTTP/1.1" 403 199 "-" "Mozilla/5.0 (iPhone; CPU iPhone OS 13_2_3 like Mac OS X) AppleWebKit/605.1.15 (KHTML, like Gecko) Version/13.0.3 Mobile/15E148 Safari/604.1"
103.4.122.14 - - [06/Apr/2026:14:11:37 +0800] "POST /wp-cron.php?doing_wp_cron=1775455897.7251889705657958984375 HTTP/1.1" 200 20 "-" "WordPress/6.9.4; https://bfcg.com.au"
17.241.75.120 - - [06/Apr/2026:14:11:37 +0800] "GET /robots.txt HTTP/1.1" 200 108 "-" "Mozilla/5.0 (Macintosh; Intel Mac OS X 10_15_7) AppleWebKit/605.1.15 (KHTML, like Gecko) Version/17.4 Safari/605.1.15 (Applebot/0.1; +http://www.apple.com/go/applebot)"
17.241.75.120 - - [06/Apr/2026:14:11:38 +0800] "GET /comments/feed/ HTTP/1.1" 200 412 "-" "Mozilla/5.0 (Macintosh; Intel Mac OS X 10_15_7) AppleWebKit/605.1.15 (KHTML, like Gecko) Version/17.4 Safari/605.1.15 (Applebot/0.1; +http://www.apple.com/go/applebot)"
103.4.122.14 - - [06/Apr/2026:14:27:23 +0800] "POST /wp-cron.php?doing_wp_cron=1775456843.0253469944000244140625 HTTP/1.1" 200 20 "-" "WordPress/6.9.4; https://bfcg.com.au"
216.244.66.229 - - [06/Apr/2026:14:27:22 +0800] "GET /2020/10/05/welcome/ HTTP/1.1" 200 27259 "-" "Mozilla/5.0 (compatible; DotBot/1.2; +https://opensiteexplorer.org/dotbot; help@moz.com)"
103.4.122.14 - - [06/Apr/2026:14:31:39 +0800] "POST /wp-cron.php?doing_wp_cron=1775457099.7593240737915039062500 HTTP/1.1" 200 20 "-" "WordPress/6.9.4; https://bfcg.com.au"
57.141.14.76 - - [06/Apr/2026:14:31:39 +0800] "GET /wp-sitemap-posts-docs-1.xml HTTP/1.1" 200 2530 "-" "meta-externalagent/1.1 (+https://developers.facebook.com/docs/sharing/webmasters/crawler)"
103.4.122.14 - - [06/Apr/2026:14:40:51 +0800] "POST /wp-cron.php?doing_wp_cron=1775457650.9011418819427490234375 HTTP/1.1" 200 20 "-" "WordPress/6.9.4; https://bfcg.com.au"
207.46.13.229 - - [06/Apr/2026:14:40:50 +0800] "GET /robots.txt HTTP/1.1" 301 20 "-" "Mozilla/5.0 AppleWebKit/537.36 (KHTML, like Gecko; compatible; bingbot/2.0; +http://www.bing.com/bingbot.htm) Chrome/116.0.1938.76 Safari/537.36"
207.46.13.229 - - [06/Apr/2026:14:40:52 +0800] "GET /robots.txt HTTP/1.1" 200 108 "-" "Mozilla/5.0 AppleWebKit/537.36 (KHTML, like Gecko; compatible; bingbot/2.0; +http://www.bing.com/bingbot.htm) Chrome/116.0.1938.76 Safari/537.36"
52.167.144.156 - - [06/Apr/2026:14:41:00 +0800] "GET /sitemap.xml.gz HTTP/1.1" 301 20 "-" "Mozilla/5.0 AppleWebKit/537.36 (KHTML, like Gecko; compatible; bingbot/2.0; +http://www.bing.com/bingbot.htm) Chrome/116.0.1938.76 Safari/537.36"
40.77.167.247 - - [06/Apr/2026:14:41:10 +0800] "GET /wp-sitemap.xml HTTP/1.1" 200 229 "-" "Mozilla/5.0 AppleWebKit/537.36 (KHTML, like Gecko; compatible; bingbot/2.0; +http://www.bing.com/bingbot.htm) Chrome/116.0.1938.76 Safari/537.36"
103.4.122.14 - - [06/Apr/2026:14:53:15 +0800] "POST /wp-cron.php?doing_wp_cron=1775458395.6851749420166015625000 HTTP/1.1" 200 20 "-" "WordPress/6.9.4; https://bfcg.com.au"
143.198.190.237 - - [06/Apr/2026:14:53:13 +0800] "GET /wp-login.php HTTP/1.1" 200 2957 "-" "Mozilla/4.0 (compatible; MSIE 7.0; Windows NT 6.1; WOW64; Trident/7.0; SLCC2; .NET CLR 2.0.50727; .NET CLR 3.5.30729; .NET CLR 3.0.30729; InfoPath.2; .NET4.0C; .NET4.0E)"
143.198.190.237 - - [06/Apr/2026:14:53:16 +0800] "POST /wp-login.php HTTP/1.1" 200 3093 "https://bfcg.com.au/wp-login.php" "Mozilla/4.0 (compatible; MSIE 7.0; Windows NT 6.1; WOW64; Trident/7.0; SLCC2; .NET CLR 2.0.50727; .NET CLR 3.5.30729; .NET CLR 3.0.30729; InfoPath.2; .NET4.0C; .NET4.0E)"
103.4.122.14 - - [06/Apr/2026:15:01:05 +0800] "POST /wp-cron.php?doing_wp_cron=1775458865.5071589946746826171875 HTTP/1.1" 200 20 "-" "WordPress/6.9.4; https://bfcg.com.au"
37.76.205.135 - - [06/Apr/2026:15:01:04 +0800] "GET /docs/employee-resources/scheduled-maintenance/service-sheets/ HTTP/1.1" 200 9757 "-" "Mozilla/5.0 (Macintosh; Intel Mac OS X 11_0_1) AppleWebKit/537.36 (KHTML, like Gecko) Brave Chrome/88.0.4324.96 Safari/537.36"
103.4.122.14 - - [06/Apr/2026:15:02:07 +0800] "POST /wp-cron.php?doing_wp_cron=1775458927.1965949535369873046875 HTTP/1.1" 200 20 "-" "WordPress/6.9.4; https://bfcg.com.au"
51.161.65.45 - - [06/Apr/2026:15:02:06 +0800] "GET /log-in/ HTTP/1.1" 200 6669 "-" "Mozilla/5.0 (compatible; AhrefsBot/7.0; +http://ahrefs.com/robot/)"
167.114.139.171 - - [06/Apr/2026:15:06:50 +0800] "GET /wp-content/cache/autoptimize/css/autoptimize_54e3ac814a88c8d22df0ebfeb37ece7b.css HTTP/1.1" 200 16348 "-" "Mozilla/5.0 (compatible; AhrefsBot/7.0; +http://ahrefs.com/robot/)"
15.235.27.22 - - [06/Apr/2026:15:06:52 +0800] "GET /wp-content/cache/autoptimize/css/autoptimize_single_bfe601a879279538476acd0daf8cef8c.css?ver=1765807055 HTTP/1.1" 200 348 "-" "Mozilla/5.0 (compatible; AhrefsBot/7.0; +http://ahrefs.com/robot/)"
103.4.122.14 - - [06/Apr/2026:15:13:16 +0800] "POST /wp-cron.php?doing_wp_cron=1775459596.4433829784393310546875 HTTP/1.1" 200 20 "-" "WordPress/6.9.4; https://bfcg.com.au"
216.73.216.14 - - [06/Apr/2026:15:13:15 +0800] "GET /robots.txt HTTP/1.1" 200 108 "-" "Mozilla/5.0 AppleWebKit/537.36 (KHTML, like Gecko; compatible; ClaudeBot/1.0; +claudebot@anthropic.com)"
216.73.216.14 - - [06/Apr/2026:15:13:16 +0800] "GET /wp-sitemap.xml HTTP/1.1" 200 229 "-" "Mozilla/5.0 AppleWebKit/537.36 (KHTML, like Gecko; compatible; ClaudeBot/1.0; +claudebot@anthropic.com)"
103.4.122.14 - - [06/Apr/2026:15:25:24 +0800] "POST /wp-cron.php?doing_wp_cron=1775460323.9726059436798095703125 HTTP/1.1" 200 20 "-" "WordPress/6.9.4; https://bfcg.com.au"
209.50.182.11 - - [06/Apr/2026:15:25:23 +0800] "GET /contact/ HTTP/1.1" 200 7969 "-" "Mozilla/5.0 (Macintosh; Intel Mac OS X 12_5) AppleWebKit/537.36 (KHTML, like Gecko) Chrome/114.0.0.0 Safari/537.36"
103.4.122.14 - - [06/Apr/2026:15:35:45 +0800] "POST /wp-cron.php?doing_wp_cron=1775460945.3026349544525146484375 HTTP/1.1" 200 20 "-" "WordPress/6.9.4; https://bfcg.com.au"
66.249.75.67 - - [06/Apr/2026:15:35:44 +0800] "GET /robots.txt HTTP/1.1" 200 108 "-" "Mozilla/5.0 (compatible; Googlebot/2.1; +http://www.google.com/bot.html)"
66.249.75.68 - - [06/Apr/2026:15:35:46 +0800] "GET / HTTP/1.1" 301 20 "-" "Mozilla/5.0 (compatible; Googlebot/2.1; +http://www.google.com/bot.html)"
66.249.75.68 - - [06/Apr/2026:15:35:49 +0800] "GET / HTTP/1.1" 200 12381 "-" "Mozilla/5.0 (compatible; Googlebot/2.1; +http://www.google.com/bot.html)"
103.4.122.14 - - [06/Apr/2026:15:36:38 +0800] "POST /wp-cron.php?doing_wp_cron=1775460998.2480928897857666015625 HTTP/1.1" 200 20 "-" "WordPress/6.9.4; https://bfcg.com.au"
87.250.224.128 - - [06/Apr/2026:15:36:37 +0800] "GET /robots.txt HTTP/1.1" 200 112 "-" "Mozilla/5.0 (compatible; YandexBot/3.0; +http://yandex.com/bots)"
5.255.231.56 - - [06/Apr/2026:15:36:40 +0800] "GET /wp-content/uploads/2020/08/cropped-favicon-180x180.png HTTP/1.1" 200 23689 "-" "Mozilla/5.0 (compatible; YandexFavicons/1.0; +http://yandex.com/bots)"
103.4.122.14 - - [06/Apr/2026:15:48:31 +0800] "POST /wp-cron.php?doing_wp_cron=1775461711.4145269393920898437500 HTTP/1.1" 200 20 "-" "WordPress/6.9.4; https://bfcg.com.au"
49.43.43.76 - - [06/Apr/2026:15:48:30 +0800] "GET / HTTP/1.1" 200 12381 "-" "Mozilla/5.0 (Macintosh; Intel Mac OS X 10_15_7) AppleWebKit/537.36 (KHTML, like Gecko) Chrome/146.0.0.0 Safari/537.36"
49.43.43.76 - - [06/Apr/2026:15:48:31 +0800] "GET /wp-content/cache/autoptimize/css/autoptimize_036a3e3adb14651182f90577734ef4ef.css HTTP/1.1" 200 17882 "https://bfcg.com.au/" "Mozilla/5.0 (Macintosh; Intel Mac OS X 10_15_7) AppleWebKit/537.36 (KHTML, like Gecko) Chrome/146.0.0.0 Safari/537.36"
49.43.43.76 - - [06/Apr/2026:15:48:32 +0800] "GET /wp-content/uploads/2020/10/LT160.jpg HTTP/1.1" 200 112143 "https://bfcg.com.au/" "Mozilla/5.0 (Macintosh; Intel Mac OS X 10_15_7) AppleWebKit/537.36 (KHTML, like Gecko) Chrome/146.0.0.0 Safari/537.36"
49.43.43.76 - - [06/Apr/2026:15:48:32 +0800] "GET /wp-content/cache/autoptimize/css/autoptimize_single_fa01caa3511fe59492737e72ecc1ea48.css?ver=1765777674 HTTP/1.1" 200 1814 "https://bfcg.com.au/" "Mozilla/5.0 (Macintosh; Intel Mac OS X 10_15_7) AppleWebKit/537.36 (KHTML, like Gecko) Chrome/146.0.0.0 Safari/537.36"
49.43.43.76 - - [06/Apr/2026:15:48:32 +0800] "GET /wp-includes/js/dist/hooks.min.js?ver=dd5603f07f9220ed27f1 HTTP/1.1" 200 1941 "https://bfcg.com.au/" "Mozilla/5.0 (Macintosh; Intel Mac OS X 10_15_7) AppleWebKit/537.36 (KHTML, like Gecko) Chrome/146.0.0.0 Safari/537.36"
49.43.43.76 - - [06/Apr/2026:15:48:32 +0800] "GET /wp-includes/js/dist/i18n.min.js?ver=c26c3dc7bed366793375 HTTP/1.1" 200 2229 "https://bfcg.com.au/" "Mozilla/5.0 (Macintosh; Intel Mac OS X 10_15_7) AppleWebKit/537.36 (KHTML, like Gecko) Chrome/146.0.0.0 Safari/537.36"
49.43.43.76 - - [06/Apr/2026:15:48:32 +0800] "GET /wp-includes/js/dist/vendor/wp-polyfill.min.js?ver=3.15.0 HTTP/1.1" 200 11852 "https://bfcg.com.au/" "Mozilla/5.0 (Macintosh; Intel Mac OS X 10_15_7) AppleWebKit/537.36 (KHTML, like Gecko) Chrome/146.0.0.0 Safari/537.36"
49.43.43.76 - - [06/Apr/2026:15:48:32 +0800] "GET /wp-content/plugins/autoptimize/classes/external/js/lazysizes.min.js?ao_version=3.1.15 HTTP/1.1" 200 4122 "https://bfcg.com.au/" "Mozilla/5.0 (Macintosh; Intel Mac OS X 10_15_7) AppleWebKit/537.36 (KHTML, like Gecko) Chrome/146.0.0.0 Safari/537.36"
49.43.43.76 - - [06/Apr/2026:15:48:32 +0800] "GET /wp-includes/js/jquery/jquery.min.js?ver=3.7.1 HTTP/1.1" 200 30368 "https://bfcg.com.au/" "Mozilla/5.0 (Macintosh; Intel Mac OS X 10_15_7) AppleWebKit/537.36 (KHTML, like Gecko) Chrome/146.0.0.0 Safari/537.36"
49.43.43.76 - - [06/Apr/2026:15:48:32 +0800] "GET /wp-content/themes/generatepress/assets/fonts/generatepress.woff2 HTTP/1.1" 200 1264 "https://bfcg.com.au/wp-content/cache/autoptimize/css/autoptimize_036a3e3adb14651182f90577734ef4ef.css" "Mozilla/5.0 (Macintosh; Intel Mac OS X 10_15_7) AppleWebKit/537.36 (KHTML, like Gecko) Chrome/146.0.0.0 Safari/537.36"
49.43.43.76 - - [06/Apr/2026:15:48:32 +0800] "GET /wp-content/cache/autoptimize/js/autoptimize_660f6aa917f215ee58a28a88fed9ac36.js HTTP/1.1" 200 19689 "https://bfcg.com.au/" "Mozilla/5.0 (Macintosh; Intel Mac OS X 10_15_7) AppleWebKit/537.36 (KHTML, like Gecko) Chrome/146.0.0.0 Safari/537.36"
49.43.43.76 - - [06/Apr/2026:15:48:32 +0800] "GET /wp-content/uploads/2020/10/hero-render-small.jpg HTTP/1.1" 200 322393 "https://bfcg.com.au/wp-content/cache/autoptimize/css/autoptimize_single_fa01caa3511fe59492737e72ecc1ea48.css?ver=1765777674" "Mozilla/5.0 (Macintosh; Intel Mac OS X 10_15_7) AppleWebKit/537.36 (KHTML, like Gecko) Chrome/146.0.0.0 Safari/537.36"
49.43.43.76 - - [06/Apr/2026:15:48:32 +0800] "GET /wp-content/uploads/2020/08/cta-home.jpg HTTP/1.1" 200 329613 "https://bfcg.com.au/wp-content/cache/autoptimize/css/autoptimize_single_fa01caa3511fe59492737e72ecc1ea48.css?ver=1765777674" "Mozilla/5.0 (Macintosh; Intel Mac OS X 10_15_7) AppleWebKit/537.36 (KHTML, like Gecko) Chrome/146.0.0.0 Safari/537.36"
49.43.43.76 - - [06/Apr/2026:15:48:32 +0800] "GET /wp-content/uploads/2020/06/calima-bg-2.jpg HTTP/1.1" 404 6156 "https://bfcg.com.au/wp-content/cache/autoptimize/css/autoptimize_036a3e3adb14651182f90577734ef4ef.css" "Mozilla/5.0 (Macintosh; Intel Mac OS X 10_15_7) AppleWebKit/537.36 (KHTML, like Gecko) Chrome/146.0.0.0 Safari/537.36"
49.43.43.76 - - [06/Apr/2026:15:48:34 +0800] "GET /wp-content/plugins/gp-premium/general/icons/gp-premium.ttf HTTP/1.1" 200 1594 "https://bfcg.com.au/wp-content/cache/autoptimize/css/autoptimize_036a3e3adb14651182f90577734ef4ef.css" "Mozilla/5.0 (Macintosh; Intel Mac OS X 10_15_7) AppleWebKit/537.36 (KHTML, like Gecko) Chrome/146.0.0.0 Safari/537.36"
49.43.43.76 - - [06/Apr/2026:15:48:34 +0800] "GET /wp-content/uploads/2020/08/logo-alt.png HTTP/1.1" 200 100570 "https://bfcg.com.au/" "Mozilla/5.0 (Macintosh; Intel Mac OS X 10_15_7) AppleWebKit/537.36 (KHTML, like Gecko) Chrome/146.0.0.0 Safari/537.36"
49.43.43.76 - - [06/Apr/2026:15:48:41 +0800] "GET /wp-includes/js/wp-emoji-release.min.js?ver=6.9.4 HTTP/1.1" 200 5375 "https://bfcg.com.au/" "Mozilla/5.0 (Macintosh; Intel Mac OS X 10_15_7) AppleWebKit/537.36 (KHTML, like Gecko) Chrome/146.0.0.0 Safari/537.36"
49.43.43.76 - - [06/Apr/2026:15:48:43 +0800] "GET /wp-content/uploads/2020/08/cropped-favicon-32x32.png HTTP/1.1" 200 1889 "https://bfcg.com.au/" "Mozilla/5.0 (Macintosh; Intel Mac OS X 10_15_7) AppleWebKit/537.36 (KHTML, like Gecko) Chrome/146.0.0.0 Safari/537.36"
103.4.122.14 - - [06/Apr/2026:15:48:52 +0800] "POST /wp-cron.php?doing_wp_cron=1775461732.3708460330963134765625 HTTP/1.1" 200 20 "-" "WordPress/6.9.4; https://bfcg.com.au"
49.43.43.76 - - [06/Apr/2026:15:48:51 +0800] "GET /contact/ HTTP/1.1" 200 7969 "https://bfcg.com.au/" "Mozilla/5.0 (Macintosh; Intel Mac OS X 10_15_7) AppleWebKit/537.36 (KHTML, like Gecko) Chrome/146.0.0.0 Safari/537.36"
49.43.43.76 - - [06/Apr/2026:15:48:52 +0800] "GET /wp-content/cache/autoptimize/css/autoptimize_81f9ddb35a66d3b9b1688d21df294bbe.css HTTP/1.1" 200 17834 "https://bfcg.com.au/contact/" "Mozilla/5.0 (Macintosh; Intel Mac OS X 10_15_7) AppleWebKit/537.36 (KHTML, like Gecko) Chrome/146.0.0.0 Safari/537.36"
49.43.43.76 - - [06/Apr/2026:15:48:52 +0800] "GET /wp-content/cache/autoptimize/css/autoptimize_single_2fca3171aa376a32a74376db5881d60f.css?ver=1765772150 HTTP/1.1" 200 780 "https://bfcg.com.au/contact/" "Mozilla/5.0 (Macintosh; Intel Mac OS X 10_15_7) AppleWebKit/537.36 (KHTML, like Gecko) Chrome/146.0.0.0 Safari/537.36"
49.43.43.76 - - [06/Apr/2026:15:48:53 +0800] "GET /wp-content/uploads/2020/10/contact.jpg HTTP/1.1" 200 70641 "https://bfcg.com.au/contact/" "Mozilla/5.0 (Macintosh; Intel Mac OS X 10_15_7) AppleWebKit/537.36 (KHTML, like Gecko) Chrome/146.0.0.0 Safari/537.36"
49.43.43.76 - - [06/Apr/2026:15:48:53 +0800] "GET /wp-content/cache/autoptimize/js/autoptimize_0476bd60af445891c8491c3498684f0b.js HTTP/1.1" 200 13680 "https://bfcg.com.au/contact/" "Mozilla/5.0 (Macintosh; Intel Mac OS X 10_15_7) AppleWebKit/537.36 (KHTML, like Gecko) Chrome/146.0.0.0 Safari/537.36"
49.43.43.76 - - [06/Apr/2026:15:48:53 +0800] "GET /wp-json/contact-form-7/v1/contact-forms/2573/feedback/schema HTTP/1.1" 200 235 "https://bfcg.com.au/contact/" "Mozilla/5.0 (Macintosh; Intel Mac OS X 10_15_7) AppleWebKit/537.36 (KHTML, like Gecko) Chrome/146.0.0.0 Safari/537.36"
49.43.43.76 - - [06/Apr/2026:15:48:57 +0800] "GET /wp-content/uploads/2020/08/logo-768x672.png HTTP/1.1" 200 188255 "https://bfcg.com.au/contact/" "Mozilla/5.0 (Macintosh; Intel Mac OS X 10_15_7) AppleWebKit/537.36 (KHTML, like Gecko) Chrome/146.0.0.0 Safari/537.36"
103.4.122.14 - - [06/Apr/2026:15:49:56 +0800] "POST /wp-cron.php?doing_wp_cron=1775461796.1635589599609375000000 HTTP/1.1" 200 20 "-" "WordPress/6.9.4; https://bfcg.com.au"
66.249.75.69 - - [06/Apr/2026:15:49:55 +0800] "GET /our-policies/ HTTP/1.1" 200 7507 "-" "Mozilla/5.0 (Linux; Android 6.0.1; Nexus 5X Build/MMB29P) AppleWebKit/537.36 (KHTML, like Gecko) Chrome/146.0.7680.177 Mobile Safari/537.36 (compatible; Googlebot/2.1; +http://www.google.com/bot.html)"
66.249.75.69 - - [06/Apr/2026:15:50:05 +0800] "GET /wp-includes/js/dist/i18n.min.js?ver=c26c3dc7bed366793375 HTTP/1.1" 200 2229 "https://bfcg.com.au/our-policies/" "Mozilla/5.0 (Linux; Android 6.0.1; Nexus 5X Build/MMB29P) AppleWebKit/537.36 (KHTML, like Gecko) Chrome/146.0.7680.177 Mobile Safari/537.36 (compatible; Googlebot/2.1; +http://www.google.com/bot.html)"
66.249.75.67 - - [06/Apr/2026:15:50:06 +0800] "GET /wp-content/cache/autoptimize/css/autoptimize_82f8c7bb637bae297258ef8d4f6e7201.css HTTP/1.1" 200 16570 "https://bfcg.com.au/our-policies/" "Mozilla/5.0 (Linux; Android 6.0.1; Nexus 5X Build/MMB29P) AppleWebKit/537.36 (KHTML, like Gecko) Chrome/146.0.7680.177 Mobile Safari/537.36 (compatible; Googlebot/2.1; +http://www.google.com/bot.html)"
66.249.75.67 - - [06/Apr/2026:15:50:07 +0800] "GET /wp-includes/js/dist/vendor/wp-polyfill.min.js?ver=3.15.0 HTTP/1.1" 200 11852 "https://bfcg.com.au/our-policies/" "Mozilla/5.0 (Linux; Android 6.0.1; Nexus 5X Build/MMB29P) AppleWebKit/537.36 (KHTML, like Gecko) Chrome/146.0.7680.177 Mobile Safari/537.36 (compatible; Googlebot/2.1; +http://www.google.com/bot.html)"
66.249.75.67 - - [06/Apr/2026:15:50:08 +0800] "GET /wp-content/cache/autoptimize/css/autoptimize_single_2fa924abd04237daf3f205d1d9416e91.css?ver=1765807043 HTTP/1.1" 200 263 "https://bfcg.com.au/our-policies/" "Mozilla/5.0 (Linux; Android 6.0.1; Nexus 5X Build/MMB29P) AppleWebKit/537.36 (KHTML, like Gecko) Chrome/146.0.7680.177 Mobile Safari/537.36 (compatible; Googlebot/2.1; +http://www.google.com/bot.html)"
66.249.75.67 - - [06/Apr/2026:15:50:09 +0800] "GET /wp-includes/js/dist/hooks.min.js?ver=dd5603f07f9220ed27f1 HTTP/1.1" 200 1941 "https://bfcg.com.au/our-policies/" "Mozilla/5.0 (Linux; Android 6.0.1; Nexus 5X Build/MMB29P) AppleWebKit/537.36 (KHTML, like Gecko) Chrome/146.0.7680.177 Mobile Safari/537.36 (compatible; Googlebot/2.1; +http://www.google.com/bot.html)"
66.249.75.67 - - [06/Apr/2026:15:50:10 +0800] "GET /wp-content/plugins/autoptimize/classes/external/js/lazysizes.min.js?ao_version=3.1.15 HTTP/1.1" 200 4122 "https://bfcg.com.au/our-policies/" "Mozilla/5.0 (Linux; Android 6.0.1; Nexus 5X Build/MMB29P) AppleWebKit/537.36 (KHTML, like Gecko) Chrome/146.0.7680.177 Mobile Safari/537.36 (compatible; Googlebot/2.1; +http://www.google.com/bot.html)"
66.249.75.68 - - [06/Apr/2026:15:50:11 +0800] "GET /wp-content/cache/autoptimize/js/autoptimize_0476bd60af445891c8491c3498684f0b.js HTTP/1.1" 200 13680 "https://bfcg.com.au/our-policies/" "Mozilla/5.0 (Linux; Android 6.0.1; Nexus 5X Build/MMB29P) AppleWebKit/537.36 (KHTML, like Gecko) Chrome/146.0.7680.177 Mobile Safari/537.36 (compatible; Googlebot/2.1; +http://www.google.com/bot.html)"
103.4.122.14 - - [06/Apr/2026:16:00:30 +0800] "POST /wp-cron.php?doing_wp_cron=1775462430.5047500133514404296875 HTTP/1.1" 200 20 "-" "WordPress/6.9.4; https://bfcg.com.au"
160.16.114.120 - - [06/Apr/2026:16:00:29 +0800] "GET /wp-login.php HTTP/1.1" 200 2957 "-" "Mozilla/5.0 (Windows NT 6.1; WOW64; Trident/7.0; BOIE9;ENUSMSE; rv:11.0) like Gecko"
160.16.114.120 - - [06/Apr/2026:16:00:33 +0800] "POST /wp-login.php HTTP/1.1" 200 3093 "https://bfcg.com.au/wp-login.php" "Mozilla/5.0 (Windows NT 6.1; WOW64; Trident/7.0; BOIE9;ENUSMSE; rv:11.0) like Gecko"
103.4.122.14 - - [06/Apr/2026:16:12:38 +0800] "POST /wp-cron.php?doing_wp_cron=1775463158.3866200447082519531250 HTTP/1.1" 200 20 "-" "WordPress/6.9.4; https://bfcg.com.au"
41.223.73.234 - - [06/Apr/2026:16:12:37 +0800] "GET /contact/ HTTP/1.1" 200 7969 "-" "Mozilla/5.0 (Macintosh; Intel Mac OS X 10_14_6) AppleWebKit/537.36 (KHTML, like Gecko) Chrome/88.0.4324.182 Safari/537.36"
103.4.122.14 - - [06/Apr/2026:16:15:33 +0800] "POST /wp-cron.php?doing_wp_cron=1775463333.5428121089935302734375 HTTP/1.1" 200 20 "-" "WordPress/6.9.4; https://bfcg.com.au"
57.141.14.54 - - [06/Apr/2026:16:15:32 +0800] "GET /we88%20slot.aspx HTTP/1.1" 404 23064 "-" "meta-externalagent/1.1 (+https://developers.facebook.com/docs/sharing/webmasters/crawler)"
103.4.122.14 - - [06/Apr/2026:16:24:08 +0800] "POST /wp-cron.php?doing_wp_cron=1775463848.3521258831024169921875 HTTP/1.1" 200 20 "-" "WordPress/6.9.4; https://bfcg.com.au"
66.249.75.68 - - [06/Apr/2026:16:24:07 +0800] "GET / HTTP/1.1" 301 20 "-" "Mozilla/5.0 (Linux; Android 6.0.1; Nexus 5X Build/MMB29P) AppleWebKit/537.36 (KHTML, like Gecko) Chrome/146.0.7680.177 Mobile Safari/537.36 (compatible; Googlebot/2.1; +http://www.google.com/bot.html)"
103.4.122.14 - - [06/Apr/2026:16:24:48 +0800] "POST /wp-cron.php?doing_wp_cron=1775463888.2254159450531005859375 HTTP/1.1" 200 20 "-" "WordPress/6.9.4; https://bfcg.com.au"
66.249.75.67 - - [06/Apr/2026:16:24:47 +0800] "GET / HTTP/1.1" 200 12381 "-" "Mozilla/5.0 (Linux; Android 6.0.1; Nexus 5X Build/MMB29P) AppleWebKit/537.36 (KHTML, like Gecko) Chrome/146.0.7680.177 Mobile Safari/537.36 (compatible; Googlebot/2.1; +http://www.google.com/bot.html)"
103.4.122.14 - - [06/Apr/2026:16:39:28 +0800] "POST /wp-cron.php?doing_wp_cron=1775464767.8268098831176757812500 HTTP/1.1" 200 20 "-" "WordPress/6.9.4; https://bfcg.com.au"
54.167.32.123 - - [06/Apr/2026:16:39:26 +0800] "GET /our-values/ HTTP/1.1" 200 7539 "-" "Mozilla/5.0 AppleWebKit/537.36 (KHTML, like Gecko; compatible; Amazonbot/0.1; +https://developer.amazon.com/support/amazonbot) Chrome/119.0.6045.214 Safari/537.36"
52.200.251.20 - - [06/Apr/2026:16:39:31 +0800] "GET /docs/employee-resources/scheduled-maintenance/250hr-service-mack-truck/ HTTP/1.1" 200 9577 "-" "Mozilla/5.0 AppleWebKit/537.36 (KHTML, like Gecko; compatible; Amazonbot/0.1; +https://developer.amazon.com/support/amazonbot) Chrome/119.0.6045.214 Safari/537.36"
72.14.201.53 - - [06/Apr/2026:16:42:48 +0800] "GET / HTTP/1.1" 200 12381 "https://www.google.com/" "Mozilla/5.0 (Windows NT 10.0; Win64; x64) AppleWebKit/537.36 (KHTML, like Gecko) Chrome/146.0.0.0 Safari/537.36"
103.4.122.14 - - [06/Apr/2026:16:42:49 +0800] "POST /wp-cron.php?doing_wp_cron=1775464968.8701560497283935546875 HTTP/1.1" 200 20 "-" "WordPress/6.9.4; https://bfcg.com.au"
66.249.93.164 - - [06/Apr/2026:16:42:48 +0800] "GET /.well-known/traffic-advice HTTP/1.1" 404 6156 "-" "Chrome Privacy Preserving Prefetch Proxy"
136.117.79.16 - - [06/Apr/2026:16:47:57 +0800] "GET /wp-content/uploads/2020/10/four-guys.jpg HTTP/1.1" 200 92959 "-" "Mozilla/5.0 (X11; Linux x86_64) AppleWebKit/537.36 (KHTML, like Gecko) Chrome/91.0.4472.114 Safari/537.36"
103.4.122.14 - - [06/Apr/2026:16:59:43 +0800] "POST /wp-cron.php?doing_wp_cron=1775465983.1693079471588134765625 HTTP/1.1" 200 20 "-" "WordPress/6.9.4; https://bfcg.com.au"
177.230.141.50 - - [06/Apr/2026:16:59:42 +0800] "GET /docs/employee-resources/health-saftey/ HTTP/1.1" 200 9557 "-" "Mozilla/5.0 (Macintosh; Intel Mac OS X 10_15_7) AppleWebKit/537.36 (KHTML, like Gecko) Chrome/99.0.4844.84 Safari/537.36"
103.4.122.14 - - [06/Apr/2026:17:17:37 +0800] "POST /wp-cron.php?doing_wp_cron=1775467057.3206489086151123046875 HTTP/1.1" 200 20 "-" "WordPress/6.9.4; https://bfcg.com.au"
147.135.252.145 - - [06/Apr/2026:17:17:36 +0800] "GET /robots.txt HTTP/1.1" 200 112 "-" "Mozilla/5.0 (compatible; MJ12bot/v1.4.8; http://mj12bot.com/)"
147.135.252.145 - - [06/Apr/2026:17:17:39 +0800] "GET /?t= HTTP/1.1" 301 20 "-" "Mozilla/5.0 (compatible; MJ12bot/v1.4.8; http://mj12bot.com/)"
147.135.252.145 - - [06/Apr/2026:17:17:41 +0800] "GET /robots.txt HTTP/1.1" 200 112 "-" "Mozilla/5.0 (compatible; MJ12bot/v1.4.8; http://mj12bot.com/)"
147.135.252.145 - - [06/Apr/2026:17:17:43 +0800] "GET /?t HTTP/1.1" 200 12381 "-" "Mozilla/5.0 (compatible; MJ12bot/v1.4.8; http://mj12bot.com/)"
116.179.32.42 - - [06/Apr/2026:17:18:24 +0800] "GET /wp-json/ HTTP/1.1" 200 14426 "-" "Mozilla/5.0 (compatible; Baiduspider/2.0; +http://www.baidu.com/search/spider.html)"
103.4.122.14 - - [06/Apr/2026:17:23:09 +0800] "POST /wp-cron.php?doing_wp_cron=1775467389.7421629428863525390625 HTTP/1.1" 200 20 "-" "WordPress/6.9.4; https://bfcg.com.au"
52.167.144.19 - - [06/Apr/2026:17:23:09 +0800] "GET /wp-sitemap-posts-page-1.xml HTTP/1.1" 200 441 "-" "Mozilla/5.0 AppleWebKit/537.36 (KHTML, like Gecko; compatible; bingbot/2.0; +http://www.bing.com/bingbot.htm) Chrome/116.0.1938.76 Safari/537.36"
103.4.122.14 - - [06/Apr/2026:17:40:20 +0800] "POST /wp-cron.php?doing_wp_cron=1775468420.5318789482116699218750 HTTP/1.1" 200 20 "-" "WordPress/6.9.4; https://bfcg.com.au"
15.235.27.131 - - [06/Apr/2026:17:40:19 +0800] "GET /docs/employee-resources/admin/staff-attendance-form/ HTTP/1.1" 200 9567 "-" "Mozilla/5.0 (compatible; AhrefsBot/7.0; +http://ahrefs.com/robot/)"
40.77.167.78 - - [06/Apr/2026:17:40:21 +0800] "GET /wp-sitemap.xml HTTP/1.1" 200 229 "-" "Mozilla/5.0 AppleWebKit/537.36 (KHTML, like Gecko; compatible; bingbot/2.0; +http://www.bing.com/bingbot.htm) Chrome/116.0.1938.76 Safari/537.36"
189.51.100.58 - - [06/Apr/2026:17:40:24 +0800] "GET /docs/employee-resources/admin/staff-attendance-form/ HTTP/1.1" 200 9567 "-" "Mozilla/5.0 (Windows NT 6.1; WOW64) AppleWebKit/537.36 (KHTML, like Gecko) Chrome/95.0.4638.54 Safari/537.36"
103.4.122.14 - - [06/Apr/2026:17:43:24 +0800] "POST /wp-cron.php?doing_wp_cron=1775468604.7642319202423095703125 HTTP/1.1" 200 20 "-" "WordPress/6.9.4; https://bfcg.com.au"
31.13.127.20 - - [06/Apr/2026:17:43:24 +0800] "GET / HTTP/1.1" 301 - "-" "meta-externalagent/1.1 (+https://developers.facebook.com/docs/sharing/webmasters/crawler)"
31.13.127.41 - - [06/Apr/2026:17:43:26 +0800] "GET / HTTP/1.1" 200 47616 "-" "meta-externalagent/1.1 (+https://developers.facebook.com/docs/sharing/webmasters/crawler)"
54.39.210.210 - - [06/Apr/2026:17:44:02 +0800] "GET /wp-includes/js/jquery/jquery.min.js?ver=3.7.1 HTTP/1.1" 200 30368 "-" "Mozilla/5.0 (compatible; AhrefsBot/7.0; +http://ahrefs.com/robot/)"
15.235.27.85 - - [06/Apr/2026:17:44:04 +0800] "GET /wp-content/cache/autoptimize/js/autoptimize_8a1d48904be33925e2d50b6a3ec3f118.js HTTP/1.1" 200 23439 "-" "Mozilla/5.0 (compatible; AhrefsBot/7.0; +http://ahrefs.com/robot/)"
103.4.122.14 - - [06/Apr/2026:17:59:01 +0800] "POST /wp-cron.php?doing_wp_cron=1775469540.8923048973083496093750 HTTP/1.1" 200 20 "-" "WordPress/6.9.4; https://bfcg.com.au"
216.73.216.14 - - [06/Apr/2026:17:59:00 +0800] "GET /robots.txt HTTP/1.1" 200 108 "-" "Mozilla/5.0 AppleWebKit/537.36 (KHTML, like Gecko; compatible; ClaudeBot/1.0; +claudebot@anthropic.com)"
216.73.216.14 - - [06/Apr/2026:17:59:01 +0800] "GET /wp-sitemap.xml HTTP/1.1" 200 229 "-" "Mozilla/5.0 AppleWebKit/537.36 (KHTML, like Gecko; compatible; ClaudeBot/1.0; +claudebot@anthropic.com)"
103.4.122.14 - - [06/Apr/2026:18:00:12 +0800] "POST /wp-cron.php?doing_wp_cron=1775469612.4571731090545654296875 HTTP/1.1" 200 20 "-" "WordPress/6.9.4; https://bfcg.com.au"
114.119.137.237 - - [06/Apr/2026:18:00:11 +0800] "GET /services HTTP/1.1" 301 20 "https://bfcg.com.au/category/news" "Mozilla/5.0 (Linux; Android 7.0;) AppleWebKit/537.36 (KHTML, like Gecko) Mobile Safari/537.36 (compatible; PetalBot;+https://webmaster.petalsearch.com/site/petalbot)"
114.119.137.237 - - [06/Apr/2026:18:00:14 +0800] "GET /services/ HTTP/1.1" 200 8661 "https://bfcg.com.au/category/news" "Mozilla/5.0 (Linux; Android 7.0;) AppleWebKit/537.36 (KHTML, like Gecko) Mobile Safari/537.36 (compatible; PetalBot;+https://webmaster.petalsearch.com/site/petalbot)"
103.4.122.14 - - [06/Apr/2026:18:02:01 +0800] "POST /wp-cron.php?doing_wp_cron=1775469721.4969570636749267578125 HTTP/1.1" 200 20 "-" "WordPress/6.9.4; https://bfcg.com.au"
114.119.141.100 - - [06/Apr/2026:18:02:00 +0800] "GET /our-values HTTP/1.1" 301 20 "https://bfcg.com.au/category/news" "Mozilla/5.0 (Linux; Android 7.0;) AppleWebKit/537.36 (KHTML, like Gecko) Mobile Safari/537.36 (compatible; PetalBot;+https://webmaster.petalsearch.com/site/petalbot)"
103.4.122.14 - - [06/Apr/2026:18:05:12 +0800] "POST /wp-cron.php?doing_wp_cron=1775469911.8654489517211914062500 HTTP/1.1" 200 20 "-" "WordPress/6.9.4; https://bfcg.com.au"
54.39.6.117 - - [06/Apr/2026:18:05:10 +0800] "GET /docs/employee-resources/scheduled-maintenance/service-sheets/ HTTP/1.1" 200 9757 "-" "Mozilla/5.0 (compatible; AhrefsBot/7.0; +http://ahrefs.com/robot/)"
35.247.5.111 - - [06/Apr/2026:18:20:37 +0800] "GET /wp-content/uploads/2020/10/project_life_cycle_new.jpg HTTP/1.1" 200 59210 "-" "Mozilla/5.0 (X11; Linux x86_64) AppleWebKit/537.36 (KHTML, like Gecko) Chrome/91.0.4472.114 Safari/537.36"
103.4.122.14 - - [06/Apr/2026:18:23:00 +0800] "POST /wp-cron.php?doing_wp_cron=1775470980.6023828983306884765625 HTTP/1.1" 200 20 "-" "WordPress/6.9.4; https://bfcg.com.au"
57.141.14.47 - - [06/Apr/2026:18:22:59 +0800] "GET /wp-sitemap-users-1.xml HTTP/1.1" 200 245 "-" "meta-externalagent/1.1 (+https://developers.facebook.com/docs/sharing/webmasters/crawler)"
103.4.122.14 - - [06/Apr/2026:18:31:09 +0800] "POST /wp-cron.php?doing_wp_cron=1775471469.9070260524749755859375 HTTP/1.1" 200 20 "-" "WordPress/6.9.4; https://bfcg.com.au"
192.71.126.151 - - [06/Apr/2026:18:31:09 +0800] "GET / HTTP/1.1" 301 20 "-" "Mozilla/5.0 (iPhone; CPU iPhone OS 17_3_1 like Mac OS X) AppleWebKit/605.1.15 (KHTML, like Gecko) Version/17.3.1 Mobile/15E148 Safari/604"
192.71.2.56 - - [06/Apr/2026:18:31:11 +0800] "GET / HTTP/1.1" 200 12381 "http://bfcg.com.au/" "Mozilla/5.0 (iPhone; CPU iPhone OS 17_3_1 like Mac OS X) AppleWebKit/605.1.15 (KHTML, like Gecko) Version/17.3.1 Mobile/15E148 Safari/604"
192.71.12.10 - - [06/Apr/2026:18:31:12 +0800] "GET /our-business-management/ HTTP/1.1" 200 8002 "-" "Mozilla/5.0 (iPhone; CPU iPhone OS 17_3_1 like Mac OS X) AppleWebKit/605.1.15 (KHTML, like Gecko) Version/17.3.1 Mobile/15E148 Safari/604"
192.71.126.207 - - [06/Apr/2026:18:31:14 +0800] "GET /2020/10/05/welcome/ HTTP/1.1" 200 7295 "-" "Mozilla/5.0 (iPhone; CPU iPhone OS 17_3_1 like Mac OS X) AppleWebKit/605.1.15 (KHTML, like Gecko) Version/17.3.1 Mobile/15E148 Safari/604"
192.71.126.26 - - [06/Apr/2026:18:31:16 +0800] "GET /author/bfcgroup/ HTTP/1.1" 200 6776 "-" "Mozilla/5.0 (iPhone; CPU iPhone OS 17_3_1 like Mac OS X) AppleWebKit/605.1.15 (KHTML, like Gecko) Version/17.3.1 Mobile/15E148 Safari/604"
103.4.122.14 - - [06/Apr/2026:18:40:27 +0800] "POST /wp-cron.php?doing_wp_cron=1775472027.1924130916595458984375 HTTP/1.1" 200 20 "-" "WordPress/6.9.4; https://bfcg.com.au"
14.231.57.195 - - [06/Apr/2026:18:40:26 +0800] "GET /2020/10/05/welcome/ HTTP/1.1" 200 7295 "-" "Mozilla/5.0 (Macintosh; Intel Mac OS X 10_2) AppleWebKit/537.36 (KHTML, like Gecko) Chrome/100.0.4886.148 Safari/537.36"
103.4.122.14 - - [06/Apr/2026:18:46:11 +0800] "POST /wp-cron.php?doing_wp_cron=1775472371.0932910442352294921875 HTTP/1.1" 200 20 "-" "WordPress/6.9.4; https://bfcg.com.au"
20.91.136.114 - - [06/Apr/2026:18:46:10 +0800] "GET /wp-content/plugins/hellopress/wp_filemanager.php HTTP/1.1" 404 23056 "-" "-"
20.91.136.114 - - [06/Apr/2026:18:46:11 +0800] "GET /image.php HTTP/1.1" 404 23056 "-" "-"
20.91.136.114 - - [06/Apr/2026:18:46:12 +0800] "GET /wps.php HTTP/1.1" 404 23056 "-" "-"
20.91.136.114 - - [06/Apr/2026:18:46:13 +0800] "GET /r2.php HTTP/1.1" 404 23056 "-" "-"
20.91.136.114 - - [06/Apr/2026:18:46:14 +0800] "GET /ah25.php HTTP/1.1" 404 23056 "-" "-"
20.91.136.114 - - [06/Apr/2026:18:46:15 +0800] "GET /tx79.php HTTP/1.1" 404 23056 "-" "-"
20.91.136.114 - - [06/Apr/2026:18:46:16 +0800] "GET /006.php HTTP/1.1" 404 23056 "-" "-"
20.91.136.114 - - [06/Apr/2026:18:46:17 +0800] "GET /Geforce.php HTTP/1.1" 404 23056 "-" "-"
20.91.136.114 - - [06/Apr/2026:18:46:18 +0800] "GET /db.php HTTP/1.1" 404 23056 "-" "-"
20.91.136.114 - - [06/Apr/2026:18:46:19 +0800] "GET /pp.php HTTP/1.1" 404 23056 "-" "-"
20.91.136.114 - - [06/Apr/2026:18:46:20 +0800] "GET /lmutxdvyp7u5yksqke8ozbjgCdefault.php HTTP/1.1" 404 23056 "-" "-"
20.91.136.114 - - [06/Apr/2026:18:46:21 +0800] "GET /ogifomnzqnlvwh5womfjirvaCdefault.php HTTP/1.1" 403 199 "-" "-"
20.91.136.114 - - [06/Apr/2026:18:46:34 +0800] "GET /ogifomnzqnlvwh5womfjirvaCdefault.php HTTP/1.1" 403 199 "-" "-"
20.91.136.114 - - [06/Apr/2026:18:46:39 +0800] "GET /c6jpzOQvtPyeM9hdefault.php HTTP/1.1" 403 199 "-" "-"
20.91.136.114 - - [06/Apr/2026:18:46:40 +0800] "GET /c6jpzOQvtPyeM9hdefault.php HTTP/1.1" 403 199 "-" "-"
20.91.136.114 - - [06/Apr/2026:18:46:41 +0800] "GET /c6jpzOQvtPyeM9hdefault.php HTTP/1.1" 403 199 "-" "-"
20.91.136.114 - - [06/Apr/2026:18:46:43 +0800] "GET /c6jpzOQvtPyeM9hdefault.php HTTP/1.1" 403 199 "-" "-"
20.91.136.114 - - [06/Apr/2026:18:46:47 +0800] "GET /eFpU3yHnriNNLtvdefault.php HTTP/1.1" 403 199 "-" "-"
103.4.122.14 - - [06/Apr/2026:18:46:52 +0800] "POST /wp-cron.php?doing_wp_cron=1775472412.1735470294952392578125 HTTP/1.1" 200 20 "-" "WordPress/6.9.4; https://bfcg.com.au"
216.73.216.14 - - [06/Apr/2026:18:46:51 +0800] "GET /wp-sitemap.xml HTTP/1.1" 200 229 "-" "Mozilla/5.0 AppleWebKit/537.36 (KHTML, like Gecko; compatible; ClaudeBot/1.0; +claudebot@anthropic.com)"
20.91.136.114 - - [06/Apr/2026:18:46:53 +0800] "GET /eFpU3yHnriNNLtvdefault.php HTTP/1.1" 403 199 "-" "-"
54.39.6.221 - - [06/Apr/2026:18:46:54 +0800] "GET /docs/employee-resources/health-saftey/maintenance/ HTTP/1.1" 200 9539 "-" "Mozilla/5.0 (compatible; AhrefsBot/7.0; +http://ahrefs.com/robot/)"
20.91.136.114 - - [06/Apr/2026:18:46:56 +0800] "GET /eFpU3yHnriNNLtvdefault.php HTTP/1.1" 403 199 "-" "-"
20.91.136.114 - - [06/Apr/2026:18:46:56 +0800] "GET /eFpU3yHnriNNLtvdefault.php HTTP/1.1" 403 199 "-" "-"
20.91.136.114 - - [06/Apr/2026:18:46:58 +0800] "GET /ibcqocdtu3eovdx2hwj7Cdefault.php HTTP/1.1" 403 199 "-" "-"
20.91.136.114 - - [06/Apr/2026:18:47:01 +0800] "GET /ibcqocdtu3eovdx2hwj7Cdefault.php HTTP/1.1" 403 199 "-" "-"
20.91.136.114 - - [06/Apr/2026:18:47:03 +0800] "GET /ibcqocdtu3eovdx2hwj7Cdefault.php HTTP/1.1" 403 199 "-" "-"
20.91.136.114 - - [06/Apr/2026:18:47:04 +0800] "GET /ibcqocdtu3eovdx2hwj7Cdefault.php HTTP/1.1" 403 199 "-" "-"
20.91.136.114 - - [06/Apr/2026:18:47:06 +0800] "GET /mfptbopeeg7v0sezxnbtgcgsCdefault.php HTTP/1.1" 403 199 "-" "-"
20.91.136.114 - - [06/Apr/2026:18:47:07 +0800] "GET /mfptbopeeg7v0sezxnbtgcgsCdefault.php HTTP/1.1" 403 199 "-" "-"
20.91.136.114 - - [06/Apr/2026:18:47:12 +0800] "GET /mfptbopeeg7v0sezxnbtgcgsCdefault.php HTTP/1.1" 403 199 "-" "-"
20.91.136.114 - - [06/Apr/2026:18:47:13 +0800] "GET /mfptbopeeg7v0sezxnbtgcgsCdefault.php HTTP/1.1" 403 199 "-" "-"
20.91.136.114 - - [06/Apr/2026:18:47:15 +0800] "GET /nhj6t74aqmkde3hgpCdefault.php HTTP/1.1" 403 199 "-" "-"
20.91.136.114 - - [06/Apr/2026:18:47:17 +0800] "GET /nhj6t74aqmkde3hgpCdefault.php HTTP/1.1" 403 199 "-" "-"
20.91.136.114 - - [06/Apr/2026:18:47:18 +0800] "GET /nhj6t74aqmkde3hgpCdefault.php HTTP/1.1" 403 199 "-" "-"
20.91.136.114 - - [06/Apr/2026:18:47:19 +0800] "GET /nhj6t74aqmkde3hgpCdefault.php HTTP/1.1" 403 199 "-" "-"
20.91.136.114 - - [06/Apr/2026:18:47:20 +0800] "GET /b4txckoieeyhynhsrpi9lCdefault.php HTTP/1.1" 404 23056 "-" "-"
20.91.136.114 - - [06/Apr/2026:18:47:22 +0800] "GET /gvg1bvpsgtot1rpklCdefault.php HTTP/1.1" 404 23056 "-" "-"
20.91.136.114 - - [06/Apr/2026:18:47:23 +0800] "GET /JKydQumkIarjMJ4default.php HTTP/1.1" 404 23056 "-" "-"
20.91.136.114 - - [06/Apr/2026:18:47:24 +0800] "GET /mI35rZhMg1zJ1vuXdefault.php HTTP/1.1" 404 23056 "-" "-"
20.91.136.114 - - [06/Apr/2026:18:47:25 +0800] "GET /n3yUmQ6Q9xwQ8ocdefault.php HTTP/1.1" 404 23056 "-" "-"
20.91.136.114 - - [06/Apr/2026:18:47:26 +0800] "GET /oLEzRVqmJJPFSucdefault.php HTTP/1.1" 404 23056 "-" "-"
20.91.136.114 - - [06/Apr/2026:18:47:27 +0800] "GET /pxw8hpvyfvvpojjxvnCdefault.php HTTP/1.1" 404 23056 "-" "-"
20.91.136.114 - - [06/Apr/2026:18:47:27 +0800] "GET /r9pbhistk1lifhnjadpCdefault.php HTTP/1.1" 404 23056 "-" "-"
20.91.136.114 - - [06/Apr/2026:18:47:29 +0800] "GET /s3FiyJ2WGCnF0p1default.php HTTP/1.1" 404 23056 "-" "-"
20.91.136.114 - - [06/Apr/2026:18:47:30 +0800] "GET /tiny.php HTTP/1.1" 403 199 "-" "-"
20.91.136.114 - - [06/Apr/2026:18:47:31 +0800] "GET /config.php? HTTP/1.1" 404 23056 "-" "-"
20.91.136.114 - - [06/Apr/2026:18:47:33 +0800] "GET /wp-admin/images/admin.php HTTP/1.1" 404 23056 "-" "-"
20.91.136.114 - - [06/Apr/2026:18:47:34 +0800] "GET /xda.php HTTP/1.1" 403 199 "-" "-"
20.91.136.114 - - [06/Apr/2026:18:47:36 +0800] "GET /xda.php HTTP/1.1" 403 199 "-" "-"
20.91.136.114 - - [06/Apr/2026:18:47:42 +0800] "GET /xda.php HTTP/1.1" 403 199 "-" "-"
20.91.136.114 - - [06/Apr/2026:18:47:45 +0800] "GET /xda.php HTTP/1.1" 403 199 "-" "-"
20.91.136.114 - - [06/Apr/2026:18:47:50 +0800] "GET /wdone1.php HTTP/1.1" 403 199 "-" "-"
136.117.136.134 - - [06/Apr/2026:18:47:57 +0800] "GET /wp-content/uploads/2020/10/project_life_cycle_new.jpg HTTP/1.1" 200 59210 "-" "Mozilla/5.0 (X11; Linux x86_64) AppleWebKit/537.36 (KHTML, like Gecko) Chrome/91.0.4472.114 Safari/537.36"
20.91.136.114 - - [06/Apr/2026:18:47:59 +0800] "GET /wdone1.php HTTP/1.1" 403 199 "-" "-"
20.91.136.114 - - [06/Apr/2026:18:48:09 +0800] "GET /lib.php HTTP/1.1" 403 199 "-" "-"
20.91.136.114 - - [06/Apr/2026:18:48:11 +0800] "GET /lib.php HTTP/1.1" 403 199 "-" "-"
20.91.136.114 - - [06/Apr/2026:18:48:13 +0800] "GET /lib.php HTTP/1.1" 403 199 "-" "-"
20.91.136.114 - - [06/Apr/2026:18:48:17 +0800] "GET /lib.php HTTP/1.1" 403 199 "-" "-"
20.91.136.114 - - [06/Apr/2026:18:48:22 +0800] "GET /ng.php HTTP/1.1" 403 199 "-" "-"
20.91.136.114 - - [06/Apr/2026:18:48:23 +0800] "GET /ng.php HTTP/1.1" 403 199 "-" "-"
20.91.136.114 - - [06/Apr/2026:18:48:31 +0800] "GET /ng.php HTTP/1.1" 403 199 "-" "-"
103.4.122.14 - - [06/Apr/2026:18:48:59 +0800] "POST /wp-cron.php?doing_wp_cron=1775472539.2248659133911132812500 HTTP/1.1" 200 20 "-" "WordPress/6.9.4; https://bfcg.com.au"
20.91.136.114 - - [06/Apr/2026:18:48:58 +0800] "GET /awh.php HTTP/1.1" 404 23056 "-" "-"
20.91.136.114 - - [06/Apr/2026:18:48:59 +0800] "GET /aee.php HTTP/1.1" 404 23056 "-" "-"
20.91.136.114 - - [06/Apr/2026:18:49:01 +0800] "GET /new3.php HTTP/1.1" 404 23056 "-" "-"
20.91.136.114 - - [06/Apr/2026:18:49:02 +0800] "GET /ruabjw00.php HTTP/1.1" 404 23056 "-" "-"
20.91.136.114 - - [06/Apr/2026:18:49:03 +0800] "GET /wp-4dvn1ew.php HTTP/1.1" 404 23056 "-" "-"
20.91.136.114 - - [06/Apr/2026:18:49:04 +0800] "GET /wp-rhvi43.php HTTP/1.1" 404 23056 "-" "-"
20.91.136.114 - - [06/Apr/2026:18:49:06 +0800] "GET /xwx1.php HTTP/1.1" 404 23056 "-" "-"
20.91.136.114 - - [06/Apr/2026:18:49:08 +0800] "GET /webx.php HTTP/1.1" 404 23056 "-" "-"
20.91.136.114 - - [06/Apr/2026:18:49:10 +0800] "GET /hhxc.php HTTP/1.1" 404 23056 "-" "-"
20.91.136.114 - - [06/Apr/2026:18:49:11 +0800] "GET /wp-22.php HTTP/1.1" 404 23056 "-" "-"
20.91.136.114 - - [06/Apr/2026:18:49:12 +0800] "GET /villain.php HTTP/1.1" 404 23056 "-" "-"
20.91.136.114 - - [06/Apr/2026:18:49:13 +0800] "GET /wp-db.php HTTP/1.1" 403 199 "-" "-"
20.91.136.114 - - [06/Apr/2026:18:49:16 +0800] "GET /wp-db.php HTTP/1.1" 403 199 "-" "-"
20.91.136.114 - - [06/Apr/2026:18:49:18 +0800] "GET /wp-db.php HTTP/1.1" 403 199 "-" "-"
20.91.136.114 - - [06/Apr/2026:18:49:20 +0800] "GET /wp-db.php HTTP/1.1" 403 199 "-" "-"
20.91.136.114 - - [06/Apr/2026:18:49:22 +0800] "GET /red.php HTTP/1.1" 403 199 "-" "-"
20.91.136.114 - - [06/Apr/2026:18:49:24 +0800] "GET /red.php HTTP/1.1" 403 199 "-" "-"
20.91.136.114 - - [06/Apr/2026:18:49:27 +0800] "GET /red.php HTTP/1.1" 403 199 "-" "-"
20.91.136.114 - - [06/Apr/2026:18:49:30 +0800] "GET /red.php HTTP/1.1" 403 199 "-" "-"
20.91.136.114 - - [06/Apr/2026:18:49:32 +0800] "GET /an7.php HTTP/1.1" 403 199 "-" "-"
20.91.136.114 - - [06/Apr/2026:18:49:35 +0800] "GET /an7.php HTTP/1.1" 403 199 "-" "-"
20.91.136.114 - - [06/Apr/2026:18:49:37 +0800] "GET /an7.php HTTP/1.1" 403 199 "-" "-"
20.91.136.114 - - [06/Apr/2026:18:49:39 +0800] "GET /an7.php HTTP/1.1" 403 199 "-" "-"
20.91.136.114 - - [06/Apr/2026:18:49:42 +0800] "GET /ava.php HTTP/1.1" 403 199 "-" "-"
20.91.136.114 - - [06/Apr/2026:18:49:43 +0800] "GET /ava.php HTTP/1.1" 403 199 "-" "-"
20.91.136.114 - - [06/Apr/2026:18:49:45 +0800] "GET /ava.php HTTP/1.1" 403 199 "-" "-"
20.91.136.114 - - [06/Apr/2026:18:49:52 +0800] "GET /ava.php HTTP/1.1" 403 199 "-" "-"
20.91.136.114 - - [06/Apr/2026:18:49:54 +0800] "GET /uxijj.php HTTP/1.1" 403 199 "-" "-"
20.91.136.114 - - [06/Apr/2026:18:49:56 +0800] "GET /uxijj.php HTTP/1.1" 403 199 "-" "-"
20.91.136.114 - - [06/Apr/2026:18:49:58 +0800] "GET /uxijj.php HTTP/1.1" 403 199 "-" "-"
20.91.136.114 - - [06/Apr/2026:18:50:00 +0800] "GET /uxijj.php HTTP/1.1" 403 199 "-" "-"
20.91.136.114 - - [06/Apr/2026:18:50:05 +0800] "GET /fs7.php HTTP/1.1" 403 199 "-" "-"
103.4.122.14 - - [06/Apr/2026:18:50:21 +0800] "POST /wp-cron.php?doing_wp_cron=1775472621.7619280815124511718750 HTTP/1.1" 200 20 "-" "WordPress/6.9.4; https://bfcg.com.au"
20.91.136.114 - - [06/Apr/2026:18:50:20 +0800] "GET /tool2.php HTTP/1.1" 404 23056 "-" "-"
20.91.136.114 - - [06/Apr/2026:18:50:22 +0800] "GET /zjllx.php HTTP/1.1" 404 23056 "-" "-"
20.91.136.114 - - [06/Apr/2026:18:50:23 +0800] "GET /h2.php HTTP/1.1" 404 23056 "-" "-"
20.91.136.114 - - [06/Apr/2026:18:50:24 +0800] "GET /tiny2.php HTTP/1.1" 404 23056 "-" "-"
20.91.136.114 - - [06/Apr/2026:18:50:25 +0800] "GET /wsheet1.php HTTP/1.1" 404 23056 "-" "-"
20.91.136.114 - - [06/Apr/2026:18:50:28 +0800] "GET /dbc.php HTTP/1.1" 404 23056 "-" "-"
20.91.136.114 - - [06/Apr/2026:18:50:29 +0800] "GET /wp-the.php HTTP/1.1" 404 23056 "-" "-"
20.91.136.114 - - [06/Apr/2026:18:50:31 +0800] "GET /ukaa.php HTTP/1.1" 404 23056 "-" "-"
20.91.136.114 - - [06/Apr/2026:18:50:32 +0800] "GET /xs.php HTTP/1.1" 404 23056 "-" "-"
20.91.136.114 - - [06/Apr/2026:18:50:33 +0800] "GET /wgift1.php HTTP/1.1" 404 23056 "-" "-"
20.91.136.114 - - [06/Apr/2026:18:50:34 +0800] "GET /zogy1.php HTTP/1.1" 404 23056 "-" "-"
20.91.136.114 - - [06/Apr/2026:18:50:36 +0800] "GET /zoper1.php HTTP/1.1" 403 199 "-" "-"
20.91.136.114 - - [06/Apr/2026:18:50:40 +0800] "GET /zoper1.php HTTP/1.1" 403 199 "-" "-"
20.91.136.114 - - [06/Apr/2026:18:50:44 +0800] "GET /zoper1.php HTTP/1.1" 403 199 "-" "-"
20.91.136.114 - - [06/Apr/2026:18:50:45 +0800] "GET /zoper1.php HTTP/1.1" 403 199 "-" "-"
20.91.136.114 - - [06/Apr/2026:18:50:48 +0800] "GET /wmore1.php HTTP/1.1" 403 199 "-" "-"
20.91.136.114 - - [06/Apr/2026:18:50:52 +0800] "GET /wmore1.php HTTP/1.1" 403 199 "-" "-"
20.91.136.114 - - [06/Apr/2026:18:50:54 +0800] "GET /wmore1.php HTTP/1.1" 403 199 "-" "-"
20.91.136.114 - - [06/Apr/2026:18:50:54 +0800] "GET /wmore1.php HTTP/1.1" 403 199 "-" "-"
20.91.136.114 - - [06/Apr/2026:18:50:57 +0800] "GET /cc13.php HTTP/1.1" 403 199 "-" "-"
20.91.136.114 - - [06/Apr/2026:18:50:58 +0800] "GET /cc13.php HTTP/1.1" 403 199 "-" "-"
20.91.136.114 - - [06/Apr/2026:18:51:00 +0800] "GET /cc13.php HTTP/1.1" 403 199 "-" "-"
20.91.136.114 - - [06/Apr/2026:18:51:02 +0800] "GET /cc13.php HTTP/1.1" 403 199 "-" "-"
20.91.136.114 - - [06/Apr/2026:18:51:15 +0800] "GET /ccs.php HTTP/1.1" 403 199 "-" "-"
20.91.136.114 - - [06/Apr/2026:18:51:23 +0800] "GET /ccu.php HTTP/1.1" 403 199 "-" "-"
20.91.136.114 - - [06/Apr/2026:18:51:26 +0800] "GET /ccu.php HTTP/1.1" 403 199 "-" "-"
20.91.136.114 - - [06/Apr/2026:18:51:33 +0800] "GET /ccu.php HTTP/1.1" 403 199 "-" "-"
103.4.122.14 - - [06/Apr/2026:18:51:37 +0800] "POST /wp-cron.php?doing_wp_cron=1775472697.4752609729766845703125 HTTP/1.1" 200 20 "-" "WordPress/6.9.4; https://bfcg.com.au"
20.91.136.114 - - [06/Apr/2026:18:51:36 +0800] "GET /img.php HTTP/1.1" 404 23056 "-" "-"
20.91.136.114 - - [06/Apr/2026:18:51:38 +0800] "GET /bnm.php HTTP/1.1" 404 23056 "-" "-"
20.91.136.114 - - [06/Apr/2026:18:51:39 +0800] "GET /wp-turn.php HTTP/1.1" 404 23056 "-" "-"
20.91.136.114 - - [06/Apr/2026:18:51:40 +0800] "GET /sadcut1.php HTTP/1.1" 404 23056 "-" "-"
20.91.136.114 - - [06/Apr/2026:18:51:41 +0800] "GET /saorix1.php HTTP/1.1" 404 23056 "-" "-"
20.91.136.114 - - [06/Apr/2026:18:51:43 +0800] "GET /class-wp-image.php HTTP/1.1" 404 23056 "-" "-"
20.91.136.114 - - [06/Apr/2026:18:51:44 +0800] "GET /kolda.php HTTP/1.1" 404 23056 "-" "-"
20.91.136.114 - - [06/Apr/2026:18:51:45 +0800] "GET /yussef.php HTTP/1.1" 404 23056 "-" "-"
20.91.136.114 - - [06/Apr/2026:18:51:46 +0800] "GET /ay.php HTTP/1.1" 404 23056 "-" "-"
20.91.136.114 - - [06/Apr/2026:18:51:47 +0800] "GET /12.php HTTP/1.1" 404 23056 "-" "-"
20.91.136.114 - - [06/Apr/2026:18:51:48 +0800] "GET /btx25.php HTTP/1.1" 404 23056 "-" "-"
20.91.136.114 - - [06/Apr/2026:18:51:49 +0800] "GET /x123x.php HTTP/1.1" 403 199 "-" "-"
20.91.136.114 - - [06/Apr/2026:18:51:54 +0800] "GET /x123x.php HTTP/1.1" 403 199 "-" "-"
20.91.136.114 - - [06/Apr/2026:18:51:57 +0800] "GET /x123x.php HTTP/1.1" 403 199 "-" "-"
20.91.136.114 - - [06/Apr/2026:18:52:01 +0800] "GET /x123x.php HTTP/1.1" 403 199 "-" "-"
20.91.136.114 - - [06/Apr/2026:18:52:03 +0800] "GET /trx24.php HTTP/1.1" 403 199 "-" "-"
20.91.136.114 - - [06/Apr/2026:18:52:15 +0800] "GET /trx24.php HTTP/1.1" 403 199 "-" "-"
20.91.136.114 - - [06/Apr/2026:18:52:19 +0800] "GET /lv.php HTTP/1.1" 403 199 "-" "-"
20.91.136.114 - - [06/Apr/2026:18:52:20 +0800] "GET /lv.php HTTP/1.1" 403 199 "-" "-"
20.91.136.114 - - [06/Apr/2026:18:52:21 +0800] "GET /lv.php HTTP/1.1" 403 199 "-" "-"
20.91.136.114 - - [06/Apr/2026:18:52:22 +0800] "GET /lv.php HTTP/1.1" 403 199 "-" "-"
20.91.136.114 - - [06/Apr/2026:18:52:24 +0800] "GET /dass.php HTTP/1.1" 403 199 "-" "-"
20.91.136.114 - - [06/Apr/2026:18:52:23 +0800] "GET /dass.php HTTP/1.1" 403 199 "-" "-"
20.91.136.114 - - [06/Apr/2026:18:52:25 +0800] "GET /dass.php HTTP/1.1" 403 199 "-" "-"
20.91.136.114 - - [06/Apr/2026:18:52:27 +0800] "GET /dass.php HTTP/1.1" 403 199 "-" "-"
20.91.136.114 - - [06/Apr/2026:18:52:28 +0800] "GET /less.php HTTP/1.1" 403 199 "-" "-"
20.91.136.114 - - [06/Apr/2026:18:52:29 +0800] "GET /less.php HTTP/1.1" 403 199 "-" "-"
20.91.136.114 - - [06/Apr/2026:18:52:30 +0800] "GET /less.php HTTP/1.1" 403 199 "-" "-"
20.91.136.114 - - [06/Apr/2026:18:52:31 +0800] "GET /less.php HTTP/1.1" 403 199 "-" "-"
20.91.136.114 - - [06/Apr/2026:18:52:33 +0800] "GET /ss.php HTTP/1.1" 403 199 "-" "-"
20.91.136.114 - - [06/Apr/2026:18:52:34 +0800] "GET /ss.php HTTP/1.1" 403 199 "-" "-"
20.91.136.114 - - [06/Apr/2026:18:52:36 +0800] "GET /ss.php HTTP/1.1" 403 199 "-" "-"
20.91.136.114 - - [06/Apr/2026:18:52:38 +0800] "GET /ss.php HTTP/1.1" 403 199 "-" "-"
20.91.136.114 - - [06/Apr/2026:18:52:41 +0800] "GET /xdd.php HTTP/1.1" 403 199 "-" "-"
20.91.136.114 - - [06/Apr/2026:18:52:44 +0800] "GET /xdd.php HTTP/1.1" 403 199 "-" "-"
20.91.136.114 - - [06/Apr/2026:18:52:45 +0800] "GET /xdd.php HTTP/1.1" 403 199 "-" "-"
103.4.122.14 - - [06/Apr/2026:18:52:48 +0800] "POST /wp-cron.php?doing_wp_cron=1775472768.8739299774169921875000 HTTP/1.1" 200 20 "-" "WordPress/6.9.4; https://bfcg.com.au"
20.91.136.114 - - [06/Apr/2026:18:52:48 +0800] "GET /xdd.php HTTP/1.1" 404 23056 "-" "-"
20.91.136.114 - - [06/Apr/2026:18:52:49 +0800] "GET /ggb.php HTTP/1.1" 404 23056 "-" "-"
20.91.136.114 - - [06/Apr/2026:18:52:50 +0800] "GET /roksad1.php HTTP/1.1" 404 23056 "-" "-"
20.91.136.114 - - [06/Apr/2026:18:52:51 +0800] "GET /update1.php HTTP/1.1" 404 23056 "-" "-"
20.91.136.114 - - [06/Apr/2026:18:52:52 +0800] "GET /wp-act.php HTTP/1.1" 404 23056 "-" "-"
20.91.136.114 - - [06/Apr/2026:18:52:53 +0800] "GET /9.php HTTP/1.1" 404 23056 "-" "-"
20.91.136.114 - - [06/Apr/2026:18:52:54 +0800] "GET /new2.php HTTP/1.1" 404 23056 "-" "-"
20.91.136.114 - - [06/Apr/2026:18:52:56 +0800] "GET /packsin1.php HTTP/1.1" 404 23056 "-" "-"
20.91.136.114 - - [06/Apr/2026:18:52:57 +0800] "GET /wziar1.php HTTP/1.1" 404 23056 "-" "-"
20.91.136.114 - - [06/Apr/2026:18:52:58 +0800] "GET /wswer1.php HTTP/1.1" 404 23056 "-" "-"
20.91.136.114 - - [06/Apr/2026:18:52:59 +0800] "GET /wp-ccv.php HTTP/1.1" 404 23056 "-" "-"
20.91.136.114 - - [06/Apr/2026:18:53:00 +0800] "GET /wo.php HTTP/1.1" 403 199 "-" "-"
20.91.136.114 - - [06/Apr/2026:18:53:10 +0800] "GET /wo.php HTTP/1.1" 403 199 "-" "-"
20.91.136.114 - - [06/Apr/2026:18:53:14 +0800] "GET /wo.php HTTP/1.1" 403 199 "-" "-"
20.91.136.114 - - [06/Apr/2026:18:53:17 +0800] "GET /2.php HTTP/1.1" 403 199 "-" "-"
20.91.136.114 - - [06/Apr/2026:18:53:23 +0800] "GET /2.php HTTP/1.1" 403 199 "-" "-"
20.91.136.114 - - [06/Apr/2026:18:53:43 +0800] "GET /floya.php HTTP/1.1" 403 199 "-" "-"
20.91.136.114 - - [06/Apr/2026:18:53:53 +0800] "GET /floya.php HTTP/1.1" 403 199 "-" "-"
103.4.122.14 - - [06/Apr/2026:18:54:03 +0800] "POST /wp-cron.php?doing_wp_cron=1775472843.4367439746856689453125 HTTP/1.1" 200 20 "-" "WordPress/6.9.4; https://bfcg.com.au"
20.91.136.114 - - [06/Apr/2026:18:54:02 +0800] "GET /wolf.php HTTP/1.1" 404 23056 "-" "-"
20.91.136.114 - - [06/Apr/2026:18:54:03 +0800] "GET /only.php HTTP/1.1" 404 23056 "-" "-"
20.91.136.114 - - [06/Apr/2026:18:54:05 +0800] "GET /vdb.php HTTP/1.1" 404 23056 "-" "-"
20.91.136.114 - - [06/Apr/2026:18:54:06 +0800] "GET /om.php HTTP/1.1" 404 23056 "-" "-"
20.91.136.114 - - [06/Apr/2026:18:54:07 +0800] "GET /ox.php HTTP/1.1" 404 23056 "-" "-"
20.91.136.114 - - [06/Apr/2026:18:54:08 +0800] "GET /htto.php HTTP/1.1" 404 23056 "-" "-"
20.91.136.114 - - [06/Apr/2026:18:54:09 +0800] "GET /h2h.php HTTP/1.1" 404 23056 "-" "-"
20.91.136.114 - - [06/Apr/2026:18:54:10 +0800] "GET /xff.php HTTP/1.1" 404 23056 "-" "-"
20.91.136.114 - - [06/Apr/2026:18:54:11 +0800] "GET /dichku.php HTTP/1.1" 404 23056 "-" "-"
20.91.136.114 - - [06/Apr/2026:18:54:12 +0800] "GET /lupo.php HTTP/1.1" 404 23056 "-" "-"
20.91.136.114 - - [06/Apr/2026:18:54:13 +0800] "GET /store.php HTTP/1.1" 404 23056 "-" "-"
20.91.136.114 - - [06/Apr/2026:18:54:14 +0800] "GET /xenium4.php HTTP/1.1" 403 199 "-" "-"
20.91.136.114 - - [06/Apr/2026:18:54:40 +0800] "GET /1aa.php HTTP/1.1" 403 199 "-" "-"
20.91.136.114 - - [06/Apr/2026:18:54:48 +0800] "GET /1aa.php HTTP/1.1" 403 199 "-" "-"
20.91.136.114 - - [06/Apr/2026:18:54:52 +0800] "GET /wpyur.php HTTP/1.1" 403 199 "-" "-"
20.91.136.114 - - [06/Apr/2026:18:54:58 +0800] "GET /wpyur.php HTTP/1.1" 403 199 "-" "-"
20.91.136.114 - - [06/Apr/2026:18:55:09 +0800] "GET /wglum.php HTTP/1.1" 403 199 "-" "-"
103.4.122.14 - - [06/Apr/2026:18:55:14 +0800] "POST /wp-cron.php?doing_wp_cron=1775472914.8059499263763427734375 HTTP/1.1" 200 20 "-" "WordPress/6.9.4; https://bfcg.com.au"
20.91.136.114 - - [06/Apr/2026:18:55:13 +0800] "GET /wglum.php HTTP/1.1" 404 23056 "-" "-"
20.91.136.114 - - [06/Apr/2026:18:55:15 +0800] "GET /ayk.php HTTP/1.1" 404 23056 "-" "-"
20.91.136.114 - - [06/Apr/2026:18:55:16 +0800] "GET /byp8.php HTTP/1.1" 404 23056 "-" "-"
20.91.136.114 - - [06/Apr/2026:18:55:17 +0800] "GET /CZoaz8QUeQEV.php HTTP/1.1" 404 23056 "-" "-"
20.91.136.114 - - [06/Apr/2026:18:55:18 +0800] "GET /ttRc68YLe0tB.php HTTP/1.1" 404 23056 "-" "-"
20.91.136.114 - - [06/Apr/2026:18:55:19 +0800] "GET /byrgo.php HTTP/1.1" 404 23056 "-" "-"
20.91.136.114 - - [06/Apr/2026:18:55:20 +0800] "GET /wp-ox9eoqdk.php HTTP/1.1" 404 23056 "-" "-"
20.91.136.114 - - [06/Apr/2026:18:55:21 +0800] "GET /wp-4qtafzz.php HTTP/1.1" 404 23056 "-" "-"
20.91.136.114 - - [06/Apr/2026:18:55:22 +0800] "GET /gilo.php HTTP/1.1" 404 23056 "-" "-"
20.91.136.114 - - [06/Apr/2026:18:55:23 +0800] "GET /ww.php HTTP/1.1" 404 23056 "-" "-"
20.91.136.114 - - [06/Apr/2026:18:55:24 +0800] "GET /x7r.php HTTP/1.1" 404 23056 "-" "-"
20.91.136.114 - - [06/Apr/2026:18:55:25 +0800] "GET /2kpf7h.php HTTP/1.1" 403 199 "-" "-"
20.91.136.114 - - [06/Apr/2026:18:55:47 +0800] "GET /wp-3x94erjd.php HTTP/1.1" 403 199 "-" "-"
