203.175.103.12 - - [05/Apr/2026:12:04:59 +0800] "GET /wp-content/uploads/2020/08/logo-alt.png HTTP/1.1" 200 100570 "https://bfcg.com.au/" "Mozilla/5.0 (Linux; Android 10; K) AppleWebKit/537.36 (KHTML, like Gecko) Chrome/146.0.0.0 Mobile Safari/537.36"
203.175.103.12 - - [05/Apr/2026:12:05:00 +0800] "GET /services/ HTTP/1.1" 200 8661 "https://bfcg.com.au/" "Mozilla/5.0 (Linux; Android 10; K) AppleWebKit/537.36 (KHTML, like Gecko) Chrome/146.0.0.0 Mobile Safari/537.36"
203.175.103.12 - - [05/Apr/2026:12:05:01 +0800] "GET /wp-content/uploads/2020/10/project_life_cycle_new.jpg HTTP/1.1" 200 59210 "https://bfcg.com.au/services/" "Mozilla/5.0 (Linux; Android 10; K) AppleWebKit/537.36 (KHTML, like Gecko) Chrome/146.0.0.0 Mobile Safari/537.36"
203.175.103.12 - - [05/Apr/2026:12:05:01 +0800] "GET /wp-content/cache/autoptimize/css/autoptimize_7f23a7b1444a1faeae193378c30c91ae.css HTTP/1.1" 200 17849 "https://bfcg.com.au/services/" "Mozilla/5.0 (Linux; Android 10; K) AppleWebKit/537.36 (KHTML, like Gecko) Chrome/146.0.0.0 Mobile Safari/537.36"
203.175.103.12 - - [05/Apr/2026:12:04:58 +0800] "GET /wp-content/uploads/2020/10/hero-render-small.jpg HTTP/1.1" 200 322393 "https://bfcg.com.au/wp-content/cache/autoptimize/css/autoptimize_single_fa01caa3511fe59492737e72ecc1ea48.css?ver=1765777674" "Mozilla/5.0 (Linux; Android 10; K) AppleWebKit/537.36 (KHTML, like Gecko) Chrome/146.0.0.0 Mobile Safari/537.36"
203.175.103.12 - - [05/Apr/2026:12:05:01 +0800] "GET /wp-content/cache/autoptimize/js/autoptimize_0476bd60af445891c8491c3498684f0b.js HTTP/1.1" 200 13680 "https://bfcg.com.au/services/" "Mozilla/5.0 (Linux; Android 10; K) AppleWebKit/537.36 (KHTML, like Gecko) Chrome/146.0.0.0 Mobile Safari/537.36"
203.175.103.12 - - [05/Apr/2026:12:05:01 +0800] "GET /wp-content/cache/autoptimize/css/autoptimize_single_958b54a1a0e36b42ed86874243b85acc.css?ver=1765795654 HTTP/1.1" 200 926 "https://bfcg.com.au/services/" "Mozilla/5.0 (Linux; Android 10; K) AppleWebKit/537.36 (KHTML, like Gecko) Chrome/146.0.0.0 Mobile Safari/537.36"
203.175.103.12 - - [05/Apr/2026:12:05:03 +0800] "GET /wp-content/uploads/2020/06/calima-bg-2.jpg HTTP/1.1" 404 6156 "https://bfcg.com.au/wp-content/cache/autoptimize/css/autoptimize_7f23a7b1444a1faeae193378c30c91ae.css" "Mozilla/5.0 (Linux; Android 10; K) AppleWebKit/537.36 (KHTML, like Gecko) Chrome/146.0.0.0 Mobile Safari/537.36"
203.175.103.12 - - [05/Apr/2026:12:05:03 +0800] "GET /wp-content/uploads/2020/08/cropped-favicon-192x192.png HTTP/1.1" 200 20052 "https://bfcg.com.au/services/" "Mozilla/5.0 (Linux; Android 10; K) AppleWebKit/537.36 (KHTML, like Gecko) Chrome/146.0.0.0 Mobile Safari/537.36"
203.175.103.12 - - [05/Apr/2026:12:05:03 +0800] "GET /wp-content/uploads/2020/08/cropped-favicon-180x180.png HTTP/1.1" 200 23689 "https://bfcg.com.au/services/" "Mozilla/5.0 (Linux; Android 10; K) AppleWebKit/537.36 (KHTML, like Gecko) Chrome/146.0.0.0 Mobile Safari/537.36"
203.175.103.12 - - [05/Apr/2026:12:05:03 +0800] "GET /wp-content/uploads/2020/10/project-capital-advisory.jpg HTTP/1.1" 200 40091 "https://bfcg.com.au/services/" "Mozilla/5.0 (Linux; Android 10; K) AppleWebKit/537.36 (KHTML, like Gecko) Chrome/146.0.0.0 Mobile Safari/537.36"
103.4.122.14 - - [05/Apr/2026:12:12:12 +0800] "POST /wp-cron.php?doing_wp_cron=1775362332.7435169219970703125000 HTTP/1.1" 200 20 "-" "WordPress/6.9.4; https://bfcg.com.au"
172.213.234.56 - - [05/Apr/2026:12:12:12 +0800] "GET /wp-content/plugins/hellopress/wp_filemanager.php HTTP/1.1" 404 23056 "-" "-"
172.213.234.56 - - [05/Apr/2026:12:12:13 +0800] "GET /RIP.php HTTP/1.1" 404 23056 "-" "-"
103.4.122.14 - - [05/Apr/2026:12:35:44 +0800] "POST /wp-cron.php?doing_wp_cron=1775363744.5374538898468017578125 HTTP/1.1" 200 20 "-" "WordPress/6.9.4; https://bfcg.com.au"
91.242.71.71 - - [05/Apr/2026:12:35:44 +0800] "GET / HTTP/1.1" 301 20 "-" "Mozilla/5.0 (Windows NT 10.0; Win64; x64) AppleWebKit/537.36 (KHTML, like Gecko) Chrome/145.0.0.0 Safari/537.36"
103.4.122.14 - - [05/Apr/2026:12:43:32 +0800] "POST /wp-cron.php?doing_wp_cron=1775364212.7291181087493896484375 HTTP/1.1" 200 20 "-" "WordPress/6.9.4; https://bfcg.com.au"
46.62.199.214 - - [05/Apr/2026:12:43:32 +0800] "GET / HTTP/1.1" 200 12381 "-" "Mozilla/5.0 (Windows NT 10.0; Win64; x64) AppleWebKit/537.36 (KHTML, like Gecko) Chrome/120.0.0.0 Safari/537.36"
46.62.199.214 - - [05/Apr/2026:12:43:34 +0800] "GET /wp-content/cache/autoptimize/css/autoptimize_036a3e3adb14651182f90577734ef4ef.css HTTP/1.1" 200 17882 "https://bfcg.com.au/" "Mozilla/5.0 (Windows NT 10.0; Win64; x64) AppleWebKit/537.36 (KHTML, like Gecko) Chrome/120.0.0.0 Safari/537.36"
46.62.199.214 - - [05/Apr/2026:12:43:34 +0800] "GET /wp-content/cache/autoptimize/css/autoptimize_single_fa01caa3511fe59492737e72ecc1ea48.css?ver=1765777674 HTTP/1.1" 200 1814 "https://bfcg.com.au/" "Mozilla/5.0 (Windows NT 10.0; Win64; x64) AppleWebKit/537.36 (KHTML, like Gecko) Chrome/120.0.0.0 Safari/537.36"
46.62.199.214 - - [05/Apr/2026:12:43:35 +0800] "GET /wp-content/themes/generatepress/assets/fonts/generatepress.woff2 HTTP/1.1" 200 1264 "https://bfcg.com.au/wp-content/cache/autoptimize/css/autoptimize_036a3e3adb14651182f90577734ef4ef.css" "Mozilla/5.0 (Windows NT 10.0; Win64; x64) AppleWebKit/537.36 (KHTML, like Gecko) Chrome/120.0.0.0 Safari/537.36"
46.62.199.214 - - [05/Apr/2026:12:43:36 +0800] "GET /wp-includes/js/dist/i18n.min.js?ver=c26c3dc7bed366793375 HTTP/1.1" 200 2229 "https://bfcg.com.au/" "Mozilla/5.0 (Windows NT 10.0; Win64; x64) AppleWebKit/537.36 (KHTML, like Gecko) Chrome/120.0.0.0 Safari/537.36"
46.62.199.214 - - [05/Apr/2026:12:43:36 +0800] "GET /wp-includes/js/dist/vendor/wp-polyfill.min.js?ver=3.15.0 HTTP/1.1" 200 11852 "https://bfcg.com.au/" "Mozilla/5.0 (Windows NT 10.0; Win64; x64) AppleWebKit/537.36 (KHTML, like Gecko) Chrome/120.0.0.0 Safari/537.36"
46.62.199.214 - - [05/Apr/2026:12:43:36 +0800] "GET /wp-content/uploads/2020/10/LT160.jpg HTTP/1.1" 200 112143 "https://bfcg.com.au/" "Mozilla/5.0 (Windows NT 10.0; Win64; x64) AppleWebKit/537.36 (KHTML, like Gecko) Chrome/120.0.0.0 Safari/537.36"
103.4.122.14 - - [05/Apr/2026:12:43:38 +0800] "POST /wp-cron.php?doing_wp_cron=1775364218.0159950256347656250000 HTTP/1.1" 200 20 "-" "WordPress/6.9.4; https://bfcg.com.au"
46.62.199.214 - - [05/Apr/2026:12:43:37 +0800] "GET /contact HTTP/1.1" 301 20 "-" "Mozilla/5.0 (Windows NT 10.0; Win64; x64) AppleWebKit/537.36 (KHTML, like Gecko) Chrome/120.0.0.0 Safari/537.36"
46.62.199.214 - - [05/Apr/2026:12:43:39 +0800] "GET /wp-includes/js/dist/hooks.min.js?ver=dd5603f07f9220ed27f1 HTTP/1.1" 200 1941 "https://bfcg.com.au/" "Mozilla/5.0 (Windows NT 10.0; Win64; x64) AppleWebKit/537.36 (KHTML, like Gecko) Chrome/120.0.0.0 Safari/537.36"
46.62.199.214 - - [05/Apr/2026:12:43:39 +0800] "GET /wp-content/uploads/2020/10/hero-render-small.jpg HTTP/1.1" 200 322393 "https://bfcg.com.au/wp-content/cache/autoptimize/css/autoptimize_single_fa01caa3511fe59492737e72ecc1ea48.css?ver=1765777674" "Mozilla/5.0 (Windows NT 10.0; Win64; x64) AppleWebKit/537.36 (KHTML, like Gecko) Chrome/120.0.0.0 Safari/537.36"
46.62.199.214 - - [05/Apr/2026:12:43:41 +0800] "GET /contact/ HTTP/1.1" 200 7969 "-" "Mozilla/5.0 (Windows NT 10.0; Win64; x64) AppleWebKit/537.36 (KHTML, like Gecko) Chrome/120.0.0.0 Safari/537.36"
46.62.199.214 - - [05/Apr/2026:12:43:42 +0800] "GET /wp-content/cache/autoptimize/css/autoptimize_single_2fca3171aa376a32a74376db5881d60f.css?ver=1765772150 HTTP/1.1" 200 780 "https://bfcg.com.au/contact/" "Mozilla/5.0 (Windows NT 10.0; Win64; x64) AppleWebKit/537.36 (KHTML, like Gecko) Chrome/120.0.0.0 Safari/537.36"
46.62.199.214 - - [05/Apr/2026:12:43:42 +0800] "GET /wp-content/cache/autoptimize/css/autoptimize_81f9ddb35a66d3b9b1688d21df294bbe.css HTTP/1.1" 200 17834 "https://bfcg.com.au/contact/" "Mozilla/5.0 (Windows NT 10.0; Win64; x64) AppleWebKit/537.36 (KHTML, like Gecko) Chrome/120.0.0.0 Safari/537.36"
46.62.199.214 - - [05/Apr/2026:12:43:45 +0800] "GET /wp-content/uploads/2020/10/contact.jpg HTTP/1.1" 200 70641 "https://bfcg.com.au/contact/" "Mozilla/5.0 (Windows NT 10.0; Win64; x64) AppleWebKit/537.36 (KHTML, like Gecko) Chrome/120.0.0.0 Safari/537.36"
46.62.199.214 - - [05/Apr/2026:12:43:45 +0800] "GET /about HTTP/1.1" 301 20 "-" "Mozilla/5.0 (Windows NT 10.0; Win64; x64) AppleWebKit/537.36 (KHTML, like Gecko) Chrome/120.0.0.0 Safari/537.36"
46.62.199.214 - - [05/Apr/2026:12:43:47 +0800] "GET /about/ HTTP/1.1" 200 9181 "-" "Mozilla/5.0 (Windows NT 10.0; Win64; x64) AppleWebKit/537.36 (KHTML, like Gecko) Chrome/120.0.0.0 Safari/537.36"
103.4.122.14 - - [05/Apr/2026:12:51:56 +0800] "POST /wp-cron.php?doing_wp_cron=1775364716.7007689476013183593750 HTTP/1.1" 200 20 "-" "WordPress/6.9.4; https://bfcg.com.au"
46.62.199.214 - - [05/Apr/2026:12:51:56 +0800] "GET / HTTP/1.1" 200 12381 "-" "Mozilla/5.0 (Windows NT 10.0; Win64; x64) AppleWebKit/537.36 (KHTML, like Gecko) Chrome/120.0.0.0 Safari/537.36"
46.62.199.214 - - [05/Apr/2026:12:51:58 +0800] "GET /wp-content/cache/autoptimize/css/autoptimize_036a3e3adb14651182f90577734ef4ef.css HTTP/1.1" 200 17882 "https://bfcg.com.au/" "Mozilla/5.0 (Windows NT 10.0; Win64; x64) AppleWebKit/537.36 (KHTML, like Gecko) Chrome/120.0.0.0 Safari/537.36"
46.62.199.214 - - [05/Apr/2026:12:51:58 +0800] "GET /wp-content/cache/autoptimize/css/autoptimize_single_fa01caa3511fe59492737e72ecc1ea48.css?ver=1765777674 HTTP/1.1" 200 1814 "https://bfcg.com.au/" "Mozilla/5.0 (Windows NT 10.0; Win64; x64) AppleWebKit/537.36 (KHTML, like Gecko) Chrome/120.0.0.0 Safari/537.36"
46.62.199.214 - - [05/Apr/2026:12:52:00 +0800] "GET /contact HTTP/1.1" 301 20 "-" "Mozilla/5.0 (Windows NT 10.0; Win64; x64) AppleWebKit/537.36 (KHTML, like Gecko) Chrome/120.0.0.0 Safari/537.36"
46.62.199.214 - - [05/Apr/2026:12:52:01 +0800] "GET /wp-content/uploads/2020/10/LT160.jpg HTTP/1.1" 200 112143 "https://bfcg.com.au/" "Mozilla/5.0 (Windows NT 10.0; Win64; x64) AppleWebKit/537.36 (KHTML, like Gecko) Chrome/120.0.0.0 Safari/537.36"
46.62.199.214 - - [05/Apr/2026:12:52:03 +0800] "GET /wp-includes/js/dist/i18n.min.js?ver=c26c3dc7bed366793375 HTTP/1.1" 200 2229 "https://bfcg.com.au/" "Mozilla/5.0 (Windows NT 10.0; Win64; x64) AppleWebKit/537.36 (KHTML, like Gecko) Chrome/120.0.0.0 Safari/537.36"
46.62.199.214 - - [05/Apr/2026:12:52:03 +0800] "GET /wp-includes/js/dist/vendor/wp-polyfill.min.js?ver=3.15.0 HTTP/1.1" 200 11852 "https://bfcg.com.au/" "Mozilla/5.0 (Windows NT 10.0; Win64; x64) AppleWebKit/537.36 (KHTML, like Gecko) Chrome/120.0.0.0 Safari/537.36"
46.62.199.214 - - [05/Apr/2026:12:52:03 +0800] "GET /wp-content/themes/generatepress/assets/fonts/generatepress.woff2 HTTP/1.1" 200 1264 "https://bfcg.com.au/wp-content/cache/autoptimize/css/autoptimize_036a3e3adb14651182f90577734ef4ef.css" "Mozilla/5.0 (Windows NT 10.0; Win64; x64) AppleWebKit/537.36 (KHTML, like Gecko) Chrome/120.0.0.0 Safari/537.36"
46.62.199.214 - - [05/Apr/2026:12:52:04 +0800] "GET /wp-includes/js/dist/hooks.min.js?ver=dd5603f07f9220ed27f1 HTTP/1.1" 200 1941 "https://bfcg.com.au/" "Mozilla/5.0 (Windows NT 10.0; Win64; x64) AppleWebKit/537.36 (KHTML, like Gecko) Chrome/120.0.0.0 Safari/537.36"
46.62.199.214 - - [05/Apr/2026:12:52:04 +0800] "GET /contact/ HTTP/1.1" 200 7969 "-" "Mozilla/5.0 (Windows NT 10.0; Win64; x64) AppleWebKit/537.36 (KHTML, like Gecko) Chrome/120.0.0.0 Safari/537.36"
46.62.199.214 - - [05/Apr/2026:12:52:04 +0800] "GET /wp-content/cache/autoptimize/css/autoptimize_single_2fca3171aa376a32a74376db5881d60f.css?ver=1765772150 HTTP/1.1" 200 780 "https://bfcg.com.au/contact/" "Mozilla/5.0 (Windows NT 10.0; Win64; x64) AppleWebKit/537.36 (KHTML, like Gecko) Chrome/120.0.0.0 Safari/537.36"
46.62.199.214 - - [05/Apr/2026:12:52:04 +0800] "GET /wp-content/cache/autoptimize/css/autoptimize_81f9ddb35a66d3b9b1688d21df294bbe.css HTTP/1.1" 200 17834 "https://bfcg.com.au/contact/" "Mozilla/5.0 (Windows NT 10.0; Win64; x64) AppleWebKit/537.36 (KHTML, like Gecko) Chrome/120.0.0.0 Safari/537.36"
46.62.199.214 - - [05/Apr/2026:12:52:05 +0800] "GET /wp-content/uploads/2020/10/hero-render-small.jpg HTTP/1.1" 200 322393 "https://bfcg.com.au/wp-content/cache/autoptimize/css/autoptimize_single_fa01caa3511fe59492737e72ecc1ea48.css?ver=1765777674" "Mozilla/5.0 (Windows NT 10.0; Win64; x64) AppleWebKit/537.36 (KHTML, like Gecko) Chrome/120.0.0.0 Safari/537.36"
46.62.199.214 - - [05/Apr/2026:12:52:05 +0800] "GET /wp-content/uploads/2020/10/contact.jpg HTTP/1.1" 200 70641 "https://bfcg.com.au/contact/" "Mozilla/5.0 (Windows NT 10.0; Win64; x64) AppleWebKit/537.36 (KHTML, like Gecko) Chrome/120.0.0.0 Safari/537.36"
46.62.199.214 - - [05/Apr/2026:12:52:06 +0800] "GET /about HTTP/1.1" 301 20 "-" "Mozilla/5.0 (Windows NT 10.0; Win64; x64) AppleWebKit/537.36 (KHTML, like Gecko) Chrome/120.0.0.0 Safari/537.36"
46.62.199.214 - - [05/Apr/2026:12:52:09 +0800] "GET /about/ HTTP/1.1" 200 9181 "-" "Mozilla/5.0 (Windows NT 10.0; Win64; x64) AppleWebKit/537.36 (KHTML, like Gecko) Chrome/120.0.0.0 Safari/537.36"
46.62.199.214 - - [05/Apr/2026:12:52:09 +0800] "GET /wp-content/plugins/autoptimize/classes/external/js/lazysizes.min.js?ao_version=3.1.15 HTTP/1.1" 200 4122 "https://bfcg.com.au/contact/" "Mozilla/5.0 (Windows NT 10.0; Win64; x64) AppleWebKit/537.36 (KHTML, like Gecko) Chrome/120.0.0.0 Safari/537.36"
46.62.199.214 - - [05/Apr/2026:12:52:11 +0800] "GET /wp-content/cache/autoptimize/js/autoptimize_0476bd60af445891c8491c3498684f0b.js HTTP/1.1" 200 13680 "https://bfcg.com.au/contact/" "Mozilla/5.0 (Windows NT 10.0; Win64; x64) AppleWebKit/537.36 (KHTML, like Gecko) Chrome/120.0.0.0 Safari/537.36"
46.62.199.214 - - [05/Apr/2026:12:52:11 +0800] "GET /wp-content/cache/autoptimize/css/autoptimize_single_aadae654ad0b7188827e85393288abdb.css?ver=1765772697 HTTP/1.1" 200 1034 "https://bfcg.com.au/about/" "Mozilla/5.0 (Windows NT 10.0; Win64; x64) AppleWebKit/537.36 (KHTML, like Gecko) Chrome/120.0.0.0 Safari/537.36"
46.62.199.214 - - [05/Apr/2026:12:52:12 +0800] "GET /wp-content/uploads/2020/09/turnkey_material_processing.jpg HTTP/1.1" 200 62275 "https://bfcg.com.au/about/" "Mozilla/5.0 (Windows NT 10.0; Win64; x64) AppleWebKit/537.36 (KHTML, like Gecko) Chrome/120.0.0.0 Safari/537.36"
103.4.122.14 - - [05/Apr/2026:12:57:50 +0800] "POST /wp-cron.php?doing_wp_cron=1775365070.2063090801239013671875 HTTP/1.1" 200 20 "-" "WordPress/6.9.4; https://bfcg.com.au"
54.39.203.112 - - [05/Apr/2026:12:57:49 +0800] "GET /wp-sitemap.xml HTTP/1.1" 200 229 "-" "Mozilla/5.0 (compatible; AhrefsBot/7.0; +http://ahrefs.com/robot/)"
51.222.168.115 - - [05/Apr/2026:12:57:52 +0800] "GET /wp-sitemap-posts-post-1.xml HTTP/1.1" 200 220 "-" "Mozilla/5.0 (compatible; AhrefsBot/7.0; +http://ahrefs.com/robot/)"
148.113.130.148 - - [05/Apr/2026:12:57:54 +0800] "GET /wp-sitemap-posts-page-1.xml HTTP/1.1" 200 441 "-" "Mozilla/5.0 (compatible; AhrefsBot/7.0; +http://ahrefs.com/robot/)"
54.39.89.101 - - [05/Apr/2026:12:57:57 +0800] "GET /wp-sitemap-posts-docs-1.xml HTTP/1.1" 200 520 "-" "Mozilla/5.0 (compatible; AhrefsBot/7.0; +http://ahrefs.com/robot/)"
54.39.210.28 - - [05/Apr/2026:12:57:59 +0800] "GET /wp-sitemap-taxonomies-category-1.xml HTTP/1.1" 200 184 "-" "Mozilla/5.0 (compatible; AhrefsBot/7.0; +http://ahrefs.com/robot/)"
51.161.65.86 - - [05/Apr/2026:12:58:01 +0800] "GET /wp-sitemap-users-1.xml HTTP/1.1" 200 184 "-" "Mozilla/5.0 (compatible; AhrefsBot/7.0; +http://ahrefs.com/robot/)"
103.4.122.14 - - [05/Apr/2026:13:09:23 +0800] "POST /wp-cron.php?doing_wp_cron=1775365763.4560010433197021484375 HTTP/1.1" 200 20 "-" "WordPress/6.9.4; https://bfcg.com.au"
114.119.153.97 - - [05/Apr/2026:13:09:23 +0800] "GET / HTTP/1.1" 301 20 "-" "Mozilla/5.0 (Linux; Android 7.0;) AppleWebKit/537.36 (KHTML, like Gecko) Mobile Safari/537.36 (compatible; PetalBot;+https://webmaster.petalsearch.com/site/petalbot)"
103.4.122.14 - - [05/Apr/2026:13:09:29 +0800] "POST /wp-cron.php?doing_wp_cron=1775365769.0241138935089111328125 HTTP/1.1" 200 20 "-" "WordPress/6.9.4; https://bfcg.com.au"
114.119.153.97 - - [05/Apr/2026:13:09:28 +0800] "GET / HTTP/1.1" 200 12381 "-" "Mozilla/5.0 (Linux; Android 7.0;) AppleWebKit/537.36 (KHTML, like Gecko) Mobile Safari/537.36 (compatible; PetalBot;+https://webmaster.petalsearch.com/site/petalbot)"
103.4.122.14 - - [05/Apr/2026:13:15:17 +0800] "POST /wp-cron.php?doing_wp_cron=1775366117.5155060291290283203125 HTTP/1.1" 200 20 "-" "WordPress/6.9.4; https://bfcg.com.au"
38.7.199.176 - - [05/Apr/2026:13:15:16 +0800] "GET /docs/employee-resources/scheduled-maintenance/250hr-service-skid-steer/ HTTP/1.1" 200 9566 "-" "Mozilla/5.0 (Macintosh; Intel Mac OS X 10_11_6) AppleWebKit/537.36 (KHTML, like Gecko) Chrome/96.0.4664.93 Safari/537.36"
103.4.122.14 - - [05/Apr/2026:13:30:30 +0800] "POST /wp-cron.php?doing_wp_cron=1775367030.1119990348815917968750 HTTP/1.1" 200 20 "-" "WordPress/6.9.4; https://bfcg.com.au"
103.117.237.130 - - [05/Apr/2026:13:30:29 +0800] "POST /xmlrpc.php HTTP/1.1" 200 403 "-" "Mozilla/5.0 (Windows NT 6.2; x86) AppleWebKit/537.36 (KHTML, like Gecko) Firefox/100.0.0.0 Safari/537.36"
43.156.228.27 - - [05/Apr/2026:13:31:25 +0800] "GET / HTTP/1.1" 403 199 "-" "Mozilla/5.0 (iPhone; CPU iPhone OS 13_2_3 like Mac OS X) AppleWebKit/605.1.15 (KHTML, like Gecko) Version/13.0.3 Mobile/15E148 Safari/604.1"
103.117.237.130 - - [05/Apr/2026:13:34:40 +0800] "GET /wp-json/wp/v2/users HTTP/1.1" 403 199 "-" "Mozilla/4.0 (compatible; Win32; WinHttp.WinHttpRequest.5)"
103.4.122.14 - - [05/Apr/2026:13:35:08 +0800] "POST /wp-cron.php?doing_wp_cron=1775367308.8364799022674560546875 HTTP/1.1" 200 20 "-" "WordPress/6.9.4; https://bfcg.com.au"
54.244.23.5 - - [05/Apr/2026:13:35:08 +0800] "GET / HTTP/1.1" 301 20 "-" "Mozilla/5.0 (Windows NT 10.0; Win64; x64) AppleWebKit/537.36 (KHTML, like Gecko) Chrome/113.0.0.0 Safari/537.36"
54.244.23.5 - - [05/Apr/2026:13:35:09 +0800] "GET / HTTP/1.1" 200 12381 "-" "Mozilla/5.0 (Windows NT 10.0; Win64; x64) AppleWebKit/537.36 (KHTML, like Gecko) Chrome/113.0.0.0 Safari/537.36"
103.4.122.14 - - [05/Apr/2026:13:35:57 +0800] "POST /wp-cron.php?doing_wp_cron=1775367357.3917329311370849609375 HTTP/1.1" 200 20 "-" "WordPress/6.9.4; https://bfcg.com.au"
103.117.237.130 - - [05/Apr/2026:13:35:56 +0800] "POST /xmlrpc.php HTTP/1.1" 200 403 "-" "Mozilla/5.0 (Windows NT 6.3; x64) AppleWebKit/537.36 (KHTML, like Gecko) Safari/10.0.0.0 Safari/537.36"
103.4.122.14 - - [05/Apr/2026:13:36:40 +0800] "POST /wp-cron.php?doing_wp_cron=1775367400.4380879402160644531250 HTTP/1.1" 200 20 "-" "WordPress/6.9.4; https://bfcg.com.au"
185.80.149.16 - - [05/Apr/2026:13:36:40 +0800] "GET / HTTP/1.1" 301 20 "-" "Mozilla/5.0 (X11; Linux x86_64) AppleWebKit/537.36 (KHTML, like Gecko) Chrome/114.0.0.0 Safari/537.36 OPR/89.0.4447.51"
185.80.149.16 - - [05/Apr/2026:13:36:42 +0800] "GET / HTTP/1.1" 200 12381 "http://BFCG.COM.AU" "Mozilla/5.0 (X11; Linux x86_64) AppleWebKit/537.36 (KHTML, like Gecko) Chrome/114.0.0.0 Safari/537.36 OPR/89.0.4447.51"
185.80.149.16 - - [05/Apr/2026:13:36:44 +0800] "GET /wp-login.php?action=register HTTP/1.1" 302 20 "https://bfcg.com.au/" "Mozilla/5.0 (Windows NT 6.3; Win64; x64) AppleWebKit/537.36 (KHTML, like Gecko) Chrome/103.0.0.0 Safari/537.36"
20.199.99.25 - - [05/Apr/2026:13:36:45 +0800] "GET /wp-content/plugins/hellopress/wp_filemanager.php HTTP/1.1" 404 23056 "-" "-"
20.199.99.25 - - [05/Apr/2026:13:36:46 +0800] "GET /CDX2.php HTTP/1.1" 404 23056 "-" "-"
20.199.99.25 - - [05/Apr/2026:13:36:46 +0800] "GET /gvg1bvpsgtot1rpklCdefault.php HTTP/1.1" 404 23056 "-" "-"
185.80.149.16 - - [05/Apr/2026:13:36:46 +0800] "GET /wp-login.php?registration=disabled HTTP/1.1" 200 3033 "https://bfcg.com.au/wp-login.php?action=register" "Mozilla/5.0 (Windows NT 6.3; Win64; x64) AppleWebKit/537.36 (KHTML, like Gecko) Chrome/103.0.0.0 Safari/537.36"
20.199.99.25 - - [05/Apr/2026:13:36:47 +0800] "GET /wtiiy.php HTTP/1.1" 404 23056 "-" "-"
20.199.99.25 - - [05/Apr/2026:13:36:48 +0800] "GET /file61.php HTTP/1.1" 404 23056 "-" "-"
20.199.99.25 - - [05/Apr/2026:13:36:48 +0800] "GET /term.php HTTP/1.1" 404 23056 "-" "-"
20.199.99.25 - - [05/Apr/2026:13:36:49 +0800] "GET /qiumnpor3orjwr6me3zmgqCdefault.php HTTP/1.1" 404 23056 "-" "-"
20.199.99.25 - - [05/Apr/2026:13:36:50 +0800] "GET /Ov-Simple1.php HTTP/1.1" 404 23056 "-" "-"
20.199.99.25 - - [05/Apr/2026:13:36:50 +0800] "GET /asasx.php HTTP/1.1" 404 23056 "-" "-"
20.199.99.25 - - [05/Apr/2026:13:36:51 +0800] "GET /only.php HTTP/1.1" 404 23056 "-" "-"
20.199.99.25 - - [05/Apr/2026:13:36:52 +0800] "GET /t2gorhwasq4vioshtatw5eCdefault.php HTTP/1.1" 404 23056 "-" "-"
20.199.99.25 - - [05/Apr/2026:13:36:53 +0800] "GET /xwx1.php HTTP/1.1" 403 199 "-" "-"
20.199.99.25 - - [05/Apr/2026:13:37:01 +0800] "GET /xwx1.php HTTP/1.1" 403 199 "-" "-"
20.199.99.25 - - [05/Apr/2026:13:37:04 +0800] "GET /xwx1.php HTTP/1.1" 403 199 "-" "-"
20.199.99.25 - - [05/Apr/2026:13:37:05 +0800] "GET /xwx1.php HTTP/1.1" 403 199 "-" "-"
20.199.99.25 - - [05/Apr/2026:13:37:08 +0800] "GET /bolt.php HTTP/1.1" 403 199 "-" "-"
103.117.237.130 - - [05/Apr/2026:13:37:08 +0800] "POST /xmlrpc.php HTTP/1.1" 200 403 "-" "Mozilla/5.0 (Macintosh; Intel Mac OS X 10_15_7; arm64) AppleWebKit/537.36 (KHTML, like Gecko) Safari/14.0.0.0 Safari/537.36"
20.199.99.25 - - [05/Apr/2026:13:37:11 +0800] "GET /bolt.php HTTP/1.1" 403 199 "-" "-"
20.199.99.25 - - [05/Apr/2026:13:37:23 +0800] "GET /Sanskrit.php HTTP/1.1" 403 199 "-" "-"
20.199.99.25 - - [05/Apr/2026:13:37:25 +0800] "GET /Sanskrit.php HTTP/1.1" 403 199 "-" "-"
20.199.99.25 - - [05/Apr/2026:13:37:27 +0800] "GET /Sanskrit.php HTTP/1.1" 403 199 "-" "-"
20.199.99.25 - - [05/Apr/2026:13:37:29 +0800] "GET /Sanskrit.php HTTP/1.1" 403 199 "-" "-"
20.199.99.25 - - [05/Apr/2026:13:37:32 +0800] "GET /public/mI35rZhMg1zJ1vuXdefault.php HTTP/1.1" 403 199 "-" "-"
20.199.99.25 - - [05/Apr/2026:13:37:38 +0800] "GET /public/mI35rZhMg1zJ1vuXdefault.php HTTP/1.1" 403 199 "-" "-"
20.199.99.25 - - [05/Apr/2026:13:37:47 +0800] "GET /ws88.php HTTP/1.1" 403 199 "-" "-"
103.4.122.14 - - [05/Apr/2026:13:37:52 +0800] "POST /wp-cron.php?doing_wp_cron=1775367472.6866579055786132812500 HTTP/1.1" 200 20 "-" "WordPress/6.9.4; https://bfcg.com.au"
20.199.99.25 - - [05/Apr/2026:13:37:52 +0800] "GET /ws88.php HTTP/1.1" 404 23056 "-" "-"
20.199.99.25 - - [05/Apr/2026:13:37:53 +0800] "GET /6xBAm3vODE05BSzkJZRAws.php HTTP/1.1" 404 23056 "-" "-"
20.199.99.25 - - [05/Apr/2026:13:37:53 +0800] "GET /CDX1.php HTTP/1.1" 404 23056 "-" "-"
20.199.99.25 - - [05/Apr/2026:13:37:54 +0800] "GET /8daf1238_1774208172.php HTTP/1.1" 404 23056 "-" "-"
20.199.99.25 - - [05/Apr/2026:13:37:55 +0800] "GET /ortasekerli1.php HTTP/1.1" 404 23056 "-" "-"
20.199.99.25 - - [05/Apr/2026:13:37:55 +0800] "GET /bgymj.php HTTP/1.1" 404 23056 "-" "-"
20.199.99.25 - - [05/Apr/2026:13:37:56 +0800] "GET /lmutxdvyp7u5yksqke8ozbjgCdefault.php HTTP/1.1" 404 23056 "-" "-"
20.199.99.25 - - [05/Apr/2026:13:37:57 +0800] "GET /wziar1.php HTTP/1.1" 404 23056 "-" "-"
20.199.99.25 - - [05/Apr/2026:13:37:58 +0800] "GET /jga.php HTTP/1.1" 404 23056 "-" "-"
20.199.99.25 - - [05/Apr/2026:13:37:58 +0800] "GET /byypas.php HTTP/1.1" 404 23056 "-" "-"
20.199.99.25 - - [05/Apr/2026:13:37:59 +0800] "GET /uuu.php HTTP/1.1" 404 23056 "-" "-"
20.199.99.25 - - [05/Apr/2026:13:38:00 +0800] "GET /wmore1.php HTTP/1.1" 403 199 "-" "-"
20.199.99.25 - - [05/Apr/2026:13:38:02 +0800] "GET /wmore1.php HTTP/1.1" 403 199 "-" "-"
20.199.99.25 - - [05/Apr/2026:13:38:04 +0800] "GET /wmore1.php HTTP/1.1" 403 199 "-" "-"
20.199.99.25 - - [05/Apr/2026:13:38:11 +0800] "GET /wmore1.php HTTP/1.1" 403 199 "-" "-"
20.199.99.25 - - [05/Apr/2026:13:38:19 +0800] "GET /ws.php HTTP/1.1" 403 199 "-" "-"
103.117.237.130 - - [05/Apr/2026:13:38:20 +0800] "POST /xmlrpc.php HTTP/1.1" 200 403 "-" "Mozilla/5.0 (X11; Ubuntu; Linux x86_64; arm64) AppleWebKit/537.36 (KHTML, like Gecko) Safari/10.0.0.0 Safari/537.36"
20.199.99.25 - - [05/Apr/2026:13:38:25 +0800] "GET /ws.php HTTP/1.1" 403 199 "-" "-"
20.199.99.25 - - [05/Apr/2026:13:38:32 +0800] "GET /jlex.php HTTP/1.1" 403 199 "-" "-"
20.199.99.25 - - [05/Apr/2026:13:38:34 +0800] "GET /jlex.php HTTP/1.1" 403 199 "-" "-"
20.199.99.25 - - [05/Apr/2026:13:38:36 +0800] "GET /jlex.php HTTP/1.1" 403 199 "-" "-"
20.199.99.25 - - [05/Apr/2026:13:38:38 +0800] "GET /jlex.php HTTP/1.1" 403 199 "-" "-"
20.199.99.25 - - [05/Apr/2026:13:38:41 +0800] "GET /classwithtostring.php HTTP/1.1" 403 199 "-" "-"
20.199.99.25 - - [05/Apr/2026:13:38:43 +0800] "GET /classwithtostring.php HTTP/1.1" 403 199 "-" "-"
20.199.99.25 - - [05/Apr/2026:13:38:44 +0800] "GET /classwithtostring.php HTTP/1.1" 403 199 "-" "-"
20.199.99.25 - - [05/Apr/2026:13:38:50 +0800] "GET /classwithtostring.php HTTP/1.1" 403 199 "-" "-"
20.199.99.25 - - [05/Apr/2026:13:38:53 +0800] "GET /kj.php HTTP/1.1" 403 199 "-" "-"
20.199.99.25 - - [05/Apr/2026:13:38:54 +0800] "GET /kj.php HTTP/1.1" 403 199 "-" "-"
20.199.99.25 - - [05/Apr/2026:13:38:56 +0800] "GET /kj.php HTTP/1.1" 403 199 "-" "-"
20.199.99.25 - - [05/Apr/2026:13:38:57 +0800] "GET /kj.php HTTP/1.1" 403 199 "-" "-"
20.199.99.25 - - [05/Apr/2026:13:39:01 +0800] "GET /ws85.php HTTP/1.1" 404 23056 "-" "-"
20.199.99.25 - - [05/Apr/2026:13:39:02 +0800] "GET /wp-png.php HTTP/1.1" 404 23056 "-" "-"
103.4.122.14 - - [05/Apr/2026:13:39:01 +0800] "POST /wp-cron.php?doing_wp_cron=1775367541.6845231056213378906250 HTTP/1.1" 200 20 "-" "WordPress/6.9.4; https://bfcg.com.au"
20.199.99.25 - - [05/Apr/2026:13:39:02 +0800] "GET /666.php HTTP/1.1" 404 23056 "-" "-"
20.199.99.25 - - [05/Apr/2026:13:39:03 +0800] "GET /b4txckoieeyhynhsrpi9lCdefault.php HTTP/1.1" 404 23056 "-" "-"
20.199.99.25 - - [05/Apr/2026:13:39:04 +0800] "GET /amax.php HTTP/1.1" 404 23056 "-" "-"
20.199.99.25 - - [05/Apr/2026:13:39:04 +0800] "GET /wp-content/plugins/hellopress/wp_filemanager.php HTTP/1.1" 404 23056 "-" "-"
20.199.99.25 - - [05/Apr/2026:13:39:05 +0800] "GET /pass4.php HTTP/1.1" 404 23056 "-" "-"
20.199.99.25 - - [05/Apr/2026:13:39:06 +0800] "GET /a5.php HTTP/1.1" 404 23056 "-" "-"
20.199.99.25 - - [05/Apr/2026:13:39:06 +0800] "GET /ibcqocdtu3eovdx2hwj7Cdefault.php HTTP/1.1" 404 23056 "-" "-"
20.199.99.25 - - [05/Apr/2026:13:39:07 +0800] "GET /sadcut1.php HTTP/1.1" 404 23056 "-" "-"
20.199.99.25 - - [05/Apr/2026:13:39:08 +0800] "GET /a4.php HTTP/1.1" 404 23056 "-" "-"
20.199.99.25 - - [05/Apr/2026:13:39:09 +0800] "GET /gpt-sh.php HTTP/1.1" 403 199 "-" "-"
20.199.99.25 - - [05/Apr/2026:13:39:13 +0800] "GET /gpt-sh.php HTTP/1.1" 403 199 "-" "-"
20.199.99.25 - - [05/Apr/2026:13:39:20 +0800] "GET /gpt-sh.php HTTP/1.1" 403 199 "-" "-"
20.199.99.25 - - [05/Apr/2026:13:39:28 +0800] "GET /wp.php HTTP/1.1" 403 199 "-" "-"
20.199.99.25 - - [05/Apr/2026:13:39:31 +0800] "GET /wp.php HTTP/1.1" 403 199 "-" "-"
20.199.99.25 - - [05/Apr/2026:13:39:33 +0800] "GET /wp.php HTTP/1.1" 403 199 "-" "-"
20.199.99.25 - - [05/Apr/2026:13:39:35 +0800] "GET /wp.php HTTP/1.1" 403 199 "-" "-"
103.4.122.14 - - [05/Apr/2026:13:39:40 +0800] "POST /wp-cron.php?doing_wp_cron=1775367580.6110830307006835937500 HTTP/1.1" 200 20 "-" "WordPress/6.9.4; https://bfcg.com.au"
103.117.237.130 - - [05/Apr/2026:13:39:40 +0800] "POST /xmlrpc.php HTTP/1.1" 200 403 "-" "Mozilla/5.0 (Linux; Android 10; arm64) AppleWebKit/537.36 (KHTML, like Gecko) Chrome/100.0.0.0 Safari/537.36"
20.199.99.25 - - [05/Apr/2026:13:39:43 +0800] "GET /wp-the.php HTTP/1.1" 403 199 "-" "-"
20.199.99.25 - - [05/Apr/2026:13:39:47 +0800] "GET /wp-the.php HTTP/1.1" 403 199 "-" "-"
20.199.99.25 - - [05/Apr/2026:13:39:55 +0800] "GET /irpl4xz4fmlzm4tlvvu4h1mCdefault.php HTTP/1.1" 403 199 "-" "-"
20.199.99.25 - - [05/Apr/2026:13:39:57 +0800] "GET /irpl4xz4fmlzm4tlvvu4h1mCdefault.php HTTP/1.1" 403 199 "-" "-"
20.199.99.25 - - [05/Apr/2026:13:40:00 +0800] "GET /irpl4xz4fmlzm4tlvvu4h1mCdefault.php HTTP/1.1" 403 199 "-" "-"
20.199.99.25 - - [05/Apr/2026:13:40:06 +0800] "GET /irpl4xz4fmlzm4tlvvu4h1mCdefault.php HTTP/1.1" 403 199 "-" "-"
20.199.99.25 - - [05/Apr/2026:13:40:11 +0800] "GET /ogifomnzqnlvwh5womfjirvaCdefault.php HTTP/1.1" 404 23056 "-" "-"
20.199.99.25 - - [05/Apr/2026:13:40:12 +0800] "GET /wlld5fjtdpjmjhsds3qzmipfCdefault.php HTTP/1.1" 404 23056 "-" "-"
20.199.99.25 - - [05/Apr/2026:13:40:13 +0800] "GET /tfm.php HTTP/1.1" 404 23056 "-" "-"
20.199.99.25 - - [05/Apr/2026:13:40:14 +0800] "GET /lib.php HTTP/1.1" 404 23056 "-" "-"
20.199.99.25 - - [05/Apr/2026:13:40:14 +0800] "GET /rithin.php HTTP/1.1" 404 23056 "-" "-"
20.199.99.25 - - [05/Apr/2026:13:40:17 +0800] "GET /q7lhrgzoo7ijhnkcedq2Cdefault.php HTTP/1.1" 404 23056 "-" "-"
20.199.99.25 - - [05/Apr/2026:13:40:18 +0800] "GET /0yellow.php HTTP/1.1" 404 23056 "-" "-"
20.199.99.25 - - [05/Apr/2026:13:40:20 +0800] "GET /ws86.php HTTP/1.1" 404 23056 "-" "-"
20.199.99.25 - - [05/Apr/2026:13:40:20 +0800] "GET /exhds0ucw0ju9vjgasxqCdefault.php HTTP/1.1" 404 23056 "-" "-"
20.199.99.25 - - [05/Apr/2026:13:40:21 +0800] "GET /bless.php HTTP/1.1" 404 23056 "-" "-"
20.199.99.25 - - [05/Apr/2026:13:40:22 +0800] "GET /mI35rZhMg1zJ1vuXdefault.php HTTP/1.1" 404 23056 "-" "-"
20.199.99.25 - - [05/Apr/2026:13:40:23 +0800] "GET /aligk.php HTTP/1.1" 403 199 "-" "-"
20.199.99.25 - - [05/Apr/2026:13:40:30 +0800] "GET /aligk.php HTTP/1.1" 403 199 "-" "-"
20.199.99.25 - - [05/Apr/2026:13:40:32 +0800] "GET /aligk.php HTTP/1.1" 403 199 "-" "-"
20.199.99.25 - - [05/Apr/2026:13:40:40 +0800] "GET /a7.php HTTP/1.1" 403 199 "-" "-"
20.199.99.25 - - [05/Apr/2026:13:40:43 +0800] "GET /a7.php HTTP/1.1" 403 199 "-" "-"
20.199.99.25 - - [05/Apr/2026:13:40:45 +0800] "GET /a7.php HTTP/1.1" 403 199 "-" "-"
20.199.99.25 - - [05/Apr/2026:13:40:49 +0800] "GET /a7.php HTTP/1.1" 403 199 "-" "-"
20.199.99.25 - - [05/Apr/2026:13:40:51 +0800] "GET /ta0ol.php HTTP/1.1" 403 199 "-" "-"
20.199.99.25 - - [05/Apr/2026:13:40:52 +0800] "GET /ta0ol.php HTTP/1.1" 403 199 "-" "-"
20.199.99.25 - - [05/Apr/2026:13:40:53 +0800] "GET /ta0ol.php HTTP/1.1" 403 199 "-" "-"
20.199.99.25 - - [05/Apr/2026:13:40:55 +0800] "GET /ta0ol.php HTTP/1.1" 403 199 "-" "-"
20.199.99.25 - - [05/Apr/2026:13:40:56 +0800] "GET /tx79.php HTTP/1.1" 403 199 "-" "-"
20.199.99.25 - - [05/Apr/2026:13:40:58 +0800] "GET /tx79.php HTTP/1.1" 403 199 "-" "-"
20.199.99.25 - - [05/Apr/2026:13:40:58 +0800] "GET /tx79.php HTTP/1.1" 403 199 "-" "-"
20.199.99.25 - - [05/Apr/2026:13:41:00 +0800] "GET /tx79.php HTTP/1.1" 403 199 "-" "-"
20.199.99.25 - - [05/Apr/2026:13:41:03 +0800] "GET //wp.php HTTP/1.1" 403 199 "-" "-"
20.199.99.25 - - [05/Apr/2026:13:41:05 +0800] "GET //wp.php HTTP/1.1" 403 199 "-" "-"
20.199.99.25 - - [05/Apr/2026:13:41:08 +0800] "GET //wp.php HTTP/1.1" 403 199 "-" "-"
103.4.122.14 - - [05/Apr/2026:13:41:23 +0800] "POST /wp-cron.php?doing_wp_cron=1775367683.4421169757843017578125 HTTP/1.1" 200 20 "-" "WordPress/6.9.4; https://bfcg.com.au"
20.199.99.25 - - [05/Apr/2026:13:41:22 +0800] "GET /wp-good.php HTTP/1.1" 404 23056 "-" "-"
20.199.99.25 - - [05/Apr/2026:13:41:23 +0800] "GET /zoper1.php HTTP/1.1" 404 23056 "-" "-"
20.199.99.25 - - [05/Apr/2026:13:41:24 +0800] "GET /5xkfgawzejgwqh9hiaznCdefault.php HTTP/1.1" 404 23056 "-" "-"
20.199.99.25 - - [05/Apr/2026:13:41:25 +0800] "GET /gifclass.php HTTP/1.1" 404 23056 "-" "-"
20.199.99.25 - - [05/Apr/2026:13:41:25 +0800] "GET /gptsh.php HTTP/1.1" 404 23056 "-" "-"
20.199.99.25 - - [05/Apr/2026:13:41:26 +0800] "GET /new3.php HTTP/1.1" 404 23056 "-" "-"
20.199.99.25 - - [05/Apr/2026:13:41:27 +0800] "GET /wp5.php HTTP/1.1" 404 23056 "-" "-"
20.199.99.25 - - [05/Apr/2026:13:41:28 +0800] "GET /ws87.php HTTP/1.1" 404 23056 "-" "-"
20.199.99.25 - - [05/Apr/2026:13:41:28 +0800] "GET /buc.php HTTP/1.1" 404 23056 "-" "-"
20.199.99.25 - - [05/Apr/2026:13:41:29 +0800] "GET /Cap.php HTTP/1.1" 404 23056 "-" "-"
20.199.99.25 - - [05/Apr/2026:13:41:30 +0800] "GET /jp.php HTTP/1.1" 404 23056 "-" "-"
20.199.99.25 - - [05/Apr/2026:13:41:30 +0800] "GET /motu.php HTTP/1.1" 403 199 "-" "-"
20.199.99.25 - - [05/Apr/2026:13:41:37 +0800] "GET /motu.php HTTP/1.1" 403 199 "-" "-"
20.199.99.25 - - [05/Apr/2026:13:41:43 +0800] "GET /motu.php HTTP/1.1" 403 199 "-" "-"
20.199.99.25 - - [05/Apr/2026:13:41:49 +0800] "GET /gfd.php HTTP/1.1" 403 199 "-" "-"
20.199.99.25 - - [05/Apr/2026:13:41:53 +0800] "GET /gfd.php HTTP/1.1" 403 199 "-" "-"
20.199.99.25 - - [05/Apr/2026:13:41:57 +0800] "GET /gfd.php HTTP/1.1" 403 199 "-" "-"
20.199.99.25 - - [05/Apr/2026:13:42:03 +0800] "GET /gfd.php HTTP/1.1" 403 199 "-" "-"
20.199.99.25 - - [05/Apr/2026:13:42:07 +0800] "GET /tx78.php HTTP/1.1" 403 199 "-" "-"
20.199.99.25 - - [05/Apr/2026:13:42:12 +0800] "GET /tx78.php HTTP/1.1" 403 199 "-" "-"
20.199.99.25 - - [05/Apr/2026:13:42:24 +0800] "GET /torsa1.php HTTP/1.1" 403 199 "-" "-"
103.4.122.14 - - [05/Apr/2026:13:42:27 +0800] "POST /wp-cron.php?doing_wp_cron=1775367747.5183041095733642578125 HTTP/1.1" 200 20 "-" "WordPress/6.9.4; https://bfcg.com.au"
123.20.212.224 - - [05/Apr/2026:13:42:26 +0800] "GET /docs/employee-resources/admin/site-induction-checklist/ HTTP/1.1" 200 9552 "-" "Mozilla/5.0 (Macintosh; Intel Mac OS X 10_12_6) AppleWebKit/537.36 (KHTML, like Gecko) Chrome/86.0.4240.183 Safari/537.36"
103.4.122.14 - - [05/Apr/2026:13:42:39 +0800] "POST /wp-cron.php?doing_wp_cron=1775367759.8567728996276855468750 HTTP/1.1" 200 20 "-" "WordPress/6.9.4; https://bfcg.com.au"
20.199.99.25 - - [05/Apr/2026:13:42:39 +0800] "GET /8573.php HTTP/1.1" 404 23056 "-" "-"
20.199.99.25 - - [05/Apr/2026:13:42:40 +0800] "GET /dass.php HTTP/1.1" 404 23056 "-" "-"
20.199.99.25 - - [05/Apr/2026:13:42:41 +0800] "GET /green.php HTTP/1.1" 404 23056 "-" "-"
20.199.99.25 - - [05/Apr/2026:13:42:41 +0800] "GET /myfile.php HTTP/1.1" 404 23056 "-" "-"
20.199.99.25 - - [05/Apr/2026:13:42:42 +0800] "GET /wp9.php HTTP/1.1" 404 23056 "-" "-"
20.199.99.25 - - [05/Apr/2026:13:42:43 +0800] "GET /xsas.php HTTP/1.1" 404 23056 "-" "-"
20.199.99.25 - - [05/Apr/2026:13:42:44 +0800] "GET /sid3.php HTTP/1.1" 404 23056 "-" "-"
20.199.99.25 - - [05/Apr/2026:13:42:44 +0800] "GET //nw.php HTTP/1.1" 301 - "-" "-"
20.199.99.25 - - [05/Apr/2026:13:42:45 +0800] "GET /nw.php HTTP/1.1" 404 23056 "-" "-"
94.207.197.250 - - [05/Apr/2026:13:42:45 +0800] "GET /news/ HTTP/1.1" 200 6659 "-" "Mozilla/5.0 (Windows NT 10.0; Win64; x64) AppleWebKit/537.36 (KHTML, like Gecko) Chrome/86.0.4240.75 Safari/537.36"
20.199.99.25 - - [05/Apr/2026:13:42:45 +0800] "GET /hhxc.php HTTP/1.1" 404 23056 "-" "-"
43.130.39.254 - - [05/Apr/2026:14:15:21 +0800] "GET / HTTP/1.1" 403 199 "-" "Mozilla/5.0 (iPhone; CPU iPhone OS 13_2_3 like Mac OS X) AppleWebKit/605.1.15 (KHTML, like Gecko) Version/13.0.3 Mobile/15E148 Safari/604.1"
103.4.122.14 - - [05/Apr/2026:14:48:54 +0800] "POST /wp-cron.php?doing_wp_cron=1775371733.8842699527740478515625 HTTP/1.1" 200 20 "-" "WordPress/6.9.4; https://bfcg.com.au"
47.128.26.121 - - [05/Apr/2026:14:48:53 +0800] "GET /robots.txt HTTP/1.1" 200 108 "-" "Mozilla/5.0 (Linux; Android 5.0) AppleWebKit/537.36 (KHTML, like Gecko) Mobile Safari/537.36 (compatible; Bytespider; spider-feedback@bytedance.com)"
103.4.122.14 - - [05/Apr/2026:14:51:02 +0800] "POST /wp-cron.php?doing_wp_cron=1775371862.7958810329437255859375 HTTP/1.1" 200 20 "-" "WordPress/6.9.4; https://bfcg.com.au"
57.141.14.86 - - [05/Apr/2026:14:51:02 +0800] "GET /robots.txt HTTP/1.1" 200 112 "-" "facebookexternalhit/1.1 (+http://www.facebook.com/externalhit_uatext.php)"
103.4.122.14 - - [05/Apr/2026:14:54:09 +0800] "POST /wp-cron.php?doing_wp_cron=1775372049.6712720394134521484375 HTTP/1.1" 200 20 "-" "WordPress/6.9.4; https://bfcg.com.au"
47.128.26.111 - - [05/Apr/2026:14:54:09 +0800] "GET /robots.txt HTTP/1.1" 200 108 "-" "Mozilla/5.0 (Linux; Android 5.0) AppleWebKit/537.36 (KHTML, like Gecko) Mobile Safari/537.36 (compatible; Bytespider; spider-feedback@bytedance.com)"
103.4.122.14 - - [05/Apr/2026:14:58:11 +0800] "POST /wp-cron.php?doing_wp_cron=1775372290.9251980781555175781250 HTTP/1.1" 200 20 "-" "WordPress/6.9.4; https://bfcg.com.au"
223.165.71.169 - - [05/Apr/2026:14:58:10 +0800] "GET /robots.txt HTTP/1.1" 200 108 "-" "Mozilla/5.0 (Windows NT 10.0; Win64; x64) AppleWebKit/537.36 (KHTML, like Gecko) Chrome/131.0.0.0 Safari/537.36"
223.165.71.169 - - [05/Apr/2026:14:58:13 +0800] "GET / HTTP/1.1" 200 12381 "-" "Mozilla/5.0 (Windows NT 10.0; Win64; x64) AppleWebKit/537.36 (KHTML, like Gecko) Chrome/131.0.0.0 Safari/537.36"
103.4.122.14 - - [05/Apr/2026:15:00:13 +0800] "POST /wp-cron.php?doing_wp_cron=1775372413.2117919921875000000000 HTTP/1.1" 200 20 "-" "WordPress/6.9.4; https://bfcg.com.au"
52.167.144.220 - - [05/Apr/2026:15:00:12 +0800] "GET /wp-sitemap-posts-page-1.xml HTTP/1.1" 200 441 "-" "Mozilla/5.0 AppleWebKit/537.36 (KHTML, like Gecko; compatible; bingbot/2.0; +http://www.bing.com/bingbot.htm) Chrome/116.0.1938.76 Safari/537.36"
103.4.122.14 - - [05/Apr/2026:15:11:53 +0800] "POST /wp-cron.php?doing_wp_cron=1775373113.1648180484771728515625 HTTP/1.1" 200 20 "-" "WordPress/6.9.4; https://bfcg.com.au"
14.191.229.155 - - [05/Apr/2026:15:11:52 +0800] "GET /docs/employee-resources/scheduled-maintenance/service-sheets/ HTTP/1.1" 200 9758 "-" "Mozilla/5.0 (X11; Linux x86_64) AppleWebKit/537.36 (KHTML, like Gecko) Chrome/33.0.1750.517 Safari/537.36"
103.4.122.14 - - [05/Apr/2026:15:15:44 +0800] "POST /wp-cron.php?doing_wp_cron=1775373344.5624001026153564453125 HTTP/1.1" 200 20 "-" "WordPress/6.9.4; https://bfcg.com.au"
40.77.167.156 - - [05/Apr/2026:15:15:44 +0800] "GET /wp-sitemap.xml HTTP/1.1" 200 229 "-" "Mozilla/5.0 AppleWebKit/537.36 (KHTML, like Gecko; compatible; bingbot/2.0; +http://www.bing.com/bingbot.htm) Chrome/116.0.1938.76 Safari/537.36"
103.4.122.14 - - [05/Apr/2026:15:33:24 +0800] "POST /wp-cron.php?doing_wp_cron=1775374404.5361809730529785156250 HTTP/1.1" 200 20 "-" "WordPress/6.9.4; https://bfcg.com.au"
54.186.13.56 - - [05/Apr/2026:15:33:24 +0800] "GET / HTTP/1.1" 301 20 "-" "Mozilla/5.0 (Windows NT 10.0; Win64; x64) AppleWebKit/537.36 (KHTML, like Gecko) Chrome/113.0.0.0 Safari/537.36"
54.186.13.56 - - [05/Apr/2026:15:33:25 +0800] "GET / HTTP/1.1" 200 12381 "-" "Mozilla/5.0 (Windows NT 10.0; Win64; x64) AppleWebKit/537.36 (KHTML, like Gecko) Chrome/113.0.0.0 Safari/537.36"
103.4.122.14 - - [05/Apr/2026:15:46:54 +0800] "POST /wp-cron.php?doing_wp_cron=1775375214.8013269901275634765625 HTTP/1.1" 200 20 "-" "WordPress/6.9.4; https://bfcg.com.au"
74.7.242.170 - - [05/Apr/2026:15:46:54 +0800] "GET /category/news/ HTTP/1.1" 200 6601 "-" "Mozilla/5.0 (Macintosh; Intel Mac OS X 10_15_7) AppleWebKit/537.36 (KHTML, like Gecko) Chrome/131.0.0.0 Safari/537.36; compatible; OAI-SearchBot/1.3; +https://openai.com/searchbot"
74.7.228.60 - - [05/Apr/2026:15:46:54 +0800] "GET /robots.txt HTTP/1.1" 200 108 "-" "Mozilla/5.0 (Macintosh; Intel Mac OS X 10_15_7) AppleWebKit/537.36 (KHTML, like Gecko) Chrome/131.0.0.0 Safari/537.36; compatible; OAI-SearchBot/1.3; robots.txt; +https://openai.com/searchbot"
74.7.228.183 - - [05/Apr/2026:15:46:57 +0800] "GET / HTTP/1.1" 200 12381 "https://bfcg.com.au/category/news/" "Mozilla/5.0 (Macintosh; Intel Mac OS X 10_15_7) AppleWebKit/537.36 (KHTML, like Gecko) Chrome/131.0.0.0 Safari/537.36; compatible; OAI-SearchBot/1.3; +https://openai.com/searchbot"
103.4.122.14 - - [05/Apr/2026:16:09:14 +0800] "POST /wp-cron.php?doing_wp_cron=1775376554.5841898918151855468750 HTTP/1.1" 200 20 "-" "WordPress/6.9.4; https://bfcg.com.au"
91.136.11.217 - - [05/Apr/2026:16:09:14 +0800] "GET /wp-login.php HTTP/1.1" 200 2957 "-" "Mozilla/5.0 (Windows NT 10.0; WOW64; rv:61.0) Gecko/20100101 Firefox/61.0"
91.136.11.217 - - [05/Apr/2026:16:09:15 +0800] "POST /wp-login.php HTTP/1.1" 200 3091 "https://bfcg.com.au/wp-login.php" "Mozilla/5.0 (Windows NT 10.0; WOW64; rv:61.0) Gecko/20100101 Firefox/61.0"
103.4.122.14 - - [05/Apr/2026:16:18:37 +0800] "POST /wp-cron.php?doing_wp_cron=1775377117.2635569572448730468750 HTTP/1.1" 200 20 "-" "WordPress/6.9.4; https://bfcg.com.au"
173.252.95.6 - - [05/Apr/2026:16:18:36 +0800] "GET /robots.txt HTTP/1.1" 200 112 "-" "facebookexternalhit/1.1 (+http://www.facebook.com/externalhit_uatext.php)"
103.4.122.14 - - [05/Apr/2026:16:34:29 +0800] "POST /wp-cron.php?doing_wp_cron=1775378069.0763089656829833984375 HTTP/1.1" 200 20 "-" "WordPress/6.9.4; https://bfcg.com.au"
154.208.62.142 - - [05/Apr/2026:16:34:28 +0800] "GET /docs/employee-resources/health-saftey/ HTTP/1.1" 200 9558 "-" "Mozilla/5.0 (Windows NT 6.1; WOW64) AppleWebKit/537.36 (KHTML, like Gecko) Chrome/94.0.4606.81 Safari/537.36"
14.161.24.165 - - [05/Apr/2026:16:35:58 +0800] "GET /docs/employee-resources/scheduled-maintenance/screen-service-sheet/ HTTP/1.1" 200 9784 "-" "Mozilla/5.0 (Windows NT 6.1; Win64; x64) AppleWebKit/537.36 (KHTML, like Gecko) Chrome/92.0.4515.159 Safari/537.36"
103.4.122.14 - - [05/Apr/2026:16:35:59 +0800] "POST /wp-cron.php?doing_wp_cron=1775378158.9468719959259033203125 HTTP/1.1" 200 20 "-" "WordPress/6.9.4; https://bfcg.com.au"
103.4.122.14 - - [05/Apr/2026:16:48:10 +0800] "POST /wp-cron.php?doing_wp_cron=1775378890.6534938812255859375000 HTTP/1.1" 200 20 "-" "WordPress/6.9.4; https://bfcg.com.au"
216.73.216.14 - - [05/Apr/2026:16:48:10 +0800] "GET /robots.txt HTTP/1.1" 200 108 "-" "Mozilla/5.0 AppleWebKit/537.36 (KHTML, like Gecko; compatible; ClaudeBot/1.0; +claudebot@anthropic.com)"
216.73.216.14 - - [05/Apr/2026:16:48:11 +0800] "GET /wp-sitemap.xml HTTP/1.1" 200 229 "-" "Mozilla/5.0 AppleWebKit/537.36 (KHTML, like Gecko; compatible; ClaudeBot/1.0; +claudebot@anthropic.com)"
103.4.122.14 - - [05/Apr/2026:16:54:37 +0800] "POST /wp-cron.php?doing_wp_cron=1775379277.5114190578460693359375 HTTP/1.1" 200 20 "-" "WordPress/6.9.4; https://bfcg.com.au"
119.249.100.106 - - [05/Apr/2026:16:54:37 +0800] "GET /robots.txt HTTP/1.1" 200 108 "-" "Mozilla/5.0 (Windows NT 10.0; WOW64) AppleWebKit/537.36 (KHTML, like Gecko) Chrome/48.0.2564.116 Safari/537.36"
220.181.108.144 - - [05/Apr/2026:16:54:37 +0800] "GET /docs/employee-resources/scheduled-maintenance/250hr-service-mack-truck/ HTTP/1.1" 200 9578 "-" "Mozilla/5.0 (compatible; Baiduspider/2.0; +http://www.baidu.com/search/spider.html)"
116.179.37.57 - - [05/Apr/2026:16:54:44 +0800] "GET /wp-includes/js/dist/i18n.min.js?ver=c26c3dc7bed366793375 HTTP/1.1" 200 2229 "https://bfcg.com.au/docs/employee-resources/scheduled-maintenance/250hr-service-mack-truck/" "Mozilla/5.0 (compatible; Baiduspider-render/2.0; +http://www.baidu.com/search/spider.html)"
116.179.37.111 - - [05/Apr/2026:16:54:44 +0800] "GET /wp-includes/js/dist/hooks.min.js?ver=dd5603f07f9220ed27f1 HTTP/1.1" 200 1941 "https://bfcg.com.au/docs/employee-resources/scheduled-maintenance/250hr-service-mack-truck/" "Mozilla/5.0 (compatible; Baiduspider-render/2.0; +http://www.baidu.com/search/spider.html)"
116.179.37.106 - - [05/Apr/2026:16:54:44 +0800] "GET /wp-includes/js/dist/vendor/wp-polyfill.min.js?ver=3.15.0 HTTP/1.1" 200 11852 "https://bfcg.com.au/docs/employee-resources/scheduled-maintenance/250hr-service-mack-truck/" "Mozilla/5.0 (compatible; Baiduspider-render/2.0; +http://www.baidu.com/search/spider.html)"
116.179.37.118 - - [05/Apr/2026:16:54:44 +0800] "GET /wp-includes/js/jquery/jquery.min.js?ver=3.7.1 HTTP/1.1" 200 30368 "https://bfcg.com.au/docs/employee-resources/scheduled-maintenance/250hr-service-mack-truck/" "Mozilla/5.0 (compatible; Baiduspider-render/2.0; +http://www.baidu.com/search/spider.html)"
116.179.37.86 - - [05/Apr/2026:16:54:46 +0800] "GET /wp-content/cache/autoptimize/js/autoptimize_8a1d48904be33925e2d50b6a3ec3f118.js HTTP/1.1" 200 23439 "https://bfcg.com.au/docs/employee-resources/scheduled-maintenance/250hr-service-mack-truck/" "Mozilla/5.0 (compatible; Baiduspider-render/2.0; +http://www.baidu.com/search/spider.html)"
116.179.37.55 - - [05/Apr/2026:16:54:46 +0800] "GET /wp-content/plugins/autoptimize/classes/external/js/lazysizes.min.js?ao_version=3.1.15 HTTP/1.1" 200 4122 "https://bfcg.com.au/docs/employee-resources/scheduled-maintenance/250hr-service-mack-truck/" "Mozilla/5.0 (compatible; Baiduspider-render/2.0; +http://www.baidu.com/search/spider.html)"
116.179.37.100 - - [05/Apr/2026:16:54:46 +0800] "GET /wp-content/uploads/2020/06/calima-bg-2.jpg HTTP/1.1" 404 6156 "https://bfcg.com.au/wp-content/cache/autoptimize/css/autoptimize_2488b8cf824f951cd860030d1a2e15a1.css" "Mozilla/5.0 (compatible; Baiduspider-render/2.0; +http://www.baidu.com/search/spider.html)"
116.179.37.103 - - [05/Apr/2026:16:54:51 +0800] "GET /wp-includes/js/wp-emoji-release.min.js?ver=6.9.4 HTTP/1.1" 200 5375 "https://bfcg.com.au/docs/employee-resources/scheduled-maintenance/250hr-service-mack-truck/" "Mozilla/5.0 (compatible; Baiduspider-render/2.0; +http://www.baidu.com/search/spider.html)"
116.179.37.42 - - [05/Apr/2026:16:54:51 +0800] "POST /wp-admin/admin-ajax.php HTTP/1.1" 200 3007 "https://bfcg.com.au/docs/employee-resources/scheduled-maintenance/250hr-service-mack-truck/" "Mozilla/5.0 (compatible; Baiduspider-render/2.0; +http://www.baidu.com/search/spider.html)"
57.141.14.91 - - [05/Apr/2026:16:55:29 +0800] "GET /superslot.aspx HTTP/1.1" 404 23064 "-" "meta-externalagent/1.1 (+https://developers.facebook.com/docs/sharing/webmasters/crawler)"
117.62.235.53 - - [05/Apr/2026:16:57:48 +0800] "GET / HTTP/1.1" 403 199 "-" "Mozilla/5.0 (iPhone; CPU iPhone OS 13_2_3 like Mac OS X) AppleWebKit/605.1.15 (KHTML, like Gecko) Version/13.0.3 Mobile/15E148 Safari/604.1"
103.4.122.14 - - [05/Apr/2026:17:12:23 +0800] "POST /wp-cron.php?doing_wp_cron=1775380342.9243769645690917968750 HTTP/1.1" 200 20 "-" "WordPress/6.9.4; https://bfcg.com.au"
54.38.147.242 - - [05/Apr/2026:17:12:22 +0800] "GET /robots.txt HTTP/1.1" 200 108 "-" "Mozilla/5.0 (compatible; AhrefsBot/7.0; +http://ahrefs.com/robot/)"
54.39.210.221 - - [05/Apr/2026:17:12:26 +0800] "GET /wp-sitemap.xml HTTP/1.1" 200 229 "-" "Mozilla/5.0 (compatible; AhrefsBot/7.0; +http://ahrefs.com/robot/)"
142.44.233.172 - - [05/Apr/2026:17:12:28 +0800] "GET /wp-sitemap-posts-post-1.xml HTTP/1.1" 200 220 "-" "Mozilla/5.0 (compatible; AhrefsBot/7.0; +http://ahrefs.com/robot/)"
167.114.139.90 - - [05/Apr/2026:17:12:30 +0800] "GET /wp-sitemap-posts-page-1.xml HTTP/1.1" 200 441 "-" "Mozilla/5.0 (compatible; AhrefsBot/7.0; +http://ahrefs.com/robot/)"
15.235.27.59 - - [05/Apr/2026:17:12:33 +0800] "GET /wp-sitemap-posts-docs-1.xml HTTP/1.1" 200 520 "-" "Mozilla/5.0 (compatible; AhrefsBot/7.0; +http://ahrefs.com/robot/)"
51.222.168.65 - - [05/Apr/2026:17:12:35 +0800] "GET /wp-sitemap-taxonomies-category-1.xml HTTP/1.1" 200 184 "-" "Mozilla/5.0 (compatible; AhrefsBot/7.0; +http://ahrefs.com/robot/)"
103.4.122.14 - - [05/Apr/2026:17:12:38 +0800] "POST /wp-cron.php?doing_wp_cron=1775380358.4085469245910644531250 HTTP/1.1" 200 20 "-" "WordPress/6.9.4; https://bfcg.com.au"
142.44.233.233 - - [05/Apr/2026:17:12:38 +0800] "GET /wp-sitemap-users-1.xml HTTP/1.1" 200 184 "-" "Mozilla/5.0 (compatible; AhrefsBot/7.0; +http://ahrefs.com/robot/)"
103.4.122.14 - - [05/Apr/2026:17:13:39 +0800] "POST /wp-cron.php?doing_wp_cron=1775380419.3904690742492675781250 HTTP/1.1" 200 20 "-" "WordPress/6.9.4; https://bfcg.com.au"
17.22.253.77 - - [05/Apr/2026:17:13:38 +0800] "GET /robots.txt HTTP/1.1" 200 108 "-" "Mozilla/5.0 (Macintosh; Intel Mac OS X 10_15_7) AppleWebKit/605.1.15 (KHTML, like Gecko) Version/17.4 Safari/605.1.15 (Applebot/0.1; +http://www.apple.com/go/applebot)"
17.22.253.77 - - [05/Apr/2026:17:13:40 +0800] "GET /category/news/feed/ HTTP/1.1" 200 1012 "-" "Mozilla/5.0 (Macintosh; Intel Mac OS X 10_15_7) AppleWebKit/605.1.15 (KHTML, like Gecko) Version/17.4 Safari/605.1.15 (Applebot/0.1; +http://www.apple.com/go/applebot)"
103.4.122.14 - - [05/Apr/2026:17:32:21 +0800] "POST /wp-cron.php?doing_wp_cron=1775381541.3334889411926269531250 HTTP/1.1" 200 20 "-" "WordPress/6.9.4; https://bfcg.com.au"
103.131.71.229 - - [05/Apr/2026:17:32:20 +0800] "GET /robots.txt HTTP/1.1" 200 108 "-" "Mozilla/5.0 (compatible; coccocbot-web/1.0; +http://help.coccoc.com/searchengine)"
103.131.71.196 - - [05/Apr/2026:17:32:23 +0800] "GET / HTTP/1.1" 200 12381 "-" "Mozilla/5.0 (compatible; coccocbot-web/1.0; +http://help.coccoc.com/searchengine)"
103.4.122.14 - - [05/Apr/2026:17:33:36 +0800] "POST /wp-cron.php?doing_wp_cron=1775381616.5897290706634521484375 HTTP/1.1" 200 20 "-" "WordPress/6.9.4; https://bfcg.com.au"
103.131.71.41 - - [05/Apr/2026:17:33:36 +0800] "GET /robots.txt HTTP/1.1" 200 108 "-" "Mozilla/5.0 (compatible; coccocbot-image/1.0; +http://help.coccoc.com/searchengine)"
103.131.71.49 - - [05/Apr/2026:17:33:38 +0800] "GET /wp-content/uploads/2020/08/logo-alt.png HTTP/1.1" 304 - "-" "Mozilla/5.0 (compatible; coccocbot-image/1.0; +http://help.coccoc.com/searchengine)"
103.4.122.14 - - [05/Apr/2026:17:42:41 +0800] "POST /wp-cron.php?doing_wp_cron=1775382161.1653800010681152343750 HTTP/1.1" 200 20 "-" "WordPress/6.9.4; https://bfcg.com.au"
114.119.139.207 - - [05/Apr/2026:17:42:40 +0800] "GET /docs/employee-resources/scheduled-maintenance/250hr-service-mack-truck/ HTTP/1.1" 200 9578 "https://bfcg.com.au/docs/employee-resources/admin/timesheet" "Mozilla/5.0 (Linux; Android 7.0;) AppleWebKit/537.36 (KHTML, like Gecko) Mobile Safari/537.36 (compatible; PetalBot;+https://webmaster.petalsearch.com/site/petalbot)"
103.4.122.14 - - [05/Apr/2026:17:43:48 +0800] "POST /wp-cron.php?doing_wp_cron=1775382228.4456501007080078125000 HTTP/1.1" 200 20 "-" "WordPress/6.9.4; https://bfcg.com.au"
144.31.35.30 - - [05/Apr/2026:17:43:48 +0800] "GET /wp-json/wp/v2/docs/2740 HTTP/1.1" 200 739 "-" "Mozilla/5.0 (Macintosh; Intel Mac OS X 10_15_7) AppleWebKit/537.36 (KHTML, like Gecko) Chrome/135.0.0.0 Safari/537.36"
103.4.122.14 - - [05/Apr/2026:17:45:16 +0800] "POST /wp-cron.php?doing_wp_cron=1775382316.0279300212860107421875 HTTP/1.1" 200 20 "-" "WordPress/6.9.4; https://bfcg.com.au"
151.237.138.20 - - [05/Apr/2026:17:45:14 +0800] "GET /wp-login.php HTTP/1.1" 200 2957 "-" "Mozilla/5.0 (Macintosh; Intel Mac OS X 10_12_6) AppleWebKit/537.36 (KHTML, like Gecko) Chrome/67.0.3396.79 Safari/537.36"
151.237.138.20 - - [05/Apr/2026:17:45:16 +0800] "POST /wp-login.php HTTP/1.1" 200 3094 "https://bfcg.com.au/wp-login.php" "Mozilla/5.0 (Macintosh; Intel Mac OS X 10_12_6) AppleWebKit/537.36 (KHTML, like Gecko) Chrome/67.0.3396.79 Safari/537.36"
