114.119.133.1 - - [05/Apr/2026:23:08:47 +0800] "GET /docs/employee-resources/health-saftey/maintenance/ HTTP/1.1" 200 9538 "https://bfcg.com.au/docs/employee-resources/scheduled-maintenance/250hr-service-mack-truck" "Mozilla/5.0 (Linux; Android 7.0;) AppleWebKit/537.36 (KHTML, like Gecko) Mobile Safari/537.36 (compatible; PetalBot;+https://webmaster.petalsearch.com/site/petalbot)"
103.4.122.14 - - [05/Apr/2026:23:21:02 +0800] "POST /wp-cron.php?doing_wp_cron=1775402462.1812980175018310546875 HTTP/1.1" 200 20 "-" "WordPress/6.9.4; https://bfcg.com.au"
118.27.9.85 - - [05/Apr/2026:23:21:01 +0800] "GET /wp-login.php HTTP/1.1" 200 2957 "-" "Mozilla/5.0 (Windows NT 6.1; Win64; x64; rv:60.0) Gecko/20100101 Firefox/60.0"
103.4.122.14 - - [05/Apr/2026:23:25:45 +0800] "POST /wp-cron.php?doing_wp_cron=1775402745.5426800251007080078125 HTTP/1.1" 200 20 "-" "WordPress/6.9.4; https://bfcg.com.au"
182.189.96.104 - - [05/Apr/2026:23:25:45 +0800] "POST /xmlrpc.php HTTP/1.1" 200 403 "-" "Mozilla/5.0 (Windows NT 6.2; arm64) AppleWebKit/537.36 (KHTML, like Gecko) Firefox/99.0.0.0 Safari/537.36"
113.168.161.216 - - [05/Apr/2026:23:25:58 +0800] "GET /author/bfcgroup/ HTTP/1.1" 200 6776 "-" "Mozilla/5.0 (Macintosh; U; Intel Mac OS X 10_11_7 rv:2.0; quz-PE) AppleWebKit/533.19.2 (KHTML, like Gecko) Version/4.0.3 Safari/533.19.2"
143.198.95.198 - - [05/Apr/2026:23:29:18 +0800] "GET /sftp-config.json HTTP/1.1" 403 199 "-" "Mozilla/5.0 (Macintosh; Intel Mac OS X 10.15; rv:77.0) Gecko/20100101 Firefox/77.0"
103.4.122.14 - - [05/Apr/2026:23:29:19 +0800] "POST /wp-cron.php?doing_wp_cron=1775402959.6755990982055664062500 HTTP/1.1" 200 20 "-" "WordPress/6.9.4; https://bfcg.com.au"
143.198.95.198 - - [05/Apr/2026:23:29:19 +0800] "GET /.vscode/ftp-config.json HTTP/1.1" 404 6167 "-" "Mozilla/5.0 (Macintosh; Intel Mac OS X 10.15; rv:77.0) Gecko/20100101 Firefox/77.0"
143.198.95.198 - - [05/Apr/2026:23:29:19 +0800] "GET /.vscode/sftp.json HTTP/1.1" 404 6167 "-" "Mozilla/5.0 (Macintosh; Intel Mac OS X 10.15; rv:77.0) Gecko/20100101 Firefox/77.0"
143.198.95.198 - - [05/Apr/2026:23:29:20 +0800] "GET /.vscode/ftp-sync.json HTTP/1.1" 404 6167 "-" "Mozilla/5.0 (Macintosh; Intel Mac OS X 10.15; rv:77.0) Gecko/20100101 Firefox/77.0"
143.198.95.198 - - [05/Apr/2026:23:29:21 +0800] "GET /.sftp-config.json HTTP/1.1" 404 6167 "-" "Mozilla/5.0 (Macintosh; Intel Mac OS X 10.15; rv:77.0) Gecko/20100101 Firefox/77.0"
143.198.95.198 - - [05/Apr/2026:23:29:21 +0800] "GET /ftp-sync.json HTTP/1.1" 404 6167 "-" "Mozilla/5.0 (Macintosh; Intel Mac OS X 10.15; rv:77.0) Gecko/20100101 Firefox/77.0"
143.198.95.198 - - [05/Apr/2026:23:29:22 +0800] "GET /.ftp-sync.json HTTP/1.1" 404 6167 "-" "Mozilla/5.0 (Macintosh; Intel Mac OS X 10.15; rv:77.0) Gecko/20100101 Firefox/77.0"
143.198.95.198 - - [05/Apr/2026:23:29:23 +0800] "GET /ftp-config.json HTTP/1.1" 404 6167 "-" "Mozilla/5.0 (Macintosh; Intel Mac OS X 10.15; rv:77.0) Gecko/20100101 Firefox/77.0"
143.198.95.198 - - [05/Apr/2026:23:29:23 +0800] "GET /.ftp-config.json HTTP/1.1" 404 6167 "-" "Mozilla/5.0 (Macintosh; Intel Mac OS X 10.15; rv:77.0) Gecko/20100101 Firefox/77.0"
103.4.122.14 - - [05/Apr/2026:23:34:22 +0800] "POST /wp-cron.php?doing_wp_cron=1775403262.0709960460662841796875 HTTP/1.1" 200 20 "-" "WordPress/6.9.4; https://bfcg.com.au"
216.73.216.14 - - [05/Apr/2026:23:34:21 +0800] "GET /robots.txt HTTP/1.1" 200 108 "-" "Mozilla/5.0 AppleWebKit/537.36 (KHTML, like Gecko; compatible; ClaudeBot/1.0; +claudebot@anthropic.com)"
216.73.216.14 - - [05/Apr/2026:23:34:22 +0800] "GET /wp-sitemap.xml HTTP/1.1" 200 229 "-" "Mozilla/5.0 AppleWebKit/537.36 (KHTML, like Gecko; compatible; ClaudeBot/1.0; +claudebot@anthropic.com)"
103.4.122.14 - - [05/Apr/2026:23:42:51 +0800] "POST /wp-cron.php?doing_wp_cron=1775403771.4010848999023437500000 HTTP/1.1" 200 20 "-" "WordPress/6.9.4; https://bfcg.com.au"
103.4.122.13 - - [05/Apr/2026:23:42:51 +0800] "GET /?login_required=1&user=ACS&mainwpsignature=T22MDezn2NSpd8YXT3l5N0113sY4w03Qy8iCAB9IPOCnvvwgfuEF63AEYxFGjzoC8GW19ZjmrQSsdssbH7RiZTXfJ%2BbaU7wj%2BffR9vPr%2FbldpL5PAtfAtR%2BjW7fGfCHVsQp%2FHJZON4hHPXIUcwX9plyslw%2BY1zJuaq0F6hslqpjECZa8tdRaC93nvPFsnEU%2B5QsPmxn39ZZ0xUZN%2B04logdgzwrdP1QLMTn2DPYTBTRENRZQ%2BXAWDEtix8ze72tCHIPyOHPcWMwfeyYytEb6eUCzmo8EXkzxeR45mGp%2FPdcLXGMflU3%2Ffy4eQfpClVT2mkVrI%2FWXURghmEXDE62E8w%3D%3D&nonce=9434&where=plugins.php%3F_detect_plugins_updates%3Dyes&sign_algo=7 HTTP/1.1" 302 20 "-" "WordPress/6.9.4; https://wpmain.screwlooseit.com.au"
103.4.122.13 - - [05/Apr/2026:23:42:51 +0800] "GET /wp-admin/plugins.php?_detect_plugins_updates=yes HTTP/1.1" 200 38542 "-" "WordPress/6.9.4; https://wpmain.screwlooseit.com.au"
103.4.122.13 - - [05/Apr/2026:23:42:54 +0800] "POST /wp-admin/admin-ajax.php HTTP/1.1" 200 109509 "https://wpmain.screwlooseit.com.au" "Mozilla/5.0 (compatible; MainWP/6.0.7; +http://mainwp.com)"
103.4.122.13 - - [05/Apr/2026:23:42:58 +0800] "POST /wp-admin/admin-ajax.php HTTP/1.1" 200 141 "https://wpmain.screwlooseit.com.au" "Mozilla/5.0 (compatible; MainWP/6.0.7; +http://mainwp.com)"
103.4.122.13 - - [05/Apr/2026:23:42:58 +0800] "GET /wp-content/uploads/2020/08/cropped-favicon.png HTTP/1.1" 200 54142 "-" "Mozilla/5.0 (compatible; MainWP/6.0.7; +http://mainwp.com)"
103.4.122.14 - - [05/Apr/2026:23:47:57 +0800] "POST /wp-cron.php?doing_wp_cron=1775404077.4044890403747558593750 HTTP/1.1" 200 20 "-" "WordPress/6.9.4; https://bfcg.com.au"
98.70.2.27 - - [05/Apr/2026:23:47:56 +0800] "GET /wp-login.php HTTP/1.1" 200 2957 "-" "Mozilla/5.0 (Windows NT 10.0; WOW64; Trident/7.0; MDDSJS; rv:11.0) like Gecko"
98.70.2.27 - - [05/Apr/2026:23:47:58 +0800] "POST /wp-login.php HTTP/1.1" 200 3091 "https://bfcg.com.au/wp-login.php" "Mozilla/5.0 (Windows NT 10.0; WOW64; Trident/7.0; MDDSJS; rv:11.0) like Gecko"
103.4.122.14 - - [06/Apr/2026:00:00:23 +0800] "POST /wp-cron.php?doing_wp_cron=1775404823.1986460685729980468750 HTTP/1.1" 200 20 "-" "WordPress/6.9.4; https://bfcg.com.au"
193.159.135.166 - - [06/Apr/2026:00:00:22 +0800] "GET /wp-login.php HTTP/1.1" 200 2957 "-" "Mozilla/5.0 (Windows NT 6.1; WOW64) AppleWebKit/537.36 (KHTML, like Gecko) Chrome/66.0.3359.181 Safari/537.36"
193.159.135.166 - - [06/Apr/2026:00:00:24 +0800] "POST /wp-login.php HTTP/1.1" 200 3094 "https://bfcg.com.au/wp-login.php" "Mozilla/5.0 (Windows NT 6.1; WOW64) AppleWebKit/537.36 (KHTML, like Gecko) Chrome/66.0.3359.181 Safari/537.36"
103.4.122.14 - - [06/Apr/2026:00:02:47 +0800] "POST /wp-cron.php?doing_wp_cron=1775404967.7266640663146972656250 HTTP/1.1" 200 20 "-" "WordPress/6.9.4; https://bfcg.com.au"
76.4.14.231 - - [06/Apr/2026:00:02:47 +0800] "GET / HTTP/1.1" 200 12381 "-" "Mozilla/5.0 (compatible; MSIE 7.0; Windows NT 5.01; Trident/5.1)"
103.4.122.14 - - [06/Apr/2026:00:10:25 +0800] "POST /wp-cron.php?doing_wp_cron=1775405425.0110731124877929687500 HTTP/1.1" 200 20 "-" "WordPress/6.9.4; https://bfcg.com.au"
109.107.243.27 - - [06/Apr/2026:00:10:24 +0800] "GET /docs/employee-resources/health-saftey/maintenance/ HTTP/1.1" 200 9538 "-" "Mozilla/5.0 (Macintosh; Intel Mac OS X 10_14_6) AppleWebKit/537.36 (KHTML, like Gecko) Brave Chrome/86.0.4240.183 Safari/537.36"
103.4.122.14 - - [06/Apr/2026:00:23:17 +0800] "POST /wp-cron.php?doing_wp_cron=1775406197.4218010902404785156250 HTTP/1.1" 200 20 "-" "WordPress/6.9.4; https://bfcg.com.au"
142.44.220.80 - - [06/Apr/2026:00:23:16 +0800] "GET /wp-sitemap.xml HTTP/1.1" 200 229 "-" "Mozilla/5.0 (compatible; AhrefsBot/7.0; +http://ahrefs.com/robot/)"
51.222.168.27 - - [06/Apr/2026:00:23:19 +0800] "GET /wp-sitemap-posts-post-1.xml HTTP/1.1" 200 220 "-" "Mozilla/5.0 (compatible; AhrefsBot/7.0; +http://ahrefs.com/robot/)"
167.114.139.37 - - [06/Apr/2026:00:23:22 +0800] "GET /wp-sitemap-posts-page-1.xml HTTP/1.1" 200 441 "-" "Mozilla/5.0 (compatible; AhrefsBot/7.0; +http://ahrefs.com/robot/)"
15.235.98.226 - - [06/Apr/2026:00:23:24 +0800] "GET /wp-sitemap-posts-docs-1.xml HTTP/1.1" 200 520 "-" "Mozilla/5.0 (compatible; AhrefsBot/7.0; +http://ahrefs.com/robot/)"
54.39.0.123 - - [06/Apr/2026:00:23:26 +0800] "GET /wp-sitemap-taxonomies-category-1.xml HTTP/1.1" 200 184 "-" "Mozilla/5.0 (compatible; AhrefsBot/7.0; +http://ahrefs.com/robot/)"
142.44.225.249 - - [06/Apr/2026:00:23:29 +0800] "GET /wp-sitemap-users-1.xml HTTP/1.1" 200 184 "-" "Mozilla/5.0 (compatible; AhrefsBot/7.0; +http://ahrefs.com/robot/)"
193.186.4.47 - - [06/Apr/2026:00:34:04 +0800] "GET / HTTP/1.1" 200 7825 "https://www.google.com/" "Mozilla/5.0 (Macintosh; Intel Mac OS X 10_15_7) AppleWebKit/537.36 (KHTML, like Gecko) Chrome/146.0.0.0 Safari/537.36"
103.4.122.14 - - [06/Apr/2026:00:34:05 +0800] "POST /wp-cron.php?doing_wp_cron=1775406845.1246991157531738281250 HTTP/1.1" 200 20 "-" "WordPress/6.9.4; https://bfcg.com.au"
66.249.81.35 - - [06/Apr/2026:00:34:04 +0800] "GET /.well-known/traffic-advice HTTP/1.1" 404 6156 "-" "Chrome Privacy Preserving Prefetch Proxy"
103.4.122.14 - - [06/Apr/2026:00:45:15 +0800] "POST /wp-cron.php?doing_wp_cron=1775407515.3638710975646972656250 HTTP/1.1" 200 20 "-" "WordPress/6.9.4; https://bfcg.com.au"
216.73.216.14 - - [06/Apr/2026:00:45:14 +0800] "GET /robots.txt HTTP/1.1" 200 108 "-" "Mozilla/5.0 AppleWebKit/537.36 (KHTML, like Gecko; compatible; ClaudeBot/1.0; +claudebot@anthropic.com)"
216.73.216.14 - - [06/Apr/2026:00:45:15 +0800] "GET /wp-sitemap.xml HTTP/1.1" 200 229 "-" "Mozilla/5.0 AppleWebKit/537.36 (KHTML, like Gecko; compatible; ClaudeBot/1.0; +claudebot@anthropic.com)"
103.4.122.14 - - [06/Apr/2026:00:52:28 +0800] "POST /wp-cron.php?doing_wp_cron=1775407948.9335858821868896484375 HTTP/1.1" 200 20 "-" "WordPress/6.9.4; https://bfcg.com.au"
203.162.75.35 - - [06/Apr/2026:00:52:28 +0800] "GET http://www.bfcg.com.au/ HTTP/1.1" 301 20 "-" "Mozilla/5.0 (Macintosh; Intel Mac OS X 10_15_7) AppleWebKit/537.36 (KHTML, like Gecko) Chrome/101.0.4951.64 Safari/537.36"
103.4.122.14 - - [06/Apr/2026:01:05:00 +0800] "POST /wp-cron.php?doing_wp_cron=1775408700.0055859088897705078125 HTTP/1.1" 200 20 "-" "WordPress/6.9.4; https://bfcg.com.au"
94.158.58.243 - - [06/Apr/2026:01:04:59 +0800] "GET /docs/employee-resources/scheduled-maintenance/screen-service-sheet/ HTTP/1.1" 200 9783 "-" "Mozilla/5.0 (Windows NT 10.0; WOW64) AppleWebKit/537.36 (KHTML, like Gecko) Chrome/89.0.4389.72 Safari/537.36"
103.4.122.14 - - [06/Apr/2026:01:20:56 +0800] "POST /wp-cron.php?doing_wp_cron=1775409656.5974891185760498046875 HTTP/1.1" 200 20 "-" "WordPress/6.9.4; https://bfcg.com.au"
212.58.114.29 - - [06/Apr/2026:01:20:56 +0800] "GET /docs/employee-resources/admin/non-conformance-report/ HTTP/1.1" 200 9570 "-" "Mozilla/5.0 (Macintosh; Intel Mac OS X 10_13_4) AppleWebKit/537.36 (KHTML, like Gecko) Chrome/67.0.3396.6 Safari/537.36"
103.4.122.14 - - [06/Apr/2026:01:29:01 +0800] "POST /wp-cron.php?doing_wp_cron=1775410141.6216878890991210937500 HTTP/1.1" 200 20 "-" "WordPress/6.9.4; https://bfcg.com.au"
20.220.213.131 - - [06/Apr/2026:01:29:01 +0800] "GET /wp-content/plugins/hellopress/wp_filemanager.php HTTP/1.1" 404 23056 "-" "-"
20.220.213.131 - - [06/Apr/2026:01:29:02 +0800] "GET /default.php HTTP/1.1" 404 23056 "-" "-"
20.220.213.131 - - [06/Apr/2026:01:29:02 +0800] "GET /ty.php HTTP/1.1" 404 23056 "-" "-"
20.220.213.131 - - [06/Apr/2026:01:29:03 +0800] "GET /wp-content/themes/cay-van-phong/filemanager.php HTTP/1.1" 404 23056 "-" "-"
20.220.213.131 - - [06/Apr/2026:01:29:04 +0800] "GET /fm.php HTTP/1.1" 403 199 "-" "-"
20.220.213.131 - - [06/Apr/2026:01:29:16 +0800] "GET /wp-content/plugins/seoplugins/index.php HTTP/1.1" 301 - "-" "-"
20.220.213.131 - - [06/Apr/2026:01:29:17 +0800] "GET /wp-content/plugins/seoplugins/ HTTP/1.1" 404 23056 "-" "-"
20.220.213.131 - - [06/Apr/2026:01:29:18 +0800] "GET /ini.php HTTP/1.1" 404 23056 "-" "-"
20.220.213.131 - - [06/Apr/2026:01:29:18 +0800] "GET /libraries/legacy/info.php HTTP/1.1" 404 23056 "-" "-"
103.4.122.14 - - [06/Apr/2026:01:31:07 +0800] "POST /wp-cron.php?doing_wp_cron=1775410267.3518218994140625000000 HTTP/1.1" 200 20 "-" "WordPress/6.9.4; https://bfcg.com.au"
20.220.213.131 - - [06/Apr/2026:01:31:06 +0800] "GET /.well-known/link.php HTTP/1.1" 404 23056 "-" "-"
20.220.213.131 - - [06/Apr/2026:01:31:07 +0800] "GET /wp-admin/chosen.php HTTP/1.1" 404 23056 "-" "-"
20.220.213.131 - - [06/Apr/2026:01:31:08 +0800] "GET /info.php HTTP/1.1" 404 23056 "-" "-"
20.220.213.131 - - [06/Apr/2026:01:31:09 +0800] "GET /wp-includes/assets/about.php HTTP/1.1" 403 199 "-" "-"
103.4.122.14 - - [06/Apr/2026:01:34:10 +0800] "POST /wp-cron.php?doing_wp_cron=1775410450.8365640640258789062500 HTTP/1.1" 200 20 "-" "WordPress/6.9.4; https://bfcg.com.au"
20.220.213.131 - - [06/Apr/2026:01:34:10 +0800] "GET /Assets/item.php HTTP/1.1" 404 23056 "-" "-"
20.220.213.131 - - [06/Apr/2026:01:34:11 +0800] "GET /shop/lock.php HTTP/1.1" 404 23056 "-" "-"
20.220.213.131 - - [06/Apr/2026:01:34:11 +0800] "GET /th/plugins/phpThumb/404.php HTTP/1.1" 404 23056 "-" "-"
20.220.213.131 - - [06/Apr/2026:01:34:12 +0800] "GET /wp-includes/css/dist/preferences/index.php HTTP/1.1" 403 199 "-" "-"
20.220.213.131 - - [06/Apr/2026:01:34:18 +0800] "GET /files/log.php HTTP/1.1" 404 23056 "-" "-"
20.220.213.131 - - [06/Apr/2026:01:34:19 +0800] "GET /wp-includes/html-api/index.php HTTP/1.1" 403 199 "-" "-"
103.4.122.14 - - [06/Apr/2026:01:35:13 +0800] "POST /wp-cron.php?doing_wp_cron=1775410513.6236920356750488281250 HTTP/1.1" 200 20 "-" "WordPress/6.9.4; https://bfcg.com.au"
20.220.213.131 - - [06/Apr/2026:01:35:13 +0800] "GET /wp-content/plugins/wp.php HTTP/1.1" 404 23056 "-" "-"
20.220.213.131 - - [06/Apr/2026:01:35:14 +0800] "GET /wp-admin/includes/index.php HTTP/1.1" 301 - "-" "-"
20.220.213.131 - - [06/Apr/2026:01:35:14 +0800] "GET /wp-admin/includes/ HTTP/1.1" 403 199 "-" "-"
20.220.213.131 - - [06/Apr/2026:01:35:14 +0800] "GET /wp-includes/SimplePie/Cache/content.php HTTP/1.1" 403 199 "-" "-"
20.220.213.131 - - [06/Apr/2026:01:35:32 +0800] "GET /wp-content/themes/xmrlpc.php HTTP/1.1" 404 23056 "-" "-"
20.220.213.131 - - [06/Apr/2026:01:35:33 +0800] "GET /wp-includes/js/wp-login.php HTTP/1.1" 403 199 "-" "-"
20.220.213.131 - - [06/Apr/2026:01:37:32 +0800] "GET /wp-includes/customize/wp-login.php HTTP/1.1" 403 199 "-" "-"
20.220.213.131 - - [06/Apr/2026:01:37:43 +0800] "GET /.well-known/lv.php HTTP/1.1" 403 199 "-" "-"
20.220.213.131 - - [06/Apr/2026:01:37:59 +0800] "GET /themes.php HTTP/1.1" 403 199 "-" "-"
103.4.122.14 - - [06/Apr/2026:01:38:26 +0800] "POST /wp-cron.php?doing_wp_cron=1775410706.4798200130462646484375 HTTP/1.1" 200 20 "-" "WordPress/6.9.4; https://bfcg.com.au"
20.220.213.131 - - [06/Apr/2026:01:38:25 +0800] "GET /readme.php HTTP/1.1" 404 23056 "-" "-"
20.220.213.131 - - [06/Apr/2026:01:38:26 +0800] "GET /edit.php HTTP/1.1" 404 23056 "-" "-"
20.220.213.131 - - [06/Apr/2026:01:38:27 +0800] "GET /wp-content/themes/travelscape/json.php HTTP/1.1" 404 23056 "-" "-"
20.220.213.131 - - [06/Apr/2026:01:38:28 +0800] "GET /wp-admin/wp-admin.php HTTP/1.1" 404 23056 "-" "-"
20.220.213.131 - - [06/Apr/2026:01:38:29 +0800] "GET /wp-content/upgrade/shell.php HTTP/1.1" 404 23056 "-" "-"
20.220.213.131 - - [06/Apr/2026:01:38:29 +0800] "GET /wp-admin/user/bak.php HTTP/1.1" 404 23056 "-" "-"
20.220.213.131 - - [06/Apr/2026:01:38:30 +0800] "GET /wp-content/plugins/admin.php HTTP/1.1" 404 23056 "-" "-"
20.220.213.131 - - [06/Apr/2026:01:38:31 +0800] "GET /wp-admin/css/about.php HTTP/1.1" 404 23056 "-" "-"
20.220.213.131 - - [06/Apr/2026:01:38:31 +0800] "GET /wp-admin/date.php HTTP/1.1" 404 23056 "-" "-"
20.220.213.131 - - [06/Apr/2026:01:38:32 +0800] "GET /index/x.php HTTP/1.1" 404 23056 "-" "-"
20.220.213.131 - - [06/Apr/2026:01:38:33 +0800] "GET /wp-includes/network.php HTTP/1.1" 403 199 "-" "-"
20.220.213.131 - - [06/Apr/2026:01:39:17 +0800] "GET /wp-includes/pomo/chosen.php HTTP/1.1" 403 199 "-" "-"
103.4.122.14 - - [06/Apr/2026:01:40:05 +0800] "POST /wp-cron.php?doing_wp_cron=1775410805.9368410110473632812500 HTTP/1.1" 200 20 "-" "WordPress/6.9.4; https://bfcg.com.au"
20.220.213.131 - - [06/Apr/2026:01:40:05 +0800] "GET /css/cong.php HTTP/1.1" 404 23056 "-" "-"
20.220.213.131 - - [06/Apr/2026:01:40:18 +0800] "GET /wp-includes/customize/shell.php HTTP/1.1" 403 199 "-" "-"
20.220.213.131 - - [06/Apr/2026:01:40:44 +0800] "GET /wp-content/upgrade/admin.php HTTP/1.1" 403 199 "-" "-"
20.220.213.131 - - [06/Apr/2026:01:42:30 +0800] "GET /cgi-bin/fm.php HTTP/1.1" 403 199 "-" "-"
103.4.122.14 - - [06/Apr/2026:01:44:41 +0800] "POST /wp-cron.php?doing_wp_cron=1775411081.2732529640197753906250 HTTP/1.1" 200 20 "-" "WordPress/6.9.4; https://bfcg.com.au"
109.199.118.129 - - [06/Apr/2026:01:44:40 +0800] "GET / HTTP/1.1" 301 20 "-" "Mozilla/5.0 (Windows NT 10.0; Win64; x64) AppleWebKit/537.36 (KHTML, like Gecko) Chrome/91.0.4472.114 Safari/537.36 Edg/91.0.864.54"
109.199.118.129 - - [06/Apr/2026:01:44:43 +0800] "GET / HTTP/1.1" 200 12381 "-" "Mozilla/5.0 (Windows NT 10.0; Win64; x64) AppleWebKit/537.36 (KHTML, like Gecko) Chrome/91.0.4472.114 Safari/537.36 Edg/91.0.864.54"
20.220.213.131 - - [06/Apr/2026:01:44:46 +0800] "GET /wp-includes/rest-api/wp-login.php HTTP/1.1" 403 199 "-" "-"
20.220.213.131 - - [06/Apr/2026:01:44:58 +0800] "GET /.well-known/index.php HTTP/1.1" 403 199 "-" "-"
20.220.213.131 - - [06/Apr/2026:01:45:39 +0800] "GET /install.php HTTP/1.1" 403 199 "-" "-"
20.220.213.131 - - [06/Apr/2026:01:45:55 +0800] "GET /.well-known/pki-validation/siteindex.php HTTP/1.1" 403 199 "-" "-"
103.4.122.14 - - [06/Apr/2026:01:46:03 +0800] "POST /wp-cron.php?doing_wp_cron=1775411163.8782579898834228515625 HTTP/1.1" 200 20 "-" "WordPress/6.9.4; https://bfcg.com.au"
20.220.213.131 - - [06/Apr/2026:01:46:03 +0800] "GET /.well-known/pki-validation/siteindex.php HTTP/1.1" 404 23056 "-" "-"
20.220.213.131 - - [06/Apr/2026:01:46:06 +0800] "GET /plugins/DaoZM.php HTTP/1.1" 404 23056 "-" "-"
20.220.213.131 - - [06/Apr/2026:01:46:07 +0800] "GET /wp-admin/install.php HTTP/1.1" 200 1256 "-" "-"
20.220.213.131 - - [06/Apr/2026:01:46:08 +0800] "GET /cgi-bin/1.php HTTP/1.1" 404 23056 "-" "-"
20.220.213.131 - - [06/Apr/2026:01:46:08 +0800] "GET /cgi-bin/admin.php HTTP/1.1" 404 23056 "-" "-"
20.220.213.131 - - [06/Apr/2026:01:46:09 +0800] "GET /wp-content/plugins/pwnd/gecko.php HTTP/1.1" 403 199 "-" "-"
103.4.122.14 - - [06/Apr/2026:01:46:52 +0800] "POST /wp-cron.php?doing_wp_cron=1775411212.4235930442810058593750 HTTP/1.1" 200 20 "-" "WordPress/6.9.4; https://bfcg.com.au"
78.98.121.210 - - [06/Apr/2026:01:46:51 +0800] "GET /docs/employee-resources/scheduled-maintenance/ HTTP/1.1" 200 9619 "-" "Mozilla/5.0 (Windows NT 6.1; WOW64) AppleWebKit/537.36 (KHTML, like Gecko) Chrome/107.0.0.0 Safari/537.36"
20.220.213.131 - - [06/Apr/2026:01:47:29 +0800] "GET /wp-includes/SimplePie/system.php HTTP/1.1" 403 199 "-" "-"
20.220.213.131 - - [06/Apr/2026:01:47:30 +0800] "GET /about/wp-conflg.php HTTP/1.1" 404 23056 "-" "-"
20.220.213.131 - - [06/Apr/2026:01:47:31 +0800] "GET /Assets/admin.php HTTP/1.1" 404 23056 "-" "-"
20.220.213.131 - - [06/Apr/2026:01:47:32 +0800] "GET /wp-includes/sitemaps/alfa-rex.php HTTP/1.1" 403 199 "-" "-"
20.220.213.131 - - [06/Apr/2026:01:47:44 +0800] "GET /wp-includes/style-engine/index.php HTTP/1.1" 403 199 "-" "-"
20.220.213.131 - - [06/Apr/2026:01:49:41 +0800] "GET /db.php HTTP/1.1" 403 199 "-" "-"
20.220.213.131 - - [06/Apr/2026:01:50:27 +0800] "GET /.well-known/pki-validation/fm.php HTTP/1.1" 403 199 "-" "-"
20.220.213.131 - - [06/Apr/2026:01:50:30 +0800] "GET /.well-known/pki-validation/fm.php HTTP/1.1" 403 199 "-" "-"
20.220.213.131 - - [06/Apr/2026:01:50:35 +0800] "GET /.well-known/pki-validation/fm.php HTTP/1.1" 403 199 "-" "-"
20.220.213.131 - - [06/Apr/2026:01:50:42 +0800] "GET /.well-known/pki-validation/fm.php HTTP/1.1" 403 199 "-" "-"
20.220.213.131 - - [06/Apr/2026:01:52:46 +0800] "GET /wp-includes/images/media/about.php HTTP/1.1" 403 199 "-" "-"
20.220.213.131 - - [06/Apr/2026:01:52:47 +0800] "GET /cgi-bin/xmrlpc.php HTTP/1.1" 403 199 "-" "-"
20.220.213.131 - - [06/Apr/2026:01:52:48 +0800] "GET /cgi-bin/xmrlpc.php HTTP/1.1" 403 199 "-" "-"
20.220.213.131 - - [06/Apr/2026:01:53:13 +0800] "GET /assets/admin.php HTTP/1.1" 403 199 "-" "-"
103.4.122.14 - - [06/Apr/2026:01:54:38 +0800] "POST /wp-cron.php?doing_wp_cron=1775411678.7103219032287597656250 HTTP/1.1" 200 20 "-" "WordPress/6.9.4; https://bfcg.com.au"
20.220.213.131 - - [06/Apr/2026:01:54:38 +0800] "GET /wp-admin/plugin.php HTTP/1.1" 404 23056 "-" "-"
20.220.213.131 - - [06/Apr/2026:01:54:39 +0800] "GET /wp-content/admin.php HTTP/1.1" 403 199 "-" "-"
20.220.213.131 - - [06/Apr/2026:01:54:42 +0800] "GET /wp-content/admin.php HTTP/1.1" 403 199 "-" "-"
49.51.180.2 - - [06/Apr/2026:01:54:48 +0800] "GET / HTTP/1.1" 403 199 "-" "Mozilla/5.0 (iPhone; CPU iPhone OS 13_2_3 like Mac OS X) AppleWebKit/605.1.15 (KHTML, like Gecko) Version/13.0.3 Mobile/15E148 Safari/604.1"
20.220.213.131 - - [06/Apr/2026:01:55:01 +0800] "GET /images/autoload_classmap.php HTTP/1.1" 403 199 "-" "-"
20.220.213.131 - - [06/Apr/2026:01:55:05 +0800] "GET /images/autoload_classmap.php HTTP/1.1" 403 199 "-" "-"
20.220.213.131 - - [06/Apr/2026:01:55:21 +0800] "GET /radio.php HTTP/1.1" 403 199 "-" "-"
20.220.213.131 - - [06/Apr/2026:01:55:31 +0800] "GET /wp-content/plugins/Cache.php HTTP/1.1" 403 199 "-" "-"
103.4.122.14 - - [06/Apr/2026:01:55:50 +0800] "POST /wp-cron.php?doing_wp_cron=1775411750.9516620635986328125000 HTTP/1.1" 200 20 "-" "WordPress/6.9.4; https://bfcg.com.au"
20.220.213.131 - - [06/Apr/2026:01:55:50 +0800] "GET /wp-admin/js/widgets/index.php HTTP/1.1" 301 - "-" "-"
20.220.213.131 - - [06/Apr/2026:01:55:51 +0800] "GET /wp-admin/js/widgets/ HTTP/1.1" 403 199 "-" "-"
20.220.213.131 - - [06/Apr/2026:01:55:51 +0800] "GET /wp-content/packed.php HTTP/1.1" 404 23056 "-" "-"
20.220.213.131 - - [06/Apr/2026:01:55:52 +0800] "GET /wp-content/uploads/link.php HTTP/1.1" 404 23056 "-" "-"
20.220.213.131 - - [06/Apr/2026:01:55:53 +0800] "GET /403.php HTTP/1.1" 404 23056 "-" "-"
20.220.213.131 - - [06/Apr/2026:01:55:56 +0800] "GET /wp-content/uploads/plugins.php HTTP/1.1" 404 23056 "-" "-"
20.220.213.131 - - [06/Apr/2026:01:55:56 +0800] "GET /wp-includes/rest-api/alfa-rex.php HTTP/1.1" 403 199 "-" "-"
20.220.213.131 - - [06/Apr/2026:01:57:11 +0800] "GET /wp-includes/html-api/wp-login.php HTTP/1.1" 403 199 "-" "-"
20.220.213.131 - - [06/Apr/2026:01:57:12 +0800] "GET /Assets/edit.php HTTP/1.1" 404 23056 "-" "-"
20.220.213.131 - - [06/Apr/2026:01:57:13 +0800] "GET /wp-includes/images/crystal/about.php HTTP/1.1" 403 199 "-" "-"
103.4.122.14 - - [06/Apr/2026:01:57:12 +0800] "POST /wp-cron.php?doing_wp_cron=1775411832.6421871185302734375000 HTTP/1.1" 200 20 "-" "WordPress/6.9.4; https://bfcg.com.au"
20.220.213.131 - - [06/Apr/2026:01:57:47 +0800] "GET /.well-known/pkivalidation/log.php HTTP/1.1" 403 199 "-" "-"
20.220.213.131 - - [06/Apr/2026:01:58:50 +0800] "GET /user.php HTTP/1.1" 403 199 "-" "-"
20.220.213.131 - - [06/Apr/2026:01:59:29 +0800] "GET /filemanager.php HTTP/1.1" 403 199 "-" "-"
103.4.122.14 - - [06/Apr/2026:01:59:59 +0800] "POST /wp-cron.php?doing_wp_cron=1775411999.3499209880828857421875 HTTP/1.1" 200 20 "-" "WordPress/6.9.4; https://bfcg.com.au"
20.220.213.131 - - [06/Apr/2026:01:59:58 +0800] "GET /moon.php HTTP/1.1" 404 23056 "-" "-"
20.220.213.131 - - [06/Apr/2026:01:59:59 +0800] "GET /wp-includes/ID3/index.php HTTP/1.1" 403 199 "-" "-"
20.220.213.131 - - [06/Apr/2026:02:00:06 +0800] "GET /wp-admin/css/wp-conflg.php HTTP/1.1" 404 23056 "-" "-"
20.220.213.131 - - [06/Apr/2026:02:00:07 +0800] "GET /wp-admin/css/colors/index.php HTTP/1.1" 301 - "-" "-"
20.220.213.131 - - [06/Apr/2026:02:00:07 +0800] "GET /wp-admin/css/colors/ HTTP/1.1" 403 199 "-" "-"
20.220.213.131 - - [06/Apr/2026:02:00:07 +0800] "GET /css/chosen.php HTTP/1.1" 404 23056 "-" "-"
20.220.213.131 - - [06/Apr/2026:02:00:08 +0800] "GET /wp-includes/Requests/Utility/cc.php HTTP/1.1" 403 199 "-" "-"
103.4.122.14 - - [06/Apr/2026:02:00:58 +0800] "POST /wp-cron.php?doing_wp_cron=1775412058.2779750823974609375000 HTTP/1.1" 200 20 "-" "WordPress/6.9.4; https://bfcg.com.au"
20.220.213.131 - - [06/Apr/2026:02:00:57 +0800] "GET /packed.php HTTP/1.1" 404 23056 "-" "-"
20.220.213.131 - - [06/Apr/2026:02:00:58 +0800] "GET /wp-admin/update.php HTTP/1.1" 302 - "-" "-"
103.4.122.14 - - [06/Apr/2026:02:16:13 +0800] "POST /wp-cron.php?doing_wp_cron=1775412973.0933439731597900390625 HTTP/1.1" 200 20 "-" "WordPress/6.9.4; https://bfcg.com.au"
51.81.109.145 - - [06/Apr/2026:02:16:10 +0800] "GET / HTTP/1.1" 200 12381 "-" "Mozilla/5.0 (compatible; MainSequenceBot/1.0; +https://mainsequence.news/bot)"
51.81.109.145 - - [06/Apr/2026:02:16:14 +0800] "GET /careers HTTP/1.1" 404 6156 "-" "Mozilla/5.0 (compatible; MainSequenceBot/1.0; +https://mainsequence.news/bot)"
51.81.109.145 - - [06/Apr/2026:02:16:16 +0800] "GET /jobs HTTP/1.1" 404 6156 "-" "Mozilla/5.0 (compatible; MainSequenceBot/1.0; +https://mainsequence.news/bot)"
103.4.122.14 - - [06/Apr/2026:02:18:16 +0800] "POST /wp-cron.php?doing_wp_cron=1775413095.9551570415496826171875 HTTP/1.1" 200 20 "-" "WordPress/6.9.4; https://bfcg.com.au"
212.93.153.235 - - [06/Apr/2026:02:18:15 +0800] "POST /xmlrpc.php HTTP/1.1" 200 403 "-" "Mozilla/5.0 (Macintosh; Intel Mac OS X 10_15_7; x86) AppleWebKit/537.36 (KHTML, like Gecko) Edge/81.0.0.0 Safari/537.36"
212.93.153.235 - - [06/Apr/2026:02:26:24 +0800] "GET /wp-json/wp/v2/users HTTP/1.1" 403 199 "-" "Mozilla/4.0 (compatible; Win32; WinHttp.WinHttpRequest.5)"
103.4.122.14 - - [06/Apr/2026:02:27:55 +0800] "POST /wp-cron.php?doing_wp_cron=1775413675.0509850978851318359375 HTTP/1.1" 200 20 "-" "WordPress/6.9.4; https://bfcg.com.au"
212.93.153.235 - - [06/Apr/2026:02:27:54 +0800] "POST /xmlrpc.php HTTP/1.1" 200 403 "-" "Mozilla/5.0 (Windows NT 6.2; x64) AppleWebKit/537.36 (KHTML, like Gecko) Chrome/80.0.0.0 Safari/537.36"
52.167.144.216 - - [06/Apr/2026:02:28:19 +0800] "GET /contact/ HTTP/1.1" 200 7969 "-" "Mozilla/5.0 AppleWebKit/537.36 (KHTML, like Gecko; compatible; bingbot/2.0; +http://www.bing.com/bingbot.htm) Chrome/116.0.1938.76 Safari/537.36"
103.4.122.14 - - [06/Apr/2026:02:29:25 +0800] "POST /wp-cron.php?doing_wp_cron=1775413765.2307701110839843750000 HTTP/1.1" 200 20 "-" "WordPress/6.9.4; https://bfcg.com.au"
212.93.153.235 - - [06/Apr/2026:02:29:24 +0800] "POST /xmlrpc.php HTTP/1.1" 200 403 "-" "Mozilla/5.0 (Windows NT 10.0; x64) AppleWebKit/537.36 (KHTML, like Gecko) Chrome/106.0.0.0 Safari/537.36"
103.4.122.14 - - [06/Apr/2026:02:29:40 +0800] "POST /wp-cron.php?doing_wp_cron=1775413780.4633760452270507812500 HTTP/1.1" 200 20 "-" "WordPress/6.9.4; https://bfcg.com.au"
157.55.39.200 - - [06/Apr/2026:02:29:39 +0800] "GET /wp-json/contact-form-7/v1/contact-forms/2573/feedback/schema HTTP/1.1" 200 235 "-" "Mozilla/5.0 AppleWebKit/537.36 (KHTML, like Gecko; compatible; bingbot/2.0; +http://www.bing.com/bingbot.htm) Chrome/116.0.1938.76 Safari/537.36"
103.4.122.14 - - [06/Apr/2026:02:30:55 +0800] "POST /wp-cron.php?doing_wp_cron=1775413855.8116390705108642578125 HTTP/1.1" 200 20 "-" "WordPress/6.9.4; https://bfcg.com.au"
212.93.153.235 - - [06/Apr/2026:02:30:55 +0800] "POST /xmlrpc.php HTTP/1.1" 200 403 "-" "Mozilla/5.0 (Windows NT 6.3; arm64) AppleWebKit/537.36 (KHTML, like Gecko) Safari/11.0.0.0 Safari/537.36"
212.93.153.235 - - [06/Apr/2026:02:32:25 +0800] "POST /xmlrpc.php HTTP/1.1" 200 403 "-" "Mozilla/5.0 (Linux; Android 10; arm64) AppleWebKit/537.36 (KHTML, like Gecko) Edge/90.0.0.0 Safari/537.36"
103.4.122.14 - - [06/Apr/2026:02:32:26 +0800] "POST /wp-cron.php?doing_wp_cron=1775413945.9166789054870605468750 HTTP/1.1" 200 20 "-" "WordPress/6.9.4; https://bfcg.com.au"
103.4.122.14 - - [06/Apr/2026:02:32:40 +0800] "POST /wp-cron.php?doing_wp_cron=1775413960.0748789310455322265625 HTTP/1.1" 200 20 "-" "WordPress/6.9.4; https://bfcg.com.au"
51.68.107.156 - - [06/Apr/2026:02:32:39 +0800] "GET /robots.txt HTTP/1.1" 200 108 "-" "Mozilla/5.0 (compatible; MJ12bot/v2.0.5; http://mj12bot.com/)"
51.68.107.156 - - [06/Apr/2026:02:32:40 +0800] "GET / HTTP/1.1" 200 12381 "-" "Mozilla/5.0 (compatible; MJ12bot/v2.0.5; http://mj12bot.com/)"
103.4.122.14 - - [06/Apr/2026:02:44:29 +0800] "POST /wp-cron.php?doing_wp_cron=1775414669.6084709167480468750000 HTTP/1.1" 200 20 "-" "WordPress/6.9.4; https://bfcg.com.au"
14.234.255.136 - - [06/Apr/2026:02:44:28 +0800] "GET /docs/employee-resources/admin/ HTTP/1.1" 200 9588 "-" "Mozilla/5.0 (Macintosh; Intel Mac OS X 10_15_7) AppleWebKit/537.36 (KHTML, like Gecko) Chrome/92.0.4515.131 Safari/537.36"
103.4.122.14 - - [06/Apr/2026:02:46:05 +0800] "POST /wp-cron.php?doing_wp_cron=1775414765.1831591129302978515625 HTTP/1.1" 200 20 "-" "WordPress/6.9.4; https://bfcg.com.au"
66.249.75.69 - - [06/Apr/2026:02:46:04 +0800] "GET /robots.txt HTTP/1.1" 200 108 "-" "Mozilla/5.0 (compatible; Googlebot/2.1; +http://www.google.com/bot.html)"
66.249.75.67 - - [06/Apr/2026:02:46:23 +0800] "GET / HTTP/1.1" 200 12381 "-" "Mozilla/5.0 (Linux; Android 6.0.1; Nexus 5X Build/MMB29P) AppleWebKit/537.36 (KHTML, like Gecko) Chrome/146.0.7680.177 Mobile Safari/537.36 (compatible; Googlebot/2.1; +http://www.google.com/bot.html)"
66.249.75.67 - - [06/Apr/2026:02:46:37 +0800] "GET /wp-includes/js/dist/hooks.min.js?ver=dd5603f07f9220ed27f1 HTTP/1.1" 200 1941 "https://bfcg.com.au/" "Mozilla/5.0 (Linux; Android 6.0.1; Nexus 5X Build/MMB29P) AppleWebKit/537.36 (KHTML, like Gecko) Chrome/146.0.7680.177 Mobile Safari/537.36 (compatible; Googlebot/2.1; +http://www.google.com/bot.html)"
66.249.75.67 - - [06/Apr/2026:02:46:37 +0800] "GET /wp-includes/js/jquery/jquery.min.js?ver=3.7.1 HTTP/1.1" 200 30368 "https://bfcg.com.au/" "Mozilla/5.0 (Linux; Android 6.0.1; Nexus 5X Build/MMB29P) AppleWebKit/537.36 (KHTML, like Gecko) Chrome/146.0.7680.177 Mobile Safari/537.36 (compatible; Googlebot/2.1; +http://www.google.com/bot.html)"
66.249.75.67 - - [06/Apr/2026:02:46:38 +0800] "GET /wp-includes/js/dist/vendor/wp-polyfill.min.js?ver=3.15.0 HTTP/1.1" 200 11852 "https://bfcg.com.au/" "Mozilla/5.0 (Linux; Android 6.0.1; Nexus 5X Build/MMB29P) AppleWebKit/537.36 (KHTML, like Gecko) Chrome/146.0.7680.177 Mobile Safari/537.36 (compatible; Googlebot/2.1; +http://www.google.com/bot.html)"
103.4.122.14 - - [06/Apr/2026:02:49:30 +0800] "POST /wp-cron.php?doing_wp_cron=1775414970.1879351139068603515625 HTTP/1.1" 200 20 "-" "WordPress/6.9.4; https://bfcg.com.au"
123.28.82.52 - - [06/Apr/2026:02:49:29 +0800] "GET /category/news/ HTTP/1.1" 200 6601 "-" "Mozilla/5.0 (Windows NT 6.1; Win64; x64) AppleWebKit/537.36 (KHTML, like Gecko) Chrome/101.0.0.0 Safari/537.36"
103.4.122.14 - - [06/Apr/2026:03:00:49 +0800] "POST /wp-cron.php?doing_wp_cron=1775415649.2954609394073486328125 HTTP/1.1" 200 20 "-" "WordPress/6.9.4; https://bfcg.com.au"
216.73.216.14 - - [06/Apr/2026:03:00:48 +0800] "GET /robots.txt HTTP/1.1" 200 108 "-" "Mozilla/5.0 AppleWebKit/537.36 (KHTML, like Gecko; compatible; ClaudeBot/1.0; +claudebot@anthropic.com)"
216.73.216.14 - - [06/Apr/2026:03:00:49 +0800] "GET /wp-sitemap.xml HTTP/1.1" 200 229 "-" "Mozilla/5.0 AppleWebKit/537.36 (KHTML, like Gecko; compatible; ClaudeBot/1.0; +claudebot@anthropic.com)"
103.4.122.14 - - [06/Apr/2026:03:13:57 +0800] "POST /wp-cron.php?doing_wp_cron=1775416437.5680749416351318359375 HTTP/1.1" 200 20 "-" "WordPress/6.9.4; https://bfcg.com.au"
216.73.216.14 - - [06/Apr/2026:03:13:56 +0800] "GET / HTTP/1.1" 200 12381 "-" "Mozilla/5.0 AppleWebKit/537.36 (KHTML, like Gecko; compatible; ClaudeBot/1.0; +claudebot@anthropic.com)"
103.4.122.14 - - [06/Apr/2026:03:27:46 +0800] "POST /wp-cron.php?doing_wp_cron=1775417266.6005110740661621093750 HTTP/1.1" 200 20 "-" "WordPress/6.9.4; https://bfcg.com.au"
216.73.216.14 - - [06/Apr/2026:03:27:45 +0800] "GET /wp-sitemap.xml HTTP/1.1" 200 229 "-" "Mozilla/5.0 AppleWebKit/537.36 (KHTML, like Gecko; compatible; ClaudeBot/1.0; +claudebot@anthropic.com)"
103.4.122.14 - - [06/Apr/2026:03:28:59 +0800] "POST /wp-cron.php?doing_wp_cron=1775417339.7688319683074951171875 HTTP/1.1" 200 20 "-" "WordPress/6.9.4; https://bfcg.com.au"
66.249.75.67 - - [06/Apr/2026:03:28:58 +0800] "GET / HTTP/1.1" 200 12381 "-" "Mozilla/5.0 (Linux; Android 6.0.1; Nexus 5X Build/MMB29P) AppleWebKit/537.36 (KHTML, like Gecko) Chrome/146.0.7680.177 Mobile Safari/537.36 (compatible; Googlebot/2.1; +http://www.google.com/bot.html)"
103.4.122.14 - - [06/Apr/2026:03:51:59 +0800] "POST /wp-cron.php?doing_wp_cron=1775418719.8176190853118896484375 HTTP/1.1" 200 20 "-" "WordPress/6.9.4; https://bfcg.com.au"
216.244.66.229 - - [06/Apr/2026:03:51:59 +0800] "GET /robots.txt HTTP/1.1" 200 112 "-" "Mozilla/5.0 (compatible; DotBot/1.2; +https://opensiteexplorer.org/dotbot; help@moz.com)"
103.4.122.14 - - [06/Apr/2026:03:59:05 +0800] "POST /wp-cron.php?doing_wp_cron=1775419145.7757849693298339843750 HTTP/1.1" 200 20 "-" "WordPress/6.9.4; https://bfcg.com.au"
114.119.135.139 - - [06/Apr/2026:03:59:04 +0800] "GET /robots.txt HTTP/1.1" 200 108 "-" "Mozilla/5.0 (compatible;PetalBot;+https://webmaster.petalsearch.com/site/petalbot)"
103.4.122.14 - - [06/Apr/2026:04:07:02 +0800] "POST /wp-cron.php?doing_wp_cron=1775419622.3248169422149658203125 HTTP/1.1" 200 20 "-" "WordPress/6.9.4; https://bfcg.com.au"
216.244.66.229 - - [06/Apr/2026:04:07:01 +0800] "GET /our-partners/ HTTP/1.1" 200 30061 "-" "Mozilla/5.0 (compatible; DotBot/1.2; +https://opensiteexplorer.org/dotbot; help@moz.com)"
103.4.122.14 - - [06/Apr/2026:04:16:54 +0800] "POST /wp-cron.php?doing_wp_cron=1775420214.2075231075286865234375 HTTP/1.1" 200 20 "-" "WordPress/6.9.4; https://bfcg.com.au"
100.49.18.32 - - [06/Apr/2026:04:16:53 +0800] "GET /robots.txt HTTP/1.1" 200 108 "-" "Mozilla/5.0 (Macintosh; Intel Mac OS X 10_10_1) AppleWebKit/600.2.5 (KHTML, like Gecko) Version/8.0.2 Safari/600.2.5 (Gort)"
165.16.76.202 - - [06/Apr/2026:04:17:33 +0800] "POST /xmlrpc.php HTTP/1.1" 200 403 "-" "Mozilla/5.0 (Windows NT 6.3; x86) AppleWebKit/537.36 (KHTML, like Gecko) Edge/86.0.0.0 Safari/537.36"
103.4.122.14 - - [06/Apr/2026:04:17:43 +0800] "POST /wp-cron.php?doing_wp_cron=1775420263.4975860118865966796875 HTTP/1.1" 200 20 "-" "WordPress/6.9.4; https://bfcg.com.au"
14.161.243.28 - - [06/Apr/2026:04:17:42 +0800] "GET /about/ HTTP/1.1" 200 9181 "-" "Mozilla/5.0 (Windows NT 10.0; Win64; x64) AppleWebKit/537.36 (KHTML, like Gecko) Chrome/99.0.4844.74 Safari/537.36"
103.4.122.14 - - [06/Apr/2026:04:22:56 +0800] "POST /wp-cron.php?doing_wp_cron=1775420576.2908349037170410156250 HTTP/1.1" 200 20 "-" "WordPress/6.9.4; https://bfcg.com.au"
220.181.108.158 - - [06/Apr/2026:04:22:55 +0800] "GET /docs/employee-resources/scheduled-maintenance/light-vehicle-service/ HTTP/1.1" 200 9574 "-" "Mozilla/5.0 (compatible; Baiduspider/2.0; +http://www.baidu.com/search/spider.html)"
116.179.37.240 - - [06/Apr/2026:04:24:13 +0800] "GET /wp-content/uploads/2020/08/logo-alt.png HTTP/1.1" 200 100570 "https://bfcg.com.au/docs/employee-resources/scheduled-maintenance/light-vehicle-service/" "Mozilla/5.0 (compatible; Baiduspider-render/2.0; +http://www.baidu.com/search/spider.html)"
103.4.122.14 - - [06/Apr/2026:04:24:14 +0800] "POST /wp-cron.php?doing_wp_cron=1775420654.7974669933319091796875 HTTP/1.1" 200 20 "-" "WordPress/6.9.4; https://bfcg.com.au"
116.179.37.9 - - [06/Apr/2026:04:24:13 +0800] "GET /wp-content/uploads/2020/06/calima-bg-2.jpg HTTP/1.1" 404 6156 "https://bfcg.com.au/wp-content/cache/autoptimize/css/autoptimize_2488b8cf824f951cd860030d1a2e15a1.css" "Mozilla/5.0 (compatible; Baiduspider-render/2.0; +http://www.baidu.com/search/spider.html)"
116.179.37.154 - - [06/Apr/2026:04:24:13 +0800] "GET /wp-includes/js/dist/i18n.min.js?ver=c26c3dc7bed366793375 HTTP/1.1" 200 2229 "https://bfcg.com.au/docs/employee-resources/scheduled-maintenance/light-vehicle-service/" "Mozilla/5.0 (compatible; Baiduspider-render/2.0; +http://www.baidu.com/search/spider.html)"
116.179.37.50 - - [06/Apr/2026:04:24:20 +0800] "POST /wp-admin/admin-ajax.php HTTP/1.1" 200 3007 "https://bfcg.com.au/docs/employee-resources/scheduled-maintenance/light-vehicle-service/" "Mozilla/5.0 (compatible; Baiduspider-render/2.0; +http://www.baidu.com/search/spider.html)"
165.16.76.202 - - [06/Apr/2026:04:24:39 +0800] "GET /wp-json/wp/v2/users HTTP/1.1" 403 199 "-" "Mozilla/4.0 (compatible; Win32; WinHttp.WinHttpRequest.5)"
103.4.122.14 - - [06/Apr/2026:04:26:08 +0800] "POST /wp-cron.php?doing_wp_cron=1775420768.7787480354309082031250 HTTP/1.1" 200 20 "-" "WordPress/6.9.4; https://bfcg.com.au"
165.16.76.202 - - [06/Apr/2026:04:26:07 +0800] "POST /xmlrpc.php HTTP/1.1" 200 403 "-" "Mozilla/5.0 (Windows NT 6.3; arm64) AppleWebKit/537.36 (KHTML, like Gecko) Chrome/88.0.0.0 Safari/537.36"
103.4.122.14 - - [06/Apr/2026:04:27:51 +0800] "POST /wp-cron.php?doing_wp_cron=1775420870.9788630008697509765625 HTTP/1.1" 200 20 "-" "WordPress/6.9.4; https://bfcg.com.au"
14.185.226.82 - - [06/Apr/2026:04:27:50 +0800] "GET /docs/employee-resources/scheduled-maintenance/light-vehicle-service/ HTTP/1.1" 200 9574 "-" "Mozilla/5.0 (Macintosh; Intel Mac OS X 10_14_6) AppleWebKit/537.36 (KHTML, like Gecko) Chrome/81.0.4044.122 Safari/537.36"
165.16.76.202 - - [06/Apr/2026:04:27:57 +0800] "POST /xmlrpc.php HTTP/1.1" 200 403 "-" "Mozilla/5.0 (Linux; Android 10; arm64) AppleWebKit/537.36 (KHTML, like Gecko) Firefox/84.0.0.0 Safari/537.36"
69.165.67.161 - - [06/Apr/2026:04:28:25 +0800] "GET /index.php?rest_route=/wp/v2/posts&per_page=100&_fields=id%2Ccomment_status&page=1 HTTP/1.1" 200 57 "https://bfcg.com.au" "Mozilla/5.0 (Windows NT 10.0; Win64; x64) AppleWebKit/537.36 (KHTML, like Gecko) Chrome/127.0.0.0 Safari/537.36"
103.4.122.14 - - [06/Apr/2026:04:29:29 +0800] "POST /wp-cron.php?doing_wp_cron=1775420969.2333669662475585937500 HTTP/1.1" 200 20 "-" "WordPress/6.9.4; https://bfcg.com.au"
165.16.76.202 - - [06/Apr/2026:04:29:28 +0800] "POST /xmlrpc.php HTTP/1.1" 200 403 "-" "Mozilla/5.0 (Macintosh; Intel Mac OS X 10_15_7; x64) AppleWebKit/537.36 (KHTML, like Gecko) Edge/87.0.0.0 Safari/537.36"
103.4.122.14 - - [06/Apr/2026:04:31:04 +0800] "POST /wp-cron.php?doing_wp_cron=1775421064.4187140464782714843750 HTTP/1.1" 200 20 "-" "WordPress/6.9.4; https://bfcg.com.au"
165.16.76.202 - - [06/Apr/2026:04:31:03 +0800] "POST /xmlrpc.php HTTP/1.1" 200 403 "-" "Mozilla/5.0 (Linux; Android 10; x86) AppleWebKit/537.36 (KHTML, like Gecko) Opera/67.0.0.0 Safari/537.36"
103.4.122.14 - - [06/Apr/2026:04:41:14 +0800] "POST /wp-cron.php?doing_wp_cron=1775421674.1117560863494873046875 HTTP/1.1" 200 20 "-" "WordPress/6.9.4; https://bfcg.com.au"
40.77.167.13 - - [06/Apr/2026:04:41:13 +0800] "GET /about/ HTTP/1.1" 200 9181 "-" "Mozilla/5.0 AppleWebKit/537.36 (KHTML, like Gecko; compatible; bingbot/2.0; +http://www.bing.com/bingbot.htm) Chrome/116.0.1938.76 Safari/537.36"
103.4.122.14 - - [06/Apr/2026:04:41:56 +0800] "POST /wp-cron.php?doing_wp_cron=1775421715.8676989078521728515625 HTTP/1.1" 200 20 "-" "WordPress/6.9.4; https://bfcg.com.au"
181.43.203.254 - - [06/Apr/2026:04:41:54 +0800] "GET /privacy-policy/ HTTP/1.1" 200 7098 "-" "Mozilla/5.0 (Windows NT 6.1; Win64; x64) AppleWebKit/537.36 (KHTML, like Gecko) Chrome/64.0.3282.24 Safari/537.36"
103.4.122.14 - - [06/Apr/2026:04:52:04 +0800] "POST /wp-cron.php?doing_wp_cron=1775422323.9205389022827148437500 HTTP/1.1" 200 20 "-" "WordPress/6.9.4; https://bfcg.com.au"
15.235.96.185 - - [06/Apr/2026:04:52:03 +0800] "GET /robots.txt HTTP/1.1" 200 108 "-" "Mozilla/5.0 (compatible; AhrefsBot/7.0; +http://ahrefs.com/robot/)"
92.222.108.111 - - [06/Apr/2026:04:52:10 +0800] "GET /wp-sitemap.xml HTTP/1.1" 200 229 "-" "Mozilla/5.0 (compatible; AhrefsBot/7.0; +http://ahrefs.com/robot/)"
37.59.204.139 - - [06/Apr/2026:04:52:12 +0800] "GET /wp-sitemap-posts-post-1.xml HTTP/1.1" 200 220 "-" "Mozilla/5.0 (compatible; AhrefsBot/7.0; +http://ahrefs.com/robot/)"
103.4.122.14 - - [06/Apr/2026:04:52:46 +0800] "POST /wp-cron.php?doing_wp_cron=1775422366.1549510955810546875000 HTTP/1.1" 200 20 "-" "WordPress/6.9.4; https://bfcg.com.au"
37.59.204.133 - - [06/Apr/2026:04:52:45 +0800] "GET /wp-sitemap-posts-page-1.xml HTTP/1.1" 200 441 "-" "Mozilla/5.0 (compatible; AhrefsBot/7.0; +http://ahrefs.com/robot/)"
37.59.204.140 - - [06/Apr/2026:04:52:48 +0800] "GET /wp-sitemap-posts-docs-1.xml HTTP/1.1" 200 520 "-" "Mozilla/5.0 (compatible; AhrefsBot/7.0; +http://ahrefs.com/robot/)"
51.75.236.152 - - [06/Apr/2026:04:52:50 +0800] "GET /wp-sitemap-taxonomies-category-1.xml HTTP/1.1" 200 184 "-" "Mozilla/5.0 (compatible; AhrefsBot/7.0; +http://ahrefs.com/robot/)"
5.39.1.254 - - [06/Apr/2026:04:52:53 +0800] "GET /wp-sitemap-users-1.xml HTTP/1.1" 200 184 "-" "Mozilla/5.0 (compatible; AhrefsBot/7.0; +http://ahrefs.com/robot/)"
103.4.122.14 - - [06/Apr/2026:04:55:31 +0800] "POST /wp-cron.php?doing_wp_cron=1775422531.5136039257049560546875 HTTP/1.1" 200 20 "-" "WordPress/6.9.4; https://bfcg.com.au"
216.73.216.14 - - [06/Apr/2026:04:55:30 +0800] "GET /robots.txt HTTP/1.1" 200 108 "-" "Mozilla/5.0 AppleWebKit/537.36 (KHTML, like Gecko; compatible; ClaudeBot/1.0; +claudebot@anthropic.com)"
216.73.216.14 - - [06/Apr/2026:04:55:31 +0800] "GET /docs/employee-resources/admin/site-induction-checklist HTTP/1.1" 301 20 "-" "Mozilla/5.0 AppleWebKit/537.36 (KHTML, like Gecko; compatible; ClaudeBot/1.0; +claudebot@anthropic.com)"
216.73.216.14 - - [06/Apr/2026:04:55:32 +0800] "GET /docs/employee-resources/admin/site-induction-checklist/ HTTP/1.1" 200 9551 "https://bfcg.com.au/docs/employee-resources/admin/site-induction-checklist" "Mozilla/5.0 AppleWebKit/537.36 (KHTML, like Gecko; compatible; ClaudeBot/1.0; +claudebot@anthropic.com)"
103.4.122.14 - - [06/Apr/2026:05:02:15 +0800] "POST /wp-cron.php?doing_wp_cron=1775422935.5141329765319824218750 HTTP/1.1" 200 20 "-" "WordPress/6.9.4; https://bfcg.com.au"
74.7.241.168 - - [06/Apr/2026:05:02:14 +0800] "GET /robots.txt HTTP/1.1" 301 20 "-" "Mozilla/5.0 (Macintosh; Intel Mac OS X 10_15_7) AppleWebKit/537.36 (KHTML, like Gecko) Chrome/131.0.0.0 Safari/537.36; compatible; OAI-SearchBot/1.3; robots.txt; +https://openai.com/searchbot"
74.7.241.168 - - [06/Apr/2026:05:02:16 +0800] "GET /robots.txt HTTP/1.1" 200 108 "https://www.bfcg.com.au/robots.txt" "Mozilla/5.0 (Macintosh; Intel Mac OS X 10_15_7) AppleWebKit/537.36 (KHTML, like Gecko) Chrome/131.0.0.0 Safari/537.36; compatible; OAI-SearchBot/1.3; robots.txt; +https://openai.com/searchbot"
103.4.122.14 - - [06/Apr/2026:05:02:49 +0800] "POST /wp-cron.php?doing_wp_cron=1775422969.8334300518035888671875 HTTP/1.1" 200 20 "-" "WordPress/6.9.4; https://bfcg.com.au"
20.63.84.172 - - [06/Apr/2026:05:02:49 +0800] "GET //wp-content/plugins/fix/up.php HTTP/1.1" 301 20 "-" "Mozilla/5.0 (Windows NT 10.0; Win64; x64) AppleWebKit/537.36 (KHTML, like Gecko) Chrome/85.0.4183.102 Safari/537.36"
20.63.84.172 - - [06/Apr/2026:05:02:50 +0800] "GET /wp-content/plugins/fix/up.php HTTP/1.1" 404 6167 "-" "Mozilla/5.0 (Windows NT 10.0; Win64; x64) AppleWebKit/537.36 (KHTML, like Gecko) Chrome/85.0.4183.102 Safari/537.36"
47.128.25.69 - - [06/Apr/2026:05:03:20 +0800] "GET / HTTP/1.1" 200 12381 "-" "Mozilla/5.0 (Linux; Android 5.0) AppleWebKit/537.36 (KHTML, like Gecko) Mobile Safari/537.36 (compatible; Bytespider; spider-feedback@bytedance.com)"
47.128.25.69 - - [06/Apr/2026:05:03:22 +0800] "GET /wp-content/cache/autoptimize/css/autoptimize_single_fa01caa3511fe59492737e72ecc1ea48.css?ver=1765777674 HTTP/1.1" 200 1814 "https://bfcg.com.au/" "Mozilla/5.0 (Linux; Android 5.0) AppleWebKit/537.36 (KHTML, like Gecko) Mobile Safari/537.36 (compatible; Bytespider; spider-feedback@bytedance.com)"
47.128.25.69 - - [06/Apr/2026:05:03:22 +0800] "GET /wp-content/cache/autoptimize/css/autoptimize_036a3e3adb14651182f90577734ef4ef.css HTTP/1.1" 200 17882 "https://bfcg.com.au/" "Mozilla/5.0 (Linux; Android 5.0) AppleWebKit/537.36 (KHTML, like Gecko) Mobile Safari/537.36 (compatible; Bytespider; spider-feedback@bytedance.com)"
47.128.25.69 - - [06/Apr/2026:05:03:23 +0800] "GET /wp-content/uploads/2020/06/calima-bg-2.jpg HTTP/1.1" 404 23064 "https://bfcg.com.au/wp-content/cache/autoptimize/css/autoptimize_036a3e3adb14651182f90577734ef4ef.css" "Mozilla/5.0 (Linux; Android 5.0) AppleWebKit/537.36 (KHTML, like Gecko) Mobile Safari/537.36 (compatible; Bytespider; spider-feedback@bytedance.com)"
103.4.122.14 - - [06/Apr/2026:05:03:42 +0800] "POST /wp-cron.php?doing_wp_cron=1775423021.8845899105072021484375 HTTP/1.1" 200 20 "-" "WordPress/6.9.4; https://bfcg.com.au"
47.128.96.189 - - [06/Apr/2026:05:03:41 +0800] "GET / HTTP/1.1" 200 12381 "-" "Mozilla/5.0 (Linux; Android 5.0) AppleWebKit/537.36 (KHTML, like Gecko) Mobile Safari/537.36 (compatible; TikTokSpider; ttspider-feedback@tiktok.com)"
47.128.96.189 - - [06/Apr/2026:05:03:42 +0800] "GET /wp-content/cache/autoptimize/css/autoptimize_036a3e3adb14651182f90577734ef4ef.css HTTP/1.1" 200 17882 "https://bfcg.com.au/" "Mozilla/5.0 (Linux; Android 5.0) AppleWebKit/537.36 (KHTML, like Gecko) Mobile Safari/537.36 (compatible; TikTokSpider; ttspider-feedback@tiktok.com)"
47.128.96.189 - - [06/Apr/2026:05:03:42 +0800] "GET /wp-content/cache/autoptimize/css/autoptimize_single_fa01caa3511fe59492737e72ecc1ea48.css?ver=1765777674 HTTP/1.1" 200 1814 "https://bfcg.com.au/" "Mozilla/5.0 (Linux; Android 5.0) AppleWebKit/537.36 (KHTML, like Gecko) Mobile Safari/537.36 (compatible; TikTokSpider; ttspider-feedback@tiktok.com)"
47.128.96.189 - - [06/Apr/2026:05:03:42 +0800] "GET /wp-content/uploads/2020/10/LT160.jpg HTTP/1.1" 206 500 "https://bfcg.com.au/" "Mozilla/5.0 (Linux; Android 5.0) AppleWebKit/537.36 (KHTML, like Gecko) Mobile Safari/537.36 (compatible; TikTokSpider; ttspider-feedback@tiktok.com)"
47.128.96.189 - - [06/Apr/2026:05:03:42 +0800] "GET /wp-content/uploads/2020/10/LT160.jpg HTTP/1.1" 304 - "https://bfcg.com.au/" "Mozilla/5.0 (Linux; Android 5.0) AppleWebKit/537.36 (KHTML, like Gecko) Mobile Safari/537.36 (compatible; TikTokSpider; ttspider-feedback@tiktok.com)"
47.128.96.189 - - [06/Apr/2026:05:03:42 +0800] "GET /wp-content/uploads/2020/08/cta-home.jpg HTTP/1.1" 206 500 "https://bfcg.com.au/wp-content/cache/autoptimize/css/autoptimize_single_fa01caa3511fe59492737e72ecc1ea48.css?ver=1765777674" "Mozilla/5.0 (Linux; Android 5.0) AppleWebKit/537.36 (KHTML, like Gecko) Mobile Safari/537.36 (compatible; TikTokSpider; ttspider-feedback@tiktok.com)"
47.128.96.189 - - [06/Apr/2026:05:03:42 +0800] "GET /wp-content/uploads/2020/10/hero-render-small.jpg HTTP/1.1" 206 500 "https://bfcg.com.au/wp-content/cache/autoptimize/css/autoptimize_single_fa01caa3511fe59492737e72ecc1ea48.css?ver=1765777674" "Mozilla/5.0 (Linux; Android 5.0) AppleWebKit/537.36 (KHTML, like Gecko) Mobile Safari/537.36 (compatible; TikTokSpider; ttspider-feedback@tiktok.com)"
47.128.96.189 - - [06/Apr/2026:05:03:42 +0800] "GET /wp-content/uploads/2020/08/cta-home.jpg HTTP/1.1" 304 - "https://bfcg.com.au/wp-content/cache/autoptimize/css/autoptimize_single_fa01caa3511fe59492737e72ecc1ea48.css?ver=1765777674" "Mozilla/5.0 (Linux; Android 5.0) AppleWebKit/537.36 (KHTML, like Gecko) Mobile Safari/537.36 (compatible; TikTokSpider; ttspider-feedback@tiktok.com)"
47.128.96.189 - - [06/Apr/2026:05:03:42 +0800] "GET /wp-content/uploads/2020/10/hero-render-small.jpg HTTP/1.1" 304 - "https://bfcg.com.au/wp-content/cache/autoptimize/css/autoptimize_single_fa01caa3511fe59492737e72ecc1ea48.css?ver=1765777674" "Mozilla/5.0 (Linux; Android 5.0) AppleWebKit/537.36 (KHTML, like Gecko) Mobile Safari/537.36 (compatible; TikTokSpider; ttspider-feedback@tiktok.com)"
47.128.96.189 - - [06/Apr/2026:05:03:42 +0800] "GET /wp-content/uploads/2020/10/LT160.jpg HTTP/1.1" 206 111643 "https://bfcg.com.au/" "Mozilla/5.0 (Linux; Android 5.0) AppleWebKit/537.36 (KHTML, like Gecko) Mobile Safari/537.36 (compatible; TikTokSpider; ttspider-feedback@tiktok.com)"
47.128.96.189 - - [06/Apr/2026:05:03:42 +0800] "GET /wp-content/uploads/2020/08/cta-home.jpg HTTP/1.1" 206 329113 "https://bfcg.com.au/wp-content/cache/autoptimize/css/autoptimize_single_fa01caa3511fe59492737e72ecc1ea48.css?ver=1765777674" "Mozilla/5.0 (Linux; Android 5.0) AppleWebKit/537.36 (KHTML, like Gecko) Mobile Safari/537.36 (compatible; TikTokSpider; ttspider-feedback@tiktok.com)"
47.128.96.189 - - [06/Apr/2026:05:03:42 +0800] "GET /wp-content/uploads/2020/10/hero-render-small.jpg HTTP/1.1" 206 321893 "https://bfcg.com.au/wp-content/cache/autoptimize/css/autoptimize_single_fa01caa3511fe59492737e72ecc1ea48.css?ver=1765777674" "Mozilla/5.0 (Linux; Android 5.0) AppleWebKit/537.36 (KHTML, like Gecko) Mobile Safari/537.36 (compatible; TikTokSpider; ttspider-feedback@tiktok.com)"
47.128.96.189 - - [06/Apr/2026:05:03:42 +0800] "GET /wp-content/uploads/2020/06/calima-bg-2.jpg HTTP/1.1" 404 23064 "https://bfcg.com.au/wp-content/cache/autoptimize/css/autoptimize_036a3e3adb14651182f90577734ef4ef.css" "Mozilla/5.0 (Linux; Android 5.0) AppleWebKit/537.36 (KHTML, like Gecko) Mobile Safari/537.36 (compatible; TikTokSpider; ttspider-feedback@tiktok.com)"
103.4.122.14 - - [06/Apr/2026:05:07:25 +0800] "POST /wp-cron.php?doing_wp_cron=1775423245.0535130500793457031250 HTTP/1.1" 200 20 "-" "WordPress/6.9.4; https://bfcg.com.au"
47.128.25.71 - - [06/Apr/2026:05:07:24 +0800] "GET /robots.txt HTTP/1.1" 200 108 "-" "Mozilla/5.0 (Linux; Android 5.0) AppleWebKit/537.36 (KHTML, like Gecko) Mobile Safari/537.36 (compatible; Bytespider; spider-feedback@bytedance.com)"
103.4.122.14 - - [06/Apr/2026:05:09:24 +0800] "POST /wp-cron.php?doing_wp_cron=1775423364.6358850002288818359375 HTTP/1.1" 200 20 "-" "WordPress/6.9.4; https://bfcg.com.au"
114.119.145.25 - - [06/Apr/2026:05:09:23 +0800] "GET /robots.txt HTTP/1.1" 200 108 "-" "Mozilla/5.0 (compatible;PetalBot;+https://webmaster.petalsearch.com/site/petalbot)"
103.4.122.14 - - [06/Apr/2026:05:11:34 +0800] "POST /wp-cron.php?doing_wp_cron=1775423494.3366239070892333984375 HTTP/1.1" 200 20 "-" "WordPress/6.9.4; https://bfcg.com.au"
47.128.26.120 - - [06/Apr/2026:05:11:33 +0800] "GET /robots.txt HTTP/1.1" 200 108 "-" "Mozilla/5.0 (Linux; Android 5.0) AppleWebKit/537.36 (KHTML, like Gecko) Mobile Safari/537.36 (compatible; Bytespider; spider-feedback@bytedance.com)"
