47.128.96.180 - - [01/Apr/2026:04:28:37 +0800] "GET /wp-content/uploads/2020/10/hero-render-small.jpg HTTP/1.1" 206 321893 "https://bfcg.com.au/wp-content/cache/autoptimize/css/autoptimize_single_fa01caa3511fe59492737e72ecc1ea48.css?ver=1765777674" "Mozilla/5.0 (Linux; Android 5.0) AppleWebKit/537.36 (KHTML, like Gecko) Mobile Safari/537.36 (compatible; TikTokSpider; ttspider-feedback@tiktok.com)"
103.4.122.14 - - [01/Apr/2026:04:29:36 +0800] "POST /wp-cron.php?doing_wp_cron=1774988976.5315539836883544921875 HTTP/1.1" 200 20 "-" "WordPress/6.9.4; https://bfcg.com.au"
94.127.211.111 - - [01/Apr/2026:04:29:35 +0800] "POST /xmlrpc.php HTTP/1.1" 200 403 "-" "Jetpack/12.5; WordPress/6.1; http://site24354419.com"
103.4.122.14 - - [01/Apr/2026:04:46:31 +0800] "POST /wp-cron.php?doing_wp_cron=1774989991.1155779361724853515625 HTTP/1.1" 200 20 "-" "WordPress/6.9.4; https://bfcg.com.au"
200.118.81.17 - - [01/Apr/2026:04:46:30 +0800] "GET /docs/employee-resources/admin/site-induction-checklist/ HTTP/1.1" 200 9553 "-" "Mozilla/5.0 (Windows NT 6.2; WOW64) AppleWebKit/537.36 (KHTML, like Gecko) Chrome/27.0.1453.93 Safari/537.36"
103.4.122.14 - - [01/Apr/2026:04:58:47 +0800] "POST /wp-cron.php?doing_wp_cron=1774990727.3841469287872314453125 HTTP/1.1" 200 20 "-" "WordPress/6.9.4; https://bfcg.com.au"
159.146.16.45 - - [01/Apr/2026:04:58:46 +0800] "POST /xmlrpc.php HTTP/1.1" 200 403 "-" "Jetpack by WordPress.com"
103.4.122.14 - - [01/Apr/2026:04:59:51 +0800] "POST /wp-cron.php?doing_wp_cron=1774990791.3383290767669677734375 HTTP/1.1" 200 20 "-" "WordPress/6.9.4; https://bfcg.com.au"
185.191.171.7 - - [01/Apr/2026:04:59:50 +0800] "GET /robots.txt HTTP/1.1" 200 108 "-" "Mozilla/5.0 (compatible; SemrushBot/7~bl; +http://www.semrush.com/bot.html)"
85.208.96.201 - - [01/Apr/2026:04:59:52 +0800] "GET /docs/employee-resources/admin/fire-extinguisher-register/ HTTP/1.1" 200 9560 "-" "Mozilla/5.0 (compatible; SemrushBot/7~bl; +http://www.semrush.com/bot.html)"
103.4.122.14 - - [01/Apr/2026:05:06:31 +0800] "POST /wp-cron.php?doing_wp_cron=1774991190.9388198852539062500000 HTTP/1.1" 200 20 "-" "WordPress/6.9.4; https://bfcg.com.au"
216.75.132.199 - - [01/Apr/2026:05:06:30 +0800] "GET /wp-json/oembed/1.0/embed?url=https%3A%2F%2Fbfcg.com.au%2Fdocs%2Femployee-resources%2Fhealth-saftey%2Fmaintenance%2F&format=xml HTTP/1.1" 200 1142 "-" "Mozilla/5.0 (Macintosh; Intel Mac OS X 10_15_7) AppleWebKit/537.36 (KHTML, like Gecko) Chrome/135.0.0.0 Safari/537.36"
103.4.122.14 - - [01/Apr/2026:05:07:57 +0800] "POST /wp-cron.php?doing_wp_cron=1774991277.5605249404907226562500 HTTP/1.1" 200 20 "-" "WordPress/6.9.4; https://bfcg.com.au"
36.65.102.64 - - [01/Apr/2026:05:07:56 +0800] "POST /xmlrpc.php HTTP/1.1" 200 403 "-" "Jetpack by WordPress.com"
103.4.122.14 - - [01/Apr/2026:05:14:16 +0800] "POST /wp-cron.php?doing_wp_cron=1774991656.0154080390930175781250 HTTP/1.1" 200 20 "-" "WordPress/6.9.4; https://bfcg.com.au"
165.51.254.176 - - [01/Apr/2026:05:14:15 +0800] "POST /xmlrpc.php HTTP/1.1" 200 403 "-" "WordPress.com; https://wordpress.com"
103.4.122.14 - - [01/Apr/2026:05:23:55 +0800] "POST /wp-cron.php?doing_wp_cron=1774992235.5483729839324951171875 HTTP/1.1" 200 20 "-" "WordPress/6.9.4; https://bfcg.com.au"
52.167.144.180 - - [01/Apr/2026:05:23:54 +0800] "GET /wp-sitemap-posts-page-1.xml HTTP/1.1" 200 441 "-" "Mozilla/5.0 AppleWebKit/537.36 (KHTML, like Gecko; compatible; bingbot/2.0; +http://www.bing.com/bingbot.htm) Chrome/116.0.1938.76 Safari/537.36"
103.4.122.14 - - [01/Apr/2026:05:28:39 +0800] "POST /wp-cron.php?doing_wp_cron=1774992519.0549330711364746093750 HTTP/1.1" 200 20 "-" "WordPress/6.9.4; https://bfcg.com.au"
207.46.13.153 - - [01/Apr/2026:05:28:38 +0800] "GET /sitemap.txt HTTP/1.1" 301 20 "-" "Mozilla/5.0 AppleWebKit/537.36 (KHTML, like Gecko; compatible; bingbot/2.0; +http://www.bing.com/bingbot.htm) Chrome/116.0.1938.76 Safari/537.36"
207.46.13.130 - - [01/Apr/2026:05:28:47 +0800] "GET /sitemap.txt HTTP/1.1" 404 6156 "-" "Mozilla/5.0 AppleWebKit/537.36 (KHTML, like Gecko; compatible; bingbot/2.0; +http://www.bing.com/bingbot.htm) Chrome/116.0.1938.76 Safari/537.36"
103.4.122.14 - - [01/Apr/2026:05:41:36 +0800] "POST /wp-cron.php?doing_wp_cron=1774993296.6579918861389160156250 HTTP/1.1" 200 20 "-" "WordPress/6.9.4; https://bfcg.com.au"
158.158.49.164 - - [01/Apr/2026:05:41:35 +0800] "GET /wp-content/plugins/hellopress/wp_filemanager.php HTTP/1.1" 404 23056 "-" "-"
158.158.49.164 - - [01/Apr/2026:05:41:37 +0800] "GET /sw.php HTTP/1.1" 404 23056 "-" "-"
158.158.49.164 - - [01/Apr/2026:05:41:38 +0800] "GET /CDX2.php HTTP/1.1" 404 23056 "-" "-"
158.158.49.164 - - [01/Apr/2026:05:41:39 +0800] "GET /CDX1.php HTTP/1.1" 404 23056 "-" "-"
158.158.49.164 - - [01/Apr/2026:05:41:40 +0800] "GET /fsgdjkl.php HTTP/1.1" 404 23056 "-" "-"
158.158.49.164 - - [01/Apr/2026:05:41:41 +0800] "GET /ahutr.php HTTP/1.1" 404 23056 "-" "-"
158.158.49.164 - - [01/Apr/2026:05:41:42 +0800] "GET /byrgo.php HTTP/1.1" 404 23056 "-" "-"
158.158.49.164 - - [01/Apr/2026:05:41:43 +0800] "GET /abouta.php HTTP/1.1" 404 23056 "-" "-"
158.158.49.164 - - [01/Apr/2026:05:41:44 +0800] "GET /zfe.php HTTP/1.1" 404 23056 "-" "-"
158.158.49.164 - - [01/Apr/2026:05:41:45 +0800] "GET /by.php HTTP/1.1" 404 23056 "-" "-"
158.158.49.164 - - [01/Apr/2026:05:41:46 +0800] "GET /Cap.php HTTP/1.1" 404 23056 "-" "-"
158.158.49.164 - - [01/Apr/2026:05:41:48 +0800] "GET /wp-asudo.php HTTP/1.1" 403 199 "-" "-"
158.158.49.164 - - [01/Apr/2026:05:41:49 +0800] "GET /wp-asudo.php HTTP/1.1" 403 199 "-" "-"
158.158.49.164 - - [01/Apr/2026:05:41:49 +0800] "GET /wp-asudo.php HTTP/1.1" 403 199 "-" "-"
158.158.49.164 - - [01/Apr/2026:05:41:50 +0800] "GET /wp-asudo.php HTTP/1.1" 403 199 "-" "-"
158.158.49.164 - - [01/Apr/2026:05:41:50 +0800] "GET /wp-moonka.php HTTP/1.1" 403 199 "-" "-"
158.158.49.164 - - [01/Apr/2026:05:41:51 +0800] "GET /wp-moonka.php HTTP/1.1" 403 199 "-" "-"
158.158.49.164 - - [01/Apr/2026:05:41:51 +0800] "GET /wp-moonka.php HTTP/1.1" 403 199 "-" "-"
158.158.49.164 - - [01/Apr/2026:05:41:52 +0800] "GET /wp-moonka.php HTTP/1.1" 403 199 "-" "-"
158.158.49.164 - - [01/Apr/2026:05:41:52 +0800] "GET /000.php HTTP/1.1" 403 199 "-" "-"
158.158.49.164 - - [01/Apr/2026:05:41:53 +0800] "GET /000.php HTTP/1.1" 403 199 "-" "-"
158.158.49.164 - - [01/Apr/2026:05:41:53 +0800] "GET /000.php HTTP/1.1" 403 199 "-" "-"
158.158.49.164 - - [01/Apr/2026:05:41:54 +0800] "GET /000.php HTTP/1.1" 403 199 "-" "-"
158.158.49.164 - - [01/Apr/2026:05:41:54 +0800] "GET /zlnckdxn.php HTTP/1.1" 403 199 "-" "-"
158.158.49.164 - - [01/Apr/2026:05:41:55 +0800] "GET /zlnckdxn.php HTTP/1.1" 403 199 "-" "-"
158.158.49.164 - - [01/Apr/2026:05:41:56 +0800] "GET /zlnckdxn.php HTTP/1.1" 403 199 "-" "-"
158.158.49.164 - - [01/Apr/2026:05:41:56 +0800] "GET /wp-thi.php HTTP/1.1" 403 199 "-" "-"
158.158.49.164 - - [01/Apr/2026:05:41:56 +0800] "GET /wp-thi.php HTTP/1.1" 403 199 "-" "-"
158.158.49.164 - - [01/Apr/2026:05:41:55 +0800] "GET /zlnckdxn.php HTTP/1.1" 403 199 "-" "-"
158.158.49.164 - - [01/Apr/2026:05:41:57 +0800] "GET /wp-thi.php HTTP/1.1" 403 199 "-" "-"
158.158.49.164 - - [01/Apr/2026:05:41:57 +0800] "GET /wp-thi.php HTTP/1.1" 403 199 "-" "-"
158.158.49.164 - - [01/Apr/2026:05:41:58 +0800] "GET /press.php HTTP/1.1" 403 199 "-" "-"
158.158.49.164 - - [01/Apr/2026:05:41:58 +0800] "GET /press.php HTTP/1.1" 403 199 "-" "-"
158.158.49.164 - - [01/Apr/2026:05:41:59 +0800] "GET /press.php HTTP/1.1" 403 199 "-" "-"
158.158.49.164 - - [01/Apr/2026:05:42:00 +0800] "GET /aa.php HTTP/1.1" 403 199 "-" "-"
158.158.49.164 - - [01/Apr/2026:05:42:00 +0800] "GET /aa.php HTTP/1.1" 403 199 "-" "-"
158.158.49.164 - - [01/Apr/2026:05:41:59 +0800] "GET /press.php HTTP/1.1" 403 199 "-" "-"
158.158.49.164 - - [01/Apr/2026:05:42:01 +0800] "GET /aa.php HTTP/1.1" 403 199 "-" "-"
158.158.49.164 - - [01/Apr/2026:05:42:01 +0800] "GET /aa.php HTTP/1.1" 403 199 "-" "-"
158.158.49.164 - - [01/Apr/2026:05:42:02 +0800] "GET /Geforce.php HTTP/1.1" 403 199 "-" "-"
158.158.49.164 - - [01/Apr/2026:05:42:02 +0800] "GET /Geforce.php HTTP/1.1" 403 199 "-" "-"
158.158.49.164 - - [01/Apr/2026:05:42:03 +0800] "GET /Geforce.php HTTP/1.1" 403 199 "-" "-"
158.158.49.164 - - [01/Apr/2026:05:42:03 +0800] "GET /Geforce.php HTTP/1.1" 403 199 "-" "-"
158.158.49.164 - - [01/Apr/2026:05:42:04 +0800] "GET /jlex.php HTTP/1.1" 403 199 "-" "-"
158.158.49.164 - - [01/Apr/2026:05:42:04 +0800] "GET /jlex.php HTTP/1.1" 403 199 "-" "-"
158.158.49.164 - - [01/Apr/2026:05:42:05 +0800] "GET /jlex.php HTTP/1.1" 403 199 "-" "-"
158.158.49.164 - - [01/Apr/2026:05:42:05 +0800] "GET /jlex.php HTTP/1.1" 403 199 "-" "-"
158.158.49.164 - - [01/Apr/2026:05:42:06 +0800] "GET /dichku.php HTTP/1.1" 403 199 "-" "-"
158.158.49.164 - - [01/Apr/2026:05:42:06 +0800] "GET /dichku.php HTTP/1.1" 403 199 "-" "-"
158.158.49.164 - - [01/Apr/2026:05:42:07 +0800] "GET /dichku.php HTTP/1.1" 403 199 "-" "-"
158.158.49.164 - - [01/Apr/2026:05:42:07 +0800] "GET /dichku.php HTTP/1.1" 403 199 "-" "-"
158.158.49.164 - - [01/Apr/2026:05:42:08 +0800] "GET /t00l.php HTTP/1.1" 403 199 "-" "-"
158.158.49.164 - - [01/Apr/2026:05:42:08 +0800] "GET /t00l.php HTTP/1.1" 403 199 "-" "-"
158.158.49.164 - - [01/Apr/2026:05:42:09 +0800] "GET /t00l.php HTTP/1.1" 403 199 "-" "-"
158.158.49.164 - - [01/Apr/2026:05:42:09 +0800] "GET /t00l.php HTTP/1.1" 403 199 "-" "-"
158.158.49.164 - - [01/Apr/2026:05:42:10 +0800] "GET /vvedr.php HTTP/1.1" 403 199 "-" "-"
158.158.49.164 - - [01/Apr/2026:05:42:10 +0800] "GET /vvedr.php HTTP/1.1" 403 199 "-" "-"
158.158.49.164 - - [01/Apr/2026:05:42:10 +0800] "GET /vvedr.php HTTP/1.1" 403 199 "-" "-"
158.158.49.164 - - [01/Apr/2026:05:42:11 +0800] "GET /vvedr.php HTTP/1.1" 403 199 "-" "-"
158.158.49.164 - - [01/Apr/2026:05:42:11 +0800] "GET /2.php HTTP/1.1" 403 199 "-" "-"
158.158.49.164 - - [01/Apr/2026:05:42:12 +0800] "GET /2.php HTTP/1.1" 403 199 "-" "-"
158.158.49.164 - - [01/Apr/2026:05:42:12 +0800] "GET /2.php HTTP/1.1" 403 199 "-" "-"
158.158.49.164 - - [01/Apr/2026:05:42:13 +0800] "GET /2.php HTTP/1.1" 403 199 "-" "-"
158.158.49.164 - - [01/Apr/2026:05:42:13 +0800] "GET /gptsh.php HTTP/1.1" 403 199 "-" "-"
158.158.49.164 - - [01/Apr/2026:05:42:14 +0800] "GET /gptsh.php HTTP/1.1" 403 199 "-" "-"
158.158.49.164 - - [01/Apr/2026:05:42:14 +0800] "GET /gptsh.php HTTP/1.1" 403 199 "-" "-"
158.158.49.164 - - [01/Apr/2026:05:42:15 +0800] "GET /gptsh.php HTTP/1.1" 403 199 "-" "-"
158.158.49.164 - - [01/Apr/2026:05:42:15 +0800] "GET /albin.php HTTP/1.1" 403 199 "-" "-"
158.158.49.164 - - [01/Apr/2026:05:42:16 +0800] "GET /albin.php HTTP/1.1" 403 199 "-" "-"
158.158.49.164 - - [01/Apr/2026:05:42:16 +0800] "GET /albin.php HTTP/1.1" 403 199 "-" "-"
158.158.49.164 - - [01/Apr/2026:05:42:17 +0800] "GET /albin.php HTTP/1.1" 403 199 "-" "-"
158.158.49.164 - - [01/Apr/2026:05:42:17 +0800] "GET /htto.php HTTP/1.1" 403 199 "-" "-"
158.158.49.164 - - [01/Apr/2026:05:42:18 +0800] "GET /htto.php HTTP/1.1" 403 199 "-" "-"
158.158.49.164 - - [01/Apr/2026:05:42:18 +0800] "GET /htto.php HTTP/1.1" 403 199 "-" "-"
158.158.49.164 - - [01/Apr/2026:05:42:19 +0800] "GET /htto.php HTTP/1.1" 403 199 "-" "-"
158.158.49.164 - - [01/Apr/2026:05:42:19 +0800] "GET /xhejulap.php HTTP/1.1" 403 199 "-" "-"
158.158.49.164 - - [01/Apr/2026:05:42:20 +0800] "GET /xhejulap.php HTTP/1.1" 403 199 "-" "-"
158.158.49.164 - - [01/Apr/2026:05:42:20 +0800] "GET /xhejulap.php HTTP/1.1" 403 199 "-" "-"
158.158.49.164 - - [01/Apr/2026:05:42:21 +0800] "GET /xhejulap.php HTTP/1.1" 403 199 "-" "-"
158.158.49.164 - - [01/Apr/2026:05:42:21 +0800] "GET /66.php HTTP/1.1" 403 199 "-" "-"
158.158.49.164 - - [01/Apr/2026:05:42:22 +0800] "GET /66.php HTTP/1.1" 403 199 "-" "-"
158.158.49.164 - - [01/Apr/2026:05:42:22 +0800] "GET /66.php HTTP/1.1" 403 199 "-" "-"
158.158.49.164 - - [01/Apr/2026:05:42:22 +0800] "GET /66.php HTTP/1.1" 403 199 "-" "-"
158.158.49.164 - - [01/Apr/2026:05:42:23 +0800] "GET /8pewqMTX.php HTTP/1.1" 403 199 "-" "-"
158.158.49.164 - - [01/Apr/2026:05:42:23 +0800] "GET /8pewqMTX.php HTTP/1.1" 403 199 "-" "-"
158.158.49.164 - - [01/Apr/2026:05:42:24 +0800] "GET /8pewqMTX.php HTTP/1.1" 403 199 "-" "-"
158.158.49.164 - - [01/Apr/2026:05:42:24 +0800] "GET /8pewqMTX.php HTTP/1.1" 403 199 "-" "-"
158.158.49.164 - - [01/Apr/2026:05:42:25 +0800] "GET /ddpxi.php HTTP/1.1" 403 199 "-" "-"
158.158.49.164 - - [01/Apr/2026:05:42:25 +0800] "GET /ddpxi.php HTTP/1.1" 403 199 "-" "-"
158.158.49.164 - - [01/Apr/2026:05:42:26 +0800] "GET /ddpxi.php HTTP/1.1" 403 199 "-" "-"
158.158.49.164 - - [01/Apr/2026:05:42:26 +0800] "GET /ddpxi.php HTTP/1.1" 403 199 "-" "-"
158.158.49.164 - - [01/Apr/2026:05:42:27 +0800] "GET /cdkfu.php HTTP/1.1" 403 199 "-" "-"
158.158.49.164 - - [01/Apr/2026:05:42:27 +0800] "GET /cdkfu.php HTTP/1.1" 403 199 "-" "-"
158.158.49.164 - - [01/Apr/2026:05:42:28 +0800] "GET /cdkfu.php HTTP/1.1" 403 199 "-" "-"
158.158.49.164 - - [01/Apr/2026:05:42:28 +0800] "GET /cdkfu.php HTTP/1.1" 403 199 "-" "-"
158.158.49.164 - - [01/Apr/2026:05:42:29 +0800] "GET /IcC7p.php HTTP/1.1" 403 199 "-" "-"
158.158.49.164 - - [01/Apr/2026:05:42:29 +0800] "GET /IcC7p.php HTTP/1.1" 403 199 "-" "-"
158.158.49.164 - - [01/Apr/2026:05:42:30 +0800] "GET /IcC7p.php HTTP/1.1" 403 199 "-" "-"
158.158.49.164 - - [01/Apr/2026:05:42:30 +0800] "GET /IcC7p.php HTTP/1.1" 403 199 "-" "-"
158.158.49.164 - - [01/Apr/2026:05:42:31 +0800] "GET /dropdown.php HTTP/1.1" 403 199 "-" "-"
158.158.49.164 - - [01/Apr/2026:05:42:31 +0800] "GET /dropdown.php HTTP/1.1" 403 199 "-" "-"
158.158.49.164 - - [01/Apr/2026:05:42:32 +0800] "GET /dropdown.php HTTP/1.1" 403 199 "-" "-"
158.158.49.164 - - [01/Apr/2026:05:42:32 +0800] "GET /dropdown.php HTTP/1.1" 403 199 "-" "-"
158.158.49.164 - - [01/Apr/2026:05:42:33 +0800] "GET /Jcrop.php HTTP/1.1" 403 199 "-" "-"
158.158.49.164 - - [01/Apr/2026:05:42:33 +0800] "GET /Jcrop.php HTTP/1.1" 403 199 "-" "-"
158.158.49.164 - - [01/Apr/2026:05:42:34 +0800] "GET /Jcrop.php HTTP/1.1" 403 199 "-" "-"
158.158.49.164 - - [01/Apr/2026:05:42:34 +0800] "GET /Jcrop.php HTTP/1.1" 403 199 "-" "-"
158.158.49.164 - - [01/Apr/2026:05:42:35 +0800] "GET /wp-temp.php HTTP/1.1" 403 199 "-" "-"
158.158.49.164 - - [01/Apr/2026:05:42:35 +0800] "GET /wp-temp.php HTTP/1.1" 403 199 "-" "-"
158.158.49.164 - - [01/Apr/2026:05:42:35 +0800] "GET /wp-temp.php HTTP/1.1" 403 199 "-" "-"
158.158.49.164 - - [01/Apr/2026:05:42:36 +0800] "GET /wp-temp.php HTTP/1.1" 403 199 "-" "-"
103.4.122.14 - - [01/Apr/2026:05:54:49 +0800] "POST /wp-cron.php?doing_wp_cron=1774994089.5007739067077636718750 HTTP/1.1" 200 20 "-" "WordPress/6.9.4; https://bfcg.com.au"
37.27.61.46 - - [01/Apr/2026:05:54:47 +0800] "GET / HTTP/1.1" 301 20 "-" "StormIntelCrawler/1.0 (StormIntel Crawler; http://stormintel.com; info@stormintel.com)"
103.4.122.14 - - [01/Apr/2026:05:57:30 +0800] "POST /wp-cron.php?doing_wp_cron=1774994250.0222969055175781250000 HTTP/1.1" 200 20 "-" "WordPress/6.9.4; https://bfcg.com.au"
52.45.15.233 - - [01/Apr/2026:05:57:29 +0800] "GET /wp-json/oembed/1.0/embed?format=xml&url=https://bfcg.com.au/docs/employee-resources/admin/timesheet/ HTTP/1.1" 200 1135 "-" "Mozilla/5.0 AppleWebKit/537.36 (KHTML, like Gecko; compatible; Amazonbot/0.1; +https://developer.amazon.com/support/amazonbot) Chrome/119.0.6045.214 Safari/537.36"
103.4.122.14 - - [01/Apr/2026:06:22:24 +0800] "POST /wp-cron.php?doing_wp_cron=1774995743.9330880641937255859375 HTTP/1.1" 200 20 "-" "WordPress/6.9.4; https://bfcg.com.au"
103.10.28.207 - - [01/Apr/2026:06:22:22 +0800] "GET /services/ HTTP/1.1" 200 8661 "-" "Mozilla/5.0 (Macintosh; Intel Mac OS X 11_2_1) AppleWebKit/537.36 (KHTML, like Gecko) Brave Chrome/87.0.4280.101 Safari/537.36"
51.83.6.238 - - [01/Apr/2026:06:22:46 +0800] "GET /robots.txt HTTP/1.1" 200 112 "-" "Mozilla/5.0 (compatible; MJ12bot/v1.4.8; http://mj12bot.com/)"
103.4.122.14 - - [01/Apr/2026:06:22:47 +0800] "POST /wp-cron.php?doing_wp_cron=1774995767.4234728813171386718750 HTTP/1.1" 200 20 "-" "WordPress/6.9.4; https://bfcg.com.au"
51.83.6.238 - - [01/Apr/2026:06:22:49 +0800] "GET /betflix%20wallet.aspx HTTP/1.1" 404 6167 "-" "Mozilla/5.0 (compatible; MJ12bot/v1.4.8; http://mj12bot.com/)"
51.83.6.238 - - [01/Apr/2026:06:22:51 +0800] "GET /slot%20auto.aspx HTTP/1.1" 404 6167 "-" "Mozilla/5.0 (compatible; MJ12bot/v1.4.8; http://mj12bot.com/)"
103.4.122.14 - - [01/Apr/2026:06:23:47 +0800] "POST /wp-cron.php?doing_wp_cron=1774995827.7776219844818115234375 HTTP/1.1" 200 20 "-" "WordPress/6.9.4; https://bfcg.com.au"
44.243.15.229 - - [01/Apr/2026:06:23:47 +0800] "GET / HTTP/1.1" 301 20 "-" "Mozilla/5.0 (Windows NT 10.0; Win64; x64) AppleWebKit/537.36 (KHTML, like Gecko) Chrome/113.0.0.0 Safari/537.36"
44.243.15.229 - - [01/Apr/2026:06:23:48 +0800] "GET / HTTP/1.1" 200 12381 "-" "Mozilla/5.0 (Windows NT 10.0; Win64; x64) AppleWebKit/537.36 (KHTML, like Gecko) Chrome/113.0.0.0 Safari/537.36"
173.252.70.23 - - [01/Apr/2026:06:24:33 +0800] "GET /robots.txt HTTP/1.1" 200 112 "-" "facebookexternalhit/1.1 (+http://www.facebook.com/externalhit_uatext.php)"
103.4.122.14 - - [01/Apr/2026:06:26:04 +0800] "POST /wp-cron.php?doing_wp_cron=1774995964.1675639152526855468750 HTTP/1.1" 200 20 "-" "WordPress/6.9.4; https://bfcg.com.au"
49.182.204.51 - - [01/Apr/2026:06:26:03 +0800] "POST /xmlrpc.php HTTP/1.1" 200 403 "-" "Jetpack/12.0; WordPress/6.2; http://site88035311.com"
103.4.122.14 - - [01/Apr/2026:06:35:22 +0800] "POST /wp-cron.php?doing_wp_cron=1774996521.9784419536590576171875 HTTP/1.1" 200 20 "-" "WordPress/6.9.4; https://bfcg.com.au"
172.96.8.89 - - [01/Apr/2026:06:35:21 +0800] "GET / HTTP/1.1" 200 12381 "-" "Mozilla/5.0 (X11; Linux x86_64)"
172.96.8.89 - - [01/Apr/2026:06:35:23 +0800] "GET /contact HTTP/1.1" 301 20 "-" "Mozilla/5.0 (X11; Linux x86_64)"
172.96.8.89 - - [01/Apr/2026:06:35:24 +0800] "GET /contact/ HTTP/1.1" 200 7969 "-" "Mozilla/5.0 (X11; Linux x86_64)"
172.96.8.89 - - [01/Apr/2026:06:35:25 +0800] "GET /about HTTP/1.1" 301 20 "-" "Mozilla/5.0 (X11; Linux x86_64)"
172.96.8.89 - - [01/Apr/2026:06:35:26 +0800] "GET /about/ HTTP/1.1" 200 9181 "-" "Mozilla/5.0 (X11; Linux x86_64)"
172.96.8.89 - - [01/Apr/2026:06:35:28 +0800] "GET /help HTTP/1.1" 404 6156 "-" "Mozilla/5.0 (X11; Linux x86_64)"
172.96.8.89 - - [01/Apr/2026:06:35:30 +0800] "GET /help HTTP/1.1" 404 6156 "-" "Mozilla/5.0 (X11; Linux x86_64)"
103.4.122.14 - - [01/Apr/2026:06:46:37 +0800] "POST /wp-cron.php?doing_wp_cron=1774997197.7429571151733398437500 HTTP/1.1" 200 20 "-" "WordPress/6.9.4; https://bfcg.com.au"
4.205.39.97 - - [01/Apr/2026:06:46:37 +0800] "GET / HTTP/1.1" 301 - "-" "Mozlila/5.0 (Linux; Android 7.0; SM-G892A Bulid/NRD90M; wv) AppleWebKit/537.36 (KHTML, like Gecko) Version/4.0 Chrome/60.0.3112.107 Moblie Safari/537.36"
4.205.39.97 - - [01/Apr/2026:06:46:37 +0800] "POST /wp-plain.php HTTP/1.1" 404 23056 "www.google.com" "Mozilla/5.0 (Linux; Android 7.0; SM-G892A Bulid/NRD90M; wv) AppleWebKit/537.36 (KHTML, like Gecko) Version/4.0 Chrome/60.0.3112.107 Moblie Safari/537.36"
4.205.39.97 - - [01/Apr/2026:06:46:37 +0800] "GET /wp-content/themes/seotheme/db.php?u HTTP/1.1" 404 23056 "www.google.com" "Mozlila/5.0 (Linux; Android 7.0; SM-G892A Bulid/NRD90M; wv) AppleWebKit/537.36 (KHTML, like Gecko) Version/4.0 Chrome/60.0.3112.107 Moblie Safari/537.36"
4.205.39.97 - - [01/Apr/2026:06:46:38 +0800] "GET /axocqmpz.php?Fox=d3wL7 HTTP/1.1" 404 23056 "www.google.com" "Mozilla/5.0 (Linux; Android 7.0; SM-G892A Bulid/NRD90M; wv) AppleWebKit/537.36 (KHTML, like Gecko) Version/4.0 Chrome/60.0.3112.107 Moblie Safari/537.36"
4.205.39.97 - - [01/Apr/2026:06:46:41 +0800] "GET /wp-content/themes/seotheme/db.php?u HTTP/1.1" 404 23064 "www.google.com" "Mozlila/5.0 (Linux; Android 7.0; SM-G892A Bulid/NRD90M; wv) AppleWebKit/537.36 (KHTML, like Gecko) Version/4.0 Chrome/60.0.3112.107 Moblie Safari/537.36"
4.205.39.97 - - [01/Apr/2026:06:46:41 +0800] "GET / HTTP/1.1" 200 47616 "-" "Mozlila/5.0 (Linux; Android 7.0; SM-G892A Bulid/NRD90M; wv) AppleWebKit/537.36 (KHTML, like Gecko) Version/4.0 Chrome/60.0.3112.107 Moblie Safari/537.36"
4.205.39.97 - - [01/Apr/2026:06:46:41 +0800] "POST /wp-plain.php HTTP/1.1" 404 23064 "www.google.com" "Mozilla/5.0 (Linux; Android 7.0; SM-G892A Bulid/NRD90M; wv) AppleWebKit/537.36 (KHTML, like Gecko) Version/4.0 Chrome/60.0.3112.107 Moblie Safari/537.36"
4.205.39.97 - - [01/Apr/2026:06:46:42 +0800] "GET /wp-content/plugins/apikey/apikey.php?test=hello HTTP/1.1" 404 23064 "-" "Mozlila/5.0 (Linux; Android 7.0; SM-G892A Bulid/NRD90M; wv) AppleWebKit/537.36 (KHTML, like Gecko) Version/4.0 Chrome/60.0.3112.107 Moblie Safari/537.36"
4.205.39.97 - - [01/Apr/2026:06:46:43 +0800] "GET /yyfxhqbn.php?Fox=d3wL7 HTTP/1.1" 404 23064 "www.google.com" "Mozilla/5.0 (Linux; Android 7.0; SM-G892A Bulid/NRD90M; wv) AppleWebKit/537.36 (KHTML, like Gecko) Version/4.0 Chrome/60.0.3112.107 Moblie Safari/537.36"
4.205.39.97 - - [01/Apr/2026:06:46:43 +0800] "POST /ALFA_DATA/alfacgiapi/perl.alfa HTTP/1.1" 404 23064 "www.google.com" "Mozlila/5.0 (Linux; Android 7.0; SM-G892A Bulid/NRD90M; wv) AppleWebKit/537.36 (KHTML, like Gecko) Version/4.0 Chrome/60.0.3112.107 Moblie Safari/537.36"
4.205.39.97 - - [01/Apr/2026:06:46:43 +0800] "GET /plugins/content/apismtp/apismtp.php?test=hello HTTP/1.1" 404 23064 "-" "Mozlila/5.0 (Linux; Android 7.0; SM-G892A Bulid/NRD90M; wv) AppleWebKit/537.36 (KHTML, like Gecko) Version/4.0 Chrome/60.0.3112.107 Moblie Safari/537.36"
4.205.39.97 - - [01/Apr/2026:06:46:44 +0800] "GET /wp-content/plugins/apikey/apikey.php.suspected?test=hello HTTP/1.1" 404 23064 "-" "Mozlila/5.0 (Linux; Android 7.0; SM-G892A Bulid/NRD90M; wv) AppleWebKit/537.36 (KHTML, like Gecko) Version/4.0 Chrome/60.0.3112.107 Moblie Safari/537.36"
4.205.39.97 - - [01/Apr/2026:06:46:44 +0800] "POST /alfacgiapi/perl.alfa HTTP/1.1" 404 23064 "www.google.com" "Mozlila/5.0 (Linux; Android 7.0; SM-G892A Bulid/NRD90M; wv) AppleWebKit/537.36 (KHTML, like Gecko) Version/4.0 Chrome/60.0.3112.107 Moblie Safari/537.36"
4.205.39.97 - - [01/Apr/2026:06:46:45 +0800] "GET /plugins/content/apismtp/apismtp.php.suspected?test=hello HTTP/1.1" 404 23064 "-" "Mozlila/5.0 (Linux; Android 7.0; SM-G892A Bulid/NRD90M; wv) AppleWebKit/537.36 (KHTML, like Gecko) Version/4.0 Chrome/60.0.3112.107 Moblie Safari/537.36"
103.4.122.14 - - [01/Apr/2026:06:48:43 +0800] "POST /wp-cron.php?doing_wp_cron=1774997323.1949629783630371093750 HTTP/1.1" 200 20 "-" "WordPress/6.9.4; https://bfcg.com.au"
69.63.184.9 - - [01/Apr/2026:06:48:42 +0800] "GET /robots.txt HTTP/1.1" 301 - "-" "facebookexternalhit/1.1 (+http://www.facebook.com/externalhit_uatext.php)"
69.63.184.9 - - [01/Apr/2026:06:48:44 +0800] "GET /robots.txt HTTP/1.1" 200 112 "-" "facebookexternalhit/1.1 (+http://www.facebook.com/externalhit_uatext.php)"
103.4.122.14 - - [01/Apr/2026:06:57:07 +0800] "POST /wp-cron.php?doing_wp_cron=1774997827.1301629543304443359375 HTTP/1.1" 200 20 "-" "WordPress/6.9.4; https://bfcg.com.au"
87.121.154.227 - - [01/Apr/2026:06:57:06 +0800] "POST /xmlrpc.php HTTP/1.1" 200 403 "-" "Jetpack/12.1; WordPress/6.2; http://site25766321.com"
103.4.122.14 - - [01/Apr/2026:07:01:46 +0800] "POST /wp-cron.php?doing_wp_cron=1774998106.2454209327697753906250 HTTP/1.1" 200 20 "-" "WordPress/6.9.4; https://bfcg.com.au"
216.73.216.14 - - [01/Apr/2026:07:01:45 +0800] "GET /robots.txt HTTP/1.1" 200 108 "-" "Mozilla/5.0 AppleWebKit/537.36 (KHTML, like Gecko; compatible; ClaudeBot/1.0; +claudebot@anthropic.com)"
216.73.216.14 - - [01/Apr/2026:07:01:46 +0800] "GET /wp-sitemap.xml HTTP/1.1" 200 229 "-" "Mozilla/5.0 AppleWebKit/537.36 (KHTML, like Gecko; compatible; ClaudeBot/1.0; +claudebot@anthropic.com)"
14.247.197.118 - - [01/Apr/2026:07:06:22 +0800] "GET /wp-json/oembed/1.0/embed?url=https%3A%2F%2Fbfcg.com.au%2F HTTP/1.1" 200 1070 "-" "Mozilla/5.0 (Windows NT 10.0; Win64; x64) AppleWebKit/537.36 (KHTML, like Gecko) Chrome/97.0.4950.0 Iron Safari/537.36"
103.4.122.14 - - [01/Apr/2026:07:14:37 +0800] "POST /wp-cron.php?doing_wp_cron=1774998877.5075349807739257812500 HTTP/1.1" 200 20 "-" "WordPress/6.9.4; https://bfcg.com.au"
69.63.184.116 - - [01/Apr/2026:07:14:36 +0800] "GET /robots.txt HTTP/1.1" 200 112 "-" "facebookexternalhit/1.1 (+http://www.facebook.com/externalhit_uatext.php)"
103.4.122.14 - - [01/Apr/2026:07:22:17 +0800] "POST /wp-cron.php?doing_wp_cron=1774999337.5682480335235595703125 HTTP/1.1" 200 20 "-" "WordPress/6.9.4; https://bfcg.com.au"
170.247.239.44 - - [01/Apr/2026:07:22:16 +0800] "POST /xmlrpc.php HTTP/1.1" 200 403 "-" "Mozilla/5.0 (X11; Ubuntu; Linux x86_64; x86) AppleWebKit/537.36 (KHTML, like Gecko) Safari/10.0.0.0 Safari/537.36"
170.247.239.44 - - [01/Apr/2026:07:28:20 +0800] "GET /wp-json/wp/v2/users HTTP/1.1" 403 199 "-" "Mozilla/4.0 (compatible; Win32; WinHttp.WinHttpRequest.5)"
103.4.122.14 - - [01/Apr/2026:07:30:07 +0800] "POST /wp-cron.php?doing_wp_cron=1774999807.4301359653472900390625 HTTP/1.1" 200 20 "-" "WordPress/6.9.4; https://bfcg.com.au"
170.247.239.44 - - [01/Apr/2026:07:30:06 +0800] "POST /xmlrpc.php HTTP/1.1" 200 403 "-" "Mozilla/5.0 (Linux; Android 10; x86) AppleWebKit/537.36 (KHTML, like Gecko) Edge/90.0.0.0 Safari/537.36"
103.4.122.14 - - [01/Apr/2026:07:31:38 +0800] "POST /wp-cron.php?doing_wp_cron=1774999898.7829480171203613281250 HTTP/1.1" 200 20 "-" "WordPress/6.9.4; https://bfcg.com.au"
170.247.239.44 - - [01/Apr/2026:07:31:38 +0800] "POST /xmlrpc.php HTTP/1.1" 200 403 "-" "Mozilla/5.0 (Macintosh; Intel Mac OS X 10_15_7; arm64) AppleWebKit/537.36 (KHTML, like Gecko) Safari/13.0.0.0 Safari/537.36"
103.131.71.46 - - [01/Apr/2026:07:32:21 +0800] "GET /robots.txt HTTP/1.1" 200 108 "-" "Mozilla/5.0 (compatible; coccocbot-image/1.0; +http://help.coccoc.com/searchengine)"
103.131.71.39 - - [01/Apr/2026:07:32:26 +0800] "GET /wp-content/uploads/2020/08/logo-300x263.png HTTP/1.1" 304 - "-" "Mozilla/5.0 (compatible; coccocbot-image/1.0; +http://help.coccoc.com/searchengine)"
103.4.122.14 - - [01/Apr/2026:07:33:05 +0800] "POST /wp-cron.php?doing_wp_cron=1774999985.6265439987182617187500 HTTP/1.1" 200 20 "-" "WordPress/6.9.4; https://bfcg.com.au"
170.247.239.44 - - [01/Apr/2026:07:33:04 +0800] "POST /xmlrpc.php HTTP/1.1" 200 403 "-" "Mozilla/5.0 (X11; Ubuntu; Linux x86_64; x64) AppleWebKit/537.36 (KHTML, like Gecko) Edge/93.0.0.0 Safari/537.36"
103.4.122.14 - - [01/Apr/2026:07:35:24 +0800] "POST /wp-cron.php?doing_wp_cron=1775000124.2430551052093505859375 HTTP/1.1" 200 20 "-" "WordPress/6.9.4; https://bfcg.com.au"
170.247.239.44 - - [01/Apr/2026:07:35:23 +0800] "POST /xmlrpc.php HTTP/1.1" 200 403 "-" "Mozilla/5.0 (Macintosh; Intel Mac OS X 10_15_7; arm64) AppleWebKit/537.36 (KHTML, like Gecko) Edge/92.0.0.0 Safari/537.36"
103.4.122.14 - - [01/Apr/2026:07:37:33 +0800] "POST /wp-cron.php?doing_wp_cron=1775000253.2715139389038085937500 HTTP/1.1" 200 20 "-" "WordPress/6.9.4; https://bfcg.com.au"
14.227.226.140 - - [01/Apr/2026:07:37:32 +0800] "GET /author/bfcgroup/ HTTP/1.1" 200 6776 "-" "Mozilla/5.0 (Windows NT 10.0; WOW64) AppleWebKit/537.36 (KHTML, like Gecko) Chrome/66.0.3359.158 Safari/537.36"
103.4.122.14 - - [01/Apr/2026:07:42:21 +0800] "POST /wp-cron.php?doing_wp_cron=1775000541.7619109153747558593750 HTTP/1.1" 200 20 "-" "WordPress/6.9.4; https://bfcg.com.au"
14.175.72.166 - - [01/Apr/2026:07:42:20 +0800] "GET /docs/employee-resources/admin/timesheet/ HTTP/1.1" 200 9766 "-" "Mozilla/5.0 (Windows NT 6.1) AppleWebKit/537.36 (KHTML, like Gecko) Chrome/95.0.4638.69 Safari/537.36"
103.4.122.14 - - [01/Apr/2026:07:46:42 +0800] "POST /wp-cron.php?doing_wp_cron=1775000801.9633400440216064453125 HTTP/1.1" 200 20 "-" "WordPress/6.9.4; https://bfcg.com.au"
192.178.8.69 - - [01/Apr/2026:07:46:41 +0800] "GET /.well-known/traffic-advice HTTP/1.1" 404 6156 "-" "Chrome Privacy Preserving Prefetch Proxy"
193.186.4.175 - - [01/Apr/2026:07:46:41 +0800] "GET /contact/ HTTP/1.1" 200 7969 "https://www.google.com/" "Mozilla/5.0 (Windows NT 10.0; Win64; x64) AppleWebKit/537.36 (KHTML, like Gecko) Chrome/146.0.0.0 Safari/537.36"
74.7.228.60 - - [01/Apr/2026:07:51:11 +0800] "GET /robots.txt HTTP/1.1" 200 108 "-" "Mozilla/5.0 (Macintosh; Intel Mac OS X 10_15_7) AppleWebKit/537.36 (KHTML, like Gecko) Chrome/131.0.0.0 Safari/537.36; compatible; OAI-SearchBot/1.3; robots.txt; +https://openai.com/searchbot"
103.4.122.14 - - [01/Apr/2026:07:51:12 +0800] "POST /wp-cron.php?doing_wp_cron=1775001071.8481988906860351562500 HTTP/1.1" 200 20 "-" "WordPress/6.9.4; https://bfcg.com.au"
74.7.227.160 - - [01/Apr/2026:07:51:11 +0800] "GET /wp-sitemap.xml HTTP/1.1" 200 229 "-" "Mozilla/5.0 AppleWebKit/537.36 (KHTML, like Gecko; compatible; GPTBot/1.3; +https://openai.com/gptbot)"
103.4.122.14 - - [01/Apr/2026:07:58:01 +0800] "POST /wp-cron.php?doing_wp_cron=1775001481.7254281044006347656250 HTTP/1.1" 200 20 "-" "WordPress/6.9.4; https://bfcg.com.au"
222.252.2.15 - - [01/Apr/2026:07:58:00 +0800] "GET /log-in/ HTTP/1.1" 200 6668 "-" "Mozilla/5.0 (Macintosh; Intel Mac OS X 10_15_6) AppleWebKit/537.36 (KHTML, like Gecko) Chrome/101.0.4951.54 Safari/537.36"
103.4.122.13 - - [01/Apr/2026:07:59:38 +0800] "GET /wp-cron.php HTTP/1.1" 200 20 "-" "WordPress/6.9.4; https://wpmain.screwlooseit.com.au"
103.4.122.14 - - [01/Apr/2026:08:08:46 +0800] "POST /wp-cron.php?doing_wp_cron=1775002125.9969179630279541015625 HTTP/1.1" 200 20 "-" "WordPress/6.9.4; https://bfcg.com.au"
14.191.243.189 - - [01/Apr/2026:08:08:45 +0800] "GET /docs/employee-resources/admin/non-conformance-report/ HTTP/1.1" 200 9571 "-" "Mozilla/5.0 (Macintosh; Intel Mac OS X 10_15_7) AppleWebKit/537.36 (KHTML, like Gecko) Chrome/94.0.4606.71 Safari/537.36"
103.4.122.14 - - [01/Apr/2026:08:15:57 +0800] "POST /wp-cron.php?doing_wp_cron=1775002556.9543330669403076171875 HTTP/1.1" 200 20 "-" "WordPress/6.9.4; https://bfcg.com.au"
152.237.31.110 - - [01/Apr/2026:08:15:56 +0800] "POST /xmlrpc.php HTTP/1.1" 200 403 "-" "Jetpack/12.0; WordPress/6.1; http://site31308259.com"
103.4.122.14 - - [01/Apr/2026:08:19:01 +0800] "POST /wp-cron.php?doing_wp_cron=1775002740.8226170539855957031250 HTTP/1.1" 200 20 "-" "WordPress/6.9.4; https://bfcg.com.au"
192.141.69.47 - - [01/Apr/2026:08:18:59 +0800] "POST /xmlrpc.php HTTP/1.1" 200 403 "-" "WordPress.com; https://wordpress.com"
103.4.122.14 - - [01/Apr/2026:08:26:43 +0800] "POST /wp-cron.php?doing_wp_cron=1775003203.7982790470123291015625 HTTP/1.1" 200 20 "-" "WordPress/6.9.4; https://bfcg.com.au"
74.248.134.58 - - [01/Apr/2026:08:26:42 +0800] "GET /wp-content/plugins/hellopress/wp_filemanager.php HTTP/1.1" 404 23056 "-" "-"
74.248.134.58 - - [01/Apr/2026:08:26:44 +0800] "GET /CDX2.php HTTP/1.1" 404 23056 "-" "-"
74.248.134.58 - - [01/Apr/2026:08:26:45 +0800] "GET /CDX1.php HTTP/1.1" 404 23056 "-" "-"
103.4.122.14 - - [01/Apr/2026:08:33:45 +0800] "POST /wp-cron.php?doing_wp_cron=1775003625.0866010189056396484375 HTTP/1.1" 200 20 "-" "WordPress/6.9.4; https://bfcg.com.au"
199.45.154.131 - - [01/Apr/2026:08:33:44 +0800] "GET / HTTP/1.1" 200 12381 "-" "Mozilla/5.0 (compatible; CensysInspect/1.1; +https://about.censys.io/)"
199.45.154.131 - - [01/Apr/2026:08:33:50 +0800] "GET /wp-content/uploads/2020/08/cropped-favicon-32x32.png HTTP/1.1" 200 1889 "-" "Mozilla/5.0 (compatible; CensysInspect/1.1; +https://about.censys.io/)"
199.45.154.131 - - [01/Apr/2026:08:33:54 +0800] "GET /wp-content/uploads/2020/08/cropped-favicon-192x192.png HTTP/1.1" 200 20052 "-" "Mozilla/5.0 (compatible; CensysInspect/1.1; +https://about.censys.io/)"
199.45.154.131 - - [01/Apr/2026:08:33:58 +0800] "GET /wp-content/uploads/2020/08/cropped-favicon-180x180.png HTTP/1.1" 200 23689 "-" "Mozilla/5.0 (compatible; CensysInspect/1.1; +https://about.censys.io/)"
199.45.154.131 - - [01/Apr/2026:08:34:02 +0800] "GET /favicon.ico HTTP/1.1" 302 20 "-" "Mozilla/5.0 (compatible; CensysInspect/1.1; +https://about.censys.io/)"
103.4.122.14 - - [01/Apr/2026:08:34:55 +0800] "POST /wp-cron.php?doing_wp_cron=1775003695.7989010810852050781250 HTTP/1.1" 200 20 "-" "WordPress/6.9.4; https://bfcg.com.au"
102.98.25.248 - - [01/Apr/2026:08:34:55 +0800] "POST /xmlrpc.php HTTP/1.1" 200 403 "-" "Jetpack by WordPress.com (Jetpack 12.1; WordPress 6.1)"
103.4.122.14 - - [01/Apr/2026:08:43:38 +0800] "POST /wp-cron.php?doing_wp_cron=1775004218.9745419025421142578125 HTTP/1.1" 200 20 "-" "WordPress/6.9.4; https://bfcg.com.au"
134.199.175.84 - - [01/Apr/2026:08:43:38 +0800] "GET /wp-admin/install.php HTTP/1.1" 200 513 "-" "Mozilla/5.0 (Macintosh; Intel Mac OS X 10_10_1) AppleWebKit/537.36 (KHTML, like Gecko) Chrome/39.0.2171.95 Safari/537.36"
103.4.122.14 - - [01/Apr/2026:08:43:40 +0800] "POST /wp-cron.php?doing_wp_cron=1775004219.9369170665740966796875 HTTP/1.1" 200 20 "-" "WordPress/6.9.4; https://bfcg.com.au"
134.199.175.84 - - [01/Apr/2026:08:43:39 +0800] "GET /wp/wp-admin/install.php HTTP/1.1" 404 6167 "-" "Mozilla/5.0 (Macintosh; Intel Mac OS X 10_10_1) AppleWebKit/537.36 (KHTML, like Gecko) Chrome/39.0.2171.95 Safari/537.36"
134.199.175.84 - - [01/Apr/2026:08:43:40 +0800] "GET /new/wp-admin/install.php HTTP/1.1" 404 6167 "-" "Mozilla/5.0 (Macintosh; Intel Mac OS X 10_10_1) AppleWebKit/537.36 (KHTML, like Gecko) Chrome/39.0.2171.95 Safari/537.36"
134.199.175.84 - - [01/Apr/2026:08:43:40 +0800] "GET /old/wp-admin/install.php HTTP/1.1" 404 6167 "-" "Mozilla/5.0 (Macintosh; Intel Mac OS X 10_10_1) AppleWebKit/537.36 (KHTML, like Gecko) Chrome/39.0.2171.95 Safari/537.36"
134.199.175.84 - - [01/Apr/2026:08:43:41 +0800] "GET /wordpress/wp-admin/install.php HTTP/1.1" 404 6167 "-" "Mozilla/5.0 (Macintosh; Intel Mac OS X 10_10_1) AppleWebKit/537.36 (KHTML, like Gecko) Chrome/39.0.2171.95 Safari/537.36"
134.199.175.84 - - [01/Apr/2026:08:43:42 +0800] "GET /test/wp-admin/install.php HTTP/1.1" 404 6167 "-" "Mozilla/5.0 (Macintosh; Intel Mac OS X 10_10_1) AppleWebKit/537.36 (KHTML, like Gecko) Chrome/39.0.2171.95 Safari/537.36"
134.199.175.84 - - [01/Apr/2026:08:43:43 +0800] "GET /blog/wp-admin/install.php HTTP/1.1" 404 6167 "-" "Mozilla/5.0 (Macintosh; Intel Mac OS X 10_10_1) AppleWebKit/537.36 (KHTML, like Gecko) Chrome/39.0.2171.95 Safari/537.36"
134.199.175.84 - - [01/Apr/2026:08:43:44 +0800] "GET /cms/wp-admin/install.php HTTP/1.1" 404 6167 "-" "Mozilla/5.0 (Macintosh; Intel Mac OS X 10_10_1) AppleWebKit/537.36 (KHTML, like Gecko) Chrome/39.0.2171.95 Safari/537.36"
134.199.175.84 - - [01/Apr/2026:08:43:44 +0800] "GET /web/wp-admin/install.php HTTP/1.1" 404 6167 "-" "Mozilla/5.0 (Macintosh; Intel Mac OS X 10_10_1) AppleWebKit/537.36 (KHTML, like Gecko) Chrome/39.0.2171.95 Safari/537.36"
134.199.175.84 - - [01/Apr/2026:08:43:45 +0800] "GET /backup/wp-admin/install.php HTTP/1.1" 404 6167 "-" "Mozilla/5.0 (Macintosh; Intel Mac OS X 10_10_1) AppleWebKit/537.36 (KHTML, like Gecko) Chrome/39.0.2171.95 Safari/537.36"
134.199.175.84 - - [01/Apr/2026:08:43:46 +0800] "GET /site/wp-admin/install.php HTTP/1.1" 404 6167 "-" "Mozilla/5.0 (Macintosh; Intel Mac OS X 10_10_1) AppleWebKit/537.36 (KHTML, like Gecko) Chrome/39.0.2171.95 Safari/537.36"
134.199.175.84 - - [01/Apr/2026:08:43:47 +0800] "GET /oldsite/wp-admin/install.php HTTP/1.1" 404 6167 "-" "Mozilla/5.0 (Macintosh; Intel Mac OS X 10_10_1) AppleWebKit/537.36 (KHTML, like Gecko) Chrome/39.0.2171.95 Safari/537.36"
134.199.175.84 - - [01/Apr/2026:08:43:48 +0800] "GET /shop/wp-admin/install.php HTTP/1.1" 403 199 "-" "Mozilla/5.0 (Macintosh; Intel Mac OS X 10_10_1) AppleWebKit/537.36 (KHTML, like Gecko) Chrome/39.0.2171.95 Safari/537.36"
103.4.122.14 - - [01/Apr/2026:09:08:16 +0800] "POST /wp-cron.php?doing_wp_cron=1775005696.2254838943481445312500 HTTP/1.1" 200 20 "-" "WordPress/6.9.4; https://bfcg.com.au"
196.189.18.14 - - [01/Apr/2026:09:08:15 +0800] "POST /xmlrpc.php HTTP/1.1" 200 403 "-" "WordPress.com; https://wordpress.com"
43.140.247.223 - - [01/Apr/2026:09:23:31 +0800] "GET / HTTP/1.1" 403 199 "-" "Mozilla/5.0 (iPhone; CPU iPhone OS 13_2_3 like Mac OS X) AppleWebKit/605.1.15 (KHTML, like Gecko) Version/13.0.3 Mobile/15E148 Safari/604.1"
103.4.122.14 - - [01/Apr/2026:09:35:13 +0800] "POST /wp-cron.php?doing_wp_cron=1775007312.8702609539031982421875 HTTP/1.1" 200 20 "-" "WordPress/6.9.4; https://bfcg.com.au"
114.119.140.73 - - [01/Apr/2026:09:35:12 +0800] "GET /robots.txt HTTP/1.1" 200 108 "-" "Mozilla/5.0 (compatible;PetalBot;+https://webmaster.petalsearch.com/site/petalbot)"
103.4.122.14 - - [01/Apr/2026:09:43:59 +0800] "POST /wp-cron.php?doing_wp_cron=1775007839.4800510406494140625000 HTTP/1.1" 200 20 "-" "WordPress/6.9.4; https://bfcg.com.au"
99.44.188.159 - - [01/Apr/2026:09:43:58 +0800] "POST /xmlrpc.php HTTP/1.1" 200 403 "-" "WordPress.com; https://wordpress.com"
103.4.122.14 - - [01/Apr/2026:09:47:25 +0800] "POST /wp-cron.php?doing_wp_cron=1775008045.3898899555206298828125 HTTP/1.1" 200 20 "-" "WordPress/6.9.4; https://bfcg.com.au"
166.0.180.16 - - [01/Apr/2026:09:47:24 +0800] "GET / HTTP/1.1" 301 20 "-" "Mozilla/5.0 (Macintosh; Intel Mac OS X 10_15_7) AppleWebKit/537.36 (KHTML, like Gecko) Chrome/142.0.0.0 Safari/537.36"
103.4.122.14 - - [01/Apr/2026:09:56:36 +0800] "POST /wp-cron.php?doing_wp_cron=1775008596.1437609195709228515625 HTTP/1.1" 200 20 "-" "WordPress/6.9.4; https://bfcg.com.au"
23.26.153.104 - - [01/Apr/2026:09:56:35 +0800] "GET / HTTP/1.1" 301 20 "-" "Mozilla/5.0 (Macintosh; Intel Mac OS X 10_15_7) AppleWebKit/537.36 (KHTML, like Gecko) Chrome/142.0.0.0 Safari/537.36"
103.4.122.14 - - [01/Apr/2026:09:56:38 +0800] "POST /wp-cron.php?doing_wp_cron=1775008598.2968699932098388671875 HTTP/1.1" 200 20 "-" "WordPress/6.9.4; https://bfcg.com.au"
92.50.19.239 - - [01/Apr/2026:09:56:37 +0800] "GET / HTTP/1.1" 200 12381 "-" "Mozilla/5.0 (Macintosh; Intel Mac OS X 10_15_7) AppleWebKit/537.36 (KHTML, like Gecko) Chrome/142.0.0.0 Safari/537.36"
103.4.122.14 - - [01/Apr/2026:10:11:13 +0800] "POST /wp-cron.php?doing_wp_cron=1775009473.1838231086730957031250 HTTP/1.1" 200 20 "-" "WordPress/6.9.4; https://bfcg.com.au"
74.198.27.130 - - [01/Apr/2026:10:11:12 +0800] "POST /xmlrpc.php HTTP/1.1" 200 403 "-" "Jetpack by WordPress.com (Jetpack 12.5; WordPress 6.4)"
103.4.122.14 - - [01/Apr/2026:10:15:28 +0800] "POST /wp-cron.php?doing_wp_cron=1775009727.8063290119171142578125 HTTP/1.1" 200 20 "-" "WordPress/6.9.4; https://bfcg.com.au"
54.92.171.106 - - [01/Apr/2026:10:15:27 +0800] "GET /wp-json/oembed/1.0/embed?url=https://bfcg.com.au/2020/10/05/welcome/ HTTP/1.1" 200 1157 "-" "Mozilla/5.0 AppleWebKit/537.36 (KHTML, like Gecko; compatible; Amazonbot/0.1; +https://developer.amazon.com/support/amazonbot) Chrome/119.0.6045.214 Safari/537.36"
103.4.122.14 - - [01/Apr/2026:10:24:00 +0800] "POST /wp-cron.php?doing_wp_cron=1775010240.6785409450531005859375 HTTP/1.1" 200 20 "-" "WordPress/6.9.4; https://bfcg.com.au"
99.44.188.159 - - [01/Apr/2026:10:23:59 +0800] "POST /xmlrpc.php HTTP/1.1" 200 403 "-" "Jetpack by WordPress.com"
103.4.122.14 - - [01/Apr/2026:10:32:54 +0800] "POST /wp-cron.php?doing_wp_cron=1775010774.6679139137268066406250 HTTP/1.1" 200 20 "-" "WordPress/6.9.4; https://bfcg.com.au"
44.255.6.208 - - [01/Apr/2026:10:32:53 +0800] "GET / HTTP/1.1" 301 20 "-" "Mozilla/5.0 (Windows NT 10.0; Win64; x64) AppleWebKit/537.36 (KHTML, like Gecko) Chrome/132.0.0.0 Safari/537.36 OPR/117.0.0."
44.255.6.208 - - [01/Apr/2026:10:33:00 +0800] "GET / HTTP/1.1" 200 12381 "-" "Mozilla/5.0 (Windows NT 10.0; Win64; x64) AppleWebKit/537.36 (KHTML, like Gecko) Chrome/132.0.0.0 Safari/537.36 OPR/117.0.0."
43.130.102.7 - - [01/Apr/2026:10:43:41 +0800] "GET / HTTP/1.1" 403 199 "-" "Mozilla/5.0 (iPhone; CPU iPhone OS 13_2_3 like Mac OS X) AppleWebKit/605.1.15 (KHTML, like Gecko) Version/13.0.3 Mobile/15E148 Safari/604.1"
103.4.122.14 - - [01/Apr/2026:10:47:14 +0800] "POST /wp-cron.php?doing_wp_cron=1775011633.9084689617156982421875 HTTP/1.1" 200 20 "-" "WordPress/6.9.4; https://bfcg.com.au"
216.73.216.14 - - [01/Apr/2026:10:47:13 +0800] "GET /robots.txt HTTP/1.1" 200 108 "-" "Mozilla/5.0 AppleWebKit/537.36 (KHTML, like Gecko; compatible; ClaudeBot/1.0; +claudebot@anthropic.com)"
216.73.216.14 - - [01/Apr/2026:10:47:14 +0800] "GET /wp-sitemap.xml HTTP/1.1" 200 229 "-" "Mozilla/5.0 AppleWebKit/537.36 (KHTML, like Gecko; compatible; ClaudeBot/1.0; +claudebot@anthropic.com)"
103.4.122.14 - - [01/Apr/2026:11:11:57 +0800] "POST /wp-cron.php?doing_wp_cron=1775013117.4435770511627197265625 HTTP/1.1" 200 20 "-" "WordPress/6.9.4; https://bfcg.com.au"
114.119.139.207 - - [01/Apr/2026:11:11:56 +0800] "GET /wp-sitemap-posts-docs-1.xml HTTP/1.1" 200 520 "-" "Mozilla/5.0 (Linux; Android 7.0;) AppleWebKit/537.36 (KHTML, like Gecko) Mobile Safari/537.36 (compatible; PetalBot;+https://webmaster.petalsearch.com/site/petalbot)"
103.4.122.14 - - [01/Apr/2026:11:14:05 +0800] "POST /wp-cron.php?doing_wp_cron=1775013244.9590580463409423828125 HTTP/1.1" 200 20 "-" "WordPress/6.9.4; https://bfcg.com.au"
114.119.146.37 - - [01/Apr/2026:11:14:03 +0800] "GET /2020/10/05/welcome/ HTTP/1.1" 200 7295 "https://bfcg.com.au/our-policies" "Mozilla/5.0 (Linux; Android 7.0;) AppleWebKit/537.36 (KHTML, like Gecko) Mobile Safari/537.36 (compatible; PetalBot;+https://webmaster.petalsearch.com/site/petalbot)"
103.4.122.14 - - [01/Apr/2026:11:15:50 +0800] "POST /wp-cron.php?doing_wp_cron=1775013350.3370189666748046875000 HTTP/1.1" 200 20 "-" "WordPress/6.9.4; https://bfcg.com.au"
114.119.146.37 - - [01/Apr/2026:11:15:49 +0800] "GET /wp-sitemap-taxonomies-category-1.xml HTTP/1.1" 200 184 "-" "Mozilla/5.0 (Linux; Android 7.0;) AppleWebKit/537.36 (KHTML, like Gecko) Mobile Safari/537.36 (compatible; PetalBot;+https://webmaster.petalsearch.com/site/petalbot)"
103.4.122.14 - - [01/Apr/2026:11:18:23 +0800] "POST /wp-cron.php?doing_wp_cron=1775013503.6253058910369873046875 HTTP/1.1" 200 20 "-" "WordPress/6.9.4; https://bfcg.com.au"
114.119.131.123 - - [01/Apr/2026:11:18:22 +0800] "GET /docs/employee-resources HTTP/1.1" 301 20 "https://bfcg.com.au/docs/employee-resources/scheduled-maintenance/250hr-service-mack-truck" "Mozilla/5.0 (Linux; Android 7.0;) AppleWebKit/537.36 (KHTML, like Gecko) Mobile Safari/537.36 (compatible; PetalBot;+https://webmaster.petalsearch.com/site/petalbot)"
114.119.131.123 - - [01/Apr/2026:11:18:30 +0800] "GET /docs/employee-resources/ HTTP/1.1" 200 9518 "https://bfcg.com.au/docs/employee-resources/scheduled-maintenance/250hr-service-mack-truck" "Mozilla/5.0 (Linux; Android 7.0;) AppleWebKit/537.36 (KHTML, like Gecko) Mobile Safari/537.36 (compatible; PetalBot;+https://webmaster.petalsearch.com/site/petalbot)"
103.4.122.14 - - [01/Apr/2026:11:20:41 +0800] "POST /wp-cron.php?doing_wp_cron=1775013641.2461349964141845703125 HTTP/1.1" 200 20 "-" "WordPress/6.9.4; https://bfcg.com.au"
3.220.132.250 - - [01/Apr/2026:11:20:40 +0800] "GET /robots.txt HTTP/1.1" 200 108 "-" "Mozilla/5.0 (Macintosh; Intel Mac OS X 10_10_1) AppleWebKit/600.2.5 (KHTML, like Gecko) Version/8.0.2 Safari/600.2.5 (Gort)"
14.203.246.238 - - [01/Apr/2026:11:26:24 +0800] "GET /wp-content/cache/autoptimize/css/autoptimize_81f9ddb35a66d3b9b1688d21df294bbe.css HTTP/1.1" 200 17834 "https://bfcg.com.au/about/" "Mozilla/5.0 (Windows NT 10.0; Win64; x64) AppleWebKit/537.36 (KHTML, like Gecko) Chrome/146.0.0.0 Safari/537.36 Edg/146.0.0.0"
14.203.246.238 - - [01/Apr/2026:11:26:24 +0800] "GET /wp-includes/js/dist/hooks.min.js?ver=dd5603f07f9220ed27f1 HTTP/1.1" 200 1941 "https://bfcg.com.au/about/" "Mozilla/5.0 (Windows NT 10.0; Win64; x64) AppleWebKit/537.36 (KHTML, like Gecko) Chrome/146.0.0.0 Safari/537.36 Edg/146.0.0.0"
14.203.246.238 - - [01/Apr/2026:11:26:24 +0800] "GET /wp-content/cache/autoptimize/css/autoptimize_single_aadae654ad0b7188827e85393288abdb.css?ver=1765772697 HTTP/1.1" 200 1034 "https://bfcg.com.au/about/" "Mozilla/5.0 (Windows NT 10.0; Win64; x64) AppleWebKit/537.36 (KHTML, like Gecko) Chrome/146.0.0.0 Safari/537.36 Edg/146.0.0.0"
14.203.246.238 - - [01/Apr/2026:11:26:24 +0800] "GET /wp-content/uploads/2020/09/turnkey_material_processing.jpg HTTP/1.1" 200 62275 "https://bfcg.com.au/about/" "Mozilla/5.0 (Windows NT 10.0; Win64; x64) AppleWebKit/537.36 (KHTML, like Gecko) Chrome/146.0.0.0 Safari/537.36 Edg/146.0.0.0"
14.203.246.238 - - [01/Apr/2026:11:26:24 +0800] "GET /wp-includes/js/dist/i18n.min.js?ver=c26c3dc7bed366793375 HTTP/1.1" 200 2229 "https://bfcg.com.au/about/" "Mozilla/5.0 (Windows NT 10.0; Win64; x64) AppleWebKit/537.36 (KHTML, like Gecko) Chrome/146.0.0.0 Safari/537.36 Edg/146.0.0.0"
103.4.122.14 - - [01/Apr/2026:11:26:25 +0800] "POST /wp-cron.php?doing_wp_cron=1775013984.8428499698638916015625 HTTP/1.1" 200 20 "-" "WordPress/6.9.4; https://bfcg.com.au"
14.203.246.238 - - [01/Apr/2026:11:26:23 +0800] "GET /about/ HTTP/1.1" 200 9181 "https://www.bing.com/" "Mozilla/5.0 (Windows NT 10.0; Win64; x64) AppleWebKit/537.36 (KHTML, like Gecko) Chrome/146.0.0.0 Safari/537.36 Edg/146.0.0.0"
14.203.246.238 - - [01/Apr/2026:11:26:25 +0800] "GET /wp-content/cache/autoptimize/js/autoptimize_0476bd60af445891c8491c3498684f0b.js HTTP/1.1" 200 13680 "https://bfcg.com.au/about/" "Mozilla/5.0 (Windows NT 10.0; Win64; x64) AppleWebKit/537.36 (KHTML, like Gecko) Chrome/146.0.0.0 Safari/537.36 Edg/146.0.0.0"
14.203.246.238 - - [01/Apr/2026:11:26:25 +0800] "GET /wp-content/plugins/autoptimize/classes/external/js/lazysizes.min.js?ao_version=3.1.15 HTTP/1.1" 200 4122 "https://bfcg.com.au/about/" "Mozilla/5.0 (Windows NT 10.0; Win64; x64) AppleWebKit/537.36 (KHTML, like Gecko) Chrome/146.0.0.0 Safari/537.36 Edg/146.0.0.0"
14.203.246.238 - - [01/Apr/2026:11:26:25 +0800] "GET /wp-includes/js/dist/vendor/wp-polyfill.min.js?ver=3.15.0 HTTP/1.1" 200 11852 "https://bfcg.com.au/about/" "Mozilla/5.0 (Windows NT 10.0; Win64; x64) AppleWebKit/537.36 (KHTML, like Gecko) Chrome/146.0.0.0 Safari/537.36 Edg/146.0.0.0"
14.203.246.238 - - [01/Apr/2026:11:26:25 +0800] "GET /wp-content/themes/generatepress/assets/fonts/generatepress.woff2 HTTP/1.1" 200 1264 "https://bfcg.com.au/wp-content/cache/autoptimize/css/autoptimize_81f9ddb35a66d3b9b1688d21df294bbe.css" "Mozilla/5.0 (Windows NT 10.0; Win64; x64) AppleWebKit/537.36 (KHTML, like Gecko) Chrome/146.0.0.0 Safari/537.36 Edg/146.0.0.0"
14.203.246.238 - - [01/Apr/2026:11:26:25 +0800] "GET /wp-content/uploads/2020/06/calima-bg-2.jpg HTTP/1.1" 404 6156 "https://bfcg.com.au/wp-content/cache/autoptimize/css/autoptimize_81f9ddb35a66d3b9b1688d21df294bbe.css" "Mozilla/5.0 (Windows NT 10.0; Win64; x64) AppleWebKit/537.36 (KHTML, like Gecko) Chrome/146.0.0.0 Safari/537.36 Edg/146.0.0.0"
14.203.246.238 - - [01/Apr/2026:11:26:26 +0800] "GET /wp-content/plugins/gp-premium/general/icons/gp-premium.ttf HTTP/1.1" 200 1594 "https://bfcg.com.au/wp-content/cache/autoptimize/css/autoptimize_81f9ddb35a66d3b9b1688d21df294bbe.css" "Mozilla/5.0 (Windows NT 10.0; Win64; x64) AppleWebKit/537.36 (KHTML, like Gecko) Chrome/146.0.0.0 Safari/537.36 Edg/146.0.0.0"
14.203.246.238 - - [01/Apr/2026:11:26:26 +0800] "GET /wp-content/uploads/2020/08/logo-alt.png HTTP/1.1" 200 100570 "https://bfcg.com.au/about/" "Mozilla/5.0 (Windows NT 10.0; Win64; x64) AppleWebKit/537.36 (KHTML, like Gecko) Chrome/146.0.0.0 Safari/537.36 Edg/146.0.0.0"
14.203.246.238 - - [01/Apr/2026:11:26:26 +0800] "GET /wp-includes/js/wp-emoji-release.min.js?ver=6.9.4 HTTP/1.1" 200 5375 "https://bfcg.com.au/about/" "Mozilla/5.0 (Windows NT 10.0; Win64; x64) AppleWebKit/537.36 (KHTML, like Gecko) Chrome/146.0.0.0 Safari/537.36 Edg/146.0.0.0"
14.203.246.238 - - [01/Apr/2026:11:26:26 +0800] "GET /wp-content/uploads/2020/08/cropped-favicon-32x32.png HTTP/1.1" 200 1889 "https://bfcg.com.au/about/" "Mozilla/5.0 (Windows NT 10.0; Win64; x64) AppleWebKit/537.36 (KHTML, like Gecko) Chrome/146.0.0.0 Safari/537.36 Edg/146.0.0.0"
14.203.246.238 - - [01/Apr/2026:11:26:27 +0800] "GET /wp-content/uploads/2020/09/mark-freeman-new.jpg HTTP/1.1" 200 6550 "https://bfcg.com.au/about/" "Mozilla/5.0 (Windows NT 10.0; Win64; x64) AppleWebKit/537.36 (KHTML, like Gecko) Chrome/146.0.0.0 Safari/537.36 Edg/146.0.0.0"
14.203.246.238 - - [01/Apr/2026:11:26:27 +0800] "GET /wp-content/uploads/2020/09/JohanB-300x300.jpg HTTP/1.1" 200 18090 "https://bfcg.com.au/about/" "Mozilla/5.0 (Windows NT 10.0; Win64; x64) AppleWebKit/537.36 (KHTML, like Gecko) Chrome/146.0.0.0 Safari/537.36 Edg/146.0.0.0"
103.4.122.14 - - [01/Apr/2026:11:37:04 +0800] "POST /wp-cron.php?doing_wp_cron=1775014624.0995039939880371093750 HTTP/1.1" 200 20 "-" "WordPress/6.9.4; https://bfcg.com.au"
34.225.24.180 - - [01/Apr/2026:11:37:03 +0800] "GET /wp-json/oembed/1.0/embed?format=xml&url=https://bfcg.com.au/our-values/ HTTP/1.1" 200 1115 "-" "Mozilla/5.0 AppleWebKit/537.36 (KHTML, like Gecko; compatible; Amazonbot/0.1; +https://developer.amazon.com/support/amazonbot) Chrome/119.0.6045.214 Safari/537.36"
103.4.122.14 - - [01/Apr/2026:11:44:39 +0800] "POST /wp-cron.php?doing_wp_cron=1775015079.4426450729370117187500 HTTP/1.1" 200 20 "-" "WordPress/6.9.4; https://bfcg.com.au"
59.145.94.245 - - [01/Apr/2026:11:44:38 +0800] "POST /xmlrpc.php HTTP/1.1" 200 403 "-" "Jetpack by WordPress.com"
103.4.122.14 - - [01/Apr/2026:11:50:18 +0800] "POST /wp-cron.php?doing_wp_cron=1775015418.4533619880676269531250 HTTP/1.1" 200 20 "-" "WordPress/6.9.4; https://bfcg.com.au"
217.164.132.153 - - [01/Apr/2026:11:50:17 +0800] "POST /xmlrpc.php HTTP/1.1" 200 403 "-" "WordPress.com; https://wordpress.com"
103.4.122.14 - - [01/Apr/2026:12:02:25 +0800] "POST /wp-cron.php?doing_wp_cron=1775016144.9919788837432861328125 HTTP/1.1" 200 20 "-" "WordPress/6.9.4; https://bfcg.com.au"
52.167.144.157 - - [01/Apr/2026:12:02:24 +0800] "GET /2020/10/05/welcome/ HTTP/1.1" 200 7295 "-" "Mozilla/5.0 AppleWebKit/537.36 (KHTML, like Gecko; compatible; bingbot/2.0; +http://www.bing.com/bingbot.htm) Chrome/116.0.1938.76 Safari/537.36"
103.4.122.14 - - [01/Apr/2026:12:03:48 +0800] "POST /wp-cron.php?doing_wp_cron=1775016228.0425589084625244140625 HTTP/1.1" 200 20 "-" "WordPress/6.9.4; https://bfcg.com.au"
115.45.42.123 - - [01/Apr/2026:12:03:47 +0800] "GET /robots.txt HTTP/1.1" 200 108 "-" "Mozilla/5.0 (Windows NT 10.0; WOW64) AppleWebKit/537.36 (KHTML, like Gecko) Chrome/63.0.3787.40 Safari/537.36 Core/1.70.3722.400 QQBrowser/10.5.3739.400"
103.4.122.14 - - [01/Apr/2026:12:04:57 +0800] "POST /wp-cron.php?doing_wp_cron=1775016297.2019670009613037109375 HTTP/1.1" 200 20 "-" "WordPress/6.9.4; https://bfcg.com.au"
