103.4.122.14 - - [05/Apr/2026:18:07:39 +0800] "POST /wp-cron.php?doing_wp_cron=1775383659.0943739414215087890625 HTTP/1.1" 200 20 "-" "WordPress/6.9.4; https://bfcg.com.au"
148.251.149.95 - - [05/Apr/2026:18:07:38 +0800] "GET / HTTP/1.1" 301 20 "-" "Mozilla/5.0 (Windows NT 10.0; WOW64; rv:45.0) Gecko/20100101 Firefox/45.0"
148.251.149.95 - - [05/Apr/2026:18:07:40 +0800] "GET / HTTP/1.1" 200 12381 "-" "Mozilla/5.0 (Windows NT 10.0; WOW64; rv:45.0) Gecko/20100101 Firefox/45.0"
103.4.122.14 - - [05/Apr/2026:18:08:54 +0800] "POST /wp-cron.php?doing_wp_cron=1775383734.5062689781188964843750 HTTP/1.1" 200 20 "-" "WordPress/6.9.4; https://bfcg.com.au"
17.22.245.219 - - [05/Apr/2026:18:08:54 +0800] "GET /2020/10/05/welcome/feed/ HTTP/1.1" 200 405 "-" "Mozilla/5.0 (Macintosh; Intel Mac OS X 10_15_7) AppleWebKit/605.1.15 (KHTML, like Gecko) Version/17.4 Safari/605.1.15 (Applebot/0.1; +http://www.apple.com/go/applebot)"
103.4.122.14 - - [05/Apr/2026:18:10:52 +0800] "POST /wp-cron.php?doing_wp_cron=1775383852.1875500679016113281250 HTTP/1.1" 200 20 "-" "WordPress/6.9.4; https://bfcg.com.au"
94.103.88.24 - - [05/Apr/2026:18:10:51 +0800] "GET / HTTP/1.1" 301 20 "-" "Mozilla/5.0 (Windows NT 10.0; Win64; x64) AppleWebKit/537.36 (KHTML, like Gecko) Chrome/120.0.0.0 Safari/537.36"
94.103.88.24 - - [05/Apr/2026:18:10:53 +0800] "GET / HTTP/1.1" 200 12381 "http://BFCG.COM.AU" "Mozilla/5.0 (Windows NT 10.0; Win64; x64) AppleWebKit/537.36 (KHTML, like Gecko) Chrome/120.0.0.0 Safari/537.36"
103.4.122.14 - - [05/Apr/2026:18:13:52 +0800] "POST /wp-cron.php?doing_wp_cron=1775384031.9914109706878662109375 HTTP/1.1" 200 20 "-" "WordPress/6.9.4; https://bfcg.com.au"
202.183.141.189 - - [05/Apr/2026:18:13:51 +0800] "GET /wp-login.php HTTP/1.1" 200 2957 "-" "Mozilla/5.0 (Windows NT 10.0; Win64; x64; rv:62.0) Gecko/20100101 Firefox/62.0"
202.183.141.189 - - [05/Apr/2026:18:13:54 +0800] "POST /wp-login.php HTTP/1.1" 200 3091 "https://bfcg.com.au/wp-login.php" "Mozilla/5.0 (Windows NT 10.0; Win64; x64; rv:62.0) Gecko/20100101 Firefox/62.0"
103.4.122.14 - - [05/Apr/2026:18:21:49 +0800] "POST /wp-cron.php?doing_wp_cron=1775384508.9898760318756103515625 HTTP/1.1" 200 20 "-" "WordPress/6.9.4; https://bfcg.com.au"
213.232.121.151 - - [05/Apr/2026:18:21:48 +0800] "GET / HTTP/1.1" 301 20 "-" "Mozilla/5.0 (Windows NT 10.0; Win64; x64) AppleWebKit/537.36 (KHTML, like Gecko) Chrome/131.0.0.0 Safari/537.36"
103.4.122.14 - - [05/Apr/2026:18:52:57 +0800] "POST /wp-cron.php?doing_wp_cron=1775386377.6308989524841308593750 HTTP/1.1" 200 20 "-" "WordPress/6.9.4; https://bfcg.com.au"
52.202.233.37 - - [05/Apr/2026:18:52:57 +0800] "GET /robots.txt HTTP/1.1" 301 20 "-" "Mozilla/5.0 AppleWebKit/537.36 (KHTML, like Gecko; compatible; Amazonbot/0.1; +https://developer.amazon.com/support/amazonbot) Chrome/119.0.6045.214 Safari/537.36"
54.147.238.89 - - [05/Apr/2026:18:52:58 +0800] "GET /robots.txt HTTP/1.1" 200 108 "-" "Mozilla/5.0 AppleWebKit/537.36 (KHTML, like Gecko; compatible; Amazonbot/0.1; +https://developer.amazon.com/support/amazonbot) Chrome/119.0.6045.214 Safari/537.36"
52.4.238.8 - - [05/Apr/2026:18:53:03 +0800] "GET / HTTP/1.1" 301 20 "-" "Mozilla/5.0 AppleWebKit/537.36 (KHTML, like Gecko; compatible; Amazonbot/0.1; +https://developer.amazon.com/support/amazonbot) Chrome/119.0.6045.214 Safari/537.36"
52.4.238.8 - - [05/Apr/2026:18:53:04 +0800] "GET / HTTP/1.1" 200 12381 "-" "Mozilla/5.0 AppleWebKit/537.36 (KHTML, like Gecko; compatible; Amazonbot/0.1; +https://developer.amazon.com/support/amazonbot) Chrome/119.0.6045.214 Safari/537.36"
103.4.122.14 - - [05/Apr/2026:19:06:39 +0800] "POST /wp-cron.php?doing_wp_cron=1775387199.7291309833526611328125 HTTP/1.1" 200 20 "-" "WordPress/6.9.4; https://bfcg.com.au"
161.248.56.52 - - [05/Apr/2026:19:06:39 +0800] "GET /docs/employee-resources/scheduled-maintenance/ HTTP/1.1" 200 9621 "-" "Mozilla/5.0 (Windows NT 10.0; Win64; x64) AppleWebKit/537.36 (KHTML, like Gecko) Chrome/101.0.4591.54 Safari/537.36"
103.4.122.14 - - [05/Apr/2026:19:10:48 +0800] "POST /wp-cron.php?doing_wp_cron=1775387448.5429589748382568359375 HTTP/1.1" 200 20 "-" "WordPress/6.9.4; https://bfcg.com.au"
216.73.216.14 - - [05/Apr/2026:19:10:48 +0800] "GET /robots.txt HTTP/1.1" 200 108 "-" "Mozilla/5.0 AppleWebKit/537.36 (KHTML, like Gecko; compatible; ClaudeBot/1.0; +claudebot@anthropic.com)"
216.73.216.14 - - [05/Apr/2026:19:10:48 +0800] "GET /wp-sitemap.xml HTTP/1.1" 200 229 "-" "Mozilla/5.0 AppleWebKit/537.36 (KHTML, like Gecko; compatible; ClaudeBot/1.0; +claudebot@anthropic.com)"
103.4.122.14 - - [05/Apr/2026:19:25:23 +0800] "POST /wp-cron.php?doing_wp_cron=1775388323.4412510395050048828125 HTTP/1.1" 200 20 "-" "WordPress/6.9.4; https://bfcg.com.au"
109.207.120.199 - - [05/Apr/2026:19:25:23 +0800] "GET /wp-json/oembed/1.0/embed?url=https%3A%2F%2Fbfcg.com.au%2F HTTP/1.1" 200 1071 "-" "Mozilla/5.0 (Windows NT 10.0; Win64; x64) AppleWebKit/537.36 (KHTML, like Gecko) Chrome/97.0.4692.99 Safari/537.36"
170.106.163.48 - - [05/Apr/2026:19:37:13 +0800] "GET / HTTP/1.1" 403 199 "-" "Mozilla/5.0 (iPhone; CPU iPhone OS 13_2_3 like Mac OS X) AppleWebKit/605.1.15 (KHTML, like Gecko) Version/13.0.3 Mobile/15E148 Safari/604.1"
103.120.118.55 - - [05/Apr/2026:19:54:24 +0800] "GET /wp-content/uploads/2020/10/project_life_cycle_new.jpg HTTP/1.1" 200 59210 "-" "Mozilla/5.0 (Windows NT 6.0) AppleWebKit/533.0 (KHTML, like Gecko) Chrome/17.0.838.0 Safari/533.0"
103.4.122.14 - - [05/Apr/2026:19:55:36 +0800] "POST /wp-cron.php?doing_wp_cron=1775390136.6054480075836181640625 HTTP/1.1" 200 20 "-" "WordPress/6.9.4; https://bfcg.com.au"
114.119.149.232 - - [05/Apr/2026:19:55:36 +0800] "GET /about HTTP/1.1" 301 20 "https://bfcg.com.au/category/news" "Mozilla/5.0 (Linux; Android 7.0;) AppleWebKit/537.36 (KHTML, like Gecko) Mobile Safari/537.36 (compatible; PetalBot;+https://webmaster.petalsearch.com/site/petalbot)"
114.119.149.232 - - [05/Apr/2026:19:55:38 +0800] "GET /about/ HTTP/1.1" 200 9181 "https://bfcg.com.au/category/news" "Mozilla/5.0 (Linux; Android 7.0;) AppleWebKit/537.36 (KHTML, like Gecko) Mobile Safari/537.36 (compatible; PetalBot;+https://webmaster.petalsearch.com/site/petalbot)"
23.27.244.58 - - [05/Apr/2026:19:57:06 +0800] "GET / HTTP/1.1" 200 12381 "-" "Mozilla/5.0 (Windows NT 10.0; Win64; x64) AppleWebKit/537.36"
47.251.172.67 - - [05/Apr/2026:19:57:16 +0800] "GET / HTTP/1.1" 200 12381 "-" "Mozilla/5.0 (Windows NT 10.0; Win64; x64) AppleWebKit/537.36 (KHTML, like Gecko) Chrome/134.0.0.0 Safari/537.36 Edg/134.0.0.0"
47.251.172.67 - - [05/Apr/2026:19:57:17 +0800] "GET /privacy-policy/ HTTP/1.1" 200 7098 "https://bfcg.com.au/" "Mozilla/5.0 (Windows NT 10.0; Win64; x64) AppleWebKit/537.36 (KHTML, like Gecko) Chrome/134.0.0.0 Safari/537.36 Edg/134.0.0.0"
47.251.172.67 - - [05/Apr/2026:19:57:18 +0800] "GET /services/ HTTP/1.1" 200 8661 "https://bfcg.com.au/" "Mozilla/5.0 (Windows NT 10.0; Win64; x64) AppleWebKit/537.36 (KHTML, like Gecko) Chrome/134.0.0.0 Safari/537.36 Edg/134.0.0.0"
47.251.172.67 - - [05/Apr/2026:19:57:19 +0800] "GET /our-policies/ HTTP/1.1" 200 7507 "https://bfcg.com.au/" "Mozilla/5.0 (Windows NT 10.0; Win64; x64) AppleWebKit/537.36 (KHTML, like Gecko) Chrome/134.0.0.0 Safari/537.36 Edg/134.0.0.0"
47.251.172.67 - - [05/Apr/2026:19:57:23 +0800] "GET /our-values/ HTTP/1.1" 200 7539 "https://bfcg.com.au/" "Mozilla/5.0 (Windows NT 10.0; Win64; x64) AppleWebKit/537.36 (KHTML, like Gecko) Chrome/134.0.0.0 Safari/537.36 Edg/134.0.0.0"
47.251.172.67 - - [05/Apr/2026:19:57:23 +0800] "GET /our-partners/ HTTP/1.1" 200 7842 "https://bfcg.com.au/" "Mozilla/5.0 (Windows NT 10.0; Win64; x64) AppleWebKit/537.36 (KHTML, like Gecko) Chrome/134.0.0.0 Safari/537.36 Edg/134.0.0.0"
47.251.172.67 - - [05/Apr/2026:19:57:25 +0800] "GET /news/ HTTP/1.1" 200 6659 "https://bfcg.com.au/" "Mozilla/5.0 (Windows NT 10.0; Win64; x64) AppleWebKit/537.36 (KHTML, like Gecko) Chrome/134.0.0.0 Safari/537.36 Edg/134.0.0.0"
47.251.172.67 - - [05/Apr/2026:19:57:25 +0800] "GET /our-business-management/ HTTP/1.1" 200 8002 "https://bfcg.com.au/" "Mozilla/5.0 (Windows NT 10.0; Win64; x64) AppleWebKit/537.36 (KHTML, like Gecko) Chrome/134.0.0.0 Safari/537.36 Edg/134.0.0.0"
47.251.172.67 - - [05/Apr/2026:19:57:29 +0800] "GET / HTTP/1.1" 200 12381 "https://bfcg.com.au/" "Mozilla/5.0 (Windows NT 10.0; Win64; x64) AppleWebKit/537.36 (KHTML, like Gecko) Chrome/134.0.0.0 Safari/537.36 Edg/134.0.0.0"
47.251.172.67 - - [05/Apr/2026:19:57:29 +0800] "GET /2020/10/05/welcome/ HTTP/1.1" 200 7295 "https://bfcg.com.au/" "Mozilla/5.0 (Windows NT 10.0; Win64; x64) AppleWebKit/537.36 (KHTML, like Gecko) Chrome/134.0.0.0 Safari/537.36 Edg/134.0.0.0"
47.251.172.67 - - [05/Apr/2026:19:57:32 +0800] "GET /contact/ HTTP/1.1" 200 7969 "https://bfcg.com.au/" "Mozilla/5.0 (Windows NT 10.0; Win64; x64) AppleWebKit/537.36 (KHTML, like Gecko) Chrome/134.0.0.0 Safari/537.36 Edg/134.0.0.0"
47.251.172.67 - - [05/Apr/2026:19:57:32 +0800] "GET /about/ HTTP/1.1" 200 9181 "https://bfcg.com.au/" "Mozilla/5.0 (Windows NT 10.0; Win64; x64) AppleWebKit/537.36 (KHTML, like Gecko) Chrome/134.0.0.0 Safari/537.36 Edg/134.0.0.0"
47.251.172.67 - - [05/Apr/2026:19:57:35 +0800] "GET /log-in/ HTTP/1.1" 200 6670 "https://bfcg.com.au/" "Mozilla/5.0 (Windows NT 10.0; Win64; x64) AppleWebKit/537.36 (KHTML, like Gecko) Chrome/134.0.0.0 Safari/537.36 Edg/134.0.0.0"
103.4.122.14 - - [05/Apr/2026:20:02:33 +0800] "POST /wp-cron.php?doing_wp_cron=1775390553.5362761020660400390625 HTTP/1.1" 200 20 "-" "WordPress/6.9.4; https://bfcg.com.au"
52.167.144.236 - - [05/Apr/2026:20:02:33 +0800] "GET /wp-sitemap.xml HTTP/1.1" 200 229 "-" "Mozilla/5.0 AppleWebKit/537.36 (KHTML, like Gecko; compatible; bingbot/2.0; +http://www.bing.com/bingbot.htm) Chrome/116.0.1938.76 Safari/537.36"
43.157.50.58 - - [05/Apr/2026:20:10:42 +0800] "GET / HTTP/1.1" 403 199 "-" "Mozilla/5.0 (iPhone; CPU iPhone OS 13_2_3 like Mac OS X) AppleWebKit/605.1.15 (KHTML, like Gecko) Version/13.0.3 Mobile/15E148 Safari/604.1"
45.131.195.73 - - [05/Apr/2026:20:28:57 +0800] "GET /wp-includes/css/buttons.css HTTP/1.1" 403 199 "-" "Go-http-client/1.1"
103.4.122.14 - - [05/Apr/2026:20:31:48 +0800] "POST /wp-cron.php?doing_wp_cron=1775392308.2640480995178222656250 HTTP/1.1" 200 20 "-" "WordPress/6.9.4; https://bfcg.com.au"
102.209.223.239 - - [05/Apr/2026:20:31:47 +0800] "GET /author/bfcgroup/ HTTP/1.1" 200 6776 "-" "Mozilla/5.0 (Macintosh; Intel Mac OS X 11_2) AppleWebKit/537.36 (KHTML, like Gecko) Chrome/96.0.4702.147 Safari/537.36"
103.4.122.14 - - [05/Apr/2026:20:38:17 +0800] "POST /wp-cron.php?doing_wp_cron=1775392697.9293720722198486328125 HTTP/1.1" 200 20 "-" "WordPress/6.9.4; https://bfcg.com.au"
74.7.241.168 - - [05/Apr/2026:20:38:17 +0800] "GET /robots.txt HTTP/1.1" 301 20 "-" "Mozilla/5.0 (Macintosh; Intel Mac OS X 10_15_7) AppleWebKit/537.36 (KHTML, like Gecko) Chrome/131.0.0.0 Safari/537.36; compatible; OAI-SearchBot/1.3; robots.txt; +https://openai.com/searchbot"
74.7.241.168 - - [05/Apr/2026:20:38:18 +0800] "GET /robots.txt HTTP/1.1" 200 108 "http://www.bfcg.com.au/robots.txt" "Mozilla/5.0 (Macintosh; Intel Mac OS X 10_15_7) AppleWebKit/537.36 (KHTML, like Gecko) Chrome/131.0.0.0 Safari/537.36; compatible; OAI-SearchBot/1.3; robots.txt; +https://openai.com/searchbot"
103.4.122.14 - - [05/Apr/2026:20:56:53 +0800] "POST /wp-cron.php?doing_wp_cron=1775393813.1141040325164794921875 HTTP/1.1" 200 20 "-" "WordPress/6.9.4; https://bfcg.com.au"
69.171.231.15 - - [05/Apr/2026:20:56:52 +0800] "GET / HTTP/1.1" 301 - "-" "meta-externalagent/1.1 (+https://developers.facebook.com/docs/sharing/webmasters/crawler)"
69.171.231.19 - - [05/Apr/2026:20:56:54 +0800] "GET / HTTP/1.1" 200 47616 "-" "meta-externalagent/1.1 (+https://developers.facebook.com/docs/sharing/webmasters/crawler)"
103.4.122.14 - - [05/Apr/2026:21:01:11 +0800] "POST /wp-cron.php?doing_wp_cron=1775394071.4671568870544433593750 HTTP/1.1" 200 20 "-" "WordPress/6.9.4; https://bfcg.com.au"
115.164.37.251 - - [05/Apr/2026:21:01:10 +0800] "GET /log-in/ HTTP/1.1" 200 6669 "-" "Opera/8.46.(Windows NT 5.2; en-DK) Presto/2.9.174 Version/11.00"
103.4.122.14 - - [05/Apr/2026:21:08:11 +0800] "POST /wp-cron.php?doing_wp_cron=1775394491.6179950237274169921875 HTTP/1.1" 200 20 "-" "WordPress/6.9.4; https://bfcg.com.au"
88.230.98.241 - - [05/Apr/2026:21:08:11 +0800] "GET /category/news/ HTTP/1.1" 200 6601 "-" "Mozilla/5.0 (iPhone; CPU iPhone OS 7_1_2 like Mac OS X) AppleWebKit/534.0 (KHTML, like Gecko) FxiOS/18.1n8471.0 Mobile/19I547 Safari/534.0"
103.4.122.14 - - [05/Apr/2026:21:10:26 +0800] "POST /wp-cron.php?doing_wp_cron=1775394626.7317140102386474609375 HTTP/1.1" 200 20 "-" "WordPress/6.9.4; https://bfcg.com.au"
118.27.9.85 - - [05/Apr/2026:21:10:24 +0800] "GET /wp-login.php HTTP/1.1" 200 2957 "-" "Mozilla/5.0 (Macintosh; Intel Mac OS X 10_11_6) AppleWebKit/603.1.30 (KHTML, like Gecko) Version/10.1 Safari/603.1.30"
118.27.9.85 - - [05/Apr/2026:21:10:27 +0800] "POST /wp-login.php HTTP/1.1" 200 3091 "https://bfcg.com.au/wp-login.php" "Mozilla/5.0 (Macintosh; Intel Mac OS X 10_11_6) AppleWebKit/603.1.30 (KHTML, like Gecko) Version/10.1 Safari/603.1.30"
103.4.122.14 - - [05/Apr/2026:21:15:23 +0800] "POST /wp-cron.php?doing_wp_cron=1775394923.2995989322662353515625 HTTP/1.1" 200 20 "-" "WordPress/6.9.4; https://bfcg.com.au"
57.141.14.5 - - [05/Apr/2026:21:15:22 +0800] "GET /\xe0\xb8\xaa\xe0\xb8\xa1\xe0\xb8\xb1\xe0\xb8\x84\xe0\xb8\xa3slotxo.aspx HTTP/1.1" 404 23064 "-" "meta-externalagent/1.1 (+https://developers.facebook.com/docs/sharing/webmasters/crawler)"
103.4.122.14 - - [05/Apr/2026:21:27:33 +0800] "POST /wp-cron.php?doing_wp_cron=1775395653.4281868934631347656250 HTTP/1.1" 200 20 "-" "WordPress/6.9.4; https://bfcg.com.au"
95.111.248.233 - - [05/Apr/2026:21:27:33 +0800] "GET / HTTP/1.1" 301 20 "-" "Mozilla/5.0 (iPhone; CPU iPhone OS 18_0 like Mac OS X) AppleWebKit/605.1.15 (KHTML, like Gecko) Version/18.0 Mobile/15E148 Safari/604.1"
95.111.248.233 - - [05/Apr/2026:21:27:34 +0800] "GET / HTTP/1.1" 200 12381 "-" "Mozilla/5.0 (iPhone; CPU iPhone OS 18_0 like Mac OS X) AppleWebKit/605.1.15 (KHTML, like Gecko) Version/18.0 Mobile/15E148 Safari/604.1"
95.111.248.233 - - [05/Apr/2026:21:27:35 +0800] "GET /wp-content/wp-content/themes/truelysell/style.css HTTP/1.1" 404 6167 "-" "Mozilla/5.0 (Macintosh; Intel Mac OS X 10_15_7) AppleWebKit/537.36 (KHTML, like Gecko) Chrome/131.0.0.0 Safari/537.36"
103.4.122.14 - - [05/Apr/2026:21:27:37 +0800] "POST /wp-cron.php?doing_wp_cron=1775395657.5686159133911132812500 HTTP/1.1" 200 20 "-" "WordPress/6.9.4; https://bfcg.com.au"
95.111.248.233 - - [05/Apr/2026:21:27:37 +0800] "GET /wp-content/plugins/woocommerce-wholesale-lead-capture/css/WWLCCustomFieldsControl.css HTTP/1.1" 404 6167 "-" "Mozilla/5.0 (Linux; Android 12; Pixel 6) AppleWebKit/537.36 (KHTML, like Gecko) Chrome/99.0.4844.58 Mobile Safari/537.36"
95.111.248.233 - - [05/Apr/2026:21:27:38 +0800] "GET /wp-content/plugins/wedesigntech-ultimate-booking-addon/changelog.txt HTTP/1.1" 404 6167 "-" "Mozilla/5.0 (Macintosh; Intel Mac OS X 10_15_7) AppleWebKit/537.36 (KHTML, like Gecko) Chrome/124.0.0.0 Safari/537.36"
95.111.248.233 - - [05/Apr/2026:21:27:40 +0800] "GET /wp-content/plugins/s2member/readme.txt HTTP/1.1" 404 6167 "-" "Mozilla/5.0 (Linux; Android 12; Pixel 6) AppleWebKit/537.36 (KHTML, like Gecko) Chrome/99.0.4844.58 Mobile Safari/537.36"
95.111.248.233 - - [05/Apr/2026:21:27:41 +0800] "GET /wp-content/plugins/kalrav-ai-agent/readme.txt HTTP/1.1" 404 6167 "-" "Mozilla/5.0 (Linux; Android 10; K) AppleWebKit/537.36 (KHTML, like Gecko) Chrome/131.0.0.0 Mobile Safari/537.36"
95.111.248.233 - - [05/Apr/2026:21:27:43 +0800] "GET /wp-content/plugins/wpvivid-backuprestore/readme.txt HTTP/1.1" 404 6167 "-" "Mozilla/5.0 (Linux; Android 10; K) AppleWebKit/537.36 (KHTML, like Gecko) Chrome/131.0.0.0 Mobile Safari/537.36"
95.111.248.233 - - [05/Apr/2026:21:27:44 +0800] "GET /wp-content/plugins/cimy-user-extra-fields/readme.txt HTTP/1.1" 404 6167 "-" "Mozilla/5.0 (Macintosh; Intel Mac OS X 10_15_7) AppleWebKit/537.36 (KHTML, like Gecko) Chrome/133.0.0.0 Safari/537.36"
95.111.248.233 - - [05/Apr/2026:21:27:46 +0800] "GET /wp-content/plugins/profile-builder/readme.txt HTTP/1.1" 404 6167 "-" "Mozilla/5.0 (Macintosh; Intel Mac OS X 10_15_7) AppleWebKit/537.36 (KHTML, like Gecko) Chrome/131.0.0.0 Safari/537.36"
95.111.248.233 - - [05/Apr/2026:21:27:47 +0800] "GET /wp-content/plugins/lastudio-element-kit/readme.txt HTTP/1.1" 404 6167 "-" "Mozilla/5.0 (Macintosh; Intel Mac OS X 10_15_7) AppleWebKit/537.36 (KHTML, like Gecko) Chrome/133.0.0.0 Safari/537.36"
95.111.248.233 - - [05/Apr/2026:21:27:49 +0800] "GET /wp-content/plugins/login-customizer/readme.txt HTTP/1.1" 404 6167 "-" "Mozilla/5.0 (Linux; Android 10; K) AppleWebKit/537.36 (KHTML, like Gecko) Chrome/131.0.0.0 Mobile Safari/537.36"
95.111.248.233 - - [05/Apr/2026:21:27:50 +0800] "GET /wp-content/plugins/academy/readme.txt HTTP/1.1" 404 6167 "-" "Mozilla/5.0 (Windows NT 10.0; Win64; x64) AppleWebKit/537.36 (KHTML, like Gecko) Chrome/104.0.0.0 Safari/537.36"
95.111.248.233 - - [05/Apr/2026:21:27:52 +0800] "GET /wp-content/plugins/directorist-social-login/assets/public/css/main.css HTTP/1.1" 404 6167 "-" "Mozilla/5.0 (Macintosh; Intel Mac OS X 10_15_7) AppleWebKit/537.36 (KHTML, like Gecko) Chrome/131.0.0.0 Safari/537.36"
95.111.248.233 - - [05/Apr/2026:21:27:53 +0800] "GET /wp-content/plugins/acf-frontend-form-element/readme.txt HTTP/1.1" 404 6167 "-" "Mozilla/5.0 (Macintosh; Intel Mac OS X 10_15_7) AppleWebKit/605.1.15 (KHTML, like Gecko) Version/18.0 Safari/605.1.15"
95.111.248.233 - - [05/Apr/2026:21:27:54 +0800] "GET /wp-content/themes/workreap/style.css HTTP/1.1" 404 6167 "-" "Mozilla/5.0 (iPhone; CPU iPhone OS 17_2 like Mac OS X) AppleWebKit/605.1.15 (KHTML, like Gecko) Version/17.2 Mobile/15E148 Safari/604.1"
95.111.248.233 - - [05/Apr/2026:21:27:56 +0800] "GET /wp-content/themes/energia/style.css HTTP/1.1" 404 6167 "-" "Mozilla/5.0 (Macintosh; Intel Mac OS X 10_15_7) AppleWebKit/537.36 (KHTML, like Gecko) Chrome/131.0.0.0 Safari/537.36"
95.111.248.233 - - [05/Apr/2026:21:27:57 +0800] "GET /wp-content/plugins/modular-connector/readme.txt HTTP/1.1" 404 6167 "-" "Mozilla/5.0 (iPhone; CPU iPhone OS 18_0 like Mac OS X) AppleWebKit/605.1.15 (KHTML, like Gecko) Version/18.0 Mobile/15E148 Safari/604.1"
95.111.248.233 - - [05/Apr/2026:21:27:59 +0800] "GET /wp-content/plugins/branda-white-labeling/readme.txt HTTP/1.1" 404 6167 "-" "Mozilla/5.0 (iPhone; CPU iPhone OS 17_2 like Mac OS X) AppleWebKit/605.1.15 (KHTML, like Gecko) Version/17.2 Mobile/15E148 Safari/604.1"
95.111.248.233 - - [05/Apr/2026:21:28:00 +0800] "GET / HTTP/1.1" 301 20 "-" "Mozilla/5.0 (Windows NT 10.0; Win64; x64) AppleWebKit/537.36 (KHTML, like Gecko) Chrome/101.0.4951.64 Safari/537.36 Edg/101.0.1210.47"
95.111.248.233 - - [05/Apr/2026:21:28:01 +0800] "GET / HTTP/1.1" 200 12381 "-" "Mozilla/5.0 (Windows NT 10.0; Win64; x64) AppleWebKit/537.36 (KHTML, like Gecko) Chrome/101.0.4951.64 Safari/537.36 Edg/101.0.1210.47"
95.111.248.233 - - [05/Apr/2026:21:28:03 +0800] "GET /wp-content/themes/doccure/style.css HTTP/1.1" 404 6167 "-" "Mozilla/5.0 (Macintosh; Intel Mac OS X 10_15_7) AppleWebKit/605.1.15 (KHTML, like Gecko) Version/18.0 Safari/605.1.15"
95.111.248.233 - - [05/Apr/2026:21:28:05 +0800] "GET /wp-content/plugins/fox-lms/README.txt HTTP/1.1" 404 6167 "-" "Mozilla/5.0 (Linux; Android 10; K) AppleWebKit/537.36 (KHTML, like Gecko) Chrome/131.0.0.0 Mobile Safari/537.36"
95.111.248.233 - - [05/Apr/2026:21:28:06 +0800] "GET /wp-content/plugins/flex-qr-code-generator/readme.txt HTTP/1.1" 404 6167 "-" "Mozilla/5.0 (Macintosh; Intel Mac OS X 10_15_7) AppleWebKit/537.36 (KHTML, like Gecko) Chrome/131.0.0.0 Safari/537.36"
95.111.248.233 - - [05/Apr/2026:21:28:07 +0800] "GET /wp-content/plugins/wpdirectorykit/README.txt HTTP/1.1" 404 6167 "-" "Mozilla/5.0 (Windows NT 10.0; Win64; x64) AppleWebKit/537.36 (KHTML, like Gecko) Chrome/107.0.0.0 Safari/537.36"
95.111.248.233 - - [05/Apr/2026:21:28:09 +0800] "GET /wp-content/plugins/user-verification/readme.md HTTP/1.1" 404 6167 "-" "Mozilla/5.0 (Windows NT 10.0; Win64; x64) AppleWebKit/537.36 (KHTML, like Gecko) Chrome/101.0.4951.64 Safari/537.36 Edg/101.0.1210.47"
95.111.248.233 - - [05/Apr/2026:21:28:10 +0800] "GET /wp-content/plugins/acf-extended/readme.txt HTTP/1.1" 404 6167 "-" "Mozilla/5.0 (Macintosh; Intel Mac OS X 10_15_7) AppleWebKit/537.36 (KHTML, like Gecko) Chrome/131.0.0.0 Safari/537.36"
95.111.248.233 - - [05/Apr/2026:21:28:11 +0800] "GET /wp-content/plugins/sneeit-framework/readme.txt HTTP/1.1" 404 6167 "-" "Mozilla/5.0 (Linux; Android 12; Pixel 6) AppleWebKit/537.36 (KHTML, like Gecko) Chrome/99.0.4844.58 Mobile Safari/537.36"
95.111.248.233 - - [05/Apr/2026:21:28:12 +0800] "GET /wp-content/plugins/waveplayer/readme.txt HTTP/1.1" 404 6167 "-" "Mozilla/5.0 (Linux; Android 10; K) AppleWebKit/537.36 (KHTML, like Gecko) Chrome/131.0.0.0 Mobile Safari/537.36"
95.111.248.233 - - [05/Apr/2026:21:28:14 +0800] "GET /wp-content/plugins/ecab-taxi-booking-manager/readme.txt HTTP/1.1" 404 6167 "-" "Mozilla/5.0 (Windows NT 10.0; Win64; x64) AppleWebKit/537.36 (KHTML, like Gecko) Chrome/107.0.0.0 Safari/537.36"
95.111.248.233 - - [05/Apr/2026:21:28:15 +0800] "GET /wp-content/plugins/cpi-wp-migration/readme.txt HTTP/1.1" 404 6167 "-" "Mozilla/5.0 (Windows NT 10.0; Win64; x64) AppleWebKit/537.36 (KHTML, like Gecko) Chrome/101.0.4951.64 Safari/537.36 Edg/101.0.1210.47"
95.111.248.233 - - [05/Apr/2026:21:28:16 +0800] "GET /wp-content/plugins/king-addons/readme.txt HTTP/1.1" 404 6167 "-" "Mozilla/5.0 (Macintosh; Intel Mac OS X 10_15_7) AppleWebKit/605.1.15 (KHTML, like Gecko) Version/18.0 Safari/605.1.15"
95.111.248.233 - - [05/Apr/2026:21:28:18 +0800] "GET /wp-content/plugins/ai-engine/readme.txt HTTP/1.1" 404 6167 "-" "Mozilla/5.0 (iPhone; CPU iPhone OS 17_2 like Mac OS X) AppleWebKit/605.1.15 (KHTML, like Gecko) Version/17.2 Mobile/15E148 Safari/604.1"
95.111.248.233 - - [05/Apr/2026:21:28:19 +0800] "GET /wp-content/plugins/post-smtp/readme.txt HTTP/1.1" 404 6167 "-" "Mozilla/5.0 (Macintosh; Intel Mac OS X 10_15_7) AppleWebKit/537.36 (KHTML, like Gecko) Chrome/133.0.0.0 Safari/537.36"
95.111.248.233 - - [05/Apr/2026:21:28:20 +0800] "GET /wp-content/plugins/wc-designer-pro/changelog.txt HTTP/1.1" 404 6167 "-" "Mozilla/5.0 (iPhone; CPU iPhone OS 18_0 like Mac OS X) AppleWebKit/605.1.15 (KHTML, like Gecko) Version/18.0 Mobile/15E148 Safari/604.1"
95.111.248.233 - - [05/Apr/2026:21:28:21 +0800] "GET /wp-content/themes/miraculous/style.css HTTP/1.1" 404 6167 "-" "Mozilla/5.0 (Macintosh; Intel Mac OS X 10_15_7) AppleWebKit/605.1.15 (KHTML, like Gecko) Version/18.0 Safari/605.1.15"
95.111.248.233 - - [05/Apr/2026:21:28:23 +0800] "GET /wp-content/plugins/uni-woo-custom-product-options-premium/readme.txt HTTP/1.1" 404 6167 "-" "Mozilla/5.0 (iPhone; CPU iPhone OS 18_0 like Mac OS X) AppleWebKit/605.1.15 (KHTML, like Gecko) Version/18.0 Mobile/15E148 Safari/604.1"
95.111.248.233 - - [05/Apr/2026:21:28:24 +0800] "GET /wp-content/plugins/podlove-podcasting-plugin-for-wordpress/readme.txt HTTP/1.1" 404 6167 "-" "Mozilla/5.0 (Windows NT 10.0; Win64; x64) AppleWebKit/537.36 (KHTML, like Gecko) Chrome/107.0.0.0 Safari/537.36"
95.111.248.233 - - [05/Apr/2026:21:28:26 +0800] "GET /wp-content/plugins/WooCommerce-Multi-Locations-Inventory-Management/readme.txt HTTP/1.1" 404 6167 "-" "Mozilla/5.0 (Macintosh; Intel Mac OS X 10_15_7) AppleWebKit/537.36 (KHTML, like Gecko) Chrome/131.0.0.0 Safari/537.36"
95.111.248.233 - - [05/Apr/2026:21:28:27 +0800] "GET /wp-content/plugins/wp-event-solution/readme.txt HTTP/1.1" 404 6167 "-" "Mozilla/5.0 (iPhone; CPU iPhone OS 18_0 like Mac OS X) AppleWebKit/605.1.15 (KHTML, like Gecko) Version/18.0 Mobile/15E148 Safari/604.1"
95.111.248.233 - - [05/Apr/2026:21:28:28 +0800] "GET /wp-content/themes/freeio/style.css HTTP/1.1" 404 6167 "-" "Mozilla/5.0 (Macintosh; Intel Mac OS X 10_15_7) AppleWebKit/605.1.15 (KHTML, like Gecko) Version/18.0 Safari/605.1.15"
95.111.248.233 - - [05/Apr/2026:21:28:29 +0800] "GET /wp-content/themes/em4u/style.css HTTP/1.1" 404 6167 "-" "Mozilla/5.0 (Windows NT 10.0; Win64; x64) AppleWebKit/537.36 (KHTML, like Gecko) Chrome/104.0.0.0 Safari/537.36"
95.111.248.233 - - [05/Apr/2026:21:28:30 +0800] "GET /wp-content/plugins/wp-marketing-automations/readme.txt HTTP/1.1" 404 6167 "-" "Mozilla/5.0 (Macintosh; Intel Mac OS X 10_15_7) AppleWebKit/537.36 (KHTML, like Gecko) Chrome/131.0.0.0 Safari/537.36"
95.111.248.233 - - [05/Apr/2026:21:28:32 +0800] "GET /wp-content/plugins/order-delivery-date/readme.txt HTTP/1.1" 404 6167 "-" "Mozilla/5.0 (Windows NT 10.0; Win64; x64) AppleWebKit/537.36 (KHTML, like Gecko) Chrome/101.0.4951.64 Safari/537.36 Edg/101.0.1210.47"
95.111.248.233 - - [05/Apr/2026:21:28:33 +0800] "GET /wp-content/themes/noo-jobmonster/style.css HTTP/1.1" 404 6167 "-" "Mozilla/5.0 (iPhone; CPU iPhone OS 17_2 like Mac OS X) AppleWebKit/605.1.15 (KHTML, like Gecko) Version/17.2 Mobile/15E148 Safari/604.1"
95.111.248.233 - - [05/Apr/2026:21:28:35 +0800] "GET /wp-content/themes/service-finder/style.css HTTP/1.1" 404 6167 "-" "Mozilla/5.0 (Windows NT 10.0; Win64; x64) AppleWebKit/537.36 (KHTML, like Gecko) Chrome/101.0.4951.64 Safari/537.36 Edg/101.0.1210.47"
103.4.122.14 - - [05/Apr/2026:21:28:37 +0800] "POST /wp-cron.php?doing_wp_cron=1775395717.4858570098876953125000 HTTP/1.1" 200 20 "-" "WordPress/6.9.4; https://bfcg.com.au"
95.111.248.233 - - [05/Apr/2026:21:28:36 +0800] "GET /wp-content/themes/litho/style.css HTTP/1.1" 404 6167 "-" "Mozilla/5.0 (Windows NT 10.0; Win64; x64) AppleWebKit/537.36 (KHTML, like Gecko) Chrome/107.0.0.0 Safari/537.36"
95.111.248.233 - - [05/Apr/2026:21:28:39 +0800] "GET /wp-content/plugins/wp-registration/readme.txt HTTP/1.1" 404 6167 "-" "Mozilla/5.0 (Linux; Android 10; K) AppleWebKit/537.36 (KHTML, like Gecko) Chrome/131.0.0.0 Mobile Safari/537.36"
95.111.248.233 - - [05/Apr/2026:21:28:40 +0800] "GET /wp-content/plugins/ht-contactform/readme.txt HTTP/1.1" 404 6167 "-" "Mozilla/5.0 (Linux; Android 10; K) AppleWebKit/537.36 (KHTML, like Gecko) Chrome/131.0.0.0 Mobile Safari/537.36"
95.111.248.233 - - [05/Apr/2026:21:28:41 +0800] "GET /wp-content/themes/alone/style.css HTTP/1.1" 404 6167 "-" "Mozilla/5.0 (Linux; Android 12; Pixel 6) AppleWebKit/537.36 (KHTML, like Gecko) Chrome/99.0.4844.58 Mobile Safari/537.36"
103.4.122.14 - - [05/Apr/2026:21:37:04 +0800] "POST /wp-cron.php?doing_wp_cron=1775396223.9766891002655029296875 HTTP/1.1" 200 20 "-" "WordPress/6.9.4; https://bfcg.com.au"
57.141.14.8 - - [05/Apr/2026:21:37:03 +0800] "GET /pxj%20slot%20\xe0\xb8\x97\xe0\xb8\xb2\xe0\xb8\x87\xe0\xb9\x80\xe0\xb8\x82\xe0\xb9\x89\xe0\xb8\xb2.aspx HTTP/1.1" 404 23064 "-" "meta-externalagent/1.1 (+https://developers.facebook.com/docs/sharing/webmasters/crawler)"
103.4.122.14 - - [05/Apr/2026:21:47:18 +0800] "POST /wp-cron.php?doing_wp_cron=1775396837.9178419113159179687500 HTTP/1.1" 200 20 "-" "WordPress/6.9.4; https://bfcg.com.au"
15.235.27.5 - - [05/Apr/2026:21:47:17 +0800] "GET /wp-sitemap.xml HTTP/1.1" 200 229 "-" "Mozilla/5.0 (compatible; AhrefsBot/7.0; +http://ahrefs.com/robot/)"
51.161.65.76 - - [05/Apr/2026:21:47:20 +0800] "GET /wp-sitemap-posts-post-1.xml HTTP/1.1" 200 220 "-" "Mozilla/5.0 (compatible; AhrefsBot/7.0; +http://ahrefs.com/robot/)"
15.235.96.13 - - [05/Apr/2026:21:47:22 +0800] "GET /wp-sitemap-posts-page-1.xml HTTP/1.1" 200 441 "-" "Mozilla/5.0 (compatible; AhrefsBot/7.0; +http://ahrefs.com/robot/)"
142.44.233.181 - - [05/Apr/2026:21:47:24 +0800] "GET /wp-sitemap-posts-docs-1.xml HTTP/1.1" 200 520 "-" "Mozilla/5.0 (compatible; AhrefsBot/7.0; +http://ahrefs.com/robot/)"
142.44.225.161 - - [05/Apr/2026:21:47:27 +0800] "GET /wp-sitemap-taxonomies-category-1.xml HTTP/1.1" 200 184 "-" "Mozilla/5.0 (compatible; AhrefsBot/7.0; +http://ahrefs.com/robot/)"
54.39.203.224 - - [05/Apr/2026:21:47:29 +0800] "GET /wp-sitemap-users-1.xml HTTP/1.1" 200 184 "-" "Mozilla/5.0 (compatible; AhrefsBot/7.0; +http://ahrefs.com/robot/)"
103.4.122.14 - - [05/Apr/2026:21:55:12 +0800] "POST /wp-cron.php?doing_wp_cron=1775397311.9352440834045410156250 HTTP/1.1" 200 20 "-" "WordPress/6.9.4; https://bfcg.com.au"
43.172.196.42 - - [05/Apr/2026:21:55:11 +0800] "GET /about/ HTTP/1.1" 200 9181 "-" "Mozilla/5.0 (Windows NT 10.0; Win64; x64) AppleWebKit/537.36 (KHTML, like Gecko) Chrome/109.0.0.0 Safari/537.36"
43.173.173.250 - - [05/Apr/2026:21:55:12 +0800] "GET /wp-content/cache/autoptimize/css/autoptimize_single_aadae654ad0b7188827e85393288abdb.css?ver=1765772697 HTTP/1.1" 200 1034 "https://bfcg.com.au/about/" "Mozilla/5.0 (Windows NT 10.0; Win64; x64) AppleWebKit/537.36 (KHTML, like Gecko) Chrome/109.0.0.0 Safari/537.36"
103.4.122.14 - - [05/Apr/2026:21:58:35 +0800] "POST /wp-cron.php?doing_wp_cron=1775397515.6039071083068847656250 HTTP/1.1" 200 20 "-" "WordPress/6.9.4; https://bfcg.com.au"
213.230.86.3 - - [05/Apr/2026:21:58:35 +0800] "GET /news/ HTTP/1.1" 200 6659 "-" "Mozilla/5.0 (Macintosh; U; PPC Mac OS X 10_12_1 rv:2.0; uz-UZ) AppleWebKit/531.48.3 (KHTML, like Gecko) Version/5.0 Safari/531.48.3"
103.4.122.14 - - [05/Apr/2026:22:14:25 +0800] "POST /wp-cron.php?doing_wp_cron=1775398465.3445589542388916015625 HTTP/1.1" 200 20 "-" "WordPress/6.9.4; https://bfcg.com.au"
43.248.59.245 - - [05/Apr/2026:22:14:24 +0800] "POST /xmlrpc.php HTTP/1.1" 200 403 "-" "Mozilla/5.0 (X11; Ubuntu; Linux x86_64; x86) AppleWebKit/537.36 (KHTML, like Gecko) Chrome/101.0.0.0 Safari/537.36"
103.4.122.14 - - [05/Apr/2026:22:16:25 +0800] "POST /wp-cron.php?doing_wp_cron=1775398584.9212779998779296875000 HTTP/1.1" 200 20 "-" "WordPress/6.9.4; https://bfcg.com.au"
91.136.11.82 - - [05/Apr/2026:22:16:24 +0800] "GET /wp-login.php HTTP/1.1" 200 2957 "-" "Mozilla/5.0 (Windows NT 6.0; WOW64; Trident/7.0; rv:11.0) like Gecko"
91.136.11.82 - - [05/Apr/2026:22:16:25 +0800] "POST /wp-login.php HTTP/1.1" 200 3094 "https://bfcg.com.au/wp-login.php" "Mozilla/5.0 (Windows NT 6.0; WOW64; Trident/7.0; rv:11.0) like Gecko"
103.4.122.14 - - [05/Apr/2026:22:43:21 +0800] "POST /wp-cron.php?doing_wp_cron=1775400201.7469789981842041015625 HTTP/1.1" 200 20 "-" "WordPress/6.9.4; https://bfcg.com.au"
2.58.56.43 - - [05/Apr/2026:22:43:21 +0800] "GET / HTTP/1.1" 301 - "bfcg.com.au" "Mozilla/5.0 (Linux; Android 7.0; BRAVIS X500) AppleWebKit/537.36 (KHTML, like Gecko) Chrome/81.0.4044.117 Mobile Safari/537.36"
2.58.56.43 - - [05/Apr/2026:22:43:23 +0800] "GET / HTTP/1.1" 200 47616 "bfcg.com.au" "Mozilla/5.0 (Linux; Android 7.0; BRAVIS X500) AppleWebKit/537.36 (KHTML, like Gecko) Chrome/81.0.4044.117 Mobile Safari/537.36"
23.129.64.131 - - [05/Apr/2026:22:43:29 +0800] "GET / HTTP/1.1" 200 47616 "https://bfcg.com.au" "Mozilla/5.0 (Linux; Android 7.0; BRAVIS X500) AppleWebKit/537.36 (KHTML, like Gecko) Chrome/81.0.4044.117 Mobile Safari/537.36"
192.42.116.58 - - [05/Apr/2026:22:43:33 +0800] "GET /2020/10/05/welcome HTTP/1.1" 301 - "https://bfcg.com.au/2020/10/05/welcome" "Mozilla/5.0 (Linux; Android 7.0; BRAVIS X500) AppleWebKit/537.36 (KHTML, like Gecko) Chrome/81.0.4044.117 Mobile Safari/537.36"
192.42.116.58 - - [05/Apr/2026:22:43:34 +0800] "GET /2020/10/05/welcome/ HTTP/1.1" 200 27268 "https://bfcg.com.au/2020/10/05/welcome" "Mozilla/5.0 (Linux; Android 7.0; BRAVIS X500) AppleWebKit/537.36 (KHTML, like Gecko) Chrome/81.0.4044.117 Mobile Safari/537.36"
103.4.122.14 - - [05/Apr/2026:22:43:37 +0800] "POST /wp-cron.php?doing_wp_cron=1775400217.0481579303741455078125 HTTP/1.1" 200 20 "-" "WordPress/6.9.4; https://bfcg.com.au"
192.42.116.58 - - [05/Apr/2026:22:43:36 +0800] "POST /wp-comments-post.php HTTP/1.1" 302 - "https://bfcg.com.au/wp-comments-post.php" "Mozilla/5.0 (Linux; Android 7.0; BRAVIS X500) AppleWebKit/537.36 (KHTML, like Gecko) Chrome/81.0.4044.117 Mobile Safari/537.36"
192.42.116.58 - - [05/Apr/2026:22:43:37 +0800] "GET /2020/10/05/welcome/ HTTP/1.1" 200 27268 "https://bfcg.com.au/wp-comments-post.php" "Mozilla/5.0 (Linux; Android 7.0; BRAVIS X500) AppleWebKit/537.36 (KHTML, like Gecko) Chrome/81.0.4044.117 Mobile Safari/537.36"
192.42.116.58 - - [05/Apr/2026:22:43:40 +0800] "GET /about HTTP/1.1" 301 - "https://bfcg.com.au/about" "Mozilla/5.0 (Linux; Android 7.0; BRAVIS X500) AppleWebKit/537.36 (KHTML, like Gecko) Chrome/81.0.4044.117 Mobile Safari/537.36"
192.42.116.58 - - [05/Apr/2026:22:43:41 +0800] "GET /about/ HTTP/1.1" 200 33538 "https://bfcg.com.au/about" "Mozilla/5.0 (Linux; Android 7.0; BRAVIS X500) AppleWebKit/537.36 (KHTML, like Gecko) Chrome/81.0.4044.117 Mobile Safari/537.36"
38.135.24.32 - - [05/Apr/2026:22:43:45 +0800] "GET /comments/feed HTTP/1.1" 301 - "https://bfcg.com.au/comments/feed" "Mozilla/5.0 (Linux; Android 7.0; BRAVIS X500) AppleWebKit/537.36 (KHTML, like Gecko) Chrome/81.0.4044.117 Mobile Safari/537.36"
38.135.24.32 - - [05/Apr/2026:22:43:46 +0800] "GET /comments/feed/ HTTP/1.1" 200 721 "https://bfcg.com.au/comments/feed" "Mozilla/5.0 (Linux; Android 7.0; BRAVIS X500) AppleWebKit/537.36 (KHTML, like Gecko) Chrome/81.0.4044.117 Mobile Safari/537.36"
38.135.24.32 - - [05/Apr/2026:22:43:49 +0800] "GET /contact HTTP/1.1" 301 - "https://bfcg.com.au/contact" "Mozilla/5.0 (Linux; Android 7.0; BRAVIS X500) AppleWebKit/537.36 (KHTML, like Gecko) Chrome/81.0.4044.117 Mobile Safari/537.36"
38.135.24.32 - - [05/Apr/2026:22:43:49 +0800] "GET /contact/ HTTP/1.1" 200 29731 "https://bfcg.com.au/contact" "Mozilla/5.0 (Linux; Android 7.0; BRAVIS X500) AppleWebKit/537.36 (KHTML, like Gecko) Chrome/81.0.4044.117 Mobile Safari/537.36"
38.135.24.32 - - [05/Apr/2026:22:43:52 +0800] "POST /contact/ HTTP/1.1" 200 30037 "https://bfcg.com.au/contact/#wpcf7-f2573-p101-o1" "Mozilla/5.0 (Linux; Android 7.0; BRAVIS X500) AppleWebKit/537.36 (KHTML, like Gecko) Chrome/81.0.4044.117 Mobile Safari/537.36"
192.42.116.17 - - [05/Apr/2026:22:43:58 +0800] "GET /feed HTTP/1.1" 301 - "https://bfcg.com.au/feed" "Mozilla/5.0 (Linux; Android 7.0; BRAVIS X500) AppleWebKit/537.36 (KHTML, like Gecko) Chrome/81.0.4044.117 Mobile Safari/537.36"
192.42.116.17 - - [05/Apr/2026:22:44:00 +0800] "GET /feed/ HTTP/1.1" 200 2173 "https://bfcg.com.au/feed" "Mozilla/5.0 (Linux; Android 7.0; BRAVIS X500) AppleWebKit/537.36 (KHTML, like Gecko) Chrome/81.0.4044.117 Mobile Safari/537.36"
192.42.116.17 - - [05/Apr/2026:22:44:10 +0800] "GET /log-in HTTP/1.1" 301 - "https://bfcg.com.au/log-in" "Mozilla/5.0 (Linux; Android 7.0; BRAVIS X500) AppleWebKit/537.36 (KHTML, like Gecko) Chrome/81.0.4044.117 Mobile Safari/537.36"
192.42.116.17 - - [05/Apr/2026:22:44:13 +0800] "GET /log-in/ HTTP/1.1" 200 24839 "https://bfcg.com.au/log-in" "Mozilla/5.0 (Linux; Android 7.0; BRAVIS X500) AppleWebKit/537.36 (KHTML, like Gecko) Chrome/81.0.4044.117 Mobile Safari/537.36"
91.98.178.11 - - [05/Apr/2026:22:44:19 +0800] "GET / HTTP/1.1" 200 12381 "-" "Mozilla/5.0 (Windows NT 10.0; Win64; x64) AppleWebKit/537.36 (KHTML, like Gecko) Chrome/131.0.0.0 Safari/537.36"
91.98.178.11 - - [05/Apr/2026:22:44:20 +0800] "GET /wp-content/plugins/autoptimize/classes/external/js/lazysizes.min.js?ao_version=3.1.15 HTTP/1.1" 200 4122 "https://bfcg.com.au/" "Mozilla/5.0 (Windows NT 10.0; Win64; x64) AppleWebKit/537.36 (KHTML, like Gecko) Chrome/131.0.0.0 Safari/537.36"
91.98.178.11 - - [05/Apr/2026:22:44:20 +0800] "GET /wp-includes/js/dist/hooks.min.js?ver=dd5603f07f9220ed27f1 HTTP/1.1" 200 1941 "https://bfcg.com.au/" "Mozilla/5.0 (Windows NT 10.0; Win64; x64) AppleWebKit/537.36 (KHTML, like Gecko) Chrome/131.0.0.0 Safari/537.36"
91.98.178.11 - - [05/Apr/2026:22:44:20 +0800] "GET /wp-includes/js/dist/i18n.min.js?ver=c26c3dc7bed366793375 HTTP/1.1" 200 2229 "https://bfcg.com.au/" "Mozilla/5.0 (Windows NT 10.0; Win64; x64) AppleWebKit/537.36 (KHTML, like Gecko) Chrome/131.0.0.0 Safari/537.36"
91.98.178.11 - - [05/Apr/2026:22:44:20 +0800] "GET /wp-includes/js/dist/vendor/wp-polyfill.min.js?ver=3.15.0 HTTP/1.1" 200 11852 "https://bfcg.com.au/" "Mozilla/5.0 (Windows NT 10.0; Win64; x64) AppleWebKit/537.36 (KHTML, like Gecko) Chrome/131.0.0.0 Safari/537.36"
91.98.178.11 - - [05/Apr/2026:22:44:20 +0800] "GET /wp-includes/js/jquery/jquery.min.js?ver=3.7.1 HTTP/1.1" 200 30368 "https://bfcg.com.au/" "Mozilla/5.0 (Windows NT 10.0; Win64; x64) AppleWebKit/537.36 (KHTML, like Gecko) Chrome/131.0.0.0 Safari/537.36"
91.98.178.11 - - [05/Apr/2026:22:44:20 +0800] "GET /wp-content/cache/autoptimize/js/autoptimize_660f6aa917f215ee58a28a88fed9ac36.js HTTP/1.1" 200 19689 "https://bfcg.com.au/" "Mozilla/5.0 (Windows NT 10.0; Win64; x64) AppleWebKit/537.36 (KHTML, like Gecko) Chrome/131.0.0.0 Safari/537.36"
91.98.178.11 - - [05/Apr/2026:22:44:21 +0800] "GET /wp-includes/js/wp-emoji-release.min.js?ver=6.9.4 HTTP/1.1" 200 5375 "https://bfcg.com.au/" "Mozilla/5.0 (Windows NT 10.0; Win64; x64) AppleWebKit/537.36 (KHTML, like Gecko) Chrome/131.0.0.0 Safari/537.36"
185.220.101.102 - - [05/Apr/2026:22:44:28 +0800] "GET /news HTTP/1.1" 301 - "https://bfcg.com.au/news" "Mozilla/5.0 (Linux; Android 7.0; BRAVIS X500) AppleWebKit/537.36 (KHTML, like Gecko) Chrome/81.0.4044.117 Mobile Safari/537.36"
91.98.176.9 - - [05/Apr/2026:22:44:28 +0800] "GET /about/ HTTP/1.1" 200 9181 "-" "Mozilla/5.0 (Windows NT 10.0; Win64; x64) AppleWebKit/537.36 (KHTML, like Gecko) Chrome/131.0.0.0 Safari/537.36"
185.220.101.102 - - [05/Apr/2026:22:44:28 +0800] "GET /news/ HTTP/1.1" 200 25284 "https://bfcg.com.au/news" "Mozilla/5.0 (Linux; Android 7.0; BRAVIS X500) AppleWebKit/537.36 (KHTML, like Gecko) Chrome/81.0.4044.117 Mobile Safari/537.36"
91.98.176.9 - - [05/Apr/2026:22:44:29 +0800] "GET /wp-includes/js/dist/hooks.min.js?ver=dd5603f07f9220ed27f1 HTTP/1.1" 200 1941 "https://bfcg.com.au/about/" "Mozilla/5.0 (Windows NT 10.0; Win64; x64) AppleWebKit/537.36 (KHTML, like Gecko) Chrome/131.0.0.0 Safari/537.36"
91.98.176.9 - - [05/Apr/2026:22:44:29 +0800] "GET /wp-includes/js/dist/i18n.min.js?ver=c26c3dc7bed366793375 HTTP/1.1" 200 2229 "https://bfcg.com.au/about/" "Mozilla/5.0 (Windows NT 10.0; Win64; x64) AppleWebKit/537.36 (KHTML, like Gecko) Chrome/131.0.0.0 Safari/537.36"
91.98.176.9 - - [05/Apr/2026:22:44:30 +0800] "GET /wp-content/plugins/autoptimize/classes/external/js/lazysizes.min.js?ao_version=3.1.15 HTTP/1.1" 200 4122 "https://bfcg.com.au/about/" "Mozilla/5.0 (Windows NT 10.0; Win64; x64) AppleWebKit/537.36 (KHTML, like Gecko) Chrome/131.0.0.0 Safari/537.36"
91.98.176.9 - - [05/Apr/2026:22:44:30 +0800] "GET /wp-includes/js/dist/vendor/wp-polyfill.min.js?ver=3.15.0 HTTP/1.1" 200 11852 "https://bfcg.com.au/about/" "Mozilla/5.0 (Windows NT 10.0; Win64; x64) AppleWebKit/537.36 (KHTML, like Gecko) Chrome/131.0.0.0 Safari/537.36"
91.98.176.9 - - [05/Apr/2026:22:44:30 +0800] "GET /wp-content/cache/autoptimize/js/autoptimize_0476bd60af445891c8491c3498684f0b.js HTTP/1.1" 200 13680 "https://bfcg.com.au/about/" "Mozilla/5.0 (Windows NT 10.0; Win64; x64) AppleWebKit/537.36 (KHTML, like Gecko) Chrome/131.0.0.0 Safari/537.36"
91.98.178.81 - - [05/Apr/2026:22:44:29 +0800] "GET /privacy-policy/ HTTP/1.1" 200 7098 "-" "Mozilla/5.0 (Macintosh; Intel Mac OS X 10_15_7) AppleWebKit/537.36 (KHTML, like Gecko) Chrome/131.0.0.0 Safari/537.36"
91.98.176.9 - - [05/Apr/2026:22:44:30 +0800] "GET /wp-includes/js/wp-emoji-release.min.js?ver=6.9.4 HTTP/1.1" 200 5375 "https://bfcg.com.au/about/" "Mozilla/5.0 (Windows NT 10.0; Win64; x64) AppleWebKit/537.36 (KHTML, like Gecko) Chrome/131.0.0.0 Safari/537.36"
91.98.178.81 - - [05/Apr/2026:22:44:30 +0800] "GET /wp-includes/js/dist/hooks.min.js?ver=dd5603f07f9220ed27f1 HTTP/1.1" 200 1941 "https://bfcg.com.au/privacy-policy/" "Mozilla/5.0 (Macintosh; Intel Mac OS X 10_15_7) AppleWebKit/537.36 (KHTML, like Gecko) Chrome/131.0.0.0 Safari/537.36"
91.98.178.81 - - [05/Apr/2026:22:44:30 +0800] "GET /wp-includes/js/dist/i18n.min.js?ver=c26c3dc7bed366793375 HTTP/1.1" 200 2229 "https://bfcg.com.au/privacy-policy/" "Mozilla/5.0 (Macintosh; Intel Mac OS X 10_15_7) AppleWebKit/537.36 (KHTML, like Gecko) Chrome/131.0.0.0 Safari/537.36"
91.98.178.81 - - [05/Apr/2026:22:44:31 +0800] "GET /wp-includes/js/dist/vendor/wp-polyfill.min.js?ver=3.15.0 HTTP/1.1" 200 11852 "https://bfcg.com.au/privacy-policy/" "Mozilla/5.0 (Macintosh; Intel Mac OS X 10_15_7) AppleWebKit/537.36 (KHTML, like Gecko) Chrome/131.0.0.0 Safari/537.36"
91.98.178.81 - - [05/Apr/2026:22:44:31 +0800] "GET /wp-content/plugins/autoptimize/classes/external/js/lazysizes.min.js?ao_version=3.1.15 HTTP/1.1" 200 4122 "https://bfcg.com.au/privacy-policy/" "Mozilla/5.0 (Macintosh; Intel Mac OS X 10_15_7) AppleWebKit/537.36 (KHTML, like Gecko) Chrome/131.0.0.0 Safari/537.36"
91.98.178.81 - - [05/Apr/2026:22:44:31 +0800] "GET /wp-content/cache/autoptimize/js/autoptimize_0476bd60af445891c8491c3498684f0b.js HTTP/1.1" 200 13680 "https://bfcg.com.au/privacy-policy/" "Mozilla/5.0 (Macintosh; Intel Mac OS X 10_15_7) AppleWebKit/537.36 (KHTML, like Gecko) Chrome/131.0.0.0 Safari/537.36"
91.98.178.81 - - [05/Apr/2026:22:44:31 +0800] "GET /wp-includes/js/wp-emoji-release.min.js?ver=6.9.4 HTTP/1.1" 200 5375 "https://bfcg.com.au/privacy-policy/" "Mozilla/5.0 (Macintosh; Intel Mac OS X 10_15_7) AppleWebKit/537.36 (KHTML, like Gecko) Chrome/131.0.0.0 Safari/537.36"
185.220.101.102 - - [05/Apr/2026:22:44:32 +0800] "GET /our-business-management HTTP/1.1" 301 - "https://bfcg.com.au/our-business-management" "Mozilla/5.0 (Linux; Android 7.0; BRAVIS X500) AppleWebKit/537.36 (KHTML, like Gecko) Chrome/81.0.4044.117 Mobile Safari/537.36"
185.220.101.102 - - [05/Apr/2026:22:44:33 +0800] "GET /our-business-management/ HTTP/1.1" 200 33131 "https://bfcg.com.au/our-business-management" "Mozilla/5.0 (Linux; Android 7.0; BRAVIS X500) AppleWebKit/537.36 (KHTML, like Gecko) Chrome/81.0.4044.117 Mobile Safari/537.36"
142.132.252.61 - - [05/Apr/2026:22:44:33 +0800] "GET /contact/ HTTP/1.1" 200 7969 "-" "Mozilla/5.0 (Macintosh; Intel Mac OS X 10_15_7) AppleWebKit/537.36 (KHTML, like Gecko) Chrome/129.0.0.0 Safari/537.36"
142.132.252.61 - - [05/Apr/2026:22:44:34 +0800] "GET /wp-includes/js/dist/hooks.min.js?ver=dd5603f07f9220ed27f1 HTTP/1.1" 200 1941 "https://bfcg.com.au/contact/" "Mozilla/5.0 (Macintosh; Intel Mac OS X 10_15_7) AppleWebKit/537.36 (KHTML, like Gecko) Chrome/129.0.0.0 Safari/537.36"
142.132.252.61 - - [05/Apr/2026:22:44:34 +0800] "GET /wp-includes/js/dist/i18n.min.js?ver=c26c3dc7bed366793375 HTTP/1.1" 200 2229 "https://bfcg.com.au/contact/" "Mozilla/5.0 (Macintosh; Intel Mac OS X 10_15_7) AppleWebKit/537.36 (KHTML, like Gecko) Chrome/129.0.0.0 Safari/537.36"
142.132.252.61 - - [05/Apr/2026:22:44:34 +0800] "GET /wp-includes/js/dist/vendor/wp-polyfill.min.js?ver=3.15.0 HTTP/1.1" 200 11852 "https://bfcg.com.au/contact/" "Mozilla/5.0 (Macintosh; Intel Mac OS X 10_15_7) AppleWebKit/537.36 (KHTML, like Gecko) Chrome/129.0.0.0 Safari/537.36"
142.132.252.61 - - [05/Apr/2026:22:44:34 +0800] "GET /wp-content/plugins/autoptimize/classes/external/js/lazysizes.min.js?ao_version=3.1.15 HTTP/1.1" 200 4122 "https://bfcg.com.au/contact/" "Mozilla/5.0 (Macintosh; Intel Mac OS X 10_15_7) AppleWebKit/537.36 (KHTML, like Gecko) Chrome/129.0.0.0 Safari/537.36"
142.132.252.61 - - [05/Apr/2026:22:44:34 +0800] "GET /wp-content/cache/autoptimize/js/autoptimize_0476bd60af445891c8491c3498684f0b.js HTTP/1.1" 200 13680 "https://bfcg.com.au/contact/" "Mozilla/5.0 (Macintosh; Intel Mac OS X 10_15_7) AppleWebKit/537.36 (KHTML, like Gecko) Chrome/129.0.0.0 Safari/537.36"
142.132.252.61 - - [05/Apr/2026:22:44:35 +0800] "GET /wp-includes/js/wp-emoji-release.min.js?ver=6.9.4 HTTP/1.1" 200 5375 "https://bfcg.com.au/contact/" "Mozilla/5.0 (Macintosh; Intel Mac OS X 10_15_7) AppleWebKit/537.36 (KHTML, like Gecko) Chrome/129.0.0.0 Safari/537.36"
142.132.252.61 - - [05/Apr/2026:22:44:35 +0800] "GET /wp-json/contact-form-7/v1/contact-forms/2573/feedback/schema HTTP/1.1" 200 235 "https://bfcg.com.au/contact/" "Mozilla/5.0 (Macintosh; Intel Mac OS X 10_15_7) AppleWebKit/537.36 (KHTML, like Gecko) Chrome/129.0.0.0 Safari/537.36"
103.4.122.14 - - [05/Apr/2026:22:44:42 +0800] "POST /wp-cron.php?doing_wp_cron=1775400282.7268650531768798828125 HTTP/1.1" 200 20 "-" "WordPress/6.9.4; https://bfcg.com.au"
192.42.116.145 - - [05/Apr/2026:22:44:42 +0800] "GET /our-partners HTTP/1.1" 301 - "https://bfcg.com.au/our-partners" "Mozilla/5.0 (Linux; Android 7.0; BRAVIS X500) AppleWebKit/537.36 (KHTML, like Gecko) Chrome/81.0.4044.117 Mobile Safari/537.36"
192.42.116.145 - - [05/Apr/2026:22:44:45 +0800] "GET /our-partners/ HTTP/1.1" 200 30070 "https://bfcg.com.au/our-partners" "Mozilla/5.0 (Linux; Android 7.0; BRAVIS X500) AppleWebKit/537.36 (KHTML, like Gecko) Chrome/81.0.4044.117 Mobile Safari/537.36"
23.191.200.11 - - [05/Apr/2026:22:44:55 +0800] "GET /our-policies HTTP/1.1" 301 - "https://bfcg.com.au/our-policies" "Mozilla/5.0 (Linux; Android 7.0; BRAVIS X500) AppleWebKit/537.36 (KHTML, like Gecko) Chrome/81.0.4044.117 Mobile Safari/537.36"
23.191.200.11 - - [05/Apr/2026:22:44:55 +0800] "GET /our-policies/ HTTP/1.1" 200 26811 "https://bfcg.com.au/our-policies" "Mozilla/5.0 (Linux; Android 7.0; BRAVIS X500) AppleWebKit/537.36 (KHTML, like Gecko) Chrome/81.0.4044.117 Mobile Safari/537.36"
192.42.116.107 - - [05/Apr/2026:22:45:08 +0800] "GET /our-values HTTP/1.1" 301 - "https://bfcg.com.au/our-values" "Mozilla/5.0 (Linux; Android 7.0; BRAVIS X500) AppleWebKit/537.36 (KHTML, like Gecko) Chrome/81.0.4044.117 Mobile Safari/537.36"
103.4.122.14 - - [05/Apr/2026:22:45:42 +0800] "POST /wp-cron.php?doing_wp_cron=1775400342.7863759994506835937500 HTTP/1.1" 200 20 "-" "WordPress/6.9.4; https://bfcg.com.au"
185.220.101.184 - - [05/Apr/2026:22:45:42 +0800] "GET /services HTTP/1.1" 301 - "https://bfcg.com.au/services" "Mozilla/5.0 (Linux; Android 7.0; BRAVIS X500) AppleWebKit/537.36 (KHTML, like Gecko) Chrome/81.0.4044.117 Mobile Safari/537.36"
185.220.101.184 - - [05/Apr/2026:22:45:44 +0800] "GET /services/ HTTP/1.1" 200 34545 "https://bfcg.com.au/services" "Mozilla/5.0 (Linux; Android 7.0; BRAVIS X500) AppleWebKit/537.36 (KHTML, like Gecko) Chrome/81.0.4044.117 Mobile Safari/537.36"
23.129.64.139 - - [05/Apr/2026:22:45:51 +0800] "GET /wp-json HTTP/1.1" 200 234957 "https://bfcg.com.au/wp-json" "Mozilla/5.0 (Linux; Android 7.0; BRAVIS X500) AppleWebKit/537.36 (KHTML, like Gecko) Chrome/81.0.4044.117 Mobile Safari/537.36"
178.20.55.16 - - [05/Apr/2026:22:45:54 +0800] "GET /wp-json/oembed/1.0/embed?url=https%3A%2F%2Fbfcg.com.au%2F HTTP/1.1" 200 2119 "https://bfcg.com.au/wp-json/oembed/1.0/embed?url=https%3A%2F%2Fbfcg.com.au%2F" "Mozilla/5.0 (Linux; Android 7.0; BRAVIS X500) AppleWebKit/537.36 (KHTML, like Gecko) Chrome/81.0.4044.117 Mobile Safari/537.36"
178.20.55.16 - - [05/Apr/2026:22:45:56 +0800] "GET /wp-json/oembed/1.0/embed?url=https%3A%2F%2Fbfcg.com.au%2F&format=xml HTTP/1.1" 200 2273 "https://bfcg.com.au/wp-json/oembed/1.0/embed?url=https%3A%2F%2Fbfcg.com.au%2F&format=xml" "Mozilla/5.0 (Linux; Android 7.0; BRAVIS X500) AppleWebKit/537.36 (KHTML, like Gecko) Chrome/81.0.4044.117 Mobile Safari/537.36"
178.20.55.16 - - [05/Apr/2026:22:45:58 +0800] "GET /wp-json/wp/v2/pages/123 HTTP/1.1" 200 25721 "https://bfcg.com.au/wp-json/wp/v2/pages/123" "Mozilla/5.0 (Linux; Android 7.0; BRAVIS X500) AppleWebKit/537.36 (KHTML, like Gecko) Chrome/81.0.4044.117 Mobile Safari/537.36"
178.20.55.16 - - [05/Apr/2026:22:46:01 +0800] "GET /xmlrpc.php?rsd HTTP/1.1" 200 780 "https://bfcg.com.au/xmlrpc.php?rsd" "Mozilla/5.0 (Linux; Android 7.0; BRAVIS X500) AppleWebKit/537.36 (KHTML, like Gecko) Chrome/81.0.4044.117 Mobile Safari/537.36"
103.4.122.14 - - [05/Apr/2026:22:47:39 +0800] "POST /wp-cron.php?doing_wp_cron=1775400459.4471449851989746093750 HTTP/1.1" 200 20 "-" "WordPress/6.9.4; https://bfcg.com.au"
5.80.143.183 - - [05/Apr/2026:22:47:38 +0800] "GET /2020/10/05/welcome/ HTTP/1.1" 200 7295 "-" "Mozilla/5.0 (Windows; U; Windows NT 6.0) AppleWebKit/534.8.7 (KHTML, like Gecko) Version/5.0.5 Safari/534.8.7"
103.4.122.14 - - [05/Apr/2026:22:54:49 +0800] "POST /wp-cron.php?doing_wp_cron=1775400889.1574800014495849609375 HTTP/1.1" 200 20 "-" "WordPress/6.9.4; https://bfcg.com.au"
114.119.139.207 - - [05/Apr/2026:22:54:48 +0800] "GET /docs/employee-resources/scheduled-maintenance/service-sheets HTTP/1.1" 301 20 "https://bfcg.com.au/docs/employee-resources/scheduled-maintenance/250hr-service-mack-truck" "Mozilla/5.0 (Linux; Android 7.0;) AppleWebKit/537.36 (KHTML, like Gecko) Mobile Safari/537.36 (compatible; PetalBot;+https://webmaster.petalsearch.com/site/petalbot)"
103.4.122.14 - - [05/Apr/2026:22:57:31 +0800] "POST /wp-cron.php?doing_wp_cron=1775401050.9651091098785400390625 HTTP/1.1" 200 20 "-" "WordPress/6.9.4; https://bfcg.com.au"
114.119.146.37 - - [05/Apr/2026:22:57:30 +0800] "GET /about/ HTTP/1.1" 200 9181 "http://bfcg.com.au/" "Mozilla/5.0 (Linux; Android 7.0;) AppleWebKit/537.36 (KHTML, like Gecko) Mobile Safari/537.36 (compatible; PetalBot;+https://webmaster.petalsearch.com/site/petalbot)"
103.4.122.14 - - [05/Apr/2026:23:01:03 +0800] "POST /wp-cron.php?doing_wp_cron=1775401263.1475849151611328125000 HTTP/1.1" 200 20 "-" "WordPress/6.9.4; https://bfcg.com.au"
104.210.140.129 - - [05/Apr/2026:23:01:02 +0800] "GET /robots.txt HTTP/1.1" 200 108 "-" "Mozilla/5.0 (Macintosh; Intel Mac OS X 10_15_7) AppleWebKit/537.36 (KHTML, like Gecko) Chrome/131.0.0.0 Safari/537.36; compatible; OAI-SearchBot/1.0; +https://openai.com/searchbot"
103.4.122.14 - - [05/Apr/2026:23:08:43 +0800] "POST /wp-cron.php?doing_wp_cron=1775401723.3995530605316162109375 HTTP/1.1" 200 20 "-" "WordPress/6.9.4; https://bfcg.com.au"
114.119.133.1 - - [05/Apr/2026:23:08:42 +0800] "GET /docs/employee-resources/health-saftey/maintenance HTTP/1.1" 301 20 "https://bfcg.com.au/docs/employee-resources/scheduled-maintenance/250hr-service-mack-truck" "Mozilla/5.0 (Linux; Android 7.0;) AppleWebKit/537.36 (KHTML, like Gecko) Mobile Safari/537.36 (compatible; PetalBot;+https://webmaster.petalsearch.com/site/petalbot)"
