16.148.178.62 - - [03/Apr/2026:06:49:00 +0800] "GET /?fbclid=IwZXh0bgNhZW0CMTEAc3J0YwZhcHBfaWQMMjU2MjgxMDQwNTU4AAEelJFeHOF9icemPVW36juXUM5Fd7MgcyPgSsYUTmi9b293PfJ8HFtcf4Fnt6M_aem_Zv3H5tkGnar0Ic8bZZHkwg HTTP/1.1" 301 20 "https://www.facebook.com/" "Mozilla/5.0 (Windows NT 10.0; Win64; x64) AppleWebKit/537.36 (KHTML, like Gecko) Chrome/139.0.0.0 Safari/537.36"
184.33.95.203 - - [03/Apr/2026:06:49:00 +0800] "GET /?fbclid=IwZXh0bgNhZW0CMTEAc3J0YwZhcHBfaWQMMjU2MjgxMDQwNTU4AAEeGXxbVP4NDMZCYes_lYEvPMLsg_-9HzXe9FYWDcKTHSo2i306eOc8TF2lG9Q_aem_61eK_FNWnQ-7xq0Q7WM_YQ HTTP/1.1" 301 20 "https://www.facebook.com/" "Mozilla/5.0 (Windows NT 10.0; Win64; x64) AppleWebKit/537.36 (KHTML, like Gecko) Chrome/139.0.0.0 Safari/537.36"
66.220.149.53 - - [03/Apr/2026:06:49:00 +0800] "GET /?fbclid=IwZXh0bgNhZW0CMTEAc3J0YwZhcHBfaWQMMjU2MjgxMDQwNTU4AAEeFKaaM6KEx8gsPYf3WFVRIHi1peF_dCSQeFa7l5bK3NRM69mov4F03wylmtI_aem_VCXNWeGYXZaN1Ocn6QGHmw HTTP/1.1" 301 20 "http://m.facebook.com" "Mozilla/5.0 (Linux; Android 10; K) AppleWebKit/537.36 (KHTML, like Gecko) Chrome/146.0.0.0 Mobile Safari/537.36"
54.187.69.117 - - [03/Apr/2026:06:49:00 +0800] "GET /?fbclid=IwZXh0bgNhZW0CMTEAc3J0YwZhcHBfaWQMMjU2MjgxMDQwNTU4AAEe0vtwlaeznhrh46raw5sFZlcwQRPFFbjQ3Fob6OP-w7LYimPkzCBvSEnJ3Hw_aem_7kKo9d6503yem2eospQaPg HTTP/1.1" 301 20 "https://www.facebook.com/" "Mozilla/5.0 (Windows NT 10.0; Win64; x64) AppleWebKit/537.36 (KHTML, like Gecko) Chrome/139.0.0.0 Safari/537.36"
173.252.127.11 - - [03/Apr/2026:06:49:00 +0800] "GET /?fbclid=IwZXh0bgNhZW0CMTEAc3J0YwZhcHBfaWQMMjU2MjgxMDQwNTU4AAEe1gWOmwlbNqtTjWsNyZlCvK2HJwBuF05Zfxs3z5169kNn_PiYfLjpcvuYvFE_aem_tgvdqpe4-PwqGqUqxZ9R8Q HTTP/1.1" 301 20 "http://m.facebook.com" "Mozilla/5.0 (Linux; Android 10; K) AppleWebKit/537.36 (KHTML, like Gecko) Chrome/146.0.0.0 Mobile Safari/537.36"
34.222.129.84 - - [03/Apr/2026:06:49:00 +0800] "GET /?fbclid=IwZXh0bgNhZW0CMTEAc3J0YwZhcHBfaWQMMjU2MjgxMDQwNTU4AAEe_jhh3YSX_PwAunNQA7pUvWsayTcfvzp7lmlKEoTkhRmE4pHHtEZ4xF0GGPo_aem_pnDfJCvjN3RRdk44chi1qQ HTTP/1.1" 301 20 "https://www.facebook.com/" "Mozilla/5.0 (Windows NT 10.0; Win64; x64) AppleWebKit/537.36 (KHTML, like Gecko) Chrome/139.0.0.0 Safari/537.36"
173.252.87.2 - - [03/Apr/2026:06:49:00 +0800] "GET /?fbclid=IwZXh0bgNhZW0CMTEAc3J0YwZhcHBfaWQMMjU2MjgxMDQwNTU4AAEe_QDmvwZP3TyYLmdxTYZG8m5YHRKMKEqa-2L2GC5SLJCnbTiTp2LmF5jxPcc_aem_5QOE60Iie1juvTS0fn1nfQ HTTP/1.1" 301 20 "http://m.facebook.com" "Mozilla/5.0 (Linux; Android 10; K) AppleWebKit/537.36 (KHTML, like Gecko) Chrome/146.0.0.0 Mobile Safari/537.36"
34.212.31.226 - - [03/Apr/2026:06:49:00 +0800] "GET /?fbclid=IwZXh0bgNhZW0CMTEAc3J0YwZhcHBfaWQMMjU2MjgxMDQwNTU4AAEeQ1LMzHaTua_TxaMVrwJS5xsiHXoK5OZasITU5mcAi7vpCQwZaJgior-FMbE_aem_DwtK4eSe2sJCeHJ3V7aJog HTTP/1.1" 301 20 "https://www.facebook.com/" "Mozilla/5.0 (Windows NT 10.0; Win64; x64) AppleWebKit/537.36 (KHTML, like Gecko) Chrome/139.0.0.0 Safari/537.36"
34.219.208.90 - - [03/Apr/2026:06:49:00 +0800] "GET /?fbclid=IwZXh0bgNhZW0CMTEAc3J0YwZhcHBfaWQMMjU2MjgxMDQwNTU4AAEebCH-WwZDJ2JNP3H7lUe-bPl68-pZmpJZwjVpnvgFYAKrhdfo0mYocHrhNhk_aem_Dxm5YYSG99-ZNoKBLH1OTg HTTP/1.1" 301 20 "https://www.facebook.com/" "Mozilla/5.0 (Windows NT 10.0; Win64; x64) AppleWebKit/537.36 (KHTML, like Gecko) Chrome/139.0.0.0 Safari/537.36"
173.252.95.33 - - [03/Apr/2026:06:49:01 +0800] "GET /?fbclid=IwZXh0bgNhZW0CMTEAc3J0YwZhcHBfaWQMMjU2MjgxMDQwNTU4AAEeLEU3oqmPQ5hPNn__K5085AJOkWMsG7USr9MBpF0U6gochWSS4DieGSZ_loQ_aem_U79e52WnCTV1iYOJpMMSdg HTTP/1.1" 301 20 "http://m.facebook.com" "Mozilla/5.0 (Linux; Android 10; K) AppleWebKit/537.36 (KHTML, like Gecko) Chrome/146.0.0.0 Mobile Safari/537.36"
66.220.149.32 - - [03/Apr/2026:06:49:01 +0800] "GET /?fbclid=IwZXh0bgNhZW0CMTEAc3J0YwZhcHBfaWQMMjU2MjgxMDQwNTU4AAEeSnSHBJMiPoYWSXg5-xwIPUtHaUAN_U9-EY969WpPJc5GQQEB3gPgnfaJAc4_aem_Cdl5qshngAhOtDsiD7KQHA HTTP/1.1" 200 12381 "http://m.facebook.com" "Mozilla/5.0 (Linux; Android 10; K) AppleWebKit/537.36 (KHTML, like Gecko) Chrome/146.0.0.0 Mobile Safari/537.36"
34.219.208.90 - - [03/Apr/2026:06:49:01 +0800] "GET /?fbclid=IwZXh0bgNhZW0CMTEAc3J0YwZhcHBfaWQMMjU2MjgxMDQwNTU4AAEelJFeHOF9icemPVW36juXUM5Fd7MgcyPgSsYUTmi9b293PfJ8HFtcf4Fnt6M_aem_Zv3H5tkGnar0Ic8bZZHkwg HTTP/1.1" 301 20 "https://www.facebook.com/" "Mozilla/5.0 (Windows NT 10.0; Win64; x64) AppleWebKit/537.36 (KHTML, like Gecko) Chrome/139.0.0.0 Safari/537.36"
31.13.127.49 - - [03/Apr/2026:06:49:01 +0800] "GET /?fbclid=IwZXh0bgNhZW0CMTEAc3J0YwZhcHBfaWQMMjU2MjgxMDQwNTU4AAEeJ0O-5hcjRgLE-z4vuDCi0eTdr2jPtQ9--46LBvzJmyf9rsraLjRP0E7Ez8I_aem_c3yT5AhfJxnhonrfMysEfA HTTP/1.1" 200 12381 "http://m.facebook.com" "Mozilla/5.0 (Linux; Android 10; K) AppleWebKit/537.36 (KHTML, like Gecko) Chrome/146.0.0.0 Mobile Safari/537.36"
184.33.95.203 - - [03/Apr/2026:06:49:00 +0800] "GET /?fbclid=IwZXh0bgNhZW0CMTEAc3J0YwZhcHBfaWQMMjU2MjgxMDQwNTU4AAEeM4LBXWPxVdz0C5b-oM4Fkjfs3SRFHR2FxHSRYzn2UvQ1GKW9qXuK6_dN1Z4_aem_a0c5vq-uYTkJ5ze2N33_UQ HTTP/1.1" 301 20 "https://www.facebook.com/" "Mozilla/5.0 (Windows NT 10.0; Win64; x64) AppleWebKit/537.36 (KHTML, like Gecko) Chrome/139.0.0.0 Safari/537.36"
66.220.149.4 - - [03/Apr/2026:06:49:01 +0800] "GET /?fbclid=IwZXh0bgNhZW0CMTEAc3J0YwZhcHBfaWQMMjU2MjgxMDQwNTU4AAEeFKaaM6KEx8gsPYf3WFVRIHi1peF_dCSQeFa7l5bK3NRM69mov4F03wylmtI_aem_VCXNWeGYXZaN1Ocn6QGHmw HTTP/1.1" 200 12381 "http://m.facebook.com" "Mozilla/5.0 (Linux; Android 10; K) AppleWebKit/537.36 (KHTML, like Gecko) Chrome/146.0.0.0 Mobile Safari/537.36"
66.220.149.32 - - [03/Apr/2026:06:49:02 +0800] "GET /wp-content/cache/autoptimize/css/autoptimize_single_fa01caa3511fe59492737e72ecc1ea48.css?ver=1765777674 HTTP/1.1" 200 1814 "https://bfcg.com.au/?fbclid=IwZXh0bgNhZW0CMTEAc3J0YwZhcHBfaWQMMjU2MjgxMDQwNTU4AAEeSnSHBJMiPoYWSXg5-xwIPUtHaUAN_U9-EY969WpPJc5GQQEB3gPgnfaJAc4_aem_Cdl5qshngAhOtDsiD7KQHA" "Mozilla/5.0 (Linux; Android 10; K) AppleWebKit/537.36 (KHTML, like Gecko) Chrome/146.0.0.0 Mobile Safari/537.36"
66.220.149.32 - - [03/Apr/2026:06:49:02 +0800] "GET /wp-content/cache/autoptimize/css/autoptimize_036a3e3adb14651182f90577734ef4ef.css HTTP/1.1" 200 17882 "https://bfcg.com.au/?fbclid=IwZXh0bgNhZW0CMTEAc3J0YwZhcHBfaWQMMjU2MjgxMDQwNTU4AAEeSnSHBJMiPoYWSXg5-xwIPUtHaUAN_U9-EY969WpPJc5GQQEB3gPgnfaJAc4_aem_Cdl5qshngAhOtDsiD7KQHA" "Mozilla/5.0 (Linux; Android 10; K) AppleWebKit/537.36 (KHTML, like Gecko) Chrome/146.0.0.0 Mobile Safari/537.36"
66.220.149.32 - - [03/Apr/2026:06:49:02 +0800] "GET /wp-includes/js/dist/hooks.min.js?ver=dd5603f07f9220ed27f1 HTTP/1.1" 200 1941 "https://bfcg.com.au/?fbclid=IwZXh0bgNhZW0CMTEAc3J0YwZhcHBfaWQMMjU2MjgxMDQwNTU4AAEeSnSHBJMiPoYWSXg5-xwIPUtHaUAN_U9-EY969WpPJc5GQQEB3gPgnfaJAc4_aem_Cdl5qshngAhOtDsiD7KQHA" "Mozilla/5.0 (Linux; Android 10; K) AppleWebKit/537.36 (KHTML, like Gecko) Chrome/146.0.0.0 Mobile Safari/537.36"
173.252.87.10 - - [03/Apr/2026:06:49:02 +0800] "GET /?fbclid=IwZXh0bgNhZW0CMTEAc3J0YwZhcHBfaWQMMjU2MjgxMDQwNTU4AAEe_QDmvwZP3TyYLmdxTYZG8m5YHRKMKEqa-2L2GC5SLJCnbTiTp2LmF5jxPcc_aem_5QOE60Iie1juvTS0fn1nfQ HTTP/1.1" 200 12381 "http://m.facebook.com" "Mozilla/5.0 (Linux; Android 10; K) AppleWebKit/537.36 (KHTML, like Gecko) Chrome/146.0.0.0 Mobile Safari/537.36"
173.252.95.13 - - [03/Apr/2026:06:49:02 +0800] "GET /?fbclid=IwZXh0bgNhZW0CMTEAc3J0YwZhcHBfaWQMMjU2MjgxMDQwNTU4AAEeLEU3oqmPQ5hPNn__K5085AJOkWMsG7USr9MBpF0U6gochWSS4DieGSZ_loQ_aem_U79e52WnCTV1iYOJpMMSdg HTTP/1.1" 200 12381 "http://m.facebook.com" "Mozilla/5.0 (Linux; Android 10; K) AppleWebKit/537.36 (KHTML, like Gecko) Chrome/146.0.0.0 Mobile Safari/537.36"
66.220.149.32 - - [03/Apr/2026:06:49:02 +0800] "GET /wp-content/uploads/2020/10/LT160.jpg HTTP/1.1" 200 112143 "https://bfcg.com.au/?fbclid=IwZXh0bgNhZW0CMTEAc3J0YwZhcHBfaWQMMjU2MjgxMDQwNTU4AAEeSnSHBJMiPoYWSXg5-xwIPUtHaUAN_U9-EY969WpPJc5GQQEB3gPgnfaJAc4_aem_Cdl5qshngAhOtDsiD7KQHA" "Mozilla/5.0 (Linux; Android 10; K) AppleWebKit/537.36 (KHTML, like Gecko) Chrome/146.0.0.0 Mobile Safari/537.36"
66.220.149.32 - - [03/Apr/2026:06:49:03 +0800] "GET /wp-includes/js/dist/i18n.min.js?ver=c26c3dc7bed366793375 HTTP/1.1" 200 2229 "https://bfcg.com.au/?fbclid=IwZXh0bgNhZW0CMTEAc3J0YwZhcHBfaWQMMjU2MjgxMDQwNTU4AAEeSnSHBJMiPoYWSXg5-xwIPUtHaUAN_U9-EY969WpPJc5GQQEB3gPgnfaJAc4_aem_Cdl5qshngAhOtDsiD7KQHA" "Mozilla/5.0 (Linux; Android 10; K) AppleWebKit/537.36 (KHTML, like Gecko) Chrome/146.0.0.0 Mobile Safari/537.36"
31.13.127.49 - - [03/Apr/2026:06:49:03 +0800] "GET /wp-content/cache/autoptimize/css/autoptimize_single_fa01caa3511fe59492737e72ecc1ea48.css?ver=1765777674 HTTP/1.1" 200 1814 "https://bfcg.com.au/?fbclid=IwZXh0bgNhZW0CMTEAc3J0YwZhcHBfaWQMMjU2MjgxMDQwNTU4AAEeJ0O-5hcjRgLE-z4vuDCi0eTdr2jPtQ9--46LBvzJmyf9rsraLjRP0E7Ez8I_aem_c3yT5AhfJxnhonrfMysEfA" "Mozilla/5.0 (Linux; Android 10; K) AppleWebKit/537.36 (KHTML, like Gecko) Chrome/146.0.0.0 Mobile Safari/537.36"
31.13.127.49 - - [03/Apr/2026:06:49:03 +0800] "GET /wp-content/cache/autoptimize/css/autoptimize_036a3e3adb14651182f90577734ef4ef.css HTTP/1.1" 200 17882 "https://bfcg.com.au/?fbclid=IwZXh0bgNhZW0CMTEAc3J0YwZhcHBfaWQMMjU2MjgxMDQwNTU4AAEeJ0O-5hcjRgLE-z4vuDCi0eTdr2jPtQ9--46LBvzJmyf9rsraLjRP0E7Ez8I_aem_c3yT5AhfJxnhonrfMysEfA" "Mozilla/5.0 (Linux; Android 10; K) AppleWebKit/537.36 (KHTML, like Gecko) Chrome/146.0.0.0 Mobile Safari/537.36"
66.220.149.4 - - [03/Apr/2026:06:49:03 +0800] "GET /wp-content/cache/autoptimize/css/autoptimize_single_fa01caa3511fe59492737e72ecc1ea48.css?ver=1765777674 HTTP/1.1" 200 1814 "https://bfcg.com.au/?fbclid=IwZXh0bgNhZW0CMTEAc3J0YwZhcHBfaWQMMjU2MjgxMDQwNTU4AAEeFKaaM6KEx8gsPYf3WFVRIHi1peF_dCSQeFa7l5bK3NRM69mov4F03wylmtI_aem_VCXNWeGYXZaN1Ocn6QGHmw" "Mozilla/5.0 (Linux; Android 10; K) AppleWebKit/537.36 (KHTML, like Gecko) Chrome/146.0.0.0 Mobile Safari/537.36"
66.220.149.4 - - [03/Apr/2026:06:49:03 +0800] "GET /wp-content/cache/autoptimize/css/autoptimize_036a3e3adb14651182f90577734ef4ef.css HTTP/1.1" 200 17882 "https://bfcg.com.au/?fbclid=IwZXh0bgNhZW0CMTEAc3J0YwZhcHBfaWQMMjU2MjgxMDQwNTU4AAEeFKaaM6KEx8gsPYf3WFVRIHi1peF_dCSQeFa7l5bK3NRM69mov4F03wylmtI_aem_VCXNWeGYXZaN1Ocn6QGHmw" "Mozilla/5.0 (Linux; Android 10; K) AppleWebKit/537.36 (KHTML, like Gecko) Chrome/146.0.0.0 Mobile Safari/537.36"
173.252.127.10 - - [03/Apr/2026:06:49:02 +0800] "GET /?fbclid=IwZXh0bgNhZW0CMTEAc3J0YwZhcHBfaWQMMjU2MjgxMDQwNTU4AAEe1gWOmwlbNqtTjWsNyZlCvK2HJwBuF05Zfxs3z5169kNn_PiYfLjpcvuYvFE_aem_tgvdqpe4-PwqGqUqxZ9R8Q HTTP/1.1" 200 12381 "http://m.facebook.com" "Mozilla/5.0 (Linux; Android 10; K) AppleWebKit/537.36 (KHTML, like Gecko) Chrome/146.0.0.0 Mobile Safari/537.36"
54.187.69.117 - - [03/Apr/2026:06:49:02 +0800] "GET /?fbclid=IwZXh0bgNhZW0CMTEAc3J0YwZhcHBfaWQMMjU2MjgxMDQwNTU4AAEe0vtwlaeznhrh46raw5sFZlcwQRPFFbjQ3Fob6OP-w7LYimPkzCBvSEnJ3Hw_aem_7kKo9d6503yem2eospQaPg HTTP/1.1" 301 20 "https://www.facebook.com/" "Mozilla/5.0 (Windows NT 10.0; Win64; x64) AppleWebKit/537.36 (KHTML, like Gecko) Chrome/139.0.0.0 Safari/537.36"
66.220.149.4 - - [03/Apr/2026:06:49:03 +0800] "GET /wp-includes/js/dist/hooks.min.js?ver=dd5603f07f9220ed27f1 HTTP/1.1" 200 1941 "https://bfcg.com.au/?fbclid=IwZXh0bgNhZW0CMTEAc3J0YwZhcHBfaWQMMjU2MjgxMDQwNTU4AAEeFKaaM6KEx8gsPYf3WFVRIHi1peF_dCSQeFa7l5bK3NRM69mov4F03wylmtI_aem_VCXNWeGYXZaN1Ocn6QGHmw" "Mozilla/5.0 (Linux; Android 10; K) AppleWebKit/537.36 (KHTML, like Gecko) Chrome/146.0.0.0 Mobile Safari/537.36"
31.13.127.49 - - [03/Apr/2026:06:49:03 +0800] "GET /wp-includes/js/dist/hooks.min.js?ver=dd5603f07f9220ed27f1 HTTP/1.1" 200 1941 "https://bfcg.com.au/?fbclid=IwZXh0bgNhZW0CMTEAc3J0YwZhcHBfaWQMMjU2MjgxMDQwNTU4AAEeJ0O-5hcjRgLE-z4vuDCi0eTdr2jPtQ9--46LBvzJmyf9rsraLjRP0E7Ez8I_aem_c3yT5AhfJxnhonrfMysEfA" "Mozilla/5.0 (Linux; Android 10; K) AppleWebKit/537.36 (KHTML, like Gecko) Chrome/146.0.0.0 Mobile Safari/537.36"
54.187.69.117 - - [03/Apr/2026:06:49:03 +0800] "GET /?fbclid=IwZXh0bgNhZW0CMTEAc3J0YwZhcHBfaWQMMjU2MjgxMDQwNTU4AAEe_jhh3YSX_PwAunNQA7pUvWsayTcfvzp7lmlKEoTkhRmE4pHHtEZ4xF0GGPo_aem_pnDfJCvjN3RRdk44chi1qQ HTTP/1.1" 301 20 "https://www.facebook.com/" "Mozilla/5.0 (Windows NT 10.0; Win64; x64) AppleWebKit/537.36 (KHTML, like Gecko) Chrome/139.0.0.0 Safari/537.36"
66.220.149.4 - - [03/Apr/2026:06:49:03 +0800] "GET /wp-content/uploads/2020/10/LT160.jpg HTTP/1.1" 200 112143 "https://bfcg.com.au/?fbclid=IwZXh0bgNhZW0CMTEAc3J0YwZhcHBfaWQMMjU2MjgxMDQwNTU4AAEeFKaaM6KEx8gsPYf3WFVRIHi1peF_dCSQeFa7l5bK3NRM69mov4F03wylmtI_aem_VCXNWeGYXZaN1Ocn6QGHmw" "Mozilla/5.0 (Linux; Android 10; K) AppleWebKit/537.36 (KHTML, like Gecko) Chrome/146.0.0.0 Mobile Safari/537.36"
54.187.69.117 - - [03/Apr/2026:06:49:03 +0800] "GET /?fbclid=IwZXh0bgNhZW0CMTEAc3J0YwZhcHBfaWQMMjU2MjgxMDQwNTU4AAEeGXxbVP4NDMZCYes_lYEvPMLsg_-9HzXe9FYWDcKTHSo2i306eOc8TF2lG9Q_aem_61eK_FNWnQ-7xq0Q7WM_YQ HTTP/1.1" 301 20 "https://www.facebook.com/" "Mozilla/5.0 (Windows NT 10.0; Win64; x64) AppleWebKit/537.36 (KHTML, like Gecko) Chrome/139.0.0.0 Safari/537.36"
66.220.149.4 - - [03/Apr/2026:06:49:03 +0800] "GET /wp-includes/js/dist/i18n.min.js?ver=c26c3dc7bed366793375 HTTP/1.1" 200 2229 "https://bfcg.com.au/?fbclid=IwZXh0bgNhZW0CMTEAc3J0YwZhcHBfaWQMMjU2MjgxMDQwNTU4AAEeFKaaM6KEx8gsPYf3WFVRIHi1peF_dCSQeFa7l5bK3NRM69mov4F03wylmtI_aem_VCXNWeGYXZaN1Ocn6QGHmw" "Mozilla/5.0 (Linux; Android 10; K) AppleWebKit/537.36 (KHTML, like Gecko) Chrome/146.0.0.0 Mobile Safari/537.36"
31.13.127.49 - - [03/Apr/2026:06:49:03 +0800] "GET /wp-content/uploads/2020/10/LT160.jpg HTTP/1.1" 200 112143 "https://bfcg.com.au/?fbclid=IwZXh0bgNhZW0CMTEAc3J0YwZhcHBfaWQMMjU2MjgxMDQwNTU4AAEeJ0O-5hcjRgLE-z4vuDCi0eTdr2jPtQ9--46LBvzJmyf9rsraLjRP0E7Ez8I_aem_c3yT5AhfJxnhonrfMysEfA" "Mozilla/5.0 (Linux; Android 10; K) AppleWebKit/537.36 (KHTML, like Gecko) Chrome/146.0.0.0 Mobile Safari/537.36"
31.13.127.49 - - [03/Apr/2026:06:49:03 +0800] "GET /wp-includes/js/dist/i18n.min.js?ver=c26c3dc7bed366793375 HTTP/1.1" 200 2229 "https://bfcg.com.au/?fbclid=IwZXh0bgNhZW0CMTEAc3J0YwZhcHBfaWQMMjU2MjgxMDQwNTU4AAEeJ0O-5hcjRgLE-z4vuDCi0eTdr2jPtQ9--46LBvzJmyf9rsraLjRP0E7Ez8I_aem_c3yT5AhfJxnhonrfMysEfA" "Mozilla/5.0 (Linux; Android 10; K) AppleWebKit/537.36 (KHTML, like Gecko) Chrome/146.0.0.0 Mobile Safari/537.36"
66.220.149.32 - - [03/Apr/2026:06:49:03 +0800] "GET /wp-content/themes/generatepress/assets/fonts/generatepress.woff2 HTTP/1.1" 200 1264 "https://bfcg.com.au/wp-content/cache/autoptimize/css/autoptimize_036a3e3adb14651182f90577734ef4ef.css" "Mozilla/5.0 (Linux; Android 10; K) AppleWebKit/537.36 (KHTML, like Gecko) Chrome/146.0.0.0 Mobile Safari/537.36"
173.252.87.10 - - [03/Apr/2026:06:49:04 +0800] "GET /wp-content/cache/autoptimize/css/autoptimize_single_fa01caa3511fe59492737e72ecc1ea48.css?ver=1765777674 HTTP/1.1" 200 1814 "https://bfcg.com.au/?fbclid=IwZXh0bgNhZW0CMTEAc3J0YwZhcHBfaWQMMjU2MjgxMDQwNTU4AAEe_QDmvwZP3TyYLmdxTYZG8m5YHRKMKEqa-2L2GC5SLJCnbTiTp2LmF5jxPcc_aem_5QOE60Iie1juvTS0fn1nfQ" "Mozilla/5.0 (Linux; Android 10; K) AppleWebKit/537.36 (KHTML, like Gecko) Chrome/146.0.0.0 Mobile Safari/537.36"
173.252.87.10 - - [03/Apr/2026:06:49:04 +0800] "GET /wp-content/cache/autoptimize/css/autoptimize_036a3e3adb14651182f90577734ef4ef.css HTTP/1.1" 200 17882 "https://bfcg.com.au/?fbclid=IwZXh0bgNhZW0CMTEAc3J0YwZhcHBfaWQMMjU2MjgxMDQwNTU4AAEe_QDmvwZP3TyYLmdxTYZG8m5YHRKMKEqa-2L2GC5SLJCnbTiTp2LmF5jxPcc_aem_5QOE60Iie1juvTS0fn1nfQ" "Mozilla/5.0 (Linux; Android 10; K) AppleWebKit/537.36 (KHTML, like Gecko) Chrome/146.0.0.0 Mobile Safari/537.36"
173.252.95.13 - - [03/Apr/2026:06:49:04 +0800] "GET /wp-content/cache/autoptimize/css/autoptimize_single_fa01caa3511fe59492737e72ecc1ea48.css?ver=1765777674 HTTP/1.1" 200 1814 "https://bfcg.com.au/?fbclid=IwZXh0bgNhZW0CMTEAc3J0YwZhcHBfaWQMMjU2MjgxMDQwNTU4AAEeLEU3oqmPQ5hPNn__K5085AJOkWMsG7USr9MBpF0U6gochWSS4DieGSZ_loQ_aem_U79e52WnCTV1iYOJpMMSdg" "Mozilla/5.0 (Linux; Android 10; K) AppleWebKit/537.36 (KHTML, like Gecko) Chrome/146.0.0.0 Mobile Safari/537.36"
173.252.95.13 - - [03/Apr/2026:06:49:04 +0800] "GET /wp-content/cache/autoptimize/css/autoptimize_036a3e3adb14651182f90577734ef4ef.css HTTP/1.1" 200 17882 "https://bfcg.com.au/?fbclid=IwZXh0bgNhZW0CMTEAc3J0YwZhcHBfaWQMMjU2MjgxMDQwNTU4AAEeLEU3oqmPQ5hPNn__K5085AJOkWMsG7USr9MBpF0U6gochWSS4DieGSZ_loQ_aem_U79e52WnCTV1iYOJpMMSdg" "Mozilla/5.0 (Linux; Android 10; K) AppleWebKit/537.36 (KHTML, like Gecko) Chrome/146.0.0.0 Mobile Safari/537.36"
173.252.87.10 - - [03/Apr/2026:06:49:04 +0800] "GET /wp-includes/js/dist/hooks.min.js?ver=dd5603f07f9220ed27f1 HTTP/1.1" 200 1941 "https://bfcg.com.au/?fbclid=IwZXh0bgNhZW0CMTEAc3J0YwZhcHBfaWQMMjU2MjgxMDQwNTU4AAEe_QDmvwZP3TyYLmdxTYZG8m5YHRKMKEqa-2L2GC5SLJCnbTiTp2LmF5jxPcc_aem_5QOE60Iie1juvTS0fn1nfQ" "Mozilla/5.0 (Linux; Android 10; K) AppleWebKit/537.36 (KHTML, like Gecko) Chrome/146.0.0.0 Mobile Safari/537.36"
173.252.127.10 - - [03/Apr/2026:06:49:04 +0800] "GET /wp-content/cache/autoptimize/css/autoptimize_single_fa01caa3511fe59492737e72ecc1ea48.css?ver=1765777674 HTTP/1.1" 200 1814 "https://bfcg.com.au/?fbclid=IwZXh0bgNhZW0CMTEAc3J0YwZhcHBfaWQMMjU2MjgxMDQwNTU4AAEe1gWOmwlbNqtTjWsNyZlCvK2HJwBuF05Zfxs3z5169kNn_PiYfLjpcvuYvFE_aem_tgvdqpe4-PwqGqUqxZ9R8Q" "Mozilla/5.0 (Linux; Android 10; K) AppleWebKit/537.36 (KHTML, like Gecko) Chrome/146.0.0.0 Mobile Safari/537.36"
173.252.127.10 - - [03/Apr/2026:06:49:04 +0800] "GET /wp-content/cache/autoptimize/css/autoptimize_036a3e3adb14651182f90577734ef4ef.css HTTP/1.1" 200 17882 "https://bfcg.com.au/?fbclid=IwZXh0bgNhZW0CMTEAc3J0YwZhcHBfaWQMMjU2MjgxMDQwNTU4AAEe1gWOmwlbNqtTjWsNyZlCvK2HJwBuF05Zfxs3z5169kNn_PiYfLjpcvuYvFE_aem_tgvdqpe4-PwqGqUqxZ9R8Q" "Mozilla/5.0 (Linux; Android 10; K) AppleWebKit/537.36 (KHTML, like Gecko) Chrome/146.0.0.0 Mobile Safari/537.36"
173.252.95.13 - - [03/Apr/2026:06:49:04 +0800] "GET /wp-includes/js/dist/hooks.min.js?ver=dd5603f07f9220ed27f1 HTTP/1.1" 200 1941 "https://bfcg.com.au/?fbclid=IwZXh0bgNhZW0CMTEAc3J0YwZhcHBfaWQMMjU2MjgxMDQwNTU4AAEeLEU3oqmPQ5hPNn__K5085AJOkWMsG7USr9MBpF0U6gochWSS4DieGSZ_loQ_aem_U79e52WnCTV1iYOJpMMSdg" "Mozilla/5.0 (Linux; Android 10; K) AppleWebKit/537.36 (KHTML, like Gecko) Chrome/146.0.0.0 Mobile Safari/537.36"
66.220.149.32 - - [03/Apr/2026:06:49:04 +0800] "GET /wp-includes/js/dist/vendor/wp-polyfill.min.js?ver=3.15.0 HTTP/1.1" 200 11852 "https://bfcg.com.au/?fbclid=IwZXh0bgNhZW0CMTEAc3J0YwZhcHBfaWQMMjU2MjgxMDQwNTU4AAEeSnSHBJMiPoYWSXg5-xwIPUtHaUAN_U9-EY969WpPJc5GQQEB3gPgnfaJAc4_aem_Cdl5qshngAhOtDsiD7KQHA" "Mozilla/5.0 (Linux; Android 10; K) AppleWebKit/537.36 (KHTML, like Gecko) Chrome/146.0.0.0 Mobile Safari/537.36"
66.220.149.32 - - [03/Apr/2026:06:49:04 +0800] "GET /wp-includes/js/jquery/jquery.min.js?ver=3.7.1 HTTP/1.1" 200 30368 "https://bfcg.com.au/?fbclid=IwZXh0bgNhZW0CMTEAc3J0YwZhcHBfaWQMMjU2MjgxMDQwNTU4AAEeSnSHBJMiPoYWSXg5-xwIPUtHaUAN_U9-EY969WpPJc5GQQEB3gPgnfaJAc4_aem_Cdl5qshngAhOtDsiD7KQHA" "Mozilla/5.0 (Linux; Android 10; K) AppleWebKit/537.36 (KHTML, like Gecko) Chrome/146.0.0.0 Mobile Safari/537.36"
173.252.87.10 - - [03/Apr/2026:06:49:04 +0800] "GET /wp-includes/js/dist/i18n.min.js?ver=c26c3dc7bed366793375 HTTP/1.1" 200 2229 "https://bfcg.com.au/?fbclid=IwZXh0bgNhZW0CMTEAc3J0YwZhcHBfaWQMMjU2MjgxMDQwNTU4AAEe_QDmvwZP3TyYLmdxTYZG8m5YHRKMKEqa-2L2GC5SLJCnbTiTp2LmF5jxPcc_aem_5QOE60Iie1juvTS0fn1nfQ" "Mozilla/5.0 (Linux; Android 10; K) AppleWebKit/537.36 (KHTML, like Gecko) Chrome/146.0.0.0 Mobile Safari/537.36"
66.220.149.4 - - [03/Apr/2026:06:49:04 +0800] "GET /wp-content/themes/generatepress/assets/fonts/generatepress.woff2 HTTP/1.1" 200 1264 "https://bfcg.com.au/wp-content/cache/autoptimize/css/autoptimize_036a3e3adb14651182f90577734ef4ef.css" "Mozilla/5.0 (Linux; Android 10; K) AppleWebKit/537.36 (KHTML, like Gecko) Chrome/146.0.0.0 Mobile Safari/537.36"
173.252.127.10 - - [03/Apr/2026:06:49:04 +0800] "GET /wp-includes/js/dist/hooks.min.js?ver=dd5603f07f9220ed27f1 HTTP/1.1" 200 1941 "https://bfcg.com.au/?fbclid=IwZXh0bgNhZW0CMTEAc3J0YwZhcHBfaWQMMjU2MjgxMDQwNTU4AAEe1gWOmwlbNqtTjWsNyZlCvK2HJwBuF05Zfxs3z5169kNn_PiYfLjpcvuYvFE_aem_tgvdqpe4-PwqGqUqxZ9R8Q" "Mozilla/5.0 (Linux; Android 10; K) AppleWebKit/537.36 (KHTML, like Gecko) Chrome/146.0.0.0 Mobile Safari/537.36"
173.252.95.13 - - [03/Apr/2026:06:49:04 +0800] "GET /wp-includes/js/dist/i18n.min.js?ver=c26c3dc7bed366793375 HTTP/1.1" 200 2229 "https://bfcg.com.au/?fbclid=IwZXh0bgNhZW0CMTEAc3J0YwZhcHBfaWQMMjU2MjgxMDQwNTU4AAEeLEU3oqmPQ5hPNn__K5085AJOkWMsG7USr9MBpF0U6gochWSS4DieGSZ_loQ_aem_U79e52WnCTV1iYOJpMMSdg" "Mozilla/5.0 (Linux; Android 10; K) AppleWebKit/537.36 (KHTML, like Gecko) Chrome/146.0.0.0 Mobile Safari/537.36"
173.252.87.10 - - [03/Apr/2026:06:49:04 +0800] "GET /wp-content/uploads/2020/10/LT160.jpg HTTP/1.1" 200 112143 "https://bfcg.com.au/?fbclid=IwZXh0bgNhZW0CMTEAc3J0YwZhcHBfaWQMMjU2MjgxMDQwNTU4AAEe_QDmvwZP3TyYLmdxTYZG8m5YHRKMKEqa-2L2GC5SLJCnbTiTp2LmF5jxPcc_aem_5QOE60Iie1juvTS0fn1nfQ" "Mozilla/5.0 (Linux; Android 10; K) AppleWebKit/537.36 (KHTML, like Gecko) Chrome/146.0.0.0 Mobile Safari/537.36"
173.252.127.10 - - [03/Apr/2026:06:49:04 +0800] "GET /wp-includes/js/dist/i18n.min.js?ver=c26c3dc7bed366793375 HTTP/1.1" 200 2229 "https://bfcg.com.au/?fbclid=IwZXh0bgNhZW0CMTEAc3J0YwZhcHBfaWQMMjU2MjgxMDQwNTU4AAEe1gWOmwlbNqtTjWsNyZlCvK2HJwBuF05Zfxs3z5169kNn_PiYfLjpcvuYvFE_aem_tgvdqpe4-PwqGqUqxZ9R8Q" "Mozilla/5.0 (Linux; Android 10; K) AppleWebKit/537.36 (KHTML, like Gecko) Chrome/146.0.0.0 Mobile Safari/537.36"
173.252.95.13 - - [03/Apr/2026:06:49:04 +0800] "GET /wp-content/uploads/2020/10/LT160.jpg HTTP/1.1" 200 112143 "https://bfcg.com.au/?fbclid=IwZXh0bgNhZW0CMTEAc3J0YwZhcHBfaWQMMjU2MjgxMDQwNTU4AAEeLEU3oqmPQ5hPNn__K5085AJOkWMsG7USr9MBpF0U6gochWSS4DieGSZ_loQ_aem_U79e52WnCTV1iYOJpMMSdg" "Mozilla/5.0 (Linux; Android 10; K) AppleWebKit/537.36 (KHTML, like Gecko) Chrome/146.0.0.0 Mobile Safari/537.36"
31.13.127.49 - - [03/Apr/2026:06:49:04 +0800] "GET /wp-content/themes/generatepress/assets/fonts/generatepress.woff2 HTTP/1.1" 200 1264 "https://bfcg.com.au/wp-content/cache/autoptimize/css/autoptimize_036a3e3adb14651182f90577734ef4ef.css" "Mozilla/5.0 (Linux; Android 10; K) AppleWebKit/537.36 (KHTML, like Gecko) Chrome/146.0.0.0 Mobile Safari/537.36"
66.220.149.4 - - [03/Apr/2026:06:49:04 +0800] "GET /wp-includes/js/dist/vendor/wp-polyfill.min.js?ver=3.15.0 HTTP/1.1" 200 11852 "https://bfcg.com.au/?fbclid=IwZXh0bgNhZW0CMTEAc3J0YwZhcHBfaWQMMjU2MjgxMDQwNTU4AAEeFKaaM6KEx8gsPYf3WFVRIHi1peF_dCSQeFa7l5bK3NRM69mov4F03wylmtI_aem_VCXNWeGYXZaN1Ocn6QGHmw" "Mozilla/5.0 (Linux; Android 10; K) AppleWebKit/537.36 (KHTML, like Gecko) Chrome/146.0.0.0 Mobile Safari/537.36"
66.220.149.4 - - [03/Apr/2026:06:49:04 +0800] "GET /wp-includes/js/jquery/jquery.min.js?ver=3.7.1 HTTP/1.1" 200 30368 "https://bfcg.com.au/?fbclid=IwZXh0bgNhZW0CMTEAc3J0YwZhcHBfaWQMMjU2MjgxMDQwNTU4AAEeFKaaM6KEx8gsPYf3WFVRIHi1peF_dCSQeFa7l5bK3NRM69mov4F03wylmtI_aem_VCXNWeGYXZaN1Ocn6QGHmw" "Mozilla/5.0 (Linux; Android 10; K) AppleWebKit/537.36 (KHTML, like Gecko) Chrome/146.0.0.0 Mobile Safari/537.36"
173.252.127.10 - - [03/Apr/2026:06:49:04 +0800] "GET /wp-content/uploads/2020/10/LT160.jpg HTTP/1.1" 200 112143 "https://bfcg.com.au/?fbclid=IwZXh0bgNhZW0CMTEAc3J0YwZhcHBfaWQMMjU2MjgxMDQwNTU4AAEe1gWOmwlbNqtTjWsNyZlCvK2HJwBuF05Zfxs3z5169kNn_PiYfLjpcvuYvFE_aem_tgvdqpe4-PwqGqUqxZ9R8Q" "Mozilla/5.0 (Linux; Android 10; K) AppleWebKit/537.36 (KHTML, like Gecko) Chrome/146.0.0.0 Mobile Safari/537.36"
66.220.149.32 - - [03/Apr/2026:06:49:04 +0800] "GET /wp-content/uploads/2020/10/hero-render-small.jpg HTTP/1.1" 200 322393 "https://bfcg.com.au/wp-content/cache/autoptimize/css/autoptimize_single_fa01caa3511fe59492737e72ecc1ea48.css?ver=1765777674" "Mozilla/5.0 (Linux; Android 10; K) AppleWebKit/537.36 (KHTML, like Gecko) Chrome/146.0.0.0 Mobile Safari/537.36"
34.222.129.84 - - [03/Apr/2026:06:49:04 +0800] "GET /?fbclid=IwZXh0bgNhZW0CMTEAc3J0YwZhcHBfaWQMMjU2MjgxMDQwNTU4AAEeM4LBXWPxVdz0C5b-oM4Fkjfs3SRFHR2FxHSRYzn2UvQ1GKW9qXuK6_dN1Z4_aem_a0c5vq-uYTkJ5ze2N33_UQ HTTP/1.1" 301 20 "https://www.facebook.com/" "Mozilla/5.0 (Windows NT 10.0; Win64; x64) AppleWebKit/537.36 (KHTML, like Gecko) Chrome/139.0.0.0 Safari/537.36"
54.187.69.117 - - [03/Apr/2026:06:49:04 +0800] "GET /?fbclid=IwZXh0bgNhZW0CMTEAc3J0YwZhcHBfaWQMMjU2MjgxMDQwNTU4AAEeQ1LMzHaTua_TxaMVrwJS5xsiHXoK5OZasITU5mcAi7vpCQwZaJgior-FMbE_aem_DwtK4eSe2sJCeHJ3V7aJog HTTP/1.1" 301 20 "https://www.facebook.com/" "Mozilla/5.0 (Windows NT 10.0; Win64; x64) AppleWebKit/537.36 (KHTML, like Gecko) Chrome/139.0.0.0 Safari/537.36"
31.13.127.49 - - [03/Apr/2026:06:49:05 +0800] "GET /wp-includes/js/dist/vendor/wp-polyfill.min.js?ver=3.15.0 HTTP/1.1" 200 11852 "https://bfcg.com.au/?fbclid=IwZXh0bgNhZW0CMTEAc3J0YwZhcHBfaWQMMjU2MjgxMDQwNTU4AAEeJ0O-5hcjRgLE-z4vuDCi0eTdr2jPtQ9--46LBvzJmyf9rsraLjRP0E7Ez8I_aem_c3yT5AhfJxnhonrfMysEfA" "Mozilla/5.0 (Linux; Android 10; K) AppleWebKit/537.36 (KHTML, like Gecko) Chrome/146.0.0.0 Mobile Safari/537.36"
31.13.127.49 - - [03/Apr/2026:06:49:05 +0800] "GET /wp-includes/js/jquery/jquery.min.js?ver=3.7.1 HTTP/1.1" 200 30368 "https://bfcg.com.au/?fbclid=IwZXh0bgNhZW0CMTEAc3J0YwZhcHBfaWQMMjU2MjgxMDQwNTU4AAEeJ0O-5hcjRgLE-z4vuDCi0eTdr2jPtQ9--46LBvzJmyf9rsraLjRP0E7Ez8I_aem_c3yT5AhfJxnhonrfMysEfA" "Mozilla/5.0 (Linux; Android 10; K) AppleWebKit/537.36 (KHTML, like Gecko) Chrome/146.0.0.0 Mobile Safari/537.36"
173.252.87.10 - - [03/Apr/2026:06:49:05 +0800] "GET /wp-content/themes/generatepress/assets/fonts/generatepress.woff2 HTTP/1.1" 200 1264 "https://bfcg.com.au/wp-content/cache/autoptimize/css/autoptimize_036a3e3adb14651182f90577734ef4ef.css" "Mozilla/5.0 (Linux; Android 10; K) AppleWebKit/537.36 (KHTML, like Gecko) Chrome/146.0.0.0 Mobile Safari/537.36"
66.220.149.4 - - [03/Apr/2026:06:49:04 +0800] "GET /wp-content/uploads/2020/10/hero-render-small.jpg HTTP/1.1" 200 322393 "https://bfcg.com.au/wp-content/cache/autoptimize/css/autoptimize_single_fa01caa3511fe59492737e72ecc1ea48.css?ver=1765777674" "Mozilla/5.0 (Linux; Android 10; K) AppleWebKit/537.36 (KHTML, like Gecko) Chrome/146.0.0.0 Mobile Safari/537.36"
66.220.149.32 - - [03/Apr/2026:06:49:05 +0800] "GET /wp-content/plugins/autoptimize/classes/external/js/lazysizes.min.js?ao_version=3.1.15 HTTP/1.1" 200 4122 "https://bfcg.com.au/?fbclid=IwZXh0bgNhZW0CMTEAc3J0YwZhcHBfaWQMMjU2MjgxMDQwNTU4AAEeSnSHBJMiPoYWSXg5-xwIPUtHaUAN_U9-EY969WpPJc5GQQEB3gPgnfaJAc4_aem_Cdl5qshngAhOtDsiD7KQHA" "Mozilla/5.0 (Linux; Android 10; K) AppleWebKit/537.36 (KHTML, like Gecko) Chrome/146.0.0.0 Mobile Safari/537.36"
66.220.149.32 - - [03/Apr/2026:06:49:05 +0800] "GET /wp-content/cache/autoptimize/js/autoptimize_660f6aa917f215ee58a28a88fed9ac36.js HTTP/1.1" 200 19689 "https://bfcg.com.au/?fbclid=IwZXh0bgNhZW0CMTEAc3J0YwZhcHBfaWQMMjU2MjgxMDQwNTU4AAEeSnSHBJMiPoYWSXg5-xwIPUtHaUAN_U9-EY969WpPJc5GQQEB3gPgnfaJAc4_aem_Cdl5qshngAhOtDsiD7KQHA" "Mozilla/5.0 (Linux; Android 10; K) AppleWebKit/537.36 (KHTML, like Gecko) Chrome/146.0.0.0 Mobile Safari/537.36"
173.252.95.13 - - [03/Apr/2026:06:49:05 +0800] "GET /wp-content/themes/generatepress/assets/fonts/generatepress.woff2 HTTP/1.1" 200 1264 "https://bfcg.com.au/wp-content/cache/autoptimize/css/autoptimize_036a3e3adb14651182f90577734ef4ef.css" "Mozilla/5.0 (Linux; Android 10; K) AppleWebKit/537.36 (KHTML, like Gecko) Chrome/146.0.0.0 Mobile Safari/537.36"
173.252.127.10 - - [03/Apr/2026:06:49:05 +0800] "GET /wp-content/themes/generatepress/assets/fonts/generatepress.woff2 HTTP/1.1" 200 1264 "https://bfcg.com.au/wp-content/cache/autoptimize/css/autoptimize_036a3e3adb14651182f90577734ef4ef.css" "Mozilla/5.0 (Linux; Android 10; K) AppleWebKit/537.36 (KHTML, like Gecko) Chrome/146.0.0.0 Mobile Safari/537.36"
173.252.87.10 - - [03/Apr/2026:06:49:05 +0800] "GET /wp-includes/js/dist/vendor/wp-polyfill.min.js?ver=3.15.0 HTTP/1.1" 200 11852 "https://bfcg.com.au/?fbclid=IwZXh0bgNhZW0CMTEAc3J0YwZhcHBfaWQMMjU2MjgxMDQwNTU4AAEe_QDmvwZP3TyYLmdxTYZG8m5YHRKMKEqa-2L2GC5SLJCnbTiTp2LmF5jxPcc_aem_5QOE60Iie1juvTS0fn1nfQ" "Mozilla/5.0 (Linux; Android 10; K) AppleWebKit/537.36 (KHTML, like Gecko) Chrome/146.0.0.0 Mobile Safari/537.36"
173.252.87.10 - - [03/Apr/2026:06:49:05 +0800] "GET /wp-includes/js/jquery/jquery.min.js?ver=3.7.1 HTTP/1.1" 200 30368 "https://bfcg.com.au/?fbclid=IwZXh0bgNhZW0CMTEAc3J0YwZhcHBfaWQMMjU2MjgxMDQwNTU4AAEe_QDmvwZP3TyYLmdxTYZG8m5YHRKMKEqa-2L2GC5SLJCnbTiTp2LmF5jxPcc_aem_5QOE60Iie1juvTS0fn1nfQ" "Mozilla/5.0 (Linux; Android 10; K) AppleWebKit/537.36 (KHTML, like Gecko) Chrome/146.0.0.0 Mobile Safari/537.36"
173.252.95.13 - - [03/Apr/2026:06:49:05 +0800] "GET /wp-includes/js/dist/vendor/wp-polyfill.min.js?ver=3.15.0 HTTP/1.1" 200 11852 "https://bfcg.com.au/?fbclid=IwZXh0bgNhZW0CMTEAc3J0YwZhcHBfaWQMMjU2MjgxMDQwNTU4AAEeLEU3oqmPQ5hPNn__K5085AJOkWMsG7USr9MBpF0U6gochWSS4DieGSZ_loQ_aem_U79e52WnCTV1iYOJpMMSdg" "Mozilla/5.0 (Linux; Android 10; K) AppleWebKit/537.36 (KHTML, like Gecko) Chrome/146.0.0.0 Mobile Safari/537.36"
173.252.95.13 - - [03/Apr/2026:06:49:05 +0800] "GET /wp-includes/js/jquery/jquery.min.js?ver=3.7.1 HTTP/1.1" 200 30368 "https://bfcg.com.au/?fbclid=IwZXh0bgNhZW0CMTEAc3J0YwZhcHBfaWQMMjU2MjgxMDQwNTU4AAEeLEU3oqmPQ5hPNn__K5085AJOkWMsG7USr9MBpF0U6gochWSS4DieGSZ_loQ_aem_U79e52WnCTV1iYOJpMMSdg" "Mozilla/5.0 (Linux; Android 10; K) AppleWebKit/537.36 (KHTML, like Gecko) Chrome/146.0.0.0 Mobile Safari/537.36"
66.220.149.4 - - [03/Apr/2026:06:49:05 +0800] "GET /wp-content/plugins/autoptimize/classes/external/js/lazysizes.min.js?ao_version=3.1.15 HTTP/1.1" 200 4122 "https://bfcg.com.au/?fbclid=IwZXh0bgNhZW0CMTEAc3J0YwZhcHBfaWQMMjU2MjgxMDQwNTU4AAEeFKaaM6KEx8gsPYf3WFVRIHi1peF_dCSQeFa7l5bK3NRM69mov4F03wylmtI_aem_VCXNWeGYXZaN1Ocn6QGHmw" "Mozilla/5.0 (Linux; Android 10; K) AppleWebKit/537.36 (KHTML, like Gecko) Chrome/146.0.0.0 Mobile Safari/537.36"
66.220.149.4 - - [03/Apr/2026:06:49:05 +0800] "GET /wp-content/cache/autoptimize/js/autoptimize_660f6aa917f215ee58a28a88fed9ac36.js HTTP/1.1" 200 19689 "https://bfcg.com.au/?fbclid=IwZXh0bgNhZW0CMTEAc3J0YwZhcHBfaWQMMjU2MjgxMDQwNTU4AAEeFKaaM6KEx8gsPYf3WFVRIHi1peF_dCSQeFa7l5bK3NRM69mov4F03wylmtI_aem_VCXNWeGYXZaN1Ocn6QGHmw" "Mozilla/5.0 (Linux; Android 10; K) AppleWebKit/537.36 (KHTML, like Gecko) Chrome/146.0.0.0 Mobile Safari/537.36"
31.13.127.49 - - [03/Apr/2026:06:49:05 +0800] "GET /wp-content/uploads/2020/10/hero-render-small.jpg HTTP/1.1" 200 322393 "https://bfcg.com.au/wp-content/cache/autoptimize/css/autoptimize_single_fa01caa3511fe59492737e72ecc1ea48.css?ver=1765777674" "Mozilla/5.0 (Linux; Android 10; K) AppleWebKit/537.36 (KHTML, like Gecko) Chrome/146.0.0.0 Mobile Safari/537.36"
173.252.127.10 - - [03/Apr/2026:06:49:06 +0800] "GET /wp-includes/js/dist/vendor/wp-polyfill.min.js?ver=3.15.0 HTTP/1.1" 200 11852 "https://bfcg.com.au/?fbclid=IwZXh0bgNhZW0CMTEAc3J0YwZhcHBfaWQMMjU2MjgxMDQwNTU4AAEe1gWOmwlbNqtTjWsNyZlCvK2HJwBuF05Zfxs3z5169kNn_PiYfLjpcvuYvFE_aem_tgvdqpe4-PwqGqUqxZ9R8Q" "Mozilla/5.0 (Linux; Android 10; K) AppleWebKit/537.36 (KHTML, like Gecko) Chrome/146.0.0.0 Mobile Safari/537.36"
173.252.127.10 - - [03/Apr/2026:06:49:06 +0800] "GET /wp-includes/js/jquery/jquery.min.js?ver=3.7.1 HTTP/1.1" 200 30368 "https://bfcg.com.au/?fbclid=IwZXh0bgNhZW0CMTEAc3J0YwZhcHBfaWQMMjU2MjgxMDQwNTU4AAEe1gWOmwlbNqtTjWsNyZlCvK2HJwBuF05Zfxs3z5169kNn_PiYfLjpcvuYvFE_aem_tgvdqpe4-PwqGqUqxZ9R8Q" "Mozilla/5.0 (Linux; Android 10; K) AppleWebKit/537.36 (KHTML, like Gecko) Chrome/146.0.0.0 Mobile Safari/537.36"
34.212.31.226 - - [03/Apr/2026:06:49:05 +0800] "GET /?fbclid=IwZXh0bgNhZW0CMTEAc3J0YwZhcHBfaWQMMjU2MjgxMDQwNTU4AAEebCH-WwZDJ2JNP3H7lUe-bPl68-pZmpJZwjVpnvgFYAKrhdfo0mYocHrhNhk_aem_Dxm5YYSG99-ZNoKBLH1OTg HTTP/1.1" 301 20 "https://www.facebook.com/" "Mozilla/5.0 (Windows NT 10.0; Win64; x64) AppleWebKit/537.36 (KHTML, like Gecko) Chrome/139.0.0.0 Safari/537.36"
173.252.87.10 - - [03/Apr/2026:06:49:05 +0800] "GET /wp-content/uploads/2020/10/hero-render-small.jpg HTTP/1.1" 200 322393 "https://bfcg.com.au/wp-content/cache/autoptimize/css/autoptimize_single_fa01caa3511fe59492737e72ecc1ea48.css?ver=1765777674" "Mozilla/5.0 (Linux; Android 10; K) AppleWebKit/537.36 (KHTML, like Gecko) Chrome/146.0.0.0 Mobile Safari/537.36"
173.252.95.13 - - [03/Apr/2026:06:49:05 +0800] "GET /wp-content/uploads/2020/10/hero-render-small.jpg HTTP/1.1" 200 322393 "https://bfcg.com.au/wp-content/cache/autoptimize/css/autoptimize_single_fa01caa3511fe59492737e72ecc1ea48.css?ver=1765777674" "Mozilla/5.0 (Linux; Android 10; K) AppleWebKit/537.36 (KHTML, like Gecko) Chrome/146.0.0.0 Mobile Safari/537.36"
31.13.127.49 - - [03/Apr/2026:06:49:06 +0800] "GET /wp-content/plugins/autoptimize/classes/external/js/lazysizes.min.js?ao_version=3.1.15 HTTP/1.1" 200 4122 "https://bfcg.com.au/?fbclid=IwZXh0bgNhZW0CMTEAc3J0YwZhcHBfaWQMMjU2MjgxMDQwNTU4AAEeJ0O-5hcjRgLE-z4vuDCi0eTdr2jPtQ9--46LBvzJmyf9rsraLjRP0E7Ez8I_aem_c3yT5AhfJxnhonrfMysEfA" "Mozilla/5.0 (Linux; Android 10; K) AppleWebKit/537.36 (KHTML, like Gecko) Chrome/146.0.0.0 Mobile Safari/537.36"
66.220.149.32 - - [03/Apr/2026:06:49:06 +0800] "GET /wp-content/uploads/2020/08/cta-home.jpg HTTP/1.1" 200 329613 "https://bfcg.com.au/wp-content/cache/autoptimize/css/autoptimize_single_fa01caa3511fe59492737e72ecc1ea48.css?ver=1765777674" "Mozilla/5.0 (Linux; Android 10; K) AppleWebKit/537.36 (KHTML, like Gecko) Chrome/146.0.0.0 Mobile Safari/537.36"
173.252.127.10 - - [03/Apr/2026:06:49:05 +0800] "GET /wp-content/uploads/2020/10/hero-render-small.jpg HTTP/1.1" 200 322393 "https://bfcg.com.au/wp-content/cache/autoptimize/css/autoptimize_single_fa01caa3511fe59492737e72ecc1ea48.css?ver=1765777674" "Mozilla/5.0 (Linux; Android 10; K) AppleWebKit/537.36 (KHTML, like Gecko) Chrome/146.0.0.0 Mobile Safari/537.36"
31.13.127.49 - - [03/Apr/2026:06:49:06 +0800] "GET /wp-content/cache/autoptimize/js/autoptimize_660f6aa917f215ee58a28a88fed9ac36.js HTTP/1.1" 200 19689 "https://bfcg.com.au/?fbclid=IwZXh0bgNhZW0CMTEAc3J0YwZhcHBfaWQMMjU2MjgxMDQwNTU4AAEeJ0O-5hcjRgLE-z4vuDCi0eTdr2jPtQ9--46LBvzJmyf9rsraLjRP0E7Ez8I_aem_c3yT5AhfJxnhonrfMysEfA" "Mozilla/5.0 (Linux; Android 10; K) AppleWebKit/537.36 (KHTML, like Gecko) Chrome/146.0.0.0 Mobile Safari/537.36"
66.220.149.32 - - [03/Apr/2026:06:49:06 +0800] "GET /wp-content/uploads/2020/06/calima-bg-2.jpg HTTP/1.1" 404 6156 "https://bfcg.com.au/wp-content/cache/autoptimize/css/autoptimize_036a3e3adb14651182f90577734ef4ef.css" "Mozilla/5.0 (Linux; Android 10; K) AppleWebKit/537.36 (KHTML, like Gecko) Chrome/146.0.0.0 Mobile Safari/537.36"
173.252.95.13 - - [03/Apr/2026:06:49:06 +0800] "GET /wp-content/plugins/autoptimize/classes/external/js/lazysizes.min.js?ao_version=3.1.15 HTTP/1.1" 200 4122 "https://bfcg.com.au/?fbclid=IwZXh0bgNhZW0CMTEAc3J0YwZhcHBfaWQMMjU2MjgxMDQwNTU4AAEeLEU3oqmPQ5hPNn__K5085AJOkWMsG7USr9MBpF0U6gochWSS4DieGSZ_loQ_aem_U79e52WnCTV1iYOJpMMSdg" "Mozilla/5.0 (Linux; Android 10; K) AppleWebKit/537.36 (KHTML, like Gecko) Chrome/146.0.0.0 Mobile Safari/537.36"
173.252.95.13 - - [03/Apr/2026:06:49:07 +0800] "GET /wp-content/cache/autoptimize/js/autoptimize_660f6aa917f215ee58a28a88fed9ac36.js HTTP/1.1" 200 19689 "https://bfcg.com.au/?fbclid=IwZXh0bgNhZW0CMTEAc3J0YwZhcHBfaWQMMjU2MjgxMDQwNTU4AAEeLEU3oqmPQ5hPNn__K5085AJOkWMsG7USr9MBpF0U6gochWSS4DieGSZ_loQ_aem_U79e52WnCTV1iYOJpMMSdg" "Mozilla/5.0 (Linux; Android 10; K) AppleWebKit/537.36 (KHTML, like Gecko) Chrome/146.0.0.0 Mobile Safari/537.36"
66.220.149.32 - - [03/Apr/2026:06:49:07 +0800] "GET /wp-content/plugins/gp-premium/general/icons/gp-premium.ttf HTTP/1.1" 200 1594 "https://bfcg.com.au/wp-content/cache/autoptimize/css/autoptimize_036a3e3adb14651182f90577734ef4ef.css" "Mozilla/5.0 (Linux; Android 10; K) AppleWebKit/537.36 (KHTML, like Gecko) Chrome/146.0.0.0 Mobile Safari/537.36"
66.220.149.4 - - [03/Apr/2026:06:49:06 +0800] "GET /wp-content/uploads/2020/08/cta-home.jpg HTTP/1.1" 200 329613 "https://bfcg.com.au/wp-content/cache/autoptimize/css/autoptimize_single_fa01caa3511fe59492737e72ecc1ea48.css?ver=1765777674" "Mozilla/5.0 (Linux; Android 10; K) AppleWebKit/537.36 (KHTML, like Gecko) Chrome/146.0.0.0 Mobile Safari/537.36"
66.220.149.4 - - [03/Apr/2026:06:49:06 +0800] "GET /wp-content/uploads/2020/06/calima-bg-2.jpg HTTP/1.1" 404 6156 "https://bfcg.com.au/wp-content/cache/autoptimize/css/autoptimize_036a3e3adb14651182f90577734ef4ef.css" "Mozilla/5.0 (Linux; Android 10; K) AppleWebKit/537.36 (KHTML, like Gecko) Chrome/146.0.0.0 Mobile Safari/537.36"
173.252.127.10 - - [03/Apr/2026:06:49:07 +0800] "GET /wp-content/plugins/autoptimize/classes/external/js/lazysizes.min.js?ao_version=3.1.15 HTTP/1.1" 200 4122 "https://bfcg.com.au/?fbclid=IwZXh0bgNhZW0CMTEAc3J0YwZhcHBfaWQMMjU2MjgxMDQwNTU4AAEe1gWOmwlbNqtTjWsNyZlCvK2HJwBuF05Zfxs3z5169kNn_PiYfLjpcvuYvFE_aem_tgvdqpe4-PwqGqUqxZ9R8Q" "Mozilla/5.0 (Linux; Android 10; K) AppleWebKit/537.36 (KHTML, like Gecko) Chrome/146.0.0.0 Mobile Safari/537.36"
173.252.127.10 - - [03/Apr/2026:06:49:07 +0800] "GET /wp-content/cache/autoptimize/js/autoptimize_660f6aa917f215ee58a28a88fed9ac36.js HTTP/1.1" 200 19689 "https://bfcg.com.au/?fbclid=IwZXh0bgNhZW0CMTEAc3J0YwZhcHBfaWQMMjU2MjgxMDQwNTU4AAEe1gWOmwlbNqtTjWsNyZlCvK2HJwBuF05Zfxs3z5169kNn_PiYfLjpcvuYvFE_aem_tgvdqpe4-PwqGqUqxZ9R8Q" "Mozilla/5.0 (Linux; Android 10; K) AppleWebKit/537.36 (KHTML, like Gecko) Chrome/146.0.0.0 Mobile Safari/537.36"
66.220.149.4 - - [03/Apr/2026:06:49:07 +0800] "GET /wp-content/plugins/gp-premium/general/icons/gp-premium.ttf HTTP/1.1" 200 1594 "https://bfcg.com.au/wp-content/cache/autoptimize/css/autoptimize_036a3e3adb14651182f90577734ef4ef.css" "Mozilla/5.0 (Linux; Android 10; K) AppleWebKit/537.36 (KHTML, like Gecko) Chrome/146.0.0.0 Mobile Safari/537.36"
66.220.149.32 - - [03/Apr/2026:06:49:07 +0800] "GET /wp-content/uploads/2020/08/cropped-favicon-32x32.png HTTP/1.1" 200 1889 "https://bfcg.com.au/?fbclid=IwZXh0bgNhZW0CMTEAc3J0YwZhcHBfaWQMMjU2MjgxMDQwNTU4AAEeSnSHBJMiPoYWSXg5-xwIPUtHaUAN_U9-EY969WpPJc5GQQEB3gPgnfaJAc4_aem_Cdl5qshngAhOtDsiD7KQHA" "Mozilla/5.0 (Linux; Android 10; K) AppleWebKit/537.36 (KHTML, like Gecko) Chrome/146.0.0.0 Mobile Safari/537.36"
173.252.87.10 - - [03/Apr/2026:06:49:08 +0800] "GET /wp-content/plugins/autoptimize/classes/external/js/lazysizes.min.js?ao_version=3.1.15 HTTP/1.1" 200 4122 "https://bfcg.com.au/?fbclid=IwZXh0bgNhZW0CMTEAc3J0YwZhcHBfaWQMMjU2MjgxMDQwNTU4AAEe_QDmvwZP3TyYLmdxTYZG8m5YHRKMKEqa-2L2GC5SLJCnbTiTp2LmF5jxPcc_aem_5QOE60Iie1juvTS0fn1nfQ" "Mozilla/5.0 (Linux; Android 10; K) AppleWebKit/537.36 (KHTML, like Gecko) Chrome/146.0.0.0 Mobile Safari/537.36"
31.13.127.49 - - [03/Apr/2026:06:49:07 +0800] "GET /wp-content/uploads/2020/06/calima-bg-2.jpg HTTP/1.1" 404 6156 "https://bfcg.com.au/wp-content/cache/autoptimize/css/autoptimize_036a3e3adb14651182f90577734ef4ef.css" "Mozilla/5.0 (Linux; Android 10; K) AppleWebKit/537.36 (KHTML, like Gecko) Chrome/146.0.0.0 Mobile Safari/537.36"
173.252.87.10 - - [03/Apr/2026:06:49:08 +0800] "GET /wp-content/cache/autoptimize/js/autoptimize_660f6aa917f215ee58a28a88fed9ac36.js HTTP/1.1" 200 19689 "https://bfcg.com.au/?fbclid=IwZXh0bgNhZW0CMTEAc3J0YwZhcHBfaWQMMjU2MjgxMDQwNTU4AAEe_QDmvwZP3TyYLmdxTYZG8m5YHRKMKEqa-2L2GC5SLJCnbTiTp2LmF5jxPcc_aem_5QOE60Iie1juvTS0fn1nfQ" "Mozilla/5.0 (Linux; Android 10; K) AppleWebKit/537.36 (KHTML, like Gecko) Chrome/146.0.0.0 Mobile Safari/537.36"
31.13.127.49 - - [03/Apr/2026:06:49:07 +0800] "GET /wp-content/uploads/2020/08/cta-home.jpg HTTP/1.1" 200 329613 "https://bfcg.com.au/wp-content/cache/autoptimize/css/autoptimize_single_fa01caa3511fe59492737e72ecc1ea48.css?ver=1765777674" "Mozilla/5.0 (Linux; Android 10; K) AppleWebKit/537.36 (KHTML, like Gecko) Chrome/146.0.0.0 Mobile Safari/537.36"
173.252.95.13 - - [03/Apr/2026:06:49:07 +0800] "GET /wp-content/uploads/2020/08/cta-home.jpg HTTP/1.1" 200 329613 "https://bfcg.com.au/wp-content/cache/autoptimize/css/autoptimize_single_fa01caa3511fe59492737e72ecc1ea48.css?ver=1765777674" "Mozilla/5.0 (Linux; Android 10; K) AppleWebKit/537.36 (KHTML, like Gecko) Chrome/146.0.0.0 Mobile Safari/537.36"
31.13.127.49 - - [03/Apr/2026:06:49:08 +0800] "GET /wp-content/plugins/gp-premium/general/icons/gp-premium.ttf HTTP/1.1" 200 1594 "https://bfcg.com.au/wp-content/cache/autoptimize/css/autoptimize_036a3e3adb14651182f90577734ef4ef.css" "Mozilla/5.0 (Linux; Android 10; K) AppleWebKit/537.36 (KHTML, like Gecko) Chrome/146.0.0.0 Mobile Safari/537.36"
173.252.95.13 - - [03/Apr/2026:06:49:07 +0800] "GET /wp-content/uploads/2020/06/calima-bg-2.jpg HTTP/1.1" 404 6156 "https://bfcg.com.au/wp-content/cache/autoptimize/css/autoptimize_036a3e3adb14651182f90577734ef4ef.css" "Mozilla/5.0 (Linux; Android 10; K) AppleWebKit/537.36 (KHTML, like Gecko) Chrome/146.0.0.0 Mobile Safari/537.36"
66.220.149.4 - - [03/Apr/2026:06:49:08 +0800] "GET /wp-content/uploads/2020/08/cropped-favicon-32x32.png HTTP/1.1" 200 1889 "https://bfcg.com.au/?fbclid=IwZXh0bgNhZW0CMTEAc3J0YwZhcHBfaWQMMjU2MjgxMDQwNTU4AAEeFKaaM6KEx8gsPYf3WFVRIHi1peF_dCSQeFa7l5bK3NRM69mov4F03wylmtI_aem_VCXNWeGYXZaN1Ocn6QGHmw" "Mozilla/5.0 (Linux; Android 10; K) AppleWebKit/537.36 (KHTML, like Gecko) Chrome/146.0.0.0 Mobile Safari/537.36"
173.252.95.13 - - [03/Apr/2026:06:49:08 +0800] "GET /wp-content/plugins/gp-premium/general/icons/gp-premium.ttf HTTP/1.1" 200 1594 "https://bfcg.com.au/wp-content/cache/autoptimize/css/autoptimize_036a3e3adb14651182f90577734ef4ef.css" "Mozilla/5.0 (Linux; Android 10; K) AppleWebKit/537.36 (KHTML, like Gecko) Chrome/146.0.0.0 Mobile Safari/537.36"
173.252.127.10 - - [03/Apr/2026:06:49:08 +0800] "GET /wp-content/uploads/2020/06/calima-bg-2.jpg HTTP/1.1" 404 6156 "https://bfcg.com.au/wp-content/cache/autoptimize/css/autoptimize_036a3e3adb14651182f90577734ef4ef.css" "Mozilla/5.0 (Linux; Android 10; K) AppleWebKit/537.36 (KHTML, like Gecko) Chrome/146.0.0.0 Mobile Safari/537.36"
173.252.127.10 - - [03/Apr/2026:06:49:07 +0800] "GET /wp-content/uploads/2020/08/cta-home.jpg HTTP/1.1" 200 329613 "https://bfcg.com.au/wp-content/cache/autoptimize/css/autoptimize_single_fa01caa3511fe59492737e72ecc1ea48.css?ver=1765777674" "Mozilla/5.0 (Linux; Android 10; K) AppleWebKit/537.36 (KHTML, like Gecko) Chrome/146.0.0.0 Mobile Safari/537.36"
173.252.87.10 - - [03/Apr/2026:06:49:08 +0800] "GET /wp-content/uploads/2020/08/cta-home.jpg HTTP/1.1" 200 329613 "https://bfcg.com.au/wp-content/cache/autoptimize/css/autoptimize_single_fa01caa3511fe59492737e72ecc1ea48.css?ver=1765777674" "Mozilla/5.0 (Linux; Android 10; K) AppleWebKit/537.36 (KHTML, like Gecko) Chrome/146.0.0.0 Mobile Safari/537.36"
173.252.127.10 - - [03/Apr/2026:06:49:09 +0800] "GET /wp-content/plugins/gp-premium/general/icons/gp-premium.ttf HTTP/1.1" 200 1594 "https://bfcg.com.au/wp-content/cache/autoptimize/css/autoptimize_036a3e3adb14651182f90577734ef4ef.css" "Mozilla/5.0 (Linux; Android 10; K) AppleWebKit/537.36 (KHTML, like Gecko) Chrome/146.0.0.0 Mobile Safari/537.36"
173.252.87.10 - - [03/Apr/2026:06:49:08 +0800] "GET /wp-content/uploads/2020/06/calima-bg-2.jpg HTTP/1.1" 404 6156 "https://bfcg.com.au/wp-content/cache/autoptimize/css/autoptimize_036a3e3adb14651182f90577734ef4ef.css" "Mozilla/5.0 (Linux; Android 10; K) AppleWebKit/537.36 (KHTML, like Gecko) Chrome/146.0.0.0 Mobile Safari/537.36"
31.13.127.49 - - [03/Apr/2026:06:49:09 +0800] "GET /wp-content/uploads/2020/08/cropped-favicon-32x32.png HTTP/1.1" 200 1889 "https://bfcg.com.au/?fbclid=IwZXh0bgNhZW0CMTEAc3J0YwZhcHBfaWQMMjU2MjgxMDQwNTU4AAEeJ0O-5hcjRgLE-z4vuDCi0eTdr2jPtQ9--46LBvzJmyf9rsraLjRP0E7Ez8I_aem_c3yT5AhfJxnhonrfMysEfA" "Mozilla/5.0 (Linux; Android 10; K) AppleWebKit/537.36 (KHTML, like Gecko) Chrome/146.0.0.0 Mobile Safari/537.36"
173.252.95.13 - - [03/Apr/2026:06:49:09 +0800] "GET /wp-content/uploads/2020/08/cropped-favicon-32x32.png HTTP/1.1" 200 1889 "https://bfcg.com.au/?fbclid=IwZXh0bgNhZW0CMTEAc3J0YwZhcHBfaWQMMjU2MjgxMDQwNTU4AAEeLEU3oqmPQ5hPNn__K5085AJOkWMsG7USr9MBpF0U6gochWSS4DieGSZ_loQ_aem_U79e52WnCTV1iYOJpMMSdg" "Mozilla/5.0 (Linux; Android 10; K) AppleWebKit/537.36 (KHTML, like Gecko) Chrome/146.0.0.0 Mobile Safari/537.36"
173.252.87.10 - - [03/Apr/2026:06:49:09 +0800] "GET /wp-content/plugins/gp-premium/general/icons/gp-premium.ttf HTTP/1.1" 200 1594 "https://bfcg.com.au/wp-content/cache/autoptimize/css/autoptimize_036a3e3adb14651182f90577734ef4ef.css" "Mozilla/5.0 (Linux; Android 10; K) AppleWebKit/537.36 (KHTML, like Gecko) Chrome/146.0.0.0 Mobile Safari/537.36"
173.252.127.10 - - [03/Apr/2026:06:49:10 +0800] "GET /wp-content/uploads/2020/08/cropped-favicon-32x32.png HTTP/1.1" 200 1889 "https://bfcg.com.au/?fbclid=IwZXh0bgNhZW0CMTEAc3J0YwZhcHBfaWQMMjU2MjgxMDQwNTU4AAEe1gWOmwlbNqtTjWsNyZlCvK2HJwBuF05Zfxs3z5169kNn_PiYfLjpcvuYvFE_aem_tgvdqpe4-PwqGqUqxZ9R8Q" "Mozilla/5.0 (Linux; Android 10; K) AppleWebKit/537.36 (KHTML, like Gecko) Chrome/146.0.0.0 Mobile Safari/537.36"
35.90.2.36 - - [03/Apr/2026:06:49:09 +0800] "GET /?fbclid=IwZXh0bgNhZW0CMTEAc3J0YwZhcHBfaWQMMjU2MjgxMDQwNTU4AAEeF-v9N9hmGuYv683fSTDkpS_k_FX7FuZ-wdf3p7JU3l9ICJBPVN8ySrHrIgU_aem_IinUzR3aRzWM17nsWVvTyQ HTTP/1.1" 301 20 "https://www.facebook.com/" "Mozilla/5.0 (Windows NT 10.0; Win64; x64) AppleWebKit/537.36 (KHTML, like Gecko) Chrome/139.0.0.0 Safari/537.36"
173.252.87.10 - - [03/Apr/2026:06:49:10 +0800] "GET /wp-content/uploads/2020/08/cropped-favicon-32x32.png HTTP/1.1" 200 1889 "https://bfcg.com.au/?fbclid=IwZXh0bgNhZW0CMTEAc3J0YwZhcHBfaWQMMjU2MjgxMDQwNTU4AAEe_QDmvwZP3TyYLmdxTYZG8m5YHRKMKEqa-2L2GC5SLJCnbTiTp2LmF5jxPcc_aem_5QOE60Iie1juvTS0fn1nfQ" "Mozilla/5.0 (Linux; Android 10; K) AppleWebKit/537.36 (KHTML, like Gecko) Chrome/146.0.0.0 Mobile Safari/537.36"
69.171.231.112 - - [03/Apr/2026:06:49:12 +0800] "GET /?fbclid=IwZXh0bgNhZW0CMTEAc3J0YwZhcHBfaWQMMjU2MjgxMDQwNTU4AAEe0vtwlaeznhrh46raw5sFZlcwQRPFFbjQ3Fob6OP-w7LYimPkzCBvSEnJ3Hw_aem_7kKo9d6503yem2eospQaPg HTTP/1.1" 200 47616 "-" "facebookexternalhit/1.1 (+http://www.facebook.com/externalhit_uatext.php)"
173.252.70.3 - - [03/Apr/2026:06:49:13 +0800] "GET /?fbclid=IwZXh0bgNhZW0CMTEAc3J0YwZhcHBfaWQMMjU2MjgxMDQwNTU4AAEe_jhh3YSX_PwAunNQA7pUvWsayTcfvzp7lmlKEoTkhRmE4pHHtEZ4xF0GGPo_aem_pnDfJCvjN3RRdk44chi1qQ HTTP/1.1" 200 47616 "-" "facebookexternalhit/1.1 (+http://www.facebook.com/externalhit_uatext.php)"
173.252.69.15 - - [03/Apr/2026:06:49:14 +0800] "GET /?fbclid=IwZXh0bgNhZW0CMTEAc3J0YwZhcHBfaWQMMjU2MjgxMDQwNTU4AAEeGXxbVP4NDMZCYes_lYEvPMLsg_-9HzXe9FYWDcKTHSo2i306eOc8TF2lG9Q_aem_61eK_FNWnQ-7xq0Q7WM_YQ HTTP/1.1" 200 47616 "-" "facebookexternalhit/1.1 (+http://www.facebook.com/externalhit_uatext.php)"
173.252.79.6 - - [03/Apr/2026:06:49:14 +0800] "GET /?fbclid=IwZXh0bgNhZW0CMTEAc3J0YwZhcHBfaWQMMjU2MjgxMDQwNTU4AAEeM4LBXWPxVdz0C5b-oM4Fkjfs3SRFHR2FxHSRYzn2UvQ1GKW9qXuK6_dN1Z4_aem_a0c5vq-uYTkJ5ze2N33_UQ HTTP/1.1" 200 47616 "-" "facebookexternalhit/1.1 (+http://www.facebook.com/externalhit_uatext.php)"
173.252.83.116 - - [03/Apr/2026:06:49:15 +0800] "GET /wp-content/uploads/2020/10/LT160.jpg HTTP/1.1" 200 112143 "-" "facebookexternalhit/1.1 (+http://www.facebook.com/externalhit_uatext.php)"
173.252.79.5 - - [03/Apr/2026:06:49:16 +0800] "GET /?fbclid=IwZXh0bgNhZW0CMTEAc3J0YwZhcHBfaWQMMjU2MjgxMDQwNTU4AAEebCH-WwZDJ2JNP3H7lUe-bPl68-pZmpJZwjVpnvgFYAKrhdfo0mYocHrhNhk_aem_Dxm5YYSG99-ZNoKBLH1OTg HTTP/1.1" 200 47616 "-" "facebookexternalhit/1.1 (+http://www.facebook.com/externalhit_uatext.php)"
69.171.230.116 - - [03/Apr/2026:06:49:16 +0800] "GET /wp-content/uploads/2020/10/LT160.jpg HTTP/1.1" 200 112143 "-" "facebookexternalhit/1.1 (+http://www.facebook.com/externalhit_uatext.php)"
173.252.69.112 - - [03/Apr/2026:06:49:16 +0800] "GET /wp-content/uploads/2020/10/LT160.jpg HTTP/1.1" 200 112143 "-" "facebookexternalhit/1.1 (+http://www.facebook.com/externalhit_uatext.php)"
173.252.69.6 - - [03/Apr/2026:06:49:18 +0800] "GET /wp-content/uploads/2020/10/LT160.jpg HTTP/1.1" 200 112143 "-" "facebookexternalhit/1.1 (+http://www.facebook.com/externalhit_uatext.php)"
103.4.122.14 - - [03/Apr/2026:06:49:38 +0800] "POST /wp-cron.php?doing_wp_cron=1775170177.8879740238189697265625 HTTP/1.1" 200 20 "-" "WordPress/6.9.4; https://bfcg.com.au"
173.252.87.37 - - [03/Apr/2026:06:49:37 +0800] "GET /?fbclid=IwZXh0bgNhZW0CMTEAc3J0YwZhcHBfaWQMMjU2MjgxMDQwNTU4AAEeJ0O-5hcjRgLE-z4vuDCi0eTdr2jPtQ9--46LBvzJmyf9rsraLjRP0E7Ez8I_aem_c3yT5AhfJxnhonrfMysEfA HTTP/1.1" 200 47616 "-" "facebookexternalhit/1.1 (+http://www.facebook.com/externalhit_uatext.php)"
173.252.83.116 - - [03/Apr/2026:06:49:38 +0800] "GET /?fbclid=IwZXh0bgNhZW0CMTEAc3J0YwZhcHBfaWQMMjU2MjgxMDQwNTU4AAEeFKaaM6KEx8gsPYf3WFVRIHi1peF_dCSQeFa7l5bK3NRM69mov4F03wylmtI_aem_VCXNWeGYXZaN1Ocn6QGHmw HTTP/1.1" 200 47616 "-" "facebookexternalhit/1.1 (+http://www.facebook.com/externalhit_uatext.php)"
173.252.87.5 - - [03/Apr/2026:06:49:38 +0800] "GET /?fbclid=IwZXh0bgNhZW0CMTEAc3J0YwZhcHBfaWQMMjU2MjgxMDQwNTU4AAEeLEU3oqmPQ5hPNn__K5085AJOkWMsG7USr9MBpF0U6gochWSS4DieGSZ_loQ_aem_U79e52WnCTV1iYOJpMMSdg HTTP/1.1" 200 47616 "-" "facebookexternalhit/1.1 (+http://www.facebook.com/externalhit_uatext.php)"
69.171.234.33 - - [03/Apr/2026:06:49:38 +0800] "GET /?fbclid=IwZXh0bgNhZW0CMTEAc3J0YwZhcHBfaWQMMjU2MjgxMDQwNTU4AAEe_QDmvwZP3TyYLmdxTYZG8m5YHRKMKEqa-2L2GC5SLJCnbTiTp2LmF5jxPcc_aem_5QOE60Iie1juvTS0fn1nfQ HTTP/1.1" 200 47616 "-" "facebookexternalhit/1.1 (+http://www.facebook.com/externalhit_uatext.php)"
69.63.184.55 - - [03/Apr/2026:06:49:39 +0800] "GET /?fbclid=IwZXh0bgNhZW0CMTEAc3J0YwZhcHBfaWQMMjU2MjgxMDQwNTU4AAEeSnSHBJMiPoYWSXg5-xwIPUtHaUAN_U9-EY969WpPJc5GQQEB3gPgnfaJAc4_aem_Cdl5qshngAhOtDsiD7KQHA HTTP/1.1" 200 47616 "-" "facebookexternalhit/1.1 (+http://www.facebook.com/externalhit_uatext.php)"
173.252.70.32 - - [03/Apr/2026:06:49:39 +0800] "GET /wp-content/uploads/2020/10/LT160.jpg HTTP/1.1" 200 112143 "-" "facebookexternalhit/1.1 (+http://www.facebook.com/externalhit_uatext.php)"
173.252.70.13 - - [03/Apr/2026:06:49:40 +0800] "GET /wp-content/uploads/2020/10/LT160.jpg HTTP/1.1" 200 112143 "-" "facebookexternalhit/1.1 (+http://www.facebook.com/externalhit_uatext.php)"
103.4.122.14 - - [03/Apr/2026:06:58:22 +0800] "POST /wp-cron.php?doing_wp_cron=1775170701.9791080951690673828125 HTTP/1.1" 200 20 "-" "WordPress/6.9.4; https://bfcg.com.au"
207.180.11.97 - - [03/Apr/2026:06:58:21 +0800] "GET /wp-json/oembed/1.0/embed?url=https%3A%2F%2Fbfcg.com.au%2Fdocs%2Femployee-resources%2Fscheduled-maintenance%2Fscreen-service-sheet%2F HTTP/1.1" 200 1128 "-" "Mozilla/5.0 (Macintosh; Intel Mac OS X 10_15_7) AppleWebKit/537.36 (KHTML, like Gecko) Chrome/135.0.0.0 Safari/537.36"
103.4.122.14 - - [03/Apr/2026:07:06:20 +0800] "POST /wp-cron.php?doing_wp_cron=1775171180.8141779899597167968750 HTTP/1.1" 200 20 "-" "WordPress/6.9.4; https://bfcg.com.au"
