2025/11/12 09:22:42 [error] 23008#23008: *331 openat() "/usr/local/apache/htdocs/bonus/Daftar รวยรวย 888 สล็อต.html" failed (2: No such file or directory), client: 66.249.64.37, server: cwp2.slnet.com.au, request: "GET /bonus/Daftar%20%E0%B8%A3%E0%B8%A7%E0%B8%A2%E0%B8%A3%E0%B8%A7%E0%B8%A2%20888%20%E0%B8%AA%E0%B8%A5%E0%B9%87%E0%B8%AD%E0%B8%95.html HTTP/1.1", host: "memo.carmel.wa.edu.au"
2025/11/12 09:22:42 [error] 23008#23008: *331 openat() "/usr/local/apache/htdocs/gambling/Slot 168galaxy pg.html" failed (2: No such file or directory), client: 66.249.64.37, server: cwp2.slnet.com.au, request: "GET /gambling/Slot%20168galaxy%20pg.html HTTP/1.1", host: "memo.carmel.wa.edu.au"
2025/11/12 09:22:42 [error] 23003#23003: *326 openat() "/usr/local/apache/htdocs/games/Login www.ufa777.com สมัคร.html" failed (2: No such file or directory), client: 66.249.64.38, server: cwp2.slnet.com.au, request: "GET /games/Login%20www.ufa777.com%20%E0%B8%AA%E0%B8%A1%E0%B8%B1%E0%B8%84%E0%B8%A3.html HTTP/1.1", host: "memo.carmel.wa.edu.au"
2025/11/12 09:22:43 [error] 23008#23008: *346 openat() "/usr/local/apache/htdocs/lava slot.aspx" failed (2: No such file or directory), client: 52.0.218.219, server: cwp2.slnet.com.au, request: "GET /lava%20slot.aspx HTTP/1.1", host: "perthchevrakadisha.org.au"
2025/11/12 09:22:43 [error] 23003#23003: *326 openat() "/usr/local/apache/htdocs/gambling/Daftar www.ufa777.com สมัคร.html" failed (2: No such file or directory), client: 66.249.64.38, server: cwp2.slnet.com.au, request: "GET /gambling/Daftar%20www.ufa777.com%20%E0%B8%AA%E0%B8%A1%E0%B8%B1%E0%B8%84%E0%B8%A3.html HTTP/1.1", host: "memo.carmel.wa.edu.au"
2025/11/12 09:22:43 [error] 23008#23008: *331 openat() "/usr/local/apache/htdocs/deposit/Daftar ยูฟ่าสตาร์356.html" failed (2: No such file or directory), client: 66.249.64.37, server: cwp2.slnet.com.au, request: "GET /deposit/Daftar%20%E0%B8%A2%E0%B8%B9%E0%B8%9F%E0%B9%88%E0%B8%B2%E0%B8%AA%E0%B8%95%E0%B8%B2%E0%B8%A3%E0%B9%8C356.html HTTP/1.1", host: "memo.carmel.wa.edu.au"
2025/11/12 09:22:44 [error] 23008#23008: *331 openat() "/usr/local/apache/htdocs/games/Login เว็บยูฟ่า24.html" failed (2: No such file or directory), client: 66.249.64.37, server: cwp2.slnet.com.au, request: "GET /games/Login%20%E0%B9%80%E0%B8%A7%E0%B9%87%E0%B8%9A%E0%B8%A2%E0%B8%B9%E0%B8%9F%E0%B9%88%E0%B8%B224.html HTTP/1.1", host: "memo.carmel.wa.edu.au"
2025/11/12 09:22:44 [error] 23008#23008: *331 openat() "/usr/local/apache/htdocs/games/Daftar แทงหวย 2 4.html" failed (2: No such file or directory), client: 66.249.64.37, server: cwp2.slnet.com.au, request: "GET /games/Daftar%20%E0%B9%81%E0%B8%97%E0%B8%87%E0%B8%AB%E0%B8%A7%E0%B8%A2%202%204.html HTTP/1.1", host: "memo.carmel.wa.edu.au"
2025/11/12 09:22:45 [error] 23008#23008: *331 openat() "/usr/local/apache/htdocs/bonus/Slot งบ้านผลบอล.html" failed (2: No such file or directory), client: 66.249.64.37, server: cwp2.slnet.com.au, request: "GET /bonus/Slot%20%E0%B8%87%E0%B8%9A%E0%B9%89%E0%B8%B2%E0%B8%99%E0%B8%9C%E0%B8%A5%E0%B8%9A%E0%B8%AD%E0%B8%A5.html HTTP/1.1", host: "memo.carmel.wa.edu.au"
2025/11/12 09:22:45 [error] 23009#23009: *415 "/usr/local/apache/htdocs/product-category/golf-bags-accessories/head-covers/index.php" is not found (2: No such file or directory), client: 43.173.180.199, server: cwp2.slnet.com.au, request: "GET /product-category/golf-bags-accessories/head-covers/ HTTP/1.1", host: "eaglegolf.com.au"
2025/11/12 09:22:46 [error] 23005#23005: *417 openat() "/usr/local/apache/htdocs/ufabet เข้าสู่ระบบ เว็บตรง100.aspx" failed (2: No such file or directory), client: 114.119.131.105, server: cwp2.slnet.com.au, request: "GET /ufabet%20%E0%B9%80%E0%B8%82%E0%B9%89%E0%B8%B2%E0%B8%AA%E0%B8%B9%E0%B9%88%E0%B8%A3%E0%B8%B0%E0%B8%9A%E0%B8%9A%20%E0%B9%80%E0%B8%A7%E0%B9%87%E0%B8%9A%E0%B8%95%E0%B8%A3%E0%B8%87100.aspx HTTP/1.1", host: "perfectcablingandsecurity.com.au", referrer: "https://perfectcablingandsecurity.com.au/ufabet%20%E0%B9%80%E0%B8%82%E0%B9%89%E0%B8%B2%E0%B8%AA%E0%B8%B9%E0%B9%88%E0%B8%A3%E0%B8%B0%E0%B8%9A%E0%B8%9A%20168.aspx"
2025/11/12 09:22:46 [error] 23006#23006: *418 openat() "/usr/local/apache/htdocs/ไทย สล็อต.aspx" failed (2: No such file or directory), client: 54.85.7.119, server: cwp2.slnet.com.au, request: "GET /%E0%B9%84%E0%B8%97%E0%B8%A2%20%E0%B8%AA%E0%B8%A5%E0%B9%87%E0%B8%AD%E0%B8%95.aspx HTTP/1.1", host: "perthchevrakadisha.org.au"
2025/11/12 09:22:46 [error] 23003#23003: *419 openat() "/usr/local/apache/htdocs/news/สูตร slot pg ฟรี.html" failed (2: No such file or directory), client: 66.249.64.99, server: cwp2.slnet.com.au, request: "GET /news/%E0%B8%AA%E0%B8%B9%E0%B8%95%E0%B8%A3%20slot%20pg%20%E0%B8%9F%E0%B8%A3%E0%B8%B5.html HTTP/1.1", host: "perfectcablingandsecurity.com.au"
2025/11/12 09:22:48 [error] 23000#23000: *424 openat() "/usr/local/apache/htdocs/sitemap/pg ทุน 100 ล่าสุด.html" failed (2: No such file or directory), client: 66.249.64.162, server: cwp2.slnet.com.au, request: "GET /sitemap/pg%20%E0%B8%97%E0%B8%B8%E0%B8%99%20100%20%E0%B8%A5%E0%B9%88%E0%B8%B2%E0%B8%AA%E0%B8%B8%E0%B8%94.html HTTP/1.1", host: "giraffedocklands.com.au"
2025/11/12 09:22:48 [error] 23004#23004: *244 openat() "/usr/local/apache/htdocs/bonus/สล็อต pg ฟรี 2024 ทดลอง เล่น.html" failed (2: No such file or directory), client: 66.249.70.110, server: cwp2.slnet.com.au, request: "GET /bonus/%E0%B8%AA%E0%B8%A5%E0%B9%87%E0%B8%AD%E0%B8%95%20pg%20%E0%B8%9F%E0%B8%A3%E0%B8%B5%202024%20%E0%B8%97%E0%B8%94%E0%B8%A5%E0%B8%AD%E0%B8%87%20%E0%B9%80%E0%B8%A5%E0%B9%88%E0%B8%99.html HTTP/1.1", host: "emuchildrensbooks.com.au"
2025/11/12 09:22:49 [error] 23009#23009: *479 openat() "/usr/local/apache/htdocs/gambling/สล็อตทุน20.html" failed (2: No such file or directory), client: 66.249.70.96, server: cwp2.slnet.com.au, request: "GET /gambling/%E0%B8%AA%E0%B8%A5%E0%B9%87%E0%B8%AD%E0%B8%95%E0%B8%97%E0%B8%B8%E0%B8%9920.html HTTP/1.1", host: "emuchildrensbooks.com.au"
2025/11/12 09:22:49 [error] 23004#23004: *244 "/usr/local/apache/htdocs/video/index.php" is not found (2: No such file or directory), client: 66.249.70.110, server: cwp2.slnet.com.au, request: "GET /video/ HTTP/1.1", host: "emuchildrensbooks.com.au"
2025/11/12 09:22:49 [error] 23004#23004: *244 openat() "/usr/local/apache/htdocs/betting/สล็อต pg ฝาก 1 รับ 100 ถอนไม่อั้น.html" failed (2: No such file or directory), client: 66.249.70.110, server: cwp2.slnet.com.au, request: "GET /betting/%E0%B8%AA%E0%B8%A5%E0%B9%87%E0%B8%AD%E0%B8%95%20pg%20%E0%B8%9D%E0%B8%B2%E0%B8%81%201%20%E0%B8%A3%E0%B8%B1%E0%B8%9A%20100%20%E0%B8%96%E0%B8%AD%E0%B8%99%E0%B9%84%E0%B8%A1%E0%B9%88%E0%B8%AD%E0%B8%B1%E0%B9%89%E0%B8%99.html HTTP/1.1", host: "emuchildrensbooks.com.au"
2025/11/12 09:22:51 [error] 23009#23009: *486 openat() "/usr/local/apache/htdocs/news/ทดลองเกมสล็อตฟรี.html" failed (2: No such file or directory), client: 66.249.64.129, server: cwp2.slnet.com.au, request: "GET /news/%E0%B8%97%E0%B8%94%E0%B8%A5%E0%B8%AD%E0%B8%87%E0%B9%80%E0%B8%81%E0%B8%A1%E0%B8%AA%E0%B8%A5%E0%B9%87%E0%B8%AD%E0%B8%95%E0%B8%9F%E0%B8%A3%E0%B8%B5.html HTTP/1.1", host: "emuartaustralia.com.au"
2025/11/12 09:22:51 [error] 23004#23004: *487 openat() "/usr/local/apache/htdocs/sewer-base" failed (2: No such file or directory), client: 54.82.57.242, server: cwp2.slnet.com.au, request: "HEAD /sewer-base HTTP/1.1", host: "www.cascadagroup.com.au"
2025/11/12 09:22:51 [error] 23004#23004: *244 openat() "/usr/local/apache/htdocs/sitemap/เว็บ สล็อต pg แจก เครดิต ฟรี.html" failed (2: No such file or directory), client: 66.249.70.110, server: cwp2.slnet.com.au, request: "GET /sitemap/%E0%B9%80%E0%B8%A7%E0%B9%87%E0%B8%9A%20%E0%B8%AA%E0%B8%A5%E0%B9%87%E0%B8%AD%E0%B8%95%20pg%20%E0%B9%81%E0%B8%88%E0%B8%81%20%E0%B9%80%E0%B8%84%E0%B8%A3%E0%B8%94%E0%B8%B4%E0%B8%95%20%E0%B8%9F%E0%B8%A3%E0%B8%B5.html HTTP/1.1", host: "emuchildrensbooks.com.au"
2025/11/12 09:22:52 [error] 23000#23000: *424 openat() "/usr/local/apache/htdocs/betting/สล็อตทำเทิร์น.html" failed (2: No such file or directory), client: 66.249.64.162, server: cwp2.slnet.com.au, request: "GET /betting/%E0%B8%AA%E0%B8%A5%E0%B9%87%E0%B8%AD%E0%B8%95%E0%B8%97%E0%B8%B3%E0%B9%80%E0%B8%97%E0%B8%B4%E0%B8%A3%E0%B9%8C%E0%B8%99.html HTTP/1.1", host: "giraffedocklands.com.au"
2025/11/12 09:22:52 [error] 23000#23000: *424 openat() "/usr/local/apache/htdocs/casino/pg soft slot max win.html" failed (2: No such file or directory), client: 66.249.64.162, server: cwp2.slnet.com.au, request: "GET /casino/pg%20soft%20slot%20max%20win.html HTTP/1.1", host: "giraffedocklands.com.au"
2025/11/12 09:22:54 [error] 22997#22997: *494 openat() "/usr/local/apache/htdocs/fishing/สรรหา เกมหาเงินเข้าวอเลท ฟรี.html" failed (2: No such file or directory), client: 66.249.64.130, server: cwp2.slnet.com.au, request: "GET /fishing/%E0%B8%AA%E0%B8%A3%E0%B8%A3%E0%B8%AB%E0%B8%B2%20%E0%B9%80%E0%B8%81%E0%B8%A1%E0%B8%AB%E0%B8%B2%E0%B9%80%E0%B8%87%E0%B8%B4%E0%B8%99%E0%B9%80%E0%B8%82%E0%B9%89%E0%B8%B2%E0%B8%A7%E0%B8%AD%E0%B9%80%E0%B8%A5%E0%B8%97%20%E0%B8%9F%E0%B8%A3%E0%B8%B5.html HTTP/1.1", host: "emuartaustralia.com.au"
2025/11/12 09:22:56 [error] 23002#23002: *506 openat() "/usr/local/apache/htdocs/sitemap/pg888th v1.html" failed (2: No such file or directory), client: 66.249.64.128, server: cwp2.slnet.com.au, request: "GET /sitemap/pg888th%20v1.html HTTP/1.1", host: "emuartaustralia.com.au"
2025/11/12 09:22:56 [error] 23009#23009: *508 openat() "/usr/local/apache/htdocs/xoso/pgสล็อตเว็บตรง.html" failed (2: No such file or directory), client: 66.249.64.98, server: cwp2.slnet.com.au, request: "GET /xoso/pg%E0%B8%AA%E0%B8%A5%E0%B9%87%E0%B8%AD%E0%B8%95%E0%B9%80%E0%B8%A7%E0%B9%87%E0%B8%9A%E0%B8%95%E0%B8%A3%E0%B8%87.html HTTP/1.1", host: "perfectcablingandsecurity.com.au"
2025/11/12 09:22:59 [error] 23009#23009: *516 "/usr/local/apache/htdocs/product/rinse-aid-20l/index.php" is not found (2: No such file or directory), client: 66.249.64.74, server: cwp2.slnet.com.au, request: "GET /product/rinse-aid-20l/ HTTP/1.1", host: "autoshield.com.au"
2025/11/12 09:22:59 [error] 23009#23009: *508 openat() "/usr/local/apache/htdocs/fishing/สล็อต pg ฟรี 2021 ค่าย ใหญ่ ทดลอง เล่น.html" failed (2: No such file or directory), client: 66.249.64.98, server: cwp2.slnet.com.au, request: "GET /fishing/%E0%B8%AA%E0%B8%A5%E0%B9%87%E0%B8%AD%E0%B8%95%20pg%20%E0%B8%9F%E0%B8%A3%E0%B8%B5%202021%20%E0%B8%84%E0%B9%88%E0%B8%B2%E0%B8%A2%20%E0%B9%83%E0%B8%AB%E0%B8%8D%E0%B9%88%20%E0%B8%97%E0%B8%94%E0%B8%A5%E0%B8%AD%E0%B8%87%20%E0%B9%80%E0%B8%A5%E0%B9%88%E0%B8%99.html HTTP/1.1", host: "perfectcablingandsecurity.com.au"
2025/11/12 09:22:59 [error] 23000#23000: *424 openat() "/usr/local/apache/htdocs/bet/pg slot 168k.html" failed (2: No such file or directory), client: 66.249.64.162, server: cwp2.slnet.com.au, request: "GET /bet/pg%20slot%20168k.html HTTP/1.1", host: "giraffedocklands.com.au"
2025/11/12 09:22:59 [error] 22999#22999: *522 openat() "/usr/local/apache/htdocs/robots.txt" failed (2: No such file or directory), client: 104.210.140.128, server: cwp2.slnet.com.au, request: "GET /robots.txt HTTP/1.1", host: "www.dreamtimebelievers.org"
2025/11/12 09:22:59 [error] 23002#23002: *506 openat() "/usr/local/apache/htdocs/betting/ep.08 สล็อตสายเทา สล็อตpgสายเทา สล็อตสายเทาแตกง่าย.html" failed (2: No such file or directory), client: 66.249.64.128, server: cwp2.slnet.com.au, request: "GET /betting/ep.08%20%E0%B8%AA%E0%B8%A5%E0%B9%87%E0%B8%AD%E0%B8%95%E0%B8%AA%E0%B8%B2%E0%B8%A2%E0%B9%80%E0%B8%97%E0%B8%B2%20%E0%B8%AA%E0%B8%A5%E0%B9%87%E0%B8%AD%E0%B8%95pg%E0%B8%AA%E0%B8%B2%E0%B8%A2%E0%B9%80%E0%B8%97%E0%B8%B2%20%E0%B8%AA%E0%B8%A5%E0%B9%87%E0%B8%AD%E0%B8%95%E0%B8%AA%E0%B8%B2%E0%B8%A2%E0%B9%80%E0%B8%97%E0%B8%B2%E0%B9%81%E0%B8%95%E0%B8%81%E0%B8%87%E0%B9%88%E0%B8%B2%E0%B8%A2.html HTTP/1.1", host: "emuartaustralia.com.au"
2025/11/12 09:23:00 [error] 23000#23000: *424 openat() "/usr/local/apache/htdocs/deposit/ทดลองเล่น.html" failed (2: No such file or directory), client: 66.249.64.162, server: cwp2.slnet.com.au, request: "GET /deposit/%E0%B8%97%E0%B8%94%E0%B8%A5%E0%B8%AD%E0%B8%87%E0%B9%80%E0%B8%A5%E0%B9%88%E0%B8%99.html HTTP/1.1", host: "giraffedocklands.com.au"
2025/11/12 09:23:01 [error] 23008#23008: *524 openat() "/usr/local/apache/htdocs/fishing/เกมยิงปลาฉลาม.html" failed (2: No such file or directory), client: 66.249.70.97, server: cwp2.slnet.com.au, request: "GET /fishing/%E0%B9%80%E0%B8%81%E0%B8%A1%E0%B8%A2%E0%B8%B4%E0%B8%87%E0%B8%9B%E0%B8%A5%E0%B8%B2%E0%B8%89%E0%B8%A5%E0%B8%B2%E0%B8%A1.html HTTP/1.1", host: "emuchildrensbooks.com.au"
2025/11/12 09:23:01 [error] 23002#23002: *506 openat() "/usr/local/apache/htdocs/casino/ทดลอง เกม pg ฟรี.html" failed (2: No such file or directory), client: 66.249.64.128, server: cwp2.slnet.com.au, request: "GET /casino/%E0%B8%97%E0%B8%94%E0%B8%A5%E0%B8%AD%E0%B8%87%20%E0%B9%80%E0%B8%81%E0%B8%A1%20pg%20%E0%B8%9F%E0%B8%A3%E0%B8%B5.html HTTP/1.1", host: "emuartaustralia.com.au"
2025/11/12 09:23:03 [error] 23008#23008: *524 openat() "/usr/local/apache/htdocs/casino/777pg slot login app.html" failed (2: No such file or directory), client: 66.249.70.97, server: cwp2.slnet.com.au, request: "GET /casino/777pg%20slot%20login%20app.html HTTP/1.1", host: "emuchildrensbooks.com.au"
2025/11/12 09:23:04 [error] 23000#23000: *424 openat() "/usr/local/apache/htdocs/fishing/pg demo slot new game.html" failed (2: No such file or directory), client: 66.249.64.162, server: cwp2.slnet.com.au, request: "GET /fishing/pg%20demo%20slot%20new%20game.html HTTP/1.1", host: "giraffedocklands.com.au"
2025/11/12 09:23:07 [error] 23002#23002: *506 openat() "/usr/local/apache/htdocs/app/สล็อต pg ฟรี 2021 ทดลอง เล่น.html" failed (2: No such file or directory), client: 66.249.64.128, server: cwp2.slnet.com.au, request: "GET /app/%E0%B8%AA%E0%B8%A5%E0%B9%87%E0%B8%AD%E0%B8%95%20pg%20%E0%B8%9F%E0%B8%A3%E0%B8%B5%202021%20%E0%B8%97%E0%B8%94%E0%B8%A5%E0%B8%AD%E0%B8%87%20%E0%B9%80%E0%B8%A5%E0%B9%88%E0%B8%99.html HTTP/1.1", host: "emuartaustralia.com.au"
2025/11/12 09:23:07 [error] 22998#22998: *572 openat() "/usr/local/apache/htdocs/slot 888.aspx" failed (2: No such file or directory), client: 17.246.23.58, server: cwp2.slnet.com.au, request: "GET /slot%20888.aspx HTTP/1.1", host: "bje.org.au"
2025/11/12 09:23:08 [error] 23009#23009: *579 openat() "/usr/local/apache/htdocs/men" failed (2: No such file or directory), client: 114.119.151.82, server: cwp2.slnet.com.au, request: "GET /men HTTP/1.1", host: "southerncrosscentre.org.au", referrer: "https://southerncrosscentre.org.au/men/"
2025/11/12 09:23:09 [error] 23009#23009: *479 openat() "/usr/local/apache/htdocs/fishing/รีวิว คลิปหลุดคะแนน มวยไทย สดๆ.html" failed (2: No such file or directory), client: 66.249.70.96, server: cwp2.slnet.com.au, request: "GET /fishing/%E0%B8%A3%E0%B8%B5%E0%B8%A7%E0%B8%B4%E0%B8%A7%20%E0%B8%84%E0%B8%A5%E0%B8%B4%E0%B8%9B%E0%B8%AB%E0%B8%A5%E0%B8%B8%E0%B8%94%E0%B8%84%E0%B8%B0%E0%B9%81%E0%B8%99%E0%B8%99%20%E0%B8%A1%E0%B8%A7%E0%B8%A2%E0%B9%84%E0%B8%97%E0%B8%A2%20%E0%B8%AA%E0%B8%94%E0%B9%86.html HTTP/1.1", host: "emuchildrensbooks.com.au"
2025/11/12 09:23:09 [error] 23004#23004: *244 openat() "/usr/local/apache/htdocs/bet/เว็บสล็อตแตกง่าย ฝากถอนไม่มีขั้นต่ํา.html" failed (2: No such file or directory), client: 66.249.70.110, server: cwp2.slnet.com.au, request: "GET /bet/%E0%B9%80%E0%B8%A7%E0%B9%87%E0%B8%9A%E0%B8%AA%E0%B8%A5%E0%B9%87%E0%B8%AD%E0%B8%95%E0%B9%81%E0%B8%95%E0%B8%81%E0%B8%87%E0%B9%88%E0%B8%B2%E0%B8%A2%20%E0%B8%9D%E0%B8%B2%E0%B8%81%E0%B8%96%E0%B8%AD%E0%B8%99%E0%B9%84%E0%B8%A1%E0%B9%88%E0%B8%A1%E0%B8%B5%E0%B8%82%E0%B8%B1%E0%B9%89%E0%B8%99%E0%B8%95%E0%B9%88%E0%B9%8D%E0%B8%B2.html HTTP/1.1", host: "emuchildrensbooks.com.au"
2025/11/12 09:23:10 [error] 23009#23009: *508 openat() "/usr/local/apache/htdocs/cash/pgสล็อต168.html" failed (2: No such file or directory), client: 66.249.64.98, server: cwp2.slnet.com.au, request: "GET /cash/pg%E0%B8%AA%E0%B8%A5%E0%B9%87%E0%B8%AD%E0%B8%95168.html HTTP/1.1", host: "perfectcablingandsecurity.com.au"
2025/11/12 09:23:10 [error] 23004#23004: *244 openat() "/usr/local/apache/htdocs/casino/pg slot 168 win.html" failed (2: No such file or directory), client: 66.249.70.110, server: cwp2.slnet.com.au, request: "GET /casino/pg%20slot%20168%20win.html HTTP/1.1", host: "emuchildrensbooks.com.au"
2025/11/12 09:23:11 [error] 23009#23009: *586 openat() "/usr/local/apache/htdocs/robots.txt" failed (2: No such file or directory), client: 66.249.64.35, server: cwp2.slnet.com.au, request: "GET /robots.txt HTTP/1.1", host: "jewishassociation.org.au"
2025/11/12 09:23:11 [error] 23009#23009: *479 openat() "/usr/local/apache/htdocs/video/slot pg 1688.html" failed (2: No such file or directory), client: 66.249.70.96, server: cwp2.slnet.com.au, request: "GET /video/slot%20pg%201688.html HTTP/1.1", host: "emuchildrensbooks.com.au"
2025/11/12 09:23:12 [error] 23000#23000: *424 openat() "/usr/local/apache/htdocs/betting/สล็อตค่ายpg.html" failed (2: No such file or directory), client: 66.249.64.162, server: cwp2.slnet.com.au, request: "GET /betting/%E0%B8%AA%E0%B8%A5%E0%B9%87%E0%B8%AD%E0%B8%95%E0%B8%84%E0%B9%88%E0%B8%B2%E0%B8%A2pg.html HTTP/1.1", host: "giraffedocklands.com.au"
2025/11/12 09:23:12 [error] 23009#23009: *479 openat() "/usr/local/apache/htdocs/deposit/ufa168 มือถือ ลงทะเบียน.html" failed (2: No such file or directory), client: 66.249.70.96, server: cwp2.slnet.com.au, request: "GET /deposit/ufa168%20%E0%B8%A1%E0%B8%B7%E0%B8%AD%E0%B8%96%E0%B8%B7%E0%B8%AD%20%E0%B8%A5%E0%B8%87%E0%B8%97%E0%B8%B0%E0%B9%80%E0%B8%9A%E0%B8%B5%E0%B8%A2%E0%B8%99.html HTTP/1.1", host: "emuchildrensbooks.com.au"
2025/11/12 09:23:13 [error] 23009#23009: *508 openat() "/usr/local/apache/htdocs/xoso/บทความ  ทางเข้า ufa ไทย.html" failed (2: No such file or directory), client: 66.249.64.98, server: cwp2.slnet.com.au, request: "GET /xoso/%E0%B8%9A%E0%B8%97%E0%B8%84%E0%B8%A7%E0%B8%B2%E0%B8%A1%20%20%E0%B8%97%E0%B8%B2%E0%B8%87%E0%B9%80%E0%B8%82%E0%B9%89%E0%B8%B2%20ufa%20%E0%B9%84%E0%B8%97%E0%B8%A2.html HTTP/1.1", host: "perfectcablingandsecurity.com.au"
2025/11/12 09:23:13 [error] 23000#23000: *424 openat() "/usr/local/apache/htdocs/ios/สล็อตpgแตกง่ายล่าสุด.html" failed (2: No such file or directory), client: 66.249.64.162, server: cwp2.slnet.com.au, request: "GET /ios/%E0%B8%AA%E0%B8%A5%E0%B9%87%E0%B8%AD%E0%B8%95pg%E0%B9%81%E0%B8%95%E0%B8%81%E0%B8%87%E0%B9%88%E0%B8%B2%E0%B8%A2%E0%B8%A5%E0%B9%88%E0%B8%B2%E0%B8%AA%E0%B8%B8%E0%B8%94.html HTTP/1.1", host: "giraffedocklands.com.au"
2025/11/12 09:23:15 [error] 23004#23004: *244 openat() "/usr/local/apache/htdocs/sitemap/ทดลอง เกม pg ฟรี.html" failed (2: No such file or directory), client: 66.249.70.110, server: cwp2.slnet.com.au, request: "GET /sitemap/%E0%B8%97%E0%B8%94%E0%B8%A5%E0%B8%AD%E0%B8%87%20%E0%B9%80%E0%B8%81%E0%B8%A1%20pg%20%E0%B8%9F%E0%B8%A3%E0%B8%B5.html HTTP/1.1", host: "emuchildrensbooks.com.au"
2025/11/12 09:23:16 [error] 23005#23005: *624 openat() "/usr/local/apache/htdocs/project/residential-hard-court-resurfacing" failed (2: No such file or directory), client: 54.158.113.53, server: cwp2.slnet.com.au, request: "HEAD /project/residential-hard-court-resurfacing HTTP/1.1", host: "www.allsportprojects.com.au"
2025/11/12 09:23:16 [error] 23000#23000: *627 "/usr/local/apache/htdocs/product-category/brands/titleist/index.php" is not found (2: No such file or directory), client: 43.173.181.222, server: cwp2.slnet.com.au, request: "GET /product-category/brands/titleist/ HTTP/1.1", host: "eaglegolf.com.au"
2025/11/12 09:23:20 [error] 23000#23000: *424 openat() "/usr/local/apache/htdocs/xoso/เว็บสล็อตแตกง่ายๆ.html" failed (2: No such file or directory), client: 66.249.64.162, server: cwp2.slnet.com.au, request: "GET /xoso/%E0%B9%80%E0%B8%A7%E0%B9%87%E0%B8%9A%E0%B8%AA%E0%B8%A5%E0%B9%87%E0%B8%AD%E0%B8%95%E0%B9%81%E0%B8%95%E0%B8%81%E0%B8%87%E0%B9%88%E0%B8%B2%E0%B8%A2%E0%B9%86.html HTTP/1.1", host: "giraffedocklands.com.au"
2025/11/12 09:23:22 [error] 23004#23004: *244 openat() "/usr/local/apache/htdocs/deposit/สล็อต pg ฟรี เครดิต.html" failed (2: No such file or directory), client: 66.249.70.110, server: cwp2.slnet.com.au, request: "GET /deposit/%E0%B8%AA%E0%B8%A5%E0%B9%87%E0%B8%AD%E0%B8%95%20pg%20%E0%B8%9F%E0%B8%A3%E0%B8%B5%20%E0%B9%80%E0%B8%84%E0%B8%A3%E0%B8%94%E0%B8%B4%E0%B8%95.html HTTP/1.1", host: "emuchildrensbooks.com.au"
2025/11/12 09:23:22 [error] 23000#23000: *424 openat() "/usr/local/apache/htdocs/gambling/เกมสล็อตpgแท้.html" failed (2: No such file or directory), client: 66.249.64.162, server: cwp2.slnet.com.au, request: "GET /gambling/%E0%B9%80%E0%B8%81%E0%B8%A1%E0%B8%AA%E0%B8%A5%E0%B9%87%E0%B8%AD%E0%B8%95pg%E0%B9%81%E0%B8%97%E0%B9%89.html HTTP/1.1", host: "giraffedocklands.com.au"
2025/11/12 09:23:23 [error] 23009#23009: *646 "/usr/local/apache/htdocs/knowledge-centre/israel/history/timeline/index.php" is not found (2: No such file or directory), client: 52.167.144.177, server: cwp2.slnet.com.au, request: "GET /knowledge-centre/israel/history/timeline/ HTTP/1.1", host: "bje.org.au"
2025/11/12 09:23:23 [error] 23000#23000: *424 openat() "/usr/local/apache/htdocs/dabong/รีวิว คลิปหลุดคะแนน มวยไทย สดๆ.html" failed (2: No such file or directory), client: 66.249.64.162, server: cwp2.slnet.com.au, request: "GET /dabong/%E0%B8%A3%E0%B8%B5%E0%B8%A7%E0%B8%B4%E0%B8%A7%20%E0%B8%84%E0%B8%A5%E0%B8%B4%E0%B8%9B%E0%B8%AB%E0%B8%A5%E0%B8%B8%E0%B8%94%E0%B8%84%E0%B8%B0%E0%B9%81%E0%B8%99%E0%B8%99%20%E0%B8%A1%E0%B8%A7%E0%B8%A2%E0%B9%84%E0%B8%97%E0%B8%A2%20%E0%B8%AA%E0%B8%94%E0%B9%86.html HTTP/1.1", host: "giraffedocklands.com.au"
2025/11/12 09:23:23 [error] 23000#23000: *424 openat() "/usr/local/apache/htdocs/xoso/เกมสล็อต ทดลองเล่นฟรี pg.html" failed (2: No such file or directory), client: 66.249.64.162, server: cwp2.slnet.com.au, request: "GET /xoso/%E0%B9%80%E0%B8%81%E0%B8%A1%E0%B8%AA%E0%B8%A5%E0%B9%87%E0%B8%AD%E0%B8%95%20%E0%B8%97%E0%B8%94%E0%B8%A5%E0%B8%AD%E0%B8%87%E0%B9%80%E0%B8%A5%E0%B9%88%E0%B8%99%E0%B8%9F%E0%B8%A3%E0%B8%B5%20pg.html HTTP/1.1", host: "giraffedocklands.com.au"
2025/11/12 09:23:23 [error] 23008#23008: *648 openat() "/usr/local/apache/htdocs/terms-and-conditions" failed (2: No such file or directory), client: 149.57.176.213, server: cwp2.slnet.com.au, request: "GET /terms-and-conditions HTTP/1.1", host: "autoshield.com.au"
2025/11/12 09:23:23 [error] 23004#23004: *244 openat() "/usr/local/apache/htdocs/sitemap/https auto pg slot 168 com.html" failed (2: No such file or directory), client: 66.249.70.110, server: cwp2.slnet.com.au, request: "GET /sitemap/https%20auto%20pg%20slot%20168%20com.html HTTP/1.1", host: "emuchildrensbooks.com.au"
2025/11/12 09:23:25 [error] 23002#23002: *506 openat() "/usr/local/apache/htdocs/dabong/777pg slot login password.html" failed (2: No such file or directory), client: 66.249.64.128, server: cwp2.slnet.com.au, request: "GET /dabong/777pg%20slot%20login%20password.html HTTP/1.1", host: "emuartaustralia.com.au"
2025/11/12 09:23:25 [error] 23002#23002: *506 openat() "/usr/local/apache/htdocs/betting/วอเลทสล็อต 789 ฟรีเครดิต.html" failed (2: No such file or directory), client: 66.249.64.128, server: cwp2.slnet.com.au, request: "GET /betting/%E0%B8%A7%E0%B8%AD%E0%B9%80%E0%B8%A5%E0%B8%97%E0%B8%AA%E0%B8%A5%E0%B9%87%E0%B8%AD%E0%B8%95%20789%20%E0%B8%9F%E0%B8%A3%E0%B8%B5%E0%B9%80%E0%B8%84%E0%B8%A3%E0%B8%94%E0%B8%B4%E0%B8%95.html HTTP/1.1", host: "emuartaustralia.com.au"
2025/11/12 09:23:26 [error] 23002#23002: *506 openat() "/usr/local/apache/htdocs/bonus/เกมสล็อตpg888.html" failed (2: No such file or directory), client: 66.249.64.128, server: cwp2.slnet.com.au, request: "GET /bonus/%E0%B9%80%E0%B8%81%E0%B8%A1%E0%B8%AA%E0%B8%A5%E0%B9%87%E0%B8%AD%E0%B8%95pg888.html HTTP/1.1", host: "emuartaustralia.com.au"
2026/03/10 18:09:06 [error] 14453#14453: *5141 upstream prematurely closed connection while reading response header from upstream, client: 145.239.65.226, server: cwp2.slnet.com.au, request: "GET /robots.txt HTTP/1.1", upstream: "http://103.4.122.14:8181/robots.txt", host: "www.hostone.com.au"
2026/03/10 18:37:44 [error] 14448#14448: *25722 upstream prematurely closed connection while reading response header from upstream, client: 51.83.11.76, server: cwp2.slnet.com.au, request: "GET /betflix%20slot.aspx HTTP/1.1", upstream: "http://103.4.122.14:8181/betflix%20slot.aspx", host: "giraffemosman.com.au"
2026/03/10 18:37:48 [error] 14448#14448: *25722 upstream prematurely closed connection while reading response header from upstream, client: 51.83.11.76, server: cwp2.slnet.com.au, request: "GET /betflix%20thailand.aspx HTTP/1.1", upstream: "http://103.4.122.14:8181/betflix%20thailand.aspx", host: "giraffemosman.com.au"
2026/03/10 18:37:51 [error] 14448#14448: *25722 upstream prematurely closed connection while reading response header from upstream, client: 51.83.11.76, server: cwp2.slnet.com.au, request: "GET /betflix%20wallet.aspx HTTP/1.1", upstream: "http://103.4.122.14:8181/betflix%20wallet.aspx", host: "giraffemosman.com.au"
2026/03/10 18:37:53 [error] 14448#14448: *25722 upstream prematurely closed connection while reading response header from upstream, client: 51.83.11.76, server: cwp2.slnet.com.au, request: "GET /casino%20betflik.aspx HTTP/1.1", upstream: "http://103.4.122.14:8181/casino%20betflik.aspx", host: "giraffemosman.com.au"
2026/03/10 18:37:56 [error] 14448#14448: *25722 upstream prematurely closed connection while reading response header from upstream, client: 51.83.11.76, server: cwp2.slnet.com.au, request: "GET /casino%20betflix.aspx HTTP/1.1", upstream: "http://103.4.122.14:8181/casino%20betflix.aspx", host: "giraffemosman.com.au"
2026/03/10 18:38:00 [error] 14448#14448: *25722 upstream prematurely closed connection while reading response header from upstream, client: 51.83.11.76, server: cwp2.slnet.com.au, request: "GET /casino%20wallet.aspx HTTP/1.1", upstream: "http://103.4.122.14:8181/casino%20wallet.aspx", host: "giraffemosman.com.au"
2026/03/10 18:38:04 [error] 14448#14448: *25722 upstream prematurely closed connection while reading response header from upstream, client: 51.83.11.76, server: cwp2.slnet.com.au, request: "GET /demon%20slot%20game.aspx HTTP/1.1", upstream: "http://103.4.122.14:8181/demon%20slot%20game.aspx", host: "giraffemosman.com.au"
2026/03/10 18:38:07 [error] 14448#14448: *25722 upstream prematurely closed connection while reading response header from upstream, client: 51.83.11.76, server: cwp2.slnet.com.au, request: "GET /dg%20casino.aspx HTTP/1.1", upstream: "http://103.4.122.14:8181/dg%20casino.aspx", host: "giraffemosman.com.au"
2026/03/10 18:38:10 [error] 14448#14448: *25722 upstream prematurely closed connection while reading response header from upstream, client: 51.83.11.76, server: cwp2.slnet.com.au, request: "GET /g2g%20slot.aspx HTTP/1.1", upstream: "http://103.4.122.14:8181/g2g%20slot.aspx", host: "giraffemosman.com.au"
2026/03/10 18:38:12 [error] 14448#14448: *25722 upstream prematurely closed connection while reading response header from upstream, client: 51.83.11.76, server: cwp2.slnet.com.au, request: "GET /galaxy%20slot.aspx HTTP/1.1", upstream: "http://103.4.122.14:8181/galaxy%20slot.aspx", host: "giraffemosman.com.au"
2026/03/10 18:38:15 [error] 14448#14448: *25722 upstream prematurely closed connection while reading response header from upstream, client: 51.83.11.76, server: cwp2.slnet.com.au, request: "GET /h25%20com.aspx HTTP/1.1", upstream: "http://103.4.122.14:8181/h25%20com.aspx", host: "giraffemosman.com.au"
2026/03/10 18:38:17 [error] 14448#14448: *25722 upstream prematurely closed connection while reading response header from upstream, client: 51.83.11.76, server: cwp2.slnet.com.au, request: "GET /jili%20slot.aspx HTTP/1.1", upstream: "http://103.4.122.14:8181/jili%20slot.aspx", host: "giraffemosman.com.au"
2026/03/10 18:38:21 [error] 14448#14448: *25722 upstream prematurely closed connection while reading response header from upstream, client: 51.83.11.76, server: cwp2.slnet.com.au, request: "GET /www%20ufabet%20com.aspx HTTP/1.1", upstream: "http://103.4.122.14:8181/www%20ufabet%20com.aspx", host: "giraffemosman.com.au"
2026/03/10 21:08:21 [error] 3846#3846: *138810 access forbidden by rule, client: 170.64.201.27, server: cwp2.slnet.com.au, request: "GET /.git/config HTTP/1.1", host: "ftp.podcastsdoneforyou.com.au"
2026/03/10 21:08:21 [error] 3819#3819: *138831 access forbidden by rule, client: 170.64.201.27, server: cwp2.slnet.com.au, request: "GET /.git/config HTTP/1.1", host: "ftp.podcastsdoneforyou.online"
2026/03/10 21:08:21 [error] 3835#3835: *138838 upstream prematurely closed connection while reading response header from upstream, client: 170.64.201.27, server: cwp2.slnet.com.au, request: "GET /blog HTTP/1.1", upstream: "http://103.4.122.14:8181/blog", host: "ftp.podcastsdoneforyou.online"
2026/03/10 21:08:21 [error] 3820#3820: *138832 upstream prematurely closed connection while reading response header from upstream, client: 170.64.201.27, server: cwp2.slnet.com.au, request: "GET /debug/default/index HTTP/1.1", upstream: "http://103.4.122.14:8181/debug/default/index", host: "ftp.podcastsdoneforyou.online"
2026/03/10 21:08:21 [error] 3847#3847: *138839 upstream prematurely closed connection while reading response header from upstream, client: 170.64.201.27, server: cwp2.slnet.com.au, request: "GET /new HTTP/1.1", upstream: "http://103.4.122.14:8181/new", host: "ftp.podcastsdoneforyou.online"
2026/03/10 21:08:21 [error] 3819#3819: *138831 upstream prematurely closed connection while reading response header from upstream, client: 170.64.201.27, server: cwp2.slnet.com.au, request: "POST / HTTP/1.1", upstream: "http://103.4.122.14:8181/", host: "ftp.podcastsdoneforyou.online"
2026/03/10 21:08:21 [error] 3847#3847: *138833 upstream prematurely closed connection while reading response header from upstream, client: 170.64.201.27, server: cwp2.slnet.com.au, request: "GET /vendor/laravel-filemanager/js/script.js HTTP/1.1", upstream: "http://103.4.122.14:8181/vendor/laravel-filemanager/js/script.js", host: "ftp.podcastsdoneforyou.online"
2026/03/10 21:08:21 [error] 3835#3835: *138838 upstream prematurely closed connection while reading response header from upstream, client: 170.64.201.27, server: cwp2.slnet.com.au, request: "POST /vendor/phpunit/phpunit/src/Util/PHP/eval-stdin.php HTTP/1.1", upstream: "http://103.4.122.14:8181/vendor/phpunit/phpunit/src/Util/PHP/eval-stdin.php", host: "ftp.podcastsdoneforyou.online"
2026/03/10 21:08:21 [error] 3819#3819: *138831 upstream prematurely closed connection while reading response header from upstream, client: 170.64.201.27, server: cwp2.slnet.com.au, request: "GET /_ignition/execute-solution HTTP/1.1", upstream: "http://103.4.122.14:8181/_ignition/execute-solution", host: "ftp.podcastsdoneforyou.online"
2026/03/10 21:08:21 [error] 3835#3835: *138838 upstream prematurely closed connection while reading response header from upstream, client: 170.64.201.27, server: cwp2.slnet.com.au, request: "GET /public/vendor/laravel-filemanager/js/script.js HTTP/1.1", upstream: "http://103.4.122.14:8181/public/vendor/laravel-filemanager/js/script.js", host: "ftp.podcastsdoneforyou.online"
2026/03/10 21:12:57 [error] 3847#3847: *142329 access forbidden by rule, client: 170.64.214.66, server: cwp2.slnet.com.au, request: "GET /.git/config HTTP/1.1", host: "ftp.xsal.com.au"
2026/03/10 21:12:57 [error] 3843#3843: *142349 access forbidden by rule, client: 170.64.214.66, server: cwp2.slnet.com.au, request: "GET /.git/config HTTP/1.1", host: "ftp.xsal.net.au"
2026/03/10 21:12:57 [error] 3843#3843: *142350 upstream prematurely closed connection while reading response header from upstream, client: 170.64.214.66, server: cwp2.slnet.com.au, request: "GET /debug/default/index HTTP/1.1", upstream: "http://103.4.122.14:8181/debug/default/index", host: "ftp.xsal.net.au"
2026/03/10 21:12:57 [error] 3843#3843: *142351 upstream prematurely closed connection while reading response header from upstream, client: 170.64.214.66, server: cwp2.slnet.com.au, request: "GET / HTTP/1.1", upstream: "http://103.4.122.14:8181/", host: "ftp.xsal.net.au"
2026/03/10 21:12:57 [error] 3831#3831: *142352 upstream prematurely closed connection while reading response header from upstream, client: 170.64.214.66, server: cwp2.slnet.com.au, request: "GET /wordpress HTTP/1.1", upstream: "http://103.4.122.14:8181/wordpress", host: "ftp.xsal.net.au"
2026/03/10 21:12:57 [error] 3847#3847: *142354 upstream prematurely closed connection while reading response header from upstream, client: 170.64.214.66, server: cwp2.slnet.com.au, request: "GET /demo HTTP/1.1", upstream: "http://103.4.122.14:8181/demo", host: "ftp.xsal.net.au"
2026/03/10 21:12:57 [error] 3847#3847: *142353 upstream prematurely closed connection while reading response header from upstream, client: 170.64.214.66, server: cwp2.slnet.com.au, request: "GET /blog HTTP/1.1", upstream: "http://103.4.122.14:8181/blog", host: "ftp.xsal.net.au"
2026/03/10 21:12:57 [error] 3835#3835: *142355 upstream prematurely closed connection while reading response header from upstream, client: 170.64.214.66, server: cwp2.slnet.com.au, request: "GET /new HTTP/1.1", upstream: "http://103.4.122.14:8181/new", host: "ftp.xsal.net.au"
2026/03/10 21:12:57 [error] 3843#3843: *142351 upstream prematurely closed connection while reading response header from upstream, client: 170.64.214.66, server: cwp2.slnet.com.au, request: "POST /vendor/phpunit/phpunit/src/Util/PHP/eval-stdin.php HTTP/1.1", upstream: "http://103.4.122.14:8181/vendor/phpunit/phpunit/src/Util/PHP/eval-stdin.php", host: "ftp.xsal.net.au"
2026/03/10 21:12:57 [error] 3843#3843: *142349 upstream prematurely closed connection while reading response header from upstream, client: 170.64.214.66, server: cwp2.slnet.com.au, request: "POST / HTTP/1.1", upstream: "http://103.4.122.14:8181/", host: "ftp.xsal.net.au"
2026/03/10 21:12:57 [error] 3843#3843: *142350 upstream prematurely closed connection while reading response header from upstream, client: 170.64.214.66, server: cwp2.slnet.com.au, request: "GET /vendor/laravel-filemanager/js/script.js HTTP/1.1", upstream: "http://103.4.122.14:8181/vendor/laravel-filemanager/js/script.js", host: "ftp.xsal.net.au"
2026/03/10 21:12:57 [error] 3847#3847: *142354 upstream prematurely closed connection while reading response header from upstream, client: 170.64.214.66, server: cwp2.slnet.com.au, request: "GET /_ignition/execute-solution HTTP/1.1", upstream: "http://103.4.122.14:8181/_ignition/execute-solution", host: "ftp.xsal.net.au"
2026/03/10 21:12:57 [error] 3843#3843: *142350 upstream prematurely closed connection while reading response header from upstream, client: 170.64.214.66, server: cwp2.slnet.com.au, request: "GET /public/vendor/laravel-filemanager/js/script.js HTTP/1.1", upstream: "http://103.4.122.14:8181/public/vendor/laravel-filemanager/js/script.js", host: "ftp.xsal.net.au"
2026/03/10 21:15:02 [error] 3847#3847: *143921 access forbidden by rule, client: 170.64.201.27, server: cwp2.slnet.com.au, request: "GET /.git/config HTTP/1.1", host: "ftp.porterstein.com.au"
2026/03/10 21:37:56 [error] 3847#3847: *160465 access forbidden by rule, client: 170.64.201.27, server: cwp2.slnet.com.au, request: "GET /.git/config HTTP/1.1", host: "ftp.pumpbooking.com"
2026/03/10 21:52:05 [error] 3847#3847: *169594 access forbidden by rule, client: 209.38.23.202, server: cwp2.slnet.com.au, request: "GET /.git/config HTTP/1.1", host: "dreamtimebelievers.org"
2026/03/10 21:58:44 [error] 3833#3833: *174105 upstream prematurely closed connection while reading response header from upstream, client: 91.137.27.140, server: cwp2.slnet.com.au, request: "GET /apollo%20slot%20pg.aspx HTTP/1.1", upstream: "http://103.4.122.14:8181/apollo%20slot%20pg.aspx", host: "amecorp.com.au"
2026/03/10 21:58:45 [error] 3833#3833: *174105 upstream prematurely closed connection while reading response header from upstream, client: 91.137.27.140, server: cwp2.slnet.com.au, request: "GET /auto%20slot.aspx HTTP/1.1", upstream: "http://103.4.122.14:8181/auto%20slot.aspx", host: "amecorp.com.au"
2026/03/10 21:58:47 [error] 3833#3833: *174105 upstream prematurely closed connection while reading response header from upstream, client: 91.137.27.140, server: cwp2.slnet.com.au, request: "GET /betflik%20casino.aspx HTTP/1.1", upstream: "http://103.4.122.14:8181/betflik%20casino.aspx", host: "amecorp.com.au"
2026/03/10 21:58:49 [error] 3833#3833: *174105 upstream prematurely closed connection while reading response header from upstream, client: 91.137.27.140, server: cwp2.slnet.com.au, request: "GET /betflik%20co.aspx HTTP/1.1", upstream: "http://103.4.122.14:8181/betflik%20co.aspx", host: "amecorp.com.au"
2026/03/10 21:58:50 [error] 3833#3833: *174105 upstream prematurely closed connection while reading response header from upstream, client: 91.137.27.140, server: cwp2.slnet.com.au, request: "GET /betflik%20dc.aspx HTTP/1.1", upstream: "http://103.4.122.14:8181/betflik%20dc.aspx", host: "amecorp.com.au"
2026/03/10 21:58:52 [error] 3833#3833: *174105 upstream prematurely closed connection while reading response header from upstream, client: 91.137.27.140, server: cwp2.slnet.com.au, request: "GET /betflik%20original.aspx HTTP/1.1", upstream: "http://103.4.122.14:8181/betflik%20original.aspx", host: "amecorp.com.au"
2026/03/10 21:58:54 [error] 3833#3833: *174105 upstream prematurely closed connection while reading response header from upstream, client: 91.137.27.140, server: cwp2.slnet.com.au, request: "GET /betflik%20slot.aspx HTTP/1.1", upstream: "http://103.4.122.14:8181/betflik%20slot.aspx", host: "amecorp.com.au"
2026/03/10 21:58:55 [error] 3833#3833: *174105 upstream prematurely closed connection while reading response header from upstream, client: 91.137.27.140, server: cwp2.slnet.com.au, request: "GET /betflik%20thailand.aspx HTTP/1.1", upstream: "http://103.4.122.14:8181/betflik%20thailand.aspx", host: "amecorp.com.au"
2026/03/10 21:58:57 [error] 3833#3833: *174105 upstream prematurely closed connection while reading response header from upstream, client: 91.137.27.140, server: cwp2.slnet.com.au, request: "GET /betflix%20auto.aspx HTTP/1.1", upstream: "http://103.4.122.14:8181/betflix%20auto.aspx", host: "amecorp.com.au"
2026/03/10 21:58:58 [error] 3833#3833: *174105 upstream prematurely closed connection while reading response header from upstream, client: 91.137.27.140, server: cwp2.slnet.com.au, request: "GET /betflix%20casino.aspx HTTP/1.1", upstream: "http://103.4.122.14:8181/betflix%20casino.aspx", host: "amecorp.com.au"
2026/03/10 21:59:00 [error] 3833#3833: *174105 upstream prematurely closed connection while reading response header from upstream, client: 91.137.27.140, server: cwp2.slnet.com.au, request: "GET /betflix%20co.aspx HTTP/1.1", upstream: "http://103.4.122.14:8181/betflix%20co.aspx", host: "amecorp.com.au"
2026/03/10 21:59:02 [error] 3833#3833: *174105 upstream prematurely closed connection while reading response header from upstream, client: 91.137.27.140, server: cwp2.slnet.com.au, request: "GET /betflix%20slot.aspx HTTP/1.1", upstream: "http://103.4.122.14:8181/betflix%20slot.aspx", host: "amecorp.com.au"
2026/03/10 21:59:03 [error] 3833#3833: *174105 upstream prematurely closed connection while reading response header from upstream, client: 91.137.27.140, server: cwp2.slnet.com.au, request: "GET /betflix%20thailand.aspx HTTP/1.1", upstream: "http://103.4.122.14:8181/betflix%20thailand.aspx", host: "amecorp.com.au"
2026/03/10 21:59:04 [error] 3847#3847: *174707 access forbidden by rule, client: 170.64.163.177, server: cwp2.slnet.com.au, request: "GET /.git/config HTTP/1.1", host: "janeelizabethcrane.com"
2026/03/10 21:59:05 [error] 3833#3833: *174105 upstream prematurely closed connection while reading response header from upstream, client: 91.137.27.140, server: cwp2.slnet.com.au, request: "GET /betflix%20wallet.aspx HTTP/1.1", upstream: "http://103.4.122.14:8181/betflix%20wallet.aspx", host: "amecorp.com.au"
2026/03/10 21:59:07 [error] 3833#3833: *174105 upstream prematurely closed connection while reading response header from upstream, client: 91.137.27.140, server: cwp2.slnet.com.au, request: "GET /casino%20betflik.aspx HTTP/1.1", upstream: "http://103.4.122.14:8181/casino%20betflik.aspx", host: "amecorp.com.au"
2026/03/10 21:59:08 [error] 3833#3833: *174105 upstream prematurely closed connection while reading response header from upstream, client: 91.137.27.140, server: cwp2.slnet.com.au, request: "GET /casino%20betflix.aspx HTTP/1.1", upstream: "http://103.4.122.14:8181/casino%20betflix.aspx", host: "amecorp.com.au"
2026/03/10 21:59:10 [error] 3833#3833: *174105 upstream prematurely closed connection while reading response header from upstream, client: 91.137.27.140, server: cwp2.slnet.com.au, request: "GET /casino%20wallet.aspx HTTP/1.1", upstream: "http://103.4.122.14:8181/casino%20wallet.aspx", host: "amecorp.com.au"
2026/03/10 21:59:12 [error] 3833#3833: *174105 upstream prematurely closed connection while reading response header from upstream, client: 91.137.27.140, server: cwp2.slnet.com.au, request: "GET /demon%20slot%20game.aspx HTTP/1.1", upstream: "http://103.4.122.14:8181/demon%20slot%20game.aspx", host: "amecorp.com.au"
2026/03/10 21:59:13 [error] 3833#3833: *174105 upstream prematurely closed connection while reading response header from upstream, client: 91.137.27.140, server: cwp2.slnet.com.au, request: "GET /dg%20casino.aspx HTTP/1.1", upstream: "http://103.4.122.14:8181/dg%20casino.aspx", host: "amecorp.com.au"
2026/03/10 21:59:15 [error] 3833#3833: *174105 upstream prematurely closed connection while reading response header from upstream, client: 91.137.27.140, server: cwp2.slnet.com.au, request: "GET /g2g%20slot.aspx HTTP/1.1", upstream: "http://103.4.122.14:8181/g2g%20slot.aspx", host: "amecorp.com.au"
2026/03/10 21:59:17 [error] 3833#3833: *174105 upstream prematurely closed connection while reading response header from upstream, client: 91.137.27.140, server: cwp2.slnet.com.au, request: "GET /galaxy%20auto%20slot.aspx HTTP/1.1", upstream: "http://103.4.122.14:8181/galaxy%20auto%20slot.aspx", host: "amecorp.com.au"
2026/03/10 21:59:18 [error] 3833#3833: *174105 upstream prematurely closed connection while reading response header from upstream, client: 91.137.27.140, server: cwp2.slnet.com.au, request: "GET /galaxy%20bet%20slot.aspx HTTP/1.1", upstream: "http://103.4.122.14:8181/galaxy%20bet%20slot.aspx", host: "amecorp.com.au"
2026/03/10 21:59:20 [error] 3833#3833: *174105 upstream prematurely closed connection while reading response header from upstream, client: 91.137.27.140, server: cwp2.slnet.com.au, request: "GET /h25%20com.aspx HTTP/1.1", upstream: "http://103.4.122.14:8181/h25%20com.aspx", host: "amecorp.com.au"
2026/03/10 21:59:21 [error] 3833#3833: *174105 upstream prematurely closed connection while reading response header from upstream, client: 91.137.27.140, server: cwp2.slnet.com.au, request: "GET /jili%20slot.aspx HTTP/1.1", upstream: "http://103.4.122.14:8181/jili%20slot.aspx", host: "amecorp.com.au"
2026/03/10 21:59:23 [error] 3833#3833: *174105 upstream prematurely closed connection while reading response header from upstream, client: 91.137.27.140, server: cwp2.slnet.com.au, request: "GET /joker%20slot.aspx HTTP/1.1", upstream: "http://103.4.122.14:8181/joker%20slot.aspx", host: "amecorp.com.au"
2026/03/10 21:59:25 [error] 3833#3833: *174105 upstream prematurely closed connection while reading response header from upstream, client: 91.137.27.140, server: cwp2.slnet.com.au, request: "GET /joker%20vip.aspx HTTP/1.1", upstream: "http://103.4.122.14:8181/joker%20vip.aspx", host: "amecorp.com.au"
2026/03/10 21:59:26 [error] 3833#3833: *174105 upstream prematurely closed connection while reading response header from upstream, client: 91.137.27.140, server: cwp2.slnet.com.au, request: "GET /kingkong%20joker.aspx HTTP/1.1", upstream: "http://103.4.122.14:8181/kingkong%20joker.aspx", host: "amecorp.com.au"
2026/03/10 21:59:28 [error] 3833#3833: *174105 upstream prematurely closed connection while reading response header from upstream, client: 91.137.27.140, server: cwp2.slnet.com.au, request: "GET /lava%20slot.aspx HTTP/1.1", upstream: "http://103.4.122.14:8181/lava%20slot.aspx", host: "amecorp.com.au"
2026/03/10 21:59:30 [error] 3833#3833: *174105 upstream prematurely closed connection while reading response header from upstream, client: 91.137.27.140, server: cwp2.slnet.com.au, request: "GET /mega%20slot.aspx HTTP/1.1", upstream: "http://103.4.122.14:8181/mega%20slot.aspx", host: "amecorp.com.au"
2026/03/10 21:59:32 [error] 3833#3833: *174105 upstream prematurely closed connection while reading response header from upstream, client: 91.137.27.140, server: cwp2.slnet.com.au, request: "GET /metal%20slot.aspx HTTP/1.1", upstream: "http://103.4.122.14:8181/metal%20slot.aspx", host: "amecorp.com.au"
2026/03/10 21:59:33 [error] 3833#3833: *174105 upstream prematurely closed connection while reading response header from upstream, client: 91.137.27.140, server: cwp2.slnet.com.au, request: "GET /pg%20168.aspx HTTP/1.1", upstream: "http://103.4.122.14:8181/pg%20168.aspx", host: "amecorp.com.au"
2026/03/10 21:59:35 [error] 3833#3833: *174105 upstream prematurely closed connection while reading response header from upstream, client: 91.137.27.140, server: cwp2.slnet.com.au, request: "GET /pg%20auto.aspx HTTP/1.1", upstream: "http://103.4.122.14:8181/pg%20auto.aspx", host: "amecorp.com.au"
2026/03/10 21:59:36 [error] 3833#3833: *174105 upstream prematurely closed connection while reading response header from upstream, client: 91.137.27.140, server: cwp2.slnet.com.au, request: "GET /pg%20betflik.aspx HTTP/1.1", upstream: "http://103.4.122.14:8181/pg%20betflik.aspx", host: "amecorp.com.au"
2026/03/10 21:59:38 [error] 3833#3833: *174105 upstream prematurely closed connection while reading response header from upstream, client: 91.137.27.140, server: cwp2.slnet.com.au, request: "GET /pg%20game%20slot.aspx HTTP/1.1", upstream: "http://103.4.122.14:8181/pg%20game%20slot.aspx", host: "amecorp.com.au"
2026/03/10 21:59:40 [error] 3833#3833: *174105 upstream prematurely closed connection while reading response header from upstream, client: 91.137.27.140, server: cwp2.slnet.com.au, request: "GET /pg%20game.aspx HTTP/1.1", upstream: "http://103.4.122.14:8181/pg%20game.aspx", host: "amecorp.com.au"
2026/03/10 21:59:41 [error] 3833#3833: *174105 upstream prematurely closed connection while reading response header from upstream, client: 91.137.27.140, server: cwp2.slnet.com.au, request: "GET /pg%20joker%20auto.aspx HTTP/1.1", upstream: "http://103.4.122.14:8181/pg%20joker%20auto.aspx", host: "amecorp.com.au"
2026/03/10 22:00:01 [error] 3833#3833: *174105 upstream prematurely closed connection while reading response header from upstream, client: 91.137.27.140, server: cwp2.slnet.com.au, request: "GET /pg%20slot%20wallet.aspx HTTP/1.1", upstream: "http://103.4.122.14:8181/pg%20slot%20wallet.aspx", host: "amecorp.com.au"
2026/03/10 22:00:03 [error] 3833#3833: *174105 upstream prematurely closed connection while reading response header from upstream, client: 91.137.27.140, server: cwp2.slnet.com.au, request: "GET /pg%20slot.aspx HTTP/1.1", upstream: "http://103.4.122.14:8181/pg%20slot.aspx", host: "amecorp.com.au"
2026/03/10 22:00:05 [error] 3833#3833: *174105 upstream prematurely closed connection while reading response header from upstream, client: 91.137.27.140, server: cwp2.slnet.com.au, request: "GET /pg%20slot168.aspx HTTP/1.1", upstream: "http://103.4.122.14:8181/pg%20slot168.aspx", host: "amecorp.com.au"
2026/03/10 22:00:06 [error] 3833#3833: *174105 upstream prematurely closed connection while reading response header from upstream, client: 91.137.27.140, server: cwp2.slnet.com.au, request: "GET /pg%20slot99.aspx HTTP/1.1", upstream: "http://103.4.122.14:8181/pg%20slot99.aspx", host: "amecorp.com.au"
2026/03/10 22:00:08 [error] 3833#3833: *174105 upstream prematurely closed connection while reading response header from upstream, client: 91.137.27.140, server: cwp2.slnet.com.au, request: "GET /pg%20soft.aspx HTTP/1.1", upstream: "http://103.4.122.14:8181/pg%20soft.aspx", host: "amecorp.com.au"
2026/03/10 22:00:10 [error] 3833#3833: *174105 upstream prematurely closed connection while reading response header from upstream, client: 91.137.27.140, server: cwp2.slnet.com.au, request: "GET /pg%20th.aspx HTTP/1.1", upstream: "http://103.4.122.14:8181/pg%20th.aspx", host: "amecorp.com.au"
2026/03/10 22:00:12 [error] 3833#3833: *174105 upstream prematurely closed connection while reading response header from upstream, client: 91.137.27.140, server: cwp2.slnet.com.au, request: "GET /pg%20thailand.aspx HTTP/1.1", upstream: "http://103.4.122.14:8181/pg%20thailand.aspx", host: "amecorp.com.au"
2026/03/10 22:00:13 [error] 3833#3833: *174105 upstream prematurely closed connection while reading response header from upstream, client: 91.137.27.140, server: cwp2.slnet.com.au, request: "GET /pg%20wallet.aspx HTTP/1.1", upstream: "http://103.4.122.14:8181/pg%20wallet.aspx", host: "amecorp.com.au"
2026/03/10 22:00:15 [error] 3833#3833: *174105 upstream prematurely closed connection while reading response header from upstream, client: 91.137.27.140, server: cwp2.slnet.com.au, request: "GET /pg%20world.aspx HTTP/1.1", upstream: "http://103.4.122.14:8181/pg%20world.aspx", host: "amecorp.com.au"
2026/03/10 22:00:16 [error] 3833#3833: *174105 upstream prematurely closed connection while reading response header from upstream, client: 91.137.27.140, server: cwp2.slnet.com.au, request: "GET /pgslot%20login.aspx HTTP/1.1", upstream: "http://103.4.122.14:8181/pgslot%20login.aspx", host: "amecorp.com.au"
2026/03/10 22:00:18 [error] 3833#3833: *174105 upstream prematurely closed connection while reading response header from upstream, client: 91.137.27.140, server: cwp2.slnet.com.au, request: "GET /pgzeed%20gold.aspx HTTP/1.1", upstream: "http://103.4.122.14:8181/pgzeed%20gold.aspx", host: "amecorp.com.au"
