2025/11/12 08:20:51 [error] 2189#2189: *677 "/usr/local/apache/htdocs/tag/sacrifice/index.php" is not found (2: No such file or directory), client: 40.77.167.70, server: cwp2.slnet.com.au, request: "GET /tag/sacrifice/ HTTP/1.1", host: "www.maroubrasynagogue.org.au"
2025/11/12 08:43:47 [error] 24796#24796: *359 connect() failed (111: Connection refused) while connecting to upstream, client: 3.77.67.4, server: cwp2.slnet.com.au, request: "GET / HTTP/1.1", upstream: "http://103.4.122.14:8181/", host: "eaglegolf.com.au", referrer: "https://eaglegolf.com.au/"
2025/11/12 08:44:16 [error] 24797#24797: *479 connect() failed (111: Connection refused) while connecting to upstream, client: 114.119.153.208, server: cwp2.slnet.com.au, request: "GET /superslot%20%E0%B8%97%E0%B8%B2%E0%B8%87%E0%B9%80%E0%B8%82%E0%B9%89%E0%B8%B2.aspx HTTP/1.1", upstream: "http://103.4.122.14:8181/superslot%20%E0%B8%97%E0%B8%B2%E0%B8%87%E0%B9%80%E0%B8%82%E0%B9%89%E0%B8%B2.aspx", host: "eaglegolf.com.au", referrer: "https://eaglegolf.com.au/jet-menu-sitemap.xml"
2025/11/12 08:44:21 [error] 24795#24795: *492 connect() failed (111: Connection refused) while connecting to upstream, client: 40.77.167.25, server: cwp2.slnet.com.au, request: "GET /?e=295667428 HTTP/1.1", upstream: "http://103.4.122.14:8181/?e=295667428", host: "eaglegolf.com.au"
2025/11/12 08:44:22 [error] 24795#24795: *492 connect() failed (111: Connection refused) while connecting to upstream, client: 40.77.167.25, server: cwp2.slnet.com.au, request: "GET /?e=777728 HTTP/1.1", upstream: "http://103.4.122.14:8181/?e=777728", host: "eaglegolf.com.au"
2025/11/12 08:44:24 [error] 24793#24793: *500 connect() failed (111: Connection refused) while connecting to upstream, client: 3.227.180.70, server: cwp2.slnet.com.au, request: "GET /pgneko.aspx HTTP/1.1", upstream: "http://103.4.122.14:8181/pgneko.aspx", host: "abyssinianmetals.com"
2025/11/12 08:44:42 [error] 24802#24802: *557 connect() failed (111: Connection refused) while connecting to upstream, client: 40.77.167.25, server: cwp2.slnet.com.au, request: "GET /?e=27327228 HTTP/1.1", upstream: "http://103.4.122.14:8181/?e=27327228", host: "eaglegolf.com.au"
2025/11/12 08:44:46 [error] 24805#24805: *585 connect() failed (111: Connection refused) while connecting to upstream, client: 40.77.167.62, server: cwp2.slnet.com.au, request: "GET /?e=289214128 HTTP/1.1", upstream: "http://103.4.122.14:8181/?e=289214128", host: "eaglegolf.com.au"
2025/11/12 08:45:21 [error] 24800#24800: *757 connect() failed (111: Connection refused) while connecting to upstream, client: 40.77.167.25, server: cwp2.slnet.com.au, request: "GET /?e=287546028 HTTP/1.1", upstream: "http://103.4.122.14:8181/?e=287546028", host: "eaglegolf.com.au"
2025/11/12 08:45:39 [error] 24799#24799: *935 connect() failed (111: Connection refused) while connecting to upstream, client: 44.243.0.66, server: cwp2.slnet.com.au, request: "GET /robots.txt HTTP/1.1", upstream: "http://103.4.122.14:8181/robots.txt", host: "jonespt.hostone.com.au"
2025/11/12 08:45:39 [error] 24799#24799: *935 connect() failed (111: Connection refused) while connecting to upstream, client: 44.243.0.66, server: cwp2.slnet.com.au, request: "GET / HTTP/1.1", upstream: "http://103.4.122.14:8181/", host: "jonespt.hostone.com.au"
2025/11/12 08:45:40 [error] 24792#24792: *943 connect() failed (111: Connection refused) while connecting to upstream, client: 114.119.137.173, server: cwp2.slnet.com.au, request: "GET /%E0%B9%80%E0%B8%A7%E0%B9%87%E0%B8%9A%E0%B8%95%E0%B8%A3%E0%B8%87%20%E0%B8%AA%E0%B8%A5%E0%B9%87%E0%B8%AD%E0%B8%95%E0%B8%9D%E0%B8%B2%E0%B8%81%E0%B8%96%E0%B8%AD%E0%B8%99%20%E0%B9%84%E0%B8%A1%E0%B9%88%E0%B8%A1%E0%B8%B5%20%E0%B8%82%E0%B8%B1%E0%B9%89%E0%B8%99%E0%B8%95%E0%B9%88%E0%B8%B3%201%20%E0%B8%9A%E0%B8%B2%E0%B8%97%E0%B8%81%E0%B9%87%20%E0%B8%96%E0%B8%AD%E0%B8%99%E0%B9%84%E0%B8%94%E0%B9%89.aspx HTTP/1.1", upstream: "http://103.4.122.14:8181/%E0%B9%80%E0%B8%A7%E0%B9%87%E0%B8%9A%E0%B8%95%E0%B8%A3%E0%B8%87%20%E0%B8%AA%E0%B8%A5%E0%B9%87%E0%B8%AD%E0%B8%95%E0%B8%9D%E0%B8%B2%E0%B8%81%E0%B8%96%E0%B8%AD%E0%B8%99%20%E0%B9%84%E0%B8%A1%E0%B9%88%E0%B8%A1%E0%B8%B5%20%E0%B8%82%E0%B8%B1%E0%B9%89%E0%B8%99%E0%B8%95%E0%B9%88%E0%B8%B3%201%20%E0%B8%9A%E0%B8%B2%E0%B8%97%E0%B8%81%E0%B9%87%20%E0%B8%96%E0%B8%AD%E0%B8%99%E0%B9%84%E0%B8%94%E0%B9%89.aspx", host: "eaglegolf.com.au", referrer: "https://eaglegolf.com.au/product-category/apparel-footwear/shoes/?products-per-page=12"
2025/11/12 08:46:20 [error] 24801#24801: *1186 connect() failed (111: Connection refused) while connecting to upstream, client: 40.77.167.25, server: cwp2.slnet.com.au, request: "GET /?e=385304928 HTTP/1.1", upstream: "http://103.4.122.14:8181/?e=385304928", host: "eaglegolf.com.au"
2025/11/12 08:46:33 [error] 24803#24803: *1228 connect() failed (111: Connection refused) while connecting to upstream, client: 186.190.165.7, server: cwp2.slnet.com.au, request: "GET /magic-moment-foundation/ HTTP/1.1", upstream: "http://103.4.122.14:8181/magic-moment-foundation/", host: "www.dreamtimebelievers.org"
2025/11/12 08:47:22 [error] 24800#24800: *1430 connect() failed (111: Connection refused) while connecting to upstream, client: 110.249.201.57, server: cwp2.slnet.com.au, request: "GET /robots.txt HTTP/1.1", upstream: "http://103.4.122.14:8181/robots.txt", host: "dreamtimebelievers.org"
2025/11/12 08:47:32 [error] 24796#24796: *1453 connect() failed (111: Connection refused) while connecting to upstream, client: 35.81.77.245, server: cwp2.slnet.com.au, request: "GET /robots.txt HTTP/1.1", upstream: "http://103.4.122.14:8181/robots.txt", host: "ftp.totalcoolants.com.au"
2025/11/12 08:47:32 [error] 24796#24796: *1453 connect() failed (111: Connection refused) while connecting to upstream, client: 35.81.77.245, server: cwp2.slnet.com.au, request: "GET / HTTP/1.1", upstream: "http://103.4.122.14:8181/", host: "ftp.totalcoolants.com.au"
2025/11/12 08:47:43 [error] 24805#24805: *1487 connect() failed (111: Connection refused) while connecting to upstream, client: 173.239.218.214, server: cwp2.slnet.com.au, request: "POST /wp-login.php HTTP/1.1", upstream: "http://103.4.122.14:8181/wp-login.php", host: "eaglegolf.com.au"
2025/11/12 08:47:59 [error] 24800#24800: *1567 connect() failed (111: Connection refused) while connecting to upstream, client: 17.241.219.37, server: cwp2.slnet.com.au, request: "GET /%E0%B8%AA%E0%B8%A5%E0%B9%87%E0%B8%AD%E0%B8%95%E0%B8%97%E0%B8%94%E0%B8%A5%E0%B8%AD%E0%B8%87%E0%B9%80%E0%B8%A5%E0%B9%88%E0%B8%99%E0%B8%9F%E0%B8%A3%E0%B8%B5%20%E0%B9%80%E0%B8%A7%E0%B9%87%E0%B8%9A%E0%B8%95%E0%B8%A3%E0%B8%87.aspx HTTP/1.1", upstream: "http://103.4.122.14:8181/%E0%B8%AA%E0%B8%A5%E0%B9%87%E0%B8%AD%E0%B8%95%E0%B8%97%E0%B8%94%E0%B8%A5%E0%B8%AD%E0%B8%87%E0%B9%80%E0%B8%A5%E0%B9%88%E0%B8%99%E0%B8%9F%E0%B8%A3%E0%B8%B5%20%E0%B9%80%E0%B8%A7%E0%B9%87%E0%B8%9A%E0%B8%95%E0%B8%A3%E0%B8%87.aspx", host: "eaglegolf.com.au"
2025/11/12 08:48:12 [error] 24803#24803: *1606 connect() failed (111: Connection refused) while connecting to upstream, client: 74.7.227.200, server: cwp2.slnet.com.au, request: "GET /2022/08/15/within-energy-geothermal-presentation-view-now/ HTTP/1.1", upstream: "http://103.4.122.14:8181/2022/08/15/within-energy-geothermal-presentation-view-now/", host: "withinenergy.com.au"
2025/11/12 08:48:15 [error] 24803#24803: *1606 connect() failed (111: Connection refused) while connecting to upstream, client: 74.7.227.200, server: cwp2.slnet.com.au, request: "GET / HTTP/1.1", upstream: "http://103.4.122.14:8181/", host: "withinenergy.com.au"
2025/11/12 08:48:36 [error] 24800#24800: *1672 connect() failed (111: Connection refused) while connecting to upstream, client: 13.74.67.205, server: cwp2.slnet.com.au, request: "GET / HTTP/1.0", upstream: "http://103.4.122.14:8181/"
2025/11/12 08:48:53 [error] 24792#24792: *1771 connect() failed (111: Connection refused) while connecting to upstream, client: 142.132.180.39, server: cwp2.slnet.com.au, request: "GET / HTTP/1.1", upstream: "http://103.4.122.14:8181/", host: "eaglegolf.com.au", referrer: "https://eaglegolf.com.au/"
2025/11/12 08:49:39 [error] 24800#24800: *1963 connect() failed (111: Connection refused) while connecting to upstream, client: 52.167.144.205, server: cwp2.slnet.com.au, request: "GET /product/young-gun-learner-club-package/ HTTP/1.1", upstream: "http://103.4.122.14:8181/product/young-gun-learner-club-package/", host: "eaglegolf.com.au"
2025/11/12 08:50:05 [error] 24804#24804: *2073 connect() failed (111: Connection refused) while connecting to upstream, client: 52.167.144.204, server: cwp2.slnet.com.au, request: "GET /?e=264236428 HTTP/1.1", upstream: "http://103.4.122.14:8181/?e=264236428", host: "eaglegolf.com.au"
2025/11/12 08:50:17 [error] 24804#24804: *2125 connect() failed (111: Connection refused) while connecting to upstream, client: 17.246.23.97, server: cwp2.slnet.com.au, request: "GET /ufa1688.aspx HTTP/1.1", upstream: "http://103.4.122.14:8181/ufa1688.aspx", host: "eaglegolf.com.au"
2025/11/12 08:50:22 [error] 24799#24799: *2132 connect() failed (111: Connection refused) while connecting to upstream, client: 40.77.167.4, server: cwp2.slnet.com.au, request: "GET /?e=303486028 HTTP/1.1", upstream: "http://103.4.122.14:8181/?e=303486028", host: "eaglegolf.com.au"
2025/11/12 08:50:23 [error] 24799#24799: *2132 connect() failed (111: Connection refused) while connecting to upstream, client: 40.77.167.4, server: cwp2.slnet.com.au, request: "GET /?e=374172628 HTTP/1.1", upstream: "http://103.4.122.14:8181/?e=374172628", host: "eaglegolf.com.au"
2025/11/12 08:51:06 [error] 24802#24802: *2302 connect() failed (111: Connection refused) while connecting to upstream, client: 52.167.144.204, server: cwp2.slnet.com.au, request: "GET /?e=47296628 HTTP/1.1", upstream: "http://103.4.122.14:8181/?e=47296628", host: "eaglegolf.com.au"
2025/11/12 08:51:14 [error] 24802#24802: *2302 connect() failed (111: Connection refused) while connecting to upstream, client: 52.167.144.204, server: cwp2.slnet.com.au, request: "GET /?e=359926428 HTTP/1.1", upstream: "http://103.4.122.14:8181/?e=359926428", host: "eaglegolf.com.au"
2025/11/12 08:51:52 [error] 24805#24805: *2512 connect() failed (111: Connection refused) while connecting to upstream, client: 40.77.167.4, server: cwp2.slnet.com.au, request: "GET /?e=832928 HTTP/1.1", upstream: "http://103.4.122.14:8181/?e=832928", host: "eaglegolf.com.au"
2025/11/12 08:52:11 [error] 24801#24801: *2625 connect() failed (111: Connection refused) while connecting to upstream, client: 17.246.19.211, server: cwp2.slnet.com.au, request: "GET /ufa168%20%E0%B9%80%E0%B8%82%E0%B9%89%E0%B8%B2%E0%B8%AA%E0%B8%B9%E0%B9%88%E0%B8%A3%E0%B8%B0%E0%B8%9A%E0%B8%9A.aspx HTTP/1.1", upstream: "http://103.4.122.14:8181/ufa168%20%E0%B9%80%E0%B8%82%E0%B9%89%E0%B8%B2%E0%B8%AA%E0%B8%B9%E0%B9%88%E0%B8%A3%E0%B8%B0%E0%B8%9A%E0%B8%9A.aspx", host: "eaglegolf.com.au"
2025/11/12 08:52:20 [error] 24801#24801: *2659 connect() failed (111: Connection refused) while connecting to upstream, client: 17.22.237.134, server: cwp2.slnet.com.au, request: "GET /betflix%20slot.aspx HTTP/1.1", upstream: "http://103.4.122.14:8181/betflix%20slot.aspx", host: "eaglegolf.com.au"
2025/11/12 08:52:46 [error] 24805#24805: *2810 connect() failed (111: Connection refused) while connecting to upstream, client: 52.167.144.204, server: cwp2.slnet.com.au, request: "GET /?e=317692128 HTTP/1.1", upstream: "http://103.4.122.14:8181/?e=317692128", host: "eaglegolf.com.au"
2025/11/12 08:53:02 [error] 24801#24801: *2881 connect() failed (111: Connection refused) while connecting to upstream, client: 40.77.167.116, server: cwp2.slnet.com.au, request: "GET /?e=295377628 HTTP/1.1", upstream: "http://103.4.122.14:8181/?e=295377628", host: "eaglegolf.com.au"
2025/11/12 08:53:45 [error] 24792#24792: *3062 connect() failed (111: Connection refused) while connecting to upstream, client: 52.167.144.228, server: cwp2.slnet.com.au, request: "GET /products-page/cleveland-golf-clubs-package-sets HTTP/1.1", upstream: "http://103.4.122.14:8181/products-page/cleveland-golf-clubs-package-sets", host: "www.eaglegolf.com.au"
2025/11/12 08:53:59 [error] 24801#24801: *3115 connect() failed (111: Connection refused) while connecting to upstream, client: 168.119.123.75, server: cwp2.slnet.com.au, request: "GET / HTTP/1.1", upstream: "http://103.4.122.14:8181/", host: "eaglegolf.com.au", referrer: "https://eaglegolf.com.au/"
2025/11/12 08:54:21 [error] 24800#24800: *3202 connect() failed (111: Connection refused) while connecting to upstream, client: 40.77.167.4, server: cwp2.slnet.com.au, request: "GET /?e=7632128 HTTP/1.1", upstream: "http://103.4.122.14:8181/?e=7632128", host: "eaglegolf.com.au"
2025/11/12 08:55:12 [error] 24805#24805: *3369 connect() failed (111: Connection refused) while connecting to upstream, client: 34.223.104.27, server: cwp2.slnet.com.au, request: "GET /robots.txt HTTP/1.1", upstream: "http://103.4.122.14:8181/robots.txt", host: "www.hitechagindia.in"
2025/11/12 08:55:12 [error] 24805#24805: *3369 connect() failed (111: Connection refused) while connecting to upstream, client: 34.223.104.27, server: cwp2.slnet.com.au, request: "GET / HTTP/1.1", upstream: "http://103.4.122.14:8181/", host: "www.hitechagindia.in"
2025/11/12 08:55:29 [error] 24805#24805: *3456 connect() failed (111: Connection refused) while connecting to upstream, client: 114.119.142.132, server: cwp2.slnet.com.au, request: "GET /product-category/brands/titleist/page/2 HTTP/1.1", upstream: "http://103.4.122.14:8181/product-category/brands/titleist/page/2", host: "www.eaglegolf.com.au", referrer: "https://eaglegolf.com.au/product-category/brands/titleist/page/1"
2025/11/12 08:56:49 [error] 24802#24802: *4273 connect() failed (111: Connection refused) while connecting to upstream, client: 114.119.137.173, server: cwp2.slnet.com.au, request: "GET /wp-content/uploads/2021/06/Womens-Birdseye-Shirt-2-300x300.png?is-pending-load=1 HTTP/1.1", upstream: "http://103.4.122.14:8181/wp-content/uploads/2021/06/Womens-Birdseye-Shirt-2-300x300.png?is-pending-load=1", host: "eaglegolf.com.au", referrer: "https://eaglegolf.com.au/product-category/apparel-footwear/shirts/page/1/?products-per-page=12"
2025/11/12 08:58:13 [error] 24799#24799: *6347 connect() failed (111: Connection refused) while connecting to upstream, client: 114.119.146.7, server: cwp2.slnet.com.au, request: "GET /product/ladies-tech-pant HTTP/1.1", upstream: "http://103.4.122.14:8181/product/ladies-tech-pant", host: "eaglegolf.com.au"
2025/11/12 08:58:19 [error] 24795#24795: *6455 connect() failed (111: Connection refused) while connecting to upstream, client: 40.77.167.116, server: cwp2.slnet.com.au, request: "GET /?e=402256128 HTTP/1.1", upstream: "http://103.4.122.14:8181/?e=402256128", host: "eaglegolf.com.au"
2025/11/12 08:59:02 [error] 24804#24804: *7433 connect() failed (111: Connection refused) while connecting to upstream, client: 40.77.167.44, server: cwp2.slnet.com.au, request: "GET /?e=371854528 HTTP/1.1", upstream: "http://103.4.122.14:8181/?e=371854528", host: "eaglegolf.com.au"
2025/11/12 08:59:05 [error] 24802#24802: *7523 connect() failed (111: Connection refused) while connecting to upstream, client: 168.119.53.160, server: cwp2.slnet.com.au, request: "GET / HTTP/1.1", upstream: "http://103.4.122.14:8181/", host: "eaglegolf.com.au", referrer: "https://eaglegolf.com.au/"
2025/11/12 08:59:06 [error] 24794#24794: *7536 connect() failed (111: Connection refused) while connecting to upstream, client: 40.77.167.116, server: cwp2.slnet.com.au, request: "GET /?e=334356228 HTTP/1.1", upstream: "http://103.4.122.14:8181/?e=334356228", host: "eaglegolf.com.au"
2025/11/12 08:59:10 [error] 24802#24802: *7642 connect() failed (111: Connection refused) while connecting to upstream, client: 46.8.193.119, server: cwp2.slnet.com.au, request: "GET /wp-login.php HTTP/1.1", upstream: "http://103.4.122.14:8181/wp-login.php", host: "nationalfoodservice.com"
2025/11/12 08:59:30 [error] 24803#24803: *7720 connect() failed (111: Connection refused) while connecting to upstream, client: 37.59.204.136, server: cwp2.slnet.com.au, request: "GET / HTTP/1.1", upstream: "http://103.4.122.14:8181/", host: "nfe.com.au"
2025/11/12 08:59:34 [error] 24797#24797: *7731 connect() failed (111: Connection refused) while connecting to upstream, client: 114.119.146.7, server: cwp2.slnet.com.au, request: "GET /product-category/golf-bags-accessories?products-per-page=24 HTTP/1.1", upstream: "http://103.4.122.14:8181/product-category/golf-bags-accessories?products-per-page=24", host: "eaglegolf.com.au", referrer: "https://eaglegolf.com.au/product-category/golf-bags-accessories?products-per-page=12"
2025/11/12 08:59:51 [error] 24804#24804: *7808 connect() failed (111: Connection refused) while connecting to upstream, client: 74.7.227.52, server: cwp2.slnet.com.au, request: "GET /sitemap_index.xml HTTP/1.1", upstream: "http://103.4.122.14:8181/sitemap_index.xml", host: "bsc.hostone.com.au"
2025/11/12 08:59:56 [error] 24800#24800: *7827 connect() failed (111: Connection refused) while connecting to upstream, client: 52.167.144.220, server: cwp2.slnet.com.au, request: "GET /?e=325075728 HTTP/1.1", upstream: "http://103.4.122.14:8181/?e=325075728", host: "eaglegolf.com.au"
2025/11/12 09:00:00 [error] 24804#24804: *7840 connect() failed (111: Connection refused) while connecting to upstream, client: 52.167.144.180, server: cwp2.slnet.com.au, request: "GET /product/wilson-pro-tour-staff-68-umbrella/ HTTP/1.1", upstream: "http://103.4.122.14:8181/product/wilson-pro-tour-staff-68-umbrella/", host: "www.eaglegolf.com.au"
2025/11/12 09:00:57 [error] 24793#24793: *8057 connect() failed (111: Connection refused) while connecting to upstream, client: 52.167.144.220, server: cwp2.slnet.com.au, request: "GET /?e=282772228 HTTP/1.1", upstream: "http://103.4.122.14:8181/?e=282772228", host: "eaglegolf.com.au"
2025/11/12 09:01:52 [error] 24802#24802: *8288 connect() failed (111: Connection refused) while connecting to upstream, client: 95.217.109.26, server: cwp2.slnet.com.au, request: "GET /robots.txt HTTP/1.1", upstream: "http://103.4.122.14:8181/robots.txt", host: "ns1.commtogether.com.au"
2025/11/12 09:03:07 [error] 24803#24803: *8650 connect() failed (111: Connection refused) while connecting to upstream, client: 148.113.128.133, server: cwp2.slnet.com.au, request: "GET /store/apps/collection/cluster?gsr=SnBqGDQ4ekRnM0ZmOWxOTVVxVXJrUUExQmc9PcICUwoZChVjb20udGVlbnBhdHRpLmhkLmdvbGQQBxgIMAE4AEoqCAIQABoeVGVlbiBQYXR0aSBHb2xkLCBSdW1teSAmIFBva2VyIAAoADAAUABYAWAA:S:ANO1ljKxc6w HTTP/1.1", upstream: "http://103.4.122.14:8181/store/apps/collection/cluster?gsr=SnBqGDQ4ekRnM0ZmOWxOTVVxVXJrUUExQmc9PcICUwoZChVjb20udGVlbnBhdHRpLmhkLmdvbGQQBxgIMAE4AEoqCAIQABoeVGVlbiBQYXR0aSBHb2xkLCBSdW1teSAmIFBva2VyIAAoADAAUABYAWAA:S:ANO1ljKxc6w", host: "www.dreamtimebelievers.org"
2025/11/12 09:03:16 [error] 24804#24804: *8724 connect() failed (111: Connection refused) while connecting to upstream, client: 114.119.153.208, server: cwp2.slnet.com.au, request: "GET /product/mens-stretch-oxford-stripe/ HTTP/1.1", upstream: "http://103.4.122.14:8181/product/mens-stretch-oxford-stripe/", host: "eaglegolf.com.au", referrer: "https://eaglegolf.com.au/product-category/brands/cutter-buck/page/10/?products-per-page=12"
2025/11/12 09:03:54 [error] 24793#24793: *9070 connect() failed (111: Connection refused) while connecting to upstream, client: 198.244.183.203, server: cwp2.slnet.com.au, request: "GET /kingkong%20%E0%B8%AA%E0%B8%A5%E0%B9%87%E0%B8%AD%E0%B8%95.aspx HTTP/1.1", upstream: "http://103.4.122.14:8181/kingkong%20%E0%B8%AA%E0%B8%A5%E0%B9%87%E0%B8%AD%E0%B8%95.aspx", host: "maccabisports.club"
2025/11/12 09:04:00 [error] 24805#24805: *9099 connect() failed (111: Connection refused) while connecting to upstream, client: 52.167.144.206, server: cwp2.slnet.com.au, request: "GET /?e=188239528 HTTP/1.1", upstream: "http://103.4.122.14:8181/?e=188239528", host: "eaglegolf.com.au"
2025/11/12 09:04:10 [error] 24801#24801: *9152 connect() failed (111: Connection refused) while connecting to upstream, client: 3.79.134.69, server: cwp2.slnet.com.au, request: "GET / HTTP/1.1", upstream: "http://103.4.122.14:8181/", host: "eaglegolf.com.au", referrer: "https://eaglegolf.com.au/"
2025/11/12 09:04:11 [error] 24792#24792: *9159 connect() failed (111: Connection refused) while connecting to upstream, client: 163.116.192.132, server: cwp2.slnet.com.au, request: "GET /about/ HTTP/1.1", upstream: "http://103.4.122.14:8181/about/", host: "eaglegolf.com.au", referrer: "https://www.google.com/"
2025/11/12 09:04:16 [error] 24794#24794: *9181 connect() failed (111: Connection refused) while connecting to upstream, client: 52.167.144.220, server: cwp2.slnet.com.au, request: "GET /?e=23739528 HTTP/1.1", upstream: "http://103.4.122.14:8181/?e=23739528", host: "eaglegolf.com.au"
2025/11/12 09:04:20 [error] 24792#24792: *9208 connect() failed (111: Connection refused) while connecting to upstream, client: 52.167.144.206, server: cwp2.slnet.com.au, request: "GET /?e=293313528 HTTP/1.1", upstream: "http://103.4.122.14:8181/?e=293313528", host: "eaglegolf.com.au"
2025/11/12 09:04:39 [error] 24804#24804: *9332 connect() failed (111: Connection refused) while connecting to upstream, client: 114.119.153.208, server: cwp2.slnet.com.au, request: "GET /product-category/promotional/poker-markers HTTP/1.1", upstream: "http://103.4.122.14:8181/product-category/promotional/poker-markers", host: "eaglegolf.com.au", referrer: "https://eaglegolf.com.au/product/cleveland-light-weight-cart-bag-red-charcoal"
2025/11/12 09:04:47 [error] 24805#24805: *9384 connect() failed (111: Connection refused) while connecting to upstream, client: 52.167.144.220, server: cwp2.slnet.com.au, request: "GET /?e=288035928 HTTP/1.1", upstream: "http://103.4.122.14:8181/?e=288035928", host: "eaglegolf.com.au"
2025/11/12 09:04:48 [error] 24805#24805: *9384 connect() failed (111: Connection refused) while connecting to upstream, client: 52.167.144.220, server: cwp2.slnet.com.au, request: "GET /?e=159381828 HTTP/1.1", upstream: "http://103.4.122.14:8181/?e=159381828", host: "eaglegolf.com.au"
2025/11/12 09:21:40 [error] 23007#23007: *2 openat() "/usr/local/apache/htdocs/nohu/ทีสกอผลบอล.html" failed (2: No such file or directory), client: 66.249.64.64, server: cwp2.slnet.com.au, request: "GET /nohu/%E0%B8%97%E0%B8%B5%E0%B8%AA%E0%B8%81%E0%B8%AD%E0%B8%9C%E0%B8%A5%E0%B8%9A%E0%B8%AD%E0%B8%A5.html HTTP/1.1", host: "bje.org.au"
2025/11/12 09:21:41 [error] 23003#23003: *7 openat() "/usr/local/apache/htdocs/deposit/เครดิตฟรี168  สมัคร.html" failed (2: No such file or directory), client: 66.249.64.34, server: cwp2.slnet.com.au, request: "GET /deposit/%E0%B9%80%E0%B8%84%E0%B8%A3%E0%B8%94%E0%B8%B4%E0%B8%95%E0%B8%9F%E0%B8%A3%E0%B8%B5168%20%20%E0%B8%AA%E0%B8%A1%E0%B8%B1%E0%B8%84%E0%B8%A3.html HTTP/1.1", host: "italiastonegroup.com.au"
2025/11/12 09:21:46 [error] 23007#23007: *2 openat() "/usr/local/apache/htdocs/ios/Daftar ผลบอลสํารอง3.html" failed (2: No such file or directory), client: 66.249.64.64, server: cwp2.slnet.com.au, request: "GET /ios/Daftar%20%E0%B8%9C%E0%B8%A5%E0%B8%9A%E0%B8%AD%E0%B8%A5%E0%B8%AA%E0%B9%8D%E0%B8%B2%E0%B8%A3%E0%B8%AD%E0%B8%873.html HTTP/1.1", host: "bje.org.au"
2025/11/12 09:21:48 [error] 23009#23009: *31 openat() "/usr/local/apache/htdocs/app/Login ผลบอลสํารอง3.html" failed (2: No such file or directory), client: 66.249.64.227, server: cwp2.slnet.com.au, request: "GET /app/Login%20%E0%B8%9C%E0%B8%A5%E0%B8%9A%E0%B8%AD%E0%B8%A5%E0%B8%AA%E0%B9%8D%E0%B8%B2%E0%B8%A3%E0%B8%AD%E0%B8%873.html HTTP/1.1", host: "rcacivils.com"
2025/11/12 09:21:50 [error] 23004#23004: *42 openat() "/usr/local/apache/htdocs/video/ufabet ทางเข้า369.html" failed (2: No such file or directory), client: 66.249.64.33, server: cwp2.slnet.com.au, request: "GET /video/ufabet%20%E0%B8%97%E0%B8%B2%E0%B8%87%E0%B9%80%E0%B8%82%E0%B9%89%E0%B8%B2369.html HTTP/1.1", host: "italiastonegroup.com.au"
2025/11/12 09:21:53 [error] 23009#23009: *82 openat() "/usr/local/apache/htdocs/สล็อต333เว็บตรง.aspx" failed (2: No such file or directory), client: 114.119.156.56, server: cwp2.slnet.com.au, request: "GET /%E0%B8%AA%E0%B8%A5%E0%B9%87%E0%B8%AD%E0%B8%95333%E0%B9%80%E0%B8%A7%E0%B9%87%E0%B8%9A%E0%B8%95%E0%B8%A3%E0%B8%87.aspx HTTP/1.1", host: "103.4.122.14", referrer: "https://103.4.122.14/riches777%20pg.aspx"
2025/11/12 09:21:54 [error] 23001#23001: *86 openat() "/usr/local/apache/htdocs/xoso/Slot pg.slot game.html" failed (2: No such file or directory), client: 66.249.64.130, server: cwp2.slnet.com.au, request: "GET /xoso/Slot%20pg.slot%20game.html HTTP/1.1", host: "chabadso.org.au"
2025/11/12 09:21:55 [error] 23007#23007: *91 openat() "/usr/local/apache/htdocs/xoso/แอป ผลบอลสด go5 android ios.html" failed (2: No such file or directory), client: 66.249.64.76, server: cwp2.slnet.com.au, request: "GET /xoso/%E0%B9%81%E0%B8%AD%E0%B8%9B%20%E0%B8%9C%E0%B8%A5%E0%B8%9A%E0%B8%AD%E0%B8%A5%E0%B8%AA%E0%B8%94%20go5%20android%20ios.html HTTP/1.1", host: "bje.org.au"
2025/11/12 09:21:56 [error] 23009#23009: *92 openat() "/usr/local/apache/htdocs/cash/Login ลองเล่นสล็อต ฟรี.html" failed (2: No such file or directory), client: 66.249.64.129, server: cwp2.slnet.com.au, request: "GET /cash/Login%20%E0%B8%A5%E0%B8%AD%E0%B8%87%E0%B9%80%E0%B8%A5%E0%B9%88%E0%B8%99%E0%B8%AA%E0%B8%A5%E0%B9%87%E0%B8%AD%E0%B8%95%20%E0%B8%9F%E0%B8%A3%E0%B8%B5.html HTTP/1.1", host: "chabadso.org.au"
2025/11/12 09:21:56 [error] 22998#22998: *96 openat() "/usr/local/apache/htdocs/nohu/Login ผลบอลสดvip.html" failed (2: No such file or directory), client: 66.249.64.131, server: cwp2.slnet.com.au, request: "GET /nohu/Login%20%E0%B8%9C%E0%B8%A5%E0%B8%9A%E0%B8%AD%E0%B8%A5%E0%B8%AA%E0%B8%94vip.html HTTP/1.1", host: "chabadso.org.au"
2025/11/12 09:21:57 [error] 23009#23009: *92 openat() "/usr/local/apache/htdocs/xoso/Login slot66 com เข้าสู่ระบบ.html" failed (2: No such file or directory), client: 66.249.64.129, server: cwp2.slnet.com.au, request: "GET /xoso/Login%20slot66%20com%20%E0%B9%80%E0%B8%82%E0%B9%89%E0%B8%B2%E0%B8%AA%E0%B8%B9%E0%B9%88%E0%B8%A3%E0%B8%B0%E0%B8%9A%E0%B8%9A.html HTTP/1.1", host: "chabadso.org.au"
2025/11/12 09:21:59 [error] 23007#23007: *91 openat() "/usr/local/apache/htdocs/ios/Slot บ้านผลบอลสด7.html" failed (2: No such file or directory), client: 66.249.64.76, server: cwp2.slnet.com.au, request: "GET /ios/Slot%20%E0%B8%9A%E0%B9%89%E0%B8%B2%E0%B8%99%E0%B8%9C%E0%B8%A5%E0%B8%9A%E0%B8%AD%E0%B8%A5%E0%B8%AA%E0%B8%947.html HTTP/1.1", host: "bje.org.au"
2025/11/12 09:22:02 [error] 23007#23007: *111 openat() "/usr/local/apache/htdocs/gambling/Daftar goal in th ราคาบอลวันนี้.html" failed (2: No such file or directory), client: 66.249.64.229, server: cwp2.slnet.com.au, request: "GET /gambling/Daftar%20goal%20in%20th%20%E0%B8%A3%E0%B8%B2%E0%B8%84%E0%B8%B2%E0%B8%9A%E0%B8%AD%E0%B8%A5%E0%B8%A7%E0%B8%B1%E0%B8%99%E0%B8%99%E0%B8%B5%E0%B9%89.html HTTP/1.1", host: "rcacivils.com"
2025/11/12 09:22:02 [error] 22998#22998: *96 openat() "/usr/local/apache/htdocs/bonus/ทดลองเล่นฟรี บาคาร่า.html" failed (2: No such file or directory), client: 66.249.64.131, server: cwp2.slnet.com.au, request: "GET /bonus/%E0%B8%97%E0%B8%94%E0%B8%A5%E0%B8%AD%E0%B8%87%E0%B9%80%E0%B8%A5%E0%B9%88%E0%B8%99%E0%B8%9F%E0%B8%A3%E0%B8%B5%20%E0%B8%9A%E0%B8%B2%E0%B8%84%E0%B8%B2%E0%B8%A3%E0%B9%88%E0%B8%B2.html HTTP/1.1", host: "chabadso.org.au"
2025/11/12 09:22:03 [error] 23004#23004: *42 openat() "/usr/local/apache/htdocs/sitemap/Login 789 สล็อตเว็บตรง.html" failed (2: No such file or directory), client: 66.249.64.33, server: cwp2.slnet.com.au, request: "GET /sitemap/Login%20789%20%E0%B8%AA%E0%B8%A5%E0%B9%87%E0%B8%AD%E0%B8%95%E0%B9%80%E0%B8%A7%E0%B9%87%E0%B8%9A%E0%B8%95%E0%B8%A3%E0%B8%87.html HTTP/1.1", host: "italiastonegroup.com.au"
2025/11/12 09:22:03 [error] 23007#23007: *111 openat() "/usr/local/apache/htdocs/ios/ผลบอลสด888 เมื่อคืน.html" failed (2: No such file or directory), client: 66.249.64.229, server: cwp2.slnet.com.au, request: "GET /ios/%E0%B8%9C%E0%B8%A5%E0%B8%9A%E0%B8%AD%E0%B8%A5%E0%B8%AA%E0%B8%94888%20%E0%B9%80%E0%B8%A1%E0%B8%B7%E0%B9%88%E0%B8%AD%E0%B8%84%E0%B8%B7%E0%B8%99.html HTTP/1.1", host: "rcacivils.com"
2025/11/12 09:22:05 [error] 22998#22998: *96 openat() "/usr/local/apache/htdocs/deposit/Slot ผลบบาส.html" failed (2: No such file or directory), client: 66.249.64.131, server: cwp2.slnet.com.au, request: "GET /deposit/Slot%20%E0%B8%9C%E0%B8%A5%E0%B8%9A%E0%B8%9A%E0%B8%B2%E0%B8%AA.html HTTP/1.1", host: "chabadso.org.au"
2025/11/12 09:22:06 [error] 23006#23006: *140 openat() "/usr/local/apache/htdocs/bet/เว็บ789.html" failed (2: No such file or directory), client: 66.249.64.131, server: cwp2.slnet.com.au, request: "GET /bet/%E0%B9%80%E0%B8%A7%E0%B9%87%E0%B8%9A789.html HTTP/1.1", host: "creativehanging.com.au"
2025/11/12 09:22:06 [error] 23003#23003: *7 openat() "/usr/local/apache/htdocs/fishing/วอเลทสล็อต 789 ฟรีเครดิต.html" failed (2: No such file or directory), client: 66.249.64.34, server: cwp2.slnet.com.au, request: "GET /fishing/%E0%B8%A7%E0%B8%AD%E0%B9%80%E0%B8%A5%E0%B8%97%E0%B8%AA%E0%B8%A5%E0%B9%87%E0%B8%AD%E0%B8%95%20789%20%E0%B8%9F%E0%B8%A3%E0%B8%B5%E0%B9%80%E0%B8%84%E0%B8%A3%E0%B8%94%E0%B8%B4%E0%B8%95.html HTTP/1.1", host: "italiastonegroup.com.au"
2025/11/12 09:22:07 [error] 23009#23009: *143 "/usr/local/apache/htdocs/past-events-gallery/index.php" is not found (2: No such file or directory), client: 40.77.167.4, server: cwp2.slnet.com.au, request: "GET /past-events-gallery/ HTTP/1.1", host: "maroubrasynagogue.org.au"
2025/11/12 09:22:08 [error] 23009#23009: *146 openat() "/usr/local/apache/htdocs/xoso/เข้าสู่ระบบ UFA191 มือถือ.html" failed (2: No such file or directory), client: 66.249.64.129, server: cwp2.slnet.com.au, request: "GET /xoso/%E0%B9%80%E0%B8%82%E0%B9%89%E0%B8%B2%E0%B8%AA%E0%B8%B9%E0%B9%88%E0%B8%A3%E0%B8%B0%E0%B8%9A%E0%B8%9A%20UFA191%20%E0%B8%A1%E0%B8%B7%E0%B8%AD%E0%B8%96%E0%B8%B7%E0%B8%AD.html HTTP/1.1", host: "creativehanging.com.au"
2025/11/12 09:22:10 [error] 23007#23007: *158 openat() "/usr/local/apache/htdocs/fishing/สล็อต pg ฟรี.html" failed (2: No such file or directory), client: 66.249.64.228, server: cwp2.slnet.com.au, request: "GET /fishing/%E0%B8%AA%E0%B8%A5%E0%B9%87%E0%B8%AD%E0%B8%95%20pg%20%E0%B8%9F%E0%B8%A3%E0%B8%B5.html HTTP/1.1", host: "rcacivils.com"
2025/11/12 09:22:13 [error] 23004#23004: *168 openat() "/usr/local/apache/htdocs/product-category/herbal-extracts-key-ingredients-nutraceutical/womens-health/page/2" failed (2: No such file or directory), client: 114.119.132.159, server: cwp2.slnet.com.au, request: "GET /product-category/herbal-extracts-key-ingredients-nutraceutical/womens-health/page/2 HTTP/1.1", host: "www.transchem.com.au", referrer: "http://www.transchem.com.au/product-category/herbal-extracts-key-ingredients-nutraceutical/womens-health/"
2025/11/12 09:22:13 [error] 23003#23003: *7 openat() "/usr/local/apache/htdocs/deposit/ทำไม ควร เลือก autosbet889.html" failed (2: No such file or directory), client: 66.249.64.34, server: cwp2.slnet.com.au, request: "GET /deposit/%E0%B8%97%E0%B8%B3%E0%B9%84%E0%B8%A1%20%E0%B8%84%E0%B8%A7%E0%B8%A3%20%E0%B9%80%E0%B8%A5%E0%B8%B7%E0%B8%AD%E0%B8%81%20autosbet889.html HTTP/1.1", host: "italiastonegroup.com.au"
2025/11/12 09:22:14 [error] 23007#23007: *91 openat() "/usr/local/apache/htdocs/bonus/Login ลองเล่นสล็อต ฟรี.html" failed (2: No such file or directory), client: 66.249.64.76, server: cwp2.slnet.com.au, request: "GET /bonus/Login%20%E0%B8%A5%E0%B8%AD%E0%B8%87%E0%B9%80%E0%B8%A5%E0%B9%88%E0%B8%99%E0%B8%AA%E0%B8%A5%E0%B9%87%E0%B8%AD%E0%B8%95%20%E0%B8%9F%E0%B8%A3%E0%B8%B5.html HTTP/1.1", host: "bje.org.au"
2025/11/12 09:22:14 [error] 23007#23007: *91 openat() "/usr/local/apache/htdocs/bet/Login บ้านโพยบอน.html" failed (2: No such file or directory), client: 66.249.64.76, server: cwp2.slnet.com.au, request: "GET /bet/Login%20%E0%B8%9A%E0%B9%89%E0%B8%B2%E0%B8%99%E0%B9%82%E0%B8%9E%E0%B8%A2%E0%B8%9A%E0%B8%AD%E0%B8%99.html HTTP/1.1", host: "bje.org.au"
2025/11/12 09:22:15 [error] 23009#23009: *31 openat() "/usr/local/apache/htdocs/news/Slot เว็บยูฟ่า24.html" failed (2: No such file or directory), client: 66.249.64.227, server: cwp2.slnet.com.au, request: "GET /news/Slot%20%E0%B9%80%E0%B8%A7%E0%B9%87%E0%B8%9A%E0%B8%A2%E0%B8%B9%E0%B8%9F%E0%B9%88%E0%B8%B224.html HTTP/1.1", host: "rcacivils.com"
2025/11/12 09:22:16 [error] 23009#23009: *92 openat() "/usr/local/apache/htdocs/deposit/Daftar ยูฟ่า 8.html" failed (2: No such file or directory), client: 66.249.64.129, server: cwp2.slnet.com.au, request: "GET /deposit/Daftar%20%E0%B8%A2%E0%B8%B9%E0%B8%9F%E0%B9%88%E0%B8%B2%208.html HTTP/1.1", host: "chabadso.org.au"
2025/11/12 09:22:17 [error] 23009#23009: *31 openat() "/usr/local/apache/htdocs/bonus/ผลบอลพรีเมียร์ลีกเมื่อคืน.html" failed (2: No such file or directory), client: 66.249.64.227, server: cwp2.slnet.com.au, request: "GET /bonus/%E0%B8%9C%E0%B8%A5%E0%B8%9A%E0%B8%AD%E0%B8%A5%E0%B8%9E%E0%B8%A3%E0%B8%B5%E0%B9%80%E0%B8%A1%E0%B8%B5%E0%B8%A2%E0%B8%A3%E0%B9%8C%E0%B8%A5%E0%B8%B5%E0%B8%81%E0%B9%80%E0%B8%A1%E0%B8%B7%E0%B9%88%E0%B8%AD%E0%B8%84%E0%B8%B7%E0%B8%99.html HTTP/1.1", host: "rcacivils.com"
2025/11/12 09:22:18 [error] 23009#23009: *31 openat() "/usr/local/apache/htdocs/sitemap/ยูฟ่าออนไลน์.html" failed (2: No such file or directory), client: 66.249.64.227, server: cwp2.slnet.com.au, request: "GET /sitemap/%E0%B8%A2%E0%B8%B9%E0%B8%9F%E0%B9%88%E0%B8%B2%E0%B8%AD%E0%B8%AD%E0%B8%99%E0%B9%84%E0%B8%A5%E0%B8%99%E0%B9%8C.html HTTP/1.1", host: "rcacivils.com"
2025/11/12 09:22:18 [error] 23000#23000: *193 openat() "/usr/local/apache/htdocs/ufacash เข้าสู่ระบบ.aspx" failed (2: No such file or directory), client: 114.119.143.51, server: cwp2.slnet.com.au, request: "GET /ufacash%20%E0%B9%80%E0%B8%82%E0%B9%89%E0%B8%B2%E0%B8%AA%E0%B8%B9%E0%B9%88%E0%B8%A3%E0%B8%B0%E0%B8%9A%E0%B8%9A.aspx HTTP/1.1", host: "rcacivils.com", referrer: "https://rcacivils.com/%E0%B8%AA%E0%B8%A5%E0%B9%87%E0%B8%AD%E0%B8%95xo%E0%B9%80%E0%B8%A7%E0%B9%87%E0%B8%9A%E0%B8%95%E0%B8%A3%E0%B8%87.aspx"
2025/11/12 09:22:19 [error] 23001#23001: *86 openat() "/usr/local/apache/htdocs/fishing/วิธีเล่น สล้อต m4 ได้เงินจริง.html" failed (2: No such file or directory), client: 66.249.64.130, server: cwp2.slnet.com.au, request: "GET /fishing/%E0%B8%A7%E0%B8%B4%E0%B8%98%E0%B8%B5%E0%B9%80%E0%B8%A5%E0%B9%88%E0%B8%99%20%E0%B8%AA%E0%B8%A5%E0%B9%89%E0%B8%AD%E0%B8%95%20m4%20%E0%B9%84%E0%B8%94%E0%B9%89%E0%B9%80%E0%B8%87%E0%B8%B4%E0%B8%99%E0%B8%88%E0%B8%A3%E0%B8%B4%E0%B8%87.html HTTP/1.1", host: "chabadso.org.au"
2025/11/12 09:22:20 [error] 23009#23009: *92 openat() "/usr/local/apache/htdocs/bet/Daftar ทดลองเล่นค่ายjili.html" failed (2: No such file or directory), client: 66.249.64.129, server: cwp2.slnet.com.au, request: "GET /bet/Daftar%20%E0%B8%97%E0%B8%94%E0%B8%A5%E0%B8%AD%E0%B8%87%E0%B9%80%E0%B8%A5%E0%B9%88%E0%B8%99%E0%B8%84%E0%B9%88%E0%B8%B2%E0%B8%A2jili.html HTTP/1.1", host: "chabadso.org.au"
2025/11/12 09:22:21 [error] 23007#23007: *91 openat() "/usr/local/apache/htdocs/deposit/g slot 888.html" failed (2: No such file or directory), client: 66.249.64.76, server: cwp2.slnet.com.au, request: "GET /deposit/g%20slot%20888.html HTTP/1.1", host: "bje.org.au"
2025/11/12 09:22:21 [error] 23009#23009: *92 openat() "/usr/local/apache/htdocs/ios/Daftar เว็บพนัน88.html" failed (2: No such file or directory), client: 66.249.64.129, server: cwp2.slnet.com.au, request: "GET /ios/Daftar%20%E0%B9%80%E0%B8%A7%E0%B9%87%E0%B8%9A%E0%B8%9E%E0%B8%99%E0%B8%B1%E0%B8%9988.html HTTP/1.1", host: "chabadso.org.au"
2025/11/12 09:22:21 [error] 23009#23009: *31 openat() "/usr/local/apache/htdocs/bet/RTP Streaming คือ  แบบไหน.html" failed (2: No such file or directory), client: 66.249.64.227, server: cwp2.slnet.com.au, request: "GET /bet/RTP%20Streaming%20%E0%B8%84%E0%B8%B7%E0%B8%AD%20%20%E0%B9%81%E0%B8%9A%E0%B8%9A%E0%B9%84%E0%B8%AB%E0%B8%99.html HTTP/1.1", host: "rcacivils.com"
2025/11/12 09:22:22 [error] 23007#23007: *91 openat() "/usr/local/apache/htdocs/fishing/Login เว็บยูฟ่า24.html" failed (2: No such file or directory), client: 66.249.64.76, server: cwp2.slnet.com.au, request: "GET /fishing/Login%20%E0%B9%80%E0%B8%A7%E0%B9%87%E0%B8%9A%E0%B8%A2%E0%B8%B9%E0%B8%9F%E0%B9%88%E0%B8%B224.html HTTP/1.1", host: "bje.org.au"
2025/11/12 09:22:23 [error] 22999#22999: *209 openat() "/usr/local/apache/htdocs/wp-content/uploads/2022/01/AJA-Logo-S2.png" failed (2: No such file or directory), client: 175.41.150.136, server: cwp2.slnet.com.au, request: "GET /wp-content/uploads/2022/01/AJA-Logo-S2.png HTTP/1.1", host: "jewishassociation.org.au"
2025/11/12 09:22:23 [error] 23004#23004: *42 openat() "/usr/local/apache/htdocs/fishing/Daftar ufabet ทางเข้า369.html" failed (2: No such file or directory), client: 66.249.64.33, server: cwp2.slnet.com.au, request: "GET /fishing/Daftar%20ufabet%20%E0%B8%97%E0%B8%B2%E0%B8%87%E0%B9%80%E0%B8%82%E0%B9%89%E0%B8%B2369.html HTTP/1.1", host: "italiastonegroup.com.au"
2025/11/12 09:22:24 [error] 23004#23004: *42 openat() "/usr/local/apache/htdocs/nohu/Login www.ufa777.com สมัคร.html" failed (2: No such file or directory), client: 66.249.64.33, server: cwp2.slnet.com.au, request: "GET /nohu/Login%20www.ufa777.com%20%E0%B8%AA%E0%B8%A1%E0%B8%B1%E0%B8%84%E0%B8%A3.html HTTP/1.1", host: "italiastonegroup.com.au"
2025/11/12 09:22:25 [error] 23007#23007: *91 openat() "/usr/local/apache/htdocs/video/Daftar ปัง777สล็อต.html" failed (2: No such file or directory), client: 66.249.64.76, server: cwp2.slnet.com.au, request: "GET /video/Daftar%20%E0%B8%9B%E0%B8%B1%E0%B8%87777%E0%B8%AA%E0%B8%A5%E0%B9%87%E0%B8%AD%E0%B8%95.html HTTP/1.1", host: "bje.org.au"
2025/11/12 09:22:25 [error] 23007#23007: *91 openat() "/usr/local/apache/htdocs/news/Slot 7m ผลบอลสด.html" failed (2: No such file or directory), client: 66.249.64.76, server: cwp2.slnet.com.au, request: "GET /news/Slot%207m%20%E0%B8%9C%E0%B8%A5%E0%B8%9A%E0%B8%AD%E0%B8%A5%E0%B8%AA%E0%B8%94.html HTTP/1.1", host: "bje.org.au"
2025/11/12 09:22:26 [error] 23007#23007: *91 openat() "/usr/local/apache/htdocs/casino/วิธีเข้า ufabet ได้คะแนนฟรี.html" failed (2: No such file or directory), client: 66.249.64.76, server: cwp2.slnet.com.au, request: "GET /casino/%E0%B8%A7%E0%B8%B4%E0%B8%98%E0%B8%B5%E0%B9%80%E0%B8%82%E0%B9%89%E0%B8%B2%20ufabet%20%E0%B9%84%E0%B8%94%E0%B9%89%E0%B8%84%E0%B8%B0%E0%B9%81%E0%B8%99%E0%B8%99%E0%B8%9F%E0%B8%A3%E0%B8%B5.html HTTP/1.1", host: "bje.org.au"
2025/11/12 09:22:26 [error] 23004#23004: *42 openat() "/usr/local/apache/htdocs/news/Daftar 7m ผลบอลสด.html" failed (2: No such file or directory), client: 66.249.64.33, server: cwp2.slnet.com.au, request: "GET /news/Daftar%207m%20%E0%B8%9C%E0%B8%A5%E0%B8%9A%E0%B8%AD%E0%B8%A5%E0%B8%AA%E0%B8%94.html HTTP/1.1", host: "italiastonegroup.com.au"
2025/11/12 09:22:27 [error] 23009#23009: *31 openat() "/usr/local/apache/htdocs/nohu/Daftar สล็อต pg888.html" failed (2: No such file or directory), client: 66.249.64.227, server: cwp2.slnet.com.au, request: "GET /nohu/Daftar%20%E0%B8%AA%E0%B8%A5%E0%B9%87%E0%B8%AD%E0%B8%95%20pg888.html HTTP/1.1", host: "rcacivils.com"
2025/11/12 09:22:27 [error] 23004#23004: *42 openat() "/usr/local/apache/htdocs/news/Login ราคาตารางบอลวันนี้.html" failed (2: No such file or directory), client: 66.249.64.33, server: cwp2.slnet.com.au, request: "GET /news/Login%20%E0%B8%A3%E0%B8%B2%E0%B8%84%E0%B8%B2%E0%B8%95%E0%B8%B2%E0%B8%A3%E0%B8%B2%E0%B8%87%E0%B8%9A%E0%B8%AD%E0%B8%A5%E0%B8%A7%E0%B8%B1%E0%B8%99%E0%B8%99%E0%B8%B5%E0%B9%89.html HTTP/1.1", host: "italiastonegroup.com.au"
2025/11/12 09:22:27 [error] 22998#22998: *230 "/usr/local/apache/htdocs/product/fine-detailing-brush/index.php" is not found (2: No such file or directory), client: 3.95.79.63, server: cwp2.slnet.com.au, request: "HEAD /product/fine-detailing-brush/ HTTP/1.1", host: "autoshield.com.au"
2025/11/12 09:22:28 [error] 22996#22996: *239 openat() "/usr/local/apache/htdocs/ทดลองเล่นสล็อต joker.aspx" failed (2: No such file or directory), client: 54.80.73.122, server: cwp2.slnet.com.au, request: "GET /%E0%B8%97%E0%B8%94%E0%B8%A5%E0%B8%AD%E0%B8%87%E0%B9%80%E0%B8%A5%E0%B9%88%E0%B8%99%E0%B8%AA%E0%B8%A5%E0%B9%87%E0%B8%AD%E0%B8%95%20joker.aspx HTTP/1.1", host: "abyssinianmetals.com"
2025/11/12 09:22:28 [error] 23009#23009: *31 openat() "/usr/local/apache/htdocs/nohu/Slot ผลสกอร์.html" failed (2: No such file or directory), client: 66.249.64.227, server: cwp2.slnet.com.au, request: "GET /nohu/Slot%20%E0%B8%9C%E0%B8%A5%E0%B8%AA%E0%B8%81%E0%B8%AD%E0%B8%A3%E0%B9%8C.html HTTP/1.1", host: "rcacivils.com"
2025/11/12 09:22:29 [error] 23009#23009: *92 openat() "/usr/local/apache/htdocs/betting/Slot ผลบอลคืนนี้พรีเมียร์ลีก.html" failed (2: No such file or directory), client: 66.249.64.129, server: cwp2.slnet.com.au, request: "GET /betting/Slot%20%E0%B8%9C%E0%B8%A5%E0%B8%9A%E0%B8%AD%E0%B8%A5%E0%B8%84%E0%B8%B7%E0%B8%99%E0%B8%99%E0%B8%B5%E0%B9%89%E0%B8%9E%E0%B8%A3%E0%B8%B5%E0%B9%80%E0%B8%A1%E0%B8%B5%E0%B8%A2%E0%B8%A3%E0%B9%8C%E0%B8%A5%E0%B8%B5%E0%B8%81.html HTTP/1.1", host: "chabadso.org.au"
2025/11/12 09:22:29 [error] 23004#23004: *244 openat() "/usr/local/apache/htdocs/robots.txt" failed (2: No such file or directory), client: 66.249.70.110, server: cwp2.slnet.com.au, request: "GET /robots.txt HTTP/1.1", host: "emuchildrensbooks.com.au"
2025/11/12 09:22:29 [error] 23007#23007: *91 openat() "/usr/local/apache/htdocs/video/สล็อตหน้า.html" failed (2: No such file or directory), client: 66.249.64.76, server: cwp2.slnet.com.au, request: "GET /video/%E0%B8%AA%E0%B8%A5%E0%B9%87%E0%B8%AD%E0%B8%95%E0%B8%AB%E0%B8%99%E0%B9%89%E0%B8%B2.html HTTP/1.1", host: "bje.org.au"
2025/11/12 09:22:31 [error] 23009#23009: *92 openat() "/usr/local/apache/htdocs/betting/Login ตารางราคาพูลเสมอ.html" failed (2: No such file or directory), client: 66.249.64.129, server: cwp2.slnet.com.au, request: "GET /betting/Login%20%E0%B8%95%E0%B8%B2%E0%B8%A3%E0%B8%B2%E0%B8%87%E0%B8%A3%E0%B8%B2%E0%B8%84%E0%B8%B2%E0%B8%9E%E0%B8%B9%E0%B8%A5%E0%B9%80%E0%B8%AA%E0%B8%A1%E0%B8%AD.html HTTP/1.1", host: "chabadso.org.au"
2025/11/12 09:22:31 [error] 23007#23007: *91 openat() "/usr/local/apache/htdocs/fishing/Slot ผลบอลสด888 เมื่อคืน.html" failed (2: No such file or directory), client: 66.249.64.76, server: cwp2.slnet.com.au, request: "GET /fishing/Slot%20%E0%B8%9C%E0%B8%A5%E0%B8%9A%E0%B8%AD%E0%B8%A5%E0%B8%AA%E0%B8%94888%20%E0%B9%80%E0%B8%A1%E0%B8%B7%E0%B9%88%E0%B8%AD%E0%B8%84%E0%B8%B7%E0%B8%99.html HTTP/1.1", host: "bje.org.au"
2025/11/12 09:22:32 [error] 23009#23009: *31 openat() "/usr/local/apache/htdocs/bet/รีวิว คลิปหลุดคะแนน มวยไทย สดๆ.html" failed (2: No such file or directory), client: 66.249.64.227, server: cwp2.slnet.com.au, request: "GET /bet/%E0%B8%A3%E0%B8%B5%E0%B8%A7%E0%B8%B4%E0%B8%A7%20%E0%B8%84%E0%B8%A5%E0%B8%B4%E0%B8%9B%E0%B8%AB%E0%B8%A5%E0%B8%B8%E0%B8%94%E0%B8%84%E0%B8%B0%E0%B9%81%E0%B8%99%E0%B8%99%20%E0%B8%A1%E0%B8%A7%E0%B8%A2%E0%B9%84%E0%B8%97%E0%B8%A2%20%E0%B8%AA%E0%B8%94%E0%B9%86.html HTTP/1.1", host: "rcacivils.com"
2025/11/12 09:22:32 [error] 23009#23009: *92 openat() "/usr/local/apache/htdocs/gambling/Daftar สล็อตค่ายพีจี.html" failed (2: No such file or directory), client: 66.249.64.129, server: cwp2.slnet.com.au, request: "GET /gambling/Daftar%20%E0%B8%AA%E0%B8%A5%E0%B9%87%E0%B8%AD%E0%B8%95%E0%B8%84%E0%B9%88%E0%B8%B2%E0%B8%A2%E0%B8%9E%E0%B8%B5%E0%B8%88%E0%B8%B5.html HTTP/1.1", host: "chabadso.org.au"
2025/11/12 09:22:32 [error] 22997#22997: *270 openat() "/usr/local/apache/htdocs/video/Slot ทดลองเล่นสล็อต พีจี.html" failed (2: No such file or directory), client: 66.249.64.76, server: cwp2.slnet.com.au, request: "GET /video/Slot%20%E0%B8%97%E0%B8%94%E0%B8%A5%E0%B8%AD%E0%B8%87%E0%B9%80%E0%B8%A5%E0%B9%88%E0%B8%99%E0%B8%AA%E0%B8%A5%E0%B9%87%E0%B8%AD%E0%B8%95%20%E0%B8%9E%E0%B8%B5%E0%B8%88%E0%B8%B5.html HTTP/1.1", host: "bje.org.au"
2025/11/12 09:22:33 [error] 23009#23009: *92 openat() "/usr/local/apache/htdocs/bonus/ตารางราคาพูลเสมอ.html" failed (2: No such file or directory), client: 66.249.64.129, server: cwp2.slnet.com.au, request: "GET /bonus/%E0%B8%95%E0%B8%B2%E0%B8%A3%E0%B8%B2%E0%B8%87%E0%B8%A3%E0%B8%B2%E0%B8%84%E0%B8%B2%E0%B8%9E%E0%B8%B9%E0%B8%A5%E0%B9%80%E0%B8%AA%E0%B8%A1%E0%B8%AD.html HTTP/1.1", host: "chabadso.org.au"
2025/11/12 09:22:35 [error] 23002#23002: *301 openat() "/usr/local/apache/htdocs/dabong/สล็อต pg ฟรี 2021 ทดลอง เล่น.html" failed (2: No such file or directory), client: 66.249.64.105, server: cwp2.slnet.com.au, request: "GET /dabong/%E0%B8%AA%E0%B8%A5%E0%B9%87%E0%B8%AD%E0%B8%95%20pg%20%E0%B8%9F%E0%B8%A3%E0%B8%B5%202021%20%E0%B8%97%E0%B8%94%E0%B8%A5%E0%B8%AD%E0%B8%87%20%E0%B9%80%E0%B8%A5%E0%B9%88%E0%B8%99.html HTTP/1.1", host: "intranet.carmel.wa.edu.au"
2025/11/12 09:22:36 [error] 23007#23007: *308 openat() "/usr/local/apache/htdocs/dabong/Daftar โปรแกรมเตะเชลซี.html" failed (2: No such file or directory), client: 66.249.64.37, server: cwp2.slnet.com.au, request: "GET /dabong/Daftar%20%E0%B9%82%E0%B8%9B%E0%B8%A3%E0%B9%81%E0%B8%81%E0%B8%A3%E0%B8%A1%E0%B9%80%E0%B8%95%E0%B8%B0%E0%B9%80%E0%B8%8A%E0%B8%A5%E0%B8%8B%E0%B8%B5.html HTTP/1.1", host: "memo.carmel.wa.edu.au"
2025/11/12 09:22:37 [error] 22998#22998: *313 "/usr/local/apache/htdocs/product/printed-embroidered-golf-towels/index.php" is not found (2: No such file or directory), client: 43.173.178.21, server: cwp2.slnet.com.au, request: "GET /product/printed-embroidered-golf-towels/ HTTP/1.1", host: "eaglegolf.com.au"
2025/11/12 09:22:37 [error] 23009#23009: *315 openat() "/usr/local/apache/htdocs/xoso/Slot kingmaker สล็อต.html" failed (2: No such file or directory), client: 66.249.64.39, server: cwp2.slnet.com.au, request: "GET /xoso/Slot%20kingmaker%20%E0%B8%AA%E0%B8%A5%E0%B9%87%E0%B8%AD%E0%B8%95.html HTTP/1.1", host: "memo.carmel.wa.edu.au"
2025/11/12 09:22:38 [error] 23004#23004: *324 openat() "/usr/local/apache/htdocs/news/Login ตารางแข่งทีมซือเปร์ลีก.html" failed (2: No such file or directory), client: 66.249.64.38, server: cwp2.slnet.com.au, request: "GET /news/Login%20%E0%B8%95%E0%B8%B2%E0%B8%A3%E0%B8%B2%E0%B8%87%E0%B9%81%E0%B8%82%E0%B9%88%E0%B8%87%E0%B8%97%E0%B8%B5%E0%B8%A1%E0%B8%8B%E0%B8%B7%E0%B8%AD%E0%B9%80%E0%B8%9B%E0%B8%A3%E0%B9%8C%E0%B8%A5%E0%B8%B5%E0%B8%81.html HTTP/1.1", host: "memo.carmel.wa.edu.au"
2025/11/12 09:22:38 [error] 23007#23007: *308 openat() "/usr/local/apache/htdocs/video/Login goal in th ราคาบอลวันนี้.html" failed (2: No such file or directory), client: 66.249.64.37, server: cwp2.slnet.com.au, request: "GET /video/Login%20goal%20in%20th%20%E0%B8%A3%E0%B8%B2%E0%B8%84%E0%B8%B2%E0%B8%9A%E0%B8%AD%E0%B8%A5%E0%B8%A7%E0%B8%B1%E0%B8%99%E0%B8%99%E0%B8%B5%E0%B9%89.html HTTP/1.1", host: "memo.carmel.wa.edu.au"
2025/11/12 09:22:39 [error] 23009#23009: *315 openat() "/usr/local/apache/htdocs/games/Login ถ่ายทอดสดบอลสด.html" failed (2: No such file or directory), client: 66.249.64.39, server: cwp2.slnet.com.au, request: "GET /games/Login%20%E0%B8%96%E0%B9%88%E0%B8%B2%E0%B8%A2%E0%B8%97%E0%B8%AD%E0%B8%94%E0%B8%AA%E0%B8%94%E0%B8%9A%E0%B8%AD%E0%B8%A5%E0%B8%AA%E0%B8%94.html HTTP/1.1", host: "memo.carmel.wa.edu.au"
2025/11/12 09:22:39 [error] 23003#23003: *326 openat() "/usr/local/apache/htdocs/news/Daftar ผลบอลพรีเมียร์ลีกเมื่อคืน.html" failed (2: No such file or directory), client: 66.249.64.38, server: cwp2.slnet.com.au, request: "GET /news/Daftar%20%E0%B8%9C%E0%B8%A5%E0%B8%9A%E0%B8%AD%E0%B8%A5%E0%B8%9E%E0%B8%A3%E0%B8%B5%E0%B9%80%E0%B8%A1%E0%B8%B5%E0%B8%A2%E0%B8%A3%E0%B9%8C%E0%B8%A5%E0%B8%B5%E0%B8%81%E0%B9%80%E0%B8%A1%E0%B8%B7%E0%B9%88%E0%B8%AD%E0%B8%84%E0%B8%B7%E0%B8%99.html HTTP/1.1", host: "memo.carmel.wa.edu.au"
2025/11/12 09:22:39 [error] 23007#23007: *308 openat() "/usr/local/apache/htdocs/dabong/Login premeir league.html" failed (2: No such file or directory), client: 66.249.64.37, server: cwp2.slnet.com.au, request: "GET /dabong/Login%20premeir%20league.html HTTP/1.1", host: "memo.carmel.wa.edu.au"
2025/11/12 09:22:39 [error] 23003#23003: *326 openat() "/usr/local/apache/htdocs/fishing/Slot mahjong ways 2 pg.html" failed (2: No such file or directory), client: 66.249.64.38, server: cwp2.slnet.com.au, request: "GET /fishing/Slot%20mahjong%20ways%202%20pg.html HTTP/1.1", host: "memo.carmel.wa.edu.au"
2025/11/12 09:22:40 [error] 23008#23008: *331 openat() "/usr/local/apache/htdocs/sitemap/Login บอลยุโรปวันนี้.html" failed (2: No such file or directory), client: 66.249.64.37, server: cwp2.slnet.com.au, request: "GET /sitemap/Login%20%E0%B8%9A%E0%B8%AD%E0%B8%A5%E0%B8%A2%E0%B8%B8%E0%B9%82%E0%B8%A3%E0%B8%9B%E0%B8%A7%E0%B8%B1%E0%B8%99%E0%B8%99%E0%B8%B5%E0%B9%89.html HTTP/1.1", host: "memo.carmel.wa.edu.au"
2025/11/12 09:22:40 [error] 23008#23008: *331 openat() "/usr/local/apache/htdocs/xoso/Daftar ทดลองเล่นสล็อตเว็บตรงpg.html" failed (2: No such file or directory), client: 66.249.64.37, server: cwp2.slnet.com.au, request: "GET /xoso/Daftar%20%E0%B8%97%E0%B8%94%E0%B8%A5%E0%B8%AD%E0%B8%87%E0%B9%80%E0%B8%A5%E0%B9%88%E0%B8%99%E0%B8%AA%E0%B8%A5%E0%B9%87%E0%B8%AD%E0%B8%95%E0%B9%80%E0%B8%A7%E0%B9%87%E0%B8%9A%E0%B8%95%E0%B8%A3%E0%B8%87pg.html HTTP/1.1", host: "memo.carmel.wa.edu.au"
2025/11/12 09:22:40 [error] 23008#23008: *331 openat() "/usr/local/apache/htdocs/bet/Daftar ยู ฟ่า 777.html" failed (2: No such file or directory), client: 66.249.64.37, server: cwp2.slnet.com.au, request: "GET /bet/Daftar%20%E0%B8%A2%E0%B8%B9%20%E0%B8%9F%E0%B9%88%E0%B8%B2%20777.html HTTP/1.1", host: "memo.carmel.wa.edu.au"
2025/11/12 09:22:41 [error] 23003#23003: *326 openat() "/usr/local/apache/htdocs/bonus/Daftar บอลสด แมนยู คืนนี้.html" failed (2: No such file or directory), client: 66.249.64.38, server: cwp2.slnet.com.au, request: "GET /bonus/Daftar%20%E0%B8%9A%E0%B8%AD%E0%B8%A5%E0%B8%AA%E0%B8%94%20%E0%B9%81%E0%B8%A1%E0%B8%99%E0%B8%A2%E0%B8%B9%20%E0%B8%84%E0%B8%B7%E0%B8%99%E0%B8%99%E0%B8%B5%E0%B9%89.html HTTP/1.1", host: "memo.carmel.wa.edu.au"
