164.68.111.227 - - [02/Jan/2026:01:16:55 +0800] "GET /wp-admin/css/ HTTP/1.1" 403 199 "binance.com" "Mozilla/5.0 (Windows NT 10.0; Win64; x64) AppleWebKit/537.36 (KHTML, like Gecko) Chrome/90.0.4430.85 Safari/537.36"
103.4.122.14 - - [02/Jan/2026:01:34:56 +0800] "POST /wp-cron.php?doing_wp_cron=1767288896.0614380836486816406250 HTTP/1.1" 200 - "-" "WordPress/6.9; https://dandenongdaynursery.com.au"
91.108.246.131 - - [02/Jan/2026:01:34:55 +0800] "GET / HTTP/1.0" 301 - "http://dandenongdaynursery.com.au/" "Mozilla/5.0 (Windows NT 10.0; Win64; x64) AppleWebKit/537.36 (KHTML, like Gecko) Chrome/131.0.0.0 Safari/537.36"
91.108.246.131 - - [02/Jan/2026:01:34:57 +0800] "GET / HTTP/1.0" 200 260933 "https://dandenongdaynursery.com.au/" "Mozilla/5.0 (Windows NT 10.0; Win64; x64) AppleWebKit/537.36 (KHTML, like Gecko) Chrome/131.0.0.0 Safari/537.36"
103.4.122.14 - - [02/Jan/2026:01:35:09 +0800] "POST /wp-admin/admin-ajax.php?action=as_async_request_queue_runner&nonce=0362b5440b HTTP/1.1" 500 184 "-" "WordPress/6.9; https://dandenongdaynursery.com.au"
91.108.246.131 - - [02/Jan/2026:01:35:08 +0800] "POST /wp-admin/admin-ajax.php HTTP/1.0" 200 43 "https://dandenongdaynursery.com.au/" "Mozilla/5.0 (Windows NT 10.0; Win64; x64) AppleWebKit/537.36 (KHTML, like Gecko) Chrome/131.0.0.0 Safari/537.36"
106.227.49.113 - - [02/Jan/2026:01:43:48 +0800] "GET / HTTP/1.1" 403 199 "-" "Mozilla/5.0 (iPhone; CPU iPhone OS 13_2_3 like Mac OS X) AppleWebKit/605.1.15 (KHTML, like Gecko) Version/13.0.3 Mobile/15E148 Safari/604.1"
103.4.122.14 - - [02/Jan/2026:01:50:37 +0800] "POST /wp-cron.php?doing_wp_cron=1767289837.8365409374237060546875 HTTP/1.1" 200 - "-" "WordPress/6.9; https://dandenongdaynursery.com.au"
113.95.136.227 - - [02/Jan/2026:01:50:36 +0800] "GET /robots.txt HTTP/1.1" 200 135 "-" "Mozilla/5.0 (Windows NT 10.0; Win64; x64) AppleWebKit/537.36 (KHTML, like Gecko) Chrome/78.0.4438.108 Safari/537.36 Edge/18.18362"
103.4.122.14 - - [02/Jan/2026:01:58:18 +0800] "POST /wp-cron.php?doing_wp_cron=1767290298.5718300342559814453125 HTTP/1.1" 200 - "-" "WordPress/6.9; https://dandenongdaynursery.com.au"
54.39.210.44 - - [02/Jan/2026:01:58:17 +0800] "GET /team/ HTTP/1.1" 200 34456 "-" "Mozilla/5.0 (compatible; AhrefsBot/7.0; +http://ahrefs.com/robot/)"
103.4.122.14 - - [02/Jan/2026:02:23:16 +0800] "POST /wp-cron.php?doing_wp_cron=1767291795.8377070426940917968750 HTTP/1.1" 200 - "-" "WordPress/6.9; https://dandenongdaynursery.com.au"
89.39.83.108 - - [02/Jan/2026:02:23:14 +0800] "POST /xmlrpc.php HTTP/1.1" 200 225 "-" "Mozilla/5.0 (Windows NT 6.1; Win64; x64) AppleWebKit/537.36 (KHTML, like Gecko) Chrome/64.0.3282.186 Safari/537.36 OPR/51.0.2830.55"
103.4.122.14 - - [02/Jan/2026:02:47:23 +0800] "POST /wp-cron.php?doing_wp_cron=1767293243.1981279850006103515625 HTTP/1.1" 200 - "-" "WordPress/6.9; https://dandenongdaynursery.com.au"
167.114.139.198 - - [02/Jan/2026:02:47:22 +0800] "GET /sitemap_index.xml HTTP/1.1" 200 315 "-" "Mozilla/5.0 (compatible; AhrefsBot/7.0; +http://ahrefs.com/robot/)"
54.39.0.127 - - [02/Jan/2026:02:47:27 +0800] "GET /page-sitemap.xml HTTP/1.1" 200 524 "-" "Mozilla/5.0 (compatible; AhrefsBot/7.0; +http://ahrefs.com/robot/)"
51.161.65.124 - - [02/Jan/2026:02:47:32 +0800] "GET /elementor-hf-sitemap.xml HTTP/1.1" 200 398 "-" "Mozilla/5.0 (compatible; AhrefsBot/7.0; +http://ahrefs.com/robot/)"
103.4.122.14 - - [02/Jan/2026:02:48:37 +0800] "POST /wp-cron.php?doing_wp_cron=1767293317.4790279865264892578125 HTTP/1.1" 200 - "-" "WordPress/6.9; https://dandenongdaynursery.com.au"
66.249.70.37 - - [02/Jan/2026:02:48:35 +0800] "GET / HTTP/1.1" 200 37521 "-" "Mozilla/5.0 (Linux; Android 6.0.1; Nexus 5X Build/MMB29P) AppleWebKit/537.36 (KHTML, like Gecko) Chrome/141.0.7390.122 Mobile Safari/537.36 (compatible; Googlebot/2.1; +http://www.google.com/bot.html)"
66.249.70.38 - - [02/Jan/2026:02:48:48 +0800] "GET /wp-content/plugins/wpforms-lite/assets/css/frontend/classic/wpforms-full.min.css?ver=1.9.8.7 HTTP/1.1" 200 11887 "https://dandenongdaynursery.com.au/" "Mozilla/5.0 (Linux; Android 6.0.1; Nexus 5X Build/MMB29P) AppleWebKit/537.36 (KHTML, like Gecko) Chrome/141.0.7390.122 Mobile Safari/537.36 (compatible; Googlebot/2.1; +http://www.google.com/bot.html)"
66.249.70.37 - - [02/Jan/2026:02:48:51 +0800] "GET /wp-content/plugins/ays-popup-box/public/js/ays-pb-public.js?ver=6.0.9 HTTP/1.1" 200 3831 "https://dandenongdaynursery.com.au/" "Mozilla/5.0 (Linux; Android 6.0.1; Nexus 5X Build/MMB29P) AppleWebKit/537.36 (KHTML, like Gecko) Chrome/141.0.7390.122 Mobile Safari/537.36 (compatible; Googlebot/2.1; +http://www.google.com/bot.html)"
66.249.70.37 - - [02/Jan/2026:02:48:52 +0800] "GET /wp-content/plugins/ays-popup-box/public/css/animate.css?ver=6.0.9 HTTP/1.1" 200 4063 "https://dandenongdaynursery.com.au/" "Mozilla/5.0 (Linux; Android 6.0.1; Nexus 5X Build/MMB29P) AppleWebKit/537.36 (KHTML, like Gecko) Chrome/141.0.7390.122 Mobile Safari/537.36 (compatible; Googlebot/2.1; +http://www.google.com/bot.html)"
66.249.70.37 - - [02/Jan/2026:02:48:52 +0800] "GET /wp-content/plugins/advanced-testimonial-carousel-for-elementor/assets/css/atc-testimonial.css?ver=3.1.2 HTTP/1.1" 200 1687 "https://dandenongdaynursery.com.au/" "Mozilla/5.0 (Linux; Android 6.0.1; Nexus 5X Build/MMB29P) AppleWebKit/537.36 (KHTML, like Gecko) Chrome/141.0.7390.122 Mobile Safari/537.36 (compatible; Googlebot/2.1; +http://www.google.com/bot.html)"
66.249.70.37 - - [02/Jan/2026:02:48:53 +0800] "GET /wp-includes/js/jquery/ui/core.min.js?ver=1.13.3 HTTP/1.1" 200 7106 "https://dandenongdaynursery.com.au/" "Mozilla/5.0 (Linux; Android 6.0.1; Nexus 5X Build/MMB29P) AppleWebKit/537.36 (KHTML, like Gecko) Chrome/141.0.7390.122 Mobile Safari/537.36 (compatible; Googlebot/2.1; +http://www.google.com/bot.html)"
195.200.29.225 - - [02/Jan/2026:02:49:32 +0800] "GET / HTTP/1.1" 200 37522 "-" "Mozilla/5.0 (X11; Linux x86_64) AppleWebKit/537.36 (KHTML, like Gecko) Chrome/114.0.0.0 Safari/537.36"
103.4.122.14 - - [02/Jan/2026:02:49:40 +0800] "POST /wp-cron.php?doing_wp_cron=1767293379.9839971065521240234375 HTTP/1.1" 200 - "-" "WordPress/6.9; https://dandenongdaynursery.com.au"
85.142.66.157 - - [02/Jan/2026:02:49:37 +0800] "GET /wp-admin/admin-ajax.php HTTP/1.1" 400 1 "https://dandenongdaynursery.com.au/" "Mozilla/5.0 (Windows NT 6.3; Win64; x64) AppleWebKit/537.36 (KHTML, like Gecko) Chrome/103.0.0.0 Safari/537.36"
103.4.122.14 - - [02/Jan/2026:02:49:40 +0800] "POST /wp-cron.php?doing_wp_cron=1767293380.1887729167938232421875 HTTP/1.1" 200 - "-" "WordPress/6.9; https://dandenongdaynursery.com.au"
103.4.122.14 - - [02/Jan/2026:02:49:39 +0800] "POST /wp-admin/admin-ajax.php?action=as_async_request_queue_runner&nonce=0362b5440b HTTP/1.1" 500 184 "-" "WordPress/6.9; https://dandenongdaynursery.com.au"
85.142.66.157 - - [02/Jan/2026:02:49:41 +0800] "GET /wp-admin/admin-ajax.php?action=register HTTP/1.1" 400 1 "https://dandenongdaynursery.com.au/wp-admin/admin-ajax.php" "Mozilla/5.0 (Windows NT 6.3; Win64; x64) AppleWebKit/537.36 (KHTML, like Gecko) Chrome/103.0.0.0 Safari/537.36"
85.142.66.157 - - [02/Jan/2026:02:49:44 +0800] "GET / HTTP/1.1" 200 26261 "https://dandenongdaynursery.com.au/" "Mozilla/5.0 (Windows NT 6.3; Win64; x64) AppleWebKit/537.36 (KHTML, like Gecko) Chrome/103.0.0.0 Safari/537.36"
85.142.66.157 - - [02/Jan/2026:02:49:47 +0800] "GET /education-services/ HTTP/1.1" 200 22163 "https://dandenongdaynursery.com.au/" "Mozilla/5.0 (Windows NT 6.3; Win64; x64) AppleWebKit/537.36 (KHTML, like Gecko) Chrome/103.0.0.0 Safari/537.36"
85.142.66.157 - - [02/Jan/2026:02:49:50 +0800] "POST /xmlrpc.php HTTP/1.1" 200 206 "https://dandenongdaynursery.com.au/education-services/" "PHP/6.2.64"
66.249.70.38 - - [02/Jan/2026:02:50:36 +0800] "GET / HTTP/1.1" 200 37522 "-" "Mozilla/5.0 (Linux; Android 6.0.1; Nexus 5X Build/MMB29P) AppleWebKit/537.36 (KHTML, like Gecko) Chrome/141.0.7390.122 Mobile Safari/537.36 (compatible; Googlebot/2.1; +http://www.google.com/bot.html)"
66.249.70.39 - - [02/Jan/2026:02:50:52 +0800] "GET /wp-content/uploads/elementor/css/post-10.css?ver=1765152000 HTTP/1.1" 200 3873 "https://dandenongdaynursery.com.au/" "Mozilla/5.0 (Linux; Android 6.0.1; Nexus 5X Build/MMB29P) AppleWebKit/537.36 (KHTML, like Gecko) Chrome/141.0.7390.122 Mobile Safari/537.36 (compatible; Googlebot/2.1; +http://www.google.com/bot.html)"
66.249.70.39 - - [02/Jan/2026:02:50:54 +0800] "GET /wp-includes/js/jquery/jquery.min.js?ver=3.7.1 HTTP/1.1" 200 30368 "https://dandenongdaynursery.com.au/" "Mozilla/5.0 (Linux; Android 6.0.1; Nexus 5X Build/MMB29P) AppleWebKit/537.36 (KHTML, like Gecko) Chrome/141.0.7390.122 Mobile Safari/537.36 (compatible; Googlebot/2.1; +http://www.google.com/bot.html)"
66.249.70.37 - - [02/Jan/2026:02:50:56 +0800] "GET /wp-content/themes/layers-elementor/assets/js/layers-pro.js?ver=1.0.3 HTTP/1.1" 200 5579 "https://dandenongdaynursery.com.au/" "Mozilla/5.0 (Linux; Android 6.0.1; Nexus 5X Build/MMB29P) AppleWebKit/537.36 (KHTML, like Gecko) Chrome/141.0.7390.122 Mobile Safari/537.36 (compatible; Googlebot/2.1; +http://www.google.com/bot.html)"
66.249.70.37 - - [02/Jan/2026:02:51:07 +0800] "GET /wp-content/plugins/wpforms-lite/assets/js/frontend/wpforms.min.js?ver=1.9.8.7 HTTP/1.1" 200 15067 "https://dandenongdaynursery.com.au/" "Mozilla/5.0 (Linux; Android 6.0.1; Nexus 5X Build/MMB29P) AppleWebKit/537.36 (KHTML, like Gecko) Chrome/141.0.7390.122 Mobile Safari/537.36 (compatible; Googlebot/2.1; +http://www.google.com/bot.html)"
66.249.70.39 - - [02/Jan/2026:02:51:17 +0800] "GET /wp-content/plugins/elementor/assets/js/shared-frontend-handlers.03caa53373b56d3bab67.bundle.min.js HTTP/1.1" 200 2644 "https://dandenongdaynursery.com.au/" "Mozilla/5.0 (Linux; Android 6.0.1; Nexus 5X Build/MMB29P) AppleWebKit/537.36 (KHTML, like Gecko) Chrome/141.0.7390.122 Mobile Safari/537.36 (compatible; Googlebot/2.1; +http://www.google.com/bot.html)"
66.249.70.39 - - [02/Jan/2026:02:51:18 +0800] "GET /wp-content/plugins/elementor/assets/js/text-editor.45609661e409413f1cef.bundle.min.js HTTP/1.1" 200 648 "https://dandenongdaynursery.com.au/" "Mozilla/5.0 (Linux; Android 6.0.1; Nexus 5X Build/MMB29P) AppleWebKit/537.36 (KHTML, like Gecko) Chrome/141.0.7390.122 Mobile Safari/537.36 (compatible; Googlebot/2.1; +http://www.google.com/bot.html)"
103.4.122.14 - - [02/Jan/2026:02:56:31 +0800] "POST /wp-cron.php?doing_wp_cron=1767293791.0180389881134033203125 HTTP/1.1" 200 - "-" "WordPress/6.9; https://dandenongdaynursery.com.au"
66.249.70.39 - - [02/Jan/2026:02:56:29 +0800] "GET /warraworrap-room/ HTTP/1.1" 200 34730 "-" "Mozilla/5.0 (Linux; Android 6.0.1; Nexus 5X Build/MMB29P) AppleWebKit/537.36 (KHTML, like Gecko) Chrome/141.0.7390.122 Mobile Safari/537.36 (compatible; Googlebot/2.1; +http://www.google.com/bot.html)"
66.249.70.38 - - [02/Jan/2026:02:56:35 +0800] "GET /wp-content/plugins/elementor/assets/css/widget-icon-list.min.css?ver=3.24.3 HTTP/1.1" 200 1023 "https://dandenongdaynursery.com.au/warraworrap-room/" "Mozilla/5.0 (Linux; Android 6.0.1; Nexus 5X Build/MMB29P) AppleWebKit/537.36 (KHTML, like Gecko) Chrome/141.0.7390.122 Mobile Safari/537.36 (compatible; Googlebot/2.1; +http://www.google.com/bot.html)"
66.249.70.37 - - [02/Jan/2026:02:56:35 +0800] "GET /wp-content/uploads/elementor/css/post-1463.css?ver=1765152000 HTTP/1.1" 200 1471 "https://dandenongdaynursery.com.au/warraworrap-room/" "Mozilla/5.0 (Linux; Android 6.0.1; Nexus 5X Build/MMB29P) AppleWebKit/537.36 (KHTML, like Gecko) Chrome/141.0.7390.122 Mobile Safari/537.36 (compatible; Googlebot/2.1; +http://www.google.com/bot.html)"
66.249.70.38 - - [02/Jan/2026:02:56:35 +0800] "GET /wp-content/plugins/advanced-testimonial-carousel-for-elementor/assets/css/atc-testimonial.css?ver=3.1.2 HTTP/1.1" 200 1687 "https://dandenongdaynursery.com.au/warraworrap-room/" "Mozilla/5.0 (Linux; Android 6.0.1; Nexus 5X Build/MMB29P) AppleWebKit/537.36 (KHTML, like Gecko) Chrome/141.0.7390.122 Mobile Safari/537.36 (compatible; Googlebot/2.1; +http://www.google.com/bot.html)"
66.249.70.38 - - [02/Jan/2026:02:56:35 +0800] "GET /wp-includes/js/jquery/ui/core.min.js?ver=1.13.3 HTTP/1.1" 200 7106 "https://dandenongdaynursery.com.au/warraworrap-room/" "Mozilla/5.0 (Linux; Android 6.0.1; Nexus 5X Build/MMB29P) AppleWebKit/537.36 (KHTML, like Gecko) Chrome/141.0.7390.122 Mobile Safari/537.36 (compatible; Googlebot/2.1; +http://www.google.com/bot.html)"
66.249.70.38 - - [02/Jan/2026:02:56:35 +0800] "GET /wp-content/uploads/elementor/css/post-878.css?ver=1765152000 HTTP/1.1" 200 2814 "https://dandenongdaynursery.com.au/warraworrap-room/" "Mozilla/5.0 (Linux; Android 6.0.1; Nexus 5X Build/MMB29P) AppleWebKit/537.36 (KHTML, like Gecko) Chrome/141.0.7390.122 Mobile Safari/537.36 (compatible; Googlebot/2.1; +http://www.google.com/bot.html)"
66.249.70.38 - - [02/Jan/2026:02:56:35 +0800] "GET /wp-content/plugins/advanced-testimonial-carousel-for-elementor/assets/js/atc-testimonial.js?ver=3.1.2 HTTP/1.1" 200 49919 "https://dandenongdaynursery.com.au/warraworrap-room/" "Mozilla/5.0 (Linux; Android 6.0.1; Nexus 5X Build/MMB29P) AppleWebKit/537.36 (KHTML, like Gecko) Chrome/141.0.7390.122 Mobile Safari/537.36 (compatible; Googlebot/2.1; +http://www.google.com/bot.html)"
66.249.70.38 - - [02/Jan/2026:02:56:36 +0800] "GET /wp-content/plugins/ays-popup-box/public/css/ays-pb-public-min.css?ver=6.0.9 HTTP/1.1" 200 5691 "https://dandenongdaynursery.com.au/warraworrap-room/" "Mozilla/5.0 (Linux; Android 6.0.1; Nexus 5X Build/MMB29P) AppleWebKit/537.36 (KHTML, like Gecko) Chrome/141.0.7390.122 Mobile Safari/537.36 (compatible; Googlebot/2.1; +http://www.google.com/bot.html)"
88.210.35.166 - - [02/Jan/2026:02:56:36 +0800] "GET / HTTP/1.0" 200 260931 "https://dandenongdaynursery.com.au/" "Mozilla/5.0 (Windows NT 10.0; Win64; x64) AppleWebKit/537.36 (KHTML, like Gecko) Chrome/129.0.0.0 Safari/537.36"
88.210.35.166 - - [02/Jan/2026:02:56:44 +0800] "POST /wp-admin/admin-ajax.php HTTP/1.0" 200 43 "https://dandenongdaynursery.com.au/" "Mozilla/5.0 (Windows NT 10.0; Win64; x64) AppleWebKit/537.36 (KHTML, like Gecko) Chrome/129.0.0.0 Safari/537.36"
103.4.122.14 - - [02/Jan/2026:02:56:45 +0800] "POST /wp-admin/admin-ajax.php?action=as_async_request_queue_runner&nonce=0362b5440b HTTP/1.1" 500 184 "-" "WordPress/6.9; https://dandenongdaynursery.com.au"
52.167.144.191 - - [02/Jan/2026:02:59:06 +0800] "GET /wp-content/uploads/2023/03/Minamberang-2.jpg HTTP/1.1" 200 323636 "-" "Mozilla/5.0 AppleWebKit/537.36 (KHTML, like Gecko; compatible; bingbot/2.0; +http://www.bing.com/bingbot.htm) Chrome/116.0.1938.76 Safari/537.36"
43.133.187.11 - - [02/Jan/2026:02:59:27 +0800] "GET / HTTP/1.1" 403 199 "-" "Mozilla/5.0 (iPhone; CPU iPhone OS 13_2_3 like Mac OS X) AppleWebKit/605.1.15 (KHTML, like Gecko) Version/13.0.3 Mobile/15E148 Safari/604.1"
17.246.19.158 - - [02/Jan/2026:03:07:06 +0800] "GET /robots.txt HTTP/1.1" 200 135 "-" "Mozilla/5.0 (Macintosh; Intel Mac OS X 10_15_7) AppleWebKit/605.1.15 (KHTML, like Gecko) Version/17.4 Safari/605.1.15 (Applebot/0.1; +http://www.apple.com/go/applebot)"
17.246.19.158 - - [02/Jan/2026:03:07:07 +0800] "GET /comments/feed/ HTTP/1.1" 200 427 "-" "Mozilla/5.0 (Macintosh; Intel Mac OS X 10_15_7) AppleWebKit/605.1.15 (KHTML, like Gecko) Version/17.4 Safari/605.1.15 (Applebot/0.1; +http://www.apple.com/go/applebot)"
103.4.122.14 - - [02/Jan/2026:03:07:07 +0800] "POST /wp-cron.php?doing_wp_cron=1767294427.4272539615631103515625 HTTP/1.1" 200 - "-" "WordPress/6.9; https://dandenongdaynursery.com.au"
103.4.122.14 - - [02/Jan/2026:03:10:38 +0800] "POST /wp-cron.php?doing_wp_cron=1767294637.9697699546813964843750 HTTP/1.1" 200 - "-" "WordPress/6.9; https://dandenongdaynursery.com.au"
202.76.188.191 - - [02/Jan/2026:03:10:36 +0800] "GET /murnong-room/ HTTP/1.1" 200 34272 "-" "Mozilla/5.0 (Windows; U; Windows NT 6.0; en-US) AppleWebKit/532.2 (KHTML, like Gecko) Chrome/4.0.222.12 Safari/532.2"
103.4.122.14 - - [02/Jan/2026:03:13:13 +0800] "POST /wp-cron.php?doing_wp_cron=1767294793.2263801097869873046875 HTTP/1.1" 200 - "-" "WordPress/6.9; https://dandenongdaynursery.com.au"
34.124.199.21 - - [02/Jan/2026:03:13:12 +0800] "GET / HTTP/1.1" 301 - "-" "curl/7.83.1"
34.124.199.21 - - [02/Jan/2026:03:13:19 +0800] "GET / HTTP/1.1" 200 37520 "-" "curl/7.83.1"
34.124.199.21 - - [02/Jan/2026:03:13:25 +0800] "GET /wordpress/ HTTP/1.1" 404 65300 "-" "curl/7.83.1"
103.4.122.14 - - [02/Jan/2026:03:16:49 +0800] "POST /wp-cron.php?doing_wp_cron=1767295009.5164198875427246093750 HTTP/1.1" 200 - "-" "WordPress/6.9; https://dandenongdaynursery.com.au"
185.21.15.245 - - [02/Jan/2026:03:16:47 +0800] "GET / HTTP/1.0" 200 260934 "https://dandenongdaynursery.com.au/" "Mozilla/5.0 (Windows NT 10.0; Win64; x64) AppleWebKit/537.36 (KHTML, like Gecko) Chrome/129.0.0.0 Safari/537.36"
185.21.15.245 - - [02/Jan/2026:03:17:02 +0800] "POST /wp-admin/admin-ajax.php HTTP/1.0" 200 43 "https://dandenongdaynursery.com.au/" "Mozilla/5.0 (Windows NT 10.0; Win64; x64) AppleWebKit/537.36 (KHTML, like Gecko) Chrome/129.0.0.0 Safari/537.36"
103.4.122.14 - - [02/Jan/2026:03:17:03 +0800] "POST /wp-admin/admin-ajax.php?action=as_async_request_queue_runner&nonce=0362b5440b HTTP/1.1" 500 184 "-" "WordPress/6.9; https://dandenongdaynursery.com.au"
103.4.122.14 - - [02/Jan/2026:03:19:19 +0800] "POST /wp-cron.php?doing_wp_cron=1767295158.9805989265441894531250 HTTP/1.1" 200 - "-" "WordPress/6.9; https://dandenongdaynursery.com.au"
217.113.194.154 - - [02/Jan/2026:03:19:18 +0800] "GET /robots.txt HTTP/1.1" 200 135 "-" "Mozilla/5.0 (compatible; Barkrowler/0.9; +https://babbar.tech/crawler)"
217.113.194.154 - - [02/Jan/2026:03:19:35 +0800] "GET /feed/ HTTP/1.1" 200 536 "-" "Mozilla/5.0 (compatible; Barkrowler/0.9; +https://babbar.tech/crawler)"
103.4.122.14 - - [02/Jan/2026:03:40:03 +0800] "POST /wp-cron.php?doing_wp_cron=1767296403.5425300598144531250000 HTTP/1.1" 200 - "-" "WordPress/6.9; https://dandenongdaynursery.com.au"
66.249.70.38 - - [02/Jan/2026:03:40:02 +0800] "GET /robots.txt HTTP/1.1" 200 135 "-" "Mozilla/5.0 (compatible; Googlebot/2.1; +http://www.google.com/bot.html)"
66.249.70.36 - - [02/Jan/2026:03:40:04 +0800] "GET /?wordfence_lh=1&hid=04801A1029A61531BDE62B0FBB7D81B2 HTTP/1.1" 301 - "-" "Mozilla/5.0 (Linux; Android 6.0.1; Nexus 5X Build/MMB29P) AppleWebKit/537.36 (KHTML, like Gecko) Chrome/141.0.7390.122 Mobile Safari/537.36 (compatible; Googlebot/2.1; +http://www.google.com/bot.html)"
66.249.70.38 - - [02/Jan/2026:03:40:06 +0800] "GET /?wordfence_lh=1&hid=04801A1029A61531BDE62B0FBB7D81B2 HTTP/1.1" 200 37569 "-" "Mozilla/5.0 (Linux; Android 6.0.1; Nexus 5X Build/MMB29P) AppleWebKit/537.36 (KHTML, like Gecko) Chrome/141.0.7390.122 Mobile Safari/537.36 (compatible; Googlebot/2.1; +http://www.google.com/bot.html)"
202.76.141.43 - - [02/Jan/2026:03:40:10 +0800] "GET /minamberang-room/ HTTP/1.1" 200 34281 "-" "Mozilla/5.0 (Windows; U; Windows NT 6.1; en-US; rv:1.9.2.2) Gecko/20100316 AskTbSPC2/3.9.1.14019 Firefox/3.6.2"
66.249.70.36 - - [02/Jan/2026:03:40:11 +0800] "GET /?wordfence_lh=1&hid=ED2833726AF7F6D8CF527CBEFDF2867F HTTP/1.1" 301 - "-" "Mozilla/5.0 (Linux; Android 6.0.1; Nexus 5X Build/MMB29P) AppleWebKit/537.36 (KHTML, like Gecko) Chrome/141.0.7390.122 Mobile Safari/537.36 (compatible; Googlebot/2.1; +http://www.google.com/bot.html)"
66.249.70.37 - - [02/Jan/2026:03:40:13 +0800] "GET /wp-content/themes/layers-elementor/assets/css/framework.css?ver=1.0.3 HTTP/1.1" 200 10628 "https://dandenongdaynursery.com.au/?wordfence_lh=1&hid=04801A1029A61531BDE62B0FBB7D81B2" "Mozilla/5.0 (Linux; Android 6.0.1; Nexus 5X Build/MMB29P) AppleWebKit/537.36 (KHTML, like Gecko) Chrome/141.0.7390.122 Mobile Safari/537.36 (compatible; Googlebot/2.1; +http://www.google.com/bot.html)"
66.249.70.37 - - [02/Jan/2026:03:40:13 +0800] "GET /wp-content/plugins/wpforms-lite/assets/js/frontend/fields/address.min.js?ver=1.9.8.7 HTTP/1.1" 200 471 "https://dandenongdaynursery.com.au/?wordfence_lh=1&hid=04801A1029A61531BDE62B0FBB7D81B2" "Mozilla/5.0 (Linux; Android 6.0.1; Nexus 5X Build/MMB29P) AppleWebKit/537.36 (KHTML, like Gecko) Chrome/141.0.7390.122 Mobile Safari/537.36 (compatible; Googlebot/2.1; +http://www.google.com/bot.html)"
66.249.70.37 - - [02/Jan/2026:03:40:12 +0800] "GET /?wordfence_lh=1&hid=ED2833726AF7F6D8CF527CBEFDF2867F HTTP/1.1" 200 37572 "-" "Mozilla/5.0 (Linux; Android 6.0.1; Nexus 5X Build/MMB29P) AppleWebKit/537.36 (KHTML, like Gecko) Chrome/141.0.7390.122 Mobile Safari/537.36 (compatible; Googlebot/2.1; +http://www.google.com/bot.html)"
66.249.70.37 - - [02/Jan/2026:03:40:17 +0800] "GET /wp-content/themes/layers-elementor/assets/css/layers-icons.css?ver=1.0.3 HTTP/1.1" 200 711 "https://dandenongdaynursery.com.au/?wordfence_lh=1&hid=ED2833726AF7F6D8CF527CBEFDF2867F" "Mozilla/5.0 (Linux; Android 6.0.1; Nexus 5X Build/MMB29P) AppleWebKit/537.36 (KHTML, like Gecko) Chrome/141.0.7390.122 Mobile Safari/537.36 (compatible; Googlebot/2.1; +http://www.google.com/bot.html)"
66.249.70.37 - - [02/Jan/2026:03:40:17 +0800] "GET /wp-content/themes/layers-elementor/assets/js/layers-pro.js?ver=1.0.3 HTTP/1.1" 200 5579 "https://dandenongdaynursery.com.au/?wordfence_lh=1&hid=ED2833726AF7F6D8CF527CBEFDF2867F" "Mozilla/5.0 (Linux; Android 6.0.1; Nexus 5X Build/MMB29P) AppleWebKit/537.36 (KHTML, like Gecko) Chrome/141.0.7390.122 Mobile Safari/537.36 (compatible; Googlebot/2.1; +http://www.google.com/bot.html)"
66.249.70.37 - - [02/Jan/2026:03:40:18 +0800] "GET /wp-content/uploads/elementor/css/post-1238.css?ver=1765152000 HTTP/1.1" 200 1839 "https://dandenongdaynursery.com.au/?wordfence_lh=1&hid=ED2833726AF7F6D8CF527CBEFDF2867F" "Mozilla/5.0 (Linux; Android 6.0.1; Nexus 5X Build/MMB29P) AppleWebKit/537.36 (KHTML, like Gecko) Chrome/141.0.7390.122 Mobile Safari/537.36 (compatible; Googlebot/2.1; +http://www.google.com/bot.html)"
66.249.70.37 - - [02/Jan/2026:03:40:18 +0800] "GET /wp-content/plugins/elementor/assets/lib/font-awesome/css/brands.min.css?ver=5.15.3 HTTP/1.1" 200 308 "https://dandenongdaynursery.com.au/?wordfence_lh=1&hid=ED2833726AF7F6D8CF527CBEFDF2867F" "Mozilla/5.0 (Linux; Android 6.0.1; Nexus 5X Build/MMB29P) AppleWebKit/537.36 (KHTML, like Gecko) Chrome/141.0.7390.122 Mobile Safari/537.36 (compatible; Googlebot/2.1; +http://www.google.com/bot.html)"
103.4.122.14 - - [02/Jan/2026:03:43:40 +0800] "POST /wp-cron.php?doing_wp_cron=1767296620.4429330825805664062500 HTTP/1.1" 200 - "-" "WordPress/6.9; https://dandenongdaynursery.com.au"
51.68.111.243 - - [02/Jan/2026:03:43:39 +0800] "GET /robots.txt HTTP/1.1" 200 135 "-" "Mozilla/5.0 (compatible; MJ12bot/v2.0.4; http://mj12bot.com/)"
51.68.111.243 - - [02/Jan/2026:03:43:40 +0800] "GET / HTTP/1.1" 301 - "-" "Mozilla/5.0 (compatible; MJ12bot/v2.0.4; http://mj12bot.com/)"
51.68.111.243 - - [02/Jan/2026:03:43:43 +0800] "GET /robots.txt HTTP/1.1" 200 135 "-" "Mozilla/5.0 (compatible; MJ12bot/v2.0.4; http://mj12bot.com/)"
51.68.111.243 - - [02/Jan/2026:03:43:44 +0800] "GET / HTTP/1.1" 200 37523 "-" "Mozilla/5.0 (compatible; MJ12bot/v2.0.4; http://mj12bot.com/)"
207.46.13.150 - - [02/Jan/2026:03:49:37 +0800] "GET /wp-content/uploads/2023/03/Murnong-4-1536x1152.jpg HTTP/1.1" 200 439175 "-" "Mozilla/5.0 AppleWebKit/537.36 (KHTML, like Gecko; compatible; bingbot/2.0; +http://www.bing.com/bingbot.htm) Chrome/116.0.1938.76 Safari/537.36"
103.4.122.14 - - [02/Jan/2026:03:57:21 +0800] "POST /wp-cron.php?doing_wp_cron=1767297441.0870358943939208984375 HTTP/1.1" 200 - "-" "WordPress/6.9; https://dandenongdaynursery.com.au"
212.36.76.11 - - [02/Jan/2026:03:57:20 +0800] "POST /xmlrpc.php HTTP/1.1" 200 206 "-" "Mozilla/5.0 (Windows NT 10.0; Win64; x64; rv:55.0) Gecko/20100101 Firefox/55.0"
103.4.122.14 - - [02/Jan/2026:04:08:38 +0800] "POST /wp-cron.php?doing_wp_cron=1767298118.6434230804443359375000 HTTP/1.1" 200 - "-" "WordPress/6.9; https://dandenongdaynursery.com.au"
114.119.141.116 - - [02/Jan/2026:04:08:37 +0800] "GET /ufabet88.aspx HTTP/1.1" 404 170266 "https://dandenongdaynursery.com.au/betflik%20net%20%E0%B9%80%E0%B8%82%E0%B9%89%E0%B8%B2%E0%B8%AA%E0%B8%B9%E0%B9%88%E0%B8%A3%E0%B8%B0%E0%B8%9A%E0%B8%9A.aspx" "Mozilla/5.0 (Linux; Android 7.0;) AppleWebKit/537.36 (KHTML, like Gecko) Mobile Safari/537.36 (compatible; PetalBot;+https://webmaster.petalsearch.com/site/petalbot)"
103.4.122.14 - - [02/Jan/2026:04:26:33 +0800] "POST /wp-cron.php?doing_wp_cron=1767299192.8006019592285156250000 HTTP/1.1" 200 - "-" "WordPress/6.9; https://dandenongdaynursery.com.au"
114.119.146.142 - - [02/Jan/2026:04:26:31 +0800] "GET /%E0%B8%AA%E0%B8%A5%E0%B9%87%E0%B8%AD%E0%B8%95%20%E0%B9%80%E0%B8%84%E0%B8%A3%E0%B8%94%E0%B8%B4%E0%B8%95%E0%B8%9F%E0%B8%A3%E0%B8%B5%20100%20%E0%B9%84%E0%B8%A1%E0%B9%88%E0%B8%95%E0%B9%89%E0%B8%AD%E0%B8%87%E0%B8%9D%E0%B8%B2%E0%B8%81.aspx HTTP/1.1" 404 170266 "https://dandenongdaynursery.com.au/lotto%20vip%20%E0%B9%80%E0%B8%82%E0%B9%89%E0%B8%B2%E0%B8%AA%E0%B8%B9%E0%B9%88%E0%B8%A3%E0%B8%B0%E0%B8%9A%E0%B8%9A.aspx" "Mozilla/5.0 (Linux; Android 7.0;) AppleWebKit/537.36 (KHTML, like Gecko) Mobile Safari/537.36 (compatible; PetalBot;+https://webmaster.petalsearch.com/site/petalbot)"
103.4.122.14 - - [02/Jan/2026:04:27:54 +0800] "POST /wp-cron.php?doing_wp_cron=1767299274.6875119209289550781250 HTTP/1.1" 200 - "-" "WordPress/6.9; https://dandenongdaynursery.com.au"
114.119.131.136 - - [02/Jan/2026:04:27:53 +0800] "GET /%E0%B8%97%E0%B8%94%E0%B8%A5%E0%B8%AD%E0%B8%87%E0%B9%80%E0%B8%A5%E0%B9%88%E0%B8%99%E0%B8%AA%E0%B8%A5%E0%B9%87%E0%B8%AD%E0%B8%95%20pg%20%E0%B9%80%E0%B8%81%E0%B8%A1%E0%B9%83%E0%B8%AB%E0%B8%A1%E0%B9%88.aspx HTTP/1.1" 404 170266 "https://dandenongdaynursery.com.au/%E0%B8%AA%E0%B8%A5%E0%B9%87%E0%B8%AD%E0%B8%95%20%E0%B9%80%E0%B8%84%E0%B8%A3%E0%B8%94%E0%B8%B4%E0%B8%95%E0%B8%9F%E0%B8%A3%E0%B8%B5%2050%20%E0%B8%96%E0%B8%AD%E0%B8%99%E0%B9%84%E0%B8%94%E0%B9%89%20300.aspx" "Mozilla/5.0 (Linux; Android 7.0;) AppleWebKit/537.36 (KHTML, like Gecko) Mobile Safari/537.36 (compatible; PetalBot;+https://webmaster.petalsearch.com/site/petalbot)"
103.4.122.14 - - [02/Jan/2026:04:34:03 +0800] "POST /wp-cron.php?doing_wp_cron=1767299643.7708458900451660156250 HTTP/1.1" 200 - "-" "WordPress/6.9; https://dandenongdaynursery.com.au"
84.252.113.43 - - [02/Jan/2026:04:34:02 +0800] "GET /education-services/ HTTP/1.1" 200 33415 "-" "Mozilla/5.0 (Windows; U; Windows NT 6.1; en-US) AppleWebKit/532.5 (KHTML, like Gecko) Chrome/4.1.249.1025 Safari/532.5"
103.4.122.14 - - [02/Jan/2026:04:38:06 +0800] "POST /wp-cron.php?doing_wp_cron=1767299886.0848059654235839843750 HTTP/1.1" 200 - "-" "WordPress/6.9; https://dandenongdaynursery.com.au"
47.128.35.193 - - [02/Jan/2026:04:38:04 +0800] "GET / HTTP/1.1" 200 37517 "-" "Mozilla/5.0 (Linux; Android 5.0) AppleWebKit/537.36 (KHTML, like Gecko) Mobile Safari/537.36 (compatible; Bytespider; spider-feedback@bytedance.com)"
47.128.60.236 - - [02/Jan/2026:04:38:08 +0800] "GET /robots.txt HTTP/1.1" 200 135 "-" "Mozilla/5.0 (Linux; Android 5.0) AppleWebKit/537.36 (KHTML, like Gecko) Mobile Safari/537.36 (compatible; Bytespider; spider-feedback@bytedance.com)"
103.4.122.14 - - [02/Jan/2026:04:39:24 +0800] "POST /wp-cron.php?doing_wp_cron=1767299963.9244630336761474609375 HTTP/1.1" 200 - "-" "WordPress/6.9; https://dandenongdaynursery.com.au"
47.128.122.101 - - [02/Jan/2026:04:39:22 +0800] "GET / HTTP/1.1" 200 37519 "-" "Mozilla/5.0 (Linux; Android 5.0) AppleWebKit/537.36 (KHTML, like Gecko) Mobile Safari/537.36 (compatible; TikTokSpider; ttspider-feedback@tiktok.com)"
47.128.122.101 - - [02/Jan/2026:04:39:24 +0800] "GET /wp-content/plugins/ays-popup-box/public/css/animate.css?ver=6.0.9 HTTP/1.1" 200 4063 "https://dandenongdaynursery.com.au/" "Mozilla/5.0 (Linux; Android 5.0) AppleWebKit/537.36 (KHTML, like Gecko) Mobile Safari/537.36 (compatible; TikTokSpider; ttspider-feedback@tiktok.com)"
47.128.122.101 - - [02/Jan/2026:04:39:24 +0800] "GET /wp-content/plugins/header-footer-elementor/inc/widgets-css/frontend.css?ver=2.7.1 HTTP/1.1" 200 9202 "https://dandenongdaynursery.com.au/" "Mozilla/5.0 (Linux; Android 5.0) AppleWebKit/537.36 (KHTML, like Gecko) Mobile Safari/537.36 (compatible; TikTokSpider; ttspider-feedback@tiktok.com)"
47.128.122.101 - - [02/Jan/2026:04:39:25 +0800] "GET /wp-content/plugins/header-footer-elementor/assets/css/header-footer-elementor.css?ver=2.7.1 HTTP/1.1" 200 323 "https://dandenongdaynursery.com.au/" "Mozilla/5.0 (Linux; Android 5.0) AppleWebKit/537.36 (KHTML, like Gecko) Mobile Safari/537.36 (compatible; TikTokSpider; ttspider-feedback@tiktok.com)"
47.128.122.101 - - [02/Jan/2026:04:39:25 +0800] "GET /wp-content/plugins/advanced-testimonial-carousel-for-elementor/assets/css/atc-testimonial.css?ver=3.1.2 HTTP/1.1" 200 1687 "https://dandenongdaynursery.com.au/" "Mozilla/5.0 (Linux; Android 5.0) AppleWebKit/537.36 (KHTML, like Gecko) Mobile Safari/537.36 (compatible; TikTokSpider; ttspider-feedback@tiktok.com)"
47.128.122.101 - - [02/Jan/2026:04:39:25 +0800] "GET /wp-content/plugins/elementor/assets/css/frontend.min.css?ver=3.34.0 HTTP/1.1" 200 7244 "https://dandenongdaynursery.com.au/" "Mozilla/5.0 (Linux; Android 5.0) AppleWebKit/537.36 (KHTML, like Gecko) Mobile Safari/537.36 (compatible; TikTokSpider; ttspider-feedback@tiktok.com)"
47.128.122.101 - - [02/Jan/2026:04:39:25 +0800] "GET /wp-content/plugins/elementor/assets/lib/font-awesome/css/v4-shims.min.css?ver=3.34.0 HTTP/1.1" 200 4229 "https://dandenongdaynursery.com.au/" "Mozilla/5.0 (Linux; Android 5.0) AppleWebKit/537.36 (KHTML, like Gecko) Mobile Safari/537.36 (compatible; TikTokSpider; ttspider-feedback@tiktok.com)"
47.128.122.101 - - [02/Jan/2026:04:39:25 +0800] "GET /wp-content/plugins/elementor/assets/css/widget-heading.min.css?ver=3.34.0 HTTP/1.1" 200 160 "https://dandenongdaynursery.com.au/" "Mozilla/5.0 (Linux; Android 5.0) AppleWebKit/537.36 (KHTML, like Gecko) Mobile Safari/537.36 (compatible; TikTokSpider; ttspider-feedback@tiktok.com)"
47.128.122.101 - - [02/Jan/2026:04:39:26 +0800] "GET /wp-content/plugins/elementor/assets/lib/font-awesome/css/all.min.css?ver=3.34.0 HTTP/1.1" 200 12869 "https://dandenongdaynursery.com.au/" "Mozilla/5.0 (Linux; Android 5.0) AppleWebKit/537.36 (KHTML, like Gecko) Mobile Safari/537.36 (compatible; TikTokSpider; ttspider-feedback@tiktok.com)"
47.128.122.101 - - [02/Jan/2026:04:39:26 +0800] "GET /wp-content/uploads/elementor/css/post-8.css?ver=1767027949 HTTP/1.1" 200 441 "https://dandenongdaynursery.com.au/" "Mozilla/5.0 (Linux; Android 5.0) AppleWebKit/537.36 (KHTML, like Gecko) Mobile Safari/537.36 (compatible; TikTokSpider; ttspider-feedback@tiktok.com)"
47.128.122.101 - - [02/Jan/2026:04:39:26 +0800] "GET /wp-content/plugins/elementor/assets/lib/eicons/css/elementor-icons.min.css?ver=5.45.0 HTTP/1.1" 200 4384 "https://dandenongdaynursery.com.au/" "Mozilla/5.0 (Linux; Android 5.0) AppleWebKit/537.36 (KHTML, like Gecko) Mobile Safari/537.36 (compatible; TikTokSpider; ttspider-feedback@tiktok.com)"
47.128.122.101 - - [02/Jan/2026:04:39:26 +0800] "GET /wp-content/plugins/elementor/assets/css/widget-icon-list.min.css?ver=3.34.0 HTTP/1.1" 200 1023 "https://dandenongdaynursery.com.au/" "Mozilla/5.0 (Linux; Android 5.0) AppleWebKit/537.36 (KHTML, like Gecko) Mobile Safari/537.36 (compatible; TikTokSpider; ttspider-feedback@tiktok.com)"
47.128.122.101 - - [02/Jan/2026:04:39:26 +0800] "GET /wp-content/plugins/elementor/assets/css/widget-image-box.min.css?ver=3.34.0 HTTP/1.1" 200 368 "https://dandenongdaynursery.com.au/" "Mozilla/5.0 (Linux; Android 5.0) AppleWebKit/537.36 (KHTML, like Gecko) Mobile Safari/537.36 (compatible; TikTokSpider; ttspider-feedback@tiktok.com)"
47.128.122.101 - - [02/Jan/2026:04:39:26 +0800] "GET /wp-content/plugins/elementor/assets/css/widget-image.min.css?ver=3.34.0 HTTP/1.1" 200 135 "https://dandenongdaynursery.com.au/" "Mozilla/5.0 (Linux; Android 5.0) AppleWebKit/537.36 (KHTML, like Gecko) Mobile Safari/537.36 (compatible; TikTokSpider; ttspider-feedback@tiktok.com)"
47.128.122.101 - - [02/Jan/2026:04:39:27 +0800] "GET /wp-content/plugins/elementor/assets/css/conditionals/shapes.min.css?ver=3.34.0 HTTP/1.1" 200 288 "https://dandenongdaynursery.com.au/" "Mozilla/5.0 (Linux; Android 5.0) AppleWebKit/537.36 (KHTML, like Gecko) Mobile Safari/537.36 (compatible; TikTokSpider; ttspider-feedback@tiktok.com)"
47.128.122.101 - - [02/Jan/2026:04:39:28 +0800] "GET /wp-content/uploads/elementor/css/post-1238.css?ver=1767027949 HTTP/1.1" 200 1839 "https://dandenongdaynursery.com.au/" "Mozilla/5.0 (Linux; Android 5.0) AppleWebKit/537.36 (KHTML, like Gecko) Mobile Safari/537.36 (compatible; TikTokSpider; ttspider-feedback@tiktok.com)"
47.128.122.101 - - [02/Jan/2026:04:39:28 +0800] "GET /wp-content/plugins/elementor/assets/css/widget-google_maps.min.css?ver=3.34.0 HTTP/1.1" 200 138 "https://dandenongdaynursery.com.au/" "Mozilla/5.0 (Linux; Android 5.0) AppleWebKit/537.36 (KHTML, like Gecko) Mobile Safari/537.36 (compatible; TikTokSpider; ttspider-feedback@tiktok.com)"
47.128.122.101 - - [02/Jan/2026:04:39:28 +0800] "GET /wp-content/uploads/elementor/css/post-1463.css?ver=1767027949 HTTP/1.1" 200 1471 "https://dandenongdaynursery.com.au/" "Mozilla/5.0 (Linux; Android 5.0) AppleWebKit/537.36 (KHTML, like Gecko) Mobile Safari/537.36 (compatible; TikTokSpider; ttspider-feedback@tiktok.com)"
47.128.122.101 - - [02/Jan/2026:04:39:28 +0800] "GET /wp-content/plugins/elementor/assets/css/conditionals/e-swiper.min.css?ver=3.34.0 HTTP/1.1" 200 799 "https://dandenongdaynursery.com.au/" "Mozilla/5.0 (Linux; Android 5.0) AppleWebKit/537.36 (KHTML, like Gecko) Mobile Safari/537.36 (compatible; TikTokSpider; ttspider-feedback@tiktok.com)"
47.128.122.101 - - [02/Jan/2026:04:39:28 +0800] "GET /wp-content/plugins/elementor/assets/lib/swiper/v8/css/swiper.min.css?ver=8.4.5 HTTP/1.1" 200 4583 "https://dandenongdaynursery.com.au/" "Mozilla/5.0 (Linux; Android 5.0) AppleWebKit/537.36 (KHTML, like Gecko) Mobile Safari/537.36 (compatible; TikTokSpider; ttspider-feedback@tiktok.com)"
47.128.122.101 - - [02/Jan/2026:04:39:28 +0800] "GET /wp-content/uploads/elementor/css/post-10.css?ver=1767029617 HTTP/1.1" 200 3873 "https://dandenongdaynursery.com.au/" "Mozilla/5.0 (Linux; Android 5.0) AppleWebKit/537.36 (KHTML, like Gecko) Mobile Safari/537.36 (compatible; TikTokSpider; ttspider-feedback@tiktok.com)"
47.128.122.101 - - [02/Jan/2026:04:39:28 +0800] "GET /wp-content/plugins/elementor/assets/css/widget-divider.min.css?ver=3.34.0 HTTP/1.1" 200 741 "https://dandenongdaynursery.com.au/" "Mozilla/5.0 (Linux; Android 5.0) AppleWebKit/537.36 (KHTML, like Gecko) Mobile Safari/537.36 (compatible; TikTokSpider; ttspider-feedback@tiktok.com)"
47.128.122.101 - - [02/Jan/2026:04:39:28 +0800] "GET /wp-content/themes/layers-elementor/assets/css/framework.css?ver=1.0.3 HTTP/1.1" 200 10628 "https://dandenongdaynursery.com.au/" "Mozilla/5.0 (Linux; Android 5.0) AppleWebKit/537.36 (KHTML, like Gecko) Mobile Safari/537.36 (compatible; TikTokSpider; ttspider-feedback@tiktok.com)"
47.128.122.101 - - [02/Jan/2026:04:39:26 +0800] "GET /wp-content/plugins/elementor/assets/css/widget-spacer.min.css?ver=3.34.0 HTTP/1.1" 200 338 "https://dandenongdaynursery.com.au/" "Mozilla/5.0 (Linux; Android 5.0) AppleWebKit/537.36 (KHTML, like Gecko) Mobile Safari/537.36 (compatible; TikTokSpider; ttspider-feedback@tiktok.com)"
47.128.122.101 - - [02/Jan/2026:04:39:28 +0800] "GET /wp-content/plugins/elementor/assets/css/widget-image-gallery.min.css?ver=3.34.0 HTTP/1.1" 200 358 "https://dandenongdaynursery.com.au/" "Mozilla/5.0 (Linux; Android 5.0) AppleWebKit/537.36 (KHTML, like Gecko) Mobile Safari/537.36 (compatible; TikTokSpider; ttspider-feedback@tiktok.com)"
47.128.122.101 - - [02/Jan/2026:04:39:28 +0800] "GET /wp-content/themes/layers-elementor/assets/css/components.css?ver=1.0.3 HTTP/1.1" 200 4037 "https://dandenongdaynursery.com.au/" "Mozilla/5.0 (Linux; Android 5.0) AppleWebKit/537.36 (KHTML, like Gecko) Mobile Safari/537.36 (compatible; TikTokSpider; ttspider-feedback@tiktok.com)"
47.128.122.101 - - [02/Jan/2026:04:39:28 +0800] "GET /wp-content/plugins/wpforms-lite/assets/css/frontend/classic/wpforms-full.min.css?ver=1.9.8.7 HTTP/1.1" 200 11887 "https://dandenongdaynursery.com.au/" "Mozilla/5.0 (Linux; Android 5.0) AppleWebKit/537.36 (KHTML, like Gecko) Mobile Safari/537.36 (compatible; TikTokSpider; ttspider-feedback@tiktok.com)"
47.128.122.101 - - [02/Jan/2026:04:39:28 +0800] "GET /wp-content/themes/layers-elementor/assets/css/layers-icons.css?ver=1.0.3 HTTP/1.1" 200 711 "https://dandenongdaynursery.com.au/" "Mozilla/5.0 (Linux; Android 5.0) AppleWebKit/537.36 (KHTML, like Gecko) Mobile Safari/537.36 (compatible; TikTokSpider; ttspider-feedback@tiktok.com)"
47.128.122.101 - - [02/Jan/2026:04:39:28 +0800] "GET /wp-content/themes/layers-elementor/assets/css/responsive.css?ver=1.0.3 HTTP/1.1" 200 4548 "https://dandenongdaynursery.com.au/" "Mozilla/5.0 (Linux; Android 5.0) AppleWebKit/537.36 (KHTML, like Gecko) Mobile Safari/537.36 (compatible; TikTokSpider; ttspider-feedback@tiktok.com)"
47.128.122.101 - - [02/Jan/2026:04:39:28 +0800] "GET /wp-content/themes/layers-elementor/assets/css/layers-pro.css?ver=1.0.3 HTTP/1.1" 200 2534 "https://dandenongdaynursery.com.au/" "Mozilla/5.0 (Linux; Android 5.0) AppleWebKit/537.36 (KHTML, like Gecko) Mobile Safari/537.36 (compatible; TikTokSpider; ttspider-feedback@tiktok.com)"
47.128.122.101 - - [02/Jan/2026:04:39:28 +0800] "GET /wp-content/plugins/elementor/assets/css/widget-icon-list.min.css?ver=3.24.3 HTTP/1.1" 200 1023 "https://dandenongdaynursery.com.au/" "Mozilla/5.0 (Linux; Android 5.0) AppleWebKit/537.36 (KHTML, like Gecko) Mobile Safari/537.36 (compatible; TikTokSpider; ttspider-feedback@tiktok.com)"
47.128.122.101 - - [02/Jan/2026:04:39:28 +0800] "GET /wp-content/plugins/elementor/assets/css/widget-social-icons.min.css?ver=3.24.0 HTTP/1.1" 200 1142 "https://dandenongdaynursery.com.au/" "Mozilla/5.0 (Linux; Android 5.0) AppleWebKit/537.36 (KHTML, like Gecko) Mobile Safari/537.36 (compatible; TikTokSpider; ttspider-feedback@tiktok.com)"
47.128.122.101 - - [02/Jan/2026:04:39:29 +0800] "GET /wp-content/plugins/elementor/assets/lib/eicons/css/elementor-icons.min.css?ver=5.34.0 HTTP/1.1" 200 4384 "https://dandenongdaynursery.com.au/" "Mozilla/5.0 (Linux; Android 5.0) AppleWebKit/537.36 (KHTML, like Gecko) Mobile Safari/537.36 (compatible; TikTokSpider; ttspider-feedback@tiktok.com)"
47.128.122.101 - - [02/Jan/2026:04:39:29 +0800] "GET /wp-content/plugins/elementor/assets/lib/font-awesome/css/solid.css?ver=5.15.3 HTTP/1.1" 200 325 "https://dandenongdaynursery.com.au/" "Mozilla/5.0 (Linux; Android 5.0) AppleWebKit/537.36 (KHTML, like Gecko) Mobile Safari/537.36 (compatible; TikTokSpider; ttspider-feedback@tiktok.com)"
47.128.122.101 - - [02/Jan/2026:04:39:29 +0800] "GET /wp-content/plugins/elementor/assets/lib/font-awesome/css/brands.css?ver=5.15.3 HTTP/1.1" 200 322 "https://dandenongdaynursery.com.au/" "Mozilla/5.0 (Linux; Android 5.0) AppleWebKit/537.36 (KHTML, like Gecko) Mobile Safari/537.36 (compatible; TikTokSpider; ttspider-feedback@tiktok.com)"
47.128.122.101 - - [02/Jan/2026:04:39:29 +0800] "GET /wp-content/plugins/elementor/assets/lib/font-awesome/css/fontawesome.css?ver=5.15.3 HTTP/1.1" 200 13124 "https://dandenongdaynursery.com.au/" "Mozilla/5.0 (Linux; Android 5.0) AppleWebKit/537.36 (KHTML, like Gecko) Mobile Safari/537.36 (compatible; TikTokSpider; ttspider-feedback@tiktok.com)"
47.128.122.101 - - [02/Jan/2026:04:39:30 +0800] "GET /wp-content/plugins/elementor/assets/lib/font-awesome/css/brands.min.css?ver=5.15.3 HTTP/1.1" 200 308 "https://dandenongdaynursery.com.au/" "Mozilla/5.0 (Linux; Android 5.0) AppleWebKit/537.36 (KHTML, like Gecko) Mobile Safari/537.36 (compatible; TikTokSpider; ttspider-feedback@tiktok.com)"
47.128.122.101 - - [02/Jan/2026:04:39:30 +0800] "GET /wp-content/plugins/elementor/assets/lib/font-awesome/css/solid.min.css?ver=5.15.3 HTTP/1.1" 200 309 "https://dandenongdaynursery.com.au/" "Mozilla/5.0 (Linux; Android 5.0) AppleWebKit/537.36 (KHTML, like Gecko) Mobile Safari/537.36 (compatible; TikTokSpider; ttspider-feedback@tiktok.com)"
47.128.122.101 - - [02/Jan/2026:04:39:30 +0800] "GET /wp-content/uploads/elementor/google-fonts/css/montserrat.css?ver=1742440837 HTTP/1.1" 200 1093 "https://dandenongdaynursery.com.au/" "Mozilla/5.0 (Linux; Android 5.0) AppleWebKit/537.36 (KHTML, like Gecko) Mobile Safari/537.36 (compatible; TikTokSpider; ttspider-feedback@tiktok.com)"
47.128.122.101 - - [02/Jan/2026:04:39:30 +0800] "GET /wp-content/uploads/elementor/google-fonts/css/raleway.css?ver=1742440850 HTTP/1.1" 200 1086 "https://dandenongdaynursery.com.au/" "Mozilla/5.0 (Linux; Android 5.0) AppleWebKit/537.36 (KHTML, like Gecko) Mobile Safari/537.36 (compatible; TikTokSpider; ttspider-feedback@tiktok.com)"
47.128.122.101 - - [02/Jan/2026:04:39:30 +0800] "GET /wp-content/plugins/elementor/assets/lib/font-awesome/css/fontawesome.min.css?ver=5.15.3 HTTP/1.1" 200 12617 "https://dandenongdaynursery.com.au/" "Mozilla/5.0 (Linux; Android 5.0) AppleWebKit/537.36 (KHTML, like Gecko) Mobile Safari/537.36 (compatible; TikTokSpider; ttspider-feedback@tiktok.com)"
47.128.122.101 - - [02/Jan/2026:04:39:30 +0800] "GET /wp-content/uploads/elementor/google-fonts/css/roboto.css?ver=1742440807 HTTP/1.1" 200 2867 "https://dandenongdaynursery.com.au/" "Mozilla/5.0 (Linux; Android 5.0) AppleWebKit/537.36 (KHTML, like Gecko) Mobile Safari/537.36 (compatible; TikTokSpider; ttspider-feedback@tiktok.com)"
47.128.122.101 - - [02/Jan/2026:04:39:30 +0800] "GET /wp-content/uploads/elementor/google-fonts/css/robotoslab.css?ver=1742440818 HTTP/1.1" 200 964 "https://dandenongdaynursery.com.au/" "Mozilla/5.0 (Linux; Android 5.0) AppleWebKit/537.36 (KHTML, like Gecko) Mobile Safari/537.36 (compatible; TikTokSpider; ttspider-feedback@tiktok.com)"
47.128.122.101 - - [02/Jan/2026:04:39:30 +0800] "GET /wp-content/themes/layers-elementor/style.css?ver=1.0.3 HTTP/1.1" 200 912 "https://dandenongdaynursery.com.au/" "Mozilla/5.0 (Linux; Android 5.0) AppleWebKit/537.36 (KHTML, like Gecko) Mobile Safari/537.36 (compatible; TikTokSpider; ttspider-feedback@tiktok.com)"
47.128.122.101 - - [02/Jan/2026:04:39:30 +0800] "GET /wp-content/plugins/elementor/assets/lib/font-awesome/css/regular.min.css?ver=5.15.3 HTTP/1.1" 200 308 "https://dandenongdaynursery.com.au/" "Mozilla/5.0 (Linux; Android 5.0) AppleWebKit/537.36 (KHTML, like Gecko) Mobile Safari/537.36 (compatible; TikTokSpider; ttspider-feedback@tiktok.com)"
47.128.122.101 - - [02/Jan/2026:04:39:30 +0800] "GET /wp-content/uploads/2023/03/flags.jpg HTTP/1.1" 206 500 "https://dandenongdaynursery.com.au/" "Mozilla/5.0 (Linux; Android 5.0) AppleWebKit/537.36 (KHTML, like Gecko) Mobile Safari/537.36 (compatible; TikTokSpider; ttspider-feedback@tiktok.com)"
47.128.122.101 - - [02/Jan/2026:04:39:30 +0800] "GET /wp-content/uploads/2023/03/wheelbarrow-and-hands-768x576.jpg HTTP/1.1" 206 500 "https://dandenongdaynursery.com.au/" "Mozilla/5.0 (Linux; Android 5.0) AppleWebKit/537.36 (KHTML, like Gecko) Mobile Safari/537.36 (compatible; TikTokSpider; ttspider-feedback@tiktok.com)"
47.128.122.101 - - [02/Jan/2026:04:39:30 +0800] "GET /wp-content/uploads/2022/12/Dandenong-Day-Nursery-Logo.png HTTP/1.1" 206 500 "https://dandenongdaynursery.com.au/" "Mozilla/5.0 (Linux; Android 5.0) AppleWebKit/537.36 (KHTML, like Gecko) Mobile Safari/537.36 (compatible; TikTokSpider; ttspider-feedback@tiktok.com)"
47.128.122.101 - - [02/Jan/2026:04:39:30 +0800] "GET /wp-content/uploads/2022/12/Care.png HTTP/1.1" 206 500 "https://dandenongdaynursery.com.au/" "Mozilla/5.0 (Linux; Android 5.0) AppleWebKit/537.36 (KHTML, like Gecko) Mobile Safari/537.36 (compatible; TikTokSpider; ttspider-feedback@tiktok.com)"
47.128.122.101 - - [02/Jan/2026:04:39:30 +0800] "GET /wp-content/plugins/elementor/assets/css/widget-social-icons.min.css?ver=3.34.0 HTTP/1.1" 200 1142 "https://dandenongdaynursery.com.au/" "Mozilla/5.0 (Linux; Android 5.0) AppleWebKit/537.36 (KHTML, like Gecko) Mobile Safari/537.36 (compatible; TikTokSpider; ttspider-feedback@tiktok.com)"
47.128.122.101 - - [02/Jan/2026:04:39:31 +0800] "GET /wp-content/plugins/ays-popup-box/public/css/ays-pb-public-min.css?ver=6.0.9 HTTP/1.1" 200 5691 "https://dandenongdaynursery.com.au/" "Mozilla/5.0 (Linux; Android 5.0) AppleWebKit/537.36 (KHTML, like Gecko) Mobile Safari/537.36 (compatible; TikTokSpider; ttspider-feedback@tiktok.com)"
47.128.122.101 - - [02/Jan/2026:04:39:31 +0800] "GET /wp-content/plugins/elementor/assets/css/conditionals/apple-webkit.min.css?ver=3.34.0 HTTP/1.1" 200 547 "https://dandenongdaynursery.com.au/" "Mozilla/5.0 (Linux; Android 5.0) AppleWebKit/537.36 (KHTML, like Gecko) Mobile Safari/537.36 (compatible; TikTokSpider; ttspider-feedback@tiktok.com)"
47.128.122.101 - - [02/Jan/2026:04:39:31 +0800] "GET /wp-content/uploads/2022/12/bxs_quote-right.png HTTP/1.1" 206 500 "https://dandenongdaynursery.com.au/wp-content/uploads/elementor/css/post-10.css?ver=1767029617" "Mozilla/5.0 (Linux; Android 5.0) AppleWebKit/537.36 (KHTML, like Gecko) Mobile Safari/537.36 (compatible; TikTokSpider; ttspider-feedback@tiktok.com)"
47.128.122.101 - - [02/Jan/2026:04:39:31 +0800] "GET /wp-content/uploads/2022/12/Nutrition.png HTTP/1.1" 206 500 "https://dandenongdaynursery.com.au/" "Mozilla/5.0 (Linux; Android 5.0) AppleWebKit/537.36 (KHTML, like Gecko) Mobile Safari/537.36 (compatible; TikTokSpider; ttspider-feedback@tiktok.com)"
47.128.122.101 - - [02/Jan/2026:04:39:31 +0800] "GET /wp-content/uploads/2022/12/Environment.png HTTP/1.1" 206 500 "https://dandenongdaynursery.com.au/" "Mozilla/5.0 (Linux; Android 5.0) AppleWebKit/537.36 (KHTML, like Gecko) Mobile Safari/537.36 (compatible; TikTokSpider; ttspider-feedback@tiktok.com)"
47.128.122.101 - - [02/Jan/2026:04:39:31 +0800] "GET /wp-content/uploads/2022/12/Education.png HTTP/1.1" 206 500 "https://dandenongdaynursery.com.au/" "Mozilla/5.0 (Linux; Android 5.0) AppleWebKit/537.36 (KHTML, like Gecko) Mobile Safari/537.36 (compatible; TikTokSpider; ttspider-feedback@tiktok.com)"
47.128.122.101 - - [02/Jan/2026:04:39:32 +0800] "GET /wp-content/uploads/2022/12/Pike-Room.jpg HTTP/1.1" 206 500 "https://dandenongdaynursery.com.au/" "Mozilla/5.0 (Linux; Android 5.0) AppleWebKit/537.36 (KHTML, like Gecko) Mobile Safari/537.36 (compatible; TikTokSpider; ttspider-feedback@tiktok.com)"
47.128.122.101 - - [02/Jan/2026:04:39:32 +0800] "GET /wp-content/uploads/2022/12/Minamberang-Room.jpg HTTP/1.1" 206 500 "https://dandenongdaynursery.com.au/" "Mozilla/5.0 (Linux; Android 5.0) AppleWebKit/537.36 (KHTML, like Gecko) Mobile Safari/537.36 (compatible; TikTokSpider; ttspider-feedback@tiktok.com)"
103.4.122.14 - - [02/Jan/2026:04:46:17 +0800] "POST /wp-cron.php?doing_wp_cron=1767300377.9148840904235839843750 HTTP/1.1" 200 - "-" "WordPress/6.9; https://dandenongdaynursery.com.au"
173.234.248.101 - - [02/Jan/2026:04:46:16 +0800] "GET / HTTP/1.1" 301 - "-" "Mozilla/5.0 (Windows NT 10.0; Win64; x64) AppleWebKit/537.36 (KHTML, like Gecko) Chrome/114.0.0.0 Safari/537.36"
173.234.248.101 - - [02/Jan/2026:04:46:19 +0800] "GET / HTTP/1.1" 200 37524 "http://dandenongdaynursery.com.au/" "Mozilla/5.0 (Windows NT 10.0; Win64; x64) AppleWebKit/537.36 (KHTML, like Gecko) Chrome/114.0.0.0 Safari/537.36"
103.4.122.14 - - [02/Jan/2026:04:46:29 +0800] "POST /wp-admin/admin-ajax.php?action=as_async_request_queue_runner&nonce=0362b5440b HTTP/1.1" 500 184 "-" "WordPress/6.9; https://dandenongdaynursery.com.au"
173.234.248.101 - - [02/Jan/2026:04:46:28 +0800] "GET /wp-admin/admin-ajax.php HTTP/1.1" 400 1 "https://dandenongdaynursery.com.au/" "Mozilla/5.0 (Windows NT 6.3; Win64; x64) AppleWebKit/537.36 (KHTML, like Gecko) Chrome/103.0.0.0 Safari/537.36"
173.234.248.101 - - [02/Jan/2026:04:46:31 +0800] "GET /wp-admin/admin-ajax.php?action=register HTTP/1.1" 400 1 "https://dandenongdaynursery.com.au/wp-admin/admin-ajax.php" "Mozilla/5.0 (Windows NT 6.3; Win64; x64) AppleWebKit/537.36 (KHTML, like Gecko) Chrome/103.0.0.0 Safari/537.36"
173.234.248.101 - - [02/Jan/2026:04:46:33 +0800] "GET / HTTP/1.1" 301 - "http://dandenongdaynursery.com.au/" "PHP/{5|6|7}.{3|2}.{1|2|3|4|5|6|7|8|9|0}{1|2|3|4|5|6|7|8|9|0}"
173.234.248.101 - - [02/Jan/2026:04:46:36 +0800] "GET / HTTP/1.1" 200 26266 "http://dandenongdaynursery.com.au/" "PHP/{5|6|7}.{3|2}.{1|2|3|4|5|6|7|8|9|0}{1|2|3|4|5|6|7|8|9|0}"
173.234.248.101 - - [02/Jan/2026:04:46:39 +0800] "POST /xmlrpc.php HTTP/1.1" 403 199 "https://dandenongdaynursery.com.au/" "PHP/6.2.02"
173.234.250.68 - - [02/Jan/2026:04:46:41 +0800] "POST /xmlrpc.php HTTP/1.1" 403 199 "https://dandenongdaynursery.com.au/" "PHP/6.2.02"
72.57.75.184 - - [02/Jan/2026:04:46:42 +0800] "POST /xmlrpc.php HTTP/1.1" 403 199 "https://dandenongdaynursery.com.au/" "PHP/6.2.02"
72.57.76.74 - - [02/Jan/2026:04:46:44 +0800] "POST /xmlrpc.php HTTP/1.1" 403 199 "https://dandenongdaynursery.com.au/" "PHP/6.2.02"
96.9.211.212 - - [02/Jan/2026:04:46:44 +0800] "GET / HTTP/1.1" 301 - "-" "PHP/6.2.02"
96.9.211.212 - - [02/Jan/2026:04:46:46 +0800] "GET / HTTP/1.1" 200 37519 "http://dandenongdaynursery.com.au/" "PHP/6.2.02"
103.4.122.14 - - [02/Jan/2026:04:53:33 +0800] "POST /wp-cron.php?doing_wp_cron=1767300813.1162719726562500000000 HTTP/1.1" 200 - "-" "WordPress/6.9; https://dandenongdaynursery.com.au"
114.119.146.142 - - [02/Jan/2026:04:53:31 +0800] "GET /10%E0%B8%A3%E0%B8%B1%E0%B8%9A100%20%E0%B8%97%E0%B9%8D%E0%B8%B2%20300%20%E0%B8%96%E0%B8%AD%E0%B8%99%E0%B9%84%E0%B8%94%E0%B9%89%20100.aspx HTTP/1.1" 404 170266 "https://dandenongdaynursery.com.au/%E0%B8%AA%E0%B8%A5%E0%B9%87%E0%B8%AD%E0%B8%95888%20pg.aspx" "Mozilla/5.0 (Linux; Android 7.0;) AppleWebKit/537.36 (KHTML, like Gecko) Mobile Safari/537.36 (compatible; PetalBot;+https://webmaster.petalsearch.com/site/petalbot)"
103.4.122.14 - - [02/Jan/2026:04:54:56 +0800] "POST /wp-cron.php?doing_wp_cron=1767300895.8589210510253906250000 HTTP/1.1" 200 - "-" "WordPress/6.9; https://dandenongdaynursery.com.au"
