57.141.14.3 - - [03/Jan/2026:14:08:42 +0800] "GET /m24%20wallet%20\xe0\xb9\x80\xe0\xb8\x82\xe0\xb9\x89\xe0\xb8\xb2\xe0\xb8\xaa\xe0\xb8\xb9\xe0\xb9\x88\xe0\xb8\xa3\xe0\xb8\xb0\xe0\xb8\x9a\xe0\xb8\x9a.aspx HTTP/1.1" 404 170266 "-" "meta-externalagent/1.1 (+https://developers.facebook.com/docs/sharing/webmasters/crawler)"
178.20.45.182 - - [03/Jan/2026:14:09:02 +0800] "GET / HTTP/1.0" 301 - "http://dandenongdaynursery.com.au/" "Mozilla/5.0 (Windows NT 10.0; Win64; x64) AppleWebKit/537.36 (KHTML, like Gecko) Chrome/130.0.0.0 Safari/537.36 CCleaner/130.0.0.0"
178.20.45.182 - - [03/Jan/2026:14:09:05 +0800] "GET / HTTP/1.0" 200 260931 "https://dandenongdaynursery.com.au/" "Mozilla/5.0 (Windows NT 10.0; Win64; x64) AppleWebKit/537.36 (KHTML, like Gecko) Chrome/130.0.0.0 Safari/537.36 CCleaner/130.0.0.0"
57.141.14.25 - - [03/Jan/2026:14:09:07 +0800] "GET /\xe0\xb8\xab\xe0\xb8\xa7\xe0\xb8\xa2%2024.aspx HTTP/1.1" 404 170266 "-" "meta-externalagent/1.1 (+https://developers.facebook.com/docs/sharing/webmasters/crawler)"
178.20.45.182 - - [03/Jan/2026:14:09:15 +0800] "POST /wp-admin/admin-ajax.php HTTP/1.0" 200 43 "https://dandenongdaynursery.com.au/" "Mozilla/5.0 (Windows NT 10.0; Win64; x64) AppleWebKit/537.36 (KHTML, like Gecko) Chrome/130.0.0.0 Safari/537.36 CCleaner/130.0.0.0"
103.4.122.14 - - [03/Jan/2026:14:09:18 +0800] "POST /wp-admin/admin-ajax.php?action=as_async_request_queue_runner&nonce=6d979f3b57 HTTP/1.1" 500 184 "-" "WordPress/6.9; https://dandenongdaynursery.com.au"
103.4.122.14 - - [03/Jan/2026:14:10:06 +0800] "POST /wp-cron.php?doing_wp_cron=1767420605.8041160106658935546875 HTTP/1.1" 200 - "-" "WordPress/6.9; https://dandenongdaynursery.com.au"
57.141.14.6 - - [03/Jan/2026:14:10:02 +0800] "GET /\xe0\xb8\xaa\xe0\xb8\xa1\xe0\xb8\xb1\xe0\xb8\x84\xe0\xb8\xa3%20sbobet.aspx HTTP/1.1" 404 170266 "-" "meta-externalagent/1.1 (+https://developers.facebook.com/docs/sharing/webmasters/crawler)"
195.2.67.184 - - [03/Jan/2026:14:10:12 +0800] "GET / HTTP/1.0" 301 - "http://dandenongdaynursery.com.au/" "Mozilla/5.0 (Windows NT 10.0; Win64; x64) AppleWebKit/537.36 (KHTML, like Gecko) Chrome/131.0.0.0 Safari/537.36 Avast/131.0.0.0"
195.2.67.184 - - [03/Jan/2026:14:10:14 +0800] "GET / HTTP/1.0" 200 260934 "https://dandenongdaynursery.com.au/" "Mozilla/5.0 (Windows NT 10.0; Win64; x64) AppleWebKit/537.36 (KHTML, like Gecko) Chrome/131.0.0.0 Safari/537.36 Avast/131.0.0.0"
195.2.67.184 - - [03/Jan/2026:14:10:27 +0800] "POST /wp-admin/admin-ajax.php HTTP/1.0" 200 43 "https://dandenongdaynursery.com.au/" "Mozilla/5.0 (Windows NT 10.0; Win64; x64) AppleWebKit/537.36 (KHTML, like Gecko) Chrome/131.0.0.0 Safari/537.36 Avast/131.0.0.0"
103.4.122.14 - - [03/Jan/2026:14:10:28 +0800] "POST /wp-admin/admin-ajax.php?action=as_async_request_queue_runner&nonce=6d979f3b57 HTTP/1.1" 500 184 "-" "WordPress/6.9; https://dandenongdaynursery.com.au"
103.4.122.14 - - [03/Jan/2026:14:15:52 +0800] "POST /wp-cron.php?doing_wp_cron=1767420952.3783950805664062500000 HTTP/1.1" 200 - "-" "WordPress/6.9; https://dandenongdaynursery.com.au"
57.141.14.86 - - [03/Jan/2026:14:15:51 +0800] "GET /joker%20vip.aspx HTTP/1.1" 404 170266 "-" "meta-externalagent/1.1 (+https://developers.facebook.com/docs/sharing/webmasters/crawler)"
57.141.14.8 - - [03/Jan/2026:14:16:07 +0800] "GET /slot%20\xe0\xb9\x80\xe0\xb8\x84\xe0\xb8\xa3\xe0\xb8\x94\xe0\xb8\xb4\xe0\xb8\x95\xe0\xb8\x9f\xe0\xb8\xa3\xe0\xb8\xb5.aspx HTTP/1.1" 404 170266 "-" "meta-externalagent/1.1 (+https://developers.facebook.com/docs/sharing/webmasters/crawler)"
103.4.122.14 - - [03/Jan/2026:14:17:45 +0800] "POST /wp-cron.php?doing_wp_cron=1767421065.6605029106140136718750 HTTP/1.1" 200 - "-" "WordPress/6.9; https://dandenongdaynursery.com.au"
80.90.87.42 - - [03/Jan/2026:14:17:44 +0800] "POST /xmlrpc.php HTTP/1.1" 200 225 "-" "Mozilla/4.0 (compatible; MSIE 7.0; Windows NT 6.1; Trident/7.0; SLCC2; .NET CLR 2.0.50727; .NET CLR 3.5.30729; .NET CLR 3.0.30729; Media Center PC 6.0; .NET4.0C; .NET4.0E; Tablet PC 2.0)"
57.141.14.93 - - [03/Jan/2026:14:18:33 +0800] "GET /elementor-hf/header/ HTTP/1.1" 301 - "-" "meta-externalagent/1.1 (+https://developers.facebook.com/docs/sharing/webmasters/crawler)"
103.4.122.14 - - [03/Jan/2026:14:22:16 +0800] "POST /wp-cron.php?doing_wp_cron=1767421336.4371960163116455078125 HTTP/1.1" 200 - "-" "WordPress/6.9; https://dandenongdaynursery.com.au"
31.94.28.57 - - [03/Jan/2026:14:22:15 +0800] "GET / HTTP/1.1" 301 - "-" "Mozilla/5.0 (Windows NT 10.0) AppleWebKit/537.36 (KHTML, like Gecko) Chrome/114.0.0.0 Safari/537.36"
103.4.122.14 - - [03/Jan/2026:14:22:17 +0800] "POST /wp-cron.php?doing_wp_cron=1767421337.1987709999084472656250 HTTP/1.1" 200 - "-" "WordPress/6.9; https://dandenongdaynursery.com.au"
157.55.39.13 - - [03/Jan/2026:14:22:15 +0800] "GET / HTTP/1.1" 200 37520 "-" "Mozilla/5.0 AppleWebKit/537.36 (KHTML, like Gecko; compatible; bingbot/2.0; +http://www.bing.com/bingbot.htm) Chrome/116.0.1938.76 Safari/537.36"
195.224.1.98 - - [03/Jan/2026:14:22:19 +0800] "GET / HTTP/1.1" 200 37522 "http://dandenongdaynursery.com.au" "Mozilla/5.0 (Windows NT 10.0) AppleWebKit/537.36 (KHTML, like Gecko) Chrome/114.0.0.0 Safari/537.36"
195.224.1.98 - - [03/Jan/2026:14:22:23 +0800] "GET /contact/ HTTP/1.1" 200 17769 "http://dandenongdaynursery.com.au" "Mozilla/5.0 (Windows NT 10.0) AppleWebKit/537.36 (KHTML, like Gecko) Chrome/114.0.0.0 Safari/537.36"
103.4.122.14 - - [03/Jan/2026:14:25:00 +0800] "POST /wp-cron.php?doing_wp_cron=1767421500.5750958919525146484375 HTTP/1.1" 200 - "-" "WordPress/6.9; https://dandenongdaynursery.com.au"
57.141.14.83 - - [03/Jan/2026:14:24:59 +0800] "GET /\xe0\xb8\xaa\xe0\xb8\xb9\xe0\xb8\x95\xe0\xb8\xa3\xe0\xb8\xa2\xe0\xb8\xb5\xe0\xb9\x88\xe0\xb8\x81\xe0\xb8\xb5%20lottovip.aspx HTTP/1.1" 404 170266 "-" "meta-externalagent/1.1 (+https://developers.facebook.com/docs/sharing/webmasters/crawler)"
103.4.122.14 - - [03/Jan/2026:14:28:31 +0800] "POST /wp-cron.php?doing_wp_cron=1767421710.8634009361267089843750 HTTP/1.1" 200 - "-" "WordPress/6.9; https://dandenongdaynursery.com.au"
57.141.14.19 - - [03/Jan/2026:14:28:29 +0800] "GET /\xe0\xb8\xaa\xe0\xb8\xa5\xe0\xb9\x87\xe0\xb8\xad\xe0\xb8\x95%20g2g.aspx HTTP/1.1" 404 170266 "-" "meta-externalagent/1.1 (+https://developers.facebook.com/docs/sharing/webmasters/crawler)"
103.4.122.14 - - [03/Jan/2026:14:34:14 +0800] "POST /wp-cron.php?doing_wp_cron=1767422054.5823619365692138671875 HTTP/1.1" 200 - "-" "WordPress/6.9; https://dandenongdaynursery.com.au"
54.145.186.166 - - [03/Jan/2026:14:34:12 +0800] "GET /minamberang-room/ HTTP/1.1" 200 243195 "-" "TerraCotta https://github.com/CeramicTeam/CeramicTerracotta"
182.42.105.144 - - [03/Jan/2026:14:37:20 +0800] "GET / HTTP/1.1" 403 199 "-" "Mozilla/5.0 (iPhone; CPU iPhone OS 13_2_3 like Mac OS X) AppleWebKit/605.1.15 (KHTML, like Gecko) Version/13.0.3 Mobile/15E148 Safari/604.1"
103.4.122.14 - - [03/Jan/2026:14:57:18 +0800] "POST /wp-cron.php?doing_wp_cron=1767423437.9395260810852050781250 HTTP/1.1" 200 - "-" "WordPress/6.9; https://dandenongdaynursery.com.au"
66.249.70.37 - - [03/Jan/2026:14:57:16 +0800] "GET /deposit/Login%20www.ufa789.com%20%E0%B8%A5%E0%B8%B4%E0%B9%89%E0%B8%87%E0%B9%80%E0%B8%82%E0%B9%89%E0%B8%B2%E0%B8%A3%E0%B8%B0%E0%B8%9A%E0%B8%9A.html HTTP/1.1" 404 170266 "-" "Mozilla/5.0 (Linux; Android 6.0.1; Nexus 5X Build/MMB29P) AppleWebKit/537.36 (KHTML, like Gecko) Chrome/141.0.7390.122 Mobile Safari/537.36 (compatible; Googlebot/2.1; +http://www.google.com/bot.html)"
177.185.43.134 - - [03/Jan/2026:14:57:21 +0800] "GET /pike-room/ HTTP/1.1" 200 34090 "-" "Mozilla/5.0 (Macintosh; U; Intel Mac OS X 10_5_8; en-US) AppleWebKit/534.1 (KHTML, like Gecko) Chrome/6.0.422.0 Safari/534.1"
103.4.122.14 - - [03/Jan/2026:14:58:32 +0800] "POST /wp-cron.php?doing_wp_cron=1767423511.8908479213714599609375 HTTP/1.1" 200 - "-" "WordPress/6.9; https://dandenongdaynursery.com.au"
66.249.70.38 - - [03/Jan/2026:14:58:30 +0800] "GET /deposit/Login%20%E0%B8%97%E0%B8%B5%E0%B9%80%E0%B8%94%E0%B9%87%E0%B8%94%E0%B8%9A%E0%B8%AD%E0%B8%A5%E0%B8%A3%E0%B8%AD%E0%B8%87%E0%B8%A7%E0%B8%B1%E0%B8%99%E0%B8%99%E0%B8%B5%E0%B9%89.html HTTP/1.1" 404 170266 "-" "Mozilla/5.0 (Linux; Android 6.0.1; Nexus 5X Build/MMB29P) AppleWebKit/537.36 (KHTML, like Gecko) Chrome/141.0.7390.122 Mobile Safari/537.36 (compatible; Googlebot/2.1; +http://www.google.com/bot.html)"
103.4.122.14 - - [03/Jan/2026:15:00:24 +0800] "POST /wp-cron.php?doing_wp_cron=1767423623.8954930305480957031250 HTTP/1.1" 200 - "-" "WordPress/6.9; https://dandenongdaynursery.com.au"
66.249.70.38 - - [03/Jan/2026:15:00:22 +0800] "GET /app/Daftar%20%E0%B8%9A%E0%B9%89%E0%B8%B2%E0%B8%99%E0%B8%9C%E0%B8%A5%E0%B8%9A%E0%B8%AD%E0%B8%A5%E0%B8%AA%E0%B8%947.html HTTP/1.1" 404 170266 "-" "Mozilla/5.0 (Linux; Android 6.0.1; Nexus 5X Build/MMB29P) AppleWebKit/537.36 (KHTML, like Gecko) Chrome/141.0.7390.122 Mobile Safari/537.36 (compatible; Googlebot/2.1; +http://www.google.com/bot.html)"
103.4.122.14 - - [03/Jan/2026:15:08:04 +0800] "POST /wp-cron.php?doing_wp_cron=1767424083.8920009136199951171875 HTTP/1.1" 200 - "-" "WordPress/6.9; https://dandenongdaynursery.com.au"
82.118.29.236 - - [03/Jan/2026:15:08:02 +0800] "GET / HTTP/1.0" 301 - "http://dandenongdaynursery.com.au/" "Mozilla/5.0 (Windows NT 10.0; Win64; x64) AppleWebKit/537.36 (KHTML, like Gecko) Chrome/130.0.0.0 Safari/537.36"
82.118.29.226 - - [03/Jan/2026:15:08:06 +0800] "GET / HTTP/1.0" 200 260934 "https://dandenongdaynursery.com.au/" "Mozilla/5.0 (Windows NT 10.0; Win64; x64) AppleWebKit/537.36 (KHTML, like Gecko) Chrome/130.0.0.0 Safari/537.36"
194.195.91.1 - - [03/Jan/2026:15:08:16 +0800] "POST /wp-admin/admin-ajax.php HTTP/1.0" 200 43 "https://dandenongdaynursery.com.au/" "Mozilla/5.0 (Windows NT 10.0; Win64; x64) AppleWebKit/537.36 (KHTML, like Gecko) Chrome/130.0.0.0 Safari/537.36"
103.4.122.14 - - [03/Jan/2026:15:08:17 +0800] "POST /wp-admin/admin-ajax.php?action=as_async_request_queue_runner&nonce=6d979f3b57 HTTP/1.1" 500 184 "-" "WordPress/6.9; https://dandenongdaynursery.com.au"
103.4.122.14 - - [03/Jan/2026:15:12:17 +0800] "POST /wp-cron.php?doing_wp_cron=1767424337.4697360992431640625000 HTTP/1.1" 200 - "-" "WordPress/6.9; https://dandenongdaynursery.com.au"
66.249.70.39 - - [03/Jan/2026:15:12:16 +0800] "GET /dabong/%E0%B9%83%E0%B8%8A%E0%B9%89%E0%B9%80%E0%B8%99%E0%B9%87%E0%B8%95%20%E0%B8%81%E0%B9%88%E0%B8%AD%E0%B8%99%20%E0%B8%88%E0%B9%88%E0%B8%B2%E0%B8%A2%20%E0%B8%97%E0%B8%B5%E0%B8%AB%E0%B8%A5%E0%B8%B1%E0%B8%87%20ais.html HTTP/1.1" 404 170266 "-" "Mozilla/5.0 (Linux; Android 6.0.1; Nexus 5X Build/MMB29P) AppleWebKit/537.36 (KHTML, like Gecko) Chrome/141.0.7390.122 Mobile Safari/537.36 (compatible; Googlebot/2.1; +http://www.google.com/bot.html)"
103.4.122.14 - - [03/Jan/2026:15:15:16 +0800] "POST /wp-cron.php?doing_wp_cron=1767424516.3509900569915771484375 HTTP/1.1" 200 - "-" "WordPress/6.9; https://dandenongdaynursery.com.au"
54.145.186.166 - - [03/Jan/2026:15:15:14 +0800] "GET /warraworrap-room/ HTTP/1.1" 200 246500 "-" "TerraCotta https://github.com/CeramicTeam/CeramicTerracotta"
103.4.122.14 - - [03/Jan/2026:15:37:17 +0800] "POST /wp-cron.php?doing_wp_cron=1767425837.0998339653015136718750 HTTP/1.1" 200 - "-" "WordPress/6.9; https://dandenongdaynursery.com.au"
216.244.66.241 - - [03/Jan/2026:15:37:16 +0800] "GET /robots.txt HTTP/1.1" 200 184 "-" "Mozilla/5.0 (compatible; DotBot/1.2; +https://opensiteexplorer.org/dotbot; help@moz.com)"
173.252.70.16 - - [03/Jan/2026:15:37:21 +0800] "GET /robots.txt HTTP/1.1" 200 184 "-" "facebookexternalhit/1.1 (+http://www.facebook.com/externalhit_uatext.php)"
103.4.122.14 - - [03/Jan/2026:15:46:41 +0800] "POST /wp-cron.php?doing_wp_cron=1767426401.0374190807342529296875 HTTP/1.1" 200 - "-" "WordPress/6.9; https://dandenongdaynursery.com.au"
192.210.150.230 - - [03/Jan/2026:15:46:39 +0800] "GET / HTTP/1.0" 200 260931 "https://dandenongdaynursery.com.au/" "Mozilla/5.0 (Windows NT 6.1; Win64; x64) AppleWebKit/537.36 (KHTML, like Gecko) Chrome/103.0.0.0 Safari/537.36"
192.210.150.230 - - [03/Jan/2026:15:46:42 +0800] "POST / HTTP/1.0" 200 156248 "https://dandenongdaynursery.com.au/" "Mozilla/5.0 (Windows NT 6.1; Win64; x64) AppleWebKit/537.36 (KHTML, like Gecko) Chrome/103.0.0.0 Safari/537.36"
103.4.122.14 - - [03/Jan/2026:15:59:46 +0800] "POST /wp-cron.php?doing_wp_cron=1767427186.6512999534606933593750 HTTP/1.1" 200 - "-" "WordPress/6.9; https://dandenongdaynursery.com.au"
136.144.33.143 - - [03/Jan/2026:15:59:45 +0800] "GET //wp-content/plugins/hellopress/wp_filemanager.php HTTP/1.1" 301 - "-" "-"
136.144.33.143 - - [03/Jan/2026:15:59:47 +0800] "GET /wp-content/plugins/hellopress/wp_filemanager.php HTTP/1.1" 404 170266 "-" "-"
216.244.66.241 - - [03/Jan/2026:15:59:58 +0800] "GET /wp-content/uploads/2023/03/11.jpg HTTP/1.1" 200 420911 "-" "Mozilla/5.0 (compatible; DotBot/1.2; +https://opensiteexplorer.org/dotbot; help@moz.com)"
103.4.122.14 - - [03/Jan/2026:16:01:38 +0800] "POST /wp-cron.php?doing_wp_cron=1767427298.0729830265045166015625 HTTP/1.1" 200 - "-" "WordPress/6.9; https://dandenongdaynursery.com.au"
23.106.56.2 - - [03/Jan/2026:16:01:36 +0800] "GET /?s=spacetourismus HTTP/1.1" 200 24033 "-" "Mozilla/5.0 (Windows NT 10.0; Win64; x64) AppleWebKit/537.36 (KHTML, like Gecko) Chrome/128.0.0.0 Safari/537.36 OPR/114.0.0.0"
103.4.122.14 - - [03/Jan/2026:16:29:05 +0800] "POST /wp-cron.php?doing_wp_cron=1767428945.6832919120788574218750 HTTP/1.1" 200 - "-" "WordPress/6.9; https://dandenongdaynursery.com.au"
147.93.7.21 - - [03/Jan/2026:16:29:04 +0800] "POST /xmlrpc.php HTTP/1.1" 200 206 "-" "Mozilla/5.0 (Windows NT 10.0; Win64; x64; rv:53.0) Gecko/20100101 Firefox/53.0"
103.4.122.14 - - [03/Jan/2026:16:45:24 +0800] "POST /wp-cron.php?doing_wp_cron=1767429924.2156119346618652343750 HTTP/1.1" 200 - "-" "WordPress/6.9; https://dandenongdaynursery.com.au"
178.20.43.173 - - [03/Jan/2026:16:45:22 +0800] "GET / HTTP/1.0" 200 260934 "https://dandenongdaynursery.com.au/" "Mozilla/5.0 (Windows NT 10.0; Win64; x64) AppleWebKit/537.36 (KHTML, like Gecko) Chrome/129.0.0.0 Safari/537.36"
178.20.43.173 - - [03/Jan/2026:16:45:26 +0800] "GET /wp-login.php?action=register HTTP/1.0" 302 - "https://dandenongdaynursery.com.au/wp-login.php?action=register" "Mozilla/5.0 (Windows NT 10.0; Win64; x64) AppleWebKit/537.36 (KHTML, like Gecko) Chrome/129.0.0.0 Safari/537.36"
178.20.43.173 - - [03/Jan/2026:16:45:28 +0800] "GET /wp-login.php?registration=disabled HTTP/1.0" 200 6354 "https://dandenongdaynursery.com.au/wp-login.php?registration=disabled" "Mozilla/5.0 (Windows NT 10.0; Win64; x64) AppleWebKit/537.36 (KHTML, like Gecko) Chrome/129.0.0.0 Safari/537.36"
103.4.122.14 - - [03/Jan/2026:16:54:57 +0800] "POST /wp-cron.php?doing_wp_cron=1767430497.3916580677032470703125 HTTP/1.1" 200 - "-" "WordPress/6.9; https://dandenongdaynursery.com.au"
94.23.188.199 - - [03/Jan/2026:16:54:56 +0800] "GET /sitemap_index.xml HTTP/1.1" 200 315 "-" "Mozilla/5.0 (compatible; AhrefsBot/7.0; +http://ahrefs.com/robot/)"
92.222.108.98 - - [03/Jan/2026:16:55:01 +0800] "GET /page-sitemap.xml HTTP/1.1" 200 524 "-" "Mozilla/5.0 (compatible; AhrefsBot/7.0; +http://ahrefs.com/robot/)"
176.31.139.0 - - [03/Jan/2026:16:55:06 +0800] "GET /elementor-hf-sitemap.xml HTTP/1.1" 200 398 "-" "Mozilla/5.0 (compatible; AhrefsBot/7.0; +http://ahrefs.com/robot/)"
103.4.122.14 - - [03/Jan/2026:17:00:37 +0800] "POST /wp-cron.php?doing_wp_cron=1767430837.7290320396423339843750 HTTP/1.1" 200 - "-" "WordPress/6.9; https://dandenongdaynursery.com.au"
101.34.27.77 - - [03/Jan/2026:17:00:36 +0800] "GET / HTTP/1.1" 301 - "-" "Mozilla/5.0 (Linux; Android 10; LIO-AN00 Build/HUAWEILIO-AN00; wv) MicroMessenger Weixin QQ AppleWebKit/537.36 (KHTML, like Gecko) Version/4.0 Chrome/78.0.3904.62 XWEB/2692 MMWEBSDK/200901 Mobile Safari/537.36"
101.34.27.77 - - [03/Jan/2026:17:00:53 +0800] "GET / HTTP/1.1" 301 - "-" "Mozilla/5.0 (Linux; Android 10; LIO-AN00 Build/HUAWEILIO-AN00; wv) MicroMessenger Weixin QQ AppleWebKit/537.36 (KHTML, like Gecko) Version/4.0 Chrome/78.0.3904.62 XWEB/2692 MMWEBSDK/200901 Mobile Safari/537.36"
101.34.27.77 - - [03/Jan/2026:17:00:56 +0800] "GET / HTTP/1.1" 200 37523 "http://dandenongdaynursery.com.au" "Mozilla/5.0 (Linux; Android 10; LIO-AN00 Build/HUAWEILIO-AN00; wv) MicroMessenger Weixin QQ AppleWebKit/537.36 (KHTML, like Gecko) Version/4.0 Chrome/78.0.3904.62 XWEB/2692 MMWEBSDK/200901 Mobile Safari/537.36"
103.4.122.14 - - [03/Jan/2026:17:10:01 +0800] "POST /wp-cron.php?doing_wp_cron=1767431401.9395940303802490234375 HTTP/1.1" 200 - "-" "WordPress/6.9; https://dandenongdaynursery.com.au"
198.235.24.44 - - [03/Jan/2026:17:10:02 +0800] "GET / HTTP/1.1" 200 260921 "http://103.4.122.14:80/" "-"
43.166.130.123 - - [03/Jan/2026:17:11:23 +0800] "GET / HTTP/1.1" 403 199 "-" "Mozilla/5.0 (iPhone; CPU iPhone OS 13_2_3 like Mac OS X) AppleWebKit/605.1.15 (KHTML, like Gecko) Version/13.0.3 Mobile/15E148 Safari/604.1"
103.4.122.14 - - [03/Jan/2026:17:22:00 +0800] "POST /wp-cron.php?doing_wp_cron=1767432119.9946069717407226562500 HTTP/1.1" 200 - "-" "WordPress/6.9; https://dandenongdaynursery.com.au"
89.163.209.235 - - [03/Jan/2026:17:21:59 +0800] "POST /xmlrpc.php HTTP/1.1" 200 206 "-" "Mozilla/5.0 (Windows NT 10.0; Win64; x64; rv:61.0) Gecko/20100101 Firefox/61.0"
103.4.122.14 - - [03/Jan/2026:17:33:26 +0800] "POST /wp-cron.php?doing_wp_cron=1767432806.8503229618072509765625 HTTP/1.1" 200 - "-" "WordPress/6.9; https://dandenongdaynursery.com.au"
216.244.66.241 - - [03/Jan/2026:17:33:25 +0800] "GET /robots.txt HTTP/1.1" 200 184 "-" "Mozilla/5.0 (compatible; DotBot/1.2; +https://opensiteexplorer.org/dotbot; help@moz.com)"
157.55.39.197 - - [03/Jan/2026:17:40:10 +0800] "GET /wp-content/uploads/2023/03/Minamberang-3-1-1536x1152.jpg HTTP/1.1" 200 336055 "-" "Mozilla/5.0 AppleWebKit/537.36 (KHTML, like Gecko; compatible; bingbot/2.0; +http://www.bing.com/bingbot.htm) Chrome/116.0.1938.76 Safari/537.36"
103.4.122.14 - - [03/Jan/2026:17:40:51 +0800] "POST /wp-cron.php?doing_wp_cron=1767433250.9178259372711181640625 HTTP/1.1" 200 - "-" "WordPress/6.9; https://dandenongdaynursery.com.au"
104.207.43.190 - - [03/Jan/2026:17:40:49 +0800] "GET /contact/ HTTP/1.1" 200 29041 "-" "Mozilla/5.0 (Windows NT 10.0) AppleWebKit/537.36 (KHTML, like Gecko) Chrome/114.0.0.0 Safari/537.36"
103.4.122.14 - - [03/Jan/2026:17:45:05 +0800] "POST /wp-cron.php?doing_wp_cron=1767433504.9738669395446777343750 HTTP/1.1" 200 - "-" "WordPress/6.9; https://dandenongdaynursery.com.au"
176.31.139.22 - - [03/Jan/2026:17:45:03 +0800] "GET /murnong-room/ HTTP/1.1" 200 34273 "-" "Mozilla/5.0 (compatible; AhrefsBot/7.0; +http://ahrefs.com/robot/)"
94.23.188.208 - - [03/Jan/2026:17:49:28 +0800] "GET /wp-content/uploads/elementor/css/post-872.css?ver=1767099938 HTTP/1.1" 200 2810 "-" "Mozilla/5.0 (compatible; AhrefsBot/7.0; +http://ahrefs.com/robot/)"
103.4.122.14 - - [03/Jan/2026:17:53:09 +0800] "POST /wp-cron.php?doing_wp_cron=1767433989.7486670017242431640625 HTTP/1.1" 200 - "-" "WordPress/6.9; https://dandenongdaynursery.com.au"
57.141.14.86 - - [03/Jan/2026:17:53:08 +0800] "GET /news_sitemap.xml HTTP/1.1" 404 170266 "-" "meta-externalagent/1.1 (+https://developers.facebook.com/docs/sharing/webmasters/crawler)"
103.4.122.14 - - [03/Jan/2026:17:54:31 +0800] "POST /wp-cron.php?doing_wp_cron=1767434071.6903789043426513671875 HTTP/1.1" 200 - "-" "WordPress/6.9; https://dandenongdaynursery.com.au"
57.141.14.88 - - [03/Jan/2026:17:54:30 +0800] "GET /sitemap_index.xml HTTP/1.1" 200 567 "-" "meta-externalagent/1.1 (+https://developers.facebook.com/docs/sharing/webmasters/crawler)"
216.244.66.241 - - [03/Jan/2026:17:55:26 +0800] "GET /hello-world/original_sunshinecoastfitness/feed/ HTTP/1.1" 404 170218 "-" "Mozilla/5.0 (compatible; DotBot/1.2; +https://opensiteexplorer.org/dotbot; help@moz.com)"
103.4.122.14 - - [03/Jan/2026:17:57:19 +0800] "POST /wp-cron.php?doing_wp_cron=1767434239.2571089267730712890625 HTTP/1.1" 200 - "-" "WordPress/6.9; https://dandenongdaynursery.com.au"
57.141.14.83 - - [03/Jan/2026:17:57:17 +0800] "GET /news-sitemap.xml HTTP/1.1" 404 170266 "-" "meta-externalagent/1.1 (+https://developers.facebook.com/docs/sharing/webmasters/crawler)"
64.23.146.5 - - [03/Jan/2026:17:57:48 +0800] "GET /.github HTTP/1.1" 404 170266 "https://www.bing.com/" "Mozilla/5.0 (Windows NT 10.0; Win64; x64) AppleWebKit/537.36 (KHTML, like Gecko) Chrome/136.0.0.0 Safari/537.36 Edg/136.0.0.0"
64.23.146.5 - - [03/Jan/2026:17:57:50 +0800] "GET /.gitlab-ci HTTP/1.1" 404 170266 "https://yandex.com/" "Mozilla/5.0 (Windows NT 10.0; Win64; x64) AppleWebKit/537.36 (KHTML, like Gecko) Chrome/135.0.0.0 Safari/537.36 Edg/135.0.0.0"
64.23.146.5 - - [03/Jan/2026:17:57:51 +0800] "GET /.vscode HTTP/1.1" 404 170266 "https://www.google.com/" "Mozilla/5.0 (Linux; Android 15; Pixel 8 Pro) AppleWebKit/537.36 (KHTML, like Gecko) Chrome/136.0.0.0 Mobile Safari/537.36"
64.23.146.5 - - [03/Jan/2026:17:57:52 +0800] "GET /.well-known HTTP/1.1" 404 170266 "https://www.bing.com/" "Mozilla/5.0 (Linux; Android 15; Pixel 7) AppleWebKit/537.36 (KHTML, like Gecko) Chrome/135.0.0.0 Mobile Safari/537.36"
64.23.146.5 - - [03/Jan/2026:17:57:55 +0800] "GET /wp-admin HTTP/1.1" 301 252 "https://www.google.com/" "Mozilla/5.0 (Windows NT 10.0; Win64; x64; rv:137.0) Gecko/20100101 Firefox/137.0"
64.23.146.5 - - [03/Jan/2026:17:57:55 +0800] "GET /wp-admin/ HTTP/1.1" 302 - "https://www.google.com/" "Mozilla/5.0 (Windows NT 10.0; Win64; x64; rv:137.0) Gecko/20100101 Firefox/137.0"
103.4.122.14 - - [03/Jan/2026:17:57:56 +0800] "POST /wp-admin/admin-ajax.php?action=as_async_request_queue_runner&nonce=6d979f3b57 HTTP/1.1" 500 184 "-" "WordPress/6.9; https://dandenongdaynursery.com.au"
64.23.146.5 - - [03/Jan/2026:17:57:57 +0800] "GET /wp-login.php?redirect_to=https%3A%2F%2Fdandenongdaynursery.com.au%2Fwp-admin%2F&reauth=1 HTTP/1.1" 200 2104 "https://www.google.com/" "Mozilla/5.0 (Windows NT 10.0; Win64; x64; rv:137.0) Gecko/20100101 Firefox/137.0"
64.23.146.5 - - [03/Jan/2026:17:57:58 +0800] "GET /wp-content HTTP/1.1" 301 254 "https://yandex.com/" "Mozilla/5.0 (iPad; CPU OS 18_4 like Mac OS X) AppleWebKit/605.1.15 (KHTML, like Gecko) Version/18.4 Mobile/15E148 Safari/604.1"
64.23.146.5 - - [03/Jan/2026:17:57:58 +0800] "GET /wp-content/ HTTP/1.1" 200 - "https://yandex.com/" "Mozilla/5.0 (iPad; CPU OS 18_4 like Mac OS X) AppleWebKit/605.1.15 (KHTML, like Gecko) Version/18.4 Mobile/15E148 Safari/604.1"
64.23.146.5 - - [03/Jan/2026:17:57:58 +0800] "GET /wp-includes HTTP/1.1" 301 255 "https://yandex.com/" "Mozilla/5.0 (iPhone; CPU iPhone OS 18_4 like Mac OS X) AppleWebKit/605.1.15 (KHTML, like Gecko) Version/18.4 Mobile/15E148 Safari/604.1"
64.23.146.5 - - [03/Jan/2026:17:57:59 +0800] "GET /wp-includes/ HTTP/1.1" 403 199 "https://yandex.com/" "Mozilla/5.0 (iPhone; CPU iPhone OS 18_4 like Mac OS X) AppleWebKit/605.1.15 (KHTML, like Gecko) Version/18.4 Mobile/15E148 Safari/604.1"
64.23.146.5 - - [03/Jan/2026:17:57:59 +0800] "GET /wp-config HTTP/1.1" 404 170266 "https://yandex.com/" "Mozilla/5.0 (X11; Linux x86_64; rv:137.0) Gecko/20100101 Firefox/137.0"
64.23.146.5 - - [03/Jan/2026:17:58:00 +0800] "GET /wp-json HTTP/1.1" 200 237323 "https://search.yahoo.com/" "Mozilla/5.0 (Linux; Android 15; SM-S918B) AppleWebKit/537.36 (KHTML, like Gecko) Chrome/135.0.0.0 Mobile Safari/537.36 OPR/109.0.0.0"
64.23.146.5 - - [03/Jan/2026:17:58:01 +0800] "GET /wp-content/themes HTTP/1.1" 301 261 "https://duckduckgo.com/" "Mozilla/5.0 (Windows NT 10.0; Win64; x64) AppleWebKit/537.36 (KHTML, like Gecko) Chrome/135.0.0.0 Safari/537.36 OPR/109.0.0.0"
64.23.146.5 - - [03/Jan/2026:17:58:01 +0800] "GET /wp-content/themes/ HTTP/1.1" 200 - "https://duckduckgo.com/" "Mozilla/5.0 (Windows NT 10.0; Win64; x64) AppleWebKit/537.36 (KHTML, like Gecko) Chrome/135.0.0.0 Safari/537.36 OPR/109.0.0.0"
64.23.146.5 - - [03/Jan/2026:17:58:02 +0800] "GET /wp-content/plugins HTTP/1.1" 301 262 "https://www.bing.com/" "Mozilla/5.0 (iPad; CPU OS 18_5 like Mac OS X) AppleWebKit/605.1.15 (KHTML, like Gecko) Version/18.5 Mobile/15E148 Safari/604.1"
64.23.146.5 - - [03/Jan/2026:17:58:02 +0800] "GET /wp-content/plugins/ HTTP/1.1" 200 - "https://www.bing.com/" "Mozilla/5.0 (iPad; CPU OS 18_5 like Mac OS X) AppleWebKit/605.1.15 (KHTML, like Gecko) Version/18.5 Mobile/15E148 Safari/604.1"
64.23.146.5 - - [03/Jan/2026:17:58:02 +0800] "GET /wp-content/uploads HTTP/1.1" 301 262 "https://www.bing.com/" "Mozilla/5.0 (iPhone; CPU iPhone OS 18_5 like Mac OS X) AppleWebKit/605.1.15 (KHTML, like Gecko) Version/18.5 Mobile/15E148 Safari/604.1"
64.23.146.5 - - [03/Jan/2026:17:58:02 +0800] "GET /wp-content/uploads/ HTTP/1.1" 403 13 "https://www.bing.com/" "Mozilla/5.0 (iPhone; CPU iPhone OS 18_5 like Mac OS X) AppleWebKit/605.1.15 (KHTML, like Gecko) Version/18.5 Mobile/15E148 Safari/604.1"
64.23.146.5 - - [03/Jan/2026:17:58:02 +0800] "GET /wp-content/cache HTTP/1.1" 404 170266 "https://search.yahoo.com/" "Mozilla/5.0 (Windows NT 10.0; Win64; x64) AppleWebKit/537.36 (KHTML, like Gecko) Chrome/135.0.0.0 Safari/537.36"
64.23.146.5 - - [03/Jan/2026:17:58:04 +0800] "GET /wp-content/upgrade HTTP/1.1" 301 262 "https://yandex.com/" "Mozilla/5.0 (Android 15; Mobile; rv:137.0) Gecko/137.0 Firefox/137.0"
64.23.146.5 - - [03/Jan/2026:17:58:04 +0800] "GET /wp-content/upgrade/ HTTP/1.1" 403 199 "https://yandex.com/" "Mozilla/5.0 (Android 15; Mobile; rv:137.0) Gecko/137.0 Firefox/137.0"
64.23.146.5 - - [03/Jan/2026:17:58:04 +0800] "GET /wp-content/backup HTTP/1.1" 404 170266 "https://www.bing.com/" "Mozilla/5.0 (Windows NT 10.0; Win64; x64; rv:136.0) Gecko/20100101 Firefox/136.0"
64.23.146.5 - - [03/Jan/2026:17:58:05 +0800] "GET /wp-content/mu-plugins HTTP/1.1" 404 170266 "https://duckduckgo.com/" "Mozilla/5.0 (Linux; Android 15; Pixel 7) AppleWebKit/537.36 (KHTML, like Gecko) Chrome/136.0.0.0 Mobile Safari/537.36 OPR/110.0.0.0"
64.23.146.5 - - [03/Jan/2026:17:58:06 +0800] "GET /wp-content/languages HTTP/1.1" 404 170266 "https://www.bing.com/" "Mozilla/5.0 (Windows NT 10.0; Win64; x64) AppleWebKit/537.36 (KHTML, like Gecko) Chrome/135.0.0.0 Safari/537.36"
64.23.146.5 - - [03/Jan/2026:17:58:08 +0800] "GET /wp-content/upgrade HTTP/1.1" 301 262 "https://www.bing.com/" "Mozilla/5.0 (Windows NT 10.0; Win64; x64) AppleWebKit/537.36 (KHTML, like Gecko) Chrome/135.0.0.0 Safari/537.36 Edg/135.0.0.0"
64.23.146.5 - - [03/Jan/2026:17:58:08 +0800] "GET /wp-content/upgrade/ HTTP/1.1" 403 199 "https://www.bing.com/" "Mozilla/5.0 (Windows NT 10.0; Win64; x64) AppleWebKit/537.36 (KHTML, like Gecko) Chrome/135.0.0.0 Safari/537.36 Edg/135.0.0.0"
64.23.146.5 - - [03/Jan/2026:17:58:08 +0800] "GET /administrator HTTP/1.1" 404 170266 "https://www.bing.com/" "Mozilla/5.0 (Macintosh; Intel Mac OS X 14_5) AppleWebKit/537.36 (KHTML, like Gecko) Chrome/135.0.0.0 Safari/537.36"
64.23.146.5 - - [03/Jan/2026:17:58:09 +0800] "GET /cache HTTP/1.1" 404 170266 "https://search.yahoo.com/" "Mozilla/5.0 (Linux; Android 15; Pixel 8) AppleWebKit/537.36 (KHTML, like Gecko) Chrome/136.0.0.0 Mobile Safari/537.36 EdgA/136.0.0.0"
64.23.146.5 - - [03/Jan/2026:17:58:11 +0800] "GET /cli HTTP/1.1" 404 170266 "https://www.google.com/" "Mozilla/5.0 (Linux; Android 15; Pixel 7) AppleWebKit/537.36 (KHTML, like Gecko) Chrome/135.0.0.0 Mobile Safari/537.36"
64.23.146.5 - - [03/Jan/2026:17:58:12 +0800] "GET /components HTTP/1.1" 404 170266 "https://www.bing.com/" "Mozilla/5.0 (Windows NT 10.0; Win64; x64) AppleWebKit/537.36 (KHTML, like Gecko) Chrome/136.0.0.0 Safari/537.36"
64.23.146.5 - - [03/Jan/2026:17:58:13 +0800] "GET /language HTTP/1.1" 404 170266 "https://yandex.com/" "Mozilla/5.0 (Windows NT 10.0; Win64; x64) AppleWebKit/537.36 (KHTML, like Gecko) Chrome/135.0.0.0 Safari/537.36"
64.23.146.5 - - [03/Jan/2026:17:58:15 +0800] "GET /layouts HTTP/1.1" 404 170266 "https://yandex.com/" "Mozilla/5.0 (Windows NT 10.0; Win64; x64; rv:138.0) Gecko/20100101 Firefox/138.0"
64.23.146.5 - - [03/Jan/2026:17:58:16 +0800] "GET /libraries HTTP/1.1" 404 170266 "https://duckduckgo.com/" "Mozilla/5.0 (X11; Linux x86_64; rv:138.0) Gecko/20100101 Firefox/138.0"
64.23.146.5 - - [03/Jan/2026:17:58:17 +0800] "GET /modules HTTP/1.1" 404 170266 "https://www.google.com/" "Mozilla/5.0 (Macintosh; Intel Mac OS X 10_15_7) AppleWebKit/537.36 (KHTML, like Gecko) Chrome/136.0.0.0 Safari/537.36"
103.4.122.14 - - [03/Jan/2026:17:58:20 +0800] "POST /wp-cron.php?doing_wp_cron=1767434300.0117740631103515625000 HTTP/1.1" 200 - "-" "WordPress/6.9; https://dandenongdaynursery.com.au"
64.23.146.5 - - [03/Jan/2026:17:58:18 +0800] "GET /plugins HTTP/1.1" 404 170266 "https://www.bing.com/" "Mozilla/5.0 (Linux; Android 15; Pixel 8) AppleWebKit/537.36 (KHTML, like Gecko) Chrome/136.0.0.0 Mobile Safari/537.36 EdgA/136.0.0.0"
64.23.146.5 - - [03/Jan/2026:17:58:20 +0800] "GET /templates HTTP/1.1" 404 170266 "https://www.bing.com/" "Mozilla/5.0 (X11; Linux x86_64) AppleWebKit/537.36 (KHTML, like Gecko) Chrome/136.0.0.0 Safari/537.36"
64.23.146.5 - - [03/Jan/2026:17:58:21 +0800] "GET /administrator/components HTTP/1.1" 404 170266 "https://duckduckgo.com/" "Mozilla/5.0 (Linux; Android 15; Pixel 8 Pro) AppleWebKit/537.36 (KHTML, like Gecko) Chrome/136.0.0.0 Mobile Safari/537.36"
64.23.146.5 - - [03/Jan/2026:17:58:22 +0800] "GET /administrator/modules HTTP/1.1" 404 170266 "https://search.yahoo.com/" "Mozilla/5.0 (Linux; Android 15; SM-G998B) AppleWebKit/537.36 (KHTML, like Gecko) Chrome/135.0.0.0 Mobile Safari/537.36 EdgA/135.0.0.0"
64.23.146.5 - - [03/Jan/2026:17:58:24 +0800] "GET /administrator/templates HTTP/1.1" 404 170266 "https://www.bing.com/" "Mozilla/5.0 (Linux; Android 15; Pixel 7) AppleWebKit/537.36 (KHTML, like Gecko) Chrome/135.0.0.0 Mobile Safari/537.36"
64.23.146.5 - - [03/Jan/2026:17:58:25 +0800] "GET /administrator/language HTTP/1.1" 404 170266 "https://yandex.com/" "Mozilla/5.0 (Macintosh; Intel Mac OS X 14_4) AppleWebKit/605.1.15 (KHTML, like Gecko) Version/18.4 Safari/605.1.15"
64.23.146.5 - - [03/Jan/2026:17:58:26 +0800] "GET /administrator/cache HTTP/1.1" 404 170266 "https://yandex.com/" "Mozilla/5.0 (Linux; Android 15; Pixel 7) AppleWebKit/537.36 (KHTML, like Gecko) Chrome/135.0.0.0 Mobile Safari/537.36"
64.23.146.5 - - [03/Jan/2026:17:58:28 +0800] "GET /administrator/logs HTTP/1.1" 404 170266 "https://www.bing.com/" "Mozilla/5.0 (Linux; Android 15; Pixel 8 Pro) AppleWebKit/537.36 (KHTML, like Gecko) Chrome/136.0.0.0 Mobile Safari/537.36"
64.23.146.5 - - [03/Jan/2026:17:58:29 +0800] "GET /components/com_* HTTP/1.1" 404 170266 "https://www.bing.com/" "Mozilla/5.0 (Windows NT 10.0; Win64; x64) AppleWebKit/537.36 (KHTML, like Gecko) Chrome/135.0.0.0 Safari/537.36"
64.23.146.5 - - [03/Jan/2026:17:58:30 +0800] "GET /modules/mod_* HTTP/1.1" 404 170266 "https://duckduckgo.com/" "Mozilla/5.0 (Windows NT 10.0; Win64; x64) AppleWebKit/537.36 (KHTML, like Gecko) Chrome/136.0.0.0 Safari/537.36"
64.23.146.5 - - [03/Jan/2026:17:58:31 +0800] "GET /plugins/*/* HTTP/1.1" 404 170266 "https://search.yahoo.com/" "Mozilla/5.0 (iPhone; CPU iPhone OS 18_5 like Mac OS X) AppleWebKit/605.1.15 (KHTML, like Gecko) Version/18.5 Mobile/15E148 Safari/604.1"
64.23.146.5 - - [03/Jan/2026:17:58:33 +0800] "GET /templates/* HTTP/1.1" 404 170266 "https://yandex.com/" "Mozilla/5.0 (X11; Linux x86_64; rv:138.0) Gecko/20100101 Firefox/138.0"
64.23.146.5 - - [03/Jan/2026:17:58:34 +0800] "GET /media HTTP/1.1" 404 170266 "https://www.google.com/" "Mozilla/5.0 (Macintosh; Intel Mac OS X 10_15_7) AppleWebKit/537.36 (KHTML, like Gecko) Chrome/136.0.0.0 Safari/537.36"
64.23.146.5 - - [03/Jan/2026:17:58:35 +0800] "GET /lib/pkp HTTP/1.1" 404 170266 "https://yandex.com/" "Mozilla/5.0 (X11; Linux x86_64) AppleWebKit/537.36 (KHTML, like Gecko) Chrome/136.0.0.0 Safari/537.36"
64.23.146.5 - - [03/Jan/2026:17:58:36 +0800] "GET /plugins HTTP/1.1" 404 170266 "https://search.yahoo.com/" "Mozilla/5.0 (Windows NT 10.0; Win64; x64; rv:137.0) Gecko/20100101 Firefox/137.0"
64.23.146.5 - - [03/Jan/2026:17:58:38 +0800] "GET /cache HTTP/1.1" 404 170266 "https://search.yahoo.com/" "Mozilla/5.0 (Macintosh; Intel Mac OS X 14.5; rv:138.0) Gecko/20100101 Firefox/138.0"
64.23.146.5 - - [03/Jan/2026:17:58:39 +0800] "GET /public HTTP/1.1" 404 170266 "https://duckduckgo.com/" "Mozilla/5.0 (Windows NT 10.0; Win64; x64) AppleWebKit/537.36 (KHTML, like Gecko) Chrome/135.0.0.0 Safari/537.36"
64.23.146.5 - - [03/Jan/2026:17:58:40 +0800] "GET /locale HTTP/1.1" 404 170266 "https://yandex.com/" "Mozilla/5.0 (iPhone; CPU iPhone OS 18_3 like Mac OS X) AppleWebKit/605.1.15 (KHTML, like Gecko) Version/18.3 Mobile/15E148 Safari/604.1"
64.23.146.5 - - [03/Jan/2026:17:58:41 +0800] "GET /templates HTTP/1.1" 404 170266 "https://search.yahoo.com/" "Mozilla/5.0 (Windows NT 10.0; Win64; x64; rv:136.0) Gecko/20100101 Firefox/136.0"
64.23.146.5 - - [03/Jan/2026:17:58:43 +0800] "GET /classes HTTP/1.1" 404 170266 "https://duckduckgo.com/" "Mozilla/5.0 (X11; Linux x86_64) AppleWebKit/537.36 (KHTML, like Gecko) Chrome/135.0.0.0 Safari/537.36"
64.23.146.5 - - [03/Jan/2026:17:58:44 +0800] "GET /pages HTTP/1.1" 404 170266 "https://search.yahoo.com/" "Mozilla/5.0 (Windows NT 10.0; Win64; x64) AppleWebKit/537.36 (KHTML, like Gecko) Chrome/134.0.0.0 Safari/537.36 Edg/134.0.0.0"
64.23.146.5 - - [03/Jan/2026:17:58:45 +0800] "GET /tools HTTP/1.1" 404 170266 "https://www.google.com/" "Mozilla/5.0 (Android 15; Mobile; rv:137.0) Gecko/137.0 Firefox/137.0"
64.23.146.5 - - [03/Jan/2026:17:58:46 +0800] "GET /registry HTTP/1.1" 404 170266 "https://search.yahoo.com/" "Mozilla/5.0 (Windows NT 10.0; Win64; x64) AppleWebKit/537.36 (KHTML, like Gecko) Chrome/136.0.0.0 Safari/537.36 OPR/110.0.0.0"
64.23.146.5 - - [03/Jan/2026:17:58:48 +0800] "GET /docs HTTP/1.1" 404 170266 "https://www.bing.com/" "Mozilla/5.0 (Macintosh; Intel Mac OS X 14.4; rv:137.0) Gecko/20100101 Firefox/137.0"
57.141.14.89 - - [03/Jan/2026:17:58:48 +0800] "GET /page-sitemap.xml HTTP/1.1" 200 1987 "-" "meta-externalagent/1.1 (+https://developers.facebook.com/docs/sharing/webmasters/crawler)"
64.23.146.5 - - [03/Jan/2026:17:58:49 +0800] "GET /dbscripts HTTP/1.1" 404 170266 "https://duckduckgo.com/" "Mozilla/5.0 (Linux; Android 14; SM-G998B) AppleWebKit/537.36 (KHTML, like Gecko) Chrome/134.0.0.0 Mobile Safari/537.36"
64.23.146.5 - - [03/Jan/2026:17:58:50 +0800] "GET /styles HTTP/1.1" 404 170266 "https://www.bing.com/" "Mozilla/5.0 (Linux; Android 15; Pixel 7) AppleWebKit/537.36 (KHTML, like Gecko) Chrome/135.0.0.0 Mobile Safari/537.36"
64.23.146.5 - - [03/Jan/2026:17:58:51 +0800] "GET /js HTTP/1.1" 404 170266 "https://yandex.com/" "Mozilla/5.0 (Linux; Android 15; SM-S918B) AppleWebKit/537.36 (KHTML, like Gecko) Chrome/135.0.0.0 Mobile Safari/537.36 OPR/109.0.0.0"
64.23.146.5 - - [03/Jan/2026:17:58:53 +0800] "GET /lib/pkp/lib HTTP/1.1" 404 170266 "https://duckduckgo.com/" "Mozilla/5.0 (Windows NT 10.0; Win64; x64; rv:136.0) Gecko/20100101 Firefox/136.0"
64.23.146.5 - - [03/Jan/2026:17:58:54 +0800] "GET /lib/pkp/classes HTTP/1.1" 404 170266 "https://www.google.com/" "Mozilla/5.0 (iPhone; CPU iPhone OS 18_5 like Mac OS X) AppleWebKit/605.1.15 (KHTML, like Gecko) Version/18.5 Mobile/15E148 Safari/604.1"
64.23.146.5 - - [03/Jan/2026:17:58:55 +0800] "GET /lib/pkp/templates HTTP/1.1" 404 170266 "https://www.bing.com/" "Mozilla/5.0 (iPhone; CPU iPhone OS 18_3 like Mac OS X) AppleWebKit/605.1.15 (KHTML, like Gecko) Version/18.3 Mobile/15E148 Safari/604.1"
64.23.146.5 - - [03/Jan/2026:17:58:57 +0800] "GET /plugins/importexport HTTP/1.1" 404 170266 "https://search.yahoo.com/" "Mozilla/5.0 (Windows NT 10.0; Win64; x64; rv:137.0) Gecko/20100101 Firefox/137.0"
64.23.146.5 - - [03/Jan/2026:17:58:58 +0800] "GET /plugins/generic HTTP/1.1" 404 170266 "https://yandex.com/" "Mozilla/5.0 (Macintosh; Intel Mac OS X 14_4) AppleWebKit/605.1.15 (KHTML, like Gecko) Version/18.4 Safari/605.1.15"
64.23.146.5 - - [03/Jan/2026:17:58:59 +0800] "GET /plugins/themes HTTP/1.1" 404 170266 "https://www.bing.com/" "Mozilla/5.0 (Windows NT 10.0; Win64; x64) AppleWebKit/537.36 (KHTML, like Gecko) Chrome/136.0.0.0 Safari/537.36 OPR/110.0.0.0"
64.23.146.5 - - [03/Jan/2026:17:59:00 +0800] "GET /plugins/blocks HTTP/1.1" 404 170266 "https://yandex.com/" "Mozilla/5.0 (Macintosh; Intel Mac OS X 14.5; rv:138.0) Gecko/20100101 Firefox/138.0"
64.23.146.5 - - [03/Jan/2026:17:59:02 +0800] "GET /plugins/citationFormats HTTP/1.1" 404 170266 "https://www.bing.com/" "Mozilla/5.0 (Windows NT 10.0; Win64; x64) AppleWebKit/537.36 (KHTML, like Gecko) Chrome/135.0.0.0 Safari/537.36 OPR/109.0.0.0"
64.23.146.5 - - [03/Jan/2026:17:59:03 +0800] "GET /plugins/paymethod HTTP/1.1" 404 170266 "https://www.google.com/" "Mozilla/5.0 (Windows NT 10.0; Win64; x64; rv:137.0) Gecko/20100101 Firefox/137.0"
64.23.146.5 - - [03/Jan/2026:17:59:04 +0800] "GET /plugins/reports HTTP/1.1" 404 170266 "https://yandex.com/" "Mozilla/5.0 (Windows NT 10.0; Win64; x64) AppleWebKit/537.36 (KHTML, like Gecko) Chrome/135.0.0.0 Safari/537.36"
64.23.146.5 - - [03/Jan/2026:17:59:06 +0800] "GET /app HTTP/1.1" 404 170266 "https://search.yahoo.com/" "Mozilla/5.0 (Macintosh; Intel Mac OS X 14.4; rv:137.0) Gecko/20100101 Firefox/137.0"
64.23.146.5 - - [03/Jan/2026:17:59:07 +0800] "GET /bootstrap HTTP/1.1" 404 170266 "https://search.yahoo.com/" "Mozilla/5.0 (Android 15; Mobile; rv:137.0) Gecko/137.0 Firefox/137.0"
64.23.146.5 - - [03/Jan/2026:17:59:08 +0800] "GET /config HTTP/1.1" 404 170266 "https://www.bing.com/" "Mozilla/5.0 (Linux; Android 15; Pixel 7) AppleWebKit/537.36 (KHTML, like Gecko) Chrome/136.0.0.0 Mobile Safari/537.36 OPR/110.0.0.0"
64.23.146.5 - - [03/Jan/2026:17:59:09 +0800] "GET /database HTTP/1.1" 404 170266 "https://search.yahoo.com/" "Mozilla/5.0 (X11; Linux x86_64) AppleWebKit/537.36 (KHTML, like Gecko) Chrome/135.0.0.0 Safari/537.36"
64.23.146.5 - - [03/Jan/2026:17:59:11 +0800] "GET /public HTTP/1.1" 404 170266 "https://www.google.com/" "Mozilla/5.0 (iPhone; CPU iPhone OS 18_5 like Mac OS X) AppleWebKit/605.1.15 (KHTML, like Gecko) CriOS/136.0.0.0 Mobile/15E148 Safari/604.1"
64.23.146.5 - - [03/Jan/2026:17:59:12 +0800] "GET /resources HTTP/1.1" 404 170266 "https://www.google.com/" "Mozilla/5.0 (X11; Linux x86_64; rv:138.0) Gecko/20100101 Firefox/138.0"
64.23.146.5 - - [03/Jan/2026:17:59:13 +0800] "GET /routes HTTP/1.1" 404 170266 "https://www.bing.com/" "Mozilla/5.0 (Macintosh; Intel Mac OS X 10_15_7) AppleWebKit/537.36 (KHTML, like Gecko) Chrome/136.0.0.0 Safari/537.36"
64.23.146.5 - - [03/Jan/2026:17:59:14 +0800] "GET /storage HTTP/1.1" 404 170266 "https://duckduckgo.com/" "Mozilla/5.0 (Windows NT 10.0; Win64; x64) AppleWebKit/537.36 (KHTML, like Gecko) Chrome/136.0.0.0 Safari/537.36 Edg/136.0.0.0"
64.23.146.5 - - [03/Jan/2026:17:59:16 +0800] "GET /tests HTTP/1.1" 404 170266 "https://www.bing.com/" "Mozilla/5.0 (iPhone; CPU iPhone OS 18_4 like Mac OS X) AppleWebKit/605.1.15 (KHTML, like Gecko) Version/18.4 Mobile/15E148 Safari/604.1"
64.23.146.5 - - [03/Jan/2026:17:59:17 +0800] "GET /vendor HTTP/1.1" 404 170266 "https://www.google.com/" "Mozilla/5.0 (Linux; Android 15; Pixel 8 Pro) AppleWebKit/537.36 (KHTML, like Gecko) Chrome/136.0.0.0 Mobile Safari/537.36"
64.23.146.5 - - [03/Jan/2026:17:59:18 +0800] "GET /app/Http HTTP/1.1" 404 170266 "https://search.yahoo.com/" "Mozilla/5.0 (Linux; Android 15; Pixel 8) AppleWebKit/537.36 (KHTML, like Gecko) Chrome/136.0.0.0 Mobile Safari/537.36 EdgA/136.0.0.0"
103.4.122.14 - - [03/Jan/2026:17:59:20 +0800] "POST /wp-cron.php?doing_wp_cron=1767434360.9069340229034423828125 HTTP/1.1" 200 - "-" "WordPress/6.9; https://dandenongdaynursery.com.au"
64.23.146.5 - - [03/Jan/2026:17:59:19 +0800] "GET /app/Models HTTP/1.1" 404 170266 "https://www.google.com/" "Mozilla/5.0 (Linux; Android 14; SM-G998B) AppleWebKit/537.36 (KHTML, like Gecko) Chrome/134.0.0.0 Mobile Safari/537.36"
64.23.146.5 - - [03/Jan/2026:17:59:21 +0800] "GET /app/Console HTTP/1.1" 404 170266 "https://duckduckgo.com/" "Mozilla/5.0 (Linux; Android 15; SM-G998B) AppleWebKit/537.36 (KHTML, like Gecko) Chrome/135.0.0.0 Mobile Safari/537.36 EdgA/135.0.0.0"
64.23.146.5 - - [03/Jan/2026:17:59:22 +0800] "GET /app/Providers HTTP/1.1" 404 170266 "https://yandex.com/" "Mozilla/5.0 (Linux; Android 15; Pixel 7) AppleWebKit/537.36 (KHTML, like Gecko) Chrome/135.0.0.0 Mobile Safari/537.36"
64.23.146.5 - - [03/Jan/2026:17:59:23 +0800] "GET /app/Mail HTTP/1.1" 404 170266 "https://duckduckgo.com/" "Mozilla/5.0 (Windows NT 10.0; Win64; x64) AppleWebKit/537.36 (KHTML, like Gecko) Chrome/136.0.0.0 Safari/537.36"
64.23.146.5 - - [03/Jan/2026:17:59:25 +0800] "GET /app/Jobs HTTP/1.1" 404 170266 "https://yandex.com/" "Mozilla/5.0 (iPhone; CPU iPhone OS 18_5 like Mac OS X) AppleWebKit/605.1.15 (KHTML, like Gecko) CriOS/136.0.0.0 Mobile/15E148 Safari/604.1"
64.23.146.5 - - [03/Jan/2026:17:59:26 +0800] "GET /app/Events HTTP/1.1" 404 170266 "https://search.yahoo.com/" "Mozilla/5.0 (Windows NT 10.0; Win64; x64) AppleWebKit/537.36 (KHTML, like Gecko) Chrome/134.0.0.0 Safari/537.36"
64.23.146.5 - - [03/Jan/2026:17:59:27 +0800] "GET /app/Listeners HTTP/1.1" 404 170266 "https://search.yahoo.com/" "Mozilla/5.0 (Android 15; Mobile; rv:138.0) Gecko/138.0 Firefox/138.0"
64.23.146.5 - - [03/Jan/2026:17:59:28 +0800] "GET /app/Notifications HTTP/1.1" 404 170266 "https://www.bing.com/" "Mozilla/5.0 (iPhone; CPU iPhone OS 18_3 like Mac OS X) AppleWebKit/605.1.15 (KHTML, like Gecko) Version/18.3 Mobile/15E148 Safari/604.1"
64.23.146.5 - - [03/Jan/2026:17:59:30 +0800] "GET /app/Policies HTTP/1.1" 404 170266 "https://yandex.com/" "Mozilla/5.0 (Windows NT 10.0; Win64; x64; rv:138.0) Gecko/20100101 Firefox/138.0"
64.23.146.5 - - [03/Jan/2026:17:59:31 +0800] "GET /app/Rules HTTP/1.1" 404 170266 "https://yandex.com/" "Mozilla/5.0 (Macintosh; Intel Mac OS X 10_15_7) AppleWebKit/537.36 (KHTML, like Gecko) Chrome/136.0.0.0 Safari/537.36"
64.23.146.5 - - [03/Jan/2026:17:59:32 +0800] "GET /app/Broadcasting HTTP/1.1" 404 170266 "https://www.google.com/" "Mozilla/5.0 (Windows NT 10.0; Win64; x64) AppleWebKit/537.36 (KHTML, like Gecko) Chrome/136.0.0.0 Safari/537.36"
64.23.146.5 - - [03/Jan/2026:17:59:33 +0800] "GET /resources/views HTTP/1.1" 404 170266 "https://www.bing.com/" "Mozilla/5.0 (Macintosh; Intel Mac OS X 14.5; rv:138.0) Gecko/20100101 Firefox/138.0"
64.23.146.5 - - [03/Jan/2026:17:59:35 +0800] "GET /resources/lang HTTP/1.1" 404 170266 "https://duckduckgo.com/" "Mozilla/5.0 (Macintosh; Intel Mac OS X 14_5) AppleWebKit/605.1.15 (KHTML, like Gecko) Version/18.5 Safari/605.1.15"
64.23.146.5 - - [03/Jan/2026:17:59:36 +0800] "GET /resources/sass HTTP/1.1" 404 170266 "https://www.google.com/" "Mozilla/5.0 (iPad; CPU OS 18_5 like Mac OS X) AppleWebKit/605.1.15 (KHTML, like Gecko) Version/18.5 Mobile/15E148 Safari/604.1"
64.23.146.5 - - [03/Jan/2026:17:59:38 +0800] "GET /resources/js HTTP/1.1" 404 170266 "https://www.bing.com/" "Mozilla/5.0 (Linux; Android 15; Pixel 7) AppleWebKit/537.36 (KHTML, like Gecko) Chrome/135.0.0.0 Mobile Safari/537.36"
64.23.146.5 - - [03/Jan/2026:17:59:39 +0800] "GET /storage/app HTTP/1.1" 404 170266 "https://yandex.com/" "Mozilla/5.0 (Windows NT 10.0; Win64; x64) AppleWebKit/537.36 (KHTML, like Gecko) Chrome/134.0.0.0 Safari/537.36 OPR/108.0.0.0"
64.23.146.5 - - [03/Jan/2026:17:59:40 +0800] "GET /storage/framework HTTP/1.1" 404 170266 "https://www.google.com/" "Mozilla/5.0 (Windows NT 10.0; Win64; x64) AppleWebKit/537.36 (KHTML, like Gecko) Chrome/136.0.0.0 Safari/537.36 Edg/136.0.0.0"
64.23.146.5 - - [03/Jan/2026:17:59:42 +0800] "GET /storage/logs HTTP/1.1" 404 170266 "https://www.bing.com/" "Mozilla/5.0 (Windows NT 10.0; Win64; x64) AppleWebKit/537.36 (KHTML, like Gecko) Chrome/135.0.0.0 Safari/537.36 Edg/135.0.0.0"
64.23.146.5 - - [03/Jan/2026:17:59:43 +0800] "GET /public/storage HTTP/1.1" 404 170266 "https://www.bing.com/" "Mozilla/5.0 (Macintosh; Intel Mac OS X 14.4; rv:137.0) Gecko/20100101 Firefox/137.0"
57.141.14.88 - - [03/Jan/2026:17:59:45 +0800] "GET /elementor-hf-sitemap.xml HTTP/1.1" 200 890 "-" "meta-externalagent/1.1 (+https://developers.facebook.com/docs/sharing/webmasters/crawler)"
64.23.146.5 - - [03/Jan/2026:17:59:46 +0800] "GET /database/migrations HTTP/1.1" 404 170266 "https://yandex.com/" "Mozilla/5.0 (X11; Linux x86_64; rv:137.0) Gecko/20100101 Firefox/137.0"
64.23.146.5 - - [03/Jan/2026:17:59:47 +0800] "GET /database/seeds HTTP/1.1" 404 170266 "https://search.yahoo.com/" "Mozilla/5.0 (Linux; Android 15; Pixel 8) AppleWebKit/537.36 (KHTML, like Gecko) Chrome/136.0.0.0 Mobile Safari/537.36 EdgA/136.0.0.0"
64.23.146.5 - - [03/Jan/2026:17:59:48 +0800] "GET /database/factories HTTP/1.1" 404 170266 "https://duckduckgo.com/" "Mozilla/5.0 (Windows NT 10.0; Win64; x64; rv:137.0) Gecko/20100101 Firefox/137.0"
64.23.146.5 - - [03/Jan/2026:17:59:50 +0800] "GET /application HTTP/1.1" 404 170266 "https://www.google.com/" "Mozilla/5.0 (Linux; Android 15; Pixel 8 Pro) AppleWebKit/537.36 (KHTML, like Gecko) Chrome/136.0.0.0 Mobile Safari/537.36"
64.23.146.5 - - [03/Jan/2026:17:59:51 +0800] "GET /system HTTP/1.1" 404 170266 "https://duckduckgo.com/" "Mozilla/5.0 (Windows NT 10.0; Win64; x64) AppleWebKit/537.36 (KHTML, like Gecko) Chrome/134.0.0.0 Safari/537.36"
64.23.146.5 - - [03/Jan/2026:17:59:52 +0800] "GET /user_guide HTTP/1.1" 404 170266 "https://search.yahoo.com/" "Mozilla/5.0 (Macintosh; Intel Mac OS X 14.5; rv:138.0) Gecko/20100101 Firefox/138.0"
64.23.146.5 - - [03/Jan/2026:17:59:53 +0800] "GET /application/config HTTP/1.1" 404 170266 "https://yandex.com/" "Mozilla/5.0 (X11; Linux x86_64; rv:138.0) Gecko/20100101 Firefox/138.0"
64.23.146.5 - - [03/Jan/2026:17:59:55 +0800] "GET /application/controllers HTTP/1.1" 404 170266 "https://www.google.com/" "Mozilla/5.0 (Windows NT 10.0; Win64; x64) AppleWebKit/537.36 (KHTML, like Gecko) Chrome/134.0.0.0 Safari/537.36 OPR/108.0.0.0"
64.23.146.5 - - [03/Jan/2026:17:59:56 +0800] "GET /application/models HTTP/1.1" 404 170266 "https://search.yahoo.com/" "Mozilla/5.0 (Android 15; Mobile; rv:138.0) Gecko/138.0 Firefox/138.0"
64.23.146.5 - - [03/Jan/2026:17:59:57 +0800] "GET /application/views HTTP/1.1" 404 170266 "https://yandex.com/" "Mozilla/5.0 (Windows NT 10.0; Win64; x64) AppleWebKit/537.36 (KHTML, like Gecko) Chrome/135.0.0.0 Safari/537.36"
64.23.146.5 - - [03/Jan/2026:17:59:58 +0800] "GET /application/helpers HTTP/1.1" 404 170266 "https://yandex.com/" "Mozilla/5.0 (Windows NT 10.0; Win64; x64) AppleWebKit/537.36 (KHTML, like Gecko) Chrome/136.0.0.0 Safari/537.36 OPR/110.0.0.0"
64.23.146.5 - - [03/Jan/2026:17:59:59 +0800] "GET /application/libraries HTTP/1.1" 404 170266 "https://www.google.com/" "Mozilla/5.0 (iPad; CPU OS 18_4 like Mac OS X) AppleWebKit/605.1.15 (KHTML, like Gecko) Version/18.4 Mobile/15E148 Safari/604.1"
64.23.146.5 - - [03/Jan/2026:18:00:01 +0800] "GET /application/logs HTTP/1.1" 404 170266 "https://www.google.com/" "Mozilla/5.0 (Macintosh; Intel Mac OS X 14_5) AppleWebKit/537.36 (KHTML, like Gecko) Chrome/135.0.0.0 Safari/537.36"
64.23.146.5 - - [03/Jan/2026:18:00:02 +0800] "GET /application/cache HTTP/1.1" 404 170266 "https://duckduckgo.com/" "Mozilla/5.0 (Linux; Android 15; SM-S918B) AppleWebKit/537.36 (KHTML, like Gecko) Chrome/135.0.0.0 Mobile Safari/537.36 OPR/109.0.0.0"
64.23.146.5 - - [03/Jan/2026:18:00:03 +0800] "GET /application/hooks HTTP/1.1" 404 170266 "https://duckduckgo.com/" "Mozilla/5.0 (Windows NT 10.0; Win64; x64) AppleWebKit/537.36 (KHTML, like Gecko) Chrome/136.0.0.0 Safari/537.36 OPR/110.0.0.0"
64.23.146.5 - - [03/Jan/2026:18:00:05 +0800] "GET /application/language HTTP/1.1" 404 170266 "https://www.bing.com/" "Mozilla/5.0 (Linux; Android 15; SM-S918B) AppleWebKit/537.36 (KHTML, like Gecko) Chrome/135.0.0.0 Mobile Safari/537.36 OPR/109.0.0.0"
64.23.146.5 - - [03/Jan/2026:18:00:06 +0800] "GET /application/third_party HTTP/1.1" 404 170266 "https://yandex.com/" "Mozilla/5.0 (Macintosh; Intel Mac OS X 14_5) AppleWebKit/537.36 (KHTML, like Gecko) Chrome/135.0.0.0 Safari/537.36"
64.23.146.5 - - [03/Jan/2026:18:00:07 +0800] "GET /application/core HTTP/1.1" 404 170266 "https://yandex.com/" "Mozilla/5.0 (Windows NT 10.0; Win64; x64; rv:138.0) Gecko/20100101 Firefox/138.0"
64.23.146.5 - - [03/Jan/2026:18:00:08 +0800] "GET /application/errors HTTP/1.1" 404 170266 "https://duckduckgo.com/" "Mozilla/5.0 (iPhone; CPU iPhone OS 18_3 like Mac OS X) AppleWebKit/605.1.15 (KHTML, like Gecko) Version/18.3 Mobile/15E148 Safari/604.1"
64.23.146.5 - - [03/Jan/2026:18:00:09 +0800] "GET /system/core HTTP/1.1" 404 170266 "https://www.bing.com/" "Mozilla/5.0 (Linux; Android 15; Pixel 8 Pro) AppleWebKit/537.36 (KHTML, like Gecko) Chrome/136.0.0.0 Mobile Safari/537.36"
64.23.146.5 - - [03/Jan/2026:18:00:11 +0800] "GET /system/libraries HTTP/1.1" 404 170266 "https://yandex.com/" "Mozilla/5.0 (Linux; Android 15; SM-S918B) AppleWebKit/537.36 (KHTML, like Gecko) Chrome/135.0.0.0 Mobile Safari/537.36 OPR/109.0.0.0"
64.23.146.5 - - [03/Jan/2026:18:00:12 +0800] "GET /system/helpers HTTP/1.1" 404 170266 "https://www.bing.com/" "Mozilla/5.0 (Linux; Android 15; Pixel 7) AppleWebKit/537.36 (KHTML, like Gecko) Chrome/135.0.0.0 Mobile Safari/537.36"
64.23.146.5 - - [03/Jan/2026:18:00:13 +0800] "GET /system/database HTTP/1.1" 404 170266 "https://yandex.com/" "Mozilla/5.0 (Linux; Android 15; Pixel 8 Pro) AppleWebKit/537.36 (KHTML, like Gecko) Chrome/136.0.0.0 Mobile Safari/537.36"
64.23.146.5 - - [03/Jan/2026:18:00:15 +0800] "GET /Make HTTP/1.1" 404 170266 "https://yandex.com/" "Mozilla/5.0 (iPhone; CPU iPhone OS 18_4 like Mac OS X) AppleWebKit/605.1.15 (KHTML, like Gecko) CriOS/135.0.0.0 Mobile/15E148 Safari/604.1"
64.23.146.5 - - [03/Jan/2026:18:00:16 +0800] "GET /PMAStandard HTTP/1.1" 404 170266 "https://www.google.com/" "Mozilla/5.0 (Macintosh; Intel Mac OS X 10_15_7) AppleWebKit/537.36 (KHTML, like Gecko) Chrome/136.0.0.0 Safari/537.36"
64.23.146.5 - - [03/Jan/2026:18:00:17 +0800] "GET /cohort HTTP/1.1" 404 170266 "https://search.yahoo.com/" "Mozilla/5.0 (Macintosh; Intel Mac OS X 14.5; rv:138.0) Gecko/20100101 Firefox/138.0"
103.4.122.14 - - [03/Jan/2026:18:00:21 +0800] "POST /wp-cron.php?doing_wp_cron=1767434421.3519740104675292968750 HTTP/1.1" 200 - "-" "WordPress/6.9; https://dandenongdaynursery.com.au"
