101.119.139.159 - - [02/Jan/2026:07:45:47 +0800] "GET /wp-content/uploads/2023/03/Warraworrap-1-1-1536x1152.jpg HTTP/1.1" 200 275691 "https://dandenongdaynursery.com.au/" "Mozilla/5.0 (Linux; Android 10; K) AppleWebKit/537.36 (KHTML, like Gecko) Chrome/143.0.0.0 Mobile Safari/537.36"
101.119.139.159 - - [02/Jan/2026:07:45:47 +0800] "GET /wp-content/uploads/2023/03/Minamberang-1-1536x1152.jpg HTTP/1.1" 200 311821 "https://dandenongdaynursery.com.au/" "Mozilla/5.0 (Linux; Android 10; K) AppleWebKit/537.36 (KHTML, like Gecko) Chrome/143.0.0.0 Mobile Safari/537.36"
101.119.139.159 - - [02/Jan/2026:07:45:47 +0800] "GET /wp-content/uploads/2023/03/Murnong-1-1536x1152.jpg HTTP/1.1" 200 359992 "https://dandenongdaynursery.com.au/" "Mozilla/5.0 (Linux; Android 10; K) AppleWebKit/537.36 (KHTML, like Gecko) Chrome/143.0.0.0 Mobile Safari/537.36"
101.119.139.159 - - [02/Jan/2026:07:45:48 +0800] "GET /wp-content/uploads/2022/12/Our-Team.jpg HTTP/1.1" 200 99607 "https://dandenongdaynursery.com.au/" "Mozilla/5.0 (Linux; Android 10; K) AppleWebKit/537.36 (KHTML, like Gecko) Chrome/143.0.0.0 Mobile Safari/537.36"
101.119.139.159 - - [02/Jan/2026:07:45:48 +0800] "GET /wp-content/uploads/2022/12/quote.png HTTP/1.1" 200 583 "https://dandenongdaynursery.com.au/" "Mozilla/5.0 (Linux; Android 10; K) AppleWebKit/537.36 (KHTML, like Gecko) Chrome/143.0.0.0 Mobile Safari/537.36"
103.4.122.14 - - [02/Jan/2026:07:46:29 +0800] "POST /wp-cron.php?doing_wp_cron=1767311189.2129321098327636718750 HTTP/1.1" 200 - "-" "WordPress/6.9; https://dandenongdaynursery.com.au"
114.119.131.136 - - [02/Jan/2026:07:46:27 +0800] "GET /sbobet.aspx HTTP/1.1" 404 170266 "https://dandenongdaynursery.com.au/ufabet%20%E0%B9%80%E0%B8%A7%E0%B9%87%E0%B8%9A%E0%B8%95%E0%B8%A3%E0%B8%87%E0%B9%84%E0%B8%A1%E0%B9%88%E0%B8%9C%E0%B9%88%E0%B8%B2%E0%B8%99%E0%B9%80%E0%B8%AD%E0%B9%80%E0%B8%A2%E0%B9%88%E0%B8%99%E0%B8%95%E0%B9%8C.aspx" "Mozilla/5.0 (Linux; Android 7.0;) AppleWebKit/537.36 (KHTML, like Gecko) Mobile Safari/537.36 (compatible; PetalBot;+https://webmaster.petalsearch.com/site/petalbot)"
101.119.139.159 - - [02/Jan/2026:07:46:45 +0800] "POST / HTTP/1.1" 200 26391 "https://dandenongdaynursery.com.au/" "Mozilla/5.0 (Linux; Android 10; K) AppleWebKit/537.36 (KHTML, like Gecko) Chrome/143.0.0.0 Mobile Safari/537.36"
103.4.122.14 - - [02/Jan/2026:07:47:53 +0800] "POST /wp-cron.php?doing_wp_cron=1767311273.0556991100311279296875 HTTP/1.1" 200 - "-" "WordPress/6.9; https://dandenongdaynursery.com.au"
114.119.153.131 - - [02/Jan/2026:07:47:51 +0800] "GET /pp%20slot.aspx HTTP/1.1" 404 170266 "https://dandenongdaynursery.com.au/20%E0%B8%A3%E0%B8%B1%E0%B8%9A100.aspx" "Mozilla/5.0 (Linux; Android 7.0;) AppleWebKit/537.36 (KHTML, like Gecko) Mobile Safari/537.36 (compatible; PetalBot;+https://webmaster.petalsearch.com/site/petalbot)"
103.4.122.14 - - [02/Jan/2026:07:49:16 +0800] "POST /wp-cron.php?doing_wp_cron=1767311356.2819290161132812500000 HTTP/1.1" 200 - "-" "WordPress/6.9; https://dandenongdaynursery.com.au"
114.119.131.136 - - [02/Jan/2026:07:49:15 +0800] "GET /pike-room HTTP/1.1" 301 - "https://dandenongdaynursery.com.au/education-services" "Mozilla/5.0 (Linux; Android 7.0;) AppleWebKit/537.36 (KHTML, like Gecko) Mobile Safari/537.36 (compatible; PetalBot;+https://webmaster.petalsearch.com/site/petalbot)"
114.119.131.136 - - [02/Jan/2026:07:49:17 +0800] "GET /pike-room/ HTTP/1.1" 200 34093 "https://dandenongdaynursery.com.au/education-services" "Mozilla/5.0 (Linux; Android 7.0;) AppleWebKit/537.36 (KHTML, like Gecko) Mobile Safari/537.36 (compatible; PetalBot;+https://webmaster.petalsearch.com/site/petalbot)"
51.79.166.146 - - [02/Jan/2026:07:49:21 +0800] "POST /xmlrpc.php HTTP/1.1" 200 206 "-" "Mozilla/5.0 (Windows NT 10.0; Win64; x64; rv:82.0) Gecko/20100101 Firefox/82.0"
103.4.122.14 - - [02/Jan/2026:07:50:41 +0800] "POST /wp-cron.php?doing_wp_cron=1767311441.3488850593566894531250 HTTP/1.1" 200 - "-" "WordPress/6.9; https://dandenongdaynursery.com.au"
101.119.139.159 - - [02/Jan/2026:07:50:39 +0800] "GET / HTTP/1.1" 200 26273 "https://www.google.com/" "Mozilla/5.0 (Linux; Android 10; K) AppleWebKit/537.36 (KHTML, like Gecko) Chrome/143.0.0.0 Mobile Safari/537.36"
114.119.133.253 - - [02/Jan/2026:07:50:42 +0800] "GET /pxj%20%E0%B9%80%E0%B8%82%E0%B9%89%E0%B8%B2%E0%B8%AA%E0%B8%B9%E0%B9%88%E0%B8%A3%E0%B8%B0%E0%B8%9A%E0%B8%9A.aspx HTTP/1.1" 404 170266 "https://dandenongdaynursery.com.au/%E0%B8%A2%E0%B8%B9%E0%B8%9F%E0%B9%88%E0%B8%B2168.aspx" "Mozilla/5.0 (Linux; Android 7.0;) AppleWebKit/537.36 (KHTML, like Gecko) Mobile Safari/537.36 (compatible; PetalBot;+https://webmaster.petalsearch.com/site/petalbot)"
103.4.122.14 - - [02/Jan/2026:07:52:13 +0800] "POST /wp-cron.php?doing_wp_cron=1767311532.8884489536285400390625 HTTP/1.1" 200 - "-" "WordPress/6.9; https://dandenongdaynursery.com.au"
114.119.133.126 - - [02/Jan/2026:07:52:11 +0800] "GET /pg%20betflik.aspx HTTP/1.1" 404 170266 "https://dandenongdaynursery.com.au/%E0%B9%80%E0%B8%84%E0%B8%A3%E0%B8%94%E0%B8%B4%E0%B8%95%E0%B8%9F%E0%B8%A3%E0%B8%B5%E0%B9%84%E0%B8%A1%E0%B9%88%E0%B8%95%E0%B9%89%E0%B8%AD%E0%B8%87%E0%B8%9D%E0%B8%B2%E0%B8%81%E0%B9%84%E0%B8%A1%E0%B9%88%E0%B8%95%E0%B9%89%E0%B8%AD%E0%B8%87%E0%B9%81%E0%B8%8A%E0%B8%A3%E0%B9%8C.aspx" "Mozilla/5.0 (Linux; Android 7.0;) AppleWebKit/537.36 (KHTML, like Gecko) Mobile Safari/537.36 (compatible; PetalBot;+https://webmaster.petalsearch.com/site/petalbot)"
103.4.122.14 - - [02/Jan/2026:07:54:16 +0800] "POST /wp-cron.php?doing_wp_cron=1767311656.1923129558563232421875 HTTP/1.1" 200 - "-" "WordPress/6.9; https://dandenongdaynursery.com.au"
114.119.141.116 - - [02/Jan/2026:07:54:14 +0800] "GET /metal%20slot.aspx HTTP/1.1" 404 170266 "https://dandenongdaynursery.com.au/%E0%B8%97%E0%B8%94%E0%B8%A5%E0%B8%AD%E0%B8%87%E0%B9%80%E0%B8%A5%E0%B9%88%E0%B8%99%E0%B8%9A%E0%B8%B2%E0%B8%84%E0%B8%B2%E0%B8%A3%E0%B9%88%E0%B8%B2%E0%B9%80%E0%B8%8A%E0%B9%87%E0%B8%81%E0%B8%8A%E0%B8%B5%E0%B9%88.aspx" "Mozilla/5.0 (Linux; Android 7.0;) AppleWebKit/537.36 (KHTML, like Gecko) Mobile Safari/537.36 (compatible; PetalBot;+https://webmaster.petalsearch.com/site/petalbot)"
103.4.122.14 - - [02/Jan/2026:07:55:38 +0800] "POST /wp-cron.php?doing_wp_cron=1767311738.3518509864807128906250 HTTP/1.1" 200 - "-" "WordPress/6.9; https://dandenongdaynursery.com.au"
114.119.144.65 - - [02/Jan/2026:07:55:36 +0800] "GET /gallery/ HTTP/1.1" 200 36300 "https://dandenongdaynursery.com.au/pike-room/" "Mozilla/5.0 (Linux; Android 7.0;) AppleWebKit/537.36 (KHTML, like Gecko) Mobile Safari/537.36 (compatible; PetalBot;+https://webmaster.petalsearch.com/site/petalbot)"
103.4.122.14 - - [02/Jan/2026:07:56:46 +0800] "POST /wp-cron.php?doing_wp_cron=1767311806.2247040271759033203125 HTTP/1.1" 200 - "-" "WordPress/6.9; https://dandenongdaynursery.com.au"
114.119.131.136 - - [02/Jan/2026:07:56:45 +0800] "GET /child-safe-statement-of-commitment HTTP/1.1" 301 - "-" "Mozilla/5.0 (Linux; Android 7.0;) AppleWebKit/537.36 (KHTML, like Gecko) Mobile Safari/537.36 (compatible; PetalBot;+https://webmaster.petalsearch.com/site/petalbot)"
114.119.131.136 - - [02/Jan/2026:07:56:47 +0800] "GET /child-safe-statement-of-commitment/ HTTP/1.1" 200 32613 "-" "Mozilla/5.0 (Linux; Android 7.0;) AppleWebKit/537.36 (KHTML, like Gecko) Mobile Safari/537.36 (compatible; PetalBot;+https://webmaster.petalsearch.com/site/petalbot)"
103.4.122.14 - - [02/Jan/2026:07:57:54 +0800] "POST /wp-cron.php?doing_wp_cron=1767311874.0352280139923095703125 HTTP/1.1" 200 - "-" "WordPress/6.9; https://dandenongdaynursery.com.au"
114.119.146.142 - - [02/Jan/2026:07:57:52 +0800] "GET /betflix%20auto.aspx HTTP/1.1" 404 170266 "https://dandenongdaynursery.com.au/pg123.aspx" "Mozilla/5.0 (Linux; Android 7.0;) AppleWebKit/537.36 (KHTML, like Gecko) Mobile Safari/537.36 (compatible; PetalBot;+https://webmaster.petalsearch.com/site/petalbot)"
103.4.122.14 - - [02/Jan/2026:07:59:36 +0800] "POST /wp-cron.php?doing_wp_cron=1767311976.1516330242156982421875 HTTP/1.1" 200 - "-" "WordPress/6.9; https://dandenongdaynursery.com.au"
114.119.141.116 - - [02/Jan/2026:07:59:34 +0800] "GET /365bet%20%E0%B9%84%E0%B8%97%E0%B8%A2.aspx HTTP/1.1" 404 170266 "https://dandenongdaynursery.com.au/l86.com%20%E0%B8%AA%E0%B8%A5%E0%B9%87%E0%B8%AD%E0%B8%95.aspx" "Mozilla/5.0 (Linux; Android 7.0;) AppleWebKit/537.36 (KHTML, like Gecko) Mobile Safari/537.36 (compatible; PetalBot;+https://webmaster.petalsearch.com/site/petalbot)"
103.4.122.14 - - [02/Jan/2026:08:00:38 +0800] "POST /wp-cron.php?doing_wp_cron=1767312038.5872859954833984375000 HTTP/1.1" 200 - "-" "WordPress/6.9; https://dandenongdaynursery.com.au"
114.119.144.65 - - [02/Jan/2026:08:00:37 +0800] "GET /ruay.%20org%20%E0%B9%80%E0%B8%82%E0%B9%89%E0%B8%B2%E0%B8%AA%E0%B8%B9%E0%B9%88%E0%B8%A3%E0%B8%B0%E0%B8%9A%E0%B8%9A.aspx HTTP/1.1" 404 170266 "https://dandenongdaynursery.com.au/%E0%B8%97%E0%B8%94%E0%B8%A5%E0%B8%AD%E0%B8%87%E0%B9%80%E0%B8%A5%E0%B9%88%E0%B8%99%E0%B8%AA%E0%B8%A5%E0%B9%87%E0%B8%AD%E0%B8%95%E0%B8%9F%E0%B8%A3%E0%B8%B5%20joker.aspx" "Mozilla/5.0 (Linux; Android 7.0;) AppleWebKit/537.36 (KHTML, like Gecko) Mobile Safari/537.36 (compatible; PetalBot;+https://webmaster.petalsearch.com/site/petalbot)"
103.4.122.14 - - [02/Jan/2026:08:01:58 +0800] "POST /wp-cron.php?doing_wp_cron=1767312118.0513999462127685546875 HTTP/1.1" 200 - "-" "WordPress/6.9; https://dandenongdaynursery.com.au"
114.119.141.116 - - [02/Jan/2026:08:01:56 +0800] "GET /royal%20slot.aspx HTTP/1.1" 404 170266 "https://dandenongdaynursery.com.au/%E0%B9%80%E0%B8%81%E0%B8%A1%E0%B8%AA%E0%B8%A5%E0%B9%87%E0%B8%AD%E0%B8%95%20k9win.aspx" "Mozilla/5.0 (Linux; Android 7.0;) AppleWebKit/537.36 (KHTML, like Gecko) Mobile Safari/537.36 (compatible; PetalBot;+https://webmaster.petalsearch.com/site/petalbot)"
103.4.122.14 - - [02/Jan/2026:08:03:13 +0800] "POST /wp-cron.php?doing_wp_cron=1767312192.9594600200653076171875 HTTP/1.1" 200 - "-" "WordPress/6.9; https://dandenongdaynursery.com.au"
114.119.133.126 - - [02/Jan/2026:08:03:11 +0800] "GET /galaxy%20slot.aspx HTTP/1.1" 404 170266 "https://dandenongdaynursery.com.au/%E0%B8%97%E0%B8%94%E0%B8%A5%E0%B8%AD%E0%B8%87%E0%B9%80%E0%B8%A5%E0%B9%88%E0%B8%99%E0%B8%9A%E0%B8%B2%E0%B8%84%E0%B8%B2%E0%B8%A3%E0%B9%88%E0%B8%B2%E0%B9%80%E0%B8%8A%E0%B9%87%E0%B8%81%E0%B8%8A%E0%B8%B5%E0%B9%88.aspx" "Mozilla/5.0 (Linux; Android 7.0;) AppleWebKit/537.36 (KHTML, like Gecko) Mobile Safari/537.36 (compatible; PetalBot;+https://webmaster.petalsearch.com/site/petalbot)"
103.4.122.14 - - [02/Jan/2026:08:04:44 +0800] "POST /wp-cron.php?doing_wp_cron=1767312284.3643219470977783203125 HTTP/1.1" 200 - "-" "WordPress/6.9; https://dandenongdaynursery.com.au"
114.119.146.142 - - [02/Jan/2026:08:04:43 +0800] "GET /%E0%B9%80%E0%B8%A7%E0%B9%87%E0%B8%9A%E0%B8%AA%E0%B8%A5%E0%B9%87%E0%B8%AD%E0%B8%95%20pg%20%E0%B8%97%E0%B8%B1%E0%B9%89%E0%B8%87%E0%B8%AB%E0%B8%A1%E0%B8%94.aspx HTTP/1.1" 404 170266 "https://dandenongdaynursery.com.au/%E0%B8%AA%E0%B8%A5%E0%B9%87%E0%B8%AD%E0%B8%95%E0%B8%9D%E0%B8%B2%E0%B8%811%E0%B8%A3%E0%B8%B1%E0%B8%9A50.aspx" "Mozilla/5.0 (Linux; Android 7.0;) AppleWebKit/537.36 (KHTML, like Gecko) Mobile Safari/537.36 (compatible; PetalBot;+https://webmaster.petalsearch.com/site/petalbot)"
191.96.227.130 - - [02/Jan/2026:08:05:17 +0800] "GET / HTTP/1.1" 200 37517 "-" "Mozilla/5.0"
103.4.122.14 - - [02/Jan/2026:08:06:01 +0800] "POST /wp-cron.php?doing_wp_cron=1767312360.9867269992828369140625 HTTP/1.1" 200 - "-" "WordPress/6.9; https://dandenongdaynursery.com.au"
114.119.153.131 - - [02/Jan/2026:08:05:59 +0800] "GET /pg%20slot99.aspx HTTP/1.1" 404 170266 "https://dandenongdaynursery.com.au/%E0%B9%80%E0%B8%84%E0%B8%94%E0%B8%B4%E0%B8%95%E0%B8%9F%E0%B8%A3%E0%B8%B5%E0%B9%84%E0%B8%A1%E0%B9%88%E0%B8%95%E0%B9%89%E0%B8%AD%E0%B8%87%E0%B8%9D%E0%B8%B2%E0%B8%81%E0%B9%84%E0%B8%A1%E0%B9%88%E0%B8%95%E0%B9%89%E0%B8%AD%E0%B8%87%E0%B9%81%E0%B8%8A%E0%B8%A3%E0%B9%8C.aspx" "Mozilla/5.0 (Linux; Android 7.0;) AppleWebKit/537.36 (KHTML, like Gecko) Mobile Safari/537.36 (compatible; PetalBot;+https://webmaster.petalsearch.com/site/petalbot)"
103.4.122.14 - - [02/Jan/2026:08:09:22 +0800] "POST /wp-cron.php?doing_wp_cron=1767312561.8380539417266845703125 HTTP/1.1" 200 - "-" "WordPress/6.9; https://dandenongdaynursery.com.au"
114.119.144.65 - - [02/Jan/2026:08:09:20 +0800] "GET /rocket%20878%20%E0%B8%AA%E0%B8%A5%E0%B9%87%E0%B8%AD%E0%B8%95.aspx HTTP/1.1" 404 170266 "https://dandenongdaynursery.com.au/pg%20slot%20wallet.aspx" "Mozilla/5.0 (Linux; Android 7.0;) AppleWebKit/537.36 (KHTML, like Gecko) Mobile Safari/537.36 (compatible; PetalBot;+https://webmaster.petalsearch.com/site/petalbot)"
114.119.144.65 - - [02/Jan/2026:08:10:01 +0800] "GET /warpufa.aspx HTTP/1.1" 404 170266 "https://dandenongdaynursery.com.au/kingkong%20%E0%B8%AA%E0%B8%A5%E0%B9%87%E0%B8%AD%E0%B8%95.aspx" "Mozilla/5.0 (Linux; Android 7.0;) AppleWebKit/537.36 (KHTML, like Gecko) Mobile Safari/537.36 (compatible; PetalBot;+https://webmaster.petalsearch.com/site/petalbot)"
103.4.122.14 - - [02/Jan/2026:08:11:03 +0800] "POST /wp-cron.php?doing_wp_cron=1767312663.4314270019531250000000 HTTP/1.1" 200 - "-" "WordPress/6.9; https://dandenongdaynursery.com.au"
114.119.153.131 - - [02/Jan/2026:08:11:01 +0800] "GET /%E0%B9%80%E0%B8%A7%E0%B9%87%E0%B8%9A%20365bet.aspx HTTP/1.1" 404 170266 "https://dandenongdaynursery.com.au/%E0%B8%97%E0%B8%94%E0%B8%A5%E0%B8%AD%E0%B8%87pp.aspx" "Mozilla/5.0 (Linux; Android 7.0;) AppleWebKit/537.36 (KHTML, like Gecko) Mobile Safari/537.36 (compatible; PetalBot;+https://webmaster.petalsearch.com/site/petalbot)"
139.59.132.8 - - [02/Jan/2026:08:11:11 +0800] "GET / HTTP/1.1" 301 - "-" "-"
139.59.132.8 - - [02/Jan/2026:08:11:13 +0800] "GET / HTTP/1.1" 301 - "-" "Mozilla/5.0 (l9scan/2.0.4313e2232313e243e2330313; +https://leakix.net)"
139.59.132.8 - - [02/Jan/2026:08:11:15 +0800] "POST /graphql HTTP/1.1" 404 170330 "-" "Mozilla/5.0 (l9scan/2.0.4313e2232313e243e2330313; +https://leakix.net)"
139.59.132.8 - - [02/Jan/2026:08:11:17 +0800] "POST /api HTTP/1.1" 404 170330 "-" "Mozilla/5.0 (l9scan/2.0.4313e2232313e243e2330313; +https://leakix.net)"
139.59.132.8 - - [02/Jan/2026:08:11:19 +0800] "POST /api/graphql HTTP/1.1" 404 170330 "-" "Mozilla/5.0 (l9scan/2.0.4313e2232313e243e2330313; +https://leakix.net)"
139.59.132.8 - - [02/Jan/2026:08:11:21 +0800] "POST /graphql/api HTTP/1.1" 404 170330 "-" "Mozilla/5.0 (l9scan/2.0.4313e2232313e243e2330313; +https://leakix.net)"
139.59.132.8 - - [02/Jan/2026:08:11:23 +0800] "POST /api/gql HTTP/1.1" 404 170330 "-" "Mozilla/5.0 (l9scan/2.0.4313e2232313e243e2330313; +https://leakix.net)"
139.59.132.8 - - [02/Jan/2026:08:11:26 +0800] "GET /swagger-ui.html HTTP/1.1" 301 - "-" "Mozilla/5.0 (l9scan/2.0.4313e2232313e243e2330313; +https://leakix.net)"
139.59.132.8 - - [02/Jan/2026:08:11:28 +0800] "GET /swagger/index.html HTTP/1.1" 301 - "-" "Mozilla/5.0 (l9scan/2.0.4313e2232313e243e2330313; +https://leakix.net)"
139.59.132.8 - - [02/Jan/2026:08:11:29 +0800] "GET /swagger/swagger-ui.html HTTP/1.1" 301 - "-" "Mozilla/5.0 (l9scan/2.0.4313e2232313e243e2330313; +https://leakix.net)"
139.59.132.8 - - [02/Jan/2026:08:11:31 +0800] "GET /webjars/swagger-ui/index.html HTTP/1.1" 301 - "-" "Mozilla/5.0 (l9scan/2.0.4313e2232313e243e2330313; +https://leakix.net)"
139.59.132.8 - - [02/Jan/2026:08:11:33 +0800] "GET /swagger.json HTTP/1.1" 301 - "-" "Mozilla/5.0 (l9scan/2.0.4313e2232313e243e2330313; +https://leakix.net)"
139.59.132.8 - - [02/Jan/2026:08:11:34 +0800] "GET /swagger/v1/swagger.json HTTP/1.1" 301 - "-" "Mozilla/5.0 (l9scan/2.0.4313e2232313e243e2330313; +https://leakix.net)"
139.59.132.8 - - [02/Jan/2026:08:11:36 +0800] "GET /v2/api-docs HTTP/1.1" 301 - "-" "Mozilla/5.0 (l9scan/2.0.4313e2232313e243e2330313; +https://leakix.net)"
139.59.132.8 - - [02/Jan/2026:08:11:38 +0800] "GET /v3/api-docs HTTP/1.1" 301 - "-" "Mozilla/5.0 (l9scan/2.0.4313e2232313e243e2330313; +https://leakix.net)"
139.59.132.8 - - [02/Jan/2026:08:11:39 +0800] "GET /api-docs/swagger.json HTTP/1.1" 301 - "-" "Mozilla/5.0 (l9scan/2.0.4313e2232313e243e2330313; +https://leakix.net)"
139.59.132.8 - - [02/Jan/2026:08:11:41 +0800] "GET /api/swagger.json HTTP/1.1" 301 - "-" "Mozilla/5.0 (l9scan/2.0.4313e2232313e243e2330313; +https://leakix.net)"
139.59.132.8 - - [02/Jan/2026:08:11:43 +0800] "GET /@vite/env HTTP/1.1" 301 - "-" "Mozilla/5.0 (l9scan/2.0.4313e2232313e243e2330313; +https://leakix.net)"
139.59.132.8 - - [02/Jan/2026:08:11:45 +0800] "GET /actuator/env HTTP/1.1" 301 - "-" "Mozilla/5.0 (l9scan/2.0.4313e2232313e243e2330313; +https://leakix.net)"
139.59.132.8 - - [02/Jan/2026:08:11:46 +0800] "POST /php-cgi/php-cgi.exe?%ADd+cgi.force_redirect%3D0+%ADd+disable_functions%3D\"\"+%ADd+allow_url_include%3D1+%ADd+auto_prepend_file%3Dphp://input HTTP/1.1" 403 199 "-" "Mozilla/5.0 (l9scan/2.0.4313e2232313e243e2330313; +https://leakix.net)"
139.59.132.8 - - [02/Jan/2026:08:11:47 +0800] "GET /server HTTP/1.1" 301 - "-" "Mozilla/5.0 (l9scan/2.0.4313e2232313e243e2330313; +https://leakix.net)"
139.59.132.8 - - [02/Jan/2026:08:11:49 +0800] "GET /.vscode/sftp.json HTTP/1.1" 301 - "-" "Mozilla/5.0 (l9scan/2.0.4313e2232313e243e2330313; +https://leakix.net)"
139.59.132.8 - - [02/Jan/2026:08:11:51 +0800] "GET /about HTTP/1.1" 301 - "-" "Mozilla/5.0 (l9scan/2.0.4313e2232313e243e2330313; +https://leakix.net)"
139.59.132.8 - - [02/Jan/2026:08:11:53 +0800] "GET /debug/default/view?panel=config HTTP/1.1" 301 - "-" "Mozilla/5.0 (l9scan/2.0.4313e2232313e243e2330313; +https://leakix.net)"
139.59.132.8 - - [02/Jan/2026:08:11:55 +0800] "GET /v2/_catalog HTTP/1.1" 301 - "-" "Mozilla/5.0 (l9scan/2.0.4313e2232313e243e2330313; +https://leakix.net)"
139.59.132.8 - - [02/Jan/2026:08:11:56 +0800] "GET /ecp/Current/exporttool/microsoft.exchange.ediscovery.exporttool.application HTTP/1.1" 301 - "-" "Mozilla/5.0 (l9scan/2.0.4313e2232313e243e2330313; +https://leakix.net)"
139.59.132.8 - - [02/Jan/2026:08:11:58 +0800] "GET /server-status HTTP/1.1" 403 199 "-" "Mozilla/5.0 (l9scan/2.0.4313e2232313e243e2330313; +https://leakix.net)"
139.59.132.8 - - [02/Jan/2026:08:11:59 +0800] "GET /login.action HTTP/1.1" 301 - "-" "Mozilla/5.0 (l9scan/2.0.4313e2232313e243e2330313; +https://leakix.net)"
139.59.132.8 - - [02/Jan/2026:08:12:01 +0800] "GET /_all_dbs HTTP/1.1" 301 - "-" "Mozilla/5.0 (l9scan/2.0.4313e2232313e243e2330313; +https://leakix.net)"
103.4.122.14 - - [02/Jan/2026:08:12:03 +0800] "POST /wp-cron.php?doing_wp_cron=1767312723.9296219348907470703125 HTTP/1.1" 200 - "-" "WordPress/6.9; https://dandenongdaynursery.com.au"
139.59.132.8 - - [02/Jan/2026:08:12:03 +0800] "GET /.DS_Store HTTP/1.1" 301 - "-" "Mozilla/5.0 (l9scan/2.0.4313e2232313e243e2330313; +https://leakix.net)"
139.59.132.8 - - [02/Jan/2026:08:12:04 +0800] "GET /.env HTTP/1.1" 403 199 "-" "Mozilla/5.0 (l9scan/2.0.4313e2232313e243e2330313; +https://leakix.net)"
139.59.132.8 - - [02/Jan/2026:08:12:06 +0800] "GET /.git/config HTTP/1.1" 403 199 "-" "Mozilla/5.0 (l9scan/2.0.4313e2232313e243e2330313; +https://leakix.net)"
139.59.132.8 - - [02/Jan/2026:08:12:07 +0800] "GET /s/4313e2232313e243e2330313/_/;/META-INF/maven/com.atlassian.jira/jira-webapp-dist/pom.properties HTTP/1.1" 301 - "-" "Mozilla/5.0 (l9scan/2.0.4313e2232313e243e2330313; +https://leakix.net)"
139.59.132.8 - - [02/Jan/2026:08:12:09 +0800] "GET /config.json HTTP/1.1" 301 - "-" "Mozilla/5.0 (l9scan/2.0.4313e2232313e243e2330313; +https://leakix.net)"
139.59.132.8 - - [02/Jan/2026:08:12:11 +0800] "GET /telescope/requests HTTP/1.1" 301 - "-" "Mozilla/5.0 (l9scan/2.0.4313e2232313e243e2330313; +https://leakix.net)"
139.59.132.8 - - [02/Jan/2026:08:12:12 +0800] "GET /info.php HTTP/1.1" 301 - "-" "Mozilla/5.0 (l9scan/2.0.4313e2232313e243e2330313; +https://leakix.net)"
139.59.132.8 - - [02/Jan/2026:08:12:14 +0800] "GET /?rest_route=/wp/v2/users/ HTTP/1.1" 200 904 "-" "Mozilla/5.0 (l9scan/2.0.4313e2232313e243e2330313; +https://leakix.net)"
114.119.146.142 - - [02/Jan/2026:08:12:12 +0800] "GET /%E0%B9%80%E0%B8%8A%E0%B9%87%E0%B8%81%E0%B8%8A%E0%B8%B5%E0%B9%88%E0%B8%9A%E0%B8%B2%E0%B8%84%E0%B8%B2%E0%B8%A3%E0%B9%88%E0%B8%B21688.aspx HTTP/1.1" 404 170266 "https://dandenongdaynursery.com.au/%E0%B9%80%E0%B8%A7%E0%B9%87%E0%B8%9A%E0%B8%97%E0%B8%94%E0%B8%A5%E0%B8%AD%E0%B8%87%E0%B8%AA%E0%B8%A5%E0%B9%87%E0%B8%AD%E0%B8%95.aspx" "Mozilla/5.0 (Linux; Android 7.0;) AppleWebKit/537.36 (KHTML, like Gecko) Mobile Safari/537.36 (compatible; PetalBot;+https://webmaster.petalsearch.com/site/petalbot)"
103.4.122.14 - - [02/Jan/2026:08:13:34 +0800] "POST /wp-cron.php?doing_wp_cron=1767312814.0659360885620117187500 HTTP/1.1" 200 - "-" "WordPress/6.9; https://dandenongdaynursery.com.au"
114.119.133.253 - - [02/Jan/2026:08:13:32 +0800] "GET /188bet%20%E0%B8%A1%E0%B8%B7%E0%B8%AD%20%E0%B8%96%E0%B8%B7%E0%B8%AD.aspx HTTP/1.1" 404 170266 "https://dandenongdaynursery.com.au/sbobet%20%E0%B8%A1%E0%B8%B7%E0%B8%AD%E0%B8%96%E0%B8%B7%E0%B8%AD.aspx" "Mozilla/5.0 (Linux; Android 7.0;) AppleWebKit/537.36 (KHTML, like Gecko) Mobile Safari/537.36 (compatible; PetalBot;+https://webmaster.petalsearch.com/site/petalbot)"
107.174.142.109 - - [02/Jan/2026:08:14:14 +0800] "GET / HTTP/1.1" 301 - "-" "Mozilla/5.0 (Windows NT 10.0; Win64; x64) AppleWebKit/537.36 (KHTML, like Gecko) Chrome/93.0.4577.63 Safari/537.36"
107.174.142.109 - - [02/Jan/2026:08:14:16 +0800] "GET / HTTP/1.1" 200 37518 "-" "Mozilla/5.0 (Windows NT 10.0; Win64; x64) AppleWebKit/537.36 (KHTML, like Gecko) Chrome/93.0.4577.63 Safari/537.36"
107.174.142.109 - - [02/Jan/2026:08:14:18 +0800] "GET / HTTP/1.1" 200 37519 "-" "Mozilla/5.0 (Windows NT 10.0; Win64; x64) AppleWebKit/537.36 (KHTML, like Gecko) Chrome/93.0.4577.63 Safari/537.36"
107.174.142.109 - - [02/Jan/2026:08:14:20 +0800] "GET //contact HTTP/1.1" 301 - "-" "Mozilla/5.0 (Windows NT 10.0; Win64; x64) AppleWebKit/537.36 (KHTML, like Gecko) Chrome/93.0.4577.63 Safari/537.36"
107.174.142.109 - - [02/Jan/2026:08:14:21 +0800] "GET /contact/ HTTP/1.1" 200 29043 "-" "Mozilla/5.0 (Windows NT 10.0; Win64; x64) AppleWebKit/537.36 (KHTML, like Gecko) Chrome/93.0.4577.63 Safari/537.36"
103.4.122.14 - - [02/Jan/2026:08:14:52 +0800] "POST /wp-cron.php?doing_wp_cron=1767312892.1936080455780029296875 HTTP/1.1" 200 - "-" "WordPress/6.9; https://dandenongdaynursery.com.au"
114.119.153.131 - - [02/Jan/2026:08:14:50 +0800] "GET /%E0%B9%82%E0%B8%9B%E0%B8%A3%E0%B8%AA%E0%B8%A5%E0%B9%87%E0%B8%AD%E0%B8%95.aspx HTTP/1.1" 404 170266 "https://dandenongdaynursery.com.au/pg%E0%B8%AA%E0%B8%A5%E0%B9%87%E0%B8%AD%E0%B8%95.aspx" "Mozilla/5.0 (Linux; Android 7.0;) AppleWebKit/537.36 (KHTML, like Gecko) Mobile Safari/537.36 (compatible; PetalBot;+https://webmaster.petalsearch.com/site/petalbot)"
103.4.122.14 - - [02/Jan/2026:08:16:05 +0800] "POST /wp-cron.php?doing_wp_cron=1767312965.2058629989624023437500 HTTP/1.1" 200 - "-" "WordPress/6.9; https://dandenongdaynursery.com.au"
114.119.148.103 - - [02/Jan/2026:08:16:03 +0800] "GET /woloplay%20%E0%B8%AA%E0%B8%A5%E0%B9%87%E0%B8%AD%E0%B8%95.aspx HTTP/1.1" 404 170266 "https://dandenongdaynursery.com.au/%E0%B9%80%E0%B8%81%E0%B8%A1%E0%B8%AA%E0%B8%A5%E0%B9%87%E0%B8%AD%E0%B8%95%20k9win.aspx" "Mozilla/5.0 (Linux; Android 7.0;) AppleWebKit/537.36 (KHTML, like Gecko) Mobile Safari/537.36 (compatible; PetalBot;+https://webmaster.petalsearch.com/site/petalbot)"
103.4.122.14 - - [02/Jan/2026:08:17:05 +0800] "POST /wp-cron.php?doing_wp_cron=1767313025.5061340332031250000000 HTTP/1.1" 200 - "-" "WordPress/6.9; https://dandenongdaynursery.com.au"
51.222.95.84 - - [02/Jan/2026:08:17:04 +0800] "GET /child-safe-statement-of-commitment/ HTTP/1.1" 200 32613 "-" "Mozilla/5.0 (compatible; AhrefsBot/7.0; +http://ahrefs.com/robot/)"
114.119.131.136 - - [02/Jan/2026:08:17:26 +0800] "GET /autobet.aspx HTTP/1.1" 404 170266 "https://dandenongdaynursery.com.au/%E0%B9%80%E0%B8%84%E0%B8%A3%E0%B8%94%E0%B8%B4%E0%B8%95%E0%B8%9F%E0%B8%A3%E0%B8%B5%202020%20%E0%B9%84%E0%B8%A1%E0%B9%88%E0%B8%95%E0%B9%89%E0%B8%AD%E0%B8%87%E0%B8%9D%E0%B8%B2%E0%B8%81.aspx" "Mozilla/5.0 (Linux; Android 7.0;) AppleWebKit/537.36 (KHTML, like Gecko) Mobile Safari/537.36 (compatible; PetalBot;+https://webmaster.petalsearch.com/site/petalbot)"
103.4.122.14 - - [02/Jan/2026:08:18:32 +0800] "POST /wp-cron.php?doing_wp_cron=1767313112.6887490749359130859375 HTTP/1.1" 200 - "-" "WordPress/6.9; https://dandenongdaynursery.com.au"
114.119.131.136 - - [02/Jan/2026:08:18:49 +0800] "GET /%E0%B9%80%E0%B8%84%E0%B8%A3%E0%B8%94%E0%B8%B4%E0%B8%95%E0%B8%9F%E0%B8%A3%E0%B8%B5%E0%B8%A2%E0%B8%B7%E0%B8%99%E0%B8%A2%E0%B8%B1%E0%B8%99%E0%B9%80%E0%B8%9A%E0%B8%AD%E0%B8%A3%E0%B9%8C.aspx HTTP/1.1" 404 170266 "https://dandenongdaynursery.com.au/ufabet168.aspx" "Mozilla/5.0 (Linux; Android 7.0;) AppleWebKit/537.36 (KHTML, like Gecko) Mobile Safari/537.36 (compatible; PetalBot;+https://webmaster.petalsearch.com/site/petalbot)"
103.4.122.14 - - [02/Jan/2026:08:19:46 +0800] "POST /wp-cron.php?doing_wp_cron=1767313186.7765359878540039062500 HTTP/1.1" 200 - "-" "WordPress/6.9; https://dandenongdaynursery.com.au"
200.196.36.167 - - [02/Jan/2026:08:19:45 +0800] "GET /pike-room/ HTTP/1.1" 200 34090 "-" "Mozilla/5.0 (Windows; U; Windows NT 6.1; es-ES; rv:1.9.2.3) Gecko/20100401 Firefox/3.6.3 GTB7.0 ( .NET CLR 3.5.30729)"
114.119.133.126 - - [02/Jan/2026:08:20:14 +0800] "GET /%E0%B8%AA%E0%B8%A5%E0%B9%87%E0%B8%AD%E0%B8%95%E0%B9%80%E0%B8%A7%E0%B9%87%E0%B8%9A%E0%B8%95%E0%B8%A3%E0%B8%87%20168.aspx HTTP/1.1" 404 170266 "https://dandenongdaynursery.com.au/slot%20%E0%B9%80%E0%B8%A7%E0%B9%87%E0%B8%9A%E0%B8%95%E0%B8%A3%E0%B8%87.aspx" "Mozilla/5.0 (Linux; Android 7.0;) AppleWebKit/537.36 (KHTML, like Gecko) Mobile Safari/537.36 (compatible; PetalBot;+https://webmaster.petalsearch.com/site/petalbot)"
54.39.0.3 - - [02/Jan/2026:08:20:56 +0800] "GET /wp-content/uploads/elementor/css/post-830.css?ver=1767258848 HTTP/1.1" 200 2070 "-" "Mozilla/5.0 (compatible; AhrefsBot/7.0; +http://ahrefs.com/robot/)"
103.4.122.14 - - [02/Jan/2026:08:21:39 +0800] "POST /wp-cron.php?doing_wp_cron=1767313299.0387229919433593750000 HTTP/1.1" 200 - "-" "WordPress/6.9; https://dandenongdaynursery.com.au"
114.119.153.131 - - [02/Jan/2026:08:21:37 +0800] "GET /%E0%B8%AA%E0%B8%A5%E0%B9%87%E0%B8%AD%E0%B8%95%E0%B8%9D%E0%B8%B2%E0%B8%81%E0%B8%96%E0%B8%AD%E0%B8%99%E0%B9%84%E0%B8%A1%E0%B9%88%E0%B8%A1%E0%B8%B5%E0%B8%82%E0%B8%B1%E0%B9%89%E0%B8%99%E0%B8%95%E0%B9%88%E0%B9%8D%E0%B8%B2.aspx HTTP/1.1" 404 170266 "https://dandenongdaynursery.com.au/pp%20slot.aspx" "Mozilla/5.0 (Linux; Android 7.0;) AppleWebKit/537.36 (KHTML, like Gecko) Mobile Safari/537.36 (compatible; PetalBot;+https://webmaster.petalsearch.com/site/petalbot)"
103.4.122.14 - - [02/Jan/2026:08:23:02 +0800] "POST /wp-cron.php?doing_wp_cron=1767313382.5424470901489257812500 HTTP/1.1" 200 - "-" "WordPress/6.9; https://dandenongdaynursery.com.au"
114.119.153.131 - - [02/Jan/2026:08:23:01 +0800] "GET /%E0%B8%AA%E0%B8%A5%E0%B9%87%E0%B8%AD%E0%B8%95%E0%B8%9D%E0%B8%B2%E0%B8%81%E0%B8%96%E0%B8%AD%E0%B8%99%20true%20wallet.aspx HTTP/1.1" 404 170266 "https://dandenongdaynursery.com.au/category/uncategorized/" "Mozilla/5.0 (Linux; Android 7.0;) AppleWebKit/537.36 (KHTML, like Gecko) Mobile Safari/537.36 (compatible; PetalBot;+https://webmaster.petalsearch.com/site/petalbot)"
103.4.122.14 - - [02/Jan/2026:08:24:25 +0800] "POST /wp-cron.php?doing_wp_cron=1767313465.2292449474334716796875 HTTP/1.1" 200 - "-" "WordPress/6.9; https://dandenongdaynursery.com.au"
114.119.141.116 - - [02/Jan/2026:08:24:23 +0800] "GET /%E0%B8%AA%E0%B8%A5%E0%B9%87%E0%B8%AD%E0%B8%95%E0%B8%97%E0%B8%A3%E0%B8%B9%E0%B8%A7%E0%B8%AD%E0%B9%80%E0%B8%A5%E0%B8%97.aspx HTTP/1.1" 404 170266 "https://dandenongdaynursery.com.au/ufa365%20%E0%B8%97%E0%B8%B2%E0%B8%87%E0%B9%80%E0%B8%82%E0%B9%89%E0%B8%B2.aspx" "Mozilla/5.0 (Linux; Android 7.0;) AppleWebKit/537.36 (KHTML, like Gecko) Mobile Safari/537.36 (compatible; PetalBot;+https://webmaster.petalsearch.com/site/petalbot)"
103.4.122.14 - - [02/Jan/2026:08:25:49 +0800] "POST /wp-cron.php?doing_wp_cron=1767313549.2134709358215332031250 HTTP/1.1" 200 - "-" "WordPress/6.9; https://dandenongdaynursery.com.au"
114.119.148.103 - - [02/Jan/2026:08:25:47 +0800] "GET /%E0%B8%AA%E0%B8%A5%E0%B9%87%E0%B8%AD%E0%B8%95%20pg%20%E0%B9%80%E0%B8%A7%E0%B9%87%E0%B8%9A%E0%B8%95%E0%B8%A3%E0%B8%87%20%E0%B9%81%E0%B8%95%E0%B8%81%E0%B8%AB%E0%B8%99%E0%B8%B1%E0%B8%81.aspx HTTP/1.1" 404 170266 "https://dandenongdaynursery.com.au/%E0%B8%97%E0%B8%94%E0%B8%A5%E0%B8%AD%E0%B8%87%E0%B9%80%E0%B8%A5%E0%B9%88%E0%B8%99%E0%B8%9A%E0%B8%B2%E0%B8%84%E0%B8%B2%E0%B8%A3%E0%B9%88%E0%B8%B2.aspx" "Mozilla/5.0 (Linux; Android 7.0;) AppleWebKit/537.36 (KHTML, like Gecko) Mobile Safari/537.36 (compatible; PetalBot;+https://webmaster.petalsearch.com/site/petalbot)"
157.55.39.57 - - [02/Jan/2026:08:26:53 +0800] "GET /wp-content/uploads/2023/03/17-1536x1152.jpg HTTP/1.1" 200 313486 "-" "Mozilla/5.0 AppleWebKit/537.36 (KHTML, like Gecko; compatible; bingbot/2.0; +http://www.bing.com/bingbot.htm) Chrome/116.0.1938.76 Safari/537.36"
103.4.122.14 - - [02/Jan/2026:08:27:15 +0800] "POST /wp-cron.php?doing_wp_cron=1767313635.7696518898010253906250 HTTP/1.1" 200 - "-" "WordPress/6.9; https://dandenongdaynursery.com.au"
114.119.146.142 - - [02/Jan/2026:08:27:14 +0800] "GET /%E0%B8%AA%E0%B8%A5%E0%B9%87%E0%B8%AD%E0%B8%95%20%E0%B9%81%E0%B8%88%E0%B8%81%E0%B8%97%E0%B8%B8%E0%B8%99%E0%B8%9F%E0%B8%A3%E0%B8%B5%20%E0%B9%84%E0%B8%A1%E0%B9%88%E0%B8%A1%E0%B8%B5%20%E0%B9%80%E0%B8%87%E0%B8%B7%E0%B9%88%E0%B8%AD%E0%B8%99%E0%B9%84%E0%B8%82.aspx HTTP/1.1" 404 170266 "https://dandenongdaynursery.com.au/oker%20%E0%B9%81%E0%B8%88%E0%B8%81%E0%B9%80%E0%B8%84%E0%B8%A3%E0%B8%94%E0%B8%B4%E0%B8%95%E0%B8%9F%E0%B8%A3%E0%B8%B5%E0%B9%84%E0%B8%A1%E0%B9%88%E0%B8%95%E0%B9%89%E0%B8%AD%E0%B8%87%E0%B8%9D%E0%B8%B2%E0%B8%81%20%E0%B9%84%E0%B8%A1%E0%B9%88%E0%B8%95%E0%B9%89%E0%B8%AD%E0%B8%87%E0%B9%81%E0%B8%8A%E0%B8%A3%E0%B9%8C.aspx" "Mozilla/5.0 (Linux; Android 7.0;) AppleWebKit/537.36 (KHTML, like Gecko) Mobile Safari/537.36 (compatible; PetalBot;+https://webmaster.petalsearch.com/site/petalbot)"
103.4.122.14 - - [02/Jan/2026:08:28:39 +0800] "POST /wp-cron.php?doing_wp_cron=1767313719.8050229549407958984375 HTTP/1.1" 200 - "-" "WordPress/6.9; https://dandenongdaynursery.com.au"
114.119.148.103 - - [02/Jan/2026:08:28:38 +0800] "GET /%E0%B8%AA%E0%B8%A5%E0%B9%87%E0%B8%AD%E0%B8%95%20%E0%B9%80%E0%B8%84%E0%B8%A3%E0%B8%94%E0%B8%B4%E0%B8%95%E0%B8%9F%E0%B8%A3%E0%B8%B5%20100%20%E0%B9%84%E0%B8%A1%E0%B9%88%E0%B8%95%E0%B9%89%E0%B8%AD%E0%B8%87%E0%B8%9D%E0%B8%B2%E0%B8%81%20%E0%B9%84%E0%B8%A1%E0%B9%88%E0%B8%95%E0%B9%89%E0%B8%AD%E0%B8%87%E0%B9%81%E0%B8%8A%E0%B8%A3%E0%B9%8C%202020.aspx HTTP/1.1" 404 170266 "https://dandenongdaynursery.com.au/%E0%B9%82%E0%B8%84%E0%B9%89%E0%B8%94%E0%B9%80%E0%B8%84%E0%B8%A3%E0%B8%94%E0%B8%B4%E0%B8%95%E0%B8%9F%E0%B8%A3%E0%B8%B5%2050%20%E0%B8%A5%E0%B9%88%E0%B8%B2%E0%B8%AA%E0%B8%B8%E0%B8%94%20%E0%B8%A7%E0%B8%B1%E0%B8%99%E0%B8%99%E0%B8%B5%E0%B9%89.aspx" "Mozilla/5.0 (Linux; Android 7.0;) AppleWebKit/537.36 (KHTML, like Gecko) Mobile Safari/537.36 (compatible; PetalBot;+https://webmaster.petalsearch.com/site/petalbot)"
103.4.122.14 - - [02/Jan/2026:08:30:02 +0800] "POST /wp-cron.php?doing_wp_cron=1767313801.9898140430450439453125 HTTP/1.1" 200 - "-" "WordPress/6.9; https://dandenongdaynursery.com.au"
114.119.148.103 - - [02/Jan/2026:08:30:00 +0800] "GET /%E0%B8%9D%E0%B8%B2%E0%B8%81%2010%20%E0%B8%A3%E0%B8%B1%E0%B8%9A100%20%E0%B8%97%E0%B9%8D%E0%B8%B2%20%E0%B8%A2%E0%B8%AD%E0%B8%94%20300%20%E0%B8%96%E0%B8%AD%E0%B8%99%E0%B9%84%E0%B8%94%E0%B9%89%20100.aspx HTTP/1.1" 404 170266 "https://dandenongdaynursery.com.au/%E0%B9%80%E0%B8%A7%E0%B9%87%E0%B8%9B%E0%B8%AA%E0%B8%A5%E0%B9%87%E0%B8%AD%E0%B8%95.aspx" "Mozilla/5.0 (Linux; Android 7.0;) AppleWebKit/537.36 (KHTML, like Gecko) Mobile Safari/537.36 (compatible; PetalBot;+https://webmaster.petalsearch.com/site/petalbot)"
5.188.87.40 - - [02/Jan/2026:08:31:06 +0800] "GET /wp-content/plugins/wc-designer-pro/assets/css/wcdp-design.min.css HTTP/1.1" 500 2431 "-" "Mozilla/5.0 (Windows NT 10.0; Win64; x64) AppleWebKit/537.36"
103.4.122.14 - - [02/Jan/2026:08:31:26 +0800] "POST /wp-cron.php?doing_wp_cron=1767313886.2089729309082031250000 HTTP/1.1" 200 - "-" "WordPress/6.9; https://dandenongdaynursery.com.au"
114.119.133.253 - - [02/Jan/2026:08:31:24 +0800] "GET /%E0%B8%AA%E0%B8%A5%E0%B9%87%E0%B8%AD%E0%B8%95%20%E0%B8%9D%E0%B8%B2%E0%B8%81%2010%20%E0%B8%A3%E0%B8%B1%E0%B8%9A%20100%20%E0%B8%97%E0%B8%B3%E0%B8%A2%E0%B8%AD%E0%B8%94%20200.aspx HTTP/1.1" 404 170266 "https://dandenongdaynursery.com.au/%E0%B8%9B%E0%B8%B1%E0%B9%88%E0%B8%99%E0%B8%AA%E0%B8%A5%E0%B9%87%E0%B8%AD%E0%B8%95%20%E0%B9%80%E0%B8%A7%E0%B9%87%E0%B8%9A%E0%B9%84%E0%B8%AB%E0%B8%99%E0%B8%94%E0%B8%B5.aspx" "Mozilla/5.0 (Linux; Android 7.0;) AppleWebKit/537.36 (KHTML, like Gecko) Mobile Safari/537.36 (compatible; PetalBot;+https://webmaster.petalsearch.com/site/petalbot)"
103.4.122.14 - - [02/Jan/2026:08:32:48 +0800] "POST /wp-cron.php?doing_wp_cron=1767313968.4592759609222412109375 HTTP/1.1" 200 - "-" "WordPress/6.9; https://dandenongdaynursery.com.au"
114.119.133.253 - - [02/Jan/2026:08:32:47 +0800] "GET /%E0%B8%97%E0%B8%B2%E0%B8%87%E0%B9%80%E0%B8%82%E0%B9%89%E0%B8%B2ufabet.aspx HTTP/1.1" 404 170266 "https://dandenongdaynursery.com.au/ufabet%20wallet.aspx" "Mozilla/5.0 (Linux; Android 7.0;) AppleWebKit/537.36 (KHTML, like Gecko) Mobile Safari/537.36 (compatible; PetalBot;+https://webmaster.petalsearch.com/site/petalbot)"
103.4.122.14 - - [02/Jan/2026:08:34:10 +0800] "POST /wp-cron.php?doing_wp_cron=1767314050.1752560138702392578125 HTTP/1.1" 200 - "-" "WordPress/6.9; https://dandenongdaynursery.com.au"
114.119.148.103 - - [02/Jan/2026:08:34:08 +0800] "GET /%E0%B8%97%E0%B8%B2%E0%B8%87%E0%B9%80%E0%B8%82%E0%B9%89%E0%B8%B2%E0%B8%AA%E0%B8%A5%E0%B9%87%E0%B8%AD%E0%B8%95%20xo.aspx HTTP/1.1" 404 170266 "https://dandenongdaynursery.com.au/888%20slot.aspx" "Mozilla/5.0 (Linux; Android 7.0;) AppleWebKit/537.36 (KHTML, like Gecko) Mobile Safari/537.36 (compatible; PetalBot;+https://webmaster.petalsearch.com/site/petalbot)"
103.4.122.14 - - [02/Jan/2026:08:35:34 +0800] "POST /wp-cron.php?doing_wp_cron=1767314134.5137889385223388671875 HTTP/1.1" 200 - "-" "WordPress/6.9; https://dandenongdaynursery.com.au"
114.119.153.131 - - [02/Jan/2026:08:35:33 +0800] "GET /puss888%20%E0%B9%80%E0%B8%82%E0%B9%89%E0%B8%B2%E0%B8%AA%E0%B8%B9%E0%B9%88%E0%B8%A3%E0%B8%B0%E0%B8%9A%E0%B8%9A.aspx HTTP/1.1" 404 170266 "https://dandenongdaynursery.com.au/%E0%B9%80%E0%B8%84%E0%B8%A3%E0%B8%94%E0%B8%B4%E0%B8%95%E0%B8%9F%E0%B8%A3%E0%B8%B5%20%E0%B9%84%E0%B8%A1%E0%B9%88%E0%B8%95%E0%B9%89%E0%B8%AD%E0%B8%87%E0%B8%9D%E0%B8%B2%E0%B8%81%20%E0%B9%84%E0%B8%A1%E0%B9%88%E0%B8%95%E0%B9%89%E0%B8%AD%E0%B8%87%E0%B9%81%E0%B8%8A%E0%B8%A3%E0%B9%8C%202022%20%E0%B8%81%E0%B8%94%E0%B8%A3%E0%B8%B1%E0%B8%9A%E0%B9%80%E0%B8%AD%E0%B8%87.aspx" "Mozilla/5.0 (Linux; Android 7.0;) AppleWebKit/537.36 (KHTML, like Gecko) Mobile Safari/537.36 (compatible; PetalBot;+https://webmaster.petalsearch.com/site/petalbot)"
103.4.122.14 - - [02/Jan/2026:08:36:58 +0800] "POST /wp-cron.php?doing_wp_cron=1767314218.7159869670867919921875 HTTP/1.1" 200 - "-" "WordPress/6.9; https://dandenongdaynursery.com.au"
114.119.153.131 - - [02/Jan/2026:08:36:57 +0800] "GET /slot24th%20%E0%B8%97%E0%B8%B2%E0%B8%87%E0%B9%80%E0%B8%82%E0%B9%89%E0%B8%B2.aspx HTTP/1.1" 404 170266 "https://dandenongdaynursery.com.au/%E0%B8%AA%E0%B8%A5%E0%B9%87%E0%B8%AD%E0%B8%95%E0%B8%9F%E0%B8%A3%E0%B8%B5.aspx" "Mozilla/5.0 (Linux; Android 7.0;) AppleWebKit/537.36 (KHTML, like Gecko) Mobile Safari/537.36 (compatible; PetalBot;+https://webmaster.petalsearch.com/site/petalbot)"
52.167.144.157 - - [02/Jan/2026:08:37:37 +0800] "GET /wp-content/uploads/2023/03/Staff-300x225.jpg HTTP/1.1" 200 14871 "-" "Mozilla/5.0 AppleWebKit/537.36 (KHTML, like Gecko; compatible; bingbot/2.0; +http://www.bing.com/bingbot.htm) Chrome/116.0.1938.76 Safari/537.36"
74.225.223.120 - - [02/Jan/2026:08:37:54 +0800] "GET / HTTP/1.1" 301 - "-" "Mozilla/5.0 (Windows NT 6.1; Win64; x64; rv:109.0) Gecko/20100101 Firefox/113.0"
103.4.122.14 - - [02/Jan/2026:08:38:21 +0800] "POST /wp-cron.php?doing_wp_cron=1767314301.1588740348815917968750 HTTP/1.1" 200 - "-" "WordPress/6.9; https://dandenongdaynursery.com.au"
114.119.146.142 - - [02/Jan/2026:08:38:19 +0800] "GET /%E0%B9%80%E0%B8%A7%E0%B9%87%E0%B8%9A%E0%B8%9A%E0%B8%B2%E0%B8%84%E0%B8%B2%E0%B8%A3%E0%B9%88%E0%B8%B2%20%E0%B8%AD%E0%B8%B1%E0%B8%99%E0%B8%94%E0%B8%B1%E0%B8%9A1.aspx HTTP/1.1" 404 170266 "https://dandenongdaynursery.com.au/1xbet%20%E0%B9%84%E0%B8%97%E0%B8%A2.aspx" "Mozilla/5.0 (Linux; Android 7.0;) AppleWebKit/537.36 (KHTML, like Gecko) Mobile Safari/537.36 (compatible; PetalBot;+https://webmaster.petalsearch.com/site/petalbot)"
103.4.122.14 - - [02/Jan/2026:08:39:46 +0800] "POST /wp-cron.php?doing_wp_cron=1767314386.7999060153961181640625 HTTP/1.1" 200 - "-" "WordPress/6.9; https://dandenongdaynursery.com.au"
114.119.133.253 - - [02/Jan/2026:08:39:45 +0800] "GET /%E0%B8%AA%E0%B8%A5%E0%B9%87%E0%B8%AD%E0%B8%95%20pg%20%E0%B9%80%E0%B8%A7%E0%B9%87%E0%B8%9A%E0%B8%95%E0%B8%A3%E0%B8%87%20%E0%B9%84%E0%B8%A1%E0%B9%88%E0%B8%9C%E0%B9%88%E0%B8%B2%E0%B8%99%E0%B9%80%E0%B8%AD%E0%B9%80%E0%B8%A2%E0%B9%88%E0%B8%99%E0%B8%95%E0%B9%8C%E0%B8%9D%E0%B8%B2%E0%B8%81%E0%B8%96%E0%B8%AD%E0%B8%99%E0%B9%84%E0%B8%A1%E0%B9%88%E0%B8%A1%E0%B8%B5%E0%B8%82%E0%B8%B1%E0%B9%89%E0%B8%99%E0%B8%95%E0%B9%88%E0%B9%8D%E0%B8%B2.aspx HTTP/1.1" 404 170266 "https://dandenongdaynursery.com.au/ufabet%20%E0%B9%80%E0%B8%82%E0%B9%89%E0%B8%B2%E0%B8%AA%E0%B8%B9%E0%B9%88%E0%B8%A3%E0%B8%B0%E0%B8%9A%E0%B8%9A365.aspx" "Mozilla/5.0 (Linux; Android 7.0;) AppleWebKit/537.36 (KHTML, like Gecko) Mobile Safari/537.36 (compatible; PetalBot;+https://webmaster.petalsearch.com/site/petalbot)"
103.4.122.14 - - [02/Jan/2026:08:41:07 +0800] "POST /wp-cron.php?doing_wp_cron=1767314467.7454481124877929687500 HTTP/1.1" 200 - "-" "WordPress/6.9; https://dandenongdaynursery.com.au"
114.119.133.253 - - [02/Jan/2026:08:41:06 +0800] "GET /cat888%20%E0%B8%AB%E0%B8%A7%E0%B8%A2%E0%B9%80%E0%B8%82%E0%B9%89%E0%B8%B2%E0%B8%AA%E0%B8%B9%E0%B9%88%E0%B8%A3%E0%B8%B0%E0%B8%9A%E0%B8%9A.aspx HTTP/1.1" 404 170266 "https://dandenongdaynursery.com.au/%E0%B9%80%E0%B8%A7%E0%B9%87%E0%B8%9A%E0%B8%9A%E0%B8%B2%E0%B8%84%E0%B8%B2%E0%B8%A3%E0%B9%88%E0%B8%B2%E0%B8%97%E0%B8%B5%E0%B9%88%E0%B8%84%E0%B8%99%E0%B9%80%E0%B8%A5%E0%B9%88%E0%B8%99%E0%B9%80%E0%B8%A2%E0%B8%AD%E0%B8%B0%E0%B8%97%E0%B8%B5%E0%B9%88%E0%B8%AA%E0%B8%B8%E0%B8%94.aspx" "Mozilla/5.0 (Linux; Android 7.0;) AppleWebKit/537.36 (KHTML, like Gecko) Mobile Safari/537.36 (compatible; PetalBot;+https://webmaster.petalsearch.com/site/petalbot)"
167.99.240.84 - - [02/Jan/2026:08:41:12 +0800] "POST /xmlrpc.php HTTP/1.1" 200 206 "-" "Mozilla/5.0 (Windows NT 10.0; Win64; x64; rv:50.0) Gecko/20100101 Firefox/50.0"
103.4.122.14 - - [02/Jan/2026:08:42:32 +0800] "POST /wp-cron.php?doing_wp_cron=1767314552.0718679428100585937500 HTTP/1.1" 200 - "-" "WordPress/6.9; https://dandenongdaynursery.com.au"
114.119.153.131 - - [02/Jan/2026:08:42:30 +0800] "GET /%E0%B8%97%E0%B8%B2%E0%B8%87%E0%B9%80%E0%B8%82%E0%B9%89%E0%B8%B2%E0%B8%A2%E0%B8%B9%E0%B8%9F%E0%B9%88%E0%B8%B2.aspx HTTP/1.1" 404 170266 "https://dandenongdaynursery.com.au/%E0%B9%80%E0%B8%81%E0%B8%A1%E0%B8%AA%E0%B8%A5%E0%B9%87%E0%B8%AD%E0%B8%95%20k9win.aspx" "Mozilla/5.0 (Linux; Android 7.0;) AppleWebKit/537.36 (KHTML, like Gecko) Mobile Safari/537.36 (compatible; PetalBot;+https://webmaster.petalsearch.com/site/petalbot)"
103.4.122.14 - - [02/Jan/2026:08:45:20 +0800] "POST /wp-cron.php?doing_wp_cron=1767314719.8383340835571289062500 HTTP/1.1" 200 - "-" "WordPress/6.9; https://dandenongdaynursery.com.au"
114.119.153.131 - - [02/Jan/2026:08:45:18 +0800] "GET /%E0%B8%AA%E0%B8%A5%E0%B9%87%E0%B8%AD%E0%B8%95%E0%B8%9D%E0%B8%B2%E0%B8%8110%E0%B8%9A%E0%B8%B2%E0%B8%97%E0%B9%84%E0%B8%94%E0%B9%89100%E0%B8%A5%E0%B9%88%E0%B8%B2%E0%B8%AA%E0%B8%B8%E0%B8%94.aspx HTTP/1.1" 404 170266 "https://dandenongdaynursery.com.au/dg%20casino.aspx" "Mozilla/5.0 (Linux; Android 7.0;) AppleWebKit/537.36 (KHTML, like Gecko) Mobile Safari/537.36 (compatible; PetalBot;+https://webmaster.petalsearch.com/site/petalbot)"
103.4.122.14 - - [02/Jan/2026:08:46:42 +0800] "POST /wp-cron.php?doing_wp_cron=1767314802.5910909175872802734375 HTTP/1.1" 200 - "-" "WordPress/6.9; https://dandenongdaynursery.com.au"
114.119.153.131 - - [02/Jan/2026:08:46:41 +0800] "GET /shortcodes HTTP/1.1" 404 170218 "http://dandenongdaynursery.com.au/shortcodes/" "Mozilla/5.0 (Linux; Android 7.0;) AppleWebKit/537.36 (KHTML, like Gecko) Mobile Safari/537.36 (compatible; PetalBot;+https://webmaster.petalsearch.com/site/petalbot)"
103.4.122.14 - - [02/Jan/2026:08:47:55 +0800] "POST /wp-cron.php?doing_wp_cron=1767314875.5568199157714843750000 HTTP/1.1" 200 - "-" "WordPress/6.9; https://dandenongdaynursery.com.au"
192.3.138.29 - - [02/Jan/2026:08:47:54 +0800] "GET / HTTP/1.1" 301 - "-" "Mozilla/5.0"
114.119.153.131 - - [02/Jan/2026:08:48:06 +0800] "GET /comments/feed HTTP/1.1" 301 - "http://dandenongdaynursery.com.au/staff/belinda/" "Mozilla/5.0 (Linux; Android 7.0;) AppleWebKit/537.36 (KHTML, like Gecko) Mobile Safari/537.36 (compatible; PetalBot;+https://webmaster.petalsearch.com/site/petalbot)"
114.119.153.131 - - [02/Jan/2026:08:48:08 +0800] "GET /comments/feed/ HTTP/1.1" 200 427 "http://dandenongdaynursery.com.au/staff/belinda/" "Mozilla/5.0 (Linux; Android 7.0;) AppleWebKit/537.36 (KHTML, like Gecko) Mobile Safari/537.36 (compatible; PetalBot;+https://webmaster.petalsearch.com/site/petalbot)"
103.4.122.14 - - [02/Jan/2026:08:49:36 +0800] "POST /wp-cron.php?doing_wp_cron=1767314976.0032780170440673828125 HTTP/1.1" 200 - "-" "WordPress/6.9; https://dandenongdaynursery.com.au"
114.119.131.136 - - [02/Jan/2026:08:49:34 +0800] "GET /lotto888%20%E0%B8%AB%E0%B8%A7%E0%B8%A2.aspx HTTP/1.1" 404 170266 "https://dandenongdaynursery.com.au/%E0%B8%9B%E0%B8%B1%E0%B9%88%E0%B8%99%E0%B8%AA%E0%B8%A5%E0%B9%87%E0%B8%AD%E0%B8%95%20%E0%B9%80%E0%B8%A7%E0%B9%87%E0%B8%9A%E0%B9%84%E0%B8%AB%E0%B8%99%E0%B8%94%E0%B8%B5.aspx" "Mozilla/5.0 (Linux; Android 7.0;) AppleWebKit/537.36 (KHTML, like Gecko) Mobile Safari/537.36 (compatible; PetalBot;+https://webmaster.petalsearch.com/site/petalbot)"
103.4.122.14 - - [02/Jan/2026:08:50:54 +0800] "POST /wp-cron.php?doing_wp_cron=1767315054.4152541160583496093750 HTTP/1.1" 200 - "-" "WordPress/6.9; https://dandenongdaynursery.com.au"
114.119.144.65 - - [02/Jan/2026:08:50:53 +0800] "GET /%E0%B9%80%E0%B8%A7%E0%B9%87%E0%B8%9A%20%E0%B8%AA%E0%B8%A5%E0%B9%87%E0%B8%AD%E0%B8%95.aspx HTTP/1.1" 404 170218 "http://dandenongdaynursery.com.au/%E0%B8%9D%E0%B8%B2%E0%B8%81%201%20%E0%B8%A3%E0%B8%B1%E0%B8%9A%2020%20%E0%B8%97%E0%B8%B3%20100%20%E0%B8%96%E0%B8%AD%E0%B8%99%E0%B9%84%E0%B8%94%E0%B9%89%2050.aspx" "Mozilla/5.0 (Linux; Android 7.0;) AppleWebKit/537.36 (KHTML, like Gecko) Mobile Safari/537.36 (compatible; PetalBot;+https://webmaster.petalsearch.com/site/petalbot)"
103.4.122.14 - - [02/Jan/2026:08:57:06 +0800] "POST /wp-cron.php?doing_wp_cron=1767315426.3316650390625000000000 HTTP/1.1" 200 - "-" "WordPress/6.9; https://dandenongdaynursery.com.au"
114.119.133.126 - - [02/Jan/2026:08:57:05 +0800] "GET /%E0%B9%80%E0%B8%A7%E0%B9%87%E0%B8%9A%E0%B9%80%E0%B8%81%E0%B8%A1%E0%B8%AA%E0%B8%A5%E0%B9%87%E0%B8%AD%E0%B8%95.aspx HTTP/1.1" 404 170266 "https://dandenongdaynursery.com.au/%E0%B8%AA%E0%B8%A5%E0%B9%87%E0%B8%AD%E0%B8%95%20168.aspx" "Mozilla/5.0 (Linux; Android 7.0;) AppleWebKit/537.36 (KHTML, like Gecko) Mobile Safari/537.36 (compatible; PetalBot;+https://webmaster.petalsearch.com/site/petalbot)"
216.73.216.33 - - [02/Jan/2026:08:57:43 +0800] "GET /robots.txt HTTP/1.1" 200 135 "-" "Mozilla/5.0 AppleWebKit/537.36 (KHTML, like Gecko; compatible; ClaudeBot/1.0; +claudebot@anthropic.com)"
216.73.216.33 - - [02/Jan/2026:08:57:45 +0800] "GET /sitemap_index.xml HTTP/1.1" 200 315 "-" "Mozilla/5.0 AppleWebKit/537.36 (KHTML, like Gecko; compatible; ClaudeBot/1.0; +claudebot@anthropic.com)"
103.4.122.14 - - [02/Jan/2026:08:58:31 +0800] "POST /wp-cron.php?doing_wp_cron=1767315511.5371720790863037109375 HTTP/1.1" 200 - "-" "WordPress/6.9; https://dandenongdaynursery.com.au"
114.119.133.253 - - [02/Jan/2026:08:58:30 +0800] "GET /contact HTTP/1.1" 301 - "https://dandenongdaynursery.com.au/education-services" "Mozilla/5.0 (Linux; Android 7.0;) AppleWebKit/537.36 (KHTML, like Gecko) Mobile Safari/537.36 (compatible; PetalBot;+https://webmaster.petalsearch.com/site/petalbot)"
114.119.133.253 - - [02/Jan/2026:08:58:33 +0800] "GET /contact/ HTTP/1.1" 200 29050 "https://dandenongdaynursery.com.au/education-services" "Mozilla/5.0 (Linux; Android 7.0;) AppleWebKit/537.36 (KHTML, like Gecko) Mobile Safari/537.36 (compatible; PetalBot;+https://webmaster.petalsearch.com/site/petalbot)"
103.4.122.14 - - [02/Jan/2026:08:59:54 +0800] "POST /wp-cron.php?doing_wp_cron=1767315594.0690391063690185546875 HTTP/1.1" 200 - "-" "WordPress/6.9; https://dandenongdaynursery.com.au"
114.119.141.116 - - [02/Jan/2026:08:59:52 +0800] "GET /%E0%B8%AA%E0%B8%A5%E0%B9%87%E0%B8%AD%E0%B8%95%20%E0%B9%80%E0%B8%95%E0%B8%B4%E0%B8%A1%20true%20wallet%20%E0%B8%9D%E0%B8%B2%E0%B8%81-%E0%B8%96%E0%B8%AD%E0%B8%99%20%E0%B9%84%E0%B8%A1%E0%B9%88%E0%B8%A1%E0%B8%B5%20%E0%B8%82%E0%B8%B1%E0%B9%89%E0%B8%99%20%E0%B8%95%E0%B9%88%E0%B9%8D%E0%B8%B2%202020.aspx HTTP/1.1" 404 170266 "https://dandenongdaynursery.com.au/warpufa.aspx" "Mozilla/5.0 (Linux; Android 7.0;) AppleWebKit/537.36 (KHTML, like Gecko) Mobile Safari/537.36 (compatible; PetalBot;+https://webmaster.petalsearch.com/site/petalbot)"
40.77.167.56 - - [02/Jan/2026:09:09:12 +0800] "GET /wp-content/uploads/2022/12/3year-oldfunded.png HTTP/1.1" 200 5692 "-" "Mozilla/5.0 AppleWebKit/537.36 (KHTML, like Gecko; compatible; bingbot/2.0; +http://www.bing.com/bingbot.htm) Chrome/116.0.1938.76 Safari/537.36"
103.4.122.14 - - [02/Jan/2026:09:15:51 +0800] "POST /wp-cron.php?doing_wp_cron=1767316551.3301188945770263671875 HTTP/1.1" 200 - "-" "WordPress/6.9; https://dandenongdaynursery.com.au"
114.119.144.65 - - [02/Jan/2026:09:15:50 +0800] "GET /sbobet%20auto.aspx HTTP/1.1" 404 170266 "https://dandenongdaynursery.com.au/%E0%B8%97%E0%B8%94%E0%B8%A5%E0%B8%AD%E0%B8%87%E0%B9%80%E0%B8%A5%E0%B9%88%E0%B8%99%E0%B8%AA%E0%B8%A5%E0%B9%87%E0%B8%AD%E0%B8%95%20pp%20%E0%B8%8B%E0%B8%B7%E0%B9%89%E0%B8%AD%E0%B8%9F%E0%B8%A3%E0%B8%B5%E0%B8%AA%E0%B8%9B%E0%B8%B4%E0%B8%99.aspx" "Mozilla/5.0 (Linux; Android 7.0;) AppleWebKit/537.36 (KHTML, like Gecko) Mobile Safari/537.36 (compatible; PetalBot;+https://webmaster.petalsearch.com/site/petalbot)"
103.4.122.14 - - [02/Jan/2026:09:17:14 +0800] "POST /wp-cron.php?doing_wp_cron=1767316634.6238300800323486328125 HTTP/1.1" 200 - "-" "WordPress/6.9; https://dandenongdaynursery.com.au"
114.119.146.142 - - [02/Jan/2026:09:17:12 +0800] "GET /pg%20th.aspx HTTP/1.1" 404 170266 "https://dandenongdaynursery.com.au/yakuza%20slot.aspx" "Mozilla/5.0 (Linux; Android 7.0;) AppleWebKit/537.36 (KHTML, like Gecko) Mobile Safari/537.36 (compatible; PetalBot;+https://webmaster.petalsearch.com/site/petalbot)"
103.4.122.14 - - [02/Jan/2026:09:18:34 +0800] "POST /wp-cron.php?doing_wp_cron=1767316714.2016849517822265625000 HTTP/1.1" 200 - "-" "WordPress/6.9; https://dandenongdaynursery.com.au"
40.77.167.203 - - [02/Jan/2026:09:18:33 +0800] "GET /robots.txt HTTP/1.1" 200 135 "-" "Mozilla/5.0 AppleWebKit/537.36 (KHTML, like Gecko; compatible; bingbot/2.0; +http://www.bing.com/bingbot.htm) Chrome/116.0.1938.76 Safari/537.36"
114.119.131.136 - - [02/Jan/2026:09:18:37 +0800] "GET /miami%201688%20%E0%B8%97%E0%B8%B2%E0%B8%87%E0%B9%80%E0%B8%82%E0%B9%89%E0%B8%B2.aspx HTTP/1.1" 404 170266 "https://dandenongdaynursery.com.au/ufabet%E0%B9%80%E0%B8%82%E0%B9%89%E0%B8%B2%E0%B8%AA%E0%B8%B9%E0%B9%88%E0%B8%A3%E0%B8%B0%E0%B8%9A%E0%B8%9A.aspx" "Mozilla/5.0 (Linux; Android 7.0;) AppleWebKit/537.36 (KHTML, like Gecko) Mobile Safari/537.36 (compatible; PetalBot;+https://webmaster.petalsearch.com/site/petalbot)"
40.77.167.9 - - [02/Jan/2026:09:18:48 +0800] "GET / HTTP/1.1" 301 - "-" "Mozilla/5.0 AppleWebKit/537.36 (KHTML, like Gecko; compatible; bingbot/2.0; +http://www.bing.com/bingbot.htm) Chrome/116.0.1938.76 Safari/537.36"
40.77.167.9 - - [02/Jan/2026:09:18:52 +0800] "GET / HTTP/1.1" 200 37522 "-" "Mozilla/5.0 AppleWebKit/537.36 (KHTML, like Gecko; compatible; bingbot/2.0; +http://www.bing.com/bingbot.htm) Chrome/116.0.1938.76 Safari/537.36"
103.4.122.14 - - [02/Jan/2026:09:20:02 +0800] "POST /wp-cron.php?doing_wp_cron=1767316802.8039100170135498046875 HTTP/1.1" 200 - "-" "WordPress/6.9; https://dandenongdaynursery.com.au"
114.119.144.65 - - [02/Jan/2026:09:20:01 +0800] "GET /m98%20%E0%B9%80%E0%B8%84%E0%B8%A3%E0%B8%94%E0%B8%B4%E0%B8%95%E0%B8%9F%E0%B8%A3%E0%B8%B5%20188.aspx HTTP/1.1" 404 170266 "https://dandenongdaynursery.com.au/%E0%B9%80%E0%B8%82%E0%B9%89%E0%B8%B2%20%E0%B9%80%E0%B8%A7%E0%B9%87%E0%B8%9A%E0%B8%AA%E0%B8%A5%E0%B9%87%E0%B8%AD%E0%B8%95%20777.aspx" "Mozilla/5.0 (Linux; Android 7.0;) AppleWebKit/537.36 (KHTML, like Gecko) Mobile Safari/537.36 (compatible; PetalBot;+https://webmaster.petalsearch.com/site/petalbot)"
103.4.122.14 - - [02/Jan/2026:09:21:25 +0800] "POST /wp-cron.php?doing_wp_cron=1767316885.5675890445709228515625 HTTP/1.1" 200 - "-" "WordPress/6.9; https://dandenongdaynursery.com.au"
114.119.131.136 - - [02/Jan/2026:09:21:24 +0800] "GET /10%E0%B8%A3%E0%B8%B1%E0%B8%9A%20100%20%E0%B8%97%E0%B9%8D%E0%B8%B2%20300%20%E0%B8%96%E0%B8%AD%E0%B8%99%E0%B9%84%E0%B8%94%E0%B9%89100%20%E0%B8%A7%E0%B8%AD%20%E0%B8%A5%20%E0%B9%80%E0%B8%A5%E0%B9%87%20%E0%B8%95.aspx HTTP/1.1" 404 170266 "https://dandenongdaynursery.com.au/superslotv9.aspx" "Mozilla/5.0 (Linux; Android 7.0;) AppleWebKit/537.36 (KHTML, like Gecko) Mobile Safari/537.36 (compatible; PetalBot;+https://webmaster.petalsearch.com/site/petalbot)"
103.4.122.14 - - [02/Jan/2026:09:22:48 +0800] "POST /wp-cron.php?doing_wp_cron=1767316968.3558969497680664062500 HTTP/1.1" 200 - "-" "WordPress/6.9; https://dandenongdaynursery.com.au"
