103.4.122.14 - - [01/Jan/2026:10:35:53 +0800] "POST /wp-cron.php?doing_wp_cron=1767234953.1031389236450195312500 HTTP/1.1" 200 - "-" "WordPress/6.9; https://dandenongdaynursery.com.au"
57.141.14.14 - - [01/Jan/2026:10:35:51 +0800] "GET /\xe0\xb9\x80\xe0\xb8\xa7\xe0\xb9\x87\xe0\xb8\x9a%20365bet.aspx HTTP/1.1" 404 170266 "-" "meta-externalagent/1.1 (+https://developers.facebook.com/docs/sharing/webmasters/crawler)"
57.141.14.79 - - [01/Jan/2026:10:36:09 +0800] "GET /\xe0\xb9\x80\xe0\xb8\xa7\xe0\xb9\x87\xe0\xb8\x9a\xe0\xb8\xaa\xe0\xb8\xa5\xe0\xb9\x87\xe0\xb8\xad\xe0\xb8\x95%20456%20\xe0\xb9\x80\xe0\xb8\x82\xe0\xb9\x89\xe0\xb8\xb2\xe0\xb8\xaa\xe0\xb8\xb9\xe0\xb9\x88\xe0\xb8\xa3\xe0\xb8\xb0\xe0\xb8\x9a\xe0\xb8\x9a.aspx HTTP/1.1" 404 170266 "-" "meta-externalagent/1.1 (+https://developers.facebook.com/docs/sharing/webmasters/crawler)"
103.4.122.14 - - [01/Jan/2026:10:38:26 +0800] "POST /wp-cron.php?doing_wp_cron=1767235106.4753649234771728515625 HTTP/1.1" 200 - "-" "WordPress/6.9; https://dandenongdaynursery.com.au"
57.141.14.54 - - [01/Jan/2026:10:38:25 +0800] "GET /elementor-hf/footer/ HTTP/1.1" 301 - "-" "meta-externalagent/1.1 (+https://developers.facebook.com/docs/sharing/webmasters/crawler)"
114.119.148.103 - - [01/Jan/2026:10:38:47 +0800] "GET /pg168%20%E0%B8%97%E0%B8%B2%E0%B8%87%E0%B9%80%E0%B8%82%E0%B9%89%E0%B8%B2.aspx HTTP/1.1" 404 170266 "https://dandenongdaynursery.com.au/%E0%B8%AA%E0%B8%A5%E0%B9%87%E0%B8%AD%E0%B8%95%E0%B9%80%E0%B8%A7%E0%B9%87%E0%B8%9A%E0%B8%95%E0%B8%A3%E0%B8%87100%20%E0%B8%95%E0%B9%88%E0%B8%B2%E0%B8%87%E0%B8%9B%E0%B8%A3%E0%B8%B0%E0%B9%80%E0%B8%97%E0%B8%A8.aspx" "Mozilla/5.0 (Linux; Android 7.0;) AppleWebKit/537.36 (KHTML, like Gecko) Mobile Safari/537.36 (compatible; PetalBot;+https://webmaster.petalsearch.com/site/petalbot)"
115.45.43.93 - - [01/Jan/2026:10:38:52 +0800] "GET /robots.txt HTTP/1.1" 200 135 "-" "Mozilla/5.0 (Windows NT 10.0; WOW64) AppleWebKit/537.36 (KHTML, like Gecko) Chrome/92.0.3373.62 Safari/537.36 Core/1.70.3722.400 QQBrowser/10.5.3739.400"
57.141.14.22 - - [01/Jan/2026:10:38:59 +0800] "GET /SiteMap.aspx HTTP/1.1" 404 170266 "-" "meta-externalagent/1.1 (+https://developers.facebook.com/docs/sharing/webmasters/crawler)"
103.4.122.14 - - [01/Jan/2026:10:40:11 +0800] "POST /wp-cron.php?doing_wp_cron=1767235210.8998639583587646484375 HTTP/1.1" 200 - "-" "WordPress/6.9; https://dandenongdaynursery.com.au"
114.119.133.126 - - [01/Jan/2026:10:40:09 +0800] "GET /%E0%B8%A2%E0%B8%B7%E0%B8%99%E0%B8%A2%E0%B8%B1%E0%B8%99%20%E0%B8%9A%E0%B8%B1%E0%B8%95%E0%B8%A3%E0%B8%9B%E0%B8%A3%E0%B8%B0%E0%B8%8A%E0%B8%B2%E0%B8%8A%E0%B8%99%20%E0%B8%A3%E0%B8%B1%E0%B8%9A%E0%B9%80%E0%B8%84%E0%B8%A3%E0%B8%94%E0%B8%B4%E0%B8%95%E0%B8%9F%E0%B8%A3%E0%B8%B5%20%E0%B8%A5%E0%B9%88%E0%B8%B2%E0%B8%AA%E0%B8%B8%E0%B8%94.aspx HTTP/1.1" 404 170266 "https://dandenongdaynursery.com.au/460bet%20%E0%B9%80%E0%B8%82%E0%B9%89%E0%B8%B2%E0%B8%AA%E0%B8%B9%E0%B9%88%E0%B8%A3%E0%B8%B0%E0%B8%9A%E0%B8%9A.aspx" "Mozilla/5.0 (Linux; Android 7.0;) AppleWebKit/537.36 (KHTML, like Gecko) Mobile Safari/537.36 (compatible; PetalBot;+https://webmaster.petalsearch.com/site/petalbot)"
57.141.14.16 - - [01/Jan/2026:10:40:41 +0800] "GET /\xe0\xb8\xab\xe0\xb8\xa7\xe0\xb8\xa2%2024.aspx HTTP/1.1" 404 170266 "-" "meta-externalagent/1.1 (+https://developers.facebook.com/docs/sharing/webmasters/crawler)"
103.4.122.14 - - [01/Jan/2026:10:41:44 +0800] "POST /wp-cron.php?doing_wp_cron=1767235303.9802920818328857421875 HTTP/1.1" 200 - "-" "WordPress/6.9; https://dandenongdaynursery.com.au"
57.141.14.48 - - [01/Jan/2026:10:41:42 +0800] "GET /pg%20slot%20game.aspx HTTP/1.1" 404 170266 "-" "meta-externalagent/1.1 (+https://developers.facebook.com/docs/sharing/webmasters/crawler)"
57.141.14.1 - - [01/Jan/2026:10:42:08 +0800] "GET /\xe0\xb8\x97\xe0\xb8\x94\xe0\xb8\xa5\xe0\xb8\xad\xe0\xb8\x87\xe0\xb8\xaa\xe0\xb8\xa5\xe0\xb9\x87\xe0\xb8\xad\xe0\xb8\x95%20pg.aspx HTTP/1.1" 404 170266 "-" "meta-externalagent/1.1 (+https://developers.facebook.com/docs/sharing/webmasters/crawler)"
103.4.122.14 - - [01/Jan/2026:10:47:31 +0800] "POST /wp-cron.php?doing_wp_cron=1767235650.9013190269470214843750 HTTP/1.1" 200 - "-" "WordPress/6.9; https://dandenongdaynursery.com.au"
54.38.147.137 - - [01/Jan/2026:10:47:29 +0800] "GET /robots.txt HTTP/1.1" 200 135 "-" "Mozilla/5.0 (compatible; AhrefsBot/7.0; +http://ahrefs.com/robot/)"
51.161.37.247 - - [01/Jan/2026:10:47:35 +0800] "GET /sitemap_index.xml HTTP/1.1" 200 315 "-" "Mozilla/5.0 (compatible; AhrefsBot/7.0; +http://ahrefs.com/robot/)"
15.235.27.69 - - [01/Jan/2026:10:47:40 +0800] "GET /page-sitemap.xml HTTP/1.1" 200 524 "-" "Mozilla/5.0 (compatible; AhrefsBot/7.0; +http://ahrefs.com/robot/)"
142.44.228.75 - - [01/Jan/2026:10:47:45 +0800] "GET /elementor-hf-sitemap.xml HTTP/1.1" 200 398 "-" "Mozilla/5.0 (compatible; AhrefsBot/7.0; +http://ahrefs.com/robot/)"
103.4.122.14 - - [01/Jan/2026:10:51:17 +0800] "POST /wp-cron.php?doing_wp_cron=1767235877.6536619663238525390625 HTTP/1.1" 200 - "-" "WordPress/6.9; https://dandenongdaynursery.com.au"
47.128.32.105 - - [01/Jan/2026:10:51:16 +0800] "GET /education-services/ HTTP/1.1" 200 33414 "-" "Mozilla/5.0 (Linux; Android 5.0) AppleWebKit/537.36 (KHTML, like Gecko) Mobile Safari/537.36 (compatible; TikTokSpider; ttspider-feedback@tiktok.com)"
47.128.32.105 - - [01/Jan/2026:10:51:18 +0800] "GET /wp-content/plugins/ays-popup-box/public/css/animate.css?ver=6.0.9 HTTP/1.1" 200 4063 "https://dandenongdaynursery.com.au/education-services/" "Mozilla/5.0 (Linux; Android 5.0) AppleWebKit/537.36 (KHTML, like Gecko) Mobile Safari/537.36 (compatible; TikTokSpider; ttspider-feedback@tiktok.com)"
47.128.32.105 - - [01/Jan/2026:10:51:18 +0800] "GET /wp-content/plugins/header-footer-elementor/inc/widgets-css/frontend.css?ver=2.7.1 HTTP/1.1" 200 9202 "https://dandenongdaynursery.com.au/education-services/" "Mozilla/5.0 (Linux; Android 5.0) AppleWebKit/537.36 (KHTML, like Gecko) Mobile Safari/537.36 (compatible; TikTokSpider; ttspider-feedback@tiktok.com)"
47.128.32.105 - - [01/Jan/2026:10:51:18 +0800] "GET /wp-content/plugins/elementor/assets/lib/eicons/css/elementor-icons.min.css?ver=5.45.0 HTTP/1.1" 200 4384 "https://dandenongdaynursery.com.au/education-services/" "Mozilla/5.0 (Linux; Android 5.0) AppleWebKit/537.36 (KHTML, like Gecko) Mobile Safari/537.36 (compatible; TikTokSpider; ttspider-feedback@tiktok.com)"
47.128.32.105 - - [01/Jan/2026:10:51:18 +0800] "GET /wp-content/plugins/header-footer-elementor/assets/css/header-footer-elementor.css?ver=2.7.1 HTTP/1.1" 200 323 "https://dandenongdaynursery.com.au/education-services/" "Mozilla/5.0 (Linux; Android 5.0) AppleWebKit/537.36 (KHTML, like Gecko) Mobile Safari/537.36 (compatible; TikTokSpider; ttspider-feedback@tiktok.com)"
47.128.32.105 - - [01/Jan/2026:10:51:19 +0800] "GET /wp-content/plugins/elementor/assets/css/frontend.min.css?ver=3.34.0 HTTP/1.1" 200 7244 "https://dandenongdaynursery.com.au/education-services/" "Mozilla/5.0 (Linux; Android 5.0) AppleWebKit/537.36 (KHTML, like Gecko) Mobile Safari/537.36 (compatible; TikTokSpider; ttspider-feedback@tiktok.com)"
47.128.32.105 - - [01/Jan/2026:10:51:19 +0800] "GET /wp-content/uploads/elementor/css/post-8.css?ver=1767027949 HTTP/1.1" 200 441 "https://dandenongdaynursery.com.au/education-services/" "Mozilla/5.0 (Linux; Android 5.0) AppleWebKit/537.36 (KHTML, like Gecko) Mobile Safari/537.36 (compatible; TikTokSpider; ttspider-feedback@tiktok.com)"
47.128.32.105 - - [01/Jan/2026:10:51:19 +0800] "GET /wp-content/plugins/elementor/assets/lib/font-awesome/css/v4-shims.min.css?ver=3.34.0 HTTP/1.1" 200 4229 "https://dandenongdaynursery.com.au/education-services/" "Mozilla/5.0 (Linux; Android 5.0) AppleWebKit/537.36 (KHTML, like Gecko) Mobile Safari/537.36 (compatible; TikTokSpider; ttspider-feedback@tiktok.com)"
47.128.32.105 - - [01/Jan/2026:10:51:20 +0800] "GET /wp-content/plugins/elementor/assets/lib/font-awesome/css/all.min.css?ver=3.34.0 HTTP/1.1" 200 12869 "https://dandenongdaynursery.com.au/education-services/" "Mozilla/5.0 (Linux; Android 5.0) AppleWebKit/537.36 (KHTML, like Gecko) Mobile Safari/537.36 (compatible; TikTokSpider; ttspider-feedback@tiktok.com)"
47.128.32.105 - - [01/Jan/2026:10:51:20 +0800] "GET /wp-content/plugins/elementor/assets/css/widget-heading.min.css?ver=3.34.0 HTTP/1.1" 200 160 "https://dandenongdaynursery.com.au/education-services/" "Mozilla/5.0 (Linux; Android 5.0) AppleWebKit/537.36 (KHTML, like Gecko) Mobile Safari/537.36 (compatible; TikTokSpider; ttspider-feedback@tiktok.com)"
47.128.32.105 - - [01/Jan/2026:10:51:20 +0800] "GET /wp-content/plugins/advanced-testimonial-carousel-for-elementor/assets/css/atc-testimonial.css?ver=3.1.2 HTTP/1.1" 200 1687 "https://dandenongdaynursery.com.au/education-services/" "Mozilla/5.0 (Linux; Android 5.0) AppleWebKit/537.36 (KHTML, like Gecko) Mobile Safari/537.36 (compatible; TikTokSpider; ttspider-feedback@tiktok.com)"
47.128.32.105 - - [01/Jan/2026:10:51:20 +0800] "GET /wp-content/plugins/elementor/assets/css/widget-spacer.min.css?ver=3.34.0 HTTP/1.1" 200 338 "https://dandenongdaynursery.com.au/education-services/" "Mozilla/5.0 (Linux; Android 5.0) AppleWebKit/537.36 (KHTML, like Gecko) Mobile Safari/537.36 (compatible; TikTokSpider; ttspider-feedback@tiktok.com)"
47.128.32.105 - - [01/Jan/2026:10:51:20 +0800] "GET /wp-content/plugins/elementor/assets/css/conditionals/shapes.min.css?ver=3.34.0 HTTP/1.1" 200 288 "https://dandenongdaynursery.com.au/education-services/" "Mozilla/5.0 (Linux; Android 5.0) AppleWebKit/537.36 (KHTML, like Gecko) Mobile Safari/537.36 (compatible; TikTokSpider; ttspider-feedback@tiktok.com)"
47.128.32.105 - - [01/Jan/2026:10:51:20 +0800] "GET /wp-content/plugins/elementor/assets/css/widget-image.min.css?ver=3.34.0 HTTP/1.1" 200 135 "https://dandenongdaynursery.com.au/education-services/" "Mozilla/5.0 (Linux; Android 5.0) AppleWebKit/537.36 (KHTML, like Gecko) Mobile Safari/537.36 (compatible; TikTokSpider; ttspider-feedback@tiktok.com)"
47.128.32.105 - - [01/Jan/2026:10:51:20 +0800] "GET /wp-content/plugins/elementor/assets/css/widget-image-box.min.css?ver=3.34.0 HTTP/1.1" 200 368 "https://dandenongdaynursery.com.au/education-services/" "Mozilla/5.0 (Linux; Android 5.0) AppleWebKit/537.36 (KHTML, like Gecko) Mobile Safari/537.36 (compatible; TikTokSpider; ttspider-feedback@tiktok.com)"
47.128.32.105 - - [01/Jan/2026:10:51:21 +0800] "GET /wp-content/plugins/elementor/assets/css/conditionals/e-swiper.min.css?ver=3.34.0 HTTP/1.1" 200 799 "https://dandenongdaynursery.com.au/education-services/" "Mozilla/5.0 (Linux; Android 5.0) AppleWebKit/537.36 (KHTML, like Gecko) Mobile Safari/537.36 (compatible; TikTokSpider; ttspider-feedback@tiktok.com)"
47.128.32.105 - - [01/Jan/2026:10:51:21 +0800] "GET /wp-content/plugins/elementor/assets/css/widget-divider.min.css?ver=3.34.0 HTTP/1.1" 200 741 "https://dandenongdaynursery.com.au/education-services/" "Mozilla/5.0 (Linux; Android 5.0) AppleWebKit/537.36 (KHTML, like Gecko) Mobile Safari/537.36 (compatible; TikTokSpider; ttspider-feedback@tiktok.com)"
47.128.32.105 - - [01/Jan/2026:10:51:21 +0800] "GET /wp-content/plugins/elementor/assets/css/widget-image-gallery.min.css?ver=3.34.0 HTTP/1.1" 200 358 "https://dandenongdaynursery.com.au/education-services/" "Mozilla/5.0 (Linux; Android 5.0) AppleWebKit/537.36 (KHTML, like Gecko) Mobile Safari/537.36 (compatible; TikTokSpider; ttspider-feedback@tiktok.com)"
47.128.32.105 - - [01/Jan/2026:10:51:21 +0800] "GET /wp-content/plugins/elementor/assets/lib/swiper/v8/css/swiper.min.css?ver=8.4.5 HTTP/1.1" 200 4583 "https://dandenongdaynursery.com.au/education-services/" "Mozilla/5.0 (Linux; Android 5.0) AppleWebKit/537.36 (KHTML, like Gecko) Mobile Safari/537.36 (compatible; TikTokSpider; ttspider-feedback@tiktok.com)"
47.128.32.105 - - [01/Jan/2026:10:51:21 +0800] "GET /wp-content/uploads/elementor/css/post-555.css?ver=1767032732 HTTP/1.1" 200 2634 "https://dandenongdaynursery.com.au/education-services/" "Mozilla/5.0 (Linux; Android 5.0) AppleWebKit/537.36 (KHTML, like Gecko) Mobile Safari/537.36 (compatible; TikTokSpider; ttspider-feedback@tiktok.com)"
47.128.32.105 - - [01/Jan/2026:10:51:21 +0800] "GET /wp-content/plugins/elementor/assets/css/widget-google_maps.min.css?ver=3.34.0 HTTP/1.1" 200 138 "https://dandenongdaynursery.com.au/education-services/" "Mozilla/5.0 (Linux; Android 5.0) AppleWebKit/537.36 (KHTML, like Gecko) Mobile Safari/537.36 (compatible; TikTokSpider; ttspider-feedback@tiktok.com)"
47.128.32.105 - - [01/Jan/2026:10:51:21 +0800] "GET /wp-content/uploads/elementor/css/post-1463.css?ver=1767027949 HTTP/1.1" 200 1471 "https://dandenongdaynursery.com.au/education-services/" "Mozilla/5.0 (Linux; Android 5.0) AppleWebKit/537.36 (KHTML, like Gecko) Mobile Safari/537.36 (compatible; TikTokSpider; ttspider-feedback@tiktok.com)"
47.128.32.105 - - [01/Jan/2026:10:51:21 +0800] "GET /wp-content/uploads/elementor/css/post-1238.css?ver=1767027949 HTTP/1.1" 200 1839 "https://dandenongdaynursery.com.au/education-services/" "Mozilla/5.0 (Linux; Android 5.0) AppleWebKit/537.36 (KHTML, like Gecko) Mobile Safari/537.36 (compatible; TikTokSpider; ttspider-feedback@tiktok.com)"
47.128.32.105 - - [01/Jan/2026:10:51:22 +0800] "GET /wp-content/themes/layers-elementor/assets/css/components.css?ver=1.0.3 HTTP/1.1" 200 4037 "https://dandenongdaynursery.com.au/education-services/" "Mozilla/5.0 (Linux; Android 5.0) AppleWebKit/537.36 (KHTML, like Gecko) Mobile Safari/537.36 (compatible; TikTokSpider; ttspider-feedback@tiktok.com)"
47.128.32.105 - - [01/Jan/2026:10:51:22 +0800] "GET /wp-content/plugins/wpforms-lite/assets/css/frontend/classic/wpforms-full.min.css?ver=1.9.8.7 HTTP/1.1" 200 11887 "https://dandenongdaynursery.com.au/education-services/" "Mozilla/5.0 (Linux; Android 5.0) AppleWebKit/537.36 (KHTML, like Gecko) Mobile Safari/537.36 (compatible; TikTokSpider; ttspider-feedback@tiktok.com)"
47.128.32.105 - - [01/Jan/2026:10:51:22 +0800] "GET /wp-content/themes/layers-elementor/assets/css/framework.css?ver=1.0.3 HTTP/1.1" 200 10628 "https://dandenongdaynursery.com.au/education-services/" "Mozilla/5.0 (Linux; Android 5.0) AppleWebKit/537.36 (KHTML, like Gecko) Mobile Safari/537.36 (compatible; TikTokSpider; ttspider-feedback@tiktok.com)"
47.128.32.105 - - [01/Jan/2026:10:51:22 +0800] "GET /wp-content/themes/layers-elementor/assets/css/responsive.css?ver=1.0.3 HTTP/1.1" 200 4548 "https://dandenongdaynursery.com.au/education-services/" "Mozilla/5.0 (Linux; Android 5.0) AppleWebKit/537.36 (KHTML, like Gecko) Mobile Safari/537.36 (compatible; TikTokSpider; ttspider-feedback@tiktok.com)"
47.128.32.105 - - [01/Jan/2026:10:51:22 +0800] "GET /wp-content/themes/layers-elementor/assets/css/layers-icons.css?ver=1.0.3 HTTP/1.1" 200 711 "https://dandenongdaynursery.com.au/education-services/" "Mozilla/5.0 (Linux; Android 5.0) AppleWebKit/537.36 (KHTML, like Gecko) Mobile Safari/537.36 (compatible; TikTokSpider; ttspider-feedback@tiktok.com)"
47.128.32.105 - - [01/Jan/2026:10:51:23 +0800] "GET /wp-content/plugins/elementor/assets/lib/eicons/css/elementor-icons.min.css?ver=5.34.0 HTTP/1.1" 200 4384 "https://dandenongdaynursery.com.au/education-services/" "Mozilla/5.0 (Linux; Android 5.0) AppleWebKit/537.36 (KHTML, like Gecko) Mobile Safari/537.36 (compatible; TikTokSpider; ttspider-feedback@tiktok.com)"
47.128.32.105 - - [01/Jan/2026:10:51:23 +0800] "GET /wp-content/themes/layers-elementor/assets/css/layers-pro.css?ver=1.0.3 HTTP/1.1" 200 2534 "https://dandenongdaynursery.com.au/education-services/" "Mozilla/5.0 (Linux; Android 5.0) AppleWebKit/537.36 (KHTML, like Gecko) Mobile Safari/537.36 (compatible; TikTokSpider; ttspider-feedback@tiktok.com)"
47.128.32.105 - - [01/Jan/2026:10:51:23 +0800] "GET /wp-content/plugins/elementor/assets/css/widget-social-icons.min.css?ver=3.24.0 HTTP/1.1" 200 1142 "https://dandenongdaynursery.com.au/education-services/" "Mozilla/5.0 (Linux; Android 5.0) AppleWebKit/537.36 (KHTML, like Gecko) Mobile Safari/537.36 (compatible; TikTokSpider; ttspider-feedback@tiktok.com)"
47.128.32.105 - - [01/Jan/2026:10:51:23 +0800] "GET /wp-content/plugins/elementor/assets/css/widget-icon-list.min.css?ver=3.24.3 HTTP/1.1" 200 1023 "https://dandenongdaynursery.com.au/education-services/" "Mozilla/5.0 (Linux; Android 5.0) AppleWebKit/537.36 (KHTML, like Gecko) Mobile Safari/537.36 (compatible; TikTokSpider; ttspider-feedback@tiktok.com)"
47.128.32.105 - - [01/Jan/2026:10:51:23 +0800] "GET /wp-content/plugins/elementor/assets/lib/font-awesome/css/brands.css?ver=5.15.3 HTTP/1.1" 200 322 "https://dandenongdaynursery.com.au/education-services/" "Mozilla/5.0 (Linux; Android 5.0) AppleWebKit/537.36 (KHTML, like Gecko) Mobile Safari/537.36 (compatible; TikTokSpider; ttspider-feedback@tiktok.com)"
47.128.32.105 - - [01/Jan/2026:10:51:23 +0800] "GET /wp-content/plugins/elementor/assets/lib/font-awesome/css/fontawesome.css?ver=5.15.3 HTTP/1.1" 200 13124 "https://dandenongdaynursery.com.au/education-services/" "Mozilla/5.0 (Linux; Android 5.0) AppleWebKit/537.36 (KHTML, like Gecko) Mobile Safari/537.36 (compatible; TikTokSpider; ttspider-feedback@tiktok.com)"
47.128.32.105 - - [01/Jan/2026:10:51:23 +0800] "GET /wp-content/themes/layers-elementor/style.css?ver=1.0.3 HTTP/1.1" 200 912 "https://dandenongdaynursery.com.au/education-services/" "Mozilla/5.0 (Linux; Android 5.0) AppleWebKit/537.36 (KHTML, like Gecko) Mobile Safari/537.36 (compatible; TikTokSpider; ttspider-feedback@tiktok.com)"
47.128.32.105 - - [01/Jan/2026:10:51:23 +0800] "GET /wp-content/uploads/elementor/google-fonts/css/robotoslab.css?ver=1742440818 HTTP/1.1" 200 964 "https://dandenongdaynursery.com.au/education-services/" "Mozilla/5.0 (Linux; Android 5.0) AppleWebKit/537.36 (KHTML, like Gecko) Mobile Safari/537.36 (compatible; TikTokSpider; ttspider-feedback@tiktok.com)"
47.128.32.105 - - [01/Jan/2026:10:51:23 +0800] "GET /wp-content/plugins/elementor/assets/lib/font-awesome/css/solid.css?ver=5.15.3 HTTP/1.1" 200 325 "https://dandenongdaynursery.com.au/education-services/" "Mozilla/5.0 (Linux; Android 5.0) AppleWebKit/537.36 (KHTML, like Gecko) Mobile Safari/537.36 (compatible; TikTokSpider; ttspider-feedback@tiktok.com)"
47.128.32.105 - - [01/Jan/2026:10:51:23 +0800] "GET /wp-content/uploads/elementor/google-fonts/css/roboto.css?ver=1742440807 HTTP/1.1" 200 2867 "https://dandenongdaynursery.com.au/education-services/" "Mozilla/5.0 (Linux; Android 5.0) AppleWebKit/537.36 (KHTML, like Gecko) Mobile Safari/537.36 (compatible; TikTokSpider; ttspider-feedback@tiktok.com)"
47.128.32.105 - - [01/Jan/2026:10:51:24 +0800] "GET /wp-content/uploads/elementor/google-fonts/css/raleway.css?ver=1742440850 HTTP/1.1" 200 1086 "https://dandenongdaynursery.com.au/education-services/" "Mozilla/5.0 (Linux; Android 5.0) AppleWebKit/537.36 (KHTML, like Gecko) Mobile Safari/537.36 (compatible; TikTokSpider; ttspider-feedback@tiktok.com)"
47.128.32.105 - - [01/Jan/2026:10:51:24 +0800] "GET /wp-content/plugins/elementor/assets/lib/font-awesome/css/regular.min.css?ver=5.15.3 HTTP/1.1" 200 308 "https://dandenongdaynursery.com.au/education-services/" "Mozilla/5.0 (Linux; Android 5.0) AppleWebKit/537.36 (KHTML, like Gecko) Mobile Safari/537.36 (compatible; TikTokSpider; ttspider-feedback@tiktok.com)"
47.128.32.105 - - [01/Jan/2026:10:51:24 +0800] "GET /wp-content/uploads/elementor/google-fonts/css/montserrat.css?ver=1742440837 HTTP/1.1" 200 1093 "https://dandenongdaynursery.com.au/education-services/" "Mozilla/5.0 (Linux; Android 5.0) AppleWebKit/537.36 (KHTML, like Gecko) Mobile Safari/537.36 (compatible; TikTokSpider; ttspider-feedback@tiktok.com)"
47.128.32.105 - - [01/Jan/2026:10:51:24 +0800] "GET /wp-content/plugins/elementor/assets/lib/font-awesome/css/fontawesome.min.css?ver=5.15.3 HTTP/1.1" 200 12617 "https://dandenongdaynursery.com.au/education-services/" "Mozilla/5.0 (Linux; Android 5.0) AppleWebKit/537.36 (KHTML, like Gecko) Mobile Safari/537.36 (compatible; TikTokSpider; ttspider-feedback@tiktok.com)"
47.128.32.105 - - [01/Jan/2026:10:51:24 +0800] "GET /wp-content/plugins/elementor/assets/lib/font-awesome/css/solid.min.css?ver=5.15.3 HTTP/1.1" 200 309 "https://dandenongdaynursery.com.au/education-services/" "Mozilla/5.0 (Linux; Android 5.0) AppleWebKit/537.36 (KHTML, like Gecko) Mobile Safari/537.36 (compatible; TikTokSpider; ttspider-feedback@tiktok.com)"
47.128.32.105 - - [01/Jan/2026:10:51:25 +0800] "GET /wp-content/plugins/elementor/assets/lib/font-awesome/css/brands.min.css?ver=5.15.3 HTTP/1.1" 200 308 "https://dandenongdaynursery.com.au/education-services/" "Mozilla/5.0 (Linux; Android 5.0) AppleWebKit/537.36 (KHTML, like Gecko) Mobile Safari/537.36 (compatible; TikTokSpider; ttspider-feedback@tiktok.com)"
47.128.32.105 - - [01/Jan/2026:10:51:25 +0800] "GET /wp-content/uploads/2022/12/Dandenong-Day-Nursery-Logo.png HTTP/1.1" 206 500 "https://dandenongdaynursery.com.au/education-services/" "Mozilla/5.0 (Linux; Android 5.0) AppleWebKit/537.36 (KHTML, like Gecko) Mobile Safari/537.36 (compatible; TikTokSpider; ttspider-feedback@tiktok.com)"
47.128.32.105 - - [01/Jan/2026:10:51:25 +0800] "GET /wp-content/uploads/2022/12/long-day-care.png HTTP/1.1" 206 500 "https://dandenongdaynursery.com.au/education-services/" "Mozilla/5.0 (Linux; Android 5.0) AppleWebKit/537.36 (KHTML, like Gecko) Mobile Safari/537.36 (compatible; TikTokSpider; ttspider-feedback@tiktok.com)"
47.128.32.105 - - [01/Jan/2026:10:51:27 +0800] "GET /wp-content/uploads/2022/12/3year-oldfunded.png HTTP/1.1" 206 500 "https://dandenongdaynursery.com.au/education-services/" "Mozilla/5.0 (Linux; Android 5.0) AppleWebKit/537.36 (KHTML, like Gecko) Mobile Safari/537.36 (compatible; TikTokSpider; ttspider-feedback@tiktok.com)"
47.128.32.105 - - [01/Jan/2026:10:51:27 +0800] "GET /wp-content/uploads/2022/12/4year-oldfunded.png HTTP/1.1" 206 500 "https://dandenongdaynursery.com.au/education-services/" "Mozilla/5.0 (Linux; Android 5.0) AppleWebKit/537.36 (KHTML, like Gecko) Mobile Safari/537.36 (compatible; TikTokSpider; ttspider-feedback@tiktok.com)"
47.128.32.105 - - [01/Jan/2026:10:51:27 +0800] "GET /wp-content/plugins/elementor/assets/css/conditionals/apple-webkit.min.css?ver=3.34.0 HTTP/1.1" 200 547 "https://dandenongdaynursery.com.au/education-services/" "Mozilla/5.0 (Linux; Android 5.0) AppleWebKit/537.36 (KHTML, like Gecko) Mobile Safari/537.36 (compatible; TikTokSpider; ttspider-feedback@tiktok.com)"
47.128.32.105 - - [01/Jan/2026:10:51:27 +0800] "GET /wp-content/plugins/ays-popup-box/public/css/ays-pb-public-min.css?ver=6.0.9 HTTP/1.1" 200 5691 "https://dandenongdaynursery.com.au/education-services/" "Mozilla/5.0 (Linux; Android 5.0) AppleWebKit/537.36 (KHTML, like Gecko) Mobile Safari/537.36 (compatible; TikTokSpider; ttspider-feedback@tiktok.com)"
47.128.32.105 - - [01/Jan/2026:10:51:27 +0800] "GET /wp-content/uploads/2022/12/bxs_quote-right.png HTTP/1.1" 206 500 "https://dandenongdaynursery.com.au/wp-content/uploads/elementor/css/post-555.css?ver=1767032732" "Mozilla/5.0 (Linux; Android 5.0) AppleWebKit/537.36 (KHTML, like Gecko) Mobile Safari/537.36 (compatible; TikTokSpider; ttspider-feedback@tiktok.com)"
47.128.32.105 - - [01/Jan/2026:10:51:27 +0800] "GET /wp-content/uploads/2022/12/dolls-house.jpg HTTP/1.1" 206 500 "https://dandenongdaynursery.com.au/wp-content/uploads/elementor/css/post-555.css?ver=1767032732" "Mozilla/5.0 (Linux; Android 5.0) AppleWebKit/537.36 (KHTML, like Gecko) Mobile Safari/537.36 (compatible; TikTokSpider; ttspider-feedback@tiktok.com)"
47.128.32.105 - - [01/Jan/2026:10:51:28 +0800] "GET /wp-content/uploads/2022/12/familyday-care.png HTTP/1.1" 206 500 "https://dandenongdaynursery.com.au/education-services/" "Mozilla/5.0 (Linux; Android 5.0) AppleWebKit/537.36 (KHTML, like Gecko) Mobile Safari/537.36 (compatible; TikTokSpider; ttspider-feedback@tiktok.com)"
47.128.32.105 - - [01/Jan/2026:10:51:28 +0800] "GET /wp-content/uploads/2022/12/quote.png HTTP/1.1" 206 500 "https://dandenongdaynursery.com.au/education-services/" "Mozilla/5.0 (Linux; Android 5.0) AppleWebKit/537.36 (KHTML, like Gecko) Mobile Safari/537.36 (compatible; TikTokSpider; ttspider-feedback@tiktok.com)"
47.128.32.105 - - [01/Jan/2026:10:51:28 +0800] "GET /wp-content/uploads/2022/12/flexible-program-2.png HTTP/1.1" 206 500 "https://dandenongdaynursery.com.au/education-services/" "Mozilla/5.0 (Linux; Android 5.0) AppleWebKit/537.36 (KHTML, like Gecko) Mobile Safari/537.36 (compatible; TikTokSpider; ttspider-feedback@tiktok.com)"
47.128.32.105 - - [01/Jan/2026:10:51:28 +0800] "GET /wp-content/uploads/2022/12/early-childhood.png HTTP/1.1" 206 500 "https://dandenongdaynursery.com.au/education-services/" "Mozilla/5.0 (Linux; Android 5.0) AppleWebKit/537.36 (KHTML, like Gecko) Mobile Safari/537.36 (compatible; TikTokSpider; ttspider-feedback@tiktok.com)"
103.4.122.14 - - [01/Jan/2026:10:54:27 +0800] "POST /wp-cron.php?doing_wp_cron=1767236067.1127879619598388671875 HTTP/1.1" 200 - "-" "WordPress/6.9; https://dandenongdaynursery.com.au"
114.119.131.136 - - [01/Jan/2026:10:54:25 +0800] "GET /ufabet%20%E0%B9%80%E0%B8%A7%E0%B9%87%E0%B8%9A%E0%B8%95%E0%B8%A3%E0%B8%87%E0%B9%84%E0%B8%A1%E0%B9%88%E0%B8%9C%E0%B9%88%E0%B8%B2%E0%B8%99%E0%B9%80%E0%B8%AD%E0%B9%80%E0%B8%A2%E0%B9%88%E0%B8%99%E0%B8%95%E0%B9%8C.aspx HTTP/1.1" 404 170266 "https://dandenongdaynursery.com.au/%E0%B8%AA%E0%B8%A5%E0%B9%87%E0%B8%AD%E0%B8%95%E0%B9%80%E0%B8%A7%E0%B9%87%E0%B8%9A%E0%B8%95%E0%B8%A3%E0%B8%87100.aspx" "Mozilla/5.0 (Linux; Android 7.0;) AppleWebKit/537.36 (KHTML, like Gecko) Mobile Safari/537.36 (compatible; PetalBot;+https://webmaster.petalsearch.com/site/petalbot)"
103.4.122.14 - - [01/Jan/2026:10:55:49 +0800] "POST /wp-cron.php?doing_wp_cron=1767236149.3955879211425781250000 HTTP/1.1" 200 - "-" "WordPress/6.9; https://dandenongdaynursery.com.au"
114.119.144.65 - - [01/Jan/2026:10:55:48 +0800] "GET /ambbet.aspx HTTP/1.1" 404 170266 "https://dandenongdaynursery.com.au/%E0%B8%97%E0%B8%B2%E0%B8%87%E0%B9%80%E0%B8%82%E0%B9%89%E0%B8%B2%20joker%20%E0%B9%83%E0%B8%AB%E0%B8%A1%E0%B9%88%E0%B8%A5%E0%B9%88%E0%B8%B2%E0%B8%AA%E0%B8%B8%E0%B8%94.aspx" "Mozilla/5.0 (Linux; Android 7.0;) AppleWebKit/537.36 (KHTML, like Gecko) Mobile Safari/537.36 (compatible; PetalBot;+https://webmaster.petalsearch.com/site/petalbot)"
57.141.14.89 - - [01/Jan/2026:10:56:16 +0800] "GET /sitemap-index.xml HTTP/1.1" 404 170266 "-" "meta-externalagent/1.1 (+https://developers.facebook.com/docs/sharing/webmasters/crawler)"
103.4.122.14 - - [01/Jan/2026:10:57:05 +0800] "POST /wp-cron.php?doing_wp_cron=1767236225.1447091102600097656250 HTTP/1.1" 200 - "-" "WordPress/6.9; https://dandenongdaynursery.com.au"
57.141.14.78 - - [01/Jan/2026:10:57:03 +0800] "GET /pg%20slot%20wallet.aspx HTTP/1.1" 404 170266 "-" "meta-externalagent/1.1 (+https://developers.facebook.com/docs/sharing/webmasters/crawler)"
114.119.153.131 - - [01/Jan/2026:10:57:11 +0800] "GET /%E0%B9%80%E0%B8%A7%E0%B9%87%E0%B8%9A%E0%B8%AA%E0%B8%A5%E0%B9%87%E0%B8%AD%E0%B8%95888.aspx HTTP/1.1" 404 170266 "https://dandenongdaynursery.com.au/%E0%B8%AA%E0%B8%A5%E0%B9%87%E0%B8%AD%E0%B8%95%E0%B8%97%E0%B8%94%E0%B8%A5%E0%B8%AD%E0%B8%87%E0%B9%80%E0%B8%A5%E0%B9%88%E0%B8%99%E0%B8%9F%E0%B8%A3%E0%B8%B5%20pg.aspx" "Mozilla/5.0 (Linux; Android 7.0;) AppleWebKit/537.36 (KHTML, like Gecko) Mobile Safari/537.36 (compatible; PetalBot;+https://webmaster.petalsearch.com/site/petalbot)"
57.141.14.73 - - [01/Jan/2026:10:57:20 +0800] "GET /\xe0\xb8\xaa\xe0\xb8\xa1\xe0\xb8\xb1\xe0\xb8\x84\xe0\xb8\xa3%20sbobet.aspx HTTP/1.1" 404 170266 "-" "meta-externalagent/1.1 (+https://developers.facebook.com/docs/sharing/webmasters/crawler)"
57.141.14.97 - - [01/Jan/2026:10:57:48 +0800] "GET /sitemap.txt HTTP/1.1" 404 170266 "-" "meta-externalagent/1.1 (+https://developers.facebook.com/docs/sharing/webmasters/crawler)"
103.4.122.14 - - [01/Jan/2026:10:58:14 +0800] "POST /wp-cron.php?doing_wp_cron=1767236294.6958630084991455078125 HTTP/1.1" 200 - "-" "WordPress/6.9; https://dandenongdaynursery.com.au"
52.167.144.214 - - [01/Jan/2026:10:58:13 +0800] "GET /?s=3 HTTP/1.1" 200 26045 "-" "Mozilla/5.0 AppleWebKit/537.36 (KHTML, like Gecko; compatible; bingbot/2.0; +http://www.bing.com/bingbot.htm) Chrome/116.0.1938.76 Safari/537.36"
114.119.133.126 - - [01/Jan/2026:10:58:36 +0800] "GET /%E0%B9%80%E0%B8%A7%E0%B9%87%E0%B8%9A%E0%B8%AA%E0%B8%A5%E0%B9%87%E0%B8%AD%E0%B8%95%E0%B9%80%E0%B8%A7%E0%B9%87%E0%B8%9A%E0%B8%95%E0%B8%A3%E0%B8%87%20%E0%B8%84%E0%B9%88%E0%B8%B2%E0%B8%A2%E0%B9%83%E0%B8%AB%E0%B8%8D%E0%B9%88.aspx HTTP/1.1" 404 170266 "https://dandenongdaynursery.com.au/%E0%B9%80%E0%B8%84%E0%B8%A3%E0%B8%94%E0%B8%B4%E0%B8%95%E0%B8%9F%E0%B8%A3%E0%B8%B5%202020%20%E0%B9%84%E0%B8%A1%E0%B9%88%E0%B8%95%E0%B9%89%E0%B8%AD%E0%B8%87%E0%B8%9D%E0%B8%B2%E0%B8%81.aspx" "Mozilla/5.0 (Linux; Android 7.0;) AppleWebKit/537.36 (KHTML, like Gecko) Mobile Safari/537.36 (compatible; PetalBot;+https://webmaster.petalsearch.com/site/petalbot)"
103.4.122.14 - - [01/Jan/2026:11:00:02 +0800] "POST /wp-cron.php?doing_wp_cron=1767236402.4666280746459960937500 HTTP/1.1" 200 - "-" "WordPress/6.9; https://dandenongdaynursery.com.au"
114.119.148.103 - - [01/Jan/2026:11:00:01 +0800] "GET /%E0%B9%80%E0%B8%A7%E0%B9%87%E0%B8%9A%E0%B8%AA%E0%B8%A5%E0%B9%87%E0%B8%AD%E0%B8%95%E0%B8%AD%E0%B8%AD%E0%B8%99%E0%B9%84%E0%B8%A5%E0%B8%99%E0%B9%8C.aspx HTTP/1.1" 404 170266 "https://dandenongdaynursery.com.au/superslotv9.aspx" "Mozilla/5.0 (Linux; Android 7.0;) AppleWebKit/537.36 (KHTML, like Gecko) Mobile Safari/537.36 (compatible; PetalBot;+https://webmaster.petalsearch.com/site/petalbot)"
57.141.14.65 - - [01/Jan/2026:11:00:51 +0800] "GET /\xe0\xb9\x80\xe0\xb8\xa7\xe0\xb9\x87\xe0\xb8\x9a\xe0\xb8\x9a\xe0\xb8\xb2\xe0\xb8\x84\xe0\xb8\xb2\xe0\xb8\xa3\xe0\xb9\x88\xe0\xb8\xb2\xe0\xb8\xad\xe0\xb8\xad\xe0\xb8\x99\xe0\xb9\x84\xe0\xb8\xa5\xe0\xb8\x99\xe0\xb9\x8c.aspx HTTP/1.1" 404 170266 "-" "meta-externalagent/1.1 (+https://developers.facebook.com/docs/sharing/webmasters/crawler)"
103.4.122.14 - - [01/Jan/2026:11:01:23 +0800] "POST /wp-cron.php?doing_wp_cron=1767236483.3300240039825439453125 HTTP/1.1" 200 - "-" "WordPress/6.9; https://dandenongdaynursery.com.au"
114.119.141.116 - - [01/Jan/2026:11:01:21 +0800] "GET /%E0%B8%AA%E0%B8%A5%E0%B9%87%E0%B8%AD%E0%B8%95%E0%B9%80%E0%B8%84%E0%B8%A3%E0%B8%94%E0%B8%B4%E0%B8%95%E0%B8%9F%E0%B8%A3%E0%B8%B5.aspx HTTP/1.1" 404 170266 "https://dandenongdaynursery.com.au/%E0%B8%97%E0%B8%B2%E0%B8%87%E0%B9%80%E0%B8%82%E0%B9%89%E0%B8%B2lsm99.aspx" "Mozilla/5.0 (Linux; Android 7.0;) AppleWebKit/537.36 (KHTML, like Gecko) Mobile Safari/537.36 (compatible; PetalBot;+https://webmaster.petalsearch.com/site/petalbot)"
103.4.122.14 - - [01/Jan/2026:11:02:48 +0800] "POST /wp-cron.php?doing_wp_cron=1767236568.0057990550994873046875 HTTP/1.1" 200 - "-" "WordPress/6.9; https://dandenongdaynursery.com.au"
114.119.131.136 - - [01/Jan/2026:11:02:46 +0800] "GET /%E0%B8%AA%E0%B8%A5%E0%B9%87%E0%B8%AD%E0%B8%95%E0%B8%88%E0%B8%B5%E0%B8%84%E0%B8%A5%E0%B8%B1%E0%B8%9A.aspx HTTP/1.1" 404 170266 "https://dandenongdaynursery.com.au/%E0%B9%80%E0%B8%84%E0%B8%A3%E0%B8%94%E0%B8%B4%E0%B8%95%E0%B8%9F%E0%B8%A3%E0%B8%B5%20%E0%B8%81%E0%B8%94%E0%B8%A3%E0%B8%B1%E0%B8%9A%E0%B9%80%E0%B8%AD%E0%B8%87%2030.aspx" "Mozilla/5.0 (Linux; Android 7.0;) AppleWebKit/537.36 (KHTML, like Gecko) Mobile Safari/537.36 (compatible; PetalBot;+https://webmaster.petalsearch.com/site/petalbot)"
57.141.14.69 - - [01/Jan/2026:11:02:54 +0800] "GET /page-sitemap.xml HTTP/1.1" 200 1987 "-" "meta-externalagent/1.1 (+https://developers.facebook.com/docs/sharing/webmasters/crawler)"
103.4.122.14 - - [01/Jan/2026:11:04:11 +0800] "POST /wp-cron.php?doing_wp_cron=1767236651.3051609992980957031250 HTTP/1.1" 200 - "-" "WordPress/6.9; https://dandenongdaynursery.com.au"
114.119.133.126 - - [01/Jan/2026:11:04:09 +0800] "GET /%E0%B8%AA%E0%B8%A5%E0%B9%87%E0%B8%AD%E0%B8%95%20168%20%E0%B9%80%E0%B8%84%E0%B8%A3%E0%B8%94%E0%B8%B4%E0%B8%95%E0%B8%9F%E0%B8%A3%E0%B8%B5.aspx HTTP/1.1" 404 170266 "https://dandenongdaynursery.com.au/%E0%B9%80%E0%B8%81%E0%B8%A1%E0%B8%AA%E0%B8%A5%E0%B9%87%E0%B8%AD%E0%B8%95%E0%B8%97%E0%B8%B5%E0%B9%88%E0%B8%84%E0%B8%B2%E0%B8%AA%E0%B8%B4%E0%B9%82%E0%B8%99%E0%B8%A5%E0%B8%B2%E0%B8%AA%E0%B9%80%E0%B8%A7%E0%B8%81%E0%B8%B1%E0%B8%AA.aspx" "Mozilla/5.0 (Linux; Android 7.0;) AppleWebKit/537.36 (KHTML, like Gecko) Mobile Safari/537.36 (compatible; PetalBot;+https://webmaster.petalsearch.com/site/petalbot)"
103.4.122.14 - - [01/Jan/2026:11:05:34 +0800] "POST /wp-cron.php?doing_wp_cron=1767236734.2272810935974121093750 HTTP/1.1" 200 - "-" "WordPress/6.9; https://dandenongdaynursery.com.au"
114.119.153.131 - - [01/Jan/2026:11:05:32 +0800] "GET /%E0%B8%AA%E0%B8%A5%E0%B9%87%E0%B8%AD%E0%B8%95%20%E0%B8%97%E0%B8%94%E0%B8%A5%E0%B8%AD%E0%B8%87%E0%B9%80%E0%B8%A5%E0%B9%88%E0%B8%99%E0%B8%9F%E0%B8%A3%E0%B8%B5%20%E0%B8%96%E0%B8%AD%E0%B8%99%E0%B9%84%E0%B8%94%E0%B9%89.aspx HTTP/1.1" 404 170266 "https://dandenongdaynursery.com.au/dg%20casino.aspx" "Mozilla/5.0 (Linux; Android 7.0;) AppleWebKit/537.36 (KHTML, like Gecko) Mobile Safari/537.36 (compatible; PetalBot;+https://webmaster.petalsearch.com/site/petalbot)"
103.4.122.14 - - [01/Jan/2026:11:06:59 +0800] "POST /wp-cron.php?doing_wp_cron=1767236819.0053579807281494140625 HTTP/1.1" 200 - "-" "WordPress/6.9; https://dandenongdaynursery.com.au"
114.119.153.131 - - [01/Jan/2026:11:06:57 +0800] "GET /%E0%B8%97%E0%B8%B2%E0%B8%87%E0%B9%80%E0%B8%82%E0%B9%89%E0%B8%B2s%20joker.aspx HTTP/1.1" 404 170266 "https://dandenongdaynursery.com.au/%E0%B9%80%E0%B8%81%E0%B8%A1%E0%B8%AA%E0%B9%8C%E0%B8%AA%E0%B8%A5%E0%B9%87%E0%B8%AD%E0%B8%95.aspx" "Mozilla/5.0 (Linux; Android 7.0;) AppleWebKit/537.36 (KHTML, like Gecko) Mobile Safari/537.36 (compatible; PetalBot;+https://webmaster.petalsearch.com/site/petalbot)"
57.141.14.6 - - [01/Jan/2026:11:07:22 +0800] "GET /elementor-hf/header/ HTTP/1.1" 301 - "-" "meta-externalagent/1.1 (+https://developers.facebook.com/docs/sharing/webmasters/crawler)"
57.141.14.89 - - [01/Jan/2026:11:07:38 +0800] "GET /lotto%20vip%20\xe0\xb9\x80\xe0\xb8\x82\xe0\xb9\x89\xe0\xb8\xb2\xe0\xb8\xaa\xe0\xb8\xb9\xe0\xb9\x88\xe0\xb8\xa3\xe0\xb8\xb0\xe0\xb8\x9a\xe0\xb8\x9a.aspx HTTP/1.1" 404 170266 "-" "meta-externalagent/1.1 (+https://developers.facebook.com/docs/sharing/webmasters/crawler)"
103.4.122.14 - - [01/Jan/2026:11:08:22 +0800] "POST /wp-cron.php?doing_wp_cron=1767236902.4770610332489013671875 HTTP/1.1" 200 - "-" "WordPress/6.9; https://dandenongdaynursery.com.au"
114.119.133.253 - - [01/Jan/2026:11:08:21 +0800] "GET /%E0%B8%97%E0%B8%94%E0%B8%A5%E0%B8%AD%E0%B8%87%E0%B9%80%E0%B8%A5%E0%B9%88%E0%B8%99%E0%B8%AA%E0%B8%A5%E0%B9%87%E0%B8%AD%E0%B8%95%20pg999.aspx HTTP/1.1" 404 170266 "https://dandenongdaynursery.com.au/g2g%20%E0%B8%AA%E0%B8%A5%E0%B9%87%E0%B8%AD%E0%B8%95.aspx" "Mozilla/5.0 (Linux; Android 7.0;) AppleWebKit/537.36 (KHTML, like Gecko) Mobile Safari/537.36 (compatible; PetalBot;+https://webmaster.petalsearch.com/site/petalbot)"
57.141.14.94 - - [01/Jan/2026:11:08:54 +0800] "GET /superslot%20\xe0\xb9\x80\xe0\xb8\x84\xe0\xb8\xa3\xe0\xb8\x94\xe0\xb8\xb4\xe0\xb8\x95\xe0\xb8\x9f\xe0\xb8\xa3\xe0\xb8\xb5%2050%20\xe0\xb8\xa3\xe0\xb8\xb1\xe0\xb8\x9a%20otp.aspx HTTP/1.1" 404 170266 "-" "meta-externalagent/1.1 (+https://developers.facebook.com/docs/sharing/webmasters/crawler)"
103.4.122.14 - - [01/Jan/2026:11:11:01 +0800] "POST /wp-cron.php?doing_wp_cron=1767237061.3569660186767578125000 HTTP/1.1" 200 - "-" "WordPress/6.9; https://dandenongdaynursery.com.au"
216.244.66.241 - - [01/Jan/2026:11:11:00 +0800] "GET /robots.txt HTTP/1.1" 200 184 "-" "Mozilla/5.0 (compatible; DotBot/1.2; +https://opensiteexplorer.org/dotbot; help@moz.com)"
57.141.14.77 - - [01/Jan/2026:11:11:52 +0800] "GET /\xe0\xb8\xaa\xe0\xb8\xa5\xe0\xb9\x87\xe0\xb8\xad\xe0\xb8\x95pg\xe0\xb9\x80\xe0\xb8\xa7\xe0\xb9\x87\xe0\xb8\x9a\xe0\xb8\x95\xe0\xb8\xa3\xe0\xb8\x87.aspx HTTP/1.1" 404 170266 "-" "meta-externalagent/1.1 (+https://developers.facebook.com/docs/sharing/webmasters/crawler)"
103.4.122.14 - - [01/Jan/2026:11:12:25 +0800] "POST /wp-cron.php?doing_wp_cron=1767237145.2241079807281494140625 HTTP/1.1" 200 - "-" "WordPress/6.9; https://dandenongdaynursery.com.au"
114.119.133.126 - - [01/Jan/2026:11:12:23 +0800] "GET /%E0%B8%AA%E0%B8%A5%E0%B9%87%E0%B8%AD%E0%B8%95888%20pg.aspx HTTP/1.1" 404 170266 "https://dandenongdaynursery.com.au/%E0%B9%82%E0%B8%9B%E0%B8%A3%20%E0%B8%9D%E0%B8%B2%E0%B8%8110%E0%B8%A3%E0%B8%B1%E0%B8%9A100%20%E0%B8%96%E0%B8%AD%E0%B8%99%E0%B9%84%E0%B8%A1%E0%B9%88%E0%B8%AD%E0%B8%B1%E0%B9%89%E0%B8%99%20%E0%B8%A7%E0%B8%AD%E0%B9%80%E0%B8%A5%E0%B8%97.aspx" "Mozilla/5.0 (Linux; Android 7.0;) AppleWebKit/537.36 (KHTML, like Gecko) Mobile Safari/537.36 (compatible; PetalBot;+https://webmaster.petalsearch.com/site/petalbot)"
103.4.122.14 - - [01/Jan/2026:11:14:55 +0800] "POST /wp-cron.php?doing_wp_cron=1767237295.7036879062652587890625 HTTP/1.1" 200 - "-" "WordPress/6.9; https://dandenongdaynursery.com.au"
172.121.220.240 - - [01/Jan/2026:11:14:54 +0800] "HEAD / HTTP/1.1" 200 - "-" "Mozilla/5.0 (Linux; Android 10; K) AppleWebKit/537.36 (KHTML, like Gecko) Chrome/122.0.0.0 Mobile Safari/537.36"
104.232.199.152 - - [01/Jan/2026:11:14:55 +0800] "HEAD / HTTP/1.1" 301 - "-" "Mozilla/5.0 (iPhone; CPU iPhone OS 17_0_3 like Mac OS X) AppleWebKit/605.1.15 (KHTML, like Gecko) Version/17.0.1 Mobile/15E148 Safari/604.1"
172.121.220.240 - - [01/Jan/2026:11:14:56 +0800] "GET / HTTP/1.1" 200 37518 "-" "Mozilla/5.0 (Linux; Android 10; K) AppleWebKit/537.36 (KHTML, like Gecko) Chrome/122.0.0.0 Mobile Safari/537.36"
104.232.199.152 - - [01/Jan/2026:11:14:57 +0800] "GET / HTTP/1.1" 301 - "-" "Mozilla/5.0 (iPhone; CPU iPhone OS 17_0_3 like Mac OS X) AppleWebKit/605.1.15 (KHTML, like Gecko) Version/17.0.1 Mobile/15E148 Safari/604.1"
172.121.208.217 - - [01/Jan/2026:11:15:05 +0800] "GET / HTTP/1.1" 200 37523 "-" "Mozilla/5.0 (compatible; Konqueror/3; Linux)"
172.121.208.217 - - [01/Jan/2026:11:15:10 +0800] "GET /robots.txt HTTP/1.1" 200 135 "https://dandenongdaynursery.com.au/" "Mozilla/5.0 (compatible; Konqueror/3; Linux)"
172.121.208.217 - - [01/Jan/2026:11:15:11 +0800] "GET / HTTP/1.1" 200 26263 "-" "Mozilla/5.0 (compatible; Konqueror/3; Linux)"
172.121.208.217 - - [01/Jan/2026:11:15:14 +0800] "GET /contact/ HTTP/1.1" 200 17768 "-" "Mozilla/5.0 (compatible; Konqueror/3; Linux)"
172.121.208.217 - - [01/Jan/2026:11:15:16 +0800] "GET /minamberang-room/ HTTP/1.1" 200 23037 "-" "Mozilla/5.0 (compatible; Konqueror/3; Linux)"
172.121.208.217 - - [01/Jan/2026:11:15:19 +0800] "GET /warraworrap-room/ HTTP/1.1" 200 23490 "-" "Mozilla/5.0 (compatible; Konqueror/3; Linux)"
172.121.208.217 - - [01/Jan/2026:11:15:21 +0800] "GET /pike-room/ HTTP/1.1" 200 22846 "-" "Mozilla/5.0 (compatible; Konqueror/3; Linux)"
172.121.208.217 - - [01/Jan/2026:11:15:23 +0800] "GET /education-services/ HTTP/1.1" 200 22166 "-" "Mozilla/5.0 (compatible; Konqueror/3; Linux)"
172.121.208.217 - - [01/Jan/2026:11:15:26 +0800] "GET /about/ HTTP/1.1" 200 22303 "-" "Mozilla/5.0 (compatible; Konqueror/3; Linux)"
172.121.208.217 - - [01/Jan/2026:11:15:28 +0800] "GET /team/ HTTP/1.1" 200 23208 "-" "Mozilla/5.0 (compatible; Konqueror/3; Linux)"
172.121.208.217 - - [01/Jan/2026:11:15:31 +0800] "GET /murnong-room/ HTTP/1.1" 200 23034 "-" "Mozilla/5.0 (compatible; Konqueror/3; Linux)"
172.121.208.217 - - [01/Jan/2026:11:15:33 +0800] "GET /gallery/ HTTP/1.1" 200 25049 "-" "Mozilla/5.0 (compatible; Konqueror/3; Linux)"
104.194.198.96 - - [01/Jan/2026:11:15:37 +0800] "GET / HTTP/1.1" 301 - "-" "Mozilla/5.0 (Windows NT 10.0; Win64; x64) AppleWebKit/537.36 (KHTML, like Gecko) Chrome/120.0.0.0 Safari/537.36 Edg/120.0.2210.133"
104.194.198.96 - - [01/Jan/2026:11:15:39 +0800] "GET / HTTP/1.1" 200 37521 "-" "Mozilla/5.0 (Windows NT 10.0; Win64; x64) AppleWebKit/537.36 (KHTML, like Gecko) Chrome/120.0.0.0 Safari/537.36 Edg/120.0.2210.133"
114.119.146.142 - - [01/Jan/2026:11:15:41 +0800] "GET /%E0%B8%AA%E0%B8%A5%E0%B9%87%E0%B8%AD%E0%B8%95%20%E0%B8%9D%E0%B8%B2%E0%B8%81%209%20%E0%B8%9A%E0%B8%B2%E0%B8%97%20%E0%B9%84%E0%B8%94%E0%B9%89%20100%20%E0%B8%A5%E0%B9%88%E0%B8%B2%E0%B8%AA%E0%B8%B8%E0%B8%94%20%E0%B8%97%E0%B8%B8%E0%B8%81%E0%B8%84%E0%B9%88%E0%B8%B2%E0%B8%A2.aspx HTTP/1.1" 404 170266 "https://dandenongdaynursery.com.au/ufabet%20%E0%B9%80%E0%B8%82%E0%B9%89%E0%B8%B2%E0%B8%AA%E0%B8%B9%E0%B9%88%E0%B8%A3%E0%B8%B0%E0%B8%9A%E0%B8%9A.aspx" "Mozilla/5.0 (Linux; Android 7.0;) AppleWebKit/537.36 (KHTML, like Gecko) Mobile Safari/537.36 (compatible; PetalBot;+https://webmaster.petalsearch.com/site/petalbot)"
104.194.198.96 - - [01/Jan/2026:11:15:42 +0800] "GET /robots.txt HTTP/1.1" 301 - "https://dandenongdaynursery.com.au/" "Mozilla/5.0 (Windows NT 10.0; Win64; x64) AppleWebKit/537.36 (KHTML, like Gecko) Chrome/120.0.0.0 Safari/537.36 Edg/120.0.2210.133"
57.141.14.85 - - [01/Jan/2026:11:15:42 +0800] "GET /elementor-hf-sitemap.xml HTTP/1.1" 200 890 "-" "meta-externalagent/1.1 (+https://developers.facebook.com/docs/sharing/webmasters/crawler)"
104.194.198.96 - - [01/Jan/2026:11:15:43 +0800] "GET / HTTP/1.1" 301 - "-" "Mozilla/5.0 (Windows NT 10.0; Win64; x64) AppleWebKit/537.36 (KHTML, like Gecko) Chrome/120.0.0.0 Safari/537.36 Edg/120.0.2210.133"
103.4.122.14 - - [01/Jan/2026:11:15:57 +0800] "POST /wp-cron.php?doing_wp_cron=1767237356.8393878936767578125000 HTTP/1.1" 200 - "-" "WordPress/6.9; https://dandenongdaynursery.com.au"
107.172.123.94 - - [01/Jan/2026:11:15:55 +0800] "GET /wp-login.php HTTP/1.1" 200 2104 "-" "Mozilla/5.0 (X11; Ubuntu; Linux x86_64; rv:109.0) Gecko/20100101 Firefox/121.0"
103.4.122.14 - - [01/Jan/2026:11:17:15 +0800] "POST /wp-cron.php?doing_wp_cron=1767237435.5898931026458740234375 HTTP/1.1" 200 - "-" "WordPress/6.9; https://dandenongdaynursery.com.au"
114.119.141.116 - - [01/Jan/2026:11:17:14 +0800] "GET /%E0%B8%AA%E0%B8%A5%E0%B9%87%E0%B8%AD%E0%B8%95xo%20888.aspx HTTP/1.1" 404 170266 "https://dandenongdaynursery.com.au/pg%20auto.aspx" "Mozilla/5.0 (Linux; Android 7.0;) AppleWebKit/537.36 (KHTML, like Gecko) Mobile Safari/537.36 (compatible; PetalBot;+https://webmaster.petalsearch.com/site/petalbot)"
103.4.122.14 - - [01/Jan/2026:11:18:29 +0800] "POST /wp-cron.php?doing_wp_cron=1767237509.5845079421997070312500 HTTP/1.1" 200 - "-" "WordPress/6.9; https://dandenongdaynursery.com.au"
114.119.133.126 - - [01/Jan/2026:11:18:28 +0800] "GET /%E0%B8%97%E0%B8%B2%E0%B8%87%E0%B9%80%E0%B8%82%E0%B9%89%E0%B8%B2%E0%B8%AA%E0%B8%A5%E0%B9%87%E0%B8%AD%E0%B8%95168.aspx HTTP/1.1" 404 170266 "https://dandenongdaynursery.com.au/%E0%B8%AA%E0%B8%A5%E0%B9%87%E0%B8%AD%E0%B8%95%20%E0%B9%80%E0%B8%A7%E0%B9%87%E0%B8%9A%E0%B9%84%E0%B8%AB%E0%B8%99%E0%B8%94%E0%B8%B5%20%E0%B9%81%E0%B8%95%E0%B8%81%E0%B8%87%E0%B9%88%E0%B8%B2%E0%B8%A2.aspx" "Mozilla/5.0 (Linux; Android 7.0;) AppleWebKit/537.36 (KHTML, like Gecko) Mobile Safari/537.36 (compatible; PetalBot;+https://webmaster.petalsearch.com/site/petalbot)"
57.141.14.52 - - [01/Jan/2026:11:18:53 +0800] "GET /\xe0\xb8\xaa\xe0\xb8\xa5\xe0\xb9\x87\xe0\xb8\xad\xe0\xb8\x95%20\xe0\xb9\x80\xe0\xb8\xa7\xe0\xb9\x87\xe0\xb8\x9a\xe0\xb8\x95\xe0\xb8\xa3\xe0\xb8\x87.aspx HTTP/1.1" 404 170266 "-" "meta-externalagent/1.1 (+https://developers.facebook.com/docs/sharing/webmasters/crawler)"
103.4.122.14 - - [01/Jan/2026:11:21:38 +0800] "POST /wp-cron.php?doing_wp_cron=1767237698.5261039733886718750000 HTTP/1.1" 200 - "-" "WordPress/6.9; https://dandenongdaynursery.com.au"
57.141.14.7 - - [01/Jan/2026:11:21:37 +0800] "GET /\xe0\xb9\x80\xe0\xb8\x84\xe0\xb8\xa3\xe0\xb8\x94\xe0\xb8\xb4\xe0\xb8\x95\xe0\xb8\x9f\xe0\xb8\xa3\xe0\xb8\xb5\xe0\xb8\xa2\xe0\xb8\xb7\xe0\xb8\x99\xe0\xb8\xa2\xe0\xb8\xb1\xe0\xb8\x99\xe0\xb9\x80\xe0\xb8\x9a\xe0\xb8\xad\xe0\xb8\xa3\xe0\xb9\x8c.aspx HTTP/1.1" 404 170266 "-" "meta-externalagent/1.1 (+https://developers.facebook.com/docs/sharing/webmasters/crawler)"
103.4.122.14 - - [01/Jan/2026:11:23:35 +0800] "POST /wp-cron.php?doing_wp_cron=1767237814.9633800983428955078125 HTTP/1.1" 200 - "-" "WordPress/6.9; https://dandenongdaynursery.com.au"
57.141.14.23 - - [01/Jan/2026:11:23:33 +0800] "GET /sitemap_index.xml HTTP/1.1" 200 567 "-" "meta-externalagent/1.1 (+https://developers.facebook.com/docs/sharing/webmasters/crawler)"
216.244.66.241 - - [01/Jan/2026:11:24:56 +0800] "GET /wp-content/uploads/2023/03/Minamberang-2.jpg HTTP/1.1" 200 323636 "-" "Mozilla/5.0 (compatible; DotBot/1.2; +https://opensiteexplorer.org/dotbot; help@moz.com)"
103.4.122.14 - - [01/Jan/2026:11:27:55 +0800] "POST /wp-cron.php?doing_wp_cron=1767238075.0230720043182373046875 HTTP/1.1" 200 - "-" "WordPress/6.9; https://dandenongdaynursery.com.au"
57.141.14.83 - - [01/Jan/2026:11:27:53 +0800] "GET /\xe0\xb8\xaa\xe0\xb8\xb9\xe0\xb8\x95\xe0\xb8\xa3\xe0\xb8\xa2\xe0\xb8\xb5\xe0\xb9\x88\xe0\xb8\x81\xe0\xb8\xb5%20lottovip.aspx HTTP/1.1" 404 170266 "-" "meta-externalagent/1.1 (+https://developers.facebook.com/docs/sharing/webmasters/crawler)"
103.4.122.14 - - [01/Jan/2026:11:29:12 +0800] "POST /wp-cron.php?doing_wp_cron=1767238152.5221040248870849609375 HTTP/1.1" 200 - "-" "WordPress/6.9; https://dandenongdaynursery.com.au"
114.119.133.253 - - [01/Jan/2026:11:29:11 +0800] "GET /10%E0%B8%A3%E0%B8%B1%E0%B8%9A100.aspx HTTP/1.1" 404 170266 "https://dandenongdaynursery.com.au/m88%20%E0%B8%97%E0%B8%B2%E0%B8%87%E0%B9%80%E0%B8%82%E0%B9%89%E0%B8%B2.aspx" "Mozilla/5.0 (Linux; Android 7.0;) AppleWebKit/537.36 (KHTML, like Gecko) Mobile Safari/537.36 (compatible; PetalBot;+https://webmaster.petalsearch.com/site/petalbot)"
103.4.122.14 - - [01/Jan/2026:11:30:37 +0800] "POST /wp-cron.php?doing_wp_cron=1767238236.8405380249023437500000 HTTP/1.1" 200 - "-" "WordPress/6.9; https://dandenongdaynursery.com.au"
114.119.141.116 - - [01/Jan/2026:11:30:35 +0800] "GET /thaislot.aspx HTTP/1.1" 404 170266 "https://dandenongdaynursery.com.au/sbobet%20%E0%B8%A1%E0%B8%B7%E0%B8%AD%E0%B8%96%E0%B8%B7%E0%B8%AD777.aspx" "Mozilla/5.0 (Linux; Android 7.0;) AppleWebKit/537.36 (KHTML, like Gecko) Mobile Safari/537.36 (compatible; PetalBot;+https://webmaster.petalsearch.com/site/petalbot)"
57.141.14.87 - - [01/Jan/2026:11:31:18 +0800] "GET /sitemap.xml HTTP/1.1" 301 - "-" "meta-externalagent/1.1 (+https://developers.facebook.com/docs/sharing/webmasters/crawler)"
103.4.122.14 - - [01/Jan/2026:11:32:00 +0800] "POST /wp-cron.php?doing_wp_cron=1767238320.3810501098632812500000 HTTP/1.1" 200 - "-" "WordPress/6.9; https://dandenongdaynursery.com.au"
114.119.146.142 - - [01/Jan/2026:11:31:59 +0800] "GET /%E0%B8%AA%E0%B8%A5%E0%B9%87%E0%B8%AD%E0%B8%9569.aspx HTTP/1.1" 404 170266 "https://dandenongdaynursery.com.au/ufabet%20wallet%20777.aspx" "Mozilla/5.0 (Linux; Android 7.0;) AppleWebKit/537.36 (KHTML, like Gecko) Mobile Safari/537.36 (compatible; PetalBot;+https://webmaster.petalsearch.com/site/petalbot)"
103.4.122.14 - - [01/Jan/2026:11:33:27 +0800] "POST /wp-cron.php?doing_wp_cron=1767238407.4080569744110107421875 HTTP/1.1" 200 - "-" "WordPress/6.9; https://dandenongdaynursery.com.au"
114.119.148.103 - - [01/Jan/2026:11:33:26 +0800] "GET /%E0%B8%94%E0%B8%B2%E0%B8%A7%E0%B8%99%E0%B9%8C%E0%B9%82%E0%B8%AB%E0%B8%A5%E0%B8%94slotxoth.aspx HTTP/1.1" 404 170266 "https://dandenongdaynursery.com.au/%E0%B9%82%E0%B8%9B%E0%B8%A3%20%E0%B8%9D%E0%B8%B2%E0%B8%8110%E0%B8%A3%E0%B8%B1%E0%B8%9A100%20%E0%B8%96%E0%B8%AD%E0%B8%99%E0%B9%84%E0%B8%A1%E0%B9%88%E0%B8%AD%E0%B8%B1%E0%B9%89%E0%B8%99%20%E0%B8%A7%E0%B8%AD%E0%B9%80%E0%B8%A5%E0%B8%97.aspx" "Mozilla/5.0 (Linux; Android 7.0;) AppleWebKit/537.36 (KHTML, like Gecko) Mobile Safari/537.36 (compatible; PetalBot;+https://webmaster.petalsearch.com/site/petalbot)"
103.4.122.14 - - [01/Jan/2026:11:34:46 +0800] "POST /wp-cron.php?doing_wp_cron=1767238486.0414290428161621093750 HTTP/1.1" 200 - "-" "WordPress/6.9; https://dandenongdaynursery.com.au"
114.119.131.136 - - [01/Jan/2026:11:34:44 +0800] "GET /pg%20slot%20vegas.aspx HTTP/1.1" 404 170266 "https://dandenongdaynursery.com.au/auto%20slot.aspx" "Mozilla/5.0 (Linux; Android 7.0;) AppleWebKit/537.36 (KHTML, like Gecko) Mobile Safari/537.36 (compatible; PetalBot;+https://webmaster.petalsearch.com/site/petalbot)"
59.125.102.227 - - [01/Jan/2026:11:35:10 +0800] "POST /xmlrpc.php HTTP/1.1" 200 206 "-" "Mozilla/5.0 (Windows NT 10.0; Win64; x64; rv:97.0) Gecko/20100101 Firefox/97.0"
57.141.14.2 - - [01/Jan/2026:11:35:41 +0800] "GET /pg%20slot%20wallet%20\xe0\xb9\x84\xe0\xb8\xa1\xe0\xb9\x88\xe0\xb8\xa1\xe0\xb8\xb5\xe0\xb8\x82\xe0\xb8\xb1\xe0\xb9\x89\xe0\xb8\x99\xe0\xb8\x95\xe0\xb9\x88\xe0\xb8\xb3.aspx HTTP/1.1" 404 170266 "-" "meta-externalagent/1.1 (+https://developers.facebook.com/docs/sharing/webmasters/crawler)"
103.4.122.14 - - [01/Jan/2026:11:37:06 +0800] "POST /wp-cron.php?doing_wp_cron=1767238626.3066279888153076171875 HTTP/1.1" 200 - "-" "WordPress/6.9; https://dandenongdaynursery.com.au"
57.141.14.75 - - [01/Jan/2026:11:37:04 +0800] "GET /news-sitemap.xml HTTP/1.1" 404 170266 "-" "meta-externalagent/1.1 (+https://developers.facebook.com/docs/sharing/webmasters/crawler)"
103.4.122.14 - - [01/Jan/2026:11:38:11 +0800] "POST /wp-cron.php?doing_wp_cron=1767238691.3163878917694091796875 HTTP/1.1" 200 - "-" "WordPress/6.9; https://dandenongdaynursery.com.au"
57.141.14.86 - - [01/Jan/2026:11:38:10 +0800] "GET /\xe0\xb8\xaa\xe0\xb8\xa5\xe0\xb9\x87\xe0\xb8\xad\xe0\xb8\x95%20g2g.aspx HTTP/1.1" 404 170266 "-" "meta-externalagent/1.1 (+https://developers.facebook.com/docs/sharing/webmasters/crawler)"
103.4.122.14 - - [01/Jan/2026:11:39:37 +0800] "POST /wp-cron.php?doing_wp_cron=1767238777.6311099529266357421875 HTTP/1.1" 200 - "-" "WordPress/6.9; https://dandenongdaynursery.com.au"
57.141.14.21 - - [01/Jan/2026:11:39:36 +0800] "GET /winner55%20\xe0\xb8\x97\xe0\xb8\xb2\xe0\xb8\x87\xe0\xb9\x80\xe0\xb8\x82\xe0\xb9\x89\xe0\xb8\xb2%20\xe0\xb8\xaa\xe0\xb8\xa5\xe0\xb9\x87\xe0\xb8\xad\xe0\xb8\x95.aspx HTTP/1.1" 404 170266 "-" "meta-externalagent/1.1 (+https://developers.facebook.com/docs/sharing/webmasters/crawler)"
103.4.122.14 - - [01/Jan/2026:11:41:35 +0800] "POST /wp-cron.php?doing_wp_cron=1767238895.1357789039611816406250 HTTP/1.1" 200 - "-" "WordPress/6.9; https://dandenongdaynursery.com.au"
146.174.170.225 - - [01/Jan/2026:11:41:33 +0800] "GET / HTTP/1.1" 200 37523 "-" "Mozilla/5.0 (Macintosh; U; PPC Mac OS X; en) AppleWebKit/312.5.2 (KHTML, like Gecko) Safari/312.3.3"
