114.119.146.142 - - [01/Jan/2026:12:28:00 +0800] "GET /slot%20wallet%20777%20auto.aspx HTTP/1.1" 404 170266 "https://dandenongdaynursery.com.au/%E0%B8%9C%E0%B8%A5%20%E0%B8%9A%E0%B8%AD%E0%B8%A5%20vip.aspx" "Mozilla/5.0 (Linux; Android 7.0;) AppleWebKit/537.36 (KHTML, like Gecko) Mobile Safari/537.36 (compatible; PetalBot;+https://webmaster.petalsearch.com/site/petalbot)"
103.4.122.14 - - [01/Jan/2026:12:29:13 +0800] "POST /wp-cron.php?doing_wp_cron=1767241753.4523808956146240234375 HTTP/1.1" 200 - "-" "WordPress/6.9; https://dandenongdaynursery.com.au"
57.128.117.142 - - [01/Jan/2026:12:29:12 +0800] "POST /xmlrpc.php HTTP/1.1" 200 206 "-" "Mozilla/5.0 (Windows NT 10.0; Win64; x64; rv:53.0) Gecko/20100101 Firefox/53.0"
114.119.153.131 - - [01/Jan/2026:12:29:23 +0800] "GET /pg%20game%20slot.aspx HTTP/1.1" 404 170266 "https://dandenongdaynursery.com.au/gallery" "Mozilla/5.0 (Linux; Android 7.0;) AppleWebKit/537.36 (KHTML, like Gecko) Mobile Safari/537.36 (compatible; PetalBot;+https://webmaster.petalsearch.com/site/petalbot)"
103.4.122.14 - - [01/Jan/2026:12:30:50 +0800] "POST /wp-cron.php?doing_wp_cron=1767241850.5330801010131835937500 HTTP/1.1" 200 - "-" "WordPress/6.9; https://dandenongdaynursery.com.au"
114.119.141.116 - - [01/Jan/2026:12:30:49 +0800] "GET /888%20%E0%B8%AA%E0%B8%A5%E0%B9%87%E0%B8%AD%E0%B8%95.aspx HTTP/1.1" 404 170266 "https://dandenongdaynursery.com.au/slot1688.aspx" "Mozilla/5.0 (Linux; Android 7.0;) AppleWebKit/537.36 (KHTML, like Gecko) Mobile Safari/537.36 (compatible; PetalBot;+https://webmaster.petalsearch.com/site/petalbot)"
103.4.122.14 - - [01/Jan/2026:12:32:12 +0800] "POST /wp-cron.php?doing_wp_cron=1767241932.5222959518432617187500 HTTP/1.1" 200 - "-" "WordPress/6.9; https://dandenongdaynursery.com.au"
114.119.153.131 - - [01/Jan/2026:12:32:11 +0800] "GET /%E0%B9%80%E0%B8%A7%E0%B9%87%E0%B8%9A%E0%B8%AA%E0%B8%A5%E0%B9%87%E0%B8%AD%E0%B8%95%E0%B9%83%E0%B8%AB%E0%B8%A1%E0%B9%88%E0%B8%A5%E0%B9%88%E0%B8%B2%E0%B8%AA%E0%B8%B8%E0%B8%94.aspx HTTP/1.1" 404 170266 "https://dandenongdaynursery.com.au/joker%20slot%20%E0%B9%80%E0%B8%A7%E0%B9%87%E0%B8%9A%E0%B8%95%E0%B8%A3%E0%B8%87.aspx" "Mozilla/5.0 (Linux; Android 7.0;) AppleWebKit/537.36 (KHTML, like Gecko) Mobile Safari/537.36 (compatible; PetalBot;+https://webmaster.petalsearch.com/site/petalbot)"
103.4.122.14 - - [01/Jan/2026:12:33:38 +0800] "POST /wp-cron.php?doing_wp_cron=1767242018.6382429599761962890625 HTTP/1.1" 200 - "-" "WordPress/6.9; https://dandenongdaynursery.com.au"
114.119.144.65 - - [01/Jan/2026:12:33:37 +0800] "GET /%E0%B9%80%E0%B8%A7%E0%B9%87%E0%B8%9A%E0%B8%9A%E0%B8%B2%E0%B8%84%E0%B8%B2%E0%B8%A3%E0%B9%88%E0%B8%B2%E0%B8%97%E0%B8%B5%E0%B9%88%E0%B8%84%E0%B8%99%E0%B9%80%E0%B8%A5%E0%B9%88%E0%B8%99%E0%B9%80%E0%B8%A2%E0%B8%AD%E0%B8%B0%E0%B8%97%E0%B8%B5%E0%B9%88%E0%B8%AA%E0%B8%B8%E0%B8%94.aspx HTTP/1.1" 404 170266 "https://dandenongdaynursery.com.au/sbobet%20%E0%B8%97%E0%B8%B2%E0%B8%87%E0%B9%80%E0%B8%82%E0%B9%89%E0%B8%B2.aspx" "Mozilla/5.0 (Linux; Android 7.0;) AppleWebKit/537.36 (KHTML, like Gecko) Mobile Safari/537.36 (compatible; PetalBot;+https://webmaster.petalsearch.com/site/petalbot)"
103.4.122.14 - - [01/Jan/2026:12:34:40 +0800] "POST /wp-cron.php?doing_wp_cron=1767242080.3060228824615478515625 HTTP/1.1" 200 - "-" "WordPress/6.9; https://dandenongdaynursery.com.au"
18.246.10.26 - - [01/Jan/2026:12:34:39 +0800] "GET / HTTP/1.1" 301 - "-" "Mozilla/5.0 (Windows NT 10.0; Win64; x64; rv:136.0) Gecko/20100101 Firefox/136."
18.246.10.26 - - [01/Jan/2026:12:34:45 +0800] "GET / HTTP/1.1" 200 37520 "-" "Mozilla/5.0 (Windows NT 10.0; Win64; x64; rv:136.0) Gecko/20100101 Firefox/136."
114.119.144.65 - - [01/Jan/2026:12:34:58 +0800] "GET /%E0%B8%97%E0%B8%B2%E0%B8%87%E0%B9%80%E0%B8%82%E0%B9%89%E0%B8%B2superslot.aspx HTTP/1.1" 404 170266 "https://dandenongdaynursery.com.au/%E0%B8%AA%E0%B8%A5%E0%B9%87%E0%B8%AD%E0%B8%95%E0%B8%84%E0%B9%88%E0%B8%B2%E0%B8%A2%E0%B9%83%E0%B8%AB%E0%B8%8D%E0%B9%88.aspx" "Mozilla/5.0 (Linux; Android 7.0;) AppleWebKit/537.36 (KHTML, like Gecko) Mobile Safari/537.36 (compatible; PetalBot;+https://webmaster.petalsearch.com/site/petalbot)"
103.4.122.14 - - [01/Jan/2026:12:36:21 +0800] "POST /wp-cron.php?doing_wp_cron=1767242181.7287020683288574218750 HTTP/1.1" 200 - "-" "WordPress/6.9; https://dandenongdaynursery.com.au"
114.119.133.126 - - [01/Jan/2026:12:36:20 +0800] "GET /home/testimonials/bluebg/ HTTP/1.1" 404 170218 "-" "Mozilla/5.0 (Linux; Android 7.0;) AppleWebKit/537.36 (KHTML, like Gecko) Mobile Safari/537.36 (compatible; PetalBot;+https://webmaster.petalsearch.com/site/petalbot)"
45.119.81.168 - - [01/Jan/2026:12:37:18 +0800] "GET /wp-login.php HTTP/1.1" 200 2104 "-" "Mozilla/5.0 (Windows NT 10.0; WOW64; Trident/7.0; Touch; LCJB; rv:11.0) like Gecko"
103.4.122.14 - - [01/Jan/2026:12:37:23 +0800] "POST /wp-cron.php?doing_wp_cron=1767242243.6071879863739013671875 HTTP/1.1" 200 - "-" "WordPress/6.9; https://dandenongdaynursery.com.au"
45.119.81.168 - - [01/Jan/2026:12:37:22 +0800] "POST /wp-login.php HTTP/1.1" 200 2237 "https://dandenongdaynursery.com.au/wp-login.php" "Mozilla/5.0 (Windows NT 10.0; WOW64; Trident/7.0; Touch; LCJB; rv:11.0) like Gecko"
114.119.131.136 - - [01/Jan/2026:12:37:44 +0800] "GET /slot%2099.aspx HTTP/1.1" 404 170266 "https://dandenongdaynursery.com.au/ufa369%20%E0%B8%97%E0%B8%B2%E0%B8%87%E0%B9%80%E0%B8%82%E0%B9%89%E0%B8%B2.aspx" "Mozilla/5.0 (Linux; Android 7.0;) AppleWebKit/537.36 (KHTML, like Gecko) Mobile Safari/537.36 (compatible; PetalBot;+https://webmaster.petalsearch.com/site/petalbot)"
104.210.140.140 - - [01/Jan/2026:12:37:54 +0800] "GET /robots.txt HTTP/1.1" 200 135 "-" "Mozilla/5.0 (Macintosh; Intel Mac OS X 10_15_7) AppleWebKit/537.36 (KHTML, like Gecko) Chrome/131.0.0.0 Safari/537.36; compatible; OAI-SearchBot/1.0; +https://openai.com/searchbot"
103.4.122.14 - - [01/Jan/2026:12:39:09 +0800] "POST /wp-cron.php?doing_wp_cron=1767242349.6187930107116699218750 HTTP/1.1" 200 - "-" "WordPress/6.9; https://dandenongdaynursery.com.au"
114.119.148.103 - - [01/Jan/2026:12:39:08 +0800] "GET /%E0%B8%97%E0%B8%94%E0%B8%A5%E0%B8%AD%E0%B8%87%E0%B9%80%E0%B8%A5%E0%B9%88%E0%B8%99%E0%B8%AA%E0%B8%A5%E0%B9%87%E0%B8%AD%E0%B8%95%E0%B8%9F%E0%B8%A3%E0%B8%B5%20100%20%E0%B8%9A%E0%B8%B2%E0%B8%97.aspx HTTP/1.1" 404 170266 "https://dandenongdaynursery.com.au/%E0%B8%AA%E0%B8%A5%E0%B9%87%E0%B8%AD%E0%B8%95%E0%B9%80%E0%B8%A7%E0%B9%87%E0%B8%9A%E0%B8%99%E0%B8%AD%E0%B8%81%20%E0%B8%A5%E0%B8%B4%E0%B8%82%E0%B8%AA%E0%B8%B4%E0%B8%97%E0%B8%98%E0%B8%B4%E0%B9%8C%E0%B9%81%E0%B8%97%E0%B9%89.aspx" "Mozilla/5.0 (Linux; Android 7.0;) AppleWebKit/537.36 (KHTML, like Gecko) Mobile Safari/537.36 (compatible; PetalBot;+https://webmaster.petalsearch.com/site/petalbot)"
103.4.122.14 - - [01/Jan/2026:12:41:55 +0800] "POST /wp-cron.php?doing_wp_cron=1767242515.2520790100097656250000 HTTP/1.1" 200 - "-" "WordPress/6.9; https://dandenongdaynursery.com.au"
114.119.133.253 - - [01/Jan/2026:12:41:53 +0800] "GET /superslot168%20wallet.aspx HTTP/1.1" 404 170266 "https://dandenongdaynursery.com.au/%E0%B8%AA%E0%B8%A5%E0%B9%87%E0%B8%AD%E0%B8%95%20xo%20%E0%B9%80%E0%B8%A7%E0%B9%87%E0%B8%9A%E0%B8%95%E0%B8%A3%E0%B8%87%20%E0%B8%9D%E0%B8%B2%E0%B8%81%E0%B8%96%E0%B8%AD%E0%B8%99%20%E0%B9%84%E0%B8%A1%E0%B9%88%E0%B8%A1%E0%B8%B5%20%E0%B8%82%E0%B8%B1%E0%B9%89%E0%B8%99%E0%B8%95%E0%B9%88%E0%B8%B3.aspx" "Mozilla/5.0 (Linux; Android 7.0;) AppleWebKit/537.36 (KHTML, like Gecko) Mobile Safari/537.36 (compatible; PetalBot;+https://webmaster.petalsearch.com/site/petalbot)"
114.119.144.65 - - [01/Jan/2026:12:42:37 +0800] "GET /%E0%B9%81%E0%B8%AD%E0%B8%9E%E0%B8%AA%E0%B8%A5%E0%B9%87%E0%B8%AD%E0%B8%95.aspx HTTP/1.1" 404 170266 "https://dandenongdaynursery.com.au/%E0%B9%80%E0%B8%A7%E0%B9%87%E0%B8%9A%E0%B8%95%E0%B8%A3%E0%B8%87%20%E0%B8%AA%E0%B8%A5%E0%B9%87%E0%B8%AD%E0%B8%95%E0%B8%9D%E0%B8%B2%E0%B8%81%E0%B8%96%E0%B8%AD%E0%B8%99%20%E0%B9%84%E0%B8%A1%E0%B9%88%E0%B8%A1%E0%B8%B5%20%E0%B8%82%E0%B8%B1%E0%B9%89%E0%B8%99%E0%B8%95%E0%B9%88%E0%B9%8D%E0%B8%B2%201%20%E0%B8%9A%E0%B8%B2%E0%B8%97%E0%B8%81%E0%B9%87%20%E0%B8%96%E0%B8%AD%E0%B8%99%E0%B9%84%E0%B8%94%E0%B9%89.aspx" "Mozilla/5.0 (Linux; Android 7.0;) AppleWebKit/537.36 (KHTML, like Gecko) Mobile Safari/537.36 (compatible; PetalBot;+https://webmaster.petalsearch.com/site/petalbot)"
103.4.122.14 - - [01/Jan/2026:12:43:27 +0800] "POST /wp-cron.php?doing_wp_cron=1767242607.7687289714813232421875 HTTP/1.1" 200 - "-" "WordPress/6.9; https://dandenongdaynursery.com.au"
114.119.133.126 - - [01/Jan/2026:12:43:26 +0800] "GET /superslot%20%E0%B9%80%E0%B8%84%E0%B8%A3%E0%B8%94%E0%B8%B4%E0%B8%95%E0%B8%9F%E0%B8%A3%E0%B8%B5%2050%20%E0%B8%A2%E0%B8%B7%E0%B8%99%E0%B8%A2%E0%B8%B1%E0%B8%99%E0%B9%80%E0%B8%9A%E0%B8%AD%E0%B8%A3%E0%B9%8C%20%E0%B8%A3%E0%B8%B1%E0%B8%9A%E0%B9%80%E0%B8%84%E0%B8%A3%E0%B8%94%E0%B8%B4%E0%B8%95%20%E0%B9%80%E0%B8%A5%E0%B8%A2.aspx HTTP/1.1" 404 170266 "https://dandenongdaynursery.com.au/%E0%B9%80%E0%B8%A7%E0%B9%87%E0%B8%9A%E0%B8%AA%E0%B8%A5%E0%B9%87%E0%B8%AD%E0%B8%95%E0%B9%80%E0%B8%84%E0%B8%A3%E0%B8%94%E0%B8%B4%E0%B8%95%E0%B8%9F%E0%B8%A3%E0%B8%B5.aspx" "Mozilla/5.0 (Linux; Android 7.0;) AppleWebKit/537.36 (KHTML, like Gecko) Mobile Safari/537.36 (compatible; PetalBot;+https://webmaster.petalsearch.com/site/petalbot)"
103.4.122.14 - - [01/Jan/2026:12:44:47 +0800] "POST /wp-cron.php?doing_wp_cron=1767242687.2711141109466552734375 HTTP/1.1" 200 - "-" "WordPress/6.9; https://dandenongdaynursery.com.au"
114.119.144.65 - - [01/Jan/2026:12:44:45 +0800] "GET /%E0%B8%AA%E0%B8%A5%E0%B9%87%E0%B8%AD%E0%B8%95%E0%B8%97%E0%B8%94%E0%B8%A5%E0%B8%AD%E0%B8%87%E0%B9%80%E0%B8%A5%E0%B9%88%E0%B8%99.aspx HTTP/1.1" 404 170266 "https://dandenongdaynursery.com.au/%E0%B8%9B%E0%B8%B1%E0%B9%88%E0%B8%99%E0%B8%AA%E0%B8%A5%E0%B9%87%E0%B8%AD%E0%B8%95%20%E0%B9%80%E0%B8%A7%E0%B9%87%E0%B8%9A%E0%B9%84%E0%B8%AB%E0%B8%99%E0%B8%94%E0%B8%B5.aspx" "Mozilla/5.0 (Linux; Android 7.0;) AppleWebKit/537.36 (KHTML, like Gecko) Mobile Safari/537.36 (compatible; PetalBot;+https://webmaster.petalsearch.com/site/petalbot)"
103.4.122.14 - - [01/Jan/2026:12:46:08 +0800] "POST /wp-cron.php?doing_wp_cron=1767242768.6923770904541015625000 HTTP/1.1" 200 - "-" "WordPress/6.9; https://dandenongdaynursery.com.au"
114.119.146.142 - - [01/Jan/2026:12:46:07 +0800] "GET /%E0%B8%AA%E0%B8%A5%E0%B9%87%E0%B8%AD%E0%B8%95%20%E0%B8%9D%E0%B8%B2%E0%B8%81%E0%B8%96%E0%B8%AD%E0%B8%99%20true%20wallet%20%E0%B9%80%E0%B8%A7%E0%B9%87%E0%B8%9A%E0%B8%95%E0%B8%A3%E0%B8%87%20%E0%B8%A5%E0%B9%88%E0%B8%B2%E0%B8%AA%E0%B8%B8%E0%B8%94.aspx HTTP/1.1" 404 170266 "https://dandenongdaynursery.com.au/%E0%B8%A2%E0%B8%B7%E0%B8%99%E0%B8%A2%E0%B8%B1%E0%B8%99%E0%B9%80%E0%B8%9A%E0%B8%AD%E0%B8%A3%E0%B9%8C%20%E0%B8%A3%E0%B8%B1%E0%B8%9A%E0%B9%80%E0%B8%84%E0%B8%A3%E0%B8%94%E0%B8%B4%E0%B8%95%E0%B8%9F%E0%B8%A3%E0%B8%B5.aspx" "Mozilla/5.0 (Linux; Android 7.0;) AppleWebKit/537.36 (KHTML, like Gecko) Mobile Safari/537.36 (compatible; PetalBot;+https://webmaster.petalsearch.com/site/petalbot)"
192.144.148.122 - - [01/Jan/2026:12:47:05 +0800] "GET / HTTP/1.1" 403 199 "-" "Mozilla/5.0 (iPhone; CPU iPhone OS 13_2_3 like Mac OS X) AppleWebKit/605.1.15 (KHTML, like Gecko) Version/13.0.3 Mobile/15E148 Safari/604.1"
103.4.122.14 - - [01/Jan/2026:12:47:41 +0800] "POST /wp-cron.php?doing_wp_cron=1767242861.1479630470275878906250 HTTP/1.1" 200 - "-" "WordPress/6.9; https://dandenongdaynursery.com.au"
114.119.144.65 - - [01/Jan/2026:12:47:39 +0800] "GET /pg%20slot.aspx HTTP/1.1" 404 170266 "https://dandenongdaynursery.com.au/%E0%B8%AA%E0%B8%A5%E0%B9%87%E0%B8%AD%E0%B8%95%E0%B8%A3%E0%B8%B1%E0%B8%9A%E0%B9%80%E0%B8%84%E0%B8%A3%E0%B8%94%E0%B8%B4%E0%B8%95%E0%B8%9F%E0%B8%A3%E0%B8%B5.aspx" "Mozilla/5.0 (Linux; Android 7.0;) AppleWebKit/537.36 (KHTML, like Gecko) Mobile Safari/537.36 (compatible; PetalBot;+https://webmaster.petalsearch.com/site/petalbot)"
107.21.153.187 - - [01/Jan/2026:12:48:12 +0800] "GET / HTTP/1.1" 301 - "-" "Mozilla/5.0 (Windows NT 10.0; Win64; x64) AppleWebKit/537.36 (KHTML, like Gecko) Chrome/86.0.4240.75 Safari/537.36"
107.21.153.187 - - [01/Jan/2026:12:48:14 +0800] "GET / HTTP/1.1" 200 37518 "-" "Mozilla/5.0 (Windows NT 10.0; Win64; x64) AppleWebKit/537.36 (KHTML, like Gecko) Chrome/86.0.4240.75 Safari/537.36"
103.4.122.14 - - [01/Jan/2026:12:48:41 +0800] "POST /wp-cron.php?doing_wp_cron=1767242921.9101259708404541015625 HTTP/1.1" 200 - "-" "WordPress/6.9; https://dandenongdaynursery.com.au"
192.36.109.90 - - [01/Jan/2026:12:48:40 +0800] "GET / HTTP/1.1" 301 - "-" "Mozilla/5.0 (Android 14; Mobile; rv:123.0) Gecko/123.0 Firefox/123"
192.36.109.70 - - [01/Jan/2026:12:48:43 +0800] "GET / HTTP/1.1" 200 37521 "http://dandenongdaynursery.com.au/" "Mozilla/5.0 (Android 14; Mobile; rv:123.0) Gecko/123.0 Firefox/123"
192.36.109.105 - - [01/Jan/2026:12:48:45 +0800] "GET /education-services/ HTTP/1.1" 200 33415 "-" "Mozilla/5.0 (Android 14; Mobile; rv:123.0) Gecko/123.0 Firefox/123"
192.36.109.128 - - [01/Jan/2026:12:48:48 +0800] "GET /minamberang-room/ HTTP/1.1" 200 34279 "-" "Mozilla/5.0 (Android 14; Mobile; rv:123.0) Gecko/123.0 Firefox/123"
192.36.109.78 - - [01/Jan/2026:12:48:51 +0800] "GET /warraworrap-room/ HTTP/1.1" 200 34726 "-" "Mozilla/5.0 (Android 14; Mobile; rv:123.0) Gecko/123.0 Firefox/123"
114.119.153.131 - - [01/Jan/2026:12:48:55 +0800] "GET /%E0%B8%97%E0%B8%94%E0%B8%A5%E0%B8%AD%E0%B8%87%E0%B9%80%E0%B8%A5%E0%B9%88%E0%B8%99%E0%B8%AA%E0%B8%A5%E0%B9%87%E0%B8%AD%E0%B8%95%20pg%20%E0%B8%8B%E0%B8%B7%E0%B9%89%E0%B8%AD%20%E0%B8%9F%E0%B8%A3%E0%B8%B5%20%E0%B8%AA%20%E0%B8%9B%E0%B8%B4%20%E0%B8%99%20%E0%B9%84%E0%B8%94%E0%B9%89%20%E0%B9%84%E0%B8%A1%E0%B9%88%20%E0%B9%80%E0%B8%94%E0%B9%89%E0%B8%87.aspx HTTP/1.1" 404 170266 "https://dandenongdaynursery.com.au/%E0%B8%97%E0%B8%B2%E0%B8%87%E0%B9%80%E0%B8%82%E0%B9%89%E0%B8%B2pg%20%E0%B8%A1%E0%B8%B7%E0%B8%AD%E0%B8%96%E0%B8%B7%E0%B8%AD.aspx" "Mozilla/5.0 (Linux; Android 7.0;) AppleWebKit/537.36 (KHTML, like Gecko) Mobile Safari/537.36 (compatible; PetalBot;+https://webmaster.petalsearch.com/site/petalbot)"
103.4.122.14 - - [01/Jan/2026:12:50:22 +0800] "POST /wp-cron.php?doing_wp_cron=1767243022.5554180145263671875000 HTTP/1.1" 200 - "-" "WordPress/6.9; https://dandenongdaynursery.com.au"
114.119.146.142 - - [01/Jan/2026:12:50:21 +0800] "GET /lotto%20vip%20%E0%B9%80%E0%B8%82%E0%B9%89%E0%B8%B2%E0%B8%AA%E0%B8%B9%E0%B9%88%E0%B8%A3%E0%B8%B0%E0%B8%9A%E0%B8%9A.aspx HTTP/1.1" 404 170266 "https://dandenongdaynursery.com.au/%E0%B8%97%E0%B8%B2%E0%B8%87%E0%B9%80%E0%B8%82%E0%B9%89%E0%B8%B2%20sbobet%20%E0%B8%A1%E0%B8%B7%E0%B8%AD%20%E0%B8%96%E0%B8%B7%E0%B8%AD.aspx" "Mozilla/5.0 (Linux; Android 7.0;) AppleWebKit/537.36 (KHTML, like Gecko) Mobile Safari/537.36 (compatible; PetalBot;+https://webmaster.petalsearch.com/site/petalbot)"
103.4.122.14 - - [01/Jan/2026:12:51:42 +0800] "POST /wp-cron.php?doing_wp_cron=1767243102.6783599853515625000000 HTTP/1.1" 200 - "-" "WordPress/6.9; https://dandenongdaynursery.com.au"
114.119.146.142 - - [01/Jan/2026:12:51:41 +0800] "GET /%E0%B8%97%E0%B8%B2%E0%B8%87%E0%B9%80%E0%B8%82%E0%B9%89%E0%B8%B2%E0%B8%AA%E0%B9%82%E0%B8%9A%E0%B9%80%E0%B8%9A%E0%B9%87%E0%B8%95.aspx HTTP/1.1" 404 170218 "http://dandenongdaynursery.com.au/%E0%B9%80%E0%B8%9A%20%E0%B8%97%20365.aspx" "Mozilla/5.0 (Linux; Android 7.0;) AppleWebKit/537.36 (KHTML, like Gecko) Mobile Safari/537.36 (compatible; PetalBot;+https://webmaster.petalsearch.com/site/petalbot)"
103.4.122.14 - - [01/Jan/2026:12:53:05 +0800] "POST /wp-cron.php?doing_wp_cron=1767243185.5845739841461181640625 HTTP/1.1" 200 - "-" "WordPress/6.9; https://dandenongdaynursery.com.au"
114.119.131.136 - - [01/Jan/2026:12:53:04 +0800] "GET /%E0%B8%97%E0%B8%B2%E0%B8%87%20%E0%B9%80%E0%B8%82%E0%B9%89%E0%B8%B2%20sbobet.aspx HTTP/1.1" 404 170218 "https://dandenongdaynursery.com.au/joker999.aspx" "Mozilla/5.0 (Linux; Android 7.0;) AppleWebKit/537.36 (KHTML, like Gecko) Mobile Safari/537.36 (compatible; PetalBot;+https://webmaster.petalsearch.com/site/petalbot)"
103.4.122.14 - - [01/Jan/2026:12:56:32 +0800] "POST /wp-cron.php?doing_wp_cron=1767243392.5290160179138183593750 HTTP/1.1" 200 - "-" "WordPress/6.9; https://dandenongdaynursery.com.au"
114.119.146.142 - - [01/Jan/2026:12:56:31 +0800] "GET /sbobet%20%E0%B8%A1%E0%B8%B7%E0%B8%AD%E0%B8%96%E0%B8%B7%E0%B8%AD.aspx HTTP/1.1" 404 170266 "https://dandenongdaynursery.com.au/%E0%B9%80%E0%B8%A7%E0%B9%87%E0%B8%9A%E0%B8%AA%E0%B8%A5%E0%B9%87%E0%B8%AD%E0%B8%95%E0%B9%80%E0%B8%A7%E0%B9%87%E0%B8%9A%E0%B8%95%E0%B8%A3%E0%B8%87%E0%B8%84%E0%B9%88%E0%B8%B2%E0%B8%A2%E0%B9%83%E0%B8%AB%E0%B8%8D%E0%B9%88.aspx" "Mozilla/5.0 (Linux; Android 7.0;) AppleWebKit/537.36 (KHTML, like Gecko) Mobile Safari/537.36 (compatible; PetalBot;+https://webmaster.petalsearch.com/site/petalbot)"
103.4.122.14 - - [01/Jan/2026:12:58:36 +0800] "POST /wp-cron.php?doing_wp_cron=1767243516.8041560649871826171875 HTTP/1.1" 200 - "-" "WordPress/6.9; https://dandenongdaynursery.com.au"
43.173.174.51 - - [01/Jan/2026:12:58:35 +0800] "GET / HTTP/1.1" 301 - "-" "Mozilla/5.0 (Windows NT 10.0; Win64; x64) AppleWebKit/537.36 (KHTML, like Gecko) Chrome/104.0.5112.81 Safari/537.36"
43.173.174.51 - - [01/Jan/2026:12:58:37 +0800] "GET / HTTP/1.1" 200 37524 "http://dandenongdaynursery.com.au/" "Mozilla/5.0 (Windows NT 10.0; Win64; x64) AppleWebKit/537.36 (KHTML, like Gecko) Chrome/104.0.5112.81 Safari/537.36"
103.4.122.14 - - [01/Jan/2026:13:00:09 +0800] "POST /wp-cron.php?doing_wp_cron=1767243609.2093930244445800781250 HTTP/1.1" 200 - "-" "WordPress/6.9; https://dandenongdaynursery.com.au"
178.20.42.76 - - [01/Jan/2026:13:00:07 +0800] "GET / HTTP/1.0" 200 260934 "https://dandenongdaynursery.com.au/" "Mozilla/5.0 (Windows NT 10.0; Win64; x64) AppleWebKit/537.36 (KHTML, like Gecko) Chrome/130.0.0.0 Safari/537.36 CCleaner/130.0.0.0"
178.20.42.76 - - [01/Jan/2026:13:00:18 +0800] "POST /wp-admin/admin-ajax.php HTTP/1.0" 200 43 "https://dandenongdaynursery.com.au/" "Mozilla/5.0 (Windows NT 10.0; Win64; x64) AppleWebKit/537.36 (KHTML, like Gecko) Chrome/130.0.0.0 Safari/537.36 CCleaner/130.0.0.0"
103.4.122.14 - - [01/Jan/2026:13:00:19 +0800] "POST /wp-admin/admin-ajax.php?action=as_async_request_queue_runner&nonce=00b96f95da HTTP/1.1" 500 184 "-" "WordPress/6.9; https://dandenongdaynursery.com.au"
103.4.122.14 - - [01/Jan/2026:13:01:15 +0800] "POST /wp-cron.php?doing_wp_cron=1767243675.4088490009307861328125 HTTP/1.1" 200 - "-" "WordPress/6.9; https://dandenongdaynursery.com.au"
216.244.66.241 - - [01/Jan/2026:13:01:14 +0800] "GET /robots.txt HTTP/1.1" 200 184 "-" "Mozilla/5.0 (compatible; DotBot/1.2; +https://opensiteexplorer.org/dotbot; help@moz.com)"
103.4.122.14 - - [01/Jan/2026:13:08:16 +0800] "POST /wp-cron.php?doing_wp_cron=1767244096.1795821189880371093750 HTTP/1.1" 200 - "-" "WordPress/6.9; https://dandenongdaynursery.com.au"
45.8.17.36 - - [01/Jan/2026:13:08:15 +0800] "GET / HTTP/1.0" 301 - "http://dandenongdaynursery.com.au/" "Mozilla/5.0 (Windows NT 10.0; Win64; x64) AppleWebKit/537.36 (KHTML, like Gecko) Chrome/131.0.0.0 Safari/537.36"
45.128.199.214 - - [01/Jan/2026:13:08:18 +0800] "GET / HTTP/1.0" 200 260934 "https://dandenongdaynursery.com.au/" "Mozilla/5.0 (Windows NT 10.0; Win64; x64) AppleWebKit/537.36 (KHTML, like Gecko) Chrome/131.0.0.0 Safari/537.36"
45.128.199.135 - - [01/Jan/2026:13:08:29 +0800] "POST /wp-admin/admin-ajax.php HTTP/1.0" 200 43 "https://dandenongdaynursery.com.au/" "Mozilla/5.0 (Windows NT 10.0; Win64; x64) AppleWebKit/537.36 (KHTML, like Gecko) Chrome/131.0.0.0 Safari/537.36"
103.4.122.14 - - [01/Jan/2026:13:08:30 +0800] "POST /wp-admin/admin-ajax.php?action=as_async_request_queue_runner&nonce=00b96f95da HTTP/1.1" 500 184 "-" "WordPress/6.9; https://dandenongdaynursery.com.au"
103.4.122.14 - - [01/Jan/2026:13:11:09 +0800] "POST /wp-cron.php?doing_wp_cron=1767244269.5586450099945068359375 HTTP/1.1" 200 - "-" "WordPress/6.9; https://dandenongdaynursery.com.au"
187.189.17.195 - - [01/Jan/2026:13:11:08 +0800] "GET http://dandenongdaynursery.com.au/ HTTP/1.1" 301 - "-" "Mozilla/5.0 (Macintosh; Intel Mac OS X 10_15_3) AppleWebKit/537.36 (KHTML, like Gecko) Chrome/82.0.4078.2 Safari/537.36"
103.4.122.14 - - [01/Jan/2026:13:13:17 +0800] "POST /wp-cron.php?doing_wp_cron=1767244397.6137180328369140625000 HTTP/1.1" 200 - "-" "WordPress/6.9; https://dandenongdaynursery.com.au"
114.119.131.136 - - [01/Jan/2026:13:13:16 +0800] "GET /xo%20slot.aspx HTTP/1.1" 404 170266 "https://dandenongdaynursery.com.au/%E0%B8%97%E0%B8%B2%E0%B8%87%E0%B9%80%E0%B8%82%E0%B9%89%E0%B8%B2%20ufabet%20%E0%B9%80%E0%B8%A7%E0%B9%87%E0%B8%9A%E0%B8%95%E0%B8%A3%E0%B8%87.aspx" "Mozilla/5.0 (Linux; Android 7.0;) AppleWebKit/537.36 (KHTML, like Gecko) Mobile Safari/537.36 (compatible; PetalBot;+https://webmaster.petalsearch.com/site/petalbot)"
103.4.122.13 - - [01/Jan/2026:13:14:19 +0800] "GET /wp-cron.php HTTP/1.1" 200 - "-" "WordPress/6.9; https://wpmain.screwlooseit.com.au"
114.119.133.126 - - [01/Jan/2026:13:14:39 +0800] "GET /ufa369%20%E0%B8%97%E0%B8%B2%E0%B8%87%E0%B9%80%E0%B8%82%E0%B9%89%E0%B8%B2.aspx HTTP/1.1" 404 170266 "https://dandenongdaynursery.com.au/%E0%B9%82%E0%B8%9B%E0%B8%A3%20%E0%B8%9D%E0%B8%B2%E0%B8%8110%E0%B8%A3%E0%B8%B1%E0%B8%9A100%20%E0%B8%96%E0%B8%AD%E0%B8%99%E0%B9%84%E0%B8%A1%E0%B9%88%E0%B8%AD%E0%B8%B1%E0%B9%89%E0%B8%99%20%E0%B8%A7%E0%B8%AD%E0%B9%80%E0%B8%A5%E0%B8%97.aspx" "Mozilla/5.0 (Linux; Android 7.0;) AppleWebKit/537.36 (KHTML, like Gecko) Mobile Safari/537.36 (compatible; PetalBot;+https://webmaster.petalsearch.com/site/petalbot)"
103.4.122.14 - - [01/Jan/2026:13:16:03 +0800] "POST /wp-cron.php?doing_wp_cron=1767244563.6738278865814208984375 HTTP/1.1" 200 - "-" "WordPress/6.9; https://dandenongdaynursery.com.au"
114.119.131.136 - - [01/Jan/2026:13:16:02 +0800] "GET /pgzeed%20gold.aspx HTTP/1.1" 404 170266 "https://dandenongdaynursery.com.au/%E0%B8%97%E0%B8%B2%E0%B8%87%E0%B9%80%E0%B8%82%E0%B9%89%E0%B8%B2lsm99.aspx" "Mozilla/5.0 (Linux; Android 7.0;) AppleWebKit/537.36 (KHTML, like Gecko) Mobile Safari/537.36 (compatible; PetalBot;+https://webmaster.petalsearch.com/site/petalbot)"
103.4.122.14 - - [01/Jan/2026:13:17:27 +0800] "POST /wp-cron.php?doing_wp_cron=1767244647.1434729099273681640625 HTTP/1.1" 200 - "-" "WordPress/6.9; https://dandenongdaynursery.com.au"
114.119.153.131 - - [01/Jan/2026:13:17:25 +0800] "GET /slot666.aspx HTTP/1.1" 404 170266 "https://dandenongdaynursery.com.au/superslot%20%E0%B8%97%E0%B8%B2%E0%B8%87%E0%B9%80%E0%B8%82%E0%B9%89%E0%B8%B2.aspx" "Mozilla/5.0 (Linux; Android 7.0;) AppleWebKit/537.36 (KHTML, like Gecko) Mobile Safari/537.36 (compatible; PetalBot;+https://webmaster.petalsearch.com/site/petalbot)"
103.4.122.14 - - [01/Jan/2026:13:18:51 +0800] "POST /wp-cron.php?doing_wp_cron=1767244731.3483300209045410156250 HTTP/1.1" 200 - "-" "WordPress/6.9; https://dandenongdaynursery.com.au"
114.119.133.126 - - [01/Jan/2026:13:18:50 +0800] "GET /pg%20slot%20%E0%B8%97%E0%B8%B2%E0%B8%87%E0%B9%80%E0%B8%82%E0%B9%89%E0%B8%B2.aspx HTTP/1.1" 404 170266 "https://dandenongdaynursery.com.au/%E0%B8%AA%E0%B8%A5%E0%B9%87%E0%B8%AD%E0%B8%95%E0%B9%80%E0%B8%84%E0%B8%A3%E0%B8%94%E0%B8%B4%E0%B8%95%E0%B8%9F%E0%B8%A3%E0%B8%B5%2050%20%E0%B9%84%E0%B8%A1%E0%B9%88%E0%B8%95%E0%B9%89%E0%B8%AD%E0%B8%87%E0%B8%9D%E0%B8%B2%E0%B8%81%E0%B8%81%E0%B9%88%E0%B8%AD%E0%B8%99%E0%B9%84%E0%B8%A1%E0%B9%88%E0%B8%95%E0%B9%89%E0%B8%AD%E0%B8%87%E0%B9%81%E0%B8%8A%E0%B8%A3%E0%B9%8C%E0%B8%A2%E0%B8%B7%E0%B8%99%E0%B8%A2%E0%B8%B1%E0%B8%99%E0%B9%80%E0%B8%9A%E0%B8%AD%E0%B8%A3%E0%B9%8C%E0%B9%82%E0%B8%97%E0%B8%A3%E0%B8%A8%E0%B8%B1%E0%B8%9E%E0%B8%97%E0%B9%8C%E0%B8%81%E0%B8%94%E0%B8%A3%E0%B8%B1%E0%B8%9A%E0%B9%80%E0%B8%AD%E0%B8%87.aspx" "Mozilla/5.0 (Linux; Android 7.0;) AppleWebKit/537.36 (KHTML, like Gecko) Mobile Safari/537.36 (compatible; PetalBot;+https://webmaster.petalsearch.com/site/petalbot)"
216.244.66.241 - - [01/Jan/2026:13:19:54 +0800] "GET /wp-content/uploads/2023/03/Warraworrap-9-1-scaled.jpg HTTP/1.1" 200 1058656 "-" "Mozilla/5.0 (compatible; DotBot/1.2; +https://opensiteexplorer.org/dotbot; help@moz.com)"
103.4.122.14 - - [01/Jan/2026:13:20:14 +0800] "POST /wp-cron.php?doing_wp_cron=1767244814.2540469169616699218750 HTTP/1.1" 200 - "-" "WordPress/6.9; https://dandenongdaynursery.com.au"
114.119.131.136 - - [01/Jan/2026:13:20:12 +0800] "GET /allslot789.aspx HTTP/1.1" 404 170266 "https://dandenongdaynursery.com.au/pk789%E0%B9%80%E0%B8%82%E0%B9%89%E0%B8%B2%E0%B8%AA%E0%B8%B9%E0%B9%88%E0%B8%A3%E0%B8%B0%E0%B8%9A%E0%B8%9A.aspx" "Mozilla/5.0 (Linux; Android 7.0;) AppleWebKit/537.36 (KHTML, like Gecko) Mobile Safari/537.36 (compatible; PetalBot;+https://webmaster.petalsearch.com/site/petalbot)"
202.76.184.247 - - [01/Jan/2026:13:20:54 +0800] "GET /minamberang-room/ HTTP/1.1" 200 34282 "-" "Mozilla/5.0 (Windows; U; Windows NT 5.2; en-US) AppleWebKit/534.3 (KHTML, like Gecko) Chrome/6.0.463.0 Safari/534.3"
103.4.122.14 - - [01/Jan/2026:13:21:43 +0800] "POST /wp-cron.php?doing_wp_cron=1767244903.2008669376373291015625 HTTP/1.1" 200 - "-" "WordPress/6.9; https://dandenongdaynursery.com.au"
114.119.131.136 - - [01/Jan/2026:13:21:41 +0800] "GET /777superslot.aspx HTTP/1.1" 404 170266 "https://dandenongdaynursery.com.au/%E0%B9%80%E0%B8%A7%E0%B9%87%E0%B8%9A%E0%B8%95%E0%B8%A3%E0%B8%87%20%E0%B8%AA%E0%B8%A5%E0%B9%87%E0%B8%AD%E0%B8%95%E0%B8%9D%E0%B8%B2%E0%B8%81%E0%B8%96%E0%B8%AD%E0%B8%99%20%E0%B9%84%E0%B8%A1%E0%B9%88%E0%B8%A1%E0%B8%B5%20%E0%B8%82%E0%B8%B1%E0%B9%89%E0%B8%99%E0%B8%95%E0%B9%88%E0%B9%8D%E0%B8%B2%201%20%E0%B8%9A%E0%B8%B2%E0%B8%97%E0%B8%81%E0%B9%87%20%E0%B8%96%E0%B8%AD%E0%B8%99%E0%B9%84%E0%B8%94%E0%B9%89.aspx" "Mozilla/5.0 (Linux; Android 7.0;) AppleWebKit/537.36 (KHTML, like Gecko) Mobile Safari/537.36 (compatible; PetalBot;+https://webmaster.petalsearch.com/site/petalbot)"
103.4.122.14 - - [01/Jan/2026:13:23:03 +0800] "POST /wp-cron.php?doing_wp_cron=1767244983.6053550243377685546875 HTTP/1.1" 200 - "-" "WordPress/6.9; https://dandenongdaynursery.com.au"
114.119.144.65 - - [01/Jan/2026:13:23:02 +0800] "GET /168%20slot.aspx HTTP/1.1" 404 170266 "https://dandenongdaynursery.com.au/%E0%B8%AA%E0%B8%A5%E0%B9%87%E0%B8%AD%E0%B8%95369.aspx" "Mozilla/5.0 (Linux; Android 7.0;) AppleWebKit/537.36 (KHTML, like Gecko) Mobile Safari/537.36 (compatible; PetalBot;+https://webmaster.petalsearch.com/site/petalbot)"
68.178.164.217 - - [01/Jan/2026:13:23:24 +0800] "POST /xmlrpc.php HTTP/1.1" 200 206 "-" "Mozilla/5.0 (Windows NT 10.0; Win64; x64; rv:77.0) Gecko/20100101 Firefox/77.0"
103.4.122.14 - - [01/Jan/2026:13:24:28 +0800] "POST /wp-cron.php?doing_wp_cron=1767245068.8259639739990234375000 HTTP/1.1" 200 - "-" "WordPress/6.9; https://dandenongdaynursery.com.au"
114.119.144.65 - - [01/Jan/2026:13:24:27 +0800] "GET /yakuza%20slot.aspx HTTP/1.1" 404 170266 "https://dandenongdaynursery.com.au/%E0%B8%88%E0%B8%B1%E0%B8%94%E0%B8%AD%E0%B8%B1%E0%B8%99%E0%B8%94%E0%B8%B1%E0%B8%9A%E0%B9%80%E0%B8%A7%E0%B9%87%E0%B8%9A%E0%B8%AA%E0%B8%A5%E0%B9%87%E0%B8%AD%E0%B8%95.aspx" "Mozilla/5.0 (Linux; Android 7.0;) AppleWebKit/537.36 (KHTML, like Gecko) Mobile Safari/537.36 (compatible; PetalBot;+https://webmaster.petalsearch.com/site/petalbot)"
103.4.122.14 - - [01/Jan/2026:13:25:49 +0800] "POST /wp-cron.php?doing_wp_cron=1767245148.9221670627593994140625 HTTP/1.1" 200 - "-" "WordPress/6.9; https://dandenongdaynursery.com.au"
114.119.133.253 - - [01/Jan/2026:13:25:47 +0800] "GET /category/toys/ HTTP/1.1" 404 170266 "http://dandenongdaynursery.com.au/audio-post/content2" "Mozilla/5.0 (Linux; Android 7.0;) AppleWebKit/537.36 (KHTML, like Gecko) Mobile Safari/537.36 (compatible; PetalBot;+https://webmaster.petalsearch.com/site/petalbot)"
103.4.122.14 - - [01/Jan/2026:13:27:15 +0800] "POST /wp-cron.php?doing_wp_cron=1767245235.3286070823669433593750 HTTP/1.1" 200 - "-" "WordPress/6.9; https://dandenongdaynursery.com.au"
114.119.148.103 - - [01/Jan/2026:13:27:14 +0800] "GET /%E0%B9%80%E0%B8%A7%E0%B9%87%E0%B8%9A%E0%B8%AA%E0%B8%A5%E0%B9%87%E0%B8%AD%E0%B8%95%20%E0%B8%95%E0%B8%A3%E0%B8%87%E0%B8%88%E0%B8%B2%E0%B8%81%E0%B8%95%E0%B9%88%E0%B8%B2%E0%B8%87%E0%B8%9B%E0%B8%A3%E0%B8%B0%E0%B9%80%E0%B8%97%E0%B8%A8%20%E0%B9%84%E0%B8%A1%E0%B9%88%E0%B8%A1%E0%B8%B5%20%E0%B8%82%E0%B8%B1%E0%B9%89%E0%B8%99%E0%B8%95%E0%B9%88%E0%B8%B3.aspx HTTP/1.1" 404 170266 "https://dandenongdaynursery.com.au/%E0%B8%97%E0%B8%94%E0%B8%A5%E0%B8%AD%E0%B8%87%E0%B9%80%E0%B8%A5%E0%B9%88%E0%B8%99%20pg.aspx" "Mozilla/5.0 (Linux; Android 7.0;) AppleWebKit/537.36 (KHTML, like Gecko) Mobile Safari/537.36 (compatible; PetalBot;+https://webmaster.petalsearch.com/site/petalbot)"
103.4.122.14 - - [01/Jan/2026:13:28:35 +0800] "POST /wp-cron.php?doing_wp_cron=1767245315.6245241165161132812500 HTTP/1.1" 200 - "-" "WordPress/6.9; https://dandenongdaynursery.com.au"
114.119.133.126 - - [01/Jan/2026:13:28:34 +0800] "GET /%E0%B9%80%E0%B8%82%E0%B9%89%E0%B8%B2%E0%B8%AA%E0%B8%B9%E0%B9%88%E0%B8%A3%E0%B8%B0%E0%B8%9A%E0%B8%9A%20ufa191.aspx HTTP/1.1" 404 170266 "https://dandenongdaynursery.com.au/%E0%B9%80%E0%B8%81%E0%B8%A1%E0%B8%AA%E0%B8%A5%E0%B9%87%E0%B8%AD%E0%B8%95%20k9win.aspx" "Mozilla/5.0 (Linux; Android 7.0;) AppleWebKit/537.36 (KHTML, like Gecko) Mobile Safari/537.36 (compatible; PetalBot;+https://webmaster.petalsearch.com/site/petalbot)"
103.4.122.14 - - [01/Jan/2026:13:29:56 +0800] "POST /wp-cron.php?doing_wp_cron=1767245396.7721331119537353515625 HTTP/1.1" 200 - "-" "WordPress/6.9; https://dandenongdaynursery.com.au"
54.39.6.148 - - [01/Jan/2026:13:29:55 +0800] "GET /sitemap_index.xml HTTP/1.1" 200 315 "-" "Mozilla/5.0 (compatible; AhrefsBot/7.0; +http://ahrefs.com/robot/)"
114.119.146.142 - - [01/Jan/2026:13:29:57 +0800] "GET /m24%20wallet%20%E0%B9%80%E0%B8%82%E0%B9%89%E0%B8%B2%E0%B8%AA%E0%B8%B9%E0%B9%88%E0%B8%A3%E0%B8%B0%E0%B8%9A%E0%B8%9A.aspx HTTP/1.1" 404 170266 "https://dandenongdaynursery.com.au/%E0%B9%80%E0%B8%84%E0%B8%A3%E0%B8%94%E0%B8%B4%E0%B8%95%E0%B8%9F%E0%B8%A3%E0%B8%B5%E0%B9%84%E0%B8%A1%E0%B9%88%E0%B8%95%E0%B9%89%E0%B8%AD%E0%B8%87%E0%B8%9D%E0%B8%B2%E0%B8%81%E0%B9%84%E0%B8%A1%E0%B9%88%E0%B8%95%E0%B9%89%E0%B8%AD%E0%B8%87%E0%B9%81%E0%B8%8A%E0%B8%A3%E0%B9%8C.aspx" "Mozilla/5.0 (Linux; Android 7.0;) AppleWebKit/537.36 (KHTML, like Gecko) Mobile Safari/537.36 (compatible; PetalBot;+https://webmaster.petalsearch.com/site/petalbot)"
148.113.128.132 - - [01/Jan/2026:13:30:01 +0800] "GET /page-sitemap.xml HTTP/1.1" 200 524 "-" "Mozilla/5.0 (compatible; AhrefsBot/7.0; +http://ahrefs.com/robot/)"
51.161.37.25 - - [01/Jan/2026:13:30:05 +0800] "GET /elementor-hf-sitemap.xml HTTP/1.1" 200 398 "-" "Mozilla/5.0 (compatible; AhrefsBot/7.0; +http://ahrefs.com/robot/)"
103.4.122.14 - - [01/Jan/2026:13:31:22 +0800] "POST /wp-cron.php?doing_wp_cron=1767245482.2723369598388671875000 HTTP/1.1" 200 - "-" "WordPress/6.9; https://dandenongdaynursery.com.au"
114.119.144.65 - - [01/Jan/2026:13:31:20 +0800] "GET /cat888%20%E0%B8%AB%E0%B8%A7%E0%B8%A2%E0%B8%AD%E0%B8%AD%E0%B8%99%E0%B9%84%E0%B8%A5%E0%B8%99%E0%B9%8C.aspx HTTP/1.1" 404 170266 "https://dandenongdaynursery.com.au/%E0%B8%9A%E0%B8%B2%E0%B8%84%E0%B8%B2%E0%B8%A3%E0%B9%88%E0%B8%B2%E0%B9%80%E0%B8%A7%E0%B9%87%E0%B8%9A%E0%B8%95%E0%B8%A3%E0%B8%87.aspx" "Mozilla/5.0 (Linux; Android 7.0;) AppleWebKit/537.36 (KHTML, like Gecko) Mobile Safari/537.36 (compatible; PetalBot;+https://webmaster.petalsearch.com/site/petalbot)"
103.4.122.14 - - [01/Jan/2026:13:32:47 +0800] "POST /wp-cron.php?doing_wp_cron=1767245567.5818700790405273437500 HTTP/1.1" 200 - "-" "WordPress/6.9; https://dandenongdaynursery.com.au"
114.119.148.103 - - [01/Jan/2026:13:32:45 +0800] "GET /sbobet%20%E0%B8%97%E0%B8%B2%E0%B8%87%E0%B9%80%E0%B8%82%E0%B9%89%E0%B8%B2.aspx HTTP/1.1" 404 170266 "https://dandenongdaynursery.com.au/%E0%B8%AA%E0%B8%A5%E0%B9%87%E0%B8%AD%E0%B8%95%20%E0%B8%97%E0%B8%94%E0%B8%A5%E0%B8%AD%E0%B8%87.aspx" "Mozilla/5.0 (Linux; Android 7.0;) AppleWebKit/537.36 (KHTML, like Gecko) Mobile Safari/537.36 (compatible; PetalBot;+https://webmaster.petalsearch.com/site/petalbot)"
103.4.122.14 - - [01/Jan/2026:13:34:10 +0800] "POST /wp-cron.php?doing_wp_cron=1767245650.0847349166870117187500 HTTP/1.1" 200 - "-" "WordPress/6.9; https://dandenongdaynursery.com.au"
114.119.146.142 - - [01/Jan/2026:13:34:08 +0800] "GET /gallery-post/ HTTP/1.1" 404 170266 "http://dandenongdaynursery.com.au/audio-post/content2" "Mozilla/5.0 (Linux; Android 7.0;) AppleWebKit/537.36 (KHTML, like Gecko) Mobile Safari/537.36 (compatible; PetalBot;+https://webmaster.petalsearch.com/site/petalbot)"
103.4.122.14 - - [01/Jan/2026:13:35:34 +0800] "POST /wp-cron.php?doing_wp_cron=1767245734.5156869888305664062500 HTTP/1.1" 200 - "-" "WordPress/6.9; https://dandenongdaynursery.com.au"
114.119.141.116 - - [01/Jan/2026:13:35:33 +0800] "GET /%E0%B9%80%E0%B8%84%E0%B8%A3%E0%B8%94%E0%B8%B4%E0%B8%95%E0%B8%9F%E0%B8%A3%E0%B8%B5%20%E0%B8%A2%E0%B8%B7%E0%B8%99%E0%B8%A2%E0%B8%B1%E0%B8%99%E0%B9%80%E0%B8%9A%E0%B8%AD%E0%B8%A3%E0%B9%8C.aspx HTTP/1.1" 404 170266 "https://dandenongdaynursery.com.au/slot%20demo.aspx" "Mozilla/5.0 (Linux; Android 7.0;) AppleWebKit/537.36 (KHTML, like Gecko) Mobile Safari/537.36 (compatible; PetalBot;+https://webmaster.petalsearch.com/site/petalbot)"
103.4.122.14 - - [01/Jan/2026:13:37:05 +0800] "POST /wp-cron.php?doing_wp_cron=1767245825.4181170463562011718750 HTTP/1.1" 200 - "-" "WordPress/6.9; https://dandenongdaynursery.com.au"
114.119.153.131 - - [01/Jan/2026:13:37:04 +0800] "GET /%E0%B8%AA%E0%B8%A5%E0%B9%87%E0%B8%AD%E0%B8%95%E0%B9%82%E0%B8%88%E0%B9%8A%E0%B8%81%E0%B9%80%E0%B8%81%E0%B8%AD%E0%B8%A3%E0%B9%8C123.aspx HTTP/1.1" 404 170266 "https://dandenongdaynursery.com.au/betflik%20net%20%E0%B9%80%E0%B8%82%E0%B9%89%E0%B8%B2%E0%B8%AA%E0%B8%B9%E0%B9%88%E0%B8%A3%E0%B8%B0%E0%B8%9A%E0%B8%9A.aspx" "Mozilla/5.0 (Linux; Android 7.0;) AppleWebKit/537.36 (KHTML, like Gecko) Mobile Safari/537.36 (compatible; PetalBot;+https://webmaster.petalsearch.com/site/petalbot)"
103.4.122.14 - - [01/Jan/2026:13:38:20 +0800] "POST /wp-cron.php?doing_wp_cron=1767245900.5525109767913818359375 HTTP/1.1" 200 - "-" "WordPress/6.9; https://dandenongdaynursery.com.au"
114.119.153.131 - - [01/Jan/2026:13:38:19 +0800] "GET /las%20vegas%20auto%20%E0%B8%AA%E0%B8%A5%E0%B9%87%E0%B8%AD%E0%B8%95.aspx HTTP/1.1" 404 170266 "https://dandenongdaynursery.com.au/magnum%204d%20%E0%B8%AB%E0%B8%A7%E0%B8%A2%20%E0%B8%A1%E0%B8%B2%E0%B9%80%E0%B8%A5%20%E0%B8%A2%E0%B9%8C%20%E0%B8%A7%E0%B8%B1%E0%B8%99%E0%B8%99%E0%B8%B5%E0%B9%89.aspx" "Mozilla/5.0 (Linux; Android 7.0;) AppleWebKit/537.36 (KHTML, like Gecko) Mobile Safari/537.36 (compatible; PetalBot;+https://webmaster.petalsearch.com/site/petalbot)"
103.4.122.14 - - [01/Jan/2026:13:39:50 +0800] "POST /wp-cron.php?doing_wp_cron=1767245989.9763998985290527343750 HTTP/1.1" 200 - "-" "WordPress/6.9; https://dandenongdaynursery.com.au"
114.119.133.253 - - [01/Jan/2026:13:39:48 +0800] "GET /%E0%B9%80%E0%B8%A7%E0%B9%87%E0%B8%9A%E0%B8%9E%E0%B8%99%E0%B8%B1%E0%B8%99.aspx HTTP/1.1" 404 170266 "https://dandenongdaynursery.com.au/%E0%B9%80%E0%B8%84%E0%B8%A3%E0%B8%94%E0%B8%B4%E0%B8%95%E0%B8%9F%E0%B8%A3%E0%B8%B5%202020%20%E0%B9%84%E0%B8%A1%E0%B9%88%E0%B8%95%E0%B9%89%E0%B8%AD%E0%B8%87%E0%B8%9D%E0%B8%B2%E0%B8%81.aspx" "Mozilla/5.0 (Linux; Android 7.0;) AppleWebKit/537.36 (KHTML, like Gecko) Mobile Safari/537.36 (compatible; PetalBot;+https://webmaster.petalsearch.com/site/petalbot)"
114.119.141.116 - - [01/Jan/2026:13:41:06 +0800] "GET /%E0%B8%AA%E0%B8%A5%E0%B9%87%E0%B8%AD%E0%B8%95%E0%B9%80%E0%B8%A7%E0%B9%87%E0%B8%9A%E0%B8%95%E0%B8%A3%E0%B8%87%20%E0%B8%9D%E0%B8%B2%E0%B8%81%E0%B8%96%E0%B8%AD%E0%B8%99%20true%20wallet%20%E0%B9%84%E0%B8%A1%E0%B9%88%E0%B8%A1%E0%B8%B5%20%E0%B8%82%E0%B8%B1%E0%B9%89%E0%B8%99%20%E0%B8%95%E0%B9%88%E0%B9%8D%E0%B8%B2%202024.aspx HTTP/1.1" 404 170266 "https://dandenongdaynursery.com.au/" "Mozilla/5.0 (Linux; Android 7.0;) AppleWebKit/537.36 (KHTML, like Gecko) Mobile Safari/537.36 (compatible; PetalBot;+https://webmaster.petalsearch.com/site/petalbot)"
103.4.122.14 - - [01/Jan/2026:13:41:07 +0800] "POST /wp-cron.php?doing_wp_cron=1767246067.7434210777282714843750 HTTP/1.1" 200 - "-" "WordPress/6.9; https://dandenongdaynursery.com.au"
103.4.122.14 - - [01/Jan/2026:13:42:34 +0800] "POST /wp-cron.php?doing_wp_cron=1767246154.2559299468994140625000 HTTP/1.1" 200 - "-" "WordPress/6.9; https://dandenongdaynursery.com.au"
114.119.144.65 - - [01/Jan/2026:13:42:32 +0800] "GET /%E0%B8%AA%E0%B8%A5%E0%B9%87%E0%B8%AD%E0%B8%95%E0%B8%AD%E0%B8%AD%E0%B8%99%E0%B9%84%E0%B8%A5%E0%B8%99%E0%B9%8C.aspx HTTP/1.1" 404 170266 "https://dandenongdaynursery.com.au/%E0%B8%A2%E0%B8%B9%20%E0%B8%9F%E0%B9%88%E0%B8%B2%20168%20vip.aspx" "Mozilla/5.0 (Linux; Android 7.0;) AppleWebKit/537.36 (KHTML, like Gecko) Mobile Safari/537.36 (compatible; PetalBot;+https://webmaster.petalsearch.com/site/petalbot)"
103.4.122.14 - - [01/Jan/2026:13:43:55 +0800] "POST /wp-cron.php?doing_wp_cron=1767246235.1136820316314697265625 HTTP/1.1" 200 - "-" "WordPress/6.9; https://dandenongdaynursery.com.au"
114.119.146.142 - - [01/Jan/2026:13:43:53 +0800] "GET /betflik%20casino.aspx HTTP/1.1" 404 170266 "https://dandenongdaynursery.com.au/%E0%B8%9D%E0%B8%B2%E0%B8%81%2010%20%E0%B8%A3%E0%B8%B1%E0%B8%9A100%20%E0%B9%83%E0%B8%AB%E0%B8%A1%E0%B9%88%E0%B8%A5%E0%B9%88%E0%B8%B2%E0%B8%AA%E0%B8%B8%E0%B8%94.aspx" "Mozilla/5.0 (Linux; Android 7.0;) AppleWebKit/537.36 (KHTML, like Gecko) Mobile Safari/537.36 (compatible; PetalBot;+https://webmaster.petalsearch.com/site/petalbot)"
103.4.122.14 - - [01/Jan/2026:13:45:20 +0800] "POST /wp-cron.php?doing_wp_cron=1767246319.8474900722503662109375 HTTP/1.1" 200 - "-" "WordPress/6.9; https://dandenongdaynursery.com.au"
114.119.141.116 - - [01/Jan/2026:13:45:18 +0800] "GET /pg%20slot%20%E0%B9%80%E0%B8%84%E0%B8%A3%E0%B8%94%E0%B8%B4%E0%B8%95%E0%B8%9F%E0%B8%A3%E0%B8%B5%2050.aspx HTTP/1.1" 404 170266 "https://dandenongdaynursery.com.au/%E0%B9%82%E0%B8%84%E0%B9%89%E0%B8%94%E0%B9%80%E0%B8%84%E0%B8%A3%E0%B8%94%E0%B8%B4%E0%B8%95%E0%B8%9F%E0%B8%A3%E0%B8%B5%2050%20%E0%B8%A5%E0%B9%88%E0%B8%B2%E0%B8%AA%E0%B8%B8%E0%B8%94%20%E0%B8%A7%E0%B8%B1%E0%B8%99%E0%B8%99%E0%B8%B5%E0%B9%89.aspx" "Mozilla/5.0 (Linux; Android 7.0;) AppleWebKit/537.36 (KHTML, like Gecko) Mobile Safari/537.36 (compatible; PetalBot;+https://webmaster.petalsearch.com/site/petalbot)"
103.4.122.14 - - [01/Jan/2026:13:46:43 +0800] "POST /wp-cron.php?doing_wp_cron=1767246402.8856210708618164062500 HTTP/1.1" 200 - "-" "WordPress/6.9; https://dandenongdaynursery.com.au"
114.119.144.65 - - [01/Jan/2026:13:46:41 +0800] "GET /%E0%B8%AA%E0%B8%A5%E0%B9%87%E0%B8%AD%E0%B8%95%E0%B8%97%E0%B8%94%E0%B8%A5%E0%B8%AD%E0%B8%8799.aspx HTTP/1.1" 404 170266 "https://dandenongdaynursery.com.au/w69%20slot%20%E0%B9%80%E0%B8%84%E0%B8%A3%E0%B8%94%E0%B8%B4%E0%B8%95%E0%B8%9F%E0%B8%A3%E0%B8%B5%20188%20%E0%B8%9A%E0%B8%B2%E0%B8%97.aspx" "Mozilla/5.0 (Linux; Android 7.0;) AppleWebKit/537.36 (KHTML, like Gecko) Mobile Safari/537.36 (compatible; PetalBot;+https://webmaster.petalsearch.com/site/petalbot)"
103.4.122.14 - - [01/Jan/2026:13:48:06 +0800] "POST /wp-cron.php?doing_wp_cron=1767246485.6275110244750976562500 HTTP/1.1" 200 - "-" "WordPress/6.9; https://dandenongdaynursery.com.au"
114.119.148.103 - - [01/Jan/2026:13:48:04 +0800] "GET /%E0%B8%AA%E0%B8%A5%E0%B9%87%E0%B8%AD%E0%B8%95%20%E0%B8%97%E0%B8%94%E0%B8%A5%E0%B8%AD%E0%B8%87%E0%B9%80%E0%B8%A5%E0%B9%88%E0%B8%99%E0%B8%9F%E0%B8%A3%E0%B8%B5%20%E0%B8%96%E0%B8%AD%E0%B8%99%E0%B9%84%E0%B8%94%E0%B9%89%20%E0%B9%83%E0%B8%AB%E0%B8%A1%E0%B9%88%E0%B8%A5%E0%B9%88%E0%B8%B2%E0%B8%AA%E0%B8%B8%E0%B8%94.aspx HTTP/1.1" 404 170266 "https://dandenongdaynursery.com.au/%E0%B9%80%E0%B8%A7%E0%B9%87%E0%B8%9A%E0%B8%95%E0%B8%A3%E0%B8%87%E0%B8%AA%E0%B8%A5%E0%B9%87%E0%B8%AD%E0%B8%95%E0%B8%9D%E0%B8%B2%E0%B8%81%E0%B8%96%E0%B8%AD%E0%B8%99%E0%B9%84%E0%B8%A1%E0%B9%88%E0%B8%A1%E0%B8%B5%E0%B8%82%E0%B8%B1%E0%B9%89%E0%B8%99%E0%B8%95%E0%B9%88%E0%B9%8D%E0%B8%B2%201%20%E0%B8%9A%E0%B8%B2%E0%B8%97%E0%B8%81%E0%B9%87%E0%B8%96%E0%B8%AD%E0%B8%99%E0%B9%84%E0%B8%94%E0%B9%89.aspx" "Mozilla/5.0 (Linux; Android 7.0;) AppleWebKit/537.36 (KHTML, like Gecko) Mobile Safari/537.36 (compatible; PetalBot;+https://webmaster.petalsearch.com/site/petalbot)"
103.4.122.14 - - [01/Jan/2026:13:49:29 +0800] "POST /wp-cron.php?doing_wp_cron=1767246568.9667348861694335937500 HTTP/1.1" 200 - "-" "WordPress/6.9; https://dandenongdaynursery.com.au"
114.119.133.253 - - [01/Jan/2026:13:49:27 +0800] "GET /%E0%B8%A7%E0%B8%AD%20%E0%B9%80%E0%B8%A5%E0%B8%95.aspx HTTP/1.1" 404 170266 "https://dandenongdaynursery.com.au/betflik%20%E0%B9%80%E0%B8%84%E0%B8%A3%E0%B8%94%E0%B8%B4%E0%B8%95%E0%B8%9F%E0%B8%A3%E0%B8%B5.aspx" "Mozilla/5.0 (Linux; Android 7.0;) AppleWebKit/537.36 (KHTML, like Gecko) Mobile Safari/537.36 (compatible; PetalBot;+https://webmaster.petalsearch.com/site/petalbot)"
103.4.122.14 - - [01/Jan/2026:13:50:54 +0800] "POST /wp-cron.php?doing_wp_cron=1767246654.4698131084442138671875 HTTP/1.1" 200 - "-" "WordPress/6.9; https://dandenongdaynursery.com.au"
114.119.148.103 - - [01/Jan/2026:13:50:53 +0800] "GET /%E0%B8%A3%E0%B8%A7%E0%B8%A1%E0%B9%80%E0%B8%A7%E0%B9%87%E0%B8%9A%E0%B8%AA%E0%B8%A5%E0%B9%87%E0%B8%AD%E0%B8%95.aspx HTTP/1.1" 404 170266 "https://dandenongdaynursery.com.au/%E0%B8%97%E0%B8%B2%E0%B8%87%E0%B9%80%E0%B8%82%E0%B9%89%E0%B8%B2lsm99.aspx" "Mozilla/5.0 (Linux; Android 7.0;) AppleWebKit/537.36 (KHTML, like Gecko) Mobile Safari/537.36 (compatible; PetalBot;+https://webmaster.petalsearch.com/site/petalbot)"
103.4.122.14 - - [01/Jan/2026:13:52:17 +0800] "POST /wp-cron.php?doing_wp_cron=1767246737.3867950439453125000000 HTTP/1.1" 200 - "-" "WordPress/6.9; https://dandenongdaynursery.com.au"
114.119.144.65 - - [01/Jan/2026:13:52:16 +0800] "GET /%E0%B8%A2%E0%B8%B7%E0%B8%99%E0%B8%A2%E0%B8%B1%E0%B8%99%20otp%20%E0%B8%A3%E0%B8%B1%E0%B8%9A%E0%B9%80%E0%B8%84%E0%B8%A3%E0%B8%94%E0%B8%B4%E0%B8%95%E0%B8%9F%E0%B8%A3%E0%B8%B5%E0%B8%A5%E0%B9%88%E0%B8%B2%E0%B8%AA%E0%B8%B8%E0%B8%94.aspx HTTP/1.1" 404 170266 "https://dandenongdaynursery.com.au/pgzeed%20gold.aspx" "Mozilla/5.0 (Linux; Android 7.0;) AppleWebKit/537.36 (KHTML, like Gecko) Mobile Safari/537.36 (compatible; PetalBot;+https://webmaster.petalsearch.com/site/petalbot)"
103.4.122.14 - - [01/Jan/2026:13:53:40 +0800] "POST /wp-cron.php?doing_wp_cron=1767246820.6951210498809814453125 HTTP/1.1" 200 - "-" "WordPress/6.9; https://dandenongdaynursery.com.au"
114.119.148.103 - - [01/Jan/2026:13:53:39 +0800] "GET /%E0%B8%97%E0%B8%B2%E0%B8%87%E0%B9%80%E0%B8%82%E0%B9%89%E0%B8%B2pg%20%E0%B8%A1%E0%B8%B7%E0%B8%AD%E0%B8%96%E0%B8%B7%E0%B8%AD.aspx HTTP/1.1" 404 170266 "https://dandenongdaynursery.com.au/victory%20club%20%E0%B8%AA%E0%B8%A5%E0%B9%87%E0%B8%AD%E0%B8%95.aspx" "Mozilla/5.0 (Linux; Android 7.0;) AppleWebKit/537.36 (KHTML, like Gecko) Mobile Safari/537.36 (compatible; PetalBot;+https://webmaster.petalsearch.com/site/petalbot)"
103.4.122.14 - - [01/Jan/2026:13:55:05 +0800] "POST /wp-cron.php?doing_wp_cron=1767246904.9763109683990478515625 HTTP/1.1" 200 - "-" "WordPress/6.9; https://dandenongdaynursery.com.au"
114.119.144.65 - - [01/Jan/2026:13:55:03 +0800] "GET /%E0%B8%97%E0%B8%94%E0%B8%A5%E0%B8%AD%E0%B8%87%E0%B9%80%E0%B8%A5%E0%B9%88%E0%B8%99%E0%B8%9A%E0%B8%B2%E0%B8%84%E0%B8%B2%E0%B8%A3%E0%B9%88%E0%B8%B2%E0%B9%80%E0%B8%8A%E0%B9%87%E0%B8%81%E0%B8%8A%E0%B8%B5%E0%B9%88.aspx HTTP/1.1" 404 170266 "https://dandenongdaynursery.com.au/pg%20joker%20auto.aspx" "Mozilla/5.0 (Linux; Android 7.0;) AppleWebKit/537.36 (KHTML, like Gecko) Mobile Safari/537.36 (compatible; PetalBot;+https://webmaster.petalsearch.com/site/petalbot)"
103.4.122.14 - - [01/Jan/2026:13:56:28 +0800] "POST /wp-cron.php?doing_wp_cron=1767246988.2713139057159423828125 HTTP/1.1" 200 - "-" "WordPress/6.9; https://dandenongdaynursery.com.au"
114.119.153.131 - - [01/Jan/2026:13:56:26 +0800] "GET /%E0%B8%AA%E0%B8%A5%E0%B9%89%E0%B8%AD%E0%B8%95.aspx HTTP/1.1" 404 170266 "https://dandenongdaynursery.com.au/ufacash%20%E0%B9%80%E0%B8%82%E0%B9%89%E0%B8%B2%E0%B8%AA%E0%B8%B9%E0%B9%88%E0%B8%A3%E0%B8%B0%E0%B8%9A%E0%B8%9A.aspx" "Mozilla/5.0 (Linux; Android 7.0;) AppleWebKit/537.36 (KHTML, like Gecko) Mobile Safari/537.36 (compatible; PetalBot;+https://webmaster.petalsearch.com/site/petalbot)"
103.4.122.14 - - [01/Jan/2026:13:57:51 +0800] "POST /wp-cron.php?doing_wp_cron=1767247071.0738720893859863281250 HTTP/1.1" 200 - "-" "WordPress/6.9; https://dandenongdaynursery.com.au"
114.119.144.65 - - [01/Jan/2026:13:57:49 +0800] "GET /www%20ufabet%20com.aspx HTTP/1.1" 404 170266 "https://dandenongdaynursery.com.au/pg%20joker%20auto.aspx" "Mozilla/5.0 (Linux; Android 7.0;) AppleWebKit/537.36 (KHTML, like Gecko) Mobile Safari/537.36 (compatible; PetalBot;+https://webmaster.petalsearch.com/site/petalbot)"
103.4.122.14 - - [01/Jan/2026:13:59:15 +0800] "POST /wp-cron.php?doing_wp_cron=1767247155.8131659030914306640625 HTTP/1.1" 200 - "-" "WordPress/6.9; https://dandenongdaynursery.com.au"
114.119.133.253 - - [01/Jan/2026:13:59:14 +0800] "GET /xo%20%E0%B8%AA%E0%B8%A5%E0%B9%87%E0%B8%AD%E0%B8%95.aspx HTTP/1.1" 404 170266 "https://dandenongdaynursery.com.au/allslot%20master%E0%B9%80%E0%B8%82%E0%B9%89%E0%B8%B2%E0%B8%AA%E0%B8%B9%E0%B9%88%E0%B8%A3%E0%B8%B0%E0%B8%9A%E0%B8%9A.aspx" "Mozilla/5.0 (Linux; Android 7.0;) AppleWebKit/537.36 (KHTML, like Gecko) Mobile Safari/537.36 (compatible; PetalBot;+https://webmaster.petalsearch.com/site/petalbot)"
103.4.122.14 - - [01/Jan/2026:14:00:39 +0800] "POST /wp-cron.php?doing_wp_cron=1767247239.5173630714416503906250 HTTP/1.1" 200 - "-" "WordPress/6.9; https://dandenongdaynursery.com.au"
114.119.146.142 - - [01/Jan/2026:14:00:38 +0800] "GET /pg%20%E0%B8%97%E0%B8%94%E0%B8%A5%E0%B8%AD%E0%B8%87%E0%B9%80%E0%B8%A5%E0%B9%88%E0%B8%99.aspx HTTP/1.1" 404 170266 "https://dandenongdaynursery.com.au/%E0%B8%AA%E0%B8%A5%E0%B9%87%E0%B8%AD%E0%B8%9588.aspx" "Mozilla/5.0 (Linux; Android 7.0;) AppleWebKit/537.36 (KHTML, like Gecko) Mobile Safari/537.36 (compatible; PetalBot;+https://webmaster.petalsearch.com/site/petalbot)"
184.94.240.88 - - [01/Jan/2026:14:00:59 +0800] "GET / HTTP/1.1" 301 - "-" "Mozilla/5.0 (Windows NT 10.0; Win64; x64; rv:104.0) Gecko/20100101 Firefox/104.0"
184.94.240.88 - - [01/Jan/2026:14:01:01 +0800] "GET / HTTP/1.1" 200 260898 "-" "Mozilla/5.0 (Windows NT 10.0; Win64; x64; rv:104.0) Gecko/20100101 Firefox/104.0"
103.4.122.14 - - [01/Jan/2026:14:02:03 +0800] "POST /wp-cron.php?doing_wp_cron=1767247323.6123149394989013671875 HTTP/1.1" 200 - "-" "WordPress/6.9; https://dandenongdaynursery.com.au"
114.119.144.65 - - [01/Jan/2026:14:02:02 +0800] "GET /%E0%B9%80%E0%B8%97%E0%B8%84%E0%B8%99%E0%B8%B4%E0%B8%84%20%E0%B8%81%E0%B8%B2%E0%B8%A3%20%E0%B9%80%E0%B8%A5%E0%B9%88%E0%B8%99%E0%B8%AA%E0%B8%A5%E0%B9%87%E0%B8%AD%E0%B8%95%20%E0%B9%83%E0%B8%AB%E0%B9%89%E0%B9%84%E0%B8%94%E0%B9%89%20%E0%B9%82%E0%B8%9A%E0%B8%99%E0%B8%B1%E0%B8%AA%20pantip.aspx HTTP/1.1" 404 170266 "https://dandenongdaynursery.com.au/ufabet%E0%B9%80%E0%B8%82%E0%B9%89%E0%B8%B2%E0%B8%AA%E0%B8%B9%E0%B9%88%E0%B8%A3%E0%B8%B0%E0%B8%9A%E0%B8%9A.aspx" "Mozilla/5.0 (Linux; Android 7.0;) AppleWebKit/537.36 (KHTML, like Gecko) Mobile Safari/537.36 (compatible; PetalBot;+https://webmaster.petalsearch.com/site/petalbot)"
103.4.122.14 - - [01/Jan/2026:14:03:37 +0800] "POST /wp-cron.php?doing_wp_cron=1767247417.3144030570983886718750 HTTP/1.1" 200 - "-" "WordPress/6.9; https://dandenongdaynursery.com.au"
114.119.133.253 - - [01/Jan/2026:14:03:36 +0800] "GET /%E0%B8%AD%E0%B8%B2%E0%B8%A3%E0%B9%8C%E0%B9%80%E0%B8%99%E0%B9%88%20%E0%B8%AA%E0%B8%A5%E0%B9%87%E0%B8%AD%E0%B8%95.aspx HTTP/1.1" 404 170266 "https://dandenongdaynursery.com.au/magnum%204d%20%E0%B8%AB%E0%B8%A7%E0%B8%A2%20%E0%B8%A1%E0%B8%B2%E0%B9%80%E0%B8%A5%20%E0%B8%A2%E0%B9%8C%20%E0%B8%A7%E0%B8%B1%E0%B8%99%E0%B8%99%E0%B8%B5%E0%B9%89.aspx" "Mozilla/5.0 (Linux; Android 7.0;) AppleWebKit/537.36 (KHTML, like Gecko) Mobile Safari/537.36 (compatible; PetalBot;+https://webmaster.petalsearch.com/site/petalbot)"
103.4.122.14 - - [01/Jan/2026:14:04:50 +0800] "POST /wp-cron.php?doing_wp_cron=1767247490.6077980995178222656250 HTTP/1.1" 200 - "-" "WordPress/6.9; https://dandenongdaynursery.com.au"
114.119.144.65 - - [01/Jan/2026:14:04:49 +0800] "GET /kingslot.aspx HTTP/1.1" 404 170266 "https://dandenongdaynursery.com.au/pg%20slot%20wallet%20%E0%B9%84%E0%B8%A1%E0%B9%88%E0%B8%A1%E0%B8%B5%E0%B8%82%E0%B8%B1%E0%B9%89%E0%B8%99%E0%B8%95%E0%B9%88%E0%B8%B3.aspx" "Mozilla/5.0 (Linux; Android 7.0;) AppleWebKit/537.36 (KHTML, like Gecko) Mobile Safari/537.36 (compatible; PetalBot;+https://webmaster.petalsearch.com/site/petalbot)"
103.4.122.14 - - [01/Jan/2026:14:06:14 +0800] "POST /wp-cron.php?doing_wp_cron=1767247574.8057661056518554687500 HTTP/1.1" 200 - "-" "WordPress/6.9; https://dandenongdaynursery.com.au"
114.119.141.116 - - [01/Jan/2026:14:06:12 +0800] "GET /lottovip%20%E0%B9%80%E0%B8%82%E0%B9%89%E0%B8%B2%E0%B8%AA%E0%B8%B9%E0%B9%88%E0%B8%A3%E0%B8%B0%E0%B8%9A%E0%B8%9A.aspx HTTP/1.1" 404 170266 "https://dandenongdaynursery.com.au/pg%20slot%20%E0%B9%80%E0%B8%A7%E0%B9%87%E0%B8%9A%E0%B8%95%E0%B8%A3%E0%B8%87%20%E0%B9%80%E0%B8%84%E0%B8%A3%E0%B8%94%E0%B8%B4%E0%B8%95%E0%B8%9F%E0%B8%A3%E0%B8%B5.aspx" "Mozilla/5.0 (Linux; Android 7.0;) AppleWebKit/537.36 (KHTML, like Gecko) Mobile Safari/537.36 (compatible; PetalBot;+https://webmaster.petalsearch.com/site/petalbot)"
103.4.122.14 - - [01/Jan/2026:14:07:39 +0800] "POST /wp-cron.php?doing_wp_cron=1767247658.9400470256805419921875 HTTP/1.1" 200 - "-" "WordPress/6.9; https://dandenongdaynursery.com.au"
114.119.131.136 - - [01/Jan/2026:14:07:37 +0800] "GET /%E0%B8%AA%E0%B8%A5%E0%B9%87%E0%B8%AD%E0%B8%95%20xo.aspx HTTP/1.1" 404 170266 "https://dandenongdaynursery.com.au/%E0%B8%AB%E0%B8%A7%E0%B8%A2%2024.aspx" "Mozilla/5.0 (Linux; Android 7.0;) AppleWebKit/537.36 (KHTML, like Gecko) Mobile Safari/537.36 (compatible; PetalBot;+https://webmaster.petalsearch.com/site/petalbot)"
103.4.122.14 - - [01/Jan/2026:14:09:01 +0800] "POST /wp-cron.php?doing_wp_cron=1767247741.0369150638580322265625 HTTP/1.1" 200 - "-" "WordPress/6.9; https://dandenongdaynursery.com.au"
114.119.133.126 - - [01/Jan/2026:14:08:59 +0800] "GET /%E0%B8%94%E0%B8%B2%E0%B8%A7%E0%B8%99%E0%B9%8C%E0%B9%82%E0%B8%AB%E0%B8%A5%E0%B8%94joker.aspx HTTP/1.1" 404 170266 "https://dandenongdaynursery.com.au/%E0%B8%AA%E0%B8%A5%E0%B9%87%E0%B8%AD%E0%B8%95555.aspx" "Mozilla/5.0 (Linux; Android 7.0;) AppleWebKit/537.36 (KHTML, like Gecko) Mobile Safari/537.36 (compatible; PetalBot;+https://webmaster.petalsearch.com/site/petalbot)"
