92.112.155.236 - - [05/Jan/2026:01:40:12 +0800] "GET /wp-includes/js/jquery/jquery.min.js?ver=3.7.1 HTTP/1.1" 200 30368 "https://dandenongdaynursery.com.au/" "Mozilla/5.0 (X11; Linux x86_64; rv:137.0) Gecko/20100101 Firefox/137.0"
92.112.155.236 - - [05/Jan/2026:01:40:12 +0800] "GET /wp-content/plugins/elementor/assets/lib/share-link/share-link.min.js?ver=3.34.0 HTTP/1.1" 200 1169 "https://dandenongdaynursery.com.au/" "Mozilla/5.0 (X11; Linux x86_64; rv:137.0) Gecko/20100101 Firefox/137.0"
92.112.155.236 - - [05/Jan/2026:01:40:12 +0800] "GET /wp-content/plugins/elementor/assets/lib/dialog/dialog.min.js?ver=4.9.3 HTTP/1.1" 200 3782 "https://dandenongdaynursery.com.au/" "Mozilla/5.0 (X11; Linux x86_64; rv:137.0) Gecko/20100101 Firefox/137.0"
92.112.155.236 - - [05/Jan/2026:01:40:12 +0800] "GET /wp-includes/js/jquery/ui/core.min.js?ver=1.13.3 HTTP/1.1" 200 7106 "https://dandenongdaynursery.com.au/" "Mozilla/5.0 (X11; Linux x86_64; rv:137.0) Gecko/20100101 Firefox/137.0"
92.112.155.236 - - [05/Jan/2026:01:40:12 +0800] "GET /wp-content/plugins/elementor/assets/js/frontend.min.js?ver=3.34.0 HTTP/1.1" 200 10325 "https://dandenongdaynursery.com.au/" "Mozilla/5.0 (X11; Linux x86_64; rv:137.0) Gecko/20100101 Firefox/137.0"
92.112.155.236 - - [05/Jan/2026:01:40:12 +0800] "GET /wp-content/plugins/wpforms-lite/assets/js/frontend/fields/address.min.js?ver=1.9.8.7 HTTP/1.1" 200 471 "https://dandenongdaynursery.com.au/" "Mozilla/5.0 (X11; Linux x86_64; rv:137.0) Gecko/20100101 Firefox/137.0"
92.112.155.236 - - [05/Jan/2026:01:40:12 +0800] "GET /wp-content/plugins/wpforms-lite/assets/js/share/utils.min.js?ver=1.9.8.7 HTTP/1.1" 200 800 "https://dandenongdaynursery.com.au/" "Mozilla/5.0 (X11; Linux x86_64; rv:137.0) Gecko/20100101 Firefox/137.0"
92.112.155.236 - - [05/Jan/2026:01:40:12 +0800] "GET /wp-content/plugins/advanced-testimonial-carousel-for-elementor/assets/js/atc-testimonial.js?ver=3.1.2 HTTP/1.1" 200 49919 "https://dandenongdaynursery.com.au/" "Mozilla/5.0 (X11; Linux x86_64; rv:137.0) Gecko/20100101 Firefox/137.0"
92.112.155.236 - - [05/Jan/2026:01:40:12 +0800] "GET /wp-content/plugins/wpforms-lite/assets/lib/punycode.min.js?ver=1.0.0 HTTP/1.1" 200 872 "https://dandenongdaynursery.com.au/" "Mozilla/5.0 (X11; Linux x86_64; rv:137.0) Gecko/20100101 Firefox/137.0"
92.112.155.236 - - [05/Jan/2026:01:40:12 +0800] "GET /wp-content/plugins/wpforms-lite/assets/lib/mailcheck.min.js?ver=1.1.2 HTTP/1.1" 200 1682 "https://dandenongdaynursery.com.au/" "Mozilla/5.0 (X11; Linux x86_64; rv:137.0) Gecko/20100101 Firefox/137.0"
92.112.155.236 - - [05/Jan/2026:01:40:12 +0800] "GET /wp-content/plugins/wpforms-lite/assets/lib/jquery.validate.min.js?ver=1.21.0 HTTP/1.1" 200 8053 "https://dandenongdaynursery.com.au/" "Mozilla/5.0 (X11; Linux x86_64; rv:137.0) Gecko/20100101 Firefox/137.0"
92.112.155.236 - - [05/Jan/2026:01:40:13 +0800] "GET /wp-content/plugins/elementor/assets/js/webpack.runtime.min.js?ver=3.34.0 HTTP/1.1" 200 2476 "https://dandenongdaynursery.com.au/" "Mozilla/5.0 (X11; Linux x86_64; rv:137.0) Gecko/20100101 Firefox/137.0"
92.112.155.236 - - [05/Jan/2026:01:40:13 +0800] "GET /wp-content/themes/layers-elementor/assets/js/layers-pro.js?ver=1.0.3 HTTP/1.1" 200 5579 "https://dandenongdaynursery.com.au/" "Mozilla/5.0 (X11; Linux x86_64; rv:137.0) Gecko/20100101 Firefox/137.0"
92.112.155.236 - - [05/Jan/2026:01:40:13 +0800] "GET /wp-content/plugins/elementor/assets/js/frontend-modules.min.js?ver=3.34.0 HTTP/1.1" 200 25657 "https://dandenongdaynursery.com.au/" "Mozilla/5.0 (X11; Linux x86_64; rv:137.0) Gecko/20100101 Firefox/137.0"
92.112.155.236 - - [05/Jan/2026:01:40:13 +0800] "GET /wp-content/plugins/elementor/assets/lib/swiper/v8/swiper.min.js?ver=8.4.5 HTTP/1.1" 200 39695 "https://dandenongdaynursery.com.au/" "Mozilla/5.0 (X11; Linux x86_64; rv:137.0) Gecko/20100101 Firefox/137.0"
92.112.155.236 - - [05/Jan/2026:01:40:13 +0800] "GET /wp-content/plugins/wpforms-lite/assets/js/frontend/wpforms.min.js?ver=1.9.8.7 HTTP/1.1" 200 15067 "https://dandenongdaynursery.com.au/" "Mozilla/5.0 (X11; Linux x86_64; rv:137.0) Gecko/20100101 Firefox/137.0"
92.112.155.236 - - [05/Jan/2026:01:40:13 +0800] "GET /wp-content/plugins/header-footer-elementor/inc/js/frontend.js?ver=2.7.1 HTTP/1.1" 200 4880 "https://dandenongdaynursery.com.au/" "Mozilla/5.0 (X11; Linux x86_64; rv:137.0) Gecko/20100101 Firefox/137.0"
195.178.110.246 - - [05/Jan/2026:01:40:30 +0800] "GET /.git/config HTTP/1.1" 403 199 "-" "Mozilla/5.0 (Linux; U; Android 2.2; en-us; Nexus One Build/FRF91) AppleWebKit/533.1 (KHTML, like Gecko) Version/4.0 Mobile Safari/533.1"
43.130.150.80 - - [05/Jan/2026:01:56:38 +0800] "GET / HTTP/1.1" 403 199 "-" "Mozilla/5.0 (iPhone; CPU iPhone OS 13_2_3 like Mac OS X) AppleWebKit/605.1.15 (KHTML, like Gecko) Version/13.0.3 Mobile/15E148 Safari/604.1"
103.4.122.14 - - [05/Jan/2026:02:02:37 +0800] "POST /wp-cron.php?doing_wp_cron=1767549757.3100070953369140625000 HTTP/1.1" 200 - "-" "WordPress/6.9; https://dandenongdaynursery.com.au"
149.88.18.28 - - [05/Jan/2026:02:02:36 +0800] "GET / HTTP/1.0" 301 - "http://dandenongdaynursery.com.au/" "Mozilla/5.0 (Windows NT 10.0; Win64; x64) AppleWebKit/537.36 (KHTML, like Gecko) Chrome/130.0.0.0 Safari/537.36"
149.88.18.28 - - [05/Jan/2026:02:02:38 +0800] "GET / HTTP/1.0" 200 260933 "https://dandenongdaynursery.com.au/" "Mozilla/5.0 (Windows NT 10.0; Win64; x64) AppleWebKit/537.36 (KHTML, like Gecko) Chrome/130.0.0.0 Safari/537.36"
103.4.122.14 - - [05/Jan/2026:02:02:53 +0800] "POST /wp-admin/admin-ajax.php?action=as_async_request_queue_runner&nonce=f6862d492e HTTP/1.1" 500 184 "-" "WordPress/6.9; https://dandenongdaynursery.com.au"
149.88.18.28 - - [05/Jan/2026:02:02:52 +0800] "POST /wp-admin/admin-ajax.php HTTP/1.0" 200 327 "https://dandenongdaynursery.com.au/" "Mozilla/5.0 (Windows NT 10.0; Win64; x64) AppleWebKit/537.36 (KHTML, like Gecko) Chrome/130.0.0.0 Safari/537.36"
103.4.122.14 - - [05/Jan/2026:02:06:24 +0800] "POST /wp-cron.php?doing_wp_cron=1767549984.6019370555877685546875 HTTP/1.1" 200 - "-" "WordPress/6.9; https://dandenongdaynursery.com.au"
35.195.20.105 - - [05/Jan/2026:02:06:23 +0800] "GET / HTTP/1.1" 200 37518 "-" "Mozilla/5.0 (Macintosh; Intel Mac OS X 10.11; rv:52.0) Gecko/20100101 Firefox/52.0"
103.4.122.14 - - [05/Jan/2026:02:08:34 +0800] "POST /wp-cron.php?doing_wp_cron=1767550114.1689569950103759765625 HTTP/1.1" 200 - "-" "WordPress/6.9; https://dandenongdaynursery.com.au"
146.174.163.194 - - [05/Jan/2026:02:08:32 +0800] "GET /pike-room/ HTTP/1.1" 200 34087 "-" "Mozilla/5.0 (Windows NT 6.2; rv:22.0) Gecko/20130405 Firefox/23.0"
103.4.122.14 - - [05/Jan/2026:02:16:52 +0800] "POST /wp-cron.php?doing_wp_cron=1767550612.5195078849792480468750 HTTP/1.1" 200 - "-" "WordPress/6.9; https://dandenongdaynursery.com.au"
34.14.41.234 - - [05/Jan/2026:02:16:51 +0800] "GET /robots.txt HTTP/1.1" 200 135 "-" "Mozilla/5.0 (Macintosh; Intel Mac OS X 10.11; rv:52.0) Gecko/20100101 Firefox/52.0"
34.14.41.234 - - [05/Jan/2026:02:16:53 +0800] "GET / HTTP/1.1" 301 - "-" "Mozilla/5.0 (Macintosh; Intel Mac OS X 10.11; rv:52.0) Gecko/20100101 Firefox/52.0"
34.14.41.234 - - [05/Jan/2026:02:16:52 +0800] "GET / HTTP/1.1" 200 37520 "-" "Mozilla/5.0 (Macintosh; Intel Mac OS X 10.11; rv:52.0) Gecko/20100101 Firefox/52.0"
34.14.41.234 - - [05/Jan/2026:02:16:53 +0800] "GET / HTTP/1.1" 301 - "-" "Mozilla/5.0 (Macintosh; Intel Mac OS X 10.11; rv:52.0) Gecko/20100101 Firefox/52.0"
34.14.41.234 - - [05/Jan/2026:02:16:54 +0800] "GET /contact/ HTTP/1.1" 200 17766 "-" "Mozilla/5.0 (Macintosh; Intel Mac OS X 10.11; rv:52.0) Gecko/20100101 Firefox/52.0"
34.14.41.234 - - [05/Jan/2026:02:16:55 +0800] "GET / HTTP/1.1" 301 - "-" "Mozilla/5.0 (Macintosh; Intel Mac OS X 10.11; rv:52.0) Gecko/20100101 Firefox/52.0"
34.14.41.234 - - [05/Jan/2026:02:16:56 +0800] "GET /wp-content/plugins/advanced-testimonial-carousel-for-elementor/assets/js/atc-testimonial.js?ver=3.1.2 HTTP/1.1" 200 49919 "-" "Mozilla/5.0 (Macintosh; Intel Mac OS X 10.11; rv:52.0) Gecko/20100101 Firefox/52.0"
34.14.41.234 - - [05/Jan/2026:02:16:56 +0800] "GET /wp-content/plugins/elementor/assets/js/frontend-modules.min.js?ver=3.34.0 HTTP/1.1" 200 25657 "-" "Mozilla/5.0 (Macintosh; Intel Mac OS X 10.11; rv:52.0) Gecko/20100101 Firefox/52.0"
34.14.41.234 - - [05/Jan/2026:02:16:56 +0800] "GET /wp-content/plugins/elementor/assets/js/frontend.min.js?ver=3.34.0 HTTP/1.1" 200 10325 "-" "Mozilla/5.0 (Macintosh; Intel Mac OS X 10.11; rv:52.0) Gecko/20100101 Firefox/52.0"
34.14.41.234 - - [05/Jan/2026:02:16:55 +0800] "GET /about/ HTTP/1.1" 200 22306 "-" "Mozilla/5.0 (Macintosh; Intel Mac OS X 10.11; rv:52.0) Gecko/20100101 Firefox/52.0"
34.14.41.234 - - [05/Jan/2026:02:16:57 +0800] "GET /wp-content/plugins/elementor/assets/js/webpack.runtime.min.js?ver=3.34.0 HTTP/1.1" 200 2476 "-" "Mozilla/5.0 (Macintosh; Intel Mac OS X 10.11; rv:52.0) Gecko/20100101 Firefox/52.0"
34.14.41.234 - - [05/Jan/2026:02:16:57 +0800] "GET /wp-content/plugins/ays-popup-box/public/js/ays-pb-public.js?ver=6.0.9 HTTP/1.1" 200 3831 "-" "Mozilla/5.0 (Macintosh; Intel Mac OS X 10.11; rv:52.0) Gecko/20100101 Firefox/52.0"
34.14.41.234 - - [05/Jan/2026:02:16:57 +0800] "GET /wp-content/plugins/elementor/assets/lib/font-awesome/js/v4-shims.min.js?ver=3.34.0 HTTP/1.1" 200 4209 "-" "Mozilla/5.0 (Macintosh; Intel Mac OS X 10.11; rv:52.0) Gecko/20100101 Firefox/52.0"
34.14.41.234 - - [05/Jan/2026:02:16:57 +0800] "GET /wp-content/plugins/elementor/assets/lib/swiper/v8/swiper.min.js?ver=8.4.5 HTTP/1.1" 200 39695 "-" "Mozilla/5.0 (Macintosh; Intel Mac OS X 10.11; rv:52.0) Gecko/20100101 Firefox/52.0"
34.14.41.234 - - [05/Jan/2026:02:16:57 +0800] "GET /wp-content/plugins/header-footer-elementor/inc/js/frontend.js?ver=2.7.1 HTTP/1.1" 200 4880 "-" "Mozilla/5.0 (Macintosh; Intel Mac OS X 10.11; rv:52.0) Gecko/20100101 Firefox/52.0"
34.14.41.234 - - [05/Jan/2026:02:16:57 +0800] "GET /wp-content/plugins/wpforms-lite/assets/js/frontend/fields/address.min.js?ver=1.9.8.7 HTTP/1.1" 200 471 "-" "Mozilla/5.0 (Macintosh; Intel Mac OS X 10.11; rv:52.0) Gecko/20100101 Firefox/52.0"
34.14.41.234 - - [05/Jan/2026:02:16:57 +0800] "GET /wp-content/plugins/wpforms-lite/assets/js/frontend/wpforms.min.js?ver=1.9.8.7 HTTP/1.1" 200 15067 "-" "Mozilla/5.0 (Macintosh; Intel Mac OS X 10.11; rv:52.0) Gecko/20100101 Firefox/52.0"
34.14.41.234 - - [05/Jan/2026:02:16:57 +0800] "GET /wp-content/plugins/wpforms-lite/assets/js/share/utils.min.js?ver=1.9.8.7 HTTP/1.1" 200 800 "-" "Mozilla/5.0 (Macintosh; Intel Mac OS X 10.11; rv:52.0) Gecko/20100101 Firefox/52.0"
34.14.41.234 - - [05/Jan/2026:02:16:57 +0800] "GET /wp-content/plugins/wpforms-lite/assets/lib/jquery.validate.min.js?ver=1.21.0 HTTP/1.1" 200 8053 "-" "Mozilla/5.0 (Macintosh; Intel Mac OS X 10.11; rv:52.0) Gecko/20100101 Firefox/52.0"
34.14.41.234 - - [05/Jan/2026:02:16:58 +0800] "GET /wp-content/plugins/wpforms-lite/assets/lib/mailcheck.min.js?ver=1.1.2 HTTP/1.1" 200 1682 "-" "Mozilla/5.0 (Macintosh; Intel Mac OS X 10.11; rv:52.0) Gecko/20100101 Firefox/52.0"
34.14.41.234 - - [05/Jan/2026:02:16:58 +0800] "GET /wp-content/plugins/wpforms-lite/assets/lib/punycode.min.js?ver=1.0.0 HTTP/1.1" 200 872 "-" "Mozilla/5.0 (Macintosh; Intel Mac OS X 10.11; rv:52.0) Gecko/20100101 Firefox/52.0"
34.14.41.234 - - [05/Jan/2026:02:16:58 +0800] "GET /wp-content/themes/layers-elementor/assets/js/layers-pro.js?ver=1.0.3 HTTP/1.1" 200 5579 "-" "Mozilla/5.0 (Macintosh; Intel Mac OS X 10.11; rv:52.0) Gecko/20100101 Firefox/52.0"
34.14.41.234 - - [05/Jan/2026:02:16:58 +0800] "GET /wp-content/themes/layers-elementor/assets/js/plugins.js?ver=1.0.3 HTTP/1.1" 200 11608 "-" "Mozilla/5.0 (Macintosh; Intel Mac OS X 10.11; rv:52.0) Gecko/20100101 Firefox/52.0"
34.14.41.234 - - [05/Jan/2026:02:16:58 +0800] "GET /wp-content/themes/layers-elementor/assets/js/layers.framework.js?ver=1.0.3 HTTP/1.1" 200 2182 "-" "Mozilla/5.0 (Macintosh; Intel Mac OS X 10.11; rv:52.0) Gecko/20100101 Firefox/52.0"
34.14.41.234 - - [05/Jan/2026:02:16:58 +0800] "GET /wp-includes/js/jquery/jquery-migrate.min.js?ver=3.4.1 HTTP/1.1" 200 4872 "-" "Mozilla/5.0 (Macintosh; Intel Mac OS X 10.11; rv:52.0) Gecko/20100101 Firefox/52.0"
34.14.41.234 - - [05/Jan/2026:02:16:58 +0800] "GET /wp-includes/js/jquery/ui/core.min.js?ver=1.13.3 HTTP/1.1" 200 7106 "-" "Mozilla/5.0 (Macintosh; Intel Mac OS X 10.11; rv:52.0) Gecko/20100101 Firefox/52.0"
34.14.41.234 - - [05/Jan/2026:02:16:58 +0800] "GET /wp-includes/js/jquery/jquery.min.js?ver=3.7.1 HTTP/1.1" 200 30368 "-" "Mozilla/5.0 (Macintosh; Intel Mac OS X 10.11; rv:52.0) Gecko/20100101 Firefox/52.0"
34.14.41.234 - - [05/Jan/2026:02:16:58 +0800] "GET /education-services/ HTTP/1.1" 200 22164 "-" "Mozilla/5.0 (Macintosh; Intel Mac OS X 10.11; rv:52.0) Gecko/20100101 Firefox/52.0"
34.14.41.234 - - [05/Jan/2026:02:16:58 +0800] "GET /gallery/ HTTP/1.1" 200 25052 "-" "Mozilla/5.0 (Macintosh; Intel Mac OS X 10.11; rv:52.0) Gecko/20100101 Firefox/52.0"
34.14.41.234 - - [05/Jan/2026:02:16:58 +0800] "GET /minamberang-room/ HTTP/1.1" 200 23035 "-" "Mozilla/5.0 (Macintosh; Intel Mac OS X 10.11; rv:52.0) Gecko/20100101 Firefox/52.0"
34.14.41.234 - - [05/Jan/2026:02:17:00 +0800] "GET /murnong-room/ HTTP/1.1" 200 23030 "-" "Mozilla/5.0 (Macintosh; Intel Mac OS X 10.11; rv:52.0) Gecko/20100101 Firefox/52.0"
34.14.41.234 - - [05/Jan/2026:02:17:00 +0800] "GET /pike-room/ HTTP/1.1" 200 22846 "-" "Mozilla/5.0 (Macintosh; Intel Mac OS X 10.11; rv:52.0) Gecko/20100101 Firefox/52.0"
34.14.41.234 - - [05/Jan/2026:02:17:00 +0800] "GET /team/ HTTP/1.1" 200 23209 "-" "Mozilla/5.0 (Macintosh; Intel Mac OS X 10.11; rv:52.0) Gecko/20100101 Firefox/52.0"
34.14.41.234 - - [05/Jan/2026:02:17:01 +0800] "GET /warraworrap-room/ HTTP/1.1" 200 23485 "-" "Mozilla/5.0 (Macintosh; Intel Mac OS X 10.11; rv:52.0) Gecko/20100101 Firefox/52.0"
34.14.41.234 - - [05/Jan/2026:02:17:04 +0800] "GET / HTTP/1.1" 200 37519 "-" "Python/3.11 aiohttp/3.13.0"
34.14.41.234 - - [05/Jan/2026:02:17:07 +0800] "GET /install.php HTTP/1.1" 404 65300 "-" "Mozilla/5.0 (Macintosh; Intel Mac OS X 10.11; rv:52.0) Gecko/20100101 Firefox/52.0"
34.14.41.234 - - [05/Jan/2026:02:17:07 +0800] "GET /util/login.aspx HTTP/1.1" 404 65300 "-" "Mozilla/5.0 (Macintosh; Intel Mac OS X 10.11; rv:52.0) Gecko/20100101 Firefox/52.0"
34.14.41.234 - - [05/Jan/2026:02:17:07 +0800] "GET /magento_version HTTP/1.1" 404 65300 "-" "Mozilla/5.0 (Macintosh; Intel Mac OS X 10.11; rv:52.0) Gecko/20100101 Firefox/52.0"
103.4.122.14 - - [05/Jan/2026:02:37:32 +0800] "POST /wp-cron.php?doing_wp_cron=1767551852.0311939716339111328125 HTTP/1.1" 200 - "-" "WordPress/6.9; https://dandenongdaynursery.com.au"
183.249.5.213 - - [05/Jan/2026:02:37:30 +0800] "GET /wp-json/wp/v2/posts HTTP/1.1" 200 2 "-" "Mozilla/5.0 (Windows NT 10.0; Win64; x64) AppleWebKit/537.36 (KHTML, like Gecko) Chrome/120.0.0.0 Safari/537.36"
103.4.122.14 - - [05/Jan/2026:03:03:34 +0800] "POST /wp-cron.php?doing_wp_cron=1767553414.2904760837554931640625 HTTP/1.1" 200 - "-" "WordPress/6.9; https://dandenongdaynursery.com.au"
146.174.170.26 - - [05/Jan/2026:03:03:31 +0800] "GET /murnong-room/ HTTP/1.1" 200 34274 "-" "Mozilla/5.0 (Macintosh; Intel Mac OS X 10_5_8) AppleWebKit/535.1 (KHTML, like Gecko) Chrome/14.0.801.0 Safari/535.1"
103.4.122.14 - - [05/Jan/2026:03:14:30 +0800] "POST /wp-cron.php?doing_wp_cron=1767554070.2937800884246826171875 HTTP/1.1" 200 - "-" "WordPress/6.9; https://dandenongdaynursery.com.au"
192.210.150.229 - - [05/Jan/2026:03:14:28 +0800] "GET / HTTP/1.0" 200 260933 "https://dandenongdaynursery.com.au/" "Mozilla/5.0 (Windows NT 10.0; Win64; x64) AppleWebKit/537.36 (KHTML, like Gecko) Chrome/103.0.5060.66 Safari/537.36"
195.24.236.78 - - [05/Jan/2026:03:14:39 +0800] "GET / HTTP/1.1" 301 - "-" "-"
195.24.236.78 - - [05/Jan/2026:03:14:47 +0800] "GET / HTTP/1.1" 301 - "-" "-"
192.210.150.229 - - [05/Jan/2026:03:14:50 +0800] "POST / HTTP/1.0" 200 156246 "https://dandenongdaynursery.com.au/" "Mozilla/5.0 (Windows NT 10.0; Win64; x64) AppleWebKit/537.36 (KHTML, like Gecko) Chrome/103.0.5060.66 Safari/537.36"
195.24.236.78 - - [05/Jan/2026:03:14:55 +0800] "GET / HTTP/1.1" 301 - "-" "-"
195.24.236.78 - - [05/Jan/2026:03:15:03 +0800] "GET / HTTP/1.1" 301 - "-" "-"
195.24.236.78 - - [05/Jan/2026:03:15:12 +0800] "GET / HTTP/1.1" 301 - "-" "-"
103.4.122.14 - - [05/Jan/2026:03:40:36 +0800] "POST /wp-cron.php?doing_wp_cron=1767555636.4779739379882812500000 HTTP/1.1" 200 - "-" "WordPress/6.9; https://dandenongdaynursery.com.au"
47.128.120.94 - - [05/Jan/2026:03:40:35 +0800] "GET /education-services/ HTTP/1.1" 200 33417 "-" "Mozilla/5.0 (compatible; Bytespider; spider-feedback@bytedance.com) AppleWebKit/537.36 (KHTML, like Gecko) Chrome/70.0.0.0 Safari/537.36"
47.128.22.158 - - [05/Jan/2026:03:40:54 +0800] "GET /robots.txt HTTP/1.1" 200 135 "-" "Mozilla/5.0 (Linux; Android 5.0) AppleWebKit/537.36 (KHTML, like Gecko) Mobile Safari/537.36 (compatible; Bytespider; spider-feedback@bytedance.com)"
103.4.122.14 - - [05/Jan/2026:03:45:05 +0800] "POST /wp-cron.php?doing_wp_cron=1767555905.1337389945983886718750 HTTP/1.1" 200 - "-" "WordPress/6.9; https://dandenongdaynursery.com.au"
51.89.129.30 - - [05/Jan/2026:03:45:04 +0800] "GET /robots.txt HTTP/1.1" 200 135 "-" "Mozilla/5.0 (compatible; AhrefsBot/7.0; +http://ahrefs.com/robot/)"
51.75.236.138 - - [05/Jan/2026:03:45:10 +0800] "GET /sitemap_index.xml HTTP/1.1" 200 315 "-" "Mozilla/5.0 (compatible; AhrefsBot/7.0; +http://ahrefs.com/robot/)"
51.68.247.218 - - [05/Jan/2026:03:45:15 +0800] "GET /page-sitemap.xml HTTP/1.1" 200 524 "-" "Mozilla/5.0 (compatible; AhrefsBot/7.0; +http://ahrefs.com/robot/)"
92.222.108.97 - - [05/Jan/2026:03:45:20 +0800] "GET /elementor-hf-sitemap.xml HTTP/1.1" 200 398 "-" "Mozilla/5.0 (compatible; AhrefsBot/7.0; +http://ahrefs.com/robot/)"
103.4.122.14 - - [05/Jan/2026:03:50:43 +0800] "POST /wp-cron.php?doing_wp_cron=1767556243.1960589885711669921875 HTTP/1.1" 200 - "-" "WordPress/6.9; https://dandenongdaynursery.com.au"
195.2.79.165 - - [05/Jan/2026:03:50:41 +0800] "GET / HTTP/1.0" 200 260933 "https://dandenongdaynursery.com.au/" "Mozilla/5.0 (Windows NT 10.0; Win64; x64) AppleWebKit/537.36 (KHTML, like Gecko) Chrome/129.0.0.0 Safari/537.36"
103.4.122.14 - - [05/Jan/2026:03:54:55 +0800] "POST /wp-cron.php?doing_wp_cron=1767556495.4549860954284667968750 HTTP/1.1" 200 - "-" "WordPress/6.9; https://dandenongdaynursery.com.au"
195.2.79.165 - - [05/Jan/2026:03:54:53 +0800] "POST /wp-admin/admin-ajax.php HTTP/1.0" 200 43 "https://dandenongdaynursery.com.au/" "Mozilla/5.0 (Windows NT 10.0; Win64; x64) AppleWebKit/537.36 (KHTML, like Gecko) Chrome/129.0.0.0 Safari/537.36"
103.4.122.14 - - [05/Jan/2026:03:54:55 +0800] "POST /wp-cron.php?doing_wp_cron=1767556495.6938869953155517578125 HTTP/1.1" 200 - "-" "WordPress/6.9; https://dandenongdaynursery.com.au"
103.4.122.14 - - [05/Jan/2026:03:54:54 +0800] "POST /wp-admin/admin-ajax.php?action=as_async_request_queue_runner&nonce=f6862d492e HTTP/1.1" 500 184 "-" "WordPress/6.9; https://dandenongdaynursery.com.au"
123.187.240.242 - - [05/Jan/2026:03:55:40 +0800] "GET / HTTP/1.1" 403 199 "-" "Mozilla/5.0 (iPhone; CPU iPhone OS 13_2_3 like Mac OS X) AppleWebKit/605.1.15 (KHTML, like Gecko) Version/13.0.3 Mobile/15E148 Safari/604.1"
40.77.167.1 - - [05/Jan/2026:03:59:15 +0800] "GET /wp-content/uploads/2023/03/Warraworrap-6-1-2048x1536.jpg HTTP/1.1" 200 505736 "-" "Mozilla/5.0 AppleWebKit/537.36 (KHTML, like Gecko; compatible; bingbot/2.0; +http://www.bing.com/bingbot.htm) Chrome/116.0.1938.76 Safari/537.36"
103.4.122.14 - - [05/Jan/2026:04:17:38 +0800] "POST /wp-cron.php?doing_wp_cron=1767557858.8648359775543212890625 HTTP/1.1" 200 - "-" "WordPress/6.9; https://dandenongdaynursery.com.au"
17.246.23.232 - - [05/Jan/2026:04:17:37 +0800] "GET /robots.txt HTTP/1.1" 301 - "-" "Mozilla/5.0 (Macintosh; Intel Mac OS X 10_15_7) AppleWebKit/605.1.15 (KHTML, like Gecko) Version/17.4 Safari/605.1.15 (Applebot/0.1; +http://www.apple.com/go/applebot)"
17.246.23.147 - - [05/Jan/2026:04:17:39 +0800] "GET /robots.txt HTTP/1.1" 200 135 "-" "Mozilla/5.0 (Macintosh; Intel Mac OS X 10_15_7) AppleWebKit/605.1.15 (KHTML, like Gecko) Version/17.4 Safari/605.1.15 (Applebot/0.1; +http://www.apple.com/go/applebot)"
103.4.122.14 - - [05/Jan/2026:04:30:32 +0800] "POST /wp-cron.php?doing_wp_cron=1767558632.2277719974517822265625 HTTP/1.1" 200 - "-" "WordPress/6.9; https://dandenongdaynursery.com.au"
104.207.40.253 - - [05/Jan/2026:04:30:31 +0800] "GET / HTTP/1.1" 301 - "-" "Mozilla/5.0 (Windows NT 10.0; Win64; x64) AppleWebKit/537.36 (KHTML, like Gecko) Chrome/114.0.0.0 Safari/537.36"
104.207.40.253 - - [05/Jan/2026:04:30:33 +0800] "GET / HTTP/1.1" 200 37518 "http://dandenongdaynursery.com.au" "Mozilla/5.0 (Windows NT 10.0; Win64; x64) AppleWebKit/537.36 (KHTML, like Gecko) Chrome/114.0.0.0 Safari/537.36"
216.26.237.158 - - [05/Jan/2026:04:30:35 +0800] "GET /contact/ HTTP/1.1" 200 17770 "http://dandenongdaynursery.com.au" "Mozilla/5.0 (Windows NT 10.0; Win64; x64) AppleWebKit/537.36 (KHTML, like Gecko) Chrome/114.0.0.0 Safari/537.36"
103.4.122.14 - - [05/Jan/2026:04:36:21 +0800] "POST /wp-cron.php?doing_wp_cron=1767558981.4616250991821289062500 HTTP/1.1" 200 - "-" "WordPress/6.9; https://dandenongdaynursery.com.au"
146.70.123.153 - - [05/Jan/2026:04:36:20 +0800] "GET / HTTP/1.0" 301 - "http://dandenongdaynursery.com.au/" "Mozilla/5.0 (Windows NT 10.0; Win64; x64) AppleWebKit/537.36 (KHTML, like Gecko) Chrome/130.0.0.0 Safari/537.36 CCleaner/130.0.0.0"
146.70.123.153 - - [05/Jan/2026:04:36:22 +0800] "GET / HTTP/1.0" 200 260933 "https://dandenongdaynursery.com.au/" "Mozilla/5.0 (Windows NT 10.0; Win64; x64) AppleWebKit/537.36 (KHTML, like Gecko) Chrome/130.0.0.0 Safari/537.36 CCleaner/130.0.0.0"
146.70.123.153 - - [05/Jan/2026:04:36:38 +0800] "POST /wp-admin/admin-ajax.php HTTP/1.0" 200 43 "https://dandenongdaynursery.com.au/" "Mozilla/5.0 (Windows NT 10.0; Win64; x64) AppleWebKit/537.36 (KHTML, like Gecko) Chrome/130.0.0.0 Safari/537.36 CCleaner/130.0.0.0"
103.4.122.14 - - [05/Jan/2026:04:36:39 +0800] "POST /wp-admin/admin-ajax.php?action=as_async_request_queue_runner&nonce=f6862d492e HTTP/1.1" 500 184 "-" "WordPress/6.9; https://dandenongdaynursery.com.au"
103.4.122.14 - - [05/Jan/2026:04:41:10 +0800] "POST /wp-cron.php?doing_wp_cron=1767559270.7967879772186279296875 HTTP/1.1" 200 - "-" "WordPress/6.9; https://dandenongdaynursery.com.au"
47.128.31.251 - - [05/Jan/2026:04:41:09 +0800] "GET / HTTP/1.1" 200 37522 "-" "Mozilla/5.0 (Linux; Android 5.0) AppleWebKit/537.36 (KHTML, like Gecko) Mobile Safari/537.36 (compatible; Bytespider; spider-feedback@bytedance.com)"
57.141.18.54 - - [05/Jan/2026:04:42:05 +0800] "GET /\xe0\xb8\xaa\xe0\xb8\xa5\xe0\xb9\x87\xe0\xb8\xad\xe0\xb8\x95pg168\xe0\xb9\x80\xe0\xb8\xa7\xe0\xb9\x87\xe0\xb8\x9a\xe0\xb8\x95\xe0\xb8\xa3\xe0\xb8\x87.aspx HTTP/1.1" 404 170266 "-" "meta-externalagent/1.1 (+https://developers.facebook.com/docs/sharing/webmasters/crawler)"
103.4.122.14 - - [05/Jan/2026:04:42:31 +0800] "POST /wp-cron.php?doing_wp_cron=1767559351.4262170791625976562500 HTTP/1.1" 200 - "-" "WordPress/6.9; https://dandenongdaynursery.com.au"
47.128.16.112 - - [05/Jan/2026:04:42:29 +0800] "GET / HTTP/1.1" 200 37517 "-" "Mozilla/5.0 (Linux; Android 5.0) AppleWebKit/537.36 (KHTML, like Gecko) Mobile Safari/537.36 (compatible; TikTokSpider; ttspider-feedback@tiktok.com)"
47.128.16.112 - - [05/Jan/2026:04:42:32 +0800] "GET /wp-content/plugins/elementor/assets/lib/eicons/css/elementor-icons.min.css?ver=5.45.0 HTTP/1.1" 200 4384 "https://dandenongdaynursery.com.au/" "Mozilla/5.0 (Linux; Android 5.0) AppleWebKit/537.36 (KHTML, like Gecko) Mobile Safari/537.36 (compatible; TikTokSpider; ttspider-feedback@tiktok.com)"
47.128.16.112 - - [05/Jan/2026:04:42:32 +0800] "GET /wp-content/plugins/header-footer-elementor/inc/widgets-css/frontend.css?ver=2.7.1 HTTP/1.1" 200 9202 "https://dandenongdaynursery.com.au/" "Mozilla/5.0 (Linux; Android 5.0) AppleWebKit/537.36 (KHTML, like Gecko) Mobile Safari/537.36 (compatible; TikTokSpider; ttspider-feedback@tiktok.com)"
47.128.16.112 - - [05/Jan/2026:04:42:33 +0800] "GET /wp-content/plugins/header-footer-elementor/assets/css/header-footer-elementor.css?ver=2.7.1 HTTP/1.1" 200 323 "https://dandenongdaynursery.com.au/" "Mozilla/5.0 (Linux; Android 5.0) AppleWebKit/537.36 (KHTML, like Gecko) Mobile Safari/537.36 (compatible; TikTokSpider; ttspider-feedback@tiktok.com)"
47.128.16.112 - - [05/Jan/2026:04:42:33 +0800] "GET /wp-content/plugins/elementor/assets/css/frontend.min.css?ver=3.34.0 HTTP/1.1" 200 7244 "https://dandenongdaynursery.com.au/" "Mozilla/5.0 (Linux; Android 5.0) AppleWebKit/537.36 (KHTML, like Gecko) Mobile Safari/537.36 (compatible; TikTokSpider; ttspider-feedback@tiktok.com)"
47.128.16.112 - - [05/Jan/2026:04:42:33 +0800] "GET /wp-content/plugins/ays-popup-box/public/css/animate.css?ver=6.0.9 HTTP/1.1" 200 4063 "https://dandenongdaynursery.com.au/" "Mozilla/5.0 (Linux; Android 5.0) AppleWebKit/537.36 (KHTML, like Gecko) Mobile Safari/537.36 (compatible; TikTokSpider; ttspider-feedback@tiktok.com)"
47.128.16.112 - - [05/Jan/2026:04:42:33 +0800] "GET /wp-content/plugins/advanced-testimonial-carousel-for-elementor/assets/css/atc-testimonial.css?ver=3.1.2 HTTP/1.1" 200 1687 "https://dandenongdaynursery.com.au/" "Mozilla/5.0 (Linux; Android 5.0) AppleWebKit/537.36 (KHTML, like Gecko) Mobile Safari/537.36 (compatible; TikTokSpider; ttspider-feedback@tiktok.com)"
47.128.16.112 - - [05/Jan/2026:04:42:33 +0800] "GET /wp-content/plugins/elementor/assets/lib/font-awesome/css/v4-shims.min.css?ver=3.34.0 HTTP/1.1" 200 4229 "https://dandenongdaynursery.com.au/" "Mozilla/5.0 (Linux; Android 5.0) AppleWebKit/537.36 (KHTML, like Gecko) Mobile Safari/537.36 (compatible; TikTokSpider; ttspider-feedback@tiktok.com)"
47.128.16.112 - - [05/Jan/2026:04:42:33 +0800] "GET /wp-content/plugins/elementor/assets/lib/font-awesome/css/all.min.css?ver=3.34.0 HTTP/1.1" 200 12869 "https://dandenongdaynursery.com.au/" "Mozilla/5.0 (Linux; Android 5.0) AppleWebKit/537.36 (KHTML, like Gecko) Mobile Safari/537.36 (compatible; TikTokSpider; ttspider-feedback@tiktok.com)"
47.128.16.112 - - [05/Jan/2026:04:42:33 +0800] "GET /wp-content/plugins/elementor/assets/css/conditionals/shapes.min.css?ver=3.34.0 HTTP/1.1" 200 288 "https://dandenongdaynursery.com.au/" "Mozilla/5.0 (Linux; Android 5.0) AppleWebKit/537.36 (KHTML, like Gecko) Mobile Safari/537.36 (compatible; TikTokSpider; ttspider-feedback@tiktok.com)"
47.128.16.112 - - [05/Jan/2026:04:42:33 +0800] "GET /wp-content/uploads/elementor/css/post-8.css?ver=1767027949 HTTP/1.1" 200 441 "https://dandenongdaynursery.com.au/" "Mozilla/5.0 (Linux; Android 5.0) AppleWebKit/537.36 (KHTML, like Gecko) Mobile Safari/537.36 (compatible; TikTokSpider; ttspider-feedback@tiktok.com)"
47.128.16.112 - - [05/Jan/2026:04:42:33 +0800] "GET /wp-content/plugins/elementor/assets/css/widget-heading.min.css?ver=3.34.0 HTTP/1.1" 200 160 "https://dandenongdaynursery.com.au/" "Mozilla/5.0 (Linux; Android 5.0) AppleWebKit/537.36 (KHTML, like Gecko) Mobile Safari/537.36 (compatible; TikTokSpider; ttspider-feedback@tiktok.com)"
47.128.16.112 - - [05/Jan/2026:04:42:33 +0800] "GET /wp-content/plugins/elementor/assets/css/widget-spacer.min.css?ver=3.34.0 HTTP/1.1" 200 338 "https://dandenongdaynursery.com.au/" "Mozilla/5.0 (Linux; Android 5.0) AppleWebKit/537.36 (KHTML, like Gecko) Mobile Safari/537.36 (compatible; TikTokSpider; ttspider-feedback@tiktok.com)"
47.128.16.112 - - [05/Jan/2026:04:42:33 +0800] "GET /wp-content/plugins/elementor/assets/css/widget-icon-list.min.css?ver=3.34.0 HTTP/1.1" 200 1023 "https://dandenongdaynursery.com.au/" "Mozilla/5.0 (Linux; Android 5.0) AppleWebKit/537.36 (KHTML, like Gecko) Mobile Safari/537.36 (compatible; TikTokSpider; ttspider-feedback@tiktok.com)"
47.128.16.112 - - [05/Jan/2026:04:42:33 +0800] "GET /wp-content/plugins/elementor/assets/lib/swiper/v8/css/swiper.min.css?ver=8.4.5 HTTP/1.1" 200 4583 "https://dandenongdaynursery.com.au/" "Mozilla/5.0 (Linux; Android 5.0) AppleWebKit/537.36 (KHTML, like Gecko) Mobile Safari/537.36 (compatible; TikTokSpider; ttspider-feedback@tiktok.com)"
47.128.16.112 - - [05/Jan/2026:04:42:33 +0800] "GET /wp-content/plugins/elementor/assets/css/widget-image.min.css?ver=3.34.0 HTTP/1.1" 200 135 "https://dandenongdaynursery.com.au/" "Mozilla/5.0 (Linux; Android 5.0) AppleWebKit/537.36 (KHTML, like Gecko) Mobile Safari/537.36 (compatible; TikTokSpider; ttspider-feedback@tiktok.com)"
47.128.16.112 - - [05/Jan/2026:04:42:33 +0800] "GET /wp-content/plugins/elementor/assets/css/widget-image-box.min.css?ver=3.34.0 HTTP/1.1" 200 368 "https://dandenongdaynursery.com.au/" "Mozilla/5.0 (Linux; Android 5.0) AppleWebKit/537.36 (KHTML, like Gecko) Mobile Safari/537.36 (compatible; TikTokSpider; ttspider-feedback@tiktok.com)"
47.128.16.112 - - [05/Jan/2026:04:42:34 +0800] "GET /wp-content/uploads/elementor/css/post-1238.css?ver=1767027949 HTTP/1.1" 200 1839 "https://dandenongdaynursery.com.au/" "Mozilla/5.0 (Linux; Android 5.0) AppleWebKit/537.36 (KHTML, like Gecko) Mobile Safari/537.36 (compatible; TikTokSpider; ttspider-feedback@tiktok.com)"
47.128.16.112 - - [05/Jan/2026:04:42:34 +0800] "GET /wp-content/uploads/elementor/css/post-1463.css?ver=1767027949 HTTP/1.1" 200 1471 "https://dandenongdaynursery.com.au/" "Mozilla/5.0 (Linux; Android 5.0) AppleWebKit/537.36 (KHTML, like Gecko) Mobile Safari/537.36 (compatible; TikTokSpider; ttspider-feedback@tiktok.com)"
47.128.16.112 - - [05/Jan/2026:04:42:34 +0800] "GET /wp-content/plugins/elementor/assets/css/conditionals/e-swiper.min.css?ver=3.34.0 HTTP/1.1" 200 799 "https://dandenongdaynursery.com.au/" "Mozilla/5.0 (Linux; Android 5.0) AppleWebKit/537.36 (KHTML, like Gecko) Mobile Safari/537.36 (compatible; TikTokSpider; ttspider-feedback@tiktok.com)"
47.128.16.112 - - [05/Jan/2026:04:42:34 +0800] "GET /wp-content/plugins/elementor/assets/css/widget-divider.min.css?ver=3.34.0 HTTP/1.1" 200 741 "https://dandenongdaynursery.com.au/" "Mozilla/5.0 (Linux; Android 5.0) AppleWebKit/537.36 (KHTML, like Gecko) Mobile Safari/537.36 (compatible; TikTokSpider; ttspider-feedback@tiktok.com)"
47.128.16.112 - - [05/Jan/2026:04:42:34 +0800] "GET /wp-content/plugins/elementor/assets/css/widget-image-gallery.min.css?ver=3.34.0 HTTP/1.1" 200 358 "https://dandenongdaynursery.com.au/" "Mozilla/5.0 (Linux; Android 5.0) AppleWebKit/537.36 (KHTML, like Gecko) Mobile Safari/537.36 (compatible; TikTokSpider; ttspider-feedback@tiktok.com)"
47.128.16.112 - - [05/Jan/2026:04:42:34 +0800] "GET /wp-content/plugins/elementor/assets/css/widget-google_maps.min.css?ver=3.34.0 HTTP/1.1" 200 138 "https://dandenongdaynursery.com.au/" "Mozilla/5.0 (Linux; Android 5.0) AppleWebKit/537.36 (KHTML, like Gecko) Mobile Safari/537.36 (compatible; TikTokSpider; ttspider-feedback@tiktok.com)"
47.128.16.112 - - [05/Jan/2026:04:42:34 +0800] "GET /wp-content/uploads/elementor/css/post-10.css?ver=1767029617 HTTP/1.1" 200 3873 "https://dandenongdaynursery.com.au/" "Mozilla/5.0 (Linux; Android 5.0) AppleWebKit/537.36 (KHTML, like Gecko) Mobile Safari/537.36 (compatible; TikTokSpider; ttspider-feedback@tiktok.com)"
47.128.16.112 - - [05/Jan/2026:04:42:34 +0800] "GET /wp-content/themes/layers-elementor/assets/css/components.css?ver=1.0.3 HTTP/1.1" 200 4037 "https://dandenongdaynursery.com.au/" "Mozilla/5.0 (Linux; Android 5.0) AppleWebKit/537.36 (KHTML, like Gecko) Mobile Safari/537.36 (compatible; TikTokSpider; ttspider-feedback@tiktok.com)"
47.128.16.112 - - [05/Jan/2026:04:42:34 +0800] "GET /wp-content/themes/layers-elementor/assets/css/framework.css?ver=1.0.3 HTTP/1.1" 200 10628 "https://dandenongdaynursery.com.au/" "Mozilla/5.0 (Linux; Android 5.0) AppleWebKit/537.36 (KHTML, like Gecko) Mobile Safari/537.36 (compatible; TikTokSpider; ttspider-feedback@tiktok.com)"
47.128.16.112 - - [05/Jan/2026:04:42:34 +0800] "GET /wp-content/plugins/wpforms-lite/assets/css/frontend/classic/wpforms-full.min.css?ver=1.9.8.7 HTTP/1.1" 200 11887 "https://dandenongdaynursery.com.au/" "Mozilla/5.0 (Linux; Android 5.0) AppleWebKit/537.36 (KHTML, like Gecko) Mobile Safari/537.36 (compatible; TikTokSpider; ttspider-feedback@tiktok.com)"
47.128.16.112 - - [05/Jan/2026:04:42:34 +0800] "GET /wp-content/themes/layers-elementor/assets/css/responsive.css?ver=1.0.3 HTTP/1.1" 200 4548 "https://dandenongdaynursery.com.au/" "Mozilla/5.0 (Linux; Android 5.0) AppleWebKit/537.36 (KHTML, like Gecko) Mobile Safari/537.36 (compatible; TikTokSpider; ttspider-feedback@tiktok.com)"
47.128.16.112 - - [05/Jan/2026:04:42:36 +0800] "GET /wp-content/plugins/elementor/assets/css/widget-social-icons.min.css?ver=3.24.0 HTTP/1.1" 200 1142 "https://dandenongdaynursery.com.au/" "Mozilla/5.0 (Linux; Android 5.0) AppleWebKit/537.36 (KHTML, like Gecko) Mobile Safari/537.36 (compatible; TikTokSpider; ttspider-feedback@tiktok.com)"
47.128.16.112 - - [05/Jan/2026:04:42:36 +0800] "GET /wp-content/uploads/elementor/google-fonts/css/roboto.css?ver=1742440807 HTTP/1.1" 200 2867 "https://dandenongdaynursery.com.au/" "Mozilla/5.0 (Linux; Android 5.0) AppleWebKit/537.36 (KHTML, like Gecko) Mobile Safari/537.36 (compatible; TikTokSpider; ttspider-feedback@tiktok.com)"
47.128.16.112 - - [05/Jan/2026:04:42:36 +0800] "GET /wp-content/plugins/elementor/assets/lib/font-awesome/css/fontawesome.css?ver=5.15.3 HTTP/1.1" 200 13124 "https://dandenongdaynursery.com.au/" "Mozilla/5.0 (Linux; Android 5.0) AppleWebKit/537.36 (KHTML, like Gecko) Mobile Safari/537.36 (compatible; TikTokSpider; ttspider-feedback@tiktok.com)"
47.128.16.112 - - [05/Jan/2026:04:42:36 +0800] "GET /wp-content/uploads/elementor/google-fonts/css/robotoslab.css?ver=1742440818 HTTP/1.1" 200 964 "https://dandenongdaynursery.com.au/" "Mozilla/5.0 (Linux; Android 5.0) AppleWebKit/537.36 (KHTML, like Gecko) Mobile Safari/537.36 (compatible; TikTokSpider; ttspider-feedback@tiktok.com)"
47.128.16.112 - - [05/Jan/2026:04:42:36 +0800] "GET /wp-content/plugins/elementor/assets/lib/font-awesome/css/brands.css?ver=5.15.3 HTTP/1.1" 200 322 "https://dandenongdaynursery.com.au/" "Mozilla/5.0 (Linux; Android 5.0) AppleWebKit/537.36 (KHTML, like Gecko) Mobile Safari/537.36 (compatible; TikTokSpider; ttspider-feedback@tiktok.com)"
47.128.16.112 - - [05/Jan/2026:04:42:36 +0800] "GET /wp-content/themes/layers-elementor/assets/css/layers-icons.css?ver=1.0.3 HTTP/1.1" 200 711 "https://dandenongdaynursery.com.au/" "Mozilla/5.0 (Linux; Android 5.0) AppleWebKit/537.36 (KHTML, like Gecko) Mobile Safari/537.36 (compatible; TikTokSpider; ttspider-feedback@tiktok.com)"
47.128.16.112 - - [05/Jan/2026:04:42:36 +0800] "GET /wp-content/plugins/elementor/assets/css/widget-icon-list.min.css?ver=3.24.3 HTTP/1.1" 200 1023 "https://dandenongdaynursery.com.au/" "Mozilla/5.0 (Linux; Android 5.0) AppleWebKit/537.36 (KHTML, like Gecko) Mobile Safari/537.36 (compatible; TikTokSpider; ttspider-feedback@tiktok.com)"
47.128.16.112 - - [05/Jan/2026:04:42:36 +0800] "GET /wp-content/themes/layers-elementor/assets/css/layers-pro.css?ver=1.0.3 HTTP/1.1" 200 2534 "https://dandenongdaynursery.com.au/" "Mozilla/5.0 (Linux; Android 5.0) AppleWebKit/537.36 (KHTML, like Gecko) Mobile Safari/537.36 (compatible; TikTokSpider; ttspider-feedback@tiktok.com)"
47.128.16.112 - - [05/Jan/2026:04:42:36 +0800] "GET /wp-content/plugins/elementor/assets/lib/font-awesome/css/solid.css?ver=5.15.3 HTTP/1.1" 200 325 "https://dandenongdaynursery.com.au/" "Mozilla/5.0 (Linux; Android 5.0) AppleWebKit/537.36 (KHTML, like Gecko) Mobile Safari/537.36 (compatible; TikTokSpider; ttspider-feedback@tiktok.com)"
47.128.16.112 - - [05/Jan/2026:04:42:36 +0800] "GET /wp-content/plugins/elementor/assets/lib/eicons/css/elementor-icons.min.css?ver=5.34.0 HTTP/1.1" 200 4384 "https://dandenongdaynursery.com.au/" "Mozilla/5.0 (Linux; Android 5.0) AppleWebKit/537.36 (KHTML, like Gecko) Mobile Safari/537.36 (compatible; TikTokSpider; ttspider-feedback@tiktok.com)"
47.128.16.112 - - [05/Jan/2026:04:42:36 +0800] "GET /wp-content/themes/layers-elementor/style.css?ver=1.0.3 HTTP/1.1" 200 912 "https://dandenongdaynursery.com.au/" "Mozilla/5.0 (Linux; Android 5.0) AppleWebKit/537.36 (KHTML, like Gecko) Mobile Safari/537.36 (compatible; TikTokSpider; ttspider-feedback@tiktok.com)"
47.128.16.112 - - [05/Jan/2026:04:42:36 +0800] "GET /wp-content/uploads/elementor/google-fonts/css/raleway.css?ver=1742440850 HTTP/1.1" 200 1086 "https://dandenongdaynursery.com.au/" "Mozilla/5.0 (Linux; Android 5.0) AppleWebKit/537.36 (KHTML, like Gecko) Mobile Safari/537.36 (compatible; TikTokSpider; ttspider-feedback@tiktok.com)"
47.128.16.112 - - [05/Jan/2026:04:42:36 +0800] "GET /wp-content/uploads/elementor/google-fonts/css/montserrat.css?ver=1742440837 HTTP/1.1" 200 1093 "https://dandenongdaynursery.com.au/" "Mozilla/5.0 (Linux; Android 5.0) AppleWebKit/537.36 (KHTML, like Gecko) Mobile Safari/537.36 (compatible; TikTokSpider; ttspider-feedback@tiktok.com)"
47.128.16.112 - - [05/Jan/2026:04:42:36 +0800] "GET /wp-content/plugins/elementor/assets/lib/font-awesome/css/fontawesome.min.css?ver=5.15.3 HTTP/1.1" 200 12617 "https://dandenongdaynursery.com.au/" "Mozilla/5.0 (Linux; Android 5.0) AppleWebKit/537.36 (KHTML, like Gecko) Mobile Safari/537.36 (compatible; TikTokSpider; ttspider-feedback@tiktok.com)"
47.128.16.112 - - [05/Jan/2026:04:42:38 +0800] "GET /wp-content/uploads/2022/12/Dandenong-Day-Nursery-Logo.png HTTP/1.1" 206 500 "https://dandenongdaynursery.com.au/" "Mozilla/5.0 (Linux; Android 5.0) AppleWebKit/537.36 (KHTML, like Gecko) Mobile Safari/537.36 (compatible; TikTokSpider; ttspider-feedback@tiktok.com)"
47.128.16.112 - - [05/Jan/2026:04:42:38 +0800] "GET /wp-content/plugins/elementor/assets/lib/font-awesome/css/regular.min.css?ver=5.15.3 HTTP/1.1" 200 308 "https://dandenongdaynursery.com.au/" "Mozilla/5.0 (Linux; Android 5.0) AppleWebKit/537.36 (KHTML, like Gecko) Mobile Safari/537.36 (compatible; TikTokSpider; ttspider-feedback@tiktok.com)"
47.128.16.112 - - [05/Jan/2026:04:42:38 +0800] "GET /wp-content/uploads/2023/03/wheelbarrow-and-hands-768x576.jpg HTTP/1.1" 206 500 "https://dandenongdaynursery.com.au/" "Mozilla/5.0 (Linux; Android 5.0) AppleWebKit/537.36 (KHTML, like Gecko) Mobile Safari/537.36 (compatible; TikTokSpider; ttspider-feedback@tiktok.com)"
47.128.16.112 - - [05/Jan/2026:04:42:38 +0800] "GET /wp-content/plugins/elementor/assets/lib/font-awesome/css/solid.min.css?ver=5.15.3 HTTP/1.1" 200 309 "https://dandenongdaynursery.com.au/" "Mozilla/5.0 (Linux; Android 5.0) AppleWebKit/537.36 (KHTML, like Gecko) Mobile Safari/537.36 (compatible; TikTokSpider; ttspider-feedback@tiktok.com)"
47.128.16.112 - - [05/Jan/2026:04:42:38 +0800] "GET /wp-content/plugins/elementor/assets/lib/font-awesome/css/brands.min.css?ver=5.15.3 HTTP/1.1" 200 308 "https://dandenongdaynursery.com.au/" "Mozilla/5.0 (Linux; Android 5.0) AppleWebKit/537.36 (KHTML, like Gecko) Mobile Safari/537.36 (compatible; TikTokSpider; ttspider-feedback@tiktok.com)"
47.128.16.112 - - [05/Jan/2026:04:42:38 +0800] "GET /wp-content/uploads/2023/03/flags.jpg HTTP/1.1" 206 500 "https://dandenongdaynursery.com.au/" "Mozilla/5.0 (Linux; Android 5.0) AppleWebKit/537.36 (KHTML, like Gecko) Mobile Safari/537.36 (compatible; TikTokSpider; ttspider-feedback@tiktok.com)"
47.128.16.112 - - [05/Jan/2026:04:42:38 +0800] "GET /wp-content/uploads/2022/12/Care.png HTTP/1.1" 206 500 "https://dandenongdaynursery.com.au/" "Mozilla/5.0 (Linux; Android 5.0) AppleWebKit/537.36 (KHTML, like Gecko) Mobile Safari/537.36 (compatible; TikTokSpider; ttspider-feedback@tiktok.com)"
47.128.16.112 - - [05/Jan/2026:04:42:38 +0800] "GET /wp-content/plugins/elementor/assets/css/widget-social-icons.min.css?ver=3.34.0 HTTP/1.1" 200 1142 "https://dandenongdaynursery.com.au/" "Mozilla/5.0 (Linux; Android 5.0) AppleWebKit/537.36 (KHTML, like Gecko) Mobile Safari/537.36 (compatible; TikTokSpider; ttspider-feedback@tiktok.com)"
47.128.16.112 - - [05/Jan/2026:04:42:38 +0800] "GET /wp-content/plugins/elementor/assets/css/conditionals/apple-webkit.min.css?ver=3.34.0 HTTP/1.1" 200 547 "https://dandenongdaynursery.com.au/" "Mozilla/5.0 (Linux; Android 5.0) AppleWebKit/537.36 (KHTML, like Gecko) Mobile Safari/537.36 (compatible; TikTokSpider; ttspider-feedback@tiktok.com)"
47.128.16.112 - - [05/Jan/2026:04:42:38 +0800] "GET /wp-content/plugins/ays-popup-box/public/css/ays-pb-public-min.css?ver=6.0.9 HTTP/1.1" 200 5691 "https://dandenongdaynursery.com.au/" "Mozilla/5.0 (Linux; Android 5.0) AppleWebKit/537.36 (KHTML, like Gecko) Mobile Safari/537.36 (compatible; TikTokSpider; ttspider-feedback@tiktok.com)"
47.128.16.112 - - [05/Jan/2026:04:42:39 +0800] "GET /wp-content/uploads/2022/12/bxs_quote-right.png HTTP/1.1" 206 500 "https://dandenongdaynursery.com.au/wp-content/uploads/elementor/css/post-10.css?ver=1767029617" "Mozilla/5.0 (Linux; Android 5.0) AppleWebKit/537.36 (KHTML, like Gecko) Mobile Safari/537.36 (compatible; TikTokSpider; ttspider-feedback@tiktok.com)"
47.128.16.112 - - [05/Jan/2026:04:42:39 +0800] "GET /wp-content/uploads/2022/12/Pike-Room.jpg HTTP/1.1" 206 500 "https://dandenongdaynursery.com.au/" "Mozilla/5.0 (Linux; Android 5.0) AppleWebKit/537.36 (KHTML, like Gecko) Mobile Safari/537.36 (compatible; TikTokSpider; ttspider-feedback@tiktok.com)"
47.128.16.112 - - [05/Jan/2026:04:42:39 +0800] "GET /wp-content/uploads/2022/12/Minamberang-Room.jpg HTTP/1.1" 206 500 "https://dandenongdaynursery.com.au/" "Mozilla/5.0 (Linux; Android 5.0) AppleWebKit/537.36 (KHTML, like Gecko) Mobile Safari/537.36 (compatible; TikTokSpider; ttspider-feedback@tiktok.com)"
47.128.16.112 - - [05/Jan/2026:04:42:39 +0800] "GET /wp-content/uploads/2022/12/Environment.png HTTP/1.1" 206 500 "https://dandenongdaynursery.com.au/" "Mozilla/5.0 (Linux; Android 5.0) AppleWebKit/537.36 (KHTML, like Gecko) Mobile Safari/537.36 (compatible; TikTokSpider; ttspider-feedback@tiktok.com)"
47.128.16.112 - - [05/Jan/2026:04:42:39 +0800] "GET /wp-content/uploads/2022/12/Nutrition.png HTTP/1.1" 206 500 "https://dandenongdaynursery.com.au/" "Mozilla/5.0 (Linux; Android 5.0) AppleWebKit/537.36 (KHTML, like Gecko) Mobile Safari/537.36 (compatible; TikTokSpider; ttspider-feedback@tiktok.com)"
47.128.16.112 - - [05/Jan/2026:04:42:39 +0800] "GET /wp-content/uploads/2022/12/Education.png HTTP/1.1" 206 500 "https://dandenongdaynursery.com.au/" "Mozilla/5.0 (Linux; Android 5.0) AppleWebKit/537.36 (KHTML, like Gecko) Mobile Safari/537.36 (compatible; TikTokSpider; ttspider-feedback@tiktok.com)"
47.128.16.112 - - [05/Jan/2026:04:42:43 +0800] "GET /wp-content/uploads/2022/12/Warrawarrap-Room.jpg HTTP/1.1" 206 500 "https://dandenongdaynursery.com.au/" "Mozilla/5.0 (Linux; Android 5.0) AppleWebKit/537.36 (KHTML, like Gecko) Mobile Safari/537.36 (compatible; TikTokSpider; ttspider-feedback@tiktok.com)"
47.128.16.112 - - [05/Jan/2026:04:42:43 +0800] "GET /wp-content/uploads/2022/12/Murrong-Room.jpg HTTP/1.1" 206 500 "https://dandenongdaynursery.com.au/" "Mozilla/5.0 (Linux; Android 5.0) AppleWebKit/537.36 (KHTML, like Gecko) Mobile Safari/537.36 (compatible; TikTokSpider; ttspider-feedback@tiktok.com)"
103.4.122.14 - - [05/Jan/2026:04:44:15 +0800] "POST /wp-cron.php?doing_wp_cron=1767559455.4052979946136474609375 HTTP/1.1" 200 - "-" "WordPress/6.9; https://dandenongdaynursery.com.au"
57.141.18.84 - - [05/Jan/2026:04:44:14 +0800] "GET /pg%20slot%20wallet%20\xe0\xb9\x84\xe0\xb8\xa1\xe0\xb9\x88\xe0\xb8\xa1\xe0\xb8\xb5\xe0\xb8\x82\xe0\xb8\xb1\xe0\xb9\x89\xe0\xb8\x99\xe0\xb8\x95\xe0\xb9\x88\xe0\xb8\xb3.aspx HTTP/1.1" 404 170266 "-" "meta-externalagent/1.1 (+https://developers.facebook.com/docs/sharing/webmasters/crawler)"
103.4.122.14 - - [05/Jan/2026:04:48:01 +0800] "POST /wp-cron.php?doing_wp_cron=1767559681.3889050483703613281250 HTTP/1.1" 200 - "-" "WordPress/6.9; https://dandenongdaynursery.com.au"
57.141.18.78 - - [05/Jan/2026:04:47:59 +0800] "GET /\xe0\xb8\xaa\xe0\xb8\xa5\xe0\xb9\x87\xe0\xb8\xad\xe0\xb8\x95\xe0\xb9\x80\xe0\xb8\x84\xe0\xb8\xa3\xe0\xb8\x94\xe0\xb8\xb4\xe0\xb8\x95\xe0\xb8\x9f\xe0\xb8\xa3\xe0\xb8\xb5%2050%20\xe0\xb8\x9a\xe0\xb8\xb2\xe0\xb8\x97%20\xe0\xb9\x81\xe0\xb8\x84\xe0\xb9\x88\xe0\xb8\xaa\xe0\xb8\xa1\xe0\xb8\xb1\xe0\xb8\x84\xe0\xb8\xa3.aspx HTTP/1.1" 404 170266 "-" "meta-externalagent/1.1 (+https://developers.facebook.com/docs/sharing/webmasters/crawler)"
183.80.95.233 - - [05/Jan/2026:04:48:17 +0800] "GET / HTTP/1.0" 301 - "http://dandenongdaynursery.com.au/" "Mozilla/5.0 (Windows NT 6.1; Win64; x64) AppleWebKit/537.36 (KHTML, like Gecko) Chrome/103.0.0.0 Safari/537.36"
183.80.95.233 - - [05/Jan/2026:04:48:19 +0800] "GET / HTTP/1.0" 200 260934 "https://dandenongdaynursery.com.au/" "Mozilla/5.0 (Windows NT 6.1; Win64; x64) AppleWebKit/537.36 (KHTML, like Gecko) Chrome/103.0.0.0 Safari/537.36"
183.80.95.233 - - [05/Jan/2026:04:48:22 +0800] "POST / HTTP/1.0" 200 157170 "https://dandenongdaynursery.com.au/" "Mozilla/5.0 (Windows NT 6.1; Win64; x64) AppleWebKit/537.36 (KHTML, like Gecko) Chrome/103.0.0.0 Safari/537.36"
103.4.122.14 - - [05/Jan/2026:04:49:41 +0800] "POST /wp-cron.php?doing_wp_cron=1767559781.5101530551910400390625 HTTP/1.1" 200 - "-" "WordPress/6.9; https://dandenongdaynursery.com.au"
119.28.191.252 - - [05/Jan/2026:04:49:39 +0800] "GET /warraworrap-room/ HTTP/1.1" 200 34727 "https://dandenongdaynursery.com.au/warraworrap-room/" "Mozilla/5.0 (Macintosh; Intel Mac OS X 10_15_7) AppleWebKit/537.36 (KHTML, like Gecko) Chrome/120.0.0.0 Safari/537.36"
103.4.122.14 - - [05/Jan/2026:04:52:04 +0800] "POST /wp-cron.php?doing_wp_cron=1767559924.3680338859558105468750 HTTP/1.1" 200 - "-" "WordPress/6.9; https://dandenongdaynursery.com.au"
57.141.18.106 - - [05/Jan/2026:04:52:02 +0800] "GET /winner55%20\xe0\xb8\x97\xe0\xb8\xb2\xe0\xb8\x87\xe0\xb9\x80\xe0\xb8\x82\xe0\xb9\x89\xe0\xb8\xb2%20\xe0\xb8\xaa\xe0\xb8\xa5\xe0\xb9\x87\xe0\xb8\xad\xe0\xb8\x95.aspx HTTP/1.1" 404 170266 "-" "meta-externalagent/1.1 (+https://developers.facebook.com/docs/sharing/webmasters/crawler)"
103.4.122.14 - - [05/Jan/2026:04:57:30 +0800] "POST /wp-cron.php?doing_wp_cron=1767560250.7476708889007568359375 HTTP/1.1" 200 - "-" "WordPress/6.9; https://dandenongdaynursery.com.au"
57.141.18.67 - - [05/Jan/2026:04:57:29 +0800] "GET /slot%20pg%20wallet.aspx HTTP/1.1" 404 170266 "-" "meta-externalagent/1.1 (+https://developers.facebook.com/docs/sharing/webmasters/crawler)"
103.4.122.14 - - [05/Jan/2026:05:02:43 +0800] "POST /wp-cron.php?doing_wp_cron=1767560563.6984610557556152343750 HTTP/1.1" 200 - "-" "WordPress/6.9; https://dandenongdaynursery.com.au"
114.119.153.131 - - [05/Jan/2026:05:02:42 +0800] "GET /2014/10/ HTTP/1.1" 404 170218 "http://dandenongdaynursery.com.au/audio-post/content2" "Mozilla/5.0 (Linux; Android 7.0;) AppleWebKit/537.36 (KHTML, like Gecko) Mobile Safari/537.36 (compatible; PetalBot;+https://webmaster.petalsearch.com/site/petalbot)"
57.141.18.71 - - [05/Jan/2026:05:03:08 +0800] "GET /\xe0\xb8\xaa\xe0\xb8\xa5\xe0\xb9\x87\xe0\xb8\xad\xe0\xb8\x95%20\xe0\xb9\x80\xe0\xb8\xa7\xe0\xb9\x87\xe0\xb8\x9a\xe0\xb8\x95\xe0\xb8\xa3\xe0\xb8\x87.aspx HTTP/1.1" 404 170266 "-" "meta-externalagent/1.1 (+https://developers.facebook.com/docs/sharing/webmasters/crawler)"
103.4.122.14 - - [05/Jan/2026:05:05:52 +0800] "POST /wp-cron.php?doing_wp_cron=1767560751.9203948974609375000000 HTTP/1.1" 200 - "-" "WordPress/6.9; https://dandenongdaynursery.com.au"
57.141.18.21 - - [05/Jan/2026:05:05:50 +0800] "GET /\xe0\xb9\x80\xe0\xb8\x81\xe0\xb8\xa1\xe0\xb8\xaa\xe0\xb9\x8c\xe0\xb8\xaa\xe0\xb8\xa5\xe0\xb9\x87\xe0\xb8\xad\xe0\xb8\x95.aspx HTTP/1.1" 404 170266 "-" "meta-externalagent/1.1 (+https://developers.facebook.com/docs/sharing/webmasters/crawler)"
103.4.122.14 - - [05/Jan/2026:05:12:06 +0800] "POST /wp-cron.php?doing_wp_cron=1767561126.6012659072875976562500 HTTP/1.1" 200 - "-" "WordPress/6.9; https://dandenongdaynursery.com.au"
57.141.18.43 - - [05/Jan/2026:05:12:04 +0800] "GET /\xe0\xb9\x80\xe0\xb8\xa7\xe0\xb9\x87\xe0\xb8\x9a\xe0\xb8\xaa\xe0\xb8\xa5\xe0\xb9\x87\xe0\xb8\xad\xe0\xb8\x95%20456%20\xe0\xb9\x80\xe0\xb8\x82\xe0\xb9\x89\xe0\xb8\xb2\xe0\xb8\xaa\xe0\xb8\xb9\xe0\xb9\x88\xe0\xb8\xa3\xe0\xb8\xb0\xe0\xb8\x9a\xe0\xb8\x9a.aspx HTTP/1.1" 404 170266 "-" "meta-externalagent/1.1 (+https://developers.facebook.com/docs/sharing/webmasters/crawler)"
103.4.122.14 - - [05/Jan/2026:05:14:50 +0800] "POST /wp-cron.php?doing_wp_cron=1767561290.6612260341644287109375 HTTP/1.1" 200 - "-" "WordPress/6.9; https://dandenongdaynursery.com.au"
57.141.18.12 - - [05/Jan/2026:05:14:49 +0800] "GET /\xe0\xb8\xaa\xe0\xb8\xa5\xe0\xb9\x87\xe0\xb8\xad\xe0\xb8\x95%20\xe0\xb8\x9d\xe0\xb8\xb2\xe0\xb8\x81\xe0\xb8\x96\xe0\xb8\xad\xe0\xb8\x99%20true%20wallet%20\xe0\xb9\x80\xe0\xb8\xa7\xe0\xb9\x87\xe0\xb8\x9a\xe0\xb8\x95\xe0\xb8\xa3\xe0\xb8\x87%20\xe0\xb8\xa5\xe0\xb9\x88\xe0\xb8\xb2\xe0\xb8\xaa\xe0\xb8\xb8\xe0\xb8\x94.aspx HTTP/1.1" 404 170266 "-" "meta-externalagent/1.1 (+https://developers.facebook.com/docs/sharing/webmasters/crawler)"
103.4.122.14 - - [05/Jan/2026:05:17:06 +0800] "POST /wp-cron.php?doing_wp_cron=1767561426.8464930057525634765625 HTTP/1.1" 200 - "-" "WordPress/6.9; https://dandenongdaynursery.com.au"
146.70.181.249 - - [05/Jan/2026:05:17:05 +0800] "GET / HTTP/1.0" 301 - "http://dandenongdaynursery.com.au/" "Mozilla/5.0 (Windows NT 10.0; Win64; x64) AppleWebKit/537.36 (KHTML, like Gecko) Chrome/130.0.0.0 Safari/537.36"
191.128.225.1 - - [05/Jan/2026:05:17:07 +0800] "GET /minamberang-room/ HTTP/1.1" 200 34278 "-" "Mozilla/5.0 (Windows NT 6.2; WOW64) AppleWebKit/535.11 (KHTML, like Gecko) Chrome/17.0.963.66 Safari/535.11"
146.70.181.249 - - [05/Jan/2026:05:17:09 +0800] "GET / HTTP/1.0" 200 260933 "https://dandenongdaynursery.com.au/" "Mozilla/5.0 (Windows NT 10.0; Win64; x64) AppleWebKit/537.36 (KHTML, like Gecko) Chrome/130.0.0.0 Safari/537.36"
146.70.181.249 - - [05/Jan/2026:05:17:25 +0800] "POST /wp-admin/admin-ajax.php HTTP/1.0" 200 43 "https://dandenongdaynursery.com.au/" "Mozilla/5.0 (Windows NT 10.0; Win64; x64) AppleWebKit/537.36 (KHTML, like Gecko) Chrome/130.0.0.0 Safari/537.36"
103.4.122.14 - - [05/Jan/2026:05:17:26 +0800] "POST /wp-admin/admin-ajax.php?action=as_async_request_queue_runner&nonce=f6862d492e HTTP/1.1" 500 184 "-" "WordPress/6.9; https://dandenongdaynursery.com.au"
