103.4.122.14 - - [01/Jan/2026:14:10:23 +0800] "POST /wp-cron.php?doing_wp_cron=1767247823.8687450885772705078125 HTTP/1.1" 200 - "-" "WordPress/6.9; https://dandenongdaynursery.com.au"
114.119.144.65 - - [01/Jan/2026:14:10:22 +0800] "GET /wp-content/uploads/2014/12/dandenong.jpg HTTP/1.1" 404 170218 "-" "Mozilla/5.0 (Linux; Android 7.0;) AppleWebKit/537.36 (KHTML, like Gecko) Mobile Safari/537.36 (compatible; PetalBot;+https://webmaster.petalsearch.com/site/petalbot)"
114.119.148.103 - - [01/Jan/2026:14:11:46 +0800] "GET /%E0%B8%AA%E0%B8%A5%E0%B9%87%E0%B8%AD%E0%B8%95%E0%B9%80%E0%B8%A7%E0%B9%87%E0%B8%9A%E0%B8%95%E0%B8%A3%E0%B8%87%20%E0%B9%81%E0%B8%95%E0%B8%81%E0%B8%87%E0%B9%88%E0%B8%B2%E0%B8%A2.aspx HTTP/1.1" 404 170266 "https://dandenongdaynursery.com.au/pg%E0%B8%AA%E0%B8%A5%E0%B9%87%E0%B8%AD%E0%B8%95.aspx" "Mozilla/5.0 (Linux; Android 7.0;) AppleWebKit/537.36 (KHTML, like Gecko) Mobile Safari/537.36 (compatible; PetalBot;+https://webmaster.petalsearch.com/site/petalbot)"
103.4.122.14 - - [01/Jan/2026:14:11:47 +0800] "POST /wp-cron.php?doing_wp_cron=1767247907.7284569740295410156250 HTTP/1.1" 200 - "-" "WordPress/6.9; https://dandenongdaynursery.com.au"
103.4.122.14 - - [01/Jan/2026:14:13:12 +0800] "POST /wp-cron.php?doing_wp_cron=1767247992.1984729766845703125000 HTTP/1.1" 200 - "-" "WordPress/6.9; https://dandenongdaynursery.com.au"
114.119.148.103 - - [01/Jan/2026:14:13:10 +0800] "GET /ufa%20c4.aspx HTTP/1.1" 404 170266 "https://dandenongdaynursery.com.au/l86.com%20%E0%B8%AA%E0%B8%A5%E0%B9%87%E0%B8%AD%E0%B8%95.aspx" "Mozilla/5.0 (Linux; Android 7.0;) AppleWebKit/537.36 (KHTML, like Gecko) Mobile Safari/537.36 (compatible; PetalBot;+https://webmaster.petalsearch.com/site/petalbot)"
103.4.122.14 - - [01/Jan/2026:14:14:35 +0800] "POST /wp-cron.php?doing_wp_cron=1767248075.7947309017181396484375 HTTP/1.1" 200 - "-" "WordPress/6.9; https://dandenongdaynursery.com.au"
114.119.146.142 - - [01/Jan/2026:14:14:34 +0800] "GET /timetable-for-wordpress HTTP/1.1" 404 170218 "-" "Mozilla/5.0 (Linux; Android 7.0;) AppleWebKit/537.36 (KHTML, like Gecko) Mobile Safari/537.36 (compatible; PetalBot;+https://webmaster.petalsearch.com/site/petalbot)"
103.4.122.14 - - [01/Jan/2026:14:15:58 +0800] "POST /wp-cron.php?doing_wp_cron=1767248158.2750151157379150390625 HTTP/1.1" 200 - "-" "WordPress/6.9; https://dandenongdaynursery.com.au"
114.119.141.116 - - [01/Jan/2026:14:15:57 +0800] "GET /home/start/bg_child/ HTTP/1.1" 404 170218 "-" "Mozilla/5.0 (Linux; Android 7.0;) AppleWebKit/537.36 (KHTML, like Gecko) Mobile Safari/537.36 (compatible; PetalBot;+https://webmaster.petalsearch.com/site/petalbot)"
103.4.122.14 - - [01/Jan/2026:14:17:22 +0800] "POST /wp-cron.php?doing_wp_cron=1767248242.0257530212402343750000 HTTP/1.1" 200 - "-" "WordPress/6.9; https://dandenongdaynursery.com.au"
114.119.131.136 - - [01/Jan/2026:14:17:20 +0800] "GET /audio-post/content2 HTTP/1.1" 404 170218 "http://dandenongdaynursery.com.au/audio-post/content2/" "Mozilla/5.0 (Linux; Android 7.0;) AppleWebKit/537.36 (KHTML, like Gecko) Mobile Safari/537.36 (compatible; PetalBot;+https://webmaster.petalsearch.com/site/petalbot)"
170.106.165.186 - - [01/Jan/2026:14:17:27 +0800] "GET / HTTP/1.1" 403 199 "-" "Mozilla/5.0 (iPhone; CPU iPhone OS 13_2_3 like Mac OS X) AppleWebKit/605.1.15 (KHTML, like Gecko) Version/13.0.3 Mobile/15E148 Safari/604.1"
103.4.122.14 - - [01/Jan/2026:14:18:45 +0800] "POST /wp-cron.php?doing_wp_cron=1767248325.2607390880584716796875 HTTP/1.1" 200 - "-" "WordPress/6.9; https://dandenongdaynursery.com.au"
114.119.146.142 - - [01/Jan/2026:14:18:44 +0800] "GET /%E0%B8%97%E0%B8%B2%E0%B8%87%E0%B9%80%E0%B8%82%E0%B9%89%E0%B8%B2w88.aspx HTTP/1.1" 404 170218 "http://dandenongdaynursery.com.au/%E0%B9%80%E0%B8%9A%20%E0%B8%97%20365.aspx" "Mozilla/5.0 (Linux; Android 7.0;) AppleWebKit/537.36 (KHTML, like Gecko) Mobile Safari/537.36 (compatible; PetalBot;+https://webmaster.petalsearch.com/site/petalbot)"
173.252.95.5 - - [01/Jan/2026:14:19:11 +0800] "GET /robots.txt HTTP/1.1" 200 184 "-" "facebookexternalhit/1.1 (+http://www.facebook.com/externalhit_uatext.php)"
103.4.122.14 - - [01/Jan/2026:14:20:09 +0800] "POST /wp-cron.php?doing_wp_cron=1767248408.9701099395751953125000 HTTP/1.1" 200 - "-" "WordPress/6.9; https://dandenongdaynursery.com.au"
114.119.153.131 - - [01/Jan/2026:14:20:07 +0800] "GET /%E0%B8%AA%E0%B8%A5%E0%B9%87%E0%B8%AD%E0%B8%95%E0%B9%80%E0%B8%A7%E0%B9%87%E0%B8%9A%E0%B8%95%E0%B8%A3%E0%B8%87%E0%B8%AD%E0%B8%B1%E0%B8%99%E0%B8%94%E0%B8%B1%E0%B8%9A%201.aspx HTTP/1.1" 404 170266 "https://dandenongdaynursery.com.au/%E0%B8%AA%E0%B8%A1%E0%B8%B1%E0%B8%84%E0%B8%A3%E0%B9%80%E0%B8%A7%E0%B9%87%E0%B8%9A%E0%B8%AA%E0%B8%A5%E0%B9%87%E0%B8%AD%E0%B8%95.aspx" "Mozilla/5.0 (Linux; Android 7.0;) AppleWebKit/537.36 (KHTML, like Gecko) Mobile Safari/537.36 (compatible; PetalBot;+https://webmaster.petalsearch.com/site/petalbot)"
103.4.122.14 - - [01/Jan/2026:14:21:33 +0800] "POST /wp-cron.php?doing_wp_cron=1767248493.7159869670867919921875 HTTP/1.1" 200 - "-" "WordPress/6.9; https://dandenongdaynursery.com.au"
114.119.133.126 - - [01/Jan/2026:14:21:32 +0800] "GET /%E0%B8%AA%E0%B8%9A%E0%B8%B2%E0%B8%A2%2099.aspx HTTP/1.1" 404 170266 "https://dandenongdaynursery.com.au/puss888%20%E0%B9%80%E0%B8%82%E0%B9%89%E0%B8%B2%E0%B8%AA%E0%B8%B9%E0%B9%88%E0%B8%A3%E0%B8%B0%E0%B8%9A%E0%B8%9A.aspx" "Mozilla/5.0 (Linux; Android 7.0;) AppleWebKit/537.36 (KHTML, like Gecko) Mobile Safari/537.36 (compatible; PetalBot;+https://webmaster.petalsearch.com/site/petalbot)"
103.4.122.14 - - [01/Jan/2026:14:22:56 +0800] "POST /wp-cron.php?doing_wp_cron=1767248576.6241950988769531250000 HTTP/1.1" 200 - "-" "WordPress/6.9; https://dandenongdaynursery.com.au"
114.119.141.116 - - [01/Jan/2026:14:22:55 +0800] "GET /%E0%B9%82%E0%B8%84%E0%B9%89%E0%B8%94%E0%B9%80%E0%B8%84%E0%B8%A3%E0%B8%94%E0%B8%B4%E0%B8%95%E0%B8%9F%E0%B8%A3%E0%B8%B5%2050%20%E0%B8%A5%E0%B9%88%E0%B8%B2%E0%B8%AA%E0%B8%B8%E0%B8%94%20%E0%B8%A7%E0%B8%B1%E0%B8%99%E0%B8%99%E0%B8%B5%E0%B9%89.aspx HTTP/1.1" 404 170266 "https://dandenongdaynursery.com.au/%E0%B9%80%E0%B8%84%E0%B8%A3%E0%B8%94%E0%B8%B4%E0%B8%95%E0%B8%9F%E0%B8%A3%E0%B8%B5%20%E0%B9%84%E0%B8%A1%E0%B9%88%E0%B8%95%E0%B9%89%E0%B8%AD%E0%B8%87%20%E0%B9%84%E0%B8%A5%20%E0%B8%84%E0%B9%8C%20%E0%B9%84%E0%B8%A1%E0%B9%88%E0%B8%95%E0%B9%89%E0%B8%AD%E0%B8%87%E0%B9%81%E0%B8%8A%E0%B8%A3%E0%B9%8C%202020.aspx" "Mozilla/5.0 (Linux; Android 7.0;) AppleWebKit/537.36 (KHTML, like Gecko) Mobile Safari/537.36 (compatible; PetalBot;+https://webmaster.petalsearch.com/site/petalbot)"
103.4.122.14 - - [01/Jan/2026:14:24:21 +0800] "POST /wp-cron.php?doing_wp_cron=1767248661.1954550743103027343750 HTTP/1.1" 200 - "-" "WordPress/6.9; https://dandenongdaynursery.com.au"
114.119.153.131 - - [01/Jan/2026:14:24:19 +0800] "GET /%E0%B8%97%E0%B8%94%E0%B8%A5%E0%B8%AD%E0%B8%87%E0%B9%80%E0%B8%A5%E0%B9%88%E0%B8%99%E0%B8%9A%E0%B8%B2%E0%B8%84%E0%B8%B2%E0%B8%A3%E0%B9%88%E0%B8%B2%E0%B8%9F%E0%B8%A3%E0%B8%B5%2010000.aspx HTTP/1.1" 404 170218 "http://dandenongdaynursery.com.au/comments/feed" "Mozilla/5.0 (Linux; Android 7.0;) AppleWebKit/537.36 (KHTML, like Gecko) Mobile Safari/537.36 (compatible; PetalBot;+https://webmaster.petalsearch.com/site/petalbot)"
103.4.122.14 - - [01/Jan/2026:14:32:50 +0800] "POST /wp-cron.php?doing_wp_cron=1767249170.6632099151611328125000 HTTP/1.1" 200 - "-" "WordPress/6.9; https://dandenongdaynursery.com.au"
114.119.144.65 - - [01/Jan/2026:14:32:49 +0800] "GET /pike-room/ HTTP/1.1" 200 34095 "https://dandenongdaynursery.com.au/team/" "Mozilla/5.0 (Linux; Android 7.0;) AppleWebKit/537.36 (KHTML, like Gecko) Mobile Safari/537.36 (compatible; PetalBot;+https://webmaster.petalsearch.com/site/petalbot)"
103.4.122.14 - - [01/Jan/2026:14:34:13 +0800] "POST /wp-cron.php?doing_wp_cron=1767249253.0463519096374511718750 HTTP/1.1" 200 - "-" "WordPress/6.9; https://dandenongdaynursery.com.au"
114.119.148.103 - - [01/Jan/2026:14:34:11 +0800] "GET /1%E0%B8%A3%E0%B8%B1%E0%B8%9A100.aspx HTTP/1.1" 404 170266 "https://dandenongdaynursery.com.au/u31%20%E0%B9%80%E0%B8%84%E0%B8%A3%E0%B8%94%E0%B8%B4%E0%B8%95%E0%B8%9F%E0%B8%A3%E0%B8%B5%2031%20%E0%B8%9A%E0%B8%B2%E0%B8%97.aspx" "Mozilla/5.0 (Linux; Android 7.0;) AppleWebKit/537.36 (KHTML, like Gecko) Mobile Safari/537.36 (compatible; PetalBot;+https://webmaster.petalsearch.com/site/petalbot)"
40.77.167.11 - - [01/Jan/2026:14:35:24 +0800] "GET /wp-content/uploads/2023/03/Warraworrap-9-1-1536x1152.jpg HTTP/1.1" 200 426285 "-" "Mozilla/5.0 AppleWebKit/537.36 (KHTML, like Gecko; compatible; bingbot/2.0; +http://www.bing.com/bingbot.htm) Chrome/116.0.1938.76 Safari/537.36"
103.4.122.14 - - [01/Jan/2026:14:35:41 +0800] "POST /wp-cron.php?doing_wp_cron=1767249341.2863359451293945312500 HTTP/1.1" 200 - "-" "WordPress/6.9; https://dandenongdaynursery.com.au"
114.119.133.253 - - [01/Jan/2026:14:35:39 +0800] "GET /%E0%B8%97%E0%B8%94%E0%B8%A5%E0%B8%AD%E0%B8%87pp.aspx HTTP/1.1" 404 170266 "https://dandenongdaynursery.com.au/slot%20%E0%B9%80%E0%B8%A7%E0%B9%87%E0%B8%9A%E0%B8%95%E0%B8%A3%E0%B8%87.aspx" "Mozilla/5.0 (Linux; Android 7.0;) AppleWebKit/537.36 (KHTML, like Gecko) Mobile Safari/537.36 (compatible; PetalBot;+https://webmaster.petalsearch.com/site/petalbot)"
103.4.122.14 - - [01/Jan/2026:14:36:59 +0800] "POST /wp-cron.php?doing_wp_cron=1767249419.6730310916900634765625 HTTP/1.1" 200 - "-" "WordPress/6.9; https://dandenongdaynursery.com.au"
114.119.133.253 - - [01/Jan/2026:14:36:58 +0800] "GET /%E0%B8%8B%E0%B8%B8%E0%B8%9B%E0%B9%80%E0%B8%9B%E0%B8%AD%E0%B8%A3%E0%B9%8C%E0%B8%AA%E0%B8%A5%E0%B9%87%E0%B8%AD%E0%B8%95888.aspx HTTP/1.1" 404 170266 "https://dandenongdaynursery.com.au/l86.com%20%E0%B8%AA%E0%B8%A5%E0%B9%87%E0%B8%AD%E0%B8%95.aspx" "Mozilla/5.0 (Linux; Android 7.0;) AppleWebKit/537.36 (KHTML, like Gecko) Mobile Safari/537.36 (compatible; PetalBot;+https://webmaster.petalsearch.com/site/petalbot)"
103.4.122.14 - - [01/Jan/2026:14:40:44 +0800] "POST /wp-cron.php?doing_wp_cron=1767249644.2997429370880126953125 HTTP/1.1" 200 - "-" "WordPress/6.9; https://dandenongdaynursery.com.au"
114.119.148.103 - - [01/Jan/2026:14:40:43 +0800] "GET /%E0%B9%80%E0%B8%A7%E0%B9%87%E0%B8%9A%E0%B8%AA%E0%B8%A5%E0%B9%87%E0%B8%AD%E0%B8%95%E0%B9%81%E0%B8%95%E0%B8%81%E0%B8%87%E0%B9%88%E0%B8%B2%E0%B8%A2%20%E0%B8%AD%E0%B8%B1%E0%B8%99%E0%B8%94%E0%B8%B1%E0%B8%9A%201.aspx HTTP/1.1" 404 170266 "https://dandenongdaynursery.com.au/%E0%B9%80%E0%B8%84%E0%B8%A3%E0%B8%94%E0%B8%B4%E0%B8%95%E0%B8%9F%E0%B8%A3%E0%B8%B5%E0%B9%84%E0%B8%A1%E0%B9%88%E0%B8%95%E0%B9%89%E0%B8%AD%E0%B8%87%E0%B8%9D%E0%B8%B2%E0%B8%81%E0%B9%84%E0%B8%A1%E0%B9%88%E0%B8%95%E0%B9%89%E0%B8%AD%E0%B8%87%E0%B9%81%E0%B8%8A%E0%B8%A3%E0%B9%8C2021.aspx" "Mozilla/5.0 (Linux; Android 7.0;) AppleWebKit/537.36 (KHTML, like Gecko) Mobile Safari/537.36 (compatible; PetalBot;+https://webmaster.petalsearch.com/site/petalbot)"
103.4.122.14 - - [01/Jan/2026:14:42:05 +0800] "POST /wp-cron.php?doing_wp_cron=1767249725.3497869968414306640625 HTTP/1.1" 200 - "-" "WordPress/6.9; https://dandenongdaynursery.com.au"
114.119.148.103 - - [01/Jan/2026:14:42:04 +0800] "GET /%E0%B8%88%E0%B8%B5%E0%B8%84%E0%B8%A5%E0%B8%B1%E0%B8%9A.aspx HTTP/1.1" 404 170266 "https://dandenongdaynursery.com.au/%E0%B8%AA%E0%B8%A5%E0%B9%87%E0%B8%AD%E0%B8%95%E0%B8%97%E0%B8%94%E0%B8%A5%E0%B8%AD%E0%B8%87%E0%B9%80%E0%B8%A5%E0%B9%88%E0%B8%99%E0%B8%9F%E0%B8%A3%E0%B8%B5%20pg.aspx" "Mozilla/5.0 (Linux; Android 7.0;) AppleWebKit/537.36 (KHTML, like Gecko) Mobile Safari/537.36 (compatible; PetalBot;+https://webmaster.petalsearch.com/site/petalbot)"
103.4.122.14 - - [01/Jan/2026:14:52:29 +0800] "POST /wp-cron.php?doing_wp_cron=1767250349.0787398815155029296875 HTTP/1.1" 200 - "-" "WordPress/6.9; https://dandenongdaynursery.com.au"
146.174.184.149 - - [01/Jan/2026:14:52:27 +0800] "GET /gallery/ HTTP/1.1" 200 36285 "-" "Mozilla/5.0 (Macintosh; U; Intel Mac OS X 10_6_4; en-US) AppleWebKit/534.16 (KHTML, like Gecko) Chrome/10.0.648.127 Safari/534.16"
103.4.122.14 - - [01/Jan/2026:14:55:17 +0800] "POST /wp-cron.php?doing_wp_cron=1767250517.4251179695129394531250 HTTP/1.1" 200 - "-" "WordPress/6.9; https://dandenongdaynursery.com.au"
34.55.27.140 - - [01/Jan/2026:14:55:15 +0800] "GET / HTTP/1.1" 200 260918 "http://www.google.com/" "Mozilla/5.0 (X11; Linux x86_64) AppleWebKit/537.36 (KHTML, like Gecko) Chrome/85.0.4183.121 Safari/537.36"
34.55.27.140 - - [01/Jan/2026:14:55:18 +0800] "GET /contact/ HTTP/1.1" 200 197523 "http://www.google.com/" "Mozilla/5.0 (X11; Linux x86_64) AppleWebKit/537.36 (KHTML, like Gecko) Chrome/85.0.4183.121 Safari/537.36"
34.55.27.140 - - [01/Jan/2026:14:55:19 +0800] "GET /about/ HTTP/1.1" 200 233523 "http://www.google.com/" "Mozilla/5.0 (X11; Linux x86_64) AppleWebKit/537.36 (KHTML, like Gecko) Chrome/85.0.4183.121 Safari/537.36"
34.55.27.140 - - [01/Jan/2026:14:55:20 +0800] "GET /team/ HTTP/1.1" 200 254791 "http://www.google.com/" "Mozilla/5.0 (X11; Linux x86_64) AppleWebKit/537.36 (KHTML, like Gecko) Chrome/85.0.4183.121 Safari/537.36"
34.55.27.140 - - [01/Jan/2026:14:55:33 +0800] "GET / HTTP/1.1" 301 - "https://www.google.com/" "Mozilla/5.0 (X11; Linux x86_64) AppleWebKit/537.36 (KHTML, like Gecko) Chrome/85.0.4183.121 Safari/537.36"
34.55.27.140 - - [01/Jan/2026:14:55:28 +0800] "GET / HTTP/1.1" 200 260919 "https://www.google.com/" "Mozilla/5.0 (X11; Linux x86_64) AppleWebKit/537.36 (KHTML, like Gecko) Chrome/85.0.4183.121 Safari/537.36"
34.55.27.140 - - [01/Jan/2026:14:55:35 +0800] "GET / HTTP/1.1" 200 260921 "https://www.google.com/" "Mozilla/5.0 (X11; Linux x86_64) AppleWebKit/537.36 (KHTML, like Gecko) Chrome/85.0.4183.121 Safari/537.36"
103.4.122.14 - - [01/Jan/2026:14:57:01 +0800] "POST /wp-cron.php?doing_wp_cron=1767250621.4472560882568359375000 HTTP/1.1" 200 - "-" "WordPress/6.9; https://dandenongdaynursery.com.au"
103.151.125.97 - - [01/Jan/2026:14:56:59 +0800] "GET / HTTP/1.1" 200 37520 "-" "Mozilla/5.0 (Windows NT 10.0; Win64; x64) AppleWebKit/537.36 (KHTML, like Gecko) Chrome/93.0.4577.63 Safari/537.36"
103.151.125.97 - - [01/Jan/2026:14:57:02 +0800] "GET / HTTP/1.1" 200 37519 "-" "Mozilla/5.0 (Windows NT 10.0; Win64; x64) AppleWebKit/537.36 (KHTML, like Gecko) Chrome/93.0.4577.63 Safari/537.36"
103.151.125.97 - - [01/Jan/2026:14:57:04 +0800] "GET //contact HTTP/1.1" 301 - "-" "Mozilla/5.0 (Windows NT 10.0; Win64; x64) AppleWebKit/537.36 (KHTML, like Gecko) Chrome/93.0.4577.63 Safari/537.36"
103.151.125.97 - - [01/Jan/2026:14:57:05 +0800] "GET /contact/ HTTP/1.1" 200 29041 "-" "Mozilla/5.0 (Windows NT 10.0; Win64; x64) AppleWebKit/537.36 (KHTML, like Gecko) Chrome/93.0.4577.63 Safari/537.36"
114.119.144.65 - - [01/Jan/2026:14:57:07 +0800] "GET /slot%20pg%20%E0%B8%97%E0%B8%94%E0%B8%A5%E0%B8%AD%E0%B8%87%E0%B9%80%E0%B8%A5%E0%B9%88%E0%B8%99.aspx HTTP/1.1" 404 170266 "https://dandenongdaynursery.com.au/%E0%B8%97%E0%B8%B2%E0%B8%87%E0%B9%80%E0%B8%82%E0%B9%89%E0%B8%B2%20ufabet%20%E0%B9%80%E0%B8%A7%E0%B9%87%E0%B8%9A%E0%B8%95%E0%B8%A3%E0%B8%87.aspx" "Mozilla/5.0 (Linux; Android 7.0;) AppleWebKit/537.36 (KHTML, like Gecko) Mobile Safari/537.36 (compatible; PetalBot;+https://webmaster.petalsearch.com/site/petalbot)"
103.4.122.14 - - [01/Jan/2026:14:58:32 +0800] "POST /wp-cron.php?doing_wp_cron=1767250712.0648329257965087890625 HTTP/1.1" 200 - "-" "WordPress/6.9; https://dandenongdaynursery.com.au"
114.119.131.136 - - [01/Jan/2026:14:58:30 +0800] "GET /%E0%B9%81%E0%B8%97%E0%B9%88%E0%B8%87%E0%B8%AB%E0%B8%A7%E0%B8%A224%20net%20%E0%B9%80%E0%B8%82%E0%B9%89%E0%B8%B2%E0%B8%AA%E0%B8%B9%E0%B9%88%E0%B8%A3%E0%B8%B0%E0%B8%9A%E0%B8%9A.aspx HTTP/1.1" 404 170266 "https://dandenongdaynursery.com.au/%E0%B8%AA%E0%B8%A5%E0%B9%87%E0%B8%AD%E0%B8%95%E0%B9%80%E0%B8%84%E0%B8%A3%E0%B8%94%E0%B8%B4%E0%B8%95%E0%B8%9F%E0%B8%A3%E0%B8%B5.aspx" "Mozilla/5.0 (Linux; Android 7.0;) AppleWebKit/537.36 (KHTML, like Gecko) Mobile Safari/537.36 (compatible; PetalBot;+https://webmaster.petalsearch.com/site/petalbot)"
103.4.122.14 - - [01/Jan/2026:14:59:56 +0800] "POST /wp-cron.php?doing_wp_cron=1767250795.9381420612335205078125 HTTP/1.1" 200 - "-" "WordPress/6.9; https://dandenongdaynursery.com.au"
114.119.153.131 - - [01/Jan/2026:14:59:54 +0800] "GET /%E0%B9%80%E0%B8%A7%E0%B9%87%E0%B8%9A%E0%B8%AA%E0%B8%A5%E0%B9%87%E0%B8%AD%E0%B8%95%E0%B8%95%E0%B8%A3%E0%B8%87%E0%B9%84%E0%B8%A1%E0%B9%88%E0%B8%9C%E0%B9%88%E0%B8%B2%E0%B8%99%E0%B9%80%E0%B8%AD%E0%B9%80%E0%B8%A2%E0%B9%88%E0%B8%99%E0%B8%95%E0%B9%8C.aspx HTTP/1.1" 404 170266 "https://dandenongdaynursery.com.au/%E0%B8%AA%E0%B8%A5%E0%B9%87%E0%B8%AD%E0%B8%95%20%E0%B8%A7%E0%B8%AD%E0%B9%80%E0%B8%A5%E0%B8%97.aspx" "Mozilla/5.0 (Linux; Android 7.0;) AppleWebKit/537.36 (KHTML, like Gecko) Mobile Safari/537.36 (compatible; PetalBot;+https://webmaster.petalsearch.com/site/petalbot)"
103.4.122.14 - - [01/Jan/2026:15:01:20 +0800] "POST /wp-cron.php?doing_wp_cron=1767250879.9096031188964843750000 HTTP/1.1" 200 - "-" "WordPress/6.9; https://dandenongdaynursery.com.au"
114.119.146.142 - - [01/Jan/2026:15:01:18 +0800] "GET /%E0%B8%AA%E0%B8%A5%E0%B9%87%E0%B8%AD%E0%B8%95%E0%B8%9D%E0%B8%B2%E0%B8%81%E0%B8%96%E0%B8%AD%E0%B8%99%20true%20wallet%20%E0%B9%84%E0%B8%A1%E0%B9%88%E0%B8%A1%E0%B8%B5%E0%B8%82%E0%B8%B1%E0%B9%89%E0%B8%99%E0%B8%95%E0%B9%88%E0%B9%8D%E0%B8%B2.aspx HTTP/1.1" 404 170266 "https://dandenongdaynursery.com.au/%E0%B8%AA%E0%B8%A5%E0%B9%8A%E0%B8%AD%E0%B8%95.aspx" "Mozilla/5.0 (Linux; Android 7.0;) AppleWebKit/537.36 (KHTML, like Gecko) Mobile Safari/537.36 (compatible; PetalBot;+https://webmaster.petalsearch.com/site/petalbot)"
103.4.122.14 - - [01/Jan/2026:15:02:43 +0800] "POST /wp-cron.php?doing_wp_cron=1767250963.0414929389953613281250 HTTP/1.1" 200 - "-" "WordPress/6.9; https://dandenongdaynursery.com.au"
114.119.153.131 - - [01/Jan/2026:15:02:41 +0800] "GET /%E0%B9%80%E0%B8%A7%E0%B9%87%E0%B8%9A%E0%B8%AA%E0%B8%A5%E0%B9%87%E0%B8%AD%E0%B8%95%E0%B9%80%E0%B8%A7%E0%B9%87%E0%B8%9A%E0%B8%95%E0%B8%A3%E0%B8%87.aspx HTTP/1.1" 404 170266 "https://dandenongdaynursery.com.au/joker999.aspx" "Mozilla/5.0 (Linux; Android 7.0;) AppleWebKit/537.36 (KHTML, like Gecko) Mobile Safari/537.36 (compatible; PetalBot;+https://webmaster.petalsearch.com/site/petalbot)"
103.4.122.14 - - [01/Jan/2026:15:04:42 +0800] "POST /wp-cron.php?doing_wp_cron=1767251081.9254660606384277343750 HTTP/1.1" 200 - "-" "WordPress/6.9; https://dandenongdaynursery.com.au"
173.208.27.248 - - [01/Jan/2026:15:04:40 +0800] "GET /contact/ HTTP/1.1" 200 29040 "-" "Mozilla/5.0 (Macintosh; Intel Mac OS X 12_5) AppleWebKit/537.36 (KHTML, like Gecko) Chrome/114.0.0.0 Safari/537.36 Vivaldi/5.3.2679.68"
103.4.122.14 - - [01/Jan/2026:15:21:39 +0800] "POST /wp-cron.php?doing_wp_cron=1767252099.5987040996551513671875 HTTP/1.1" 200 - "-" "WordPress/6.9; https://dandenongdaynursery.com.au"
114.119.153.131 - - [01/Jan/2026:15:21:38 +0800] "GET /ufabet168%20%E0%B9%80%E0%B8%82%E0%B9%89%E0%B8%B2%E0%B8%AA%E0%B8%B9%E0%B9%88%E0%B8%A3%E0%B8%B0%E0%B8%9A%E0%B8%9A.aspx HTTP/1.1" 404 170266 "https://dandenongdaynursery.com.au/slot%20%E0%B9%80%E0%B8%A7%E0%B9%87%E0%B8%9A%E0%B8%95%E0%B8%A3%E0%B8%87.aspx" "Mozilla/5.0 (Linux; Android 7.0;) AppleWebKit/537.36 (KHTML, like Gecko) Mobile Safari/537.36 (compatible; PetalBot;+https://webmaster.petalsearch.com/site/petalbot)"
103.4.122.14 - - [01/Jan/2026:15:23:02 +0800] "POST /wp-cron.php?doing_wp_cron=1767252182.5808019638061523437500 HTTP/1.1" 200 - "-" "WordPress/6.9; https://dandenongdaynursery.com.au"
114.119.148.103 - - [01/Jan/2026:15:23:01 +0800] "GET /%E0%B9%80%E0%B8%81%E0%B8%A1%E0%B8%AA%E0%B8%A5%E0%B9%87%E0%B8%AD%E0%B8%95%20%E0%B8%84%E0%B9%88%E0%B8%B2%E0%B8%A2%20pg%20%E0%B9%83%E0%B8%AB%E0%B8%A1%E0%B9%88%E0%B8%A5%E0%B9%88%E0%B8%B2%E0%B8%AA%E0%B8%B8%E0%B8%94.aspx HTTP/1.1" 404 170266 "https://dandenongdaynursery.com.au/pg888th%E0%B9%80%E0%B8%84%E0%B8%A3%E0%B8%94%E0%B8%B4%E0%B8%95%E0%B8%9F%E0%B8%A3%E0%B8%B550.aspx" "Mozilla/5.0 (Linux; Android 7.0;) AppleWebKit/537.36 (KHTML, like Gecko) Mobile Safari/537.36 (compatible; PetalBot;+https://webmaster.petalsearch.com/site/petalbot)"
103.4.122.14 - - [01/Jan/2026:15:24:27 +0800] "POST /wp-cron.php?doing_wp_cron=1767252266.9363989830017089843750 HTTP/1.1" 200 - "-" "WordPress/6.9; https://dandenongdaynursery.com.au"
114.119.146.142 - - [01/Jan/2026:15:24:25 +0800] "GET /%E0%B8%97%E0%B8%B2%E0%B8%87%E0%B9%80%E0%B8%82%E0%B9%89%E0%B8%B2%20%E0%B8%AA%E0%B8%A5%E0%B9%87%E0%B8%AD%E0%B8%95%20369.aspx HTTP/1.1" 404 170266 "https://dandenongdaynursery.com.au/victory%20club%20%E0%B8%AA%E0%B8%A5%E0%B9%87%E0%B8%AD%E0%B8%95.aspx" "Mozilla/5.0 (Linux; Android 7.0;) AppleWebKit/537.36 (KHTML, like Gecko) Mobile Safari/537.36 (compatible; PetalBot;+https://webmaster.petalsearch.com/site/petalbot)"
103.4.122.14 - - [01/Jan/2026:15:25:48 +0800] "POST /wp-cron.php?doing_wp_cron=1767252348.8887500762939453125000 HTTP/1.1" 200 - "-" "WordPress/6.9; https://dandenongdaynursery.com.au"
114.119.131.136 - - [01/Jan/2026:15:25:47 +0800] "GET /audio-post/content2/ HTTP/1.1" 404 170218 "-" "Mozilla/5.0 (Linux; Android 7.0;) AppleWebKit/537.36 (KHTML, like Gecko) Mobile Safari/537.36 (compatible; PetalBot;+https://webmaster.petalsearch.com/site/petalbot)"
103.4.122.14 - - [01/Jan/2026:15:28:58 +0800] "POST /wp-cron.php?doing_wp_cron=1767252537.8957860469818115234375 HTTP/1.1" 200 - "-" "WordPress/6.9; https://dandenongdaynursery.com.au"
114.119.148.103 - - [01/Jan/2026:15:28:56 +0800] "GET /jili%20slot.aspx HTTP/1.1" 404 170266 "https://dandenongdaynursery.com.au/ufabet%20%E0%B9%80%E0%B8%82%E0%B9%89%E0%B8%B2%E0%B8%AA%E0%B8%B9%E0%B9%88%E0%B8%A3%E0%B8%B0%E0%B8%9A%E0%B8%9A.aspx" "Mozilla/5.0 (Linux; Android 7.0;) AppleWebKit/537.36 (KHTML, like Gecko) Mobile Safari/537.36 (compatible; PetalBot;+https://webmaster.petalsearch.com/site/petalbot)"
103.4.122.14 - - [01/Jan/2026:15:31:21 +0800] "POST /wp-cron.php?doing_wp_cron=1767252681.0868330001831054687500 HTTP/1.1" 200 - "-" "WordPress/6.9; https://dandenongdaynursery.com.au"
15.235.98.173 - - [01/Jan/2026:15:31:19 +0800] "GET / HTTP/1.1" 200 37522 "-" "Mozilla/5.0 (compatible; AhrefsBot/7.0; +http://ahrefs.com/robot/)"
148.113.128.159 - - [01/Jan/2026:15:34:18 +0800] "GET /wp-content/plugins/wpforms-lite/assets/js/frontend/fields/address.min.js?ver=1.9.8.7 HTTP/1.1" 200 471 "-" "Mozilla/5.0 (compatible; AhrefsBot/7.0; +http://ahrefs.com/robot/)"
51.222.168.102 - - [01/Jan/2026:15:34:20 +0800] "GET /wp-content/plugins/wpforms-lite/assets/js/share/utils.min.js?ver=1.9.8.7 HTTP/1.1" 200 800 "-" "Mozilla/5.0 (compatible; AhrefsBot/7.0; +http://ahrefs.com/robot/)"
54.39.89.144 - - [01/Jan/2026:15:34:22 +0800] "GET /wp-content/plugins/wpforms-lite/assets/js/frontend/wpforms.min.js?ver=1.9.8.7 HTTP/1.1" 200 15067 "-" "Mozilla/5.0 (compatible; AhrefsBot/7.0; +http://ahrefs.com/robot/)"
51.161.37.38 - - [01/Jan/2026:15:34:24 +0800] "GET /wp-content/plugins/wpforms-lite/assets/css/frontend/classic/wpforms-full.min.css?ver=1.9.8.7 HTTP/1.1" 200 11887 "-" "Mozilla/5.0 (compatible; AhrefsBot/7.0; +http://ahrefs.com/robot/)"
103.4.122.14 - - [01/Jan/2026:15:40:32 +0800] "POST /wp-cron.php?doing_wp_cron=1767253231.8449640274047851562500 HTTP/1.1" 200 - "-" "WordPress/6.9; https://dandenongdaynursery.com.au"
114.119.133.126 - - [01/Jan/2026:15:40:30 +0800] "GET /pg%20slot%20168.aspx HTTP/1.1" 404 170266 "https://dandenongdaynursery.com.au/%E0%B9%80%E0%B8%A7%E0%B9%87%E0%B8%9A%E0%B8%AA%E0%B8%A5%E0%B9%87%E0%B8%AD%E0%B8%95%E0%B9%83%E0%B8%AB%E0%B8%A1%E0%B9%88%E0%B8%A5%E0%B9%88%E0%B8%B2%E0%B8%AA%E0%B8%B8%E0%B8%94%20%E0%B9%80%E0%B8%A7%E0%B9%87%E0%B8%9A%E0%B8%95%E0%B8%A3%E0%B8%87.aspx" "Mozilla/5.0 (Linux; Android 7.0;) AppleWebKit/537.36 (KHTML, like Gecko) Mobile Safari/537.36 (compatible; PetalBot;+https://webmaster.petalsearch.com/site/petalbot)"
103.4.122.14 - - [01/Jan/2026:15:41:55 +0800] "POST /wp-cron.php?doing_wp_cron=1767253315.5745859146118164062500 HTTP/1.1" 200 - "-" "WordPress/6.9; https://dandenongdaynursery.com.au"
114.119.133.126 - - [01/Jan/2026:15:41:54 +0800] "GET /pg%20slot%20wallet%20%E0%B9%84%E0%B8%A1%E0%B9%88%E0%B8%A1%E0%B8%B5%E0%B8%82%E0%B8%B1%E0%B9%89%E0%B8%99%E0%B8%95%E0%B9%88%E0%B8%B3.aspx HTTP/1.1" 404 170266 "https://dandenongdaynursery.com.au/%E0%B8%AA%E0%B8%A5%E0%B9%87%E0%B8%AD%E0%B8%95%E0%B9%81%E0%B8%95%E0%B8%81%E0%B8%AB%E0%B8%99%E0%B8%B1%E0%B8%81.aspx" "Mozilla/5.0 (Linux; Android 7.0;) AppleWebKit/537.36 (KHTML, like Gecko) Mobile Safari/537.36 (compatible; PetalBot;+https://webmaster.petalsearch.com/site/petalbot)"
103.4.122.14 - - [01/Jan/2026:15:43:24 +0800] "POST /wp-cron.php?doing_wp_cron=1767253404.5018610954284667968750 HTTP/1.1" 200 - "-" "WordPress/6.9; https://dandenongdaynursery.com.au"
114.119.131.136 - - [01/Jan/2026:15:43:23 +0800] "GET /g2g1bet.aspx HTTP/1.1" 404 170266 "https://dandenongdaynursery.com.au/super%20slot.aspx" "Mozilla/5.0 (Linux; Android 7.0;) AppleWebKit/537.36 (KHTML, like Gecko) Mobile Safari/537.36 (compatible; PetalBot;+https://webmaster.petalsearch.com/site/petalbot)"
103.4.122.14 - - [01/Jan/2026:15:44:43 +0800] "POST /wp-cron.php?doing_wp_cron=1767253483.1456680297851562500000 HTTP/1.1" 200 - "-" "WordPress/6.9; https://dandenongdaynursery.com.au"
114.119.148.103 - - [01/Jan/2026:15:44:41 +0800] "GET /%E0%B9%80%E0%B8%A7%E0%B9%87%E0%B8%9A%E0%B8%AA%E0%B8%A5%E0%B9%87%E0%B8%AD%E0%B8%95%E0%B9%83%E0%B8%AB%E0%B8%A1%E0%B9%88%E0%B8%A5%E0%B9%88%E0%B8%B2%E0%B8%AA%E0%B8%B8%E0%B8%94%20%E0%B9%80%E0%B8%A7%E0%B9%87%E0%B8%9A%E0%B8%95%E0%B8%A3%E0%B8%87%20%E0%B9%81%E0%B8%95%E0%B8%81%E0%B8%87%E0%B9%88%E0%B8%B2%E0%B8%A2.aspx HTTP/1.1" 404 170266 "https://dandenongdaynursery.com.au/%E0%B8%AA%E0%B8%A5%E0%B9%87%E0%B8%AD%E0%B8%95%20%E0%B9%80%E0%B8%84%E0%B8%A3%E0%B8%94%E0%B8%B4%E0%B8%95%E0%B8%9F%E0%B8%A3%E0%B8%B5%2050%20%E0%B8%96%E0%B8%AD%E0%B8%99%E0%B9%84%E0%B8%94%E0%B9%89%20300.aspx" "Mozilla/5.0 (Linux; Android 7.0;) AppleWebKit/537.36 (KHTML, like Gecko) Mobile Safari/537.36 (compatible; PetalBot;+https://webmaster.petalsearch.com/site/petalbot)"
103.4.122.14 - - [01/Jan/2026:15:47:16 +0800] "POST /wp-cron.php?doing_wp_cron=1767253636.3741478919982910156250 HTTP/1.1" 200 - "-" "WordPress/6.9; https://dandenongdaynursery.com.au"
216.244.66.241 - - [01/Jan/2026:15:47:15 +0800] "GET /robots.txt HTTP/1.1" 200 184 "-" "Mozilla/5.0 (compatible; DotBot/1.2; +https://opensiteexplorer.org/dotbot; help@moz.com)"
103.4.122.14 - - [01/Jan/2026:16:00:50 +0800] "POST /wp-cron.php?doing_wp_cron=1767254450.4868929386138916015625 HTTP/1.1" 200 - "-" "WordPress/6.9; https://dandenongdaynursery.com.au"
188.239.55.64 - - [01/Jan/2026:16:00:49 +0800] "GET /warraworrap-room/ HTTP/1.1" 200 34731 "https://dandenongdaynursery.com.au/warraworrap-room/" "Mozilla/5.0 (Macintosh; Intel Mac OS X 10_15_7) AppleWebKit/537.36 (KHTML, like Gecko) Chrome/123.0.0.0 Safari/537.36"
103.4.122.14 - - [01/Jan/2026:16:04:38 +0800] "POST /wp-cron.php?doing_wp_cron=1767254678.2782099246978759765625 HTTP/1.1" 200 - "-" "WordPress/6.9; https://dandenongdaynursery.com.au"
114.119.144.65 - - [01/Jan/2026:16:04:36 +0800] "GET /ufabet%207777.aspx HTTP/1.1" 404 170266 "https://dandenongdaynursery.com.au/mega%20slot.aspx" "Mozilla/5.0 (Linux; Android 7.0;) AppleWebKit/537.36 (KHTML, like Gecko) Mobile Safari/537.36 (compatible; PetalBot;+https://webmaster.petalsearch.com/site/petalbot)"
103.4.122.14 - - [01/Jan/2026:16:06:05 +0800] "POST /wp-cron.php?doing_wp_cron=1767254765.6178910732269287109375 HTTP/1.1" 200 - "-" "WordPress/6.9; https://dandenongdaynursery.com.au"
114.119.141.116 - - [01/Jan/2026:16:06:04 +0800] "GET /pg%20slot%20auto%20wallet.aspx HTTP/1.1" 404 170266 "https://dandenongdaynursery.com.au/ufabet%20%E0%B9%80%E0%B8%A7%E0%B9%87%E0%B8%9A%E0%B8%95%E0%B8%A3%E0%B8%87%E0%B9%84%E0%B8%A1%E0%B9%88%E0%B8%9C%E0%B9%88%E0%B8%B2%E0%B8%99%E0%B9%80%E0%B8%AD%E0%B9%80%E0%B8%A2%E0%B9%88%E0%B8%99%E0%B8%95%E0%B9%8C.aspx" "Mozilla/5.0 (Linux; Android 7.0;) AppleWebKit/537.36 (KHTML, like Gecko) Mobile Safari/537.36 (compatible; PetalBot;+https://webmaster.petalsearch.com/site/petalbot)"
216.244.66.241 - - [01/Jan/2026:16:06:45 +0800] "GET /wp-content/uploads/2023/03/Warraworrap-3-2-scaled.jpg HTTP/1.1" 200 501269 "-" "Mozilla/5.0 (compatible; DotBot/1.2; +https://opensiteexplorer.org/dotbot; help@moz.com)"
103.4.122.14 - - [01/Jan/2026:16:07:27 +0800] "POST /wp-cron.php?doing_wp_cron=1767254847.2535638809204101562500 HTTP/1.1" 200 - "-" "WordPress/6.9; https://dandenongdaynursery.com.au"
114.119.146.142 - - [01/Jan/2026:16:07:25 +0800] "GET /20%E0%B8%A3%E0%B8%B1%E0%B8%9A100.aspx HTTP/1.1" 404 170266 "https://dandenongdaynursery.com.au/gallery" "Mozilla/5.0 (Linux; Android 7.0;) AppleWebKit/537.36 (KHTML, like Gecko) Mobile Safari/537.36 (compatible; PetalBot;+https://webmaster.petalsearch.com/site/petalbot)"
146.174.182.224 - - [01/Jan/2026:16:08:09 +0800] "GET / HTTP/1.1" 200 37521 "-" "Mozilla/5.0 (Macintosh; U; PPC Mac OS; en-en) AppleWebKit/412 (KHTML, like Gecko) Safari/412"
190.97.241.102 - - [01/Jan/2026:16:08:25 +0800] "GET /wp-json/wp/v2/posts HTTP/1.1" 200 2 "-" "Mozilla/5.0 (Windows NT 10.0; Win64; x64) AppleWebKit/537.36 (KHTML, like Gecko) Chrome/120.0.0.0 Safari/537.36"
103.4.122.14 - - [01/Jan/2026:16:08:31 +0800] "POST /wp-cron.php?doing_wp_cron=1767254911.5496819019317626953125 HTTP/1.1" 200 - "-" "WordPress/6.9; https://dandenongdaynursery.com.au"
136.144.33.220 - - [01/Jan/2026:16:08:30 +0800] "GET //wp-content/plugins/hellopress/wp_filemanager.php HTTP/1.1" 301 - "-" "-"
136.144.33.220 - - [01/Jan/2026:16:08:32 +0800] "GET /wp-content/plugins/hellopress/wp_filemanager.php HTTP/1.1" 404 170266 "-" "-"
103.4.122.14 - - [01/Jan/2026:16:19:15 +0800] "POST /wp-cron.php?doing_wp_cron=1767255554.9941689968109130859375 HTTP/1.1" 200 - "-" "WordPress/6.9; https://dandenongdaynursery.com.au"
114.119.146.142 - - [01/Jan/2026:16:19:13 +0800] "GET /%E0%B9%82%E0%B8%9B%E0%B8%A3%E0%B8%AA%E0%B8%A5%E0%B9%87%E0%B8%AD%E0%B8%95%E0%B8%AA%E0%B8%A1%E0%B8%B2%E0%B8%8A%E0%B8%B4%E0%B8%81%E0%B9%83%E0%B8%AB%E0%B8%A1%E0%B9%88%E0%B8%9D%E0%B8%B2%E0%B8%8110%E0%B8%A3%E0%B8%B1%E0%B8%9A100%E0%B8%A7%E0%B8%AD%E0%B9%80%E0%B8%A5%E0%B8%97.aspx HTTP/1.1" 404 170266 "https://dandenongdaynursery.com.au/category/uncategorized/" "Mozilla/5.0 (Linux; Android 7.0;) AppleWebKit/537.36 (KHTML, like Gecko) Mobile Safari/537.36 (compatible; PetalBot;+https://webmaster.petalsearch.com/site/petalbot)"
103.4.122.14 - - [01/Jan/2026:16:24:42 +0800] "POST /wp-cron.php?doing_wp_cron=1767255882.4799389839172363281250 HTTP/1.1" 200 - "-" "WordPress/6.9; https://dandenongdaynursery.com.au"
114.119.144.65 - - [01/Jan/2026:16:24:40 +0800] "GET /betflix168.aspx HTTP/1.1" 404 170266 "https://dandenongdaynursery.com.au/%E0%B8%9C%E0%B8%A5%20%E0%B8%9A%E0%B8%AD%E0%B8%A5%20%E0%B8%A0%E0%B8%B2%E0%B8%A9%E0%B8%B2%20%E0%B9%84%E0%B8%97%E0%B8%A2%20thscore.aspx" "Mozilla/5.0 (Linux; Android 7.0;) AppleWebKit/537.36 (KHTML, like Gecko) Mobile Safari/537.36 (compatible; PetalBot;+https://webmaster.petalsearch.com/site/petalbot)"
103.4.122.14 - - [01/Jan/2026:16:31:49 +0800] "POST /wp-cron.php?doing_wp_cron=1767256309.1635119915008544921875 HTTP/1.1" 200 - "-" "WordPress/6.9; https://dandenongdaynursery.com.au"
157.55.39.61 - - [01/Jan/2026:16:31:48 +0800] "GET /sitemap_index.xml HTTP/1.1" 200 315 "-" "Mozilla/5.0 AppleWebKit/537.36 (KHTML, like Gecko; compatible; bingbot/2.0; +http://www.bing.com/bingbot.htm) Chrome/116.0.1938.76 Safari/537.36"
103.4.122.14 - - [01/Jan/2026:16:38:09 +0800] "POST /wp-cron.php?doing_wp_cron=1767256689.7074089050292968750000 HTTP/1.1" 200 - "-" "WordPress/6.9; https://dandenongdaynursery.com.au"
105.69.206.86 - - [01/Jan/2026:16:38:08 +0800] "GET /murnong-room/ HTTP/1.1" 200 34274 "-" "Mozilla/5.0 (Windows; U; Windows NT 5.2; en-US) AppleWebKit/534.3 (KHTML, like Gecko) Chrome/6.0.462.0 Safari/534.3"
114.119.144.65 - - [01/Jan/2026:16:41:27 +0800] "GET /wp-content/uploads/2023/03/7-768x1024.jpg HTTP/1.1" 200 205055 "https://dandenongdaynursery.com.au/gallery" "Mozilla/5.0 (Linux; Android 7.0;) AppleWebKit/537.36 (KHTML, like Gecko) Mobile Safari/537.36 (compatible; PetalBot;+https://webmaster.petalsearch.com/site/petalbot)"
103.4.122.14 - - [01/Jan/2026:16:42:52 +0800] "POST /wp-cron.php?doing_wp_cron=1767256971.9573199748992919921875 HTTP/1.1" 200 - "-" "WordPress/6.9; https://dandenongdaynursery.com.au"
114.119.146.142 - - [01/Jan/2026:16:42:50 +0800] "GET /%E0%B9%80%E0%B8%A7%E0%B9%87%E0%B8%9A%E0%B8%AA%E0%B8%A5%E0%B9%87%E0%B8%AD%E0%B8%95pg.aspx HTTP/1.1" 404 170266 "https://dandenongdaynursery.com.au/slot24th.aspx" "Mozilla/5.0 (Linux; Android 7.0;) AppleWebKit/537.36 (KHTML, like Gecko) Mobile Safari/537.36 (compatible; PetalBot;+https://webmaster.petalsearch.com/site/petalbot)"
103.4.122.14 - - [01/Jan/2026:16:44:22 +0800] "POST /wp-cron.php?doing_wp_cron=1767257061.8946390151977539062500 HTTP/1.1" 200 - "-" "WordPress/6.9; https://dandenongdaynursery.com.au"
114.119.133.126 - - [01/Jan/2026:16:44:20 +0800] "GET /%E0%B9%80%E0%B8%A7%E0%B9%87%E0%B8%9A%E0%B8%AA%E0%B8%A5%E0%B9%87%E0%B8%AD%E0%B8%95%E0%B8%9D%E0%B8%B2%E0%B8%81%E0%B8%96%E0%B8%AD%E0%B8%99%20true%20wallet.aspx HTTP/1.1" 404 170266 "https://dandenongdaynursery.com.au/%E0%B8%AA%E0%B8%A5%E0%B9%87%E0%B8%AD%E0%B8%95%E0%B8%9F%E0%B8%A3%E0%B8%B5%E0%B9%80%E0%B8%84%E0%B8%A3%E0%B8%94%E0%B8%B4%E0%B8%95.aspx" "Mozilla/5.0 (Linux; Android 7.0;) AppleWebKit/537.36 (KHTML, like Gecko) Mobile Safari/537.36 (compatible; PetalBot;+https://webmaster.petalsearch.com/site/petalbot)"
103.4.122.13 - - [01/Jan/2026:16:44:55 +0800] "GET / HTTP/1.1" 200 260899 "-" "Mozilla/5.0 (compatible; MainWP/5.4.1; +http://mainwp.com)"
103.4.122.14 - - [01/Jan/2026:17:00:33 +0800] "POST /wp-cron.php?doing_wp_cron=1767258033.6835649013519287109375 HTTP/1.1" 200 - "-" "WordPress/6.9; https://dandenongdaynursery.com.au"
114.119.144.65 - - [01/Jan/2026:17:00:32 +0800] "GET /elementor-hf/header/ HTTP/1.1" 301 - "https://dandenongdaynursery.com.au/elementor-hf-sitemap.xml" "Mozilla/5.0 (Linux; Android 7.0;) AppleWebKit/537.36 (KHTML, like Gecko) Mobile Safari/537.36 (compatible; PetalBot;+https://webmaster.petalsearch.com/site/petalbot)"
114.119.144.65 - - [01/Jan/2026:17:00:35 +0800] "GET / HTTP/1.1" 200 37536 "https://dandenongdaynursery.com.au/elementor-hf-sitemap.xml" "Mozilla/5.0 (Linux; Android 7.0;) AppleWebKit/537.36 (KHTML, like Gecko) Mobile Safari/537.36 (compatible; PetalBot;+https://webmaster.petalsearch.com/site/petalbot)"
209.38.83.108 - - [01/Jan/2026:17:04:43 +0800] "GET //wp-content/plugins/hellopress/wp_filemanager.php HTTP/1.1" 301 - "-" "-"
209.38.83.108 - - [01/Jan/2026:17:04:44 +0800] "GET /wp-content/plugins/hellopress/wp_filemanager.php HTTP/1.1" 404 170266 "-" "-"
103.4.122.14 - - [01/Jan/2026:17:04:44 +0800] "POST /wp-cron.php?doing_wp_cron=1767258284.4646871089935302734375 HTTP/1.1" 200 - "-" "WordPress/6.9; https://dandenongdaynursery.com.au"
209.38.83.108 - - [01/Jan/2026:17:04:45 +0800] "GET //wp-2019.php HTTP/1.1" 301 - "-" "-"
209.38.83.108 - - [01/Jan/2026:17:04:46 +0800] "GET /wp-2019.php HTTP/1.1" 404 65348 "-" "-"
209.38.83.108 - - [01/Jan/2026:17:04:47 +0800] "GET //atomlib.php HTTP/1.1" 301 - "-" "-"
209.38.83.108 - - [01/Jan/2026:17:04:48 +0800] "GET /atomlib.php HTTP/1.1" 404 65348 "-" "-"
209.38.83.108 - - [01/Jan/2026:17:04:49 +0800] "GET //css.php HTTP/1.1" 301 - "-" "-"
209.38.83.108 - - [01/Jan/2026:17:04:50 +0800] "GET /css.php HTTP/1.1" 404 65348 "-" "-"
209.38.83.108 - - [01/Jan/2026:17:04:51 +0800] "GET //log.php HTTP/1.1" 301 - "-" "-"
209.38.83.108 - - [01/Jan/2026:17:04:52 +0800] "GET /log.php HTTP/1.1" 404 65348 "-" "-"
209.38.83.108 - - [01/Jan/2026:17:04:53 +0800] "GET //index.php HTTP/1.1" 301 - "-" "-"
209.38.83.108 - - [01/Jan/2026:17:04:54 +0800] "GET / HTTP/1.1" 200 155981 "-" "-"
209.38.83.108 - - [01/Jan/2026:17:04:55 +0800] "GET //mail.php HTTP/1.1" 301 - "-" "-"
209.38.83.108 - - [01/Jan/2026:17:04:56 +0800] "GET /mail.php HTTP/1.1" 404 65348 "-" "-"
209.38.83.108 - - [01/Jan/2026:17:04:57 +0800] "GET //lufix.php HTTP/1.1" 301 - "-" "-"
209.38.83.108 - - [01/Jan/2026:17:04:58 +0800] "GET /lufix.php HTTP/1.1" 404 65348 "-" "-"
209.38.83.108 - - [01/Jan/2026:17:04:59 +0800] "GET //doc.php HTTP/1.1" 301 - "-" "-"
209.38.83.108 - - [01/Jan/2026:17:05:00 +0800] "GET /doc.php HTTP/1.1" 404 65348 "-" "-"
209.38.83.108 - - [01/Jan/2026:17:05:01 +0800] "GET //bak.php HTTP/1.1" 301 - "-" "-"
209.38.83.108 - - [01/Jan/2026:17:05:02 +0800] "GET /bak.php HTTP/1.1" 404 65348 "-" "-"
209.38.83.108 - - [01/Jan/2026:17:05:03 +0800] "GET //content.php HTTP/1.1" 301 - "-" "-"
209.38.83.108 - - [01/Jan/2026:17:05:04 +0800] "GET /content.php HTTP/1.1" 404 65348 "-" "-"
209.38.83.108 - - [01/Jan/2026:17:05:05 +0800] "GET //upfile.php HTTP/1.1" 301 - "-" "-"
209.38.83.108 - - [01/Jan/2026:17:05:05 +0800] "GET /upfile.php HTTP/1.1" 404 65348 "-" "-"
209.38.83.108 - - [01/Jan/2026:17:05:06 +0800] "GET //wp-conflg.php HTTP/1.1" 403 199 "-" "-"
209.38.83.108 - - [01/Jan/2026:17:05:07 +0800] "GET //wp-conflg.php HTTP/1.1" 403 199 "-" "-"
209.38.83.108 - - [01/Jan/2026:17:05:07 +0800] "GET //wp-conflg.php HTTP/1.1" 403 199 "-" "-"
209.38.83.108 - - [01/Jan/2026:17:05:07 +0800] "GET //wp-conflg.php HTTP/1.1" 403 199 "-" "-"
64.23.160.189 - - [01/Jan/2026:17:05:20 +0800] "POST /xmlrpc.php HTTP/1.1" 200 206 "-" "Mozilla/5.0 (Windows NT 10.0; Win64; x64; rv:46.0) Gecko/20100101 Firefox/46.0"
40.77.167.23 - - [01/Jan/2026:17:10:58 +0800] "GET /wp-content/uploads/2023/03/Warraworrap-3-2-300x225.jpg HTTP/1.1" 200 14272 "-" "Mozilla/5.0 AppleWebKit/537.36 (KHTML, like Gecko; compatible; bingbot/2.0; +http://www.bing.com/bingbot.htm) Chrome/116.0.1938.76 Safari/537.36"
103.4.122.14 - - [01/Jan/2026:17:14:02 +0800] "POST /wp-cron.php?doing_wp_cron=1767258842.0350210666656494140625 HTTP/1.1" 200 - "-" "WordPress/6.9; https://dandenongdaynursery.com.au"
93.158.90.153 - - [01/Jan/2026:17:14:03 +0800] "GET / HTTP/1.1" 200 37521 "http://dandenongdaynursery.hostone.com.au/" "Mozilla/5.0 (iPhone; CPU iPhone OS 17_1_2 like Mac OS X) AppleWebKit/605.1.15 (KHTML, like Gecko) Version/17.1.2 Mobile/15E148 Safari/604"
103.4.122.14 - - [01/Jan/2026:17:17:09 +0800] "POST /wp-cron.php?doing_wp_cron=1767259029.2443909645080566406250 HTTP/1.1" 200 - "-" "WordPress/6.9; https://dandenongdaynursery.com.au"
200.150.252.109 - - [01/Jan/2026:17:17:07 +0800] "GET /pike-room/ HTTP/1.1" 200 34089 "-" "Mozilla/5.0 (Windows; U; Windows NT 5.1; en-US) AppleWebKit/534.6 (KHTML, like Gecko) Chrome/7.0.500.0 Safari/534.6"
103.4.122.14 - - [01/Jan/2026:17:19:05 +0800] "POST /wp-cron.php?doing_wp_cron=1767259145.5799999237060546875000 HTTP/1.1" 200 - "-" "WordPress/6.9; https://dandenongdaynursery.com.au"
51.68.107.148 - - [01/Jan/2026:17:19:04 +0800] "GET /robots.txt HTTP/1.1" 301 - "-" "Mozilla/5.0 (compatible; MJ12bot/v2.0.4; http://mj12bot.com/)"
51.68.107.148 - - [01/Jan/2026:17:19:06 +0800] "GET /robots.txt HTTP/1.1" 200 135 "-" "Mozilla/5.0 (compatible; MJ12bot/v2.0.4; http://mj12bot.com/)"
51.68.107.148 - - [01/Jan/2026:17:19:07 +0800] "GET / HTTP/1.1" 301 - "-" "Mozilla/5.0 (compatible; MJ12bot/v2.0.4; http://mj12bot.com/)"
51.68.107.148 - - [01/Jan/2026:17:19:09 +0800] "GET /robots.txt HTTP/1.1" 200 135 "-" "Mozilla/5.0 (compatible; MJ12bot/v2.0.4; http://mj12bot.com/)"
51.68.107.148 - - [01/Jan/2026:17:19:10 +0800] "GET / HTTP/1.1" 200 37520 "-" "Mozilla/5.0 (compatible; MJ12bot/v2.0.4; http://mj12bot.com/)"
66.249.70.37 - - [01/Jan/2026:17:19:24 +0800] "GET /warraworrap-room/ HTTP/1.1" 200 34728 "-" "Mozilla/5.0 (Linux; Android 6.0.1; Nexus 5X Build/MMB29P) AppleWebKit/537.36 (KHTML, like Gecko) Chrome/141.0.7390.122 Mobile Safari/537.36 (compatible; Googlebot/2.1; +http://www.google.com/bot.html)"
66.249.70.37 - - [01/Jan/2026:17:19:29 +0800] "GET /wp-content/plugins/wpforms-lite/assets/css/frontend/classic/wpforms-full.min.css?ver=1.9.8.7 HTTP/1.1" 200 11887 "https://dandenongdaynursery.com.au/warraworrap-room/" "Mozilla/5.0 (Linux; Android 6.0.1; Nexus 5X Build/MMB29P) AppleWebKit/537.36 (KHTML, like Gecko) Chrome/141.0.7390.122 Mobile Safari/537.36 (compatible; Googlebot/2.1; +http://www.google.com/bot.html)"
66.249.70.38 - - [01/Jan/2026:17:19:29 +0800] "GET /wp-content/uploads/elementor/google-fonts/css/raleway.css?ver=1742440850 HTTP/1.1" 200 1086 "https://dandenongdaynursery.com.au/warraworrap-room/" "Mozilla/5.0 (Linux; Android 6.0.1; Nexus 5X Build/MMB29P) AppleWebKit/537.36 (KHTML, like Gecko) Chrome/141.0.7390.122 Mobile Safari/537.36 (compatible; Googlebot/2.1; +http://www.google.com/bot.html)"
66.249.70.38 - - [01/Jan/2026:17:19:29 +0800] "GET /wp-content/uploads/elementor/css/post-8.css?ver=1765152000 HTTP/1.1" 200 441 "https://dandenongdaynursery.com.au/warraworrap-room/" "Mozilla/5.0 (Linux; Android 6.0.1; Nexus 5X Build/MMB29P) AppleWebKit/537.36 (KHTML, like Gecko) Chrome/141.0.7390.122 Mobile Safari/537.36 (compatible; Googlebot/2.1; +http://www.google.com/bot.html)"
66.249.70.38 - - [01/Jan/2026:17:19:29 +0800] "GET /wp-content/themes/layers-elementor/assets/css/layers-pro.css?ver=1.0.3 HTTP/1.1" 200 2534 "https://dandenongdaynursery.com.au/warraworrap-room/" "Mozilla/5.0 (Linux; Android 6.0.1; Nexus 5X Build/MMB29P) AppleWebKit/537.36 (KHTML, like Gecko) Chrome/141.0.7390.122 Mobile Safari/537.36 (compatible; Googlebot/2.1; +http://www.google.com/bot.html)"
66.249.70.37 - - [01/Jan/2026:17:19:29 +0800] "GET /wp-content/uploads/elementor/css/post-878.css?ver=1765152000 HTTP/1.1" 200 2814 "https://dandenongdaynursery.com.au/warraworrap-room/" "Mozilla/5.0 (Linux; Android 6.0.1; Nexus 5X Build/MMB29P) AppleWebKit/537.36 (KHTML, like Gecko) Chrome/141.0.7390.122 Mobile Safari/537.36 (compatible; Googlebot/2.1; +http://www.google.com/bot.html)"
66.249.68.137 - - [01/Jan/2026:17:19:30 +0800] "GET /wp-includes/js/jquery/jquery-migrate.min.js?ver=3.4.1 HTTP/1.1" 200 4872 "https://dandenongdaynursery.com.au/warraworrap-room/" "Mozilla/5.0 (Linux; Android 6.0.1; Nexus 5X Build/MMB29P) AppleWebKit/537.36 (KHTML, like Gecko) Chrome/141.0.7390.122 Mobile Safari/537.36 (compatible; Googlebot/2.1; +http://www.google.com/bot.html)"
66.249.70.38 - - [01/Jan/2026:17:19:30 +0800] "GET /wp-content/plugins/elementor/assets/lib/font-awesome/css/fontawesome.css?ver=5.15.3 HTTP/1.1" 200 13124 "https://dandenongdaynursery.com.au/warraworrap-room/" "Mozilla/5.0 (Linux; Android 6.0.1; Nexus 5X Build/MMB29P) AppleWebKit/537.36 (KHTML, like Gecko) Chrome/141.0.7390.122 Mobile Safari/537.36 (compatible; Googlebot/2.1; +http://www.google.com/bot.html)"
66.249.70.38 - - [01/Jan/2026:17:19:30 +0800] "GET /wp-content/themes/layers-elementor/assets/js/plugins.js?ver=1.0.3 HTTP/1.1" 200 11608 "https://dandenongdaynursery.com.au/warraworrap-room/" "Mozilla/5.0 (Linux; Android 6.0.1; Nexus 5X Build/MMB29P) AppleWebKit/537.36 (KHTML, like Gecko) Chrome/141.0.7390.122 Mobile Safari/537.36 (compatible; Googlebot/2.1; +http://www.google.com/bot.html)"
66.249.70.37 - - [01/Jan/2026:17:19:30 +0800] "GET /wp-content/plugins/wpforms-lite/assets/js/share/utils.min.js?ver=1.9.8.7 HTTP/1.1" 200 800 "https://dandenongdaynursery.com.au/warraworrap-room/" "Mozilla/5.0 (Linux; Android 6.0.1; Nexus 5X Build/MMB29P) AppleWebKit/537.36 (KHTML, like Gecko) Chrome/141.0.7390.122 Mobile Safari/537.36 (compatible; Googlebot/2.1; +http://www.google.com/bot.html)"
66.249.70.37 - - [01/Jan/2026:17:19:31 +0800] "GET /wp-content/plugins/elementor/assets/js/text-editor.45609661e409413f1cef.bundle.min.js HTTP/1.1" 200 648 "https://dandenongdaynursery.com.au/warraworrap-room/" "Mozilla/5.0 (Linux; Android 6.0.1; Nexus 5X Build/MMB29P) AppleWebKit/537.36 (KHTML, like Gecko) Chrome/141.0.7390.122 Mobile Safari/537.36 (compatible; Googlebot/2.1; +http://www.google.com/bot.html)"
103.4.122.14 - - [01/Jan/2026:17:32:43 +0800] "POST /wp-cron.php?doing_wp_cron=1767259963.5480680465698242187500 HTTP/1.1" 200 - "-" "WordPress/6.9; https://dandenongdaynursery.com.au"
23.80.151.151 - - [01/Jan/2026:17:32:42 +0800] "GET /contact/ HTTP/1.1" 200 29045 "-" "Mozilla/5.0 (Macintosh; Intel Mac OS X 12_5) AppleWebKit/537.36 (KHTML, like Gecko) Chrome/114.0.0.0 YaBrowser/22.7.0 Yowser/2.5 Safari/537.36"
103.4.122.14 - - [01/Jan/2026:17:42:53 +0800] "POST /wp-cron.php?doing_wp_cron=1767260573.5485789775848388671875 HTTP/1.1" 200 - "-" "WordPress/6.9; https://dandenongdaynursery.com.au"
15.235.96.219 - - [01/Jan/2026:17:42:52 +0800] "GET /sitemap_index.xml HTTP/1.1" 200 315 "-" "Mozilla/5.0 (compatible; AhrefsBot/7.0; +http://ahrefs.com/robot/)"
51.222.168.211 - - [01/Jan/2026:17:42:57 +0800] "GET /page-sitemap.xml HTTP/1.1" 200 524 "-" "Mozilla/5.0 (compatible; AhrefsBot/7.0; +http://ahrefs.com/robot/)"
142.44.233.209 - - [01/Jan/2026:17:43:02 +0800] "GET /elementor-hf-sitemap.xml HTTP/1.1" 200 398 "-" "Mozilla/5.0 (compatible; AhrefsBot/7.0; +http://ahrefs.com/robot/)"
212.30.33.118 - - [01/Jan/2026:17:45:21 +0800] "GET //wp-content/themes/theme-check/theme-check.php HTTP/1.1" 403 199 "-" "Go-http-client/1.1"
212.30.33.134 - - [01/Jan/2026:17:45:22 +0800] "GET //wp-content/plugins/phpadmin/autoload_classmap.php HTTP/1.1" 403 199 "-" "Go-http-client/1.1"
212.30.33.148 - - [01/Jan/2026:17:45:23 +0800] "GET //wp-content/plugins/so-pinyin-slugs/inc/main_json.php HTTP/1.1" 403 199 "-" "Go-http-client/1.1"
212.30.33.119 - - [01/Jan/2026:17:45:23 +0800] "GET //wp-content/plugins/schema/yanz.php HTTP/1.1" 403 199 "-" "Go-http-client/1.1"
212.30.33.104 - - [01/Jan/2026:17:45:24 +0800] "GET //wp-content/plugins/so-pinyin-slugs/inc/js-inc.php HTTP/1.1" 403 199 "-" "Go-http-client/1.1"
212.30.33.156 - - [01/Jan/2026:17:45:25 +0800] "GET //wp-content/plugins/advanced-llms-txt-generator/assets/css/css_json.php HTTP/1.1" 403 199 "-" "Go-http-client/1.1"
212.30.33.150 - - [01/Jan/2026:17:45:26 +0800] "GET //wp-content/plugins/init-help/init.php HTTP/1.1" 403 199 "-" "Go-http-client/1.1"
212.30.33.183 - - [01/Jan/2026:17:45:27 +0800] "GET //wp-content/plugins/wpcall-button/button-image.php HTTP/1.1" 403 199 "-" "Go-http-client/1.1"
212.30.33.153 - - [01/Jan/2026:17:45:28 +0800] "GET //wp-content/plugins/schema/geckos.php HTTP/1.1" 403 199 "-" "Go-http-client/1.1"
212.30.33.123 - - [01/Jan/2026:17:45:29 +0800] "GET //wp-content/plugins/SecurityFin/SecurityFin.php HTTP/1.1" 403 199 "-" "Go-http-client/1.1"
212.30.33.183 - - [01/Jan/2026:17:45:30 +0800] "GET //wp-content/uploads/wpr-addons/forms/b1ack.php HTTP/1.1" 403 199 "-" "Go-http-client/1.1"
212.30.33.113 - - [01/Jan/2026:17:45:31 +0800] "GET //wp-content/plugins/WordPressCore/include.php HTTP/1.1" 403 199 "-" "Go-http-client/1.1"
212.30.33.143 - - [01/Jan/2026:17:45:32 +0800] "GET //wp-content/plugins/dummyyummy/wp-signup.php HTTP/1.1" 403 199 "-" "Go-http-client/1.1"
212.30.33.117 - - [01/Jan/2026:17:45:33 +0800] "GET //wp-content/plugins/dzs-zoomsounds/1877.php HTTP/1.1" 403 199 "-" "Go-http-client/1.1"
212.30.33.226 - - [01/Jan/2026:17:45:34 +0800] "GET //wp-content/plugins/core-plugin/include.php HTTP/1.1" 403 199 "-" "Go-http-client/1.1"
212.30.33.102 - - [01/Jan/2026:17:45:35 +0800] "GET //wp-content/plugins/linkpreview/index.php HTTP/1.1" 403 199 "-" "Go-http-client/1.1"
212.30.33.117 - - [01/Jan/2026:17:45:36 +0800] "GET //wp-content/plugins/linkpreview/db.php?u HTTP/1.1" 403 199 "-" "Go-http-client/1.1"
212.30.33.154 - - [01/Jan/2026:17:45:36 +0800] "GET //wp-content/plugins/seoplugins/db.php?u HTTP/1.1" 403 199 "-" "Go-http-client/1.1"
212.30.33.167 - - [01/Jan/2026:17:45:37 +0800] "GET //wp-content/plugins/press/wp-class.php HTTP/1.1" 403 199 "-" "Go-http-client/1.1"
212.30.33.167 - - [01/Jan/2026:17:45:38 +0800] "GET //wp-content/plugins/seoplugins/mar.php HTTP/1.1" 403 199 "-" "Go-http-client/1.1"
212.30.33.157 - - [01/Jan/2026:17:45:39 +0800] "GET //wp-content/plugins/yanierin/akcc.php HTTP/1.1" 403 199 "-" "Go-http-client/1.1"
212.30.33.117 - - [01/Jan/2026:17:45:40 +0800] "GET //wp-content/plugins/advanced-product-fields-for-woocommerce/db.php HTTP/1.1" 403 199 "-" "Go-http-client/1.1"
212.30.33.118 - - [01/Jan/2026:17:45:41 +0800] "GET //wp-content/plugins/wp-mobile-detector/cache/settings_auto.php HTTP/1.1" 403 199 "-" "Go-http-client/1.1"
212.30.33.110 - - [01/Jan/2026:17:45:42 +0800] "GET //wp-content/themes/twentytwentythree/patterns/index.php HTTP/1.1" 403 199 "-" "Go-http-client/1.1"
212.30.33.145 - - [01/Jan/2026:17:45:43 +0800] "GET //wp-includes/js/tinymce/skins/lightgray/img/index.php HTTP/1.1" 403 199 "-" "Go-http-client/1.1"
212.30.33.118 - - [01/Jan/2026:17:45:44 +0800] "GET //.well-known/pki-validation/index.php HTTP/1.1" 403 199 "-" "Go-http-client/1.1"
212.30.33.207 - - [01/Jan/2026:17:45:45 +0800] "GET //.well-known/acme-challenge/about.php HTTP/1.1" 403 199 "-" "Go-http-client/1.1"
212.30.33.106 - - [01/Jan/2026:17:45:46 +0800] "GET //.well-known/acme-challenge/index.php HTTP/1.1" 403 199 "-" "Go-http-client/1.1"
212.30.33.148 - - [01/Jan/2026:17:45:47 +0800] "GET //wp-admin/css/colors/coffee/index.php HTTP/1.1" 403 199 "-" "Go-http-client/1.1"
212.30.33.185 - - [01/Jan/2026:17:45:47 +0800] "GET //.well-known/pki-validation/about.php HTTP/1.1" 403 199 "-" "Go-http-client/1.1"
212.30.33.130 - - [01/Jan/2026:17:45:48 +0800] "GET //wp-content/themes/seotheme/db.php?u HTTP/1.1" 403 199 "-" "Go-http-client/1.1"
212.30.33.119 - - [01/Jan/2026:17:45:49 +0800] "GET //wp-content/themes/twenty/twenty.php HTTP/1.1" 403 199 "-" "Go-http-client/1.1"
212.30.33.113 - - [01/Jan/2026:17:45:50 +0800] "GET //.well-known/pki-validation/moon.php HTTP/1.1" 403 199 "-" "Go-http-client/1.1"
212.30.33.161 - - [01/Jan/2026:17:45:51 +0800] "GET //wp-content/themes/calmly/issue.php HTTP/1.1" 403 199 "-" "Go-http-client/1.1"
212.30.33.115 - - [01/Jan/2026:17:45:52 +0800] "GET //wp-content/plugins/shell/noimg.php HTTP/1.1" 403 199 "-" "Go-http-client/1.1"
212.30.33.185 - - [01/Jan/2026:17:45:53 +0800] "GET //wp-content/plugins/Cache/Cache.php HTTP/1.1" 403 199 "-" "Go-http-client/1.1"
212.30.33.144 - - [01/Jan/2026:17:45:54 +0800] "GET //wp-content/plugins/fonts/fonts.php HTTP/1.1" 403 199 "-" "Go-http-client/1.1"
212.30.33.137 - - [01/Jan/2026:17:45:55 +0800] "GET //wp-content/themes/pridmag/db.php?u HTTP/1.1" 403 199 "-" "Go-http-client/1.1"
212.30.33.115 - - [01/Jan/2026:17:45:56 +0800] "GET //wp-content/plugins/pwnd-1/pwnd.php HTTP/1.1" 403 199 "-" "Go-http-client/1.1"
