103.4.122.14 - - [02/Jan/2026:23:14:06 +0800] "POST /wp-cron.php?doing_wp_cron=1767366846.7352600097656250000000 HTTP/1.1" 200 - "-" "WordPress/6.9; https://dandenongdaynursery.com.au"
103.4.122.14 - - [02/Jan/2026:23:14:06 +0800] "POST /wp-cron.php?doing_wp_cron=1767366846.7354900836944580078125 HTTP/1.1" 200 - "-" "WordPress/6.9; https://dandenongdaynursery.com.au"
103.4.122.14 - - [02/Jan/2026:23:14:06 +0800] "POST /wp-cron.php?doing_wp_cron=1767366846.7450850009918212890625 HTTP/1.1" 200 - "-" "WordPress/6.9; https://dandenongdaynursery.com.au"
4.194.208.111 - - [02/Jan/2026:23:14:07 +0800] "POST /alfacgiapi/perl.alfa HTTP/1.1" 404 170218 "www.google.com" "Mozlila/5.0 (Linux; Android 7.0; SM-G892A Bulid/NRD90M; wv) AppleWebKit/537.36 (KHTML, like Gecko) Version/4.0 Chrome/60.0.3112.107 Moblie Safari/537.36"
4.194.208.111 - - [02/Jan/2026:23:14:07 +0800] "GET /ogioznot.php?Fox=d3wL7 HTTP/1.1" 404 170218 "www.google.com" "Mozilla/5.0 (Linux; Android 7.0; SM-G892A Bulid/NRD90M; wv) AppleWebKit/537.36 (KHTML, like Gecko) Version/4.0 Chrome/60.0.3112.107 Moblie Safari/537.36"
4.194.208.111 - - [02/Jan/2026:23:14:11 +0800] "GET /wp-content/themes/seotheme/db.php?u HTTP/1.1" 404 170266 "www.google.com" "Mozlila/5.0 (Linux; Android 7.0; SM-G892A Bulid/NRD90M; wv) AppleWebKit/537.36 (KHTML, like Gecko) Version/4.0 Chrome/60.0.3112.107 Moblie Safari/537.36"
4.194.208.111 - - [02/Jan/2026:23:14:11 +0800] "GET / HTTP/1.1" 200 260896 "-" "Mozlila/5.0 (Linux; Android 7.0; SM-G892A Bulid/NRD90M; wv) AppleWebKit/537.36 (KHTML, like Gecko) Version/4.0 Chrome/60.0.3112.107 Moblie Safari/537.36"
4.194.208.111 - - [02/Jan/2026:23:14:12 +0800] "GET /wp-content/plugins/apikey/apikey.php?test=hello HTTP/1.1" 404 170266 "-" "Mozlila/5.0 (Linux; Android 7.0; SM-G892A Bulid/NRD90M; wv) AppleWebKit/537.36 (KHTML, like Gecko) Version/4.0 Chrome/60.0.3112.107 Moblie Safari/537.36"
4.194.208.111 - - [02/Jan/2026:23:14:12 +0800] "POST /wp-plain.php HTTP/1.1" 404 170266 "www.google.com" "Mozilla/5.0 (Linux; Android 7.0; SM-G892A Bulid/NRD90M; wv) AppleWebKit/537.36 (KHTML, like Gecko) Version/4.0 Chrome/60.0.3112.107 Moblie Safari/537.36"
4.194.208.111 - - [02/Jan/2026:23:14:14 +0800] "GET /plugins/content/apismtp/apismtp.php?test=hello HTTP/1.1" 404 170266 "-" "Mozlila/5.0 (Linux; Android 7.0; SM-G892A Bulid/NRD90M; wv) AppleWebKit/537.36 (KHTML, like Gecko) Version/4.0 Chrome/60.0.3112.107 Moblie Safari/537.36"
4.194.208.111 - - [02/Jan/2026:23:14:15 +0800] "GET /mlllvvcu.php?Fox=d3wL7 HTTP/1.1" 404 170266 "www.google.com" "Mozilla/5.0 (Linux; Android 7.0; SM-G892A Bulid/NRD90M; wv) AppleWebKit/537.36 (KHTML, like Gecko) Version/4.0 Chrome/60.0.3112.107 Moblie Safari/537.36"
4.194.208.111 - - [02/Jan/2026:23:14:15 +0800] "GET /wp-content/plugins/apikey/apikey.php.suspected?test=hello HTTP/1.1" 404 170266 "-" "Mozlila/5.0 (Linux; Android 7.0; SM-G892A Bulid/NRD90M; wv) AppleWebKit/537.36 (KHTML, like Gecko) Version/4.0 Chrome/60.0.3112.107 Moblie Safari/537.36"
4.194.208.111 - - [02/Jan/2026:23:14:16 +0800] "GET /plugins/content/apismtp/apismtp.php.suspected?test=hello HTTP/1.1" 404 170266 "-" "Mozlila/5.0 (Linux; Android 7.0; SM-G892A Bulid/NRD90M; wv) AppleWebKit/537.36 (KHTML, like Gecko) Version/4.0 Chrome/60.0.3112.107 Moblie Safari/537.36"
103.4.122.14 - - [02/Jan/2026:23:16:51 +0800] "POST /wp-cron.php?doing_wp_cron=1767367011.8059310913085937500000 HTTP/1.1" 200 - "-" "WordPress/6.9; https://dandenongdaynursery.com.au"
94.103.90.150 - - [02/Jan/2026:23:16:50 +0800] "GET / HTTP/1.0" 200 260933 "https://dandenongdaynursery.com.au/" "Mozilla/5.0 (Windows NT 10.0; Win64; x64) AppleWebKit/537.36 (KHTML, like Gecko) Chrome/129.0.0.0 Safari/537.36"
94.103.90.150 - - [02/Jan/2026:23:16:58 +0800] "POST /wp-admin/admin-ajax.php HTTP/1.0" 200 43 "https://dandenongdaynursery.com.au/" "Mozilla/5.0 (Windows NT 10.0; Win64; x64) AppleWebKit/537.36 (KHTML, like Gecko) Chrome/129.0.0.0 Safari/537.36"
103.4.122.14 - - [02/Jan/2026:23:16:59 +0800] "POST /wp-admin/admin-ajax.php?action=as_async_request_queue_runner&nonce=7d924c214b HTTP/1.1" 500 184 "-" "WordPress/6.9; https://dandenongdaynursery.com.au"
34.229.59.52 - - [02/Jan/2026:23:17:16 +0800] "GET /wp-content/uploads/2023/03/Minamberang-5.jpg HTTP/1.1" 200 641072 "-" "Mozilla/5.0 (Windows NT 10.0; Win64; x64) AppleWebKit/537.36 (KHTML, like Gecko) Chrome/86.0.4240.75 Safari/537.36"
103.4.122.14 - - [02/Jan/2026:23:24:13 +0800] "POST /wp-cron.php?doing_wp_cron=1767367453.1180379390716552734375 HTTP/1.1" 200 - "-" "WordPress/6.9; https://dandenongdaynursery.com.au"
80.76.49.105 - - [02/Jan/2026:23:24:36 +0800] "GET / HTTP/1.1" 301 - "-" "Mozilla/5.0 (Windows NT 10.0; Win64; x64) AppleWebKit/537.36 (KHTML, like Gecko) Chrome/58.0.3029.110 Safari/537.36"
80.76.49.105 - - [02/Jan/2026:23:24:38 +0800] "GET / HTTP/1.1" 200 37520 "-" "Mozilla/5.0 (Windows NT 10.0; Win64; x64) AppleWebKit/537.36 (KHTML, like Gecko) Chrome/58.0.3029.110 Safari/537.36"
4.190.155.45 - - [02/Jan/2026:23:29:38 +0800] "GET / HTTP/1.1" 301 - "-" "Mozlila/5.0 (Linux; Android 7.0; SM-G892A Bulid/NRD90M; wv) AppleWebKit/537.36 (KHTML, like Gecko) Version/4.0 Chrome/60.0.3112.107 Moblie Safari/537.36"
103.4.122.14 - - [02/Jan/2026:23:29:39 +0800] "POST /wp-cron.php?doing_wp_cron=1767367779.4028420448303222656250 HTTP/1.1" 200 - "-" "WordPress/6.9; https://dandenongdaynursery.com.au"
4.190.155.45 - - [02/Jan/2026:23:29:38 +0800] "POST /ALFA_DATA/alfacgiapi/perl.alfa HTTP/1.1" 404 170218 "www.google.com" "Mozlila/5.0 (Linux; Android 7.0; SM-G892A Bulid/NRD90M; wv) AppleWebKit/537.36 (KHTML, like Gecko) Version/4.0 Chrome/60.0.3112.107 Moblie Safari/537.36"
4.190.155.45 - - [02/Jan/2026:23:29:38 +0800] "GET /wp-content/themes/seotheme/db.php?u HTTP/1.1" 404 170218 "www.google.com" "Mozlila/5.0 (Linux; Android 7.0; SM-G892A Bulid/NRD90M; wv) AppleWebKit/537.36 (KHTML, like Gecko) Version/4.0 Chrome/60.0.3112.107 Moblie Safari/537.36"
4.190.155.45 - - [02/Jan/2026:23:29:38 +0800] "POST /wp-plain.php HTTP/1.1" 404 170218 "www.google.com" "Mozilla/5.0 (Linux; Android 7.0; SM-G892A Bulid/NRD90M; wv) AppleWebKit/537.36 (KHTML, like Gecko) Version/4.0 Chrome/60.0.3112.107 Moblie Safari/537.36"
103.4.122.14 - - [02/Jan/2026:23:29:39 +0800] "POST /wp-cron.php?doing_wp_cron=1767367779.7007548809051513671875 HTTP/1.1" 200 - "-" "WordPress/6.9; https://dandenongdaynursery.com.au"
103.4.122.14 - - [02/Jan/2026:23:29:39 +0800] "POST /wp-cron.php?doing_wp_cron=1767367779.7038080692291259765625 HTTP/1.1" 200 - "-" "WordPress/6.9; https://dandenongdaynursery.com.au"
103.4.122.14 - - [02/Jan/2026:23:29:39 +0800] "POST /wp-cron.php?doing_wp_cron=1767367779.7036800384521484375000 HTTP/1.1" 200 - "-" "WordPress/6.9; https://dandenongdaynursery.com.au"
4.190.155.45 - - [02/Jan/2026:23:29:40 +0800] "POST /alfacgiapi/perl.alfa HTTP/1.1" 404 170218 "www.google.com" "Mozlila/5.0 (Linux; Android 7.0; SM-G892A Bulid/NRD90M; wv) AppleWebKit/537.36 (KHTML, like Gecko) Version/4.0 Chrome/60.0.3112.107 Moblie Safari/537.36"
4.190.155.45 - - [02/Jan/2026:23:29:40 +0800] "GET /zkhuuzgz.php?Fox=d3wL7 HTTP/1.1" 404 170218 "www.google.com" "Mozilla/5.0 (Linux; Android 7.0; SM-G892A Bulid/NRD90M; wv) AppleWebKit/537.36 (KHTML, like Gecko) Version/4.0 Chrome/60.0.3112.107 Moblie Safari/537.36"
4.190.155.45 - - [02/Jan/2026:23:29:47 +0800] "GET /wp-content/themes/seotheme/db.php?u HTTP/1.1" 404 170266 "www.google.com" "Mozlila/5.0 (Linux; Android 7.0; SM-G892A Bulid/NRD90M; wv) AppleWebKit/537.36 (KHTML, like Gecko) Version/4.0 Chrome/60.0.3112.107 Moblie Safari/537.36"
4.190.155.45 - - [02/Jan/2026:23:29:47 +0800] "POST /wp-plain.php HTTP/1.1" 404 170266 "www.google.com" "Mozilla/5.0 (Linux; Android 7.0; SM-G892A Bulid/NRD90M; wv) AppleWebKit/537.36 (KHTML, like Gecko) Version/4.0 Chrome/60.0.3112.107 Moblie Safari/537.36"
4.190.155.45 - - [02/Jan/2026:23:29:47 +0800] "GET / HTTP/1.1" 200 260899 "-" "Mozlila/5.0 (Linux; Android 7.0; SM-G892A Bulid/NRD90M; wv) AppleWebKit/537.36 (KHTML, like Gecko) Version/4.0 Chrome/60.0.3112.107 Moblie Safari/537.36"
4.190.155.45 - - [02/Jan/2026:23:29:48 +0800] "GET /wqvufefh.php?Fox=d3wL7 HTTP/1.1" 404 170266 "www.google.com" "Mozilla/5.0 (Linux; Android 7.0; SM-G892A Bulid/NRD90M; wv) AppleWebKit/537.36 (KHTML, like Gecko) Version/4.0 Chrome/60.0.3112.107 Moblie Safari/537.36"
4.190.155.45 - - [02/Jan/2026:23:29:49 +0800] "GET /wp-content/plugins/apikey/apikey.php?test=hello HTTP/1.1" 404 170266 "-" "Mozlila/5.0 (Linux; Android 7.0; SM-G892A Bulid/NRD90M; wv) AppleWebKit/537.36 (KHTML, like Gecko) Version/4.0 Chrome/60.0.3112.107 Moblie Safari/537.36"
4.190.155.45 - - [02/Jan/2026:23:29:51 +0800] "GET /plugins/content/apismtp/apismtp.php?test=hello HTTP/1.1" 404 170266 "-" "Mozlila/5.0 (Linux; Android 7.0; SM-G892A Bulid/NRD90M; wv) AppleWebKit/537.36 (KHTML, like Gecko) Version/4.0 Chrome/60.0.3112.107 Moblie Safari/537.36"
4.190.155.45 - - [02/Jan/2026:23:29:52 +0800] "GET /wp-content/plugins/apikey/apikey.php.suspected?test=hello HTTP/1.1" 404 170266 "-" "Mozlila/5.0 (Linux; Android 7.0; SM-G892A Bulid/NRD90M; wv) AppleWebKit/537.36 (KHTML, like Gecko) Version/4.0 Chrome/60.0.3112.107 Moblie Safari/537.36"
4.190.155.45 - - [02/Jan/2026:23:29:54 +0800] "GET /plugins/content/apismtp/apismtp.php.suspected?test=hello HTTP/1.1" 404 170266 "-" "Mozlila/5.0 (Linux; Android 7.0; SM-G892A Bulid/NRD90M; wv) AppleWebKit/537.36 (KHTML, like Gecko) Version/4.0 Chrome/60.0.3112.107 Moblie Safari/537.36"
103.4.122.14 - - [02/Jan/2026:23:30:47 +0800] "POST /wp-cron.php?doing_wp_cron=1767367846.9798550605773925781250 HTTP/1.1" 200 - "-" "WordPress/6.9; https://dandenongdaynursery.com.au"
40.77.167.57 - - [02/Jan/2026:23:30:46 +0800] "GET /team HTTP/1.1" 301 - "-" "Mozilla/5.0 AppleWebKit/537.36 (KHTML, like Gecko; compatible; bingbot/2.0; +http://www.bing.com/bingbot.htm) Chrome/116.0.1938.76 Safari/537.36"
40.77.167.57 - - [02/Jan/2026:23:30:47 +0800] "GET /team/ HTTP/1.1" 200 34459 "-" "Mozilla/5.0 AppleWebKit/537.36 (KHTML, like Gecko; compatible; bingbot/2.0; +http://www.bing.com/bingbot.htm) Chrome/116.0.1938.76 Safari/537.36"
94.103.90.150 - - [02/Jan/2026:23:31:25 +0800] "GET / HTTP/1.0" 200 260931 "https://dandenongdaynursery.com.au/" "Mozilla/5.0 (Windows NT 10.0; Win64; x64) AppleWebKit/537.36 (KHTML, like Gecko) Chrome/129.0.0.0 Safari/537.36"
103.4.122.14 - - [02/Jan/2026:23:32:17 +0800] "POST /wp-cron.php?doing_wp_cron=1767367937.5413188934326171875000 HTTP/1.1" 200 - "-" "WordPress/6.9; https://dandenongdaynursery.com.au"
94.103.90.150 - - [02/Jan/2026:23:32:16 +0800] "GET / HTTP/1.0" 200 260931 "https://dandenongdaynursery.com.au/" "Mozilla/5.0 (Windows NT 10.0; Win64; x64) AppleWebKit/537.36 (KHTML, like Gecko) Chrome/131.0.0.0 Safari/537.36 Avast/131.0.0.0"
103.4.122.14 - - [02/Jan/2026:23:32:29 +0800] "POST /wp-admin/admin-ajax.php?action=as_async_request_queue_runner&nonce=7d924c214b HTTP/1.1" 500 184 "-" "WordPress/6.9; https://dandenongdaynursery.com.au"
94.103.90.150 - - [02/Jan/2026:23:32:28 +0800] "POST /wp-admin/admin-ajax.php HTTP/1.0" 200 43 "https://dandenongdaynursery.com.au/" "Mozilla/5.0 (Windows NT 10.0; Win64; x64) AppleWebKit/537.36 (KHTML, like Gecko) Chrome/131.0.0.0 Safari/537.36 Avast/131.0.0.0"
167.114.139.128 - - [02/Jan/2026:23:32:42 +0800] "GET /sitemap_index.xml HTTP/1.1" 200 315 "-" "Mozilla/5.0 (compatible; AhrefsBot/7.0; +http://ahrefs.com/robot/)"
142.44.228.233 - - [02/Jan/2026:23:32:47 +0800] "GET /page-sitemap.xml HTTP/1.1" 200 524 "-" "Mozilla/5.0 (compatible; AhrefsBot/7.0; +http://ahrefs.com/robot/)"
51.222.168.102 - - [02/Jan/2026:23:32:52 +0800] "GET /elementor-hf-sitemap.xml HTTP/1.1" 200 398 "-" "Mozilla/5.0 (compatible; AhrefsBot/7.0; +http://ahrefs.com/robot/)"
34.229.59.52 - - [02/Jan/2026:23:34:07 +0800] "GET /wp-content/uploads/2023/03/Murnong-1.jpg HTTP/1.1" 200 504521 "-" "Mozilla/5.0 (Windows NT 10.0; Win64; x64) AppleWebKit/537.36 (KHTML, like Gecko) Chrome/86.0.4240.75 Safari/537.36"
34.229.59.52 - - [02/Jan/2026:23:34:07 +0800] "GET /wp-content/uploads/2023/03/Minamberang-1.jpg HTTP/1.1" 200 406607 "-" "Mozilla/5.0 (Windows NT 10.0; Win64; x64) AppleWebKit/537.36 (KHTML, like Gecko) Chrome/86.0.4240.75 Safari/537.36"
103.4.122.14 - - [02/Jan/2026:23:39:34 +0800] "POST /wp-cron.php?doing_wp_cron=1767368374.1070709228515625000000 HTTP/1.1" 200 - "-" "WordPress/6.9; https://dandenongdaynursery.com.au"
195.2.79.165 - - [02/Jan/2026:23:39:32 +0800] "GET / HTTP/1.0" 200 260933 "https://dandenongdaynursery.com.au/" "Mozilla/5.0 (Windows NT 10.0; Win64; x64) AppleWebKit/537.36 (KHTML, like Gecko) Chrome/131.0.0.0 Safari/537.36 Avast/131.0.0.0"
103.4.122.14 - - [02/Jan/2026:23:39:35 +0800] "POST /wp-cron.php?doing_wp_cron=1767368375.1969470977783203125000 HTTP/1.1" 200 - "-" "WordPress/6.9; https://dandenongdaynursery.com.au"
95.142.47.113 - - [02/Jan/2026:23:39:33 +0800] "GET / HTTP/1.0" 200 260933 "https://dandenongdaynursery.com.au/" "Mozilla/5.0 (Windows NT 10.0; Win64; x64) AppleWebKit/537.36 (KHTML, like Gecko) Chrome/129.0.0.0 Safari/537.36"
74.7.175.141 - - [02/Jan/2026:23:39:39 +0800] "GET /robots.txt HTTP/1.1" 200 135 "-" "Mozilla/5.0 (Macintosh; Intel Mac OS X 10_15_7) AppleWebKit/537.36 (KHTML, like Gecko) Chrome/131.0.0.0 Safari/537.36; compatible; OAI-SearchBot/1.3; robots.txt; +https://openai.com/searchbot"
103.4.122.14 - - [02/Jan/2026:23:39:44 +0800] "POST /wp-admin/admin-ajax.php?action=as_async_request_queue_runner&nonce=7d924c214b HTTP/1.1" 500 184 "-" "WordPress/6.9; https://dandenongdaynursery.com.au"
195.2.79.165 - - [02/Jan/2026:23:39:43 +0800] "POST /wp-admin/admin-ajax.php HTTP/1.0" 200 327 "https://dandenongdaynursery.com.au/" "Mozilla/5.0 (Windows NT 10.0; Win64; x64) AppleWebKit/537.36 (KHTML, like Gecko) Chrome/131.0.0.0 Safari/537.36 Avast/131.0.0.0"
95.142.47.113 - - [02/Jan/2026:23:39:44 +0800] "POST /wp-admin/admin-ajax.php HTTP/1.0" 200 43 "https://dandenongdaynursery.com.au/" "Mozilla/5.0 (Windows NT 10.0; Win64; x64) AppleWebKit/537.36 (KHTML, like Gecko) Chrome/129.0.0.0 Safari/537.36"
103.4.122.14 - - [02/Jan/2026:23:48:17 +0800] "POST /wp-cron.php?doing_wp_cron=1767368897.6020579338073730468750 HTTP/1.1" 200 - "-" "WordPress/6.9; https://dandenongdaynursery.com.au"
95.154.200.56 - - [02/Jan/2026:23:48:16 +0800] "HEAD / HTTP/1.1" 200 - "-" "Turaco Labs ThreatView Security Auditor (threatview.app)"
95.154.200.56 - - [02/Jan/2026:23:48:18 +0800] "GET /ZoepVVfBOXHr HTTP/1.1" 404 170266 "-" "Turaco Labs ThreatView Security Auditor (threatview.app)"
95.154.200.56 - - [02/Jan/2026:23:48:20 +0800] "GET / HTTP/1.1" 200 26266 "-" "Turaco Labs ThreatView Security Auditor (threatview.app)"
95.154.200.56 - - [02/Jan/2026:23:48:21 +0800] "GET /robots.txt HTTP/1.1" 200 135 "-" "Turaco Labs ThreatView Security Auditor (threatview.app)"
95.154.200.56 - - [02/Jan/2026:23:48:24 +0800] "GET / HTTP/1.1" 200 37528 "https://www.google.com/" "Mozilla/5.0 (Macintosh; Intel Mac OS X 10_15_7) AppleWebKit/537.36 (KHTML, like Gecko, Foregenix) Chrome/133.0.0.0 Safari/537.36"
95.154.200.56 - - [02/Jan/2026:23:48:25 +0800] "GET /wp-content/plugins/header-footer-elementor/inc/widgets-css/frontend.css?ver=2.7.1 HTTP/1.1" 200 9202 "https://dandenongdaynursery.com.au/" "Mozilla/5.0 (Macintosh; Intel Mac OS X 10_15_7) AppleWebKit/537.36 (KHTML, like Gecko, Foregenix) Chrome/133.0.0.0 Safari/537.36"
95.154.200.56 - - [02/Jan/2026:23:48:25 +0800] "GET /wp-content/plugins/ays-popup-box/public/css/animate.css?ver=6.0.9 HTTP/1.1" 200 4063 "https://dandenongdaynursery.com.au/" "Mozilla/5.0 (Macintosh; Intel Mac OS X 10_15_7) AppleWebKit/537.36 (KHTML, like Gecko, Foregenix) Chrome/133.0.0.0 Safari/537.36"
95.154.200.56 - - [02/Jan/2026:23:48:26 +0800] "GET /wp-content/plugins/header-footer-elementor/assets/css/header-footer-elementor.css?ver=2.7.1 HTTP/1.1" 200 323 "https://dandenongdaynursery.com.au/" "Mozilla/5.0 (Macintosh; Intel Mac OS X 10_15_7) AppleWebKit/537.36 (KHTML, like Gecko, Foregenix) Chrome/133.0.0.0 Safari/537.36"
95.154.200.56 - - [02/Jan/2026:23:48:26 +0800] "GET /wp-content/plugins/elementor/assets/lib/eicons/css/elementor-icons.min.css?ver=5.45.0 HTTP/1.1" 200 4384 "https://dandenongdaynursery.com.au/" "Mozilla/5.0 (Macintosh; Intel Mac OS X 10_15_7) AppleWebKit/537.36 (KHTML, like Gecko, Foregenix) Chrome/133.0.0.0 Safari/537.36"
95.154.200.56 - - [02/Jan/2026:23:48:26 +0800] "GET /wp-content/uploads/elementor/css/post-8.css?ver=1767027949 HTTP/1.1" 200 441 "https://dandenongdaynursery.com.au/" "Mozilla/5.0 (Macintosh; Intel Mac OS X 10_15_7) AppleWebKit/537.36 (KHTML, like Gecko, Foregenix) Chrome/133.0.0.0 Safari/537.36"
95.154.200.56 - - [02/Jan/2026:23:48:26 +0800] "GET /wp-content/plugins/elementor/assets/css/frontend.min.css?ver=3.34.0 HTTP/1.1" 200 7244 "https://dandenongdaynursery.com.au/" "Mozilla/5.0 (Macintosh; Intel Mac OS X 10_15_7) AppleWebKit/537.36 (KHTML, like Gecko, Foregenix) Chrome/133.0.0.0 Safari/537.36"
95.154.200.56 - - [02/Jan/2026:23:48:26 +0800] "GET /wp-content/plugins/elementor/assets/lib/font-awesome/css/v4-shims.min.css?ver=3.34.0 HTTP/1.1" 200 4229 "https://dandenongdaynursery.com.au/" "Mozilla/5.0 (Macintosh; Intel Mac OS X 10_15_7) AppleWebKit/537.36 (KHTML, like Gecko, Foregenix) Chrome/133.0.0.0 Safari/537.36"
95.154.200.56 - - [02/Jan/2026:23:48:26 +0800] "GET /wp-content/plugins/elementor/assets/lib/font-awesome/css/all.min.css?ver=3.34.0 HTTP/1.1" 200 12869 "https://dandenongdaynursery.com.au/" "Mozilla/5.0 (Macintosh; Intel Mac OS X 10_15_7) AppleWebKit/537.36 (KHTML, like Gecko, Foregenix) Chrome/133.0.0.0 Safari/537.36"
95.154.200.56 - - [02/Jan/2026:23:48:26 +0800] "GET /wp-content/plugins/advanced-testimonial-carousel-for-elementor/assets/css/atc-testimonial.css?ver=3.1.2 HTTP/1.1" 200 1687 "https://dandenongdaynursery.com.au/" "Mozilla/5.0 (Macintosh; Intel Mac OS X 10_15_7) AppleWebKit/537.36 (KHTML, like Gecko, Foregenix) Chrome/133.0.0.0 Safari/537.36"
95.154.200.56 - - [02/Jan/2026:23:48:26 +0800] "GET /wp-content/plugins/elementor/assets/css/widget-heading.min.css?ver=3.34.0 HTTP/1.1" 200 160 "https://dandenongdaynursery.com.au/" "Mozilla/5.0 (Macintosh; Intel Mac OS X 10_15_7) AppleWebKit/537.36 (KHTML, like Gecko, Foregenix) Chrome/133.0.0.0 Safari/537.36"
95.154.200.56 - - [02/Jan/2026:23:48:26 +0800] "GET /wp-content/plugins/elementor/assets/css/widget-image.min.css?ver=3.34.0 HTTP/1.1" 200 135 "https://dandenongdaynursery.com.au/" "Mozilla/5.0 (Macintosh; Intel Mac OS X 10_15_7) AppleWebKit/537.36 (KHTML, like Gecko, Foregenix) Chrome/133.0.0.0 Safari/537.36"
95.154.200.56 - - [02/Jan/2026:23:48:26 +0800] "GET /wp-content/plugins/elementor/assets/css/widget-image-box.min.css?ver=3.34.0 HTTP/1.1" 200 368 "https://dandenongdaynursery.com.au/" "Mozilla/5.0 (Macintosh; Intel Mac OS X 10_15_7) AppleWebKit/537.36 (KHTML, like Gecko, Foregenix) Chrome/133.0.0.0 Safari/537.36"
95.154.200.56 - - [02/Jan/2026:23:48:26 +0800] "GET /wp-content/plugins/elementor/assets/css/conditionals/shapes.min.css?ver=3.34.0 HTTP/1.1" 200 288 "https://dandenongdaynursery.com.au/" "Mozilla/5.0 (Macintosh; Intel Mac OS X 10_15_7) AppleWebKit/537.36 (KHTML, like Gecko, Foregenix) Chrome/133.0.0.0 Safari/537.36"
95.154.200.56 - - [02/Jan/2026:23:48:26 +0800] "GET /wp-content/plugins/elementor/assets/css/widget-spacer.min.css?ver=3.34.0 HTTP/1.1" 200 338 "https://dandenongdaynursery.com.au/" "Mozilla/5.0 (Macintosh; Intel Mac OS X 10_15_7) AppleWebKit/537.36 (KHTML, like Gecko, Foregenix) Chrome/133.0.0.0 Safari/537.36"
95.154.200.56 - - [02/Jan/2026:23:48:26 +0800] "GET /wp-content/plugins/elementor/assets/css/widget-icon-list.min.css?ver=3.34.0 HTTP/1.1" 200 1023 "https://dandenongdaynursery.com.au/" "Mozilla/5.0 (Macintosh; Intel Mac OS X 10_15_7) AppleWebKit/537.36 (KHTML, like Gecko, Foregenix) Chrome/133.0.0.0 Safari/537.36"
95.154.200.56 - - [02/Jan/2026:23:48:26 +0800] "GET /wp-content/plugins/elementor/assets/lib/swiper/v8/css/swiper.min.css?ver=8.4.5 HTTP/1.1" 200 4583 "https://dandenongdaynursery.com.au/" "Mozilla/5.0 (Macintosh; Intel Mac OS X 10_15_7) AppleWebKit/537.36 (KHTML, like Gecko, Foregenix) Chrome/133.0.0.0 Safari/537.36"
95.154.200.56 - - [02/Jan/2026:23:48:27 +0800] "GET /wp-content/plugins/elementor/assets/css/widget-image-gallery.min.css?ver=3.34.0 HTTP/1.1" 200 358 "https://dandenongdaynursery.com.au/" "Mozilla/5.0 (Macintosh; Intel Mac OS X 10_15_7) AppleWebKit/537.36 (KHTML, like Gecko, Foregenix) Chrome/133.0.0.0 Safari/537.36"
95.154.200.56 - - [02/Jan/2026:23:48:27 +0800] "GET /wp-content/plugins/elementor/assets/css/conditionals/e-swiper.min.css?ver=3.34.0 HTTP/1.1" 200 799 "https://dandenongdaynursery.com.au/" "Mozilla/5.0 (Macintosh; Intel Mac OS X 10_15_7) AppleWebKit/537.36 (KHTML, like Gecko, Foregenix) Chrome/133.0.0.0 Safari/537.36"
95.154.200.56 - - [02/Jan/2026:23:48:27 +0800] "GET /wp-content/plugins/elementor/assets/css/widget-divider.min.css?ver=3.34.0 HTTP/1.1" 200 741 "https://dandenongdaynursery.com.au/" "Mozilla/5.0 (Macintosh; Intel Mac OS X 10_15_7) AppleWebKit/537.36 (KHTML, like Gecko, Foregenix) Chrome/133.0.0.0 Safari/537.36"
95.154.200.56 - - [02/Jan/2026:23:48:27 +0800] "GET /wp-content/uploads/elementor/css/post-1238.css?ver=1767027949 HTTP/1.1" 200 1839 "https://dandenongdaynursery.com.au/" "Mozilla/5.0 (Macintosh; Intel Mac OS X 10_15_7) AppleWebKit/537.36 (KHTML, like Gecko, Foregenix) Chrome/133.0.0.0 Safari/537.36"
95.154.200.56 - - [02/Jan/2026:23:48:27 +0800] "GET /wp-content/plugins/elementor/assets/css/widget-google_maps.min.css?ver=3.34.0 HTTP/1.1" 200 138 "https://dandenongdaynursery.com.au/" "Mozilla/5.0 (Macintosh; Intel Mac OS X 10_15_7) AppleWebKit/537.36 (KHTML, like Gecko, Foregenix) Chrome/133.0.0.0 Safari/537.36"
95.154.200.56 - - [02/Jan/2026:23:48:27 +0800] "GET /wp-content/uploads/elementor/css/post-10.css?ver=1767029617 HTTP/1.1" 200 3873 "https://dandenongdaynursery.com.au/" "Mozilla/5.0 (Macintosh; Intel Mac OS X 10_15_7) AppleWebKit/537.36 (KHTML, like Gecko, Foregenix) Chrome/133.0.0.0 Safari/537.36"
95.154.200.56 - - [02/Jan/2026:23:48:27 +0800] "GET /wp-content/uploads/elementor/css/post-1463.css?ver=1767027949 HTTP/1.1" 200 1471 "https://dandenongdaynursery.com.au/" "Mozilla/5.0 (Macintosh; Intel Mac OS X 10_15_7) AppleWebKit/537.36 (KHTML, like Gecko, Foregenix) Chrome/133.0.0.0 Safari/537.36"
95.154.200.56 - - [02/Jan/2026:23:48:27 +0800] "GET /wp-content/themes/layers-elementor/assets/css/layers-icons.css?ver=1.0.3 HTTP/1.1" 200 711 "https://dandenongdaynursery.com.au/" "Mozilla/5.0 (Macintosh; Intel Mac OS X 10_15_7) AppleWebKit/537.36 (KHTML, like Gecko, Foregenix) Chrome/133.0.0.0 Safari/537.36"
95.154.200.56 - - [02/Jan/2026:23:48:27 +0800] "GET /wp-content/themes/layers-elementor/assets/css/components.css?ver=1.0.3 HTTP/1.1" 200 4037 "https://dandenongdaynursery.com.au/" "Mozilla/5.0 (Macintosh; Intel Mac OS X 10_15_7) AppleWebKit/537.36 (KHTML, like Gecko, Foregenix) Chrome/133.0.0.0 Safari/537.36"
95.154.200.56 - - [02/Jan/2026:23:48:27 +0800] "GET /wp-content/themes/layers-elementor/assets/css/framework.css?ver=1.0.3 HTTP/1.1" 200 10628 "https://dandenongdaynursery.com.au/" "Mozilla/5.0 (Macintosh; Intel Mac OS X 10_15_7) AppleWebKit/537.36 (KHTML, like Gecko, Foregenix) Chrome/133.0.0.0 Safari/537.36"
95.154.200.56 - - [02/Jan/2026:23:48:27 +0800] "GET /wp-content/plugins/wpforms-lite/assets/css/frontend/classic/wpforms-full.min.css?ver=1.9.8.7 HTTP/1.1" 200 11887 "https://dandenongdaynursery.com.au/" "Mozilla/5.0 (Macintosh; Intel Mac OS X 10_15_7) AppleWebKit/537.36 (KHTML, like Gecko, Foregenix) Chrome/133.0.0.0 Safari/537.36"
95.154.200.56 - - [02/Jan/2026:23:48:27 +0800] "GET /wp-content/themes/layers-elementor/assets/css/responsive.css?ver=1.0.3 HTTP/1.1" 200 4548 "https://dandenongdaynursery.com.au/" "Mozilla/5.0 (Macintosh; Intel Mac OS X 10_15_7) AppleWebKit/537.36 (KHTML, like Gecko, Foregenix) Chrome/133.0.0.0 Safari/537.36"
95.154.200.56 - - [02/Jan/2026:23:48:27 +0800] "GET /wp-content/themes/layers-elementor/assets/css/layers-pro.css?ver=1.0.3 HTTP/1.1" 200 2534 "https://dandenongdaynursery.com.au/" "Mozilla/5.0 (Macintosh; Intel Mac OS X 10_15_7) AppleWebKit/537.36 (KHTML, like Gecko, Foregenix) Chrome/133.0.0.0 Safari/537.36"
95.154.200.56 - - [02/Jan/2026:23:48:27 +0800] "GET /wp-content/plugins/elementor/assets/lib/eicons/css/elementor-icons.min.css?ver=5.34.0 HTTP/1.1" 200 4384 "https://dandenongdaynursery.com.au/" "Mozilla/5.0 (Macintosh; Intel Mac OS X 10_15_7) AppleWebKit/537.36 (KHTML, like Gecko, Foregenix) Chrome/133.0.0.0 Safari/537.36"
95.154.200.56 - - [02/Jan/2026:23:48:27 +0800] "GET /wp-content/plugins/elementor/assets/css/widget-icon-list.min.css?ver=3.24.3 HTTP/1.1" 200 1023 "https://dandenongdaynursery.com.au/" "Mozilla/5.0 (Macintosh; Intel Mac OS X 10_15_7) AppleWebKit/537.36 (KHTML, like Gecko, Foregenix) Chrome/133.0.0.0 Safari/537.36"
95.154.200.56 - - [02/Jan/2026:23:48:27 +0800] "GET /wp-content/plugins/elementor/assets/css/widget-social-icons.min.css?ver=3.24.0 HTTP/1.1" 200 1142 "https://dandenongdaynursery.com.au/" "Mozilla/5.0 (Macintosh; Intel Mac OS X 10_15_7) AppleWebKit/537.36 (KHTML, like Gecko, Foregenix) Chrome/133.0.0.0 Safari/537.36"
95.154.200.56 - - [02/Jan/2026:23:48:27 +0800] "GET /wp-content/plugins/elementor/assets/lib/font-awesome/css/fontawesome.css?ver=5.15.3 HTTP/1.1" 200 13124 "https://dandenongdaynursery.com.au/" "Mozilla/5.0 (Macintosh; Intel Mac OS X 10_15_7) AppleWebKit/537.36 (KHTML, like Gecko, Foregenix) Chrome/133.0.0.0 Safari/537.36"
95.154.200.56 - - [02/Jan/2026:23:48:27 +0800] "GET /wp-content/plugins/elementor/assets/lib/font-awesome/css/brands.css?ver=5.15.3 HTTP/1.1" 200 322 "https://dandenongdaynursery.com.au/" "Mozilla/5.0 (Macintosh; Intel Mac OS X 10_15_7) AppleWebKit/537.36 (KHTML, like Gecko, Foregenix) Chrome/133.0.0.0 Safari/537.36"
95.154.200.56 - - [02/Jan/2026:23:48:28 +0800] "GET /wp-content/plugins/elementor/assets/lib/font-awesome/css/solid.css?ver=5.15.3 HTTP/1.1" 200 325 "https://dandenongdaynursery.com.au/" "Mozilla/5.0 (Macintosh; Intel Mac OS X 10_15_7) AppleWebKit/537.36 (KHTML, like Gecko, Foregenix) Chrome/133.0.0.0 Safari/537.36"
95.154.200.56 - - [02/Jan/2026:23:48:28 +0800] "GET /wp-content/themes/layers-elementor/style.css?ver=1.0.3 HTTP/1.1" 200 912 "https://dandenongdaynursery.com.au/" "Mozilla/5.0 (Macintosh; Intel Mac OS X 10_15_7) AppleWebKit/537.36 (KHTML, like Gecko, Foregenix) Chrome/133.0.0.0 Safari/537.36"
95.154.200.56 - - [02/Jan/2026:23:48:28 +0800] "GET /wp-content/uploads/elementor/google-fonts/css/raleway.css?ver=1742440850 HTTP/1.1" 200 1086 "https://dandenongdaynursery.com.au/" "Mozilla/5.0 (Macintosh; Intel Mac OS X 10_15_7) AppleWebKit/537.36 (KHTML, like Gecko, Foregenix) Chrome/133.0.0.0 Safari/537.36"
95.154.200.56 - - [02/Jan/2026:23:48:28 +0800] "GET /wp-content/uploads/elementor/google-fonts/css/montserrat.css?ver=1742440837 HTTP/1.1" 200 1093 "https://dandenongdaynursery.com.au/" "Mozilla/5.0 (Macintosh; Intel Mac OS X 10_15_7) AppleWebKit/537.36 (KHTML, like Gecko, Foregenix) Chrome/133.0.0.0 Safari/537.36"
95.154.200.56 - - [02/Jan/2026:23:48:28 +0800] "GET /wp-content/uploads/elementor/google-fonts/css/robotoslab.css?ver=1742440818 HTTP/1.1" 200 964 "https://dandenongdaynursery.com.au/" "Mozilla/5.0 (Macintosh; Intel Mac OS X 10_15_7) AppleWebKit/537.36 (KHTML, like Gecko, Foregenix) Chrome/133.0.0.0 Safari/537.36"
95.154.200.56 - - [02/Jan/2026:23:48:28 +0800] "GET /wp-content/uploads/elementor/google-fonts/css/roboto.css?ver=1742440807 HTTP/1.1" 200 2867 "https://dandenongdaynursery.com.au/" "Mozilla/5.0 (Macintosh; Intel Mac OS X 10_15_7) AppleWebKit/537.36 (KHTML, like Gecko, Foregenix) Chrome/133.0.0.0 Safari/537.36"
95.154.200.56 - - [02/Jan/2026:23:48:28 +0800] "GET /wp-content/plugins/elementor/assets/lib/font-awesome/css/solid.min.css?ver=5.15.3 HTTP/1.1" 200 309 "https://dandenongdaynursery.com.au/" "Mozilla/5.0 (Macintosh; Intel Mac OS X 10_15_7) AppleWebKit/537.36 (KHTML, like Gecko, Foregenix) Chrome/133.0.0.0 Safari/537.36"
95.154.200.56 - - [02/Jan/2026:23:48:28 +0800] "GET /wp-content/plugins/elementor/assets/lib/font-awesome/css/brands.min.css?ver=5.15.3 HTTP/1.1" 200 308 "https://dandenongdaynursery.com.au/" "Mozilla/5.0 (Macintosh; Intel Mac OS X 10_15_7) AppleWebKit/537.36 (KHTML, like Gecko, Foregenix) Chrome/133.0.0.0 Safari/537.36"
95.154.200.56 - - [02/Jan/2026:23:48:28 +0800] "GET /wp-content/plugins/elementor/assets/lib/font-awesome/css/regular.min.css?ver=5.15.3 HTTP/1.1" 200 308 "https://dandenongdaynursery.com.au/" "Mozilla/5.0 (Macintosh; Intel Mac OS X 10_15_7) AppleWebKit/537.36 (KHTML, like Gecko, Foregenix) Chrome/133.0.0.0 Safari/537.36"
95.154.200.56 - - [02/Jan/2026:23:48:28 +0800] "GET /wp-content/plugins/elementor/assets/lib/font-awesome/css/fontawesome.min.css?ver=5.15.3 HTTP/1.1" 200 12617 "https://dandenongdaynursery.com.au/" "Mozilla/5.0 (Macintosh; Intel Mac OS X 10_15_7) AppleWebKit/537.36 (KHTML, like Gecko, Foregenix) Chrome/133.0.0.0 Safari/537.36"
95.154.200.56 - - [02/Jan/2026:23:48:28 +0800] "GET /wp-includes/js/jquery/jquery-migrate.min.js?ver=3.4.1 HTTP/1.1" 200 4872 "https://dandenongdaynursery.com.au/" "Mozilla/5.0 (Macintosh; Intel Mac OS X 10_15_7) AppleWebKit/537.36 (KHTML, like Gecko, Foregenix) Chrome/133.0.0.0 Safari/537.36"
95.154.200.56 - - [02/Jan/2026:23:48:28 +0800] "GET /wp-includes/js/jquery/jquery.min.js?ver=3.7.1 HTTP/1.1" 200 30368 "https://dandenongdaynursery.com.au/" "Mozilla/5.0 (Macintosh; Intel Mac OS X 10_15_7) AppleWebKit/537.36 (KHTML, like Gecko, Foregenix) Chrome/133.0.0.0 Safari/537.36"
95.154.200.56 - - [02/Jan/2026:23:48:29 +0800] "GET /wp-content/plugins/ays-popup-box/public/js/ays-pb-public.js?ver=6.0.9 HTTP/1.1" 200 3831 "https://dandenongdaynursery.com.au/" "Mozilla/5.0 (Macintosh; Intel Mac OS X 10_15_7) AppleWebKit/537.36 (KHTML, like Gecko, Foregenix) Chrome/133.0.0.0 Safari/537.36"
95.154.200.56 - - [02/Jan/2026:23:48:29 +0800] "GET /wp-content/plugins/elementor/assets/lib/font-awesome/js/v4-shims.min.js?ver=3.34.0 HTTP/1.1" 200 4209 "https://dandenongdaynursery.com.au/" "Mozilla/5.0 (Macintosh; Intel Mac OS X 10_15_7) AppleWebKit/537.36 (KHTML, like Gecko, Foregenix) Chrome/133.0.0.0 Safari/537.36"
95.154.200.56 - - [02/Jan/2026:23:48:29 +0800] "GET /wp-content/themes/layers-elementor/assets/js/layers-pro.js?ver=1.0.3 HTTP/1.1" 200 5579 "https://dandenongdaynursery.com.au/" "Mozilla/5.0 (Macintosh; Intel Mac OS X 10_15_7) AppleWebKit/537.36 (KHTML, like Gecko, Foregenix) Chrome/133.0.0.0 Safari/537.36"
95.154.200.56 - - [02/Jan/2026:23:48:29 +0800] "GET /wp-content/themes/layers-elementor/assets/js/plugins.js?ver=1.0.3 HTTP/1.1" 200 11608 "https://dandenongdaynursery.com.au/" "Mozilla/5.0 (Macintosh; Intel Mac OS X 10_15_7) AppleWebKit/537.36 (KHTML, like Gecko, Foregenix) Chrome/133.0.0.0 Safari/537.36"
95.154.200.56 - - [02/Jan/2026:23:48:29 +0800] "GET /wp-content/themes/layers-elementor/assets/js/layers.framework.js?ver=1.0.3 HTTP/1.1" 200 2182 "https://dandenongdaynursery.com.au/" "Mozilla/5.0 (Macintosh; Intel Mac OS X 10_15_7) AppleWebKit/537.36 (KHTML, like Gecko, Foregenix) Chrome/133.0.0.0 Safari/537.36"
95.154.200.56 - - [02/Jan/2026:23:48:27 +0800] "GET /wp-admin/ HTTP/1.1" 302 - "-" "Turaco Labs ThreatView Security Auditor (threatview.app)"
103.4.122.14 - - [02/Jan/2026:23:48:28 +0800] "POST /wp-admin/admin-ajax.php?action=as_async_request_queue_runner&nonce=7d924c214b HTTP/1.1" 500 184 "-" "WordPress/6.9; https://dandenongdaynursery.com.au"
95.154.200.56 - - [02/Jan/2026:23:48:29 +0800] "GET /wp-content/uploads/2023/03/flags.jpg HTTP/1.1" 200 5111 "https://dandenongdaynursery.com.au/" "Mozilla/5.0 (Macintosh; Intel Mac OS X 10_15_7) AppleWebKit/537.36 (KHTML, like Gecko, Foregenix) Chrome/133.0.0.0 Safari/537.36"
95.154.200.56 - - [02/Jan/2026:23:48:29 +0800] "GET /wp-content/uploads/2022/12/Dandenong-Day-Nursery-Logo.png HTTP/1.1" 200 19769 "https://dandenongdaynursery.com.au/" "Mozilla/5.0 (Macintosh; Intel Mac OS X 10_15_7) AppleWebKit/537.36 (KHTML, like Gecko, Foregenix) Chrome/133.0.0.0 Safari/537.36"
95.154.200.56 - - [02/Jan/2026:23:48:29 +0800] "GET /wp-content/uploads/2022/12/Care.png HTTP/1.1" 200 4498 "https://dandenongdaynursery.com.au/" "Mozilla/5.0 (Macintosh; Intel Mac OS X 10_15_7) AppleWebKit/537.36 (KHTML, like Gecko, Foregenix) Chrome/133.0.0.0 Safari/537.36"
95.154.200.56 - - [02/Jan/2026:23:48:29 +0800] "GET /wp-content/plugins/elementor/assets/css/conditionals/apple-webkit.min.css?ver=3.34.0 HTTP/1.1" 200 547 "https://dandenongdaynursery.com.au/" "Mozilla/5.0 (Macintosh; Intel Mac OS X 10_15_7) AppleWebKit/537.36 (KHTML, like Gecko, Foregenix) Chrome/133.0.0.0 Safari/537.36"
95.154.200.56 - - [02/Jan/2026:23:48:29 +0800] "GET /wp-content/plugins/elementor/assets/css/widget-social-icons.min.css?ver=3.34.0 HTTP/1.1" 200 1142 "https://dandenongdaynursery.com.au/" "Mozilla/5.0 (Macintosh; Intel Mac OS X 10_15_7) AppleWebKit/537.36 (KHTML, like Gecko, Foregenix) Chrome/133.0.0.0 Safari/537.36"
95.154.200.56 - - [02/Jan/2026:23:48:29 +0800] "GET /wp-content/plugins/ays-popup-box/public/css/ays-pb-public-min.css?ver=6.0.9 HTTP/1.1" 200 5691 "https://dandenongdaynursery.com.au/" "Mozilla/5.0 (Macintosh; Intel Mac OS X 10_15_7) AppleWebKit/537.36 (KHTML, like Gecko, Foregenix) Chrome/133.0.0.0 Safari/537.36"
95.154.200.56 - - [02/Jan/2026:23:48:29 +0800] "GET /wp-content/uploads/2023/03/wheelbarrow-and-hands-1024x768.jpg HTTP/1.1" 200 183704 "https://dandenongdaynursery.com.au/" "Mozilla/5.0 (Macintosh; Intel Mac OS X 10_15_7) AppleWebKit/537.36 (KHTML, like Gecko, Foregenix) Chrome/133.0.0.0 Safari/537.36"
95.154.200.56 - - [02/Jan/2026:23:48:30 +0800] "GET /wp-content/uploads/elementor/google-fonts/fonts/montserrat-jtusjig1_i6t8kchkm459wlhyw.woff2 HTTP/1.1" 200 37828 "https://dandenongdaynursery.com.au/wp-content/uploads/elementor/google-fonts/css/montserrat.css?ver=1742440837" "Mozilla/5.0 (Macintosh; Intel Mac OS X 10_15_7) AppleWebKit/537.36 (KHTML, like Gecko, Foregenix) Chrome/133.0.0.0 Safari/537.36"
95.154.200.56 - - [02/Jan/2026:23:48:30 +0800] "GET /wp-content/uploads/elementor/google-fonts/fonts/raleway-1ptug8zys_skggpnyc0itw.woff2 HTTP/1.1" 200 48336 "https://dandenongdaynursery.com.au/wp-content/uploads/elementor/google-fonts/css/raleway.css?ver=1742440850" "Mozilla/5.0 (Macintosh; Intel Mac OS X 10_15_7) AppleWebKit/537.36 (KHTML, like Gecko, Foregenix) Chrome/133.0.0.0 Safari/537.36"
95.154.200.56 - - [02/Jan/2026:23:48:30 +0800] "GET /wp-content/plugins/elementor/assets/js/webpack.runtime.min.js?ver=3.34.0 HTTP/1.1" 200 2476 "https://dandenongdaynursery.com.au/" "Mozilla/5.0 (Macintosh; Intel Mac OS X 10_15_7) AppleWebKit/537.36 (KHTML, like Gecko, Foregenix) Chrome/133.0.0.0 Safari/537.36"
95.154.200.56 - - [02/Jan/2026:23:48:30 +0800] "GET /wp-content/plugins/elementor/assets/js/frontend-modules.min.js?ver=3.34.0 HTTP/1.1" 200 25657 "https://dandenongdaynursery.com.au/" "Mozilla/5.0 (Macintosh; Intel Mac OS X 10_15_7) AppleWebKit/537.36 (KHTML, like Gecko, Foregenix) Chrome/133.0.0.0 Safari/537.36"
95.154.200.56 - - [02/Jan/2026:23:48:30 +0800] "GET /wp-includes/js/jquery/ui/core.min.js?ver=1.13.3 HTTP/1.1" 200 7106 "https://dandenongdaynursery.com.au/" "Mozilla/5.0 (Macintosh; Intel Mac OS X 10_15_7) AppleWebKit/537.36 (KHTML, like Gecko, Foregenix) Chrome/133.0.0.0 Safari/537.36"
95.154.200.56 - - [02/Jan/2026:23:48:30 +0800] "GET /wp-content/plugins/elementor/assets/js/frontend.min.js?ver=3.34.0 HTTP/1.1" 200 10325 "https://dandenongdaynursery.com.au/" "Mozilla/5.0 (Macintosh; Intel Mac OS X 10_15_7) AppleWebKit/537.36 (KHTML, like Gecko, Foregenix) Chrome/133.0.0.0 Safari/537.36"
95.154.200.56 - - [02/Jan/2026:23:48:30 +0800] "GET /wp-content/plugins/elementor/assets/lib/font-awesome/webfonts/fa-solid-900.woff2 HTTP/1.1" 200 78196 "https://dandenongdaynursery.com.au/wp-content/plugins/elementor/assets/lib/font-awesome/css/all.min.css?ver=3.34.0" "Mozilla/5.0 (Macintosh; Intel Mac OS X 10_15_7) AppleWebKit/537.36 (KHTML, like Gecko, Foregenix) Chrome/133.0.0.0 Safari/537.36"
95.154.200.56 - - [02/Jan/2026:23:48:30 +0800] "GET /wp-content/plugins/elementor/assets/lib/swiper/v8/swiper.min.js?ver=8.4.5 HTTP/1.1" 200 39695 "https://dandenongdaynursery.com.au/" "Mozilla/5.0 (Macintosh; Intel Mac OS X 10_15_7) AppleWebKit/537.36 (KHTML, like Gecko, Foregenix) Chrome/133.0.0.0 Safari/537.36"
95.154.200.56 - - [02/Jan/2026:23:48:29 +0800] "GET /wp-login.php?redirect_to=https%3A%2F%2Fdandenongdaynursery.com.au%2Fwp-admin%2F&reauth=1 HTTP/1.1" 200 2104 "https://dandenongdaynursery.com.au/wp-admin/" "Turaco Labs ThreatView Security Auditor (threatview.app)"
95.154.200.56 - - [02/Jan/2026:23:48:30 +0800] "GET /wp-content/uploads/elementor/google-fonts/fonts/roboto-kfo7cnqeu92fr1me7ksn66agldtyluama3yuba.woff2 HTTP/1.1" 200 40128 "https://dandenongdaynursery.com.au/wp-content/uploads/elementor/google-fonts/css/roboto.css?ver=1742440807" "Mozilla/5.0 (Macintosh; Intel Mac OS X 10_15_7) AppleWebKit/537.36 (KHTML, like Gecko, Foregenix) Chrome/133.0.0.0 Safari/537.36"
95.154.200.56 - - [02/Jan/2026:23:48:30 +0800] "GET /wp-content/plugins/header-footer-elementor/inc/js/frontend.js?ver=2.7.1 HTTP/1.1" 200 4880 "https://dandenongdaynursery.com.au/" "Mozilla/5.0 (Macintosh; Intel Mac OS X 10_15_7) AppleWebKit/537.36 (KHTML, like Gecko, Foregenix) Chrome/133.0.0.0 Safari/537.36"
95.154.200.56 - - [02/Jan/2026:23:48:30 +0800] "GET /wp-content/plugins/elementor/assets/lib/font-awesome/webfonts/fa-brands-400.woff2 HTTP/1.1" 200 81612 "https://dandenongdaynursery.com.au/wp-content/plugins/elementor/assets/lib/font-awesome/css/all.min.css?ver=3.34.0" "Mozilla/5.0 (Macintosh; Intel Mac OS X 10_15_7) AppleWebKit/537.36 (KHTML, like Gecko, Foregenix) Chrome/133.0.0.0 Safari/537.36"
95.154.200.56 - - [02/Jan/2026:23:48:30 +0800] "GET /wp-content/plugins/advanced-testimonial-carousel-for-elementor/assets/js/atc-testimonial.js?ver=3.1.2 HTTP/1.1" 200 49919 "https://dandenongdaynursery.com.au/" "Mozilla/5.0 (Macintosh; Intel Mac OS X 10_15_7) AppleWebKit/537.36 (KHTML, like Gecko, Foregenix) Chrome/133.0.0.0 Safari/537.36"
95.154.200.56 - - [02/Jan/2026:23:48:30 +0800] "GET /wp-content/uploads/elementor/google-fonts/fonts/montserrat-jtuqjig1_i6t8kchkm459wxrys7m.woff2 HTTP/1.1" 200 39608 "https://dandenongdaynursery.com.au/wp-content/uploads/elementor/google-fonts/css/montserrat.css?ver=1742440837" "Mozilla/5.0 (Macintosh; Intel Mac OS X 10_15_7) AppleWebKit/537.36 (KHTML, like Gecko, Foregenix) Chrome/133.0.0.0 Safari/537.36"
95.154.200.56 - - [02/Jan/2026:23:48:30 +0800] "GET /wp-content/plugins/wpforms-lite/assets/lib/jquery.validate.min.js?ver=1.21.0 HTTP/1.1" 200 8053 "https://dandenongdaynursery.com.au/" "Mozilla/5.0 (Macintosh; Intel Mac OS X 10_15_7) AppleWebKit/537.36 (KHTML, like Gecko, Foregenix) Chrome/133.0.0.0 Safari/537.36"
95.154.200.56 - - [02/Jan/2026:23:48:30 +0800] "GET /wp-content/plugins/wpforms-lite/assets/lib/mailcheck.min.js?ver=1.1.2 HTTP/1.1" 200 1682 "https://dandenongdaynursery.com.au/" "Mozilla/5.0 (Macintosh; Intel Mac OS X 10_15_7) AppleWebKit/537.36 (KHTML, like Gecko, Foregenix) Chrome/133.0.0.0 Safari/537.36"
95.154.200.56 - - [02/Jan/2026:23:48:30 +0800] "GET /wp-content/plugins/wpforms-lite/assets/js/share/utils.min.js?ver=1.9.8.7 HTTP/1.1" 200 800 "https://dandenongdaynursery.com.au/" "Mozilla/5.0 (Macintosh; Intel Mac OS X 10_15_7) AppleWebKit/537.36 (KHTML, like Gecko, Foregenix) Chrome/133.0.0.0 Safari/537.36"
95.154.200.56 - - [02/Jan/2026:23:48:30 +0800] "GET /wp-content/plugins/wpforms-lite/assets/lib/punycode.min.js?ver=1.0.0 HTTP/1.1" 200 872 "https://dandenongdaynursery.com.au/" "Mozilla/5.0 (Macintosh; Intel Mac OS X 10_15_7) AppleWebKit/537.36 (KHTML, like Gecko, Foregenix) Chrome/133.0.0.0 Safari/537.36"
95.154.200.56 - - [02/Jan/2026:23:48:31 +0800] "GET /wp-content/plugins/wpforms-lite/assets/js/frontend/wpforms.min.js?ver=1.9.8.7 HTTP/1.1" 200 15067 "https://dandenongdaynursery.com.au/" "Mozilla/5.0 (Macintosh; Intel Mac OS X 10_15_7) AppleWebKit/537.36 (KHTML, like Gecko, Foregenix) Chrome/133.0.0.0 Safari/537.36"
95.154.200.56 - - [02/Jan/2026:23:48:31 +0800] "GET /wp-content/plugins/wpforms-lite/assets/js/frontend/fields/address.min.js?ver=1.9.8.7 HTTP/1.1" 200 471 "https://dandenongdaynursery.com.au/" "Mozilla/5.0 (Macintosh; Intel Mac OS X 10_15_7) AppleWebKit/537.36 (KHTML, like Gecko, Foregenix) Chrome/133.0.0.0 Safari/537.36"
95.154.200.56 - - [02/Jan/2026:23:48:31 +0800] "GET /wp-content/uploads/2022/12/bxs_quote-right.png HTTP/1.1" 200 9214 "https://dandenongdaynursery.com.au/wp-content/uploads/elementor/css/post-10.css?ver=1767029617" "Mozilla/5.0 (Macintosh; Intel Mac OS X 10_15_7) AppleWebKit/537.36 (KHTML, like Gecko, Foregenix) Chrome/133.0.0.0 Safari/537.36"
95.154.200.56 - - [02/Jan/2026:23:48:31 +0800] "GET /wp-content/uploads/2022/12/Education.png HTTP/1.1" 200 5192 "https://dandenongdaynursery.com.au/" "Mozilla/5.0 (Macintosh; Intel Mac OS X 10_15_7) AppleWebKit/537.36 (KHTML, like Gecko, Foregenix) Chrome/133.0.0.0 Safari/537.36"
95.154.200.56 - - [02/Jan/2026:23:48:31 +0800] "GET /wp-content/uploads/2022/12/Nutrition.png HTTP/1.1" 200 5516 "https://dandenongdaynursery.com.au/" "Mozilla/5.0 (Macintosh; Intel Mac OS X 10_15_7) AppleWebKit/537.36 (KHTML, like Gecko, Foregenix) Chrome/133.0.0.0 Safari/537.36"
95.154.200.56 - - [02/Jan/2026:23:48:31 +0800] "GET /wp-content/uploads/2022/12/Environment.png HTTP/1.1" 200 3951 "https://dandenongdaynursery.com.au/" "Mozilla/5.0 (Macintosh; Intel Mac OS X 10_15_7) AppleWebKit/537.36 (KHTML, like Gecko, Foregenix) Chrome/133.0.0.0 Safari/537.36"
95.154.200.56 - - [02/Jan/2026:23:48:31 +0800] "GET /wp-content/uploads/2022/12/Pike-Room.jpg HTTP/1.1" 200 39842 "https://dandenongdaynursery.com.au/" "Mozilla/5.0 (Macintosh; Intel Mac OS X 10_15_7) AppleWebKit/537.36 (KHTML, like Gecko, Foregenix) Chrome/133.0.0.0 Safari/537.36"
95.154.200.56 - - [02/Jan/2026:23:48:31 +0800] "GET /wp-content/uploads/2022/12/Minamberang-Room.jpg HTTP/1.1" 200 53420 "https://dandenongdaynursery.com.au/" "Mozilla/5.0 (Macintosh; Intel Mac OS X 10_15_7) AppleWebKit/537.36 (KHTML, like Gecko, Foregenix) Chrome/133.0.0.0 Safari/537.36"
95.154.200.56 - - [02/Jan/2026:23:48:31 +0800] "GET /wp-content/uploads/2022/12/Murrong-Room.jpg HTTP/1.1" 200 55789 "https://dandenongdaynursery.com.au/" "Mozilla/5.0 (Macintosh; Intel Mac OS X 10_15_7) AppleWebKit/537.36 (KHTML, like Gecko, Foregenix) Chrome/133.0.0.0 Safari/537.36"
95.154.200.56 - - [02/Jan/2026:23:48:31 +0800] "GET /wp-content/uploads/2022/12/Warrawarrap-Room.jpg HTTP/1.1" 200 53152 "https://dandenongdaynursery.com.au/" "Mozilla/5.0 (Macintosh; Intel Mac OS X 10_15_7) AppleWebKit/537.36 (KHTML, like Gecko, Foregenix) Chrome/133.0.0.0 Safari/537.36"
95.154.200.56 - - [02/Jan/2026:23:48:31 +0800] "GET /wp-content/plugins/elementor/assets/lib/share-link/share-link.min.js?ver=3.34.0 HTTP/1.1" 200 1169 "https://dandenongdaynursery.com.au/" "Mozilla/5.0 (Macintosh; Intel Mac OS X 10_15_7) AppleWebKit/537.36 (KHTML, like Gecko, Foregenix) Chrome/133.0.0.0 Safari/537.36"
95.154.200.56 - - [02/Jan/2026:23:48:31 +0800] "GET /wp-content/plugins/elementor/assets/js/lightbox.d1799e507b570f6b0496.bundle.min.js HTTP/1.1" 200 9477 "https://dandenongdaynursery.com.au/" "Mozilla/5.0 (Macintosh; Intel Mac OS X 10_15_7) AppleWebKit/537.36 (KHTML, like Gecko, Foregenix) Chrome/133.0.0.0 Safari/537.36"
95.154.200.56 - - [02/Jan/2026:23:48:31 +0800] "GET /wp-content/plugins/elementor/assets/lib/dialog/dialog.min.js?ver=4.9.3 HTTP/1.1" 200 3782 "https://dandenongdaynursery.com.au/" "Mozilla/5.0 (Macintosh; Intel Mac OS X 10_15_7) AppleWebKit/537.36 (KHTML, like Gecko, Foregenix) Chrome/133.0.0.0 Safari/537.36"
95.154.200.56 - - [02/Jan/2026:23:48:31 +0800] "GET /wp-content/plugins/elementor/assets/css/conditionals/dialog.min.css?ver=3.34.0 HTTP/1.1" 200 1578 "https://dandenongdaynursery.com.au/" "Mozilla/5.0 (Macintosh; Intel Mac OS X 10_15_7) AppleWebKit/537.36 (KHTML, like Gecko, Foregenix) Chrome/133.0.0.0 Safari/537.36"
95.154.200.56 - - [02/Jan/2026:23:48:31 +0800] "GET /wp-content/plugins/elementor/assets/css/conditionals/lightbox.min.css?ver=3.34.0 HTTP/1.1" 200 1963 "https://dandenongdaynursery.com.au/" "Mozilla/5.0 (Macintosh; Intel Mac OS X 10_15_7) AppleWebKit/537.36 (KHTML, like Gecko, Foregenix) Chrome/133.0.0.0 Safari/537.36"
95.154.200.56 - - [02/Jan/2026:23:48:31 +0800] "GET /wp-content/plugins/elementor/assets/js/section-frontend-handlers.d85ab872da118940910d.bundle.min.js HTTP/1.1" 200 269 "https://dandenongdaynursery.com.au/" "Mozilla/5.0 (Macintosh; Intel Mac OS X 10_15_7) AppleWebKit/537.36 (KHTML, like Gecko, Foregenix) Chrome/133.0.0.0 Safari/537.36"
95.154.200.56 - - [02/Jan/2026:23:48:32 +0800] "GET /wp-content/plugins/elementor/assets/js/text-editor.45609661e409413f1cef.bundle.min.js HTTP/1.1" 200 648 "https://dandenongdaynursery.com.au/" "Mozilla/5.0 (Macintosh; Intel Mac OS X 10_15_7) AppleWebKit/537.36 (KHTML, like Gecko, Foregenix) Chrome/133.0.0.0 Safari/537.36"
95.154.200.56 - - [02/Jan/2026:23:48:32 +0800] "GET /wp-content/plugins/elementor/assets/js/shared-frontend-handlers.03caa53373b56d3bab67.bundle.min.js HTTP/1.1" 200 2644 "https://dandenongdaynursery.com.au/" "Mozilla/5.0 (Macintosh; Intel Mac OS X 10_15_7) AppleWebKit/537.36 (KHTML, like Gecko, Foregenix) Chrome/133.0.0.0 Safari/537.36"
95.154.200.56 - - [02/Jan/2026:23:48:32 +0800] "GET /wp-includes/js/wp-emoji-release.min.js?ver=6.9 HTTP/1.1" 200 5375 "https://dandenongdaynursery.com.au/" "Mozilla/5.0 (Macintosh; Intel Mac OS X 10_15_7) AppleWebKit/537.36 (KHTML, like Gecko, Foregenix) Chrome/133.0.0.0 Safari/537.36"
103.4.122.14 - - [02/Jan/2026:23:50:49 +0800] "POST /wp-cron.php?doing_wp_cron=1767369048.9542040824890136718750 HTTP/1.1" 200 - "-" "WordPress/6.9; https://dandenongdaynursery.com.au"
195.2.79.165 - - [02/Jan/2026:23:50:47 +0800] "GET / HTTP/1.0" 200 260931 "https://dandenongdaynursery.com.au/" "Mozilla/5.0 (Windows NT 10.0; Win64; x64) AppleWebKit/537.36 (KHTML, like Gecko) Chrome/131.0.0.0 Safari/537.36 Avast/131.0.0.0"
195.2.79.165 - - [02/Jan/2026:23:50:57 +0800] "POST /wp-admin/admin-ajax.php HTTP/1.0" 200 43 "https://dandenongdaynursery.com.au/" "Mozilla/5.0 (Windows NT 10.0; Win64; x64) AppleWebKit/537.36 (KHTML, like Gecko) Chrome/131.0.0.0 Safari/537.36 Avast/131.0.0.0"
103.4.122.14 - - [02/Jan/2026:23:50:58 +0800] "POST /wp-admin/admin-ajax.php?action=as_async_request_queue_runner&nonce=7d924c214b HTTP/1.1" 500 184 "-" "WordPress/6.9; https://dandenongdaynursery.com.au"
103.4.122.14 - - [02/Jan/2026:23:55:29 +0800] "POST /wp-cron.php?doing_wp_cron=1767369329.1748158931732177734375 HTTP/1.1" 200 - "-" "WordPress/6.9; https://dandenongdaynursery.com.au"
167.250.126.229 - - [02/Jan/2026:23:55:27 +0800] "GET /gallery/ HTTP/1.1" 200 36287 "-" "Mozilla/5.0 (Windows NT 10.0; Win64; x64) AppleWebKit/537.36 (KHTML, like Gecko) Chrome/107.0.0.0 Safari/537.36"
5.36.109.127 - - [02/Jan/2026:23:55:32 +0800] "GET /wp-content/uploads/elementor/css/post-382.css?ver=1767089950 HTTP/1.1" 200 2186 "https://dandenongdaynursery.com.au/gallery/" "Mozilla/5.0 (Windows NT 10.0; Win64; x64) AppleWebKit/537.36 (KHTML, like Gecko) Chrome/107.0.0.0 Safari/537.36"
103.4.122.14 - - [02/Jan/2026:23:57:18 +0800] "POST /wp-cron.php?doing_wp_cron=1767369438.5051550865173339843750 HTTP/1.1" 200 - "-" "WordPress/6.9; https://dandenongdaynursery.com.au"
74.7.241.180 - - [02/Jan/2026:23:57:17 +0800] "GET /robots.txt HTTP/1.1" 301 - "-" "Mozilla/5.0 (Macintosh; Intel Mac OS X 10_15_7) AppleWebKit/537.36 (KHTML, like Gecko) Chrome/131.0.0.0 Safari/537.36; compatible; OAI-SearchBot/1.3; robots.txt; +https://openai.com/searchbot"
74.7.241.180 - - [02/Jan/2026:23:57:19 +0800] "GET /robots.txt HTTP/1.1" 200 135 "https://www.dandenongdaynursery.com.au/robots.txt" "Mozilla/5.0 (Macintosh; Intel Mac OS X 10_15_7) AppleWebKit/537.36 (KHTML, like Gecko) Chrome/131.0.0.0 Safari/537.36; compatible; OAI-SearchBot/1.3; robots.txt; +https://openai.com/searchbot"
34.229.59.52 - - [02/Jan/2026:23:57:46 +0800] "GET /wp-content/uploads/2023/03/Murnong-4.jpg HTTP/1.1" 200 764553 "-" "Mozilla/5.0 (Windows NT 10.0; Win64; x64) AppleWebKit/537.36 (KHTML, like Gecko) Chrome/86.0.4240.75 Safari/537.36"
103.4.122.14 - - [02/Jan/2026:23:59:08 +0800] "POST /wp-cron.php?doing_wp_cron=1767369548.3904190063476562500000 HTTP/1.1" 200 - "-" "WordPress/6.9; https://dandenongdaynursery.com.au"
188.34.161.164 - - [02/Jan/2026:23:59:07 +0800] "POST /xmlrpc.php HTTP/1.1" 200 206 "-" "Mozilla/5.0 (Windows NT 10.0; Win64; x64; rv:44.0) Gecko/20100101 Firefox/44.0"
103.4.122.14 - - [03/Jan/2026:00:03:27 +0800] "POST /wp-cron.php?doing_wp_cron=1767369807.1199328899383544921875 HTTP/1.1" 200 - "-" "WordPress/6.9; https://dandenongdaynursery.com.au"
164.132.49.123 - - [03/Jan/2026:00:03:26 +0800] "POST /xmlrpc.php HTTP/1.1" 200 206 "-" "Mozilla/5.0 (Windows NT 10.0; Win64; x64; rv:75.0) Gecko/20100101 Firefox/75.0"
157.55.39.203 - - [03/Jan/2026:00:03:47 +0800] "GET /wp-content/uploads/2023/03/Minamberang-1-1536x1152.jpg HTTP/1.1" 200 311821 "-" "Mozilla/5.0 AppleWebKit/537.36 (KHTML, like Gecko; compatible; bingbot/2.0; +http://www.bing.com/bingbot.htm) Chrome/116.0.1938.76 Safari/537.36"
103.4.122.14 - - [03/Jan/2026:00:13:54 +0800] "POST /wp-cron.php?doing_wp_cron=1767370434.0588169097900390625000 HTTP/1.1" 200 - "-" "WordPress/6.9; https://dandenongdaynursery.com.au"
207.46.13.141 - - [03/Jan/2026:00:13:52 +0800] "GET / HTTP/1.1" 200 37523 "-" "Mozilla/5.0 AppleWebKit/537.36 (KHTML, like Gecko; compatible; bingbot/2.0; +http://www.bing.com/bingbot.htm) Chrome/116.0.1938.76 Safari/537.36"
43.173.182.210 - - [03/Jan/2026:00:14:45 +0800] "GET / HTTP/1.1" 301 - "-" "Mozilla/5.0 (Windows NT 10.0; Win64; x64) AppleWebKit/537.36 (KHTML, like Gecko) Chrome/117.0.0.0 Safari/537.36"
