1.145.150.123 - - [03/Jan/2026:04:13:43 +0800] "GET /wp-content/uploads/2023/03/Warraworrap-6-1-1536x1152.jpg HTTP/1.1" 200 310966 "https://dandenongdaynursery.hostone.com.au/" "Mozilla/5.0 (iPhone; CPU iPhone OS 18_7 like Mac OS X) AppleWebKit/605.1.15 (KHTML, like Gecko) Version/26.1 Mobile/15E148 Safari/604.1"
1.145.150.123 - - [03/Jan/2026:04:13:43 +0800] "GET /wp-content/uploads/2023/03/Warraworrap-7-1.jpg HTTP/1.1" 200 245149 "https://dandenongdaynursery.hostone.com.au/" "Mozilla/5.0 (iPhone; CPU iPhone OS 18_7 like Mac OS X) AppleWebKit/605.1.15 (KHTML, like Gecko) Version/26.1 Mobile/15E148 Safari/604.1"
1.145.150.123 - - [03/Jan/2026:04:13:44 +0800] "GET /wp-content/uploads/2023/03/Warraworrap-2-1-1536x1152.jpg HTTP/1.1" 200 354092 "https://dandenongdaynursery.hostone.com.au/" "Mozilla/5.0 (iPhone; CPU iPhone OS 18_7 like Mac OS X) AppleWebKit/605.1.15 (KHTML, like Gecko) Version/26.1 Mobile/15E148 Safari/604.1"
1.145.150.123 - - [03/Jan/2026:04:13:44 +0800] "GET /wp-content/uploads/2023/03/Warraworrap-8-1-1536x1152.jpg HTTP/1.1" 200 323276 "https://dandenongdaynursery.hostone.com.au/" "Mozilla/5.0 (iPhone; CPU iPhone OS 18_7 like Mac OS X) AppleWebKit/605.1.15 (KHTML, like Gecko) Version/26.1 Mobile/15E148 Safari/604.1"
1.145.150.123 - - [03/Jan/2026:04:13:44 +0800] "GET /wp-content/uploads/2023/03/Warraworrap-11-1-1536x1152.jpg HTTP/1.1" 200 317951 "https://dandenongdaynursery.hostone.com.au/" "Mozilla/5.0 (iPhone; CPU iPhone OS 18_7 like Mac OS X) AppleWebKit/605.1.15 (KHTML, like Gecko) Version/26.1 Mobile/15E148 Safari/604.1"
1.145.150.123 - - [03/Jan/2026:04:13:44 +0800] "GET /wp-content/uploads/2023/03/Warraworrap-9-1-1536x1152.jpg HTTP/1.1" 200 426285 "https://dandenongdaynursery.hostone.com.au/" "Mozilla/5.0 (iPhone; CPU iPhone OS 18_7 like Mac OS X) AppleWebKit/605.1.15 (KHTML, like Gecko) Version/26.1 Mobile/15E148 Safari/604.1"
1.145.150.123 - - [03/Jan/2026:04:13:46 +0800] "GET /wp-content/uploads/2023/03/Warraworrap-3-2-1536x1152.jpg HTTP/1.1" 200 215385 "https://dandenongdaynursery.hostone.com.au/" "Mozilla/5.0 (iPhone; CPU iPhone OS 18_7 like Mac OS X) AppleWebKit/605.1.15 (KHTML, like Gecko) Version/26.1 Mobile/15E148 Safari/604.1"
1.145.150.123 - - [03/Jan/2026:04:13:46 +0800] "GET /wp-content/uploads/2023/03/Warraworrap-4-1-1536x1152.jpg HTTP/1.1" 200 259375 "https://dandenongdaynursery.hostone.com.au/" "Mozilla/5.0 (iPhone; CPU iPhone OS 18_7 like Mac OS X) AppleWebKit/605.1.15 (KHTML, like Gecko) Version/26.1 Mobile/15E148 Safari/604.1"
1.145.150.123 - - [03/Jan/2026:04:13:47 +0800] "GET /wp-content/uploads/2023/03/6-1536x1152.jpg HTTP/1.1" 200 405443 "https://dandenongdaynursery.hostone.com.au/" "Mozilla/5.0 (iPhone; CPU iPhone OS 18_7 like Mac OS X) AppleWebKit/605.1.15 (KHTML, like Gecko) Version/26.1 Mobile/15E148 Safari/604.1"
1.145.150.123 - - [03/Jan/2026:04:13:47 +0800] "GET /wp-content/uploads/2023/03/Warraworrap-5-2-1536x1152.jpg HTTP/1.1" 200 572845 "https://dandenongdaynursery.hostone.com.au/" "Mozilla/5.0 (iPhone; CPU iPhone OS 18_7 like Mac OS X) AppleWebKit/605.1.15 (KHTML, like Gecko) Version/26.1 Mobile/15E148 Safari/604.1"
1.145.150.123 - - [03/Jan/2026:04:13:50 +0800] "GET /wp-content/uploads/2022/12/Our-Team.jpg HTTP/1.1" 200 99607 "https://dandenongdaynursery.hostone.com.au/" "Mozilla/5.0 (iPhone; CPU iPhone OS 18_7 like Mac OS X) AppleWebKit/605.1.15 (KHTML, like Gecko) Version/26.1 Mobile/15E148 Safari/604.1"
1.145.150.123 - - [03/Jan/2026:04:14:01 +0800] "GET /wp-content/uploads/2022/12/quote.png HTTP/1.1" 200 583 "https://dandenongdaynursery.hostone.com.au/" "Mozilla/5.0 (iPhone; CPU iPhone OS 18_7 like Mac OS X) AppleWebKit/605.1.15 (KHTML, like Gecko) Version/26.1 Mobile/15E148 Safari/604.1"
103.4.122.14 - - [03/Jan/2026:04:42:18 +0800] "POST /wp-cron.php?doing_wp_cron=1767386538.3664369583129882812500 HTTP/1.1" 200 - "-" "WordPress/6.9; https://dandenongdaynursery.com.au"
66.249.70.38 - - [03/Jan/2026:04:42:16 +0800] "GET / HTTP/1.1" 200 37523 "-" "Mozilla/5.0 (compatible; Googlebot/2.1; +http://www.google.com/bot.html)"
66.249.70.37 - - [03/Jan/2026:04:42:22 +0800] "GET /wp-includes/js/jquery/jquery.min.js?ver=3.7.1 HTTP/1.1" 200 30368 "https://dandenongdaynursery.com.au/" "Mozilla/5.0 AppleWebKit/537.36 (KHTML, like Gecko; compatible; Googlebot/2.1; +http://www.google.com/bot.html) Chrome/141.0.7390.122 Safari/537.36"
66.249.70.38 - - [03/Jan/2026:04:42:22 +0800] "GET /wp-content/plugins/wpforms-lite/assets/lib/jquery.validate.min.js?ver=1.21.0 HTTP/1.1" 200 8053 "https://dandenongdaynursery.com.au/" "Mozilla/5.0 AppleWebKit/537.36 (KHTML, like Gecko; compatible; Googlebot/2.1; +http://www.google.com/bot.html) Chrome/141.0.7390.122 Safari/537.36"
66.249.70.37 - - [03/Jan/2026:04:42:23 +0800] "GET /wp-content/plugins/elementor/assets/js/lightbox.d1799e507b570f6b0496.bundle.min.js HTTP/1.1" 200 9477 "https://dandenongdaynursery.com.au/" "Mozilla/5.0 AppleWebKit/537.36 (KHTML, like Gecko; compatible; Googlebot/2.1; +http://www.google.com/bot.html) Chrome/141.0.7390.122 Safari/537.36"
103.4.122.14 - - [03/Jan/2026:04:53:08 +0800] "POST /wp-cron.php?doing_wp_cron=1767387188.3646860122680664062500 HTTP/1.1" 200 - "-" "WordPress/6.9; https://dandenongdaynursery.com.au"
96.9.211.212 - - [03/Jan/2026:04:53:07 +0800] "GET / HTTP/1.1" 301 - "-" "Mozilla/5.0 (Macintosh; Intel Mac OS X 12_5) AppleWebKit/605.1.15 (KHTML, like Gecko) Version/15.4 Safari/605.1.15"
96.9.211.212 - - [03/Jan/2026:04:53:09 +0800] "GET / HTTP/1.1" 200 37523 "http://dandenongdaynursery.com.au/" "Mozilla/5.0 (Macintosh; Intel Mac OS X 12_5) AppleWebKit/605.1.15 (KHTML, like Gecko) Version/15.4 Safari/605.1.15"
103.4.122.14 - - [03/Jan/2026:05:04:16 +0800] "POST /wp-cron.php?doing_wp_cron=1767387856.7688360214233398437500 HTTP/1.1" 200 - "-" "WordPress/6.9; https://dandenongdaynursery.com.au"
66.175.237.26 - - [03/Jan/2026:05:04:15 +0800] "POST /xmlrpc.php HTTP/1.1" 200 225 "-" "Mozilla/5.0 (Macintosh; Intel Mac OS X 10_12_3) AppleWebKit/602.4.8 (KHTML, like Gecko) Version/10.0.3 Safari/602.4.8"
35.227.17.244 - - [03/Jan/2026:05:05:15 +0800] "GET /robots.txt HTTP/1.0" 200 135 "-" "ZoominfoBot (zoominfobot at zoominfo dot com)"
103.4.122.14 - - [03/Jan/2026:05:05:17 +0800] "POST /wp-cron.php?doing_wp_cron=1767387917.7995250225067138671875 HTTP/1.1" 200 - "-" "WordPress/6.9; https://dandenongdaynursery.com.au"
35.227.17.244 - - [03/Jan/2026:05:05:16 +0800] "GET / HTTP/1.0" 301 - "-" "ZoominfoBot (zoominfobot at zoominfo dot com)"
35.227.17.244 - - [03/Jan/2026:05:05:18 +0800] "GET /robots.txt HTTP/1.0" 200 135 "-" "ZoominfoBot (zoominfobot at zoominfo dot com)"
35.227.17.244 - - [03/Jan/2026:05:05:20 +0800] "GET / HTTP/1.0" 200 37524 "-" "ZoominfoBot (zoominfobot at zoominfo dot com)"
103.4.122.14 - - [03/Jan/2026:05:09:04 +0800] "POST /wp-cron.php?doing_wp_cron=1767388144.3018980026245117187500 HTTP/1.1" 200 - "-" "WordPress/6.9; https://dandenongdaynursery.com.au"
47.128.31.101 - - [03/Jan/2026:05:09:02 +0800] "GET / HTTP/1.1" 200 37517 "-" "Mozilla/5.0 (Linux; Android 5.0) AppleWebKit/537.36 (KHTML, like Gecko) Mobile Safari/537.36 (compatible; Bytespider; spider-feedback@bytedance.com)"
47.128.43.43 - - [03/Jan/2026:05:09:28 +0800] "GET /robots.txt HTTP/1.1" 200 135 "-" "Mozilla/5.0 (Linux; Android 5.0) AppleWebKit/537.36 (KHTML, like Gecko) Mobile Safari/537.36 (compatible; Bytespider; spider-feedback@bytedance.com)"
47.128.121.190 - - [03/Jan/2026:05:09:28 +0800] "GET / HTTP/1.1" 200 37520 "-" "Mozilla/5.0 (Linux; Android 5.0) AppleWebKit/537.36 (KHTML, like Gecko) Mobile Safari/537.36 (compatible; TikTokSpider; ttspider-feedback@tiktok.com)"
47.128.121.190 - - [03/Jan/2026:05:09:30 +0800] "GET /wp-content/plugins/ays-popup-box/public/css/animate.css?ver=6.0.9 HTTP/1.1" 200 4063 "https://dandenongdaynursery.com.au/" "Mozilla/5.0 (Linux; Android 5.0) AppleWebKit/537.36 (KHTML, like Gecko) Mobile Safari/537.36 (compatible; TikTokSpider; ttspider-feedback@tiktok.com)"
47.128.121.190 - - [03/Jan/2026:05:09:30 +0800] "GET /wp-content/plugins/header-footer-elementor/assets/css/header-footer-elementor.css?ver=2.7.1 HTTP/1.1" 200 323 "https://dandenongdaynursery.com.au/" "Mozilla/5.0 (Linux; Android 5.0) AppleWebKit/537.36 (KHTML, like Gecko) Mobile Safari/537.36 (compatible; TikTokSpider; ttspider-feedback@tiktok.com)"
47.128.121.190 - - [03/Jan/2026:05:09:31 +0800] "GET /wp-content/plugins/elementor/assets/lib/font-awesome/css/v4-shims.min.css?ver=3.34.0 HTTP/1.1" 200 4229 "https://dandenongdaynursery.com.au/" "Mozilla/5.0 (Linux; Android 5.0) AppleWebKit/537.36 (KHTML, like Gecko) Mobile Safari/537.36 (compatible; TikTokSpider; ttspider-feedback@tiktok.com)"
47.128.121.190 - - [03/Jan/2026:05:09:31 +0800] "GET /wp-content/plugins/elementor/assets/css/frontend.min.css?ver=3.34.0 HTTP/1.1" 200 7244 "https://dandenongdaynursery.com.au/" "Mozilla/5.0 (Linux; Android 5.0) AppleWebKit/537.36 (KHTML, like Gecko) Mobile Safari/537.36 (compatible; TikTokSpider; ttspider-feedback@tiktok.com)"
47.128.121.190 - - [03/Jan/2026:05:09:31 +0800] "GET /wp-content/plugins/header-footer-elementor/inc/widgets-css/frontend.css?ver=2.7.1 HTTP/1.1" 200 9202 "https://dandenongdaynursery.com.au/" "Mozilla/5.0 (Linux; Android 5.0) AppleWebKit/537.36 (KHTML, like Gecko) Mobile Safari/537.36 (compatible; TikTokSpider; ttspider-feedback@tiktok.com)"
47.128.121.190 - - [03/Jan/2026:05:09:31 +0800] "GET /wp-content/uploads/elementor/css/post-8.css?ver=1767027949 HTTP/1.1" 200 441 "https://dandenongdaynursery.com.au/" "Mozilla/5.0 (Linux; Android 5.0) AppleWebKit/537.36 (KHTML, like Gecko) Mobile Safari/537.36 (compatible; TikTokSpider; ttspider-feedback@tiktok.com)"
47.128.121.190 - - [03/Jan/2026:05:09:31 +0800] "GET /wp-content/plugins/elementor/assets/lib/eicons/css/elementor-icons.min.css?ver=5.45.0 HTTP/1.1" 200 4384 "https://dandenongdaynursery.com.au/" "Mozilla/5.0 (Linux; Android 5.0) AppleWebKit/537.36 (KHTML, like Gecko) Mobile Safari/537.36 (compatible; TikTokSpider; ttspider-feedback@tiktok.com)"
47.128.121.190 - - [03/Jan/2026:05:09:31 +0800] "GET /wp-content/plugins/advanced-testimonial-carousel-for-elementor/assets/css/atc-testimonial.css?ver=3.1.2 HTTP/1.1" 200 1687 "https://dandenongdaynursery.com.au/" "Mozilla/5.0 (Linux; Android 5.0) AppleWebKit/537.36 (KHTML, like Gecko) Mobile Safari/537.36 (compatible; TikTokSpider; ttspider-feedback@tiktok.com)"
47.128.121.190 - - [03/Jan/2026:05:09:31 +0800] "GET /wp-content/plugins/elementor/assets/lib/font-awesome/css/all.min.css?ver=3.34.0 HTTP/1.1" 200 12869 "https://dandenongdaynursery.com.au/" "Mozilla/5.0 (Linux; Android 5.0) AppleWebKit/537.36 (KHTML, like Gecko) Mobile Safari/537.36 (compatible; TikTokSpider; ttspider-feedback@tiktok.com)"
47.128.121.190 - - [03/Jan/2026:05:09:31 +0800] "GET /wp-content/plugins/elementor/assets/css/widget-image.min.css?ver=3.34.0 HTTP/1.1" 200 135 "https://dandenongdaynursery.com.au/" "Mozilla/5.0 (Linux; Android 5.0) AppleWebKit/537.36 (KHTML, like Gecko) Mobile Safari/537.36 (compatible; TikTokSpider; ttspider-feedback@tiktok.com)"
47.128.121.190 - - [03/Jan/2026:05:09:31 +0800] "GET /wp-content/plugins/elementor/assets/css/conditionals/shapes.min.css?ver=3.34.0 HTTP/1.1" 200 288 "https://dandenongdaynursery.com.au/" "Mozilla/5.0 (Linux; Android 5.0) AppleWebKit/537.36 (KHTML, like Gecko) Mobile Safari/537.36 (compatible; TikTokSpider; ttspider-feedback@tiktok.com)"
47.128.121.190 - - [03/Jan/2026:05:09:31 +0800] "GET /wp-content/plugins/elementor/assets/css/widget-heading.min.css?ver=3.34.0 HTTP/1.1" 200 160 "https://dandenongdaynursery.com.au/" "Mozilla/5.0 (Linux; Android 5.0) AppleWebKit/537.36 (KHTML, like Gecko) Mobile Safari/537.36 (compatible; TikTokSpider; ttspider-feedback@tiktok.com)"
47.128.121.190 - - [03/Jan/2026:05:09:31 +0800] "GET /wp-content/plugins/elementor/assets/css/widget-spacer.min.css?ver=3.34.0 HTTP/1.1" 200 338 "https://dandenongdaynursery.com.au/" "Mozilla/5.0 (Linux; Android 5.0) AppleWebKit/537.36 (KHTML, like Gecko) Mobile Safari/537.36 (compatible; TikTokSpider; ttspider-feedback@tiktok.com)"
47.128.121.190 - - [03/Jan/2026:05:09:31 +0800] "GET /wp-content/plugins/elementor/assets/css/conditionals/e-swiper.min.css?ver=3.34.0 HTTP/1.1" 200 799 "https://dandenongdaynursery.com.au/" "Mozilla/5.0 (Linux; Android 5.0) AppleWebKit/537.36 (KHTML, like Gecko) Mobile Safari/537.36 (compatible; TikTokSpider; ttspider-feedback@tiktok.com)"
47.128.121.190 - - [03/Jan/2026:05:09:31 +0800] "GET /wp-content/plugins/elementor/assets/lib/swiper/v8/css/swiper.min.css?ver=8.4.5 HTTP/1.1" 200 4583 "https://dandenongdaynursery.com.au/" "Mozilla/5.0 (Linux; Android 5.0) AppleWebKit/537.36 (KHTML, like Gecko) Mobile Safari/537.36 (compatible; TikTokSpider; ttspider-feedback@tiktok.com)"
47.128.121.190 - - [03/Jan/2026:05:09:31 +0800] "GET /wp-content/plugins/elementor/assets/css/widget-image-gallery.min.css?ver=3.34.0 HTTP/1.1" 200 358 "https://dandenongdaynursery.com.au/" "Mozilla/5.0 (Linux; Android 5.0) AppleWebKit/537.36 (KHTML, like Gecko) Mobile Safari/537.36 (compatible; TikTokSpider; ttspider-feedback@tiktok.com)"
47.128.121.190 - - [03/Jan/2026:05:09:31 +0800] "GET /wp-content/uploads/elementor/css/post-1238.css?ver=1767027949 HTTP/1.1" 200 1839 "https://dandenongdaynursery.com.au/" "Mozilla/5.0 (Linux; Android 5.0) AppleWebKit/537.36 (KHTML, like Gecko) Mobile Safari/537.36 (compatible; TikTokSpider; ttspider-feedback@tiktok.com)"
47.128.121.190 - - [03/Jan/2026:05:09:31 +0800] "GET /wp-content/plugins/elementor/assets/css/widget-image-box.min.css?ver=3.34.0 HTTP/1.1" 200 368 "https://dandenongdaynursery.com.au/" "Mozilla/5.0 (Linux; Android 5.0) AppleWebKit/537.36 (KHTML, like Gecko) Mobile Safari/537.36 (compatible; TikTokSpider; ttspider-feedback@tiktok.com)"
47.128.121.190 - - [03/Jan/2026:05:09:31 +0800] "GET /wp-content/plugins/elementor/assets/css/widget-icon-list.min.css?ver=3.34.0 HTTP/1.1" 200 1023 "https://dandenongdaynursery.com.au/" "Mozilla/5.0 (Linux; Android 5.0) AppleWebKit/537.36 (KHTML, like Gecko) Mobile Safari/537.36 (compatible; TikTokSpider; ttspider-feedback@tiktok.com)"
47.128.121.190 - - [03/Jan/2026:05:09:31 +0800] "GET /wp-content/plugins/elementor/assets/css/widget-divider.min.css?ver=3.34.0 HTTP/1.1" 200 741 "https://dandenongdaynursery.com.au/" "Mozilla/5.0 (Linux; Android 5.0) AppleWebKit/537.36 (KHTML, like Gecko) Mobile Safari/537.36 (compatible; TikTokSpider; ttspider-feedback@tiktok.com)"
47.128.121.190 - - [03/Jan/2026:05:09:31 +0800] "GET /wp-content/uploads/elementor/css/post-1463.css?ver=1767027949 HTTP/1.1" 200 1471 "https://dandenongdaynursery.com.au/" "Mozilla/5.0 (Linux; Android 5.0) AppleWebKit/537.36 (KHTML, like Gecko) Mobile Safari/537.36 (compatible; TikTokSpider; ttspider-feedback@tiktok.com)"
47.128.121.190 - - [03/Jan/2026:05:09:31 +0800] "GET /wp-content/plugins/elementor/assets/css/widget-google_maps.min.css?ver=3.34.0 HTTP/1.1" 200 138 "https://dandenongdaynursery.com.au/" "Mozilla/5.0 (Linux; Android 5.0) AppleWebKit/537.36 (KHTML, like Gecko) Mobile Safari/537.36 (compatible; TikTokSpider; ttspider-feedback@tiktok.com)"
47.128.121.190 - - [03/Jan/2026:05:09:31 +0800] "GET /wp-content/uploads/elementor/css/post-10.css?ver=1767029617 HTTP/1.1" 200 3873 "https://dandenongdaynursery.com.au/" "Mozilla/5.0 (Linux; Android 5.0) AppleWebKit/537.36 (KHTML, like Gecko) Mobile Safari/537.36 (compatible; TikTokSpider; ttspider-feedback@tiktok.com)"
47.128.121.190 - - [03/Jan/2026:05:09:31 +0800] "GET /wp-content/plugins/elementor/assets/css/widget-social-icons.min.css?ver=3.24.0 HTTP/1.1" 200 1142 "https://dandenongdaynursery.com.au/" "Mozilla/5.0 (Linux; Android 5.0) AppleWebKit/537.36 (KHTML, like Gecko) Mobile Safari/537.36 (compatible; TikTokSpider; ttspider-feedback@tiktok.com)"
47.128.121.190 - - [03/Jan/2026:05:09:31 +0800] "GET /wp-content/plugins/wpforms-lite/assets/css/frontend/classic/wpforms-full.min.css?ver=1.9.8.7 HTTP/1.1" 200 11887 "https://dandenongdaynursery.com.au/" "Mozilla/5.0 (Linux; Android 5.0) AppleWebKit/537.36 (KHTML, like Gecko) Mobile Safari/537.36 (compatible; TikTokSpider; ttspider-feedback@tiktok.com)"
47.128.121.190 - - [03/Jan/2026:05:09:31 +0800] "GET /wp-content/plugins/elementor/assets/lib/eicons/css/elementor-icons.min.css?ver=5.34.0 HTTP/1.1" 200 4384 "https://dandenongdaynursery.com.au/" "Mozilla/5.0 (Linux; Android 5.0) AppleWebKit/537.36 (KHTML, like Gecko) Mobile Safari/537.36 (compatible; TikTokSpider; ttspider-feedback@tiktok.com)"
47.128.121.190 - - [03/Jan/2026:05:09:31 +0800] "GET /wp-content/plugins/elementor/assets/lib/font-awesome/css/brands.css?ver=5.15.3 HTTP/1.1" 200 322 "https://dandenongdaynursery.com.au/" "Mozilla/5.0 (Linux; Android 5.0) AppleWebKit/537.36 (KHTML, like Gecko) Mobile Safari/537.36 (compatible; TikTokSpider; ttspider-feedback@tiktok.com)"
47.128.121.190 - - [03/Jan/2026:05:09:31 +0800] "GET /wp-content/themes/layers-elementor/assets/css/responsive.css?ver=1.0.3 HTTP/1.1" 200 4548 "https://dandenongdaynursery.com.au/" "Mozilla/5.0 (Linux; Android 5.0) AppleWebKit/537.36 (KHTML, like Gecko) Mobile Safari/537.36 (compatible; TikTokSpider; ttspider-feedback@tiktok.com)"
47.128.121.190 - - [03/Jan/2026:05:09:31 +0800] "GET /wp-content/themes/layers-elementor/assets/css/layers-pro.css?ver=1.0.3 HTTP/1.1" 200 2534 "https://dandenongdaynursery.com.au/" "Mozilla/5.0 (Linux; Android 5.0) AppleWebKit/537.36 (KHTML, like Gecko) Mobile Safari/537.36 (compatible; TikTokSpider; ttspider-feedback@tiktok.com)"
47.128.121.190 - - [03/Jan/2026:05:09:31 +0800] "GET /wp-content/themes/layers-elementor/assets/css/layers-icons.css?ver=1.0.3 HTTP/1.1" 200 711 "https://dandenongdaynursery.com.au/" "Mozilla/5.0 (Linux; Android 5.0) AppleWebKit/537.36 (KHTML, like Gecko) Mobile Safari/537.36 (compatible; TikTokSpider; ttspider-feedback@tiktok.com)"
47.128.121.190 - - [03/Jan/2026:05:09:31 +0800] "GET /wp-content/themes/layers-elementor/assets/css/components.css?ver=1.0.3 HTTP/1.1" 200 4037 "https://dandenongdaynursery.com.au/" "Mozilla/5.0 (Linux; Android 5.0) AppleWebKit/537.36 (KHTML, like Gecko) Mobile Safari/537.36 (compatible; TikTokSpider; ttspider-feedback@tiktok.com)"
47.128.121.190 - - [03/Jan/2026:05:09:32 +0800] "GET /wp-content/plugins/elementor/assets/css/widget-icon-list.min.css?ver=3.24.3 HTTP/1.1" 200 1023 "https://dandenongdaynursery.com.au/" "Mozilla/5.0 (Linux; Android 5.0) AppleWebKit/537.36 (KHTML, like Gecko) Mobile Safari/537.36 (compatible; TikTokSpider; ttspider-feedback@tiktok.com)"
47.128.121.190 - - [03/Jan/2026:05:09:32 +0800] "GET /wp-content/themes/layers-elementor/style.css?ver=1.0.3 HTTP/1.1" 200 912 "https://dandenongdaynursery.com.au/" "Mozilla/5.0 (Linux; Android 5.0) AppleWebKit/537.36 (KHTML, like Gecko) Mobile Safari/537.36 (compatible; TikTokSpider; ttspider-feedback@tiktok.com)"
47.128.121.190 - - [03/Jan/2026:05:09:32 +0800] "GET /wp-content/themes/layers-elementor/assets/css/framework.css?ver=1.0.3 HTTP/1.1" 200 10628 "https://dandenongdaynursery.com.au/" "Mozilla/5.0 (Linux; Android 5.0) AppleWebKit/537.36 (KHTML, like Gecko) Mobile Safari/537.36 (compatible; TikTokSpider; ttspider-feedback@tiktok.com)"
47.128.121.190 - - [03/Jan/2026:05:09:32 +0800] "GET /wp-content/plugins/elementor/assets/lib/font-awesome/css/fontawesome.css?ver=5.15.3 HTTP/1.1" 200 13124 "https://dandenongdaynursery.com.au/" "Mozilla/5.0 (Linux; Android 5.0) AppleWebKit/537.36 (KHTML, like Gecko) Mobile Safari/537.36 (compatible; TikTokSpider; ttspider-feedback@tiktok.com)"
47.128.121.190 - - [03/Jan/2026:05:09:32 +0800] "GET /wp-content/plugins/elementor/assets/lib/font-awesome/css/solid.css?ver=5.15.3 HTTP/1.1" 200 325 "https://dandenongdaynursery.com.au/" "Mozilla/5.0 (Linux; Android 5.0) AppleWebKit/537.36 (KHTML, like Gecko) Mobile Safari/537.36 (compatible; TikTokSpider; ttspider-feedback@tiktok.com)"
47.128.121.190 - - [03/Jan/2026:05:09:32 +0800] "GET /wp-content/uploads/elementor/google-fonts/css/robotoslab.css?ver=1742440818 HTTP/1.1" 200 964 "https://dandenongdaynursery.com.au/" "Mozilla/5.0 (Linux; Android 5.0) AppleWebKit/537.36 (KHTML, like Gecko) Mobile Safari/537.36 (compatible; TikTokSpider; ttspider-feedback@tiktok.com)"
47.128.121.190 - - [03/Jan/2026:05:09:32 +0800] "GET /wp-content/uploads/elementor/google-fonts/css/montserrat.css?ver=1742440837 HTTP/1.1" 200 1093 "https://dandenongdaynursery.com.au/" "Mozilla/5.0 (Linux; Android 5.0) AppleWebKit/537.36 (KHTML, like Gecko) Mobile Safari/537.36 (compatible; TikTokSpider; ttspider-feedback@tiktok.com)"
47.128.121.190 - - [03/Jan/2026:05:09:32 +0800] "GET /wp-content/plugins/elementor/assets/lib/font-awesome/css/regular.min.css?ver=5.15.3 HTTP/1.1" 200 308 "https://dandenongdaynursery.com.au/" "Mozilla/5.0 (Linux; Android 5.0) AppleWebKit/537.36 (KHTML, like Gecko) Mobile Safari/537.36 (compatible; TikTokSpider; ttspider-feedback@tiktok.com)"
47.128.121.190 - - [03/Jan/2026:05:09:32 +0800] "GET /wp-content/uploads/elementor/google-fonts/css/roboto.css?ver=1742440807 HTTP/1.1" 200 2867 "https://dandenongdaynursery.com.au/" "Mozilla/5.0 (Linux; Android 5.0) AppleWebKit/537.36 (KHTML, like Gecko) Mobile Safari/537.36 (compatible; TikTokSpider; ttspider-feedback@tiktok.com)"
47.128.121.190 - - [03/Jan/2026:05:09:32 +0800] "GET /wp-content/uploads/elementor/google-fonts/css/raleway.css?ver=1742440850 HTTP/1.1" 200 1086 "https://dandenongdaynursery.com.au/" "Mozilla/5.0 (Linux; Android 5.0) AppleWebKit/537.36 (KHTML, like Gecko) Mobile Safari/537.36 (compatible; TikTokSpider; ttspider-feedback@tiktok.com)"
47.128.121.190 - - [03/Jan/2026:05:09:32 +0800] "GET /wp-content/plugins/elementor/assets/lib/font-awesome/css/brands.min.css?ver=5.15.3 HTTP/1.1" 200 308 "https://dandenongdaynursery.com.au/" "Mozilla/5.0 (Linux; Android 5.0) AppleWebKit/537.36 (KHTML, like Gecko) Mobile Safari/537.36 (compatible; TikTokSpider; ttspider-feedback@tiktok.com)"
47.128.121.190 - - [03/Jan/2026:05:09:32 +0800] "GET /wp-content/plugins/elementor/assets/lib/font-awesome/css/fontawesome.min.css?ver=5.15.3 HTTP/1.1" 200 12617 "https://dandenongdaynursery.com.au/" "Mozilla/5.0 (Linux; Android 5.0) AppleWebKit/537.36 (KHTML, like Gecko) Mobile Safari/537.36 (compatible; TikTokSpider; ttspider-feedback@tiktok.com)"
47.128.121.190 - - [03/Jan/2026:05:09:32 +0800] "GET /wp-content/plugins/elementor/assets/lib/font-awesome/css/solid.min.css?ver=5.15.3 HTTP/1.1" 200 309 "https://dandenongdaynursery.com.au/" "Mozilla/5.0 (Linux; Android 5.0) AppleWebKit/537.36 (KHTML, like Gecko) Mobile Safari/537.36 (compatible; TikTokSpider; ttspider-feedback@tiktok.com)"
47.128.121.190 - - [03/Jan/2026:05:09:32 +0800] "GET /wp-content/uploads/2023/03/flags.jpg HTTP/1.1" 206 500 "https://dandenongdaynursery.com.au/" "Mozilla/5.0 (Linux; Android 5.0) AppleWebKit/537.36 (KHTML, like Gecko) Mobile Safari/537.36 (compatible; TikTokSpider; ttspider-feedback@tiktok.com)"
47.128.121.190 - - [03/Jan/2026:05:09:32 +0800] "GET /wp-content/uploads/2022/12/Dandenong-Day-Nursery-Logo.png HTTP/1.1" 206 500 "https://dandenongdaynursery.com.au/" "Mozilla/5.0 (Linux; Android 5.0) AppleWebKit/537.36 (KHTML, like Gecko) Mobile Safari/537.36 (compatible; TikTokSpider; ttspider-feedback@tiktok.com)"
47.128.121.190 - - [03/Jan/2026:05:09:32 +0800] "GET /wp-content/uploads/2023/03/wheelbarrow-and-hands-768x576.jpg HTTP/1.1" 206 500 "https://dandenongdaynursery.com.au/" "Mozilla/5.0 (Linux; Android 5.0) AppleWebKit/537.36 (KHTML, like Gecko) Mobile Safari/537.36 (compatible; TikTokSpider; ttspider-feedback@tiktok.com)"
47.128.121.190 - - [03/Jan/2026:05:09:32 +0800] "GET /wp-content/plugins/elementor/assets/css/widget-social-icons.min.css?ver=3.34.0 HTTP/1.1" 200 1142 "https://dandenongdaynursery.com.au/" "Mozilla/5.0 (Linux; Android 5.0) AppleWebKit/537.36 (KHTML, like Gecko) Mobile Safari/537.36 (compatible; TikTokSpider; ttspider-feedback@tiktok.com)"
47.128.121.190 - - [03/Jan/2026:05:09:32 +0800] "GET /wp-content/plugins/elementor/assets/css/conditionals/apple-webkit.min.css?ver=3.34.0 HTTP/1.1" 200 547 "https://dandenongdaynursery.com.au/" "Mozilla/5.0 (Linux; Android 5.0) AppleWebKit/537.36 (KHTML, like Gecko) Mobile Safari/537.36 (compatible; TikTokSpider; ttspider-feedback@tiktok.com)"
47.128.121.190 - - [03/Jan/2026:05:09:32 +0800] "GET /wp-content/uploads/2022/12/Care.png HTTP/1.1" 206 500 "https://dandenongdaynursery.com.au/" "Mozilla/5.0 (Linux; Android 5.0) AppleWebKit/537.36 (KHTML, like Gecko) Mobile Safari/537.36 (compatible; TikTokSpider; ttspider-feedback@tiktok.com)"
47.128.121.190 - - [03/Jan/2026:05:09:32 +0800] "GET /wp-content/uploads/2022/12/bxs_quote-right.png HTTP/1.1" 206 500 "https://dandenongdaynursery.com.au/wp-content/uploads/elementor/css/post-10.css?ver=1767029617" "Mozilla/5.0 (Linux; Android 5.0) AppleWebKit/537.36 (KHTML, like Gecko) Mobile Safari/537.36 (compatible; TikTokSpider; ttspider-feedback@tiktok.com)"
47.128.121.190 - - [03/Jan/2026:05:09:32 +0800] "GET /wp-content/uploads/2022/12/Minamberang-Room.jpg HTTP/1.1" 206 500 "https://dandenongdaynursery.com.au/" "Mozilla/5.0 (Linux; Android 5.0) AppleWebKit/537.36 (KHTML, like Gecko) Mobile Safari/537.36 (compatible; TikTokSpider; ttspider-feedback@tiktok.com)"
47.128.121.190 - - [03/Jan/2026:05:09:32 +0800] "GET /wp-content/uploads/2022/12/Pike-Room.jpg HTTP/1.1" 206 500 "https://dandenongdaynursery.com.au/" "Mozilla/5.0 (Linux; Android 5.0) AppleWebKit/537.36 (KHTML, like Gecko) Mobile Safari/537.36 (compatible; TikTokSpider; ttspider-feedback@tiktok.com)"
47.128.121.190 - - [03/Jan/2026:05:09:32 +0800] "GET /wp-content/uploads/2022/12/Environment.png HTTP/1.1" 206 500 "https://dandenongdaynursery.com.au/" "Mozilla/5.0 (Linux; Android 5.0) AppleWebKit/537.36 (KHTML, like Gecko) Mobile Safari/537.36 (compatible; TikTokSpider; ttspider-feedback@tiktok.com)"
47.128.121.190 - - [03/Jan/2026:05:09:32 +0800] "GET /wp-content/uploads/2022/12/Nutrition.png HTTP/1.1" 206 500 "https://dandenongdaynursery.com.au/" "Mozilla/5.0 (Linux; Android 5.0) AppleWebKit/537.36 (KHTML, like Gecko) Mobile Safari/537.36 (compatible; TikTokSpider; ttspider-feedback@tiktok.com)"
47.128.121.190 - - [03/Jan/2026:05:09:32 +0800] "GET /wp-content/plugins/ays-popup-box/public/css/ays-pb-public-min.css?ver=6.0.9 HTTP/1.1" 200 5691 "https://dandenongdaynursery.com.au/" "Mozilla/5.0 (Linux; Android 5.0) AppleWebKit/537.36 (KHTML, like Gecko) Mobile Safari/537.36 (compatible; TikTokSpider; ttspider-feedback@tiktok.com)"
47.128.121.190 - - [03/Jan/2026:05:09:34 +0800] "GET /wp-content/uploads/2022/12/Education.png HTTP/1.1" 206 500 "https://dandenongdaynursery.com.au/" "Mozilla/5.0 (Linux; Android 5.0) AppleWebKit/537.36 (KHTML, like Gecko) Mobile Safari/537.36 (compatible; TikTokSpider; ttspider-feedback@tiktok.com)"
47.128.121.190 - - [03/Jan/2026:05:09:35 +0800] "GET /wp-content/uploads/2022/12/Murrong-Room-300x225.jpg HTTP/1.1" 206 500 "https://dandenongdaynursery.com.au/" "Mozilla/5.0 (Linux; Android 5.0) AppleWebKit/537.36 (KHTML, like Gecko) Mobile Safari/537.36 (compatible; TikTokSpider; ttspider-feedback@tiktok.com)"
47.128.121.190 - - [03/Jan/2026:05:09:35 +0800] "GET /wp-content/uploads/2022/12/Warrawarrap-Room-300x225.jpg HTTP/1.1" 206 500 "https://dandenongdaynursery.com.au/" "Mozilla/5.0 (Linux; Android 5.0) AppleWebKit/537.36 (KHTML, like Gecko) Mobile Safari/537.36 (compatible; TikTokSpider; ttspider-feedback@tiktok.com)"
47.128.121.190 - - [03/Jan/2026:05:09:35 +0800] "GET /wp-content/uploads/2022/12/Warrawarrap-Room.jpg HTTP/1.1" 206 500 "https://dandenongdaynursery.com.au/" "Mozilla/5.0 (Linux; Android 5.0) AppleWebKit/537.36 (KHTML, like Gecko) Mobile Safari/537.36 (compatible; TikTokSpider; ttspider-feedback@tiktok.com)"
47.128.121.190 - - [03/Jan/2026:05:09:35 +0800] "GET /wp-content/uploads/2022/12/Murrong-Room.jpg HTTP/1.1" 206 500 "https://dandenongdaynursery.com.au/" "Mozilla/5.0 (Linux; Android 5.0) AppleWebKit/537.36 (KHTML, like Gecko) Mobile Safari/537.36 (compatible; TikTokSpider; ttspider-feedback@tiktok.com)"
103.4.122.14 - - [03/Jan/2026:05:20:08 +0800] "POST /wp-cron.php?doing_wp_cron=1767388808.6871070861816406250000 HTTP/1.1" 200 - "-" "WordPress/6.9; https://dandenongdaynursery.com.au"
216.244.66.241 - - [03/Jan/2026:05:20:07 +0800] "GET /robots.txt HTTP/1.1" 200 184 "-" "Mozilla/5.0 (compatible; DotBot/1.2; +https://opensiteexplorer.org/dotbot; help@moz.com)"
103.4.122.14 - - [03/Jan/2026:05:23:59 +0800] "POST /wp-cron.php?doing_wp_cron=1767389039.3260810375213623046875 HTTP/1.1" 200 - "-" "WordPress/6.9; https://dandenongdaynursery.com.au"
46.105.124.216 - - [03/Jan/2026:05:23:58 +0800] "POST /xmlrpc.php HTTP/1.1" 200 206 "-" "Mozilla/5.0 (Windows NT 10.0; Win64; x64; rv:53.0) Gecko/20100101 Firefox/53.0"
103.4.122.14 - - [03/Jan/2026:05:25:18 +0800] "POST /wp-cron.php?doing_wp_cron=1767389118.1043059825897216796875 HTTP/1.1" 200 - "-" "WordPress/6.9; https://dandenongdaynursery.com.au"
192.210.150.228 - - [03/Jan/2026:05:25:16 +0800] "GET / HTTP/1.0" 200 260931 "https://dandenongdaynursery.com.au/" "Mozilla/5.0 (Windows NT 6.1) AppleWebKit/537.36 (KHTML, like Gecko) Chrome/103.0.0.0 Safari/537.36"
192.210.150.228 - - [03/Jan/2026:05:25:19 +0800] "POST / HTTP/1.0" 200 156225 "https://dandenongdaynursery.com.au/" "Mozilla/5.0 (Windows NT 6.1) AppleWebKit/537.36 (KHTML, like Gecko) Chrome/103.0.0.0 Safari/537.36"
103.4.122.14 - - [03/Jan/2026:05:26:20 +0800] "POST /wp-cron.php?doing_wp_cron=1767389179.8397901058197021484375 HTTP/1.1" 200 - "-" "WordPress/6.9; https://dandenongdaynursery.com.au"
192.178.8.64 - - [03/Jan/2026:05:26:18 +0800] "GET /.well-known/traffic-advice HTTP/1.1" 404 170266 "-" "Chrome Privacy Preserving Prefetch Proxy"
103.4.122.14 - - [03/Jan/2026:05:26:20 +0800] "POST /wp-cron.php?doing_wp_cron=1767389180.2938849925994873046875 HTTP/1.1" 200 - "-" "WordPress/6.9; https://dandenongdaynursery.com.au"
162.120.185.33 - - [03/Jan/2026:05:26:19 +0800] "GET / HTTP/1.1" 200 37526 "https://www.google.com/" "Mozilla/5.0 (Linux; Android 10; K) AppleWebKit/537.36 (KHTML, like Gecko) Chrome/143.0.0.0 Mobile Safari/537.36"
103.4.122.14 - - [03/Jan/2026:05:33:32 +0800] "POST /wp-cron.php?doing_wp_cron=1767389612.0721030235290527343750 HTTP/1.1" 200 - "-" "WordPress/6.9; https://dandenongdaynursery.com.au"
176.31.139.3 - - [03/Jan/2026:05:33:31 +0800] "GET /sitemap_index.xml HTTP/1.1" 200 315 "-" "Mozilla/5.0 (compatible; AhrefsBot/7.0; +http://ahrefs.com/robot/)"
51.75.236.147 - - [03/Jan/2026:05:33:36 +0800] "GET /page-sitemap.xml HTTP/1.1" 200 524 "-" "Mozilla/5.0 (compatible; AhrefsBot/7.0; +http://ahrefs.com/robot/)"
51.68.247.197 - - [03/Jan/2026:05:33:41 +0800] "GET /elementor-hf-sitemap.xml HTTP/1.1" 200 398 "-" "Mozilla/5.0 (compatible; AhrefsBot/7.0; +http://ahrefs.com/robot/)"
103.4.122.14 - - [03/Jan/2026:05:39:25 +0800] "POST /wp-cron.php?doing_wp_cron=1767389965.5470089912414550781250 HTTP/1.1" 200 - "-" "WordPress/6.9; https://dandenongdaynursery.com.au"
146.174.165.208 - - [03/Jan/2026:05:39:24 +0800] "GET / HTTP/1.1" 200 37521 "-" "Mozilla/5.0 (X11; U; Linux x86_64; en-US; rv:1.9.2a1pre) Gecko/20090428 Firefox/3.6a1pre"
216.244.66.241 - - [03/Jan/2026:05:39:26 +0800] "GET /wp-content/uploads/2023/03/Murnong-3-1.jpg HTTP/1.1" 200 644968 "-" "Mozilla/5.0 (compatible; DotBot/1.2; +https://opensiteexplorer.org/dotbot; help@moz.com)"
103.4.122.14 - - [03/Jan/2026:06:11:43 +0800] "POST /wp-cron.php?doing_wp_cron=1767391903.5688819885253906250000 HTTP/1.1" 200 - "-" "WordPress/6.9; https://dandenongdaynursery.com.au"
223.150.154.248 - - [03/Jan/2026:06:11:42 +0800] "GET / HTTP/1.1" 200 37522 "https://dandenongdaynursery.com.au/" "Mozilla/5.0 (Windows NT 6.1; WOW64) AppleWebKit/537.36 (KHTML, like Gecko) Chrome/50.0.2661.102 Safari/537.36"
103.4.122.14 - - [03/Jan/2026:06:15:52 +0800] "POST /wp-cron.php?doing_wp_cron=1767392152.2292020320892333984375 HTTP/1.1" 200 - "-" "WordPress/6.9; https://dandenongdaynursery.com.au"
223.74.179.39 - - [03/Jan/2026:06:15:51 +0800] "GET / HTTP/1.1" 301 - "-" "Mozilla/5.0 (Windows NT 10.0; Win64; x64) AppleWebKit/537.36 (KHTML, like Gecko) Chrome/109.0.0.0 Safari/537.36"
223.74.179.39 - - [03/Jan/2026:06:15:54 +0800] "GET / HTTP/1.1" 200 37522 "http://dandenongdaynursery.com.au/" "Mozilla/5.0 (Windows NT 10.0; Win64; x64) AppleWebKit/537.36 (KHTML, like Gecko) Chrome/109.0.0.0 Safari/537.36"
183.197.242.73 - - [03/Jan/2026:06:16:03 +0800] "GET /wp-content/plugins/wpforms-lite/assets/css/frontend/classic/wpforms-full.min.css?ver=1.9.8.7 HTTP/1.1" 200 11887 "http://dandenongdaynursery.com.au/" "Mozilla/5.0 (Windows NT 10.0; Win64; x64) AppleWebKit/537.36 (KHTML, like Gecko) Chrome/109.0.0.0 Safari/537.36"
183.197.242.73 - - [03/Jan/2026:06:16:03 +0800] "GET /wp-content/plugins/elementor/assets/css/widget-icon-list.min.css?ver=3.34.0 HTTP/1.1" 200 1023 "http://dandenongdaynursery.com.au/" "Mozilla/5.0 (Windows NT 10.0; Win64; x64) AppleWebKit/537.36 (KHTML, like Gecko) Chrome/109.0.0.0 Safari/537.36"
183.197.242.73 - - [03/Jan/2026:06:16:03 +0800] "GET /wp-content/plugins/elementor/assets/lib/font-awesome/css/all.min.css?ver=3.34.0 HTTP/1.1" 200 12869 "http://dandenongdaynursery.com.au/" "Mozilla/5.0 (Windows NT 10.0; Win64; x64) AppleWebKit/537.36 (KHTML, like Gecko) Chrome/109.0.0.0 Safari/537.36"
183.197.242.73 - - [03/Jan/2026:06:16:03 +0800] "GET /wp-content/plugins/ays-popup-box/public/css/animate.css?ver=6.0.9 HTTP/1.1" 200 4063 "http://dandenongdaynursery.com.au/" "Mozilla/5.0 (Windows NT 10.0; Win64; x64) AppleWebKit/537.36 (KHTML, like Gecko) Chrome/109.0.0.0 Safari/537.36"
183.197.242.73 - - [03/Jan/2026:06:16:03 +0800] "GET /wp-content/plugins/elementor/assets/css/widget-image-box.min.css?ver=3.34.0 HTTP/1.1" 200 368 "http://dandenongdaynursery.com.au/" "Mozilla/5.0 (Windows NT 10.0; Win64; x64) AppleWebKit/537.36 (KHTML, like Gecko) Chrome/109.0.0.0 Safari/537.36"
183.197.242.73 - - [03/Jan/2026:06:16:03 +0800] "GET /wp-content/plugins/elementor/assets/css/widget-google_maps.min.css?ver=3.34.0 HTTP/1.1" 200 138 "http://dandenongdaynursery.com.au/" "Mozilla/5.0 (Windows NT 10.0; Win64; x64) AppleWebKit/537.36 (KHTML, like Gecko) Chrome/109.0.0.0 Safari/537.36"
183.197.242.73 - - [03/Jan/2026:06:16:03 +0800] "GET /wp-content/plugins/elementor/assets/css/widget-divider.min.css?ver=3.34.0 HTTP/1.1" 200 741 "http://dandenongdaynursery.com.au/" "Mozilla/5.0 (Windows NT 10.0; Win64; x64) AppleWebKit/537.36 (KHTML, like Gecko) Chrome/109.0.0.0 Safari/537.36"
183.197.242.73 - - [03/Jan/2026:06:16:03 +0800] "GET /wp-content/plugins/elementor/assets/lib/eicons/css/elementor-icons.min.css?ver=5.45.0 HTTP/1.1" 200 4384 "http://dandenongdaynursery.com.au/" "Mozilla/5.0 (Windows NT 10.0; Win64; x64) AppleWebKit/537.36 (KHTML, like Gecko) Chrome/109.0.0.0 Safari/537.36"
183.197.242.73 - - [03/Jan/2026:06:16:03 +0800] "GET /wp-content/plugins/advanced-testimonial-carousel-for-elementor/assets/css/atc-testimonial.css?ver=3.1.2 HTTP/1.1" 200 1687 "http://dandenongdaynursery.com.au/" "Mozilla/5.0 (Windows NT 10.0; Win64; x64) AppleWebKit/537.36 (KHTML, like Gecko) Chrome/109.0.0.0 Safari/537.36"
183.197.242.73 - - [03/Jan/2026:06:16:03 +0800] "GET /wp-content/plugins/elementor/assets/css/widget-image-gallery.min.css?ver=3.34.0 HTTP/1.1" 200 358 "http://dandenongdaynursery.com.au/" "Mozilla/5.0 (Windows NT 10.0; Win64; x64) AppleWebKit/537.36 (KHTML, like Gecko) Chrome/109.0.0.0 Safari/537.36"
183.197.242.73 - - [03/Jan/2026:06:16:03 +0800] "GET /wp-content/plugins/elementor/assets/lib/font-awesome/css/v4-shims.min.css?ver=3.34.0 HTTP/1.1" 200 4229 "http://dandenongdaynursery.com.au/" "Mozilla/5.0 (Windows NT 10.0; Win64; x64) AppleWebKit/537.36 (KHTML, like Gecko) Chrome/109.0.0.0 Safari/537.36"
183.197.242.73 - - [03/Jan/2026:06:16:03 +0800] "GET /wp-content/themes/layers-elementor/assets/css/layers-pro.css?ver=1.0.3 HTTP/1.1" 200 2534 "http://dandenongdaynursery.com.au/" "Mozilla/5.0 (Windows NT 10.0; Win64; x64) AppleWebKit/537.36 (KHTML, like Gecko) Chrome/109.0.0.0 Safari/537.36"
183.197.242.73 - - [03/Jan/2026:06:16:03 +0800] "GET /wp-content/plugins/elementor/assets/css/widget-spacer.min.css?ver=3.34.0 HTTP/1.1" 200 338 "http://dandenongdaynursery.com.au/" "Mozilla/5.0 (Windows NT 10.0; Win64; x64) AppleWebKit/537.36 (KHTML, like Gecko) Chrome/109.0.0.0 Safari/537.36"
183.197.242.73 - - [03/Jan/2026:06:16:03 +0800] "GET /wp-content/plugins/elementor/assets/css/conditionals/shapes.min.css?ver=3.34.0 HTTP/1.1" 200 288 "http://dandenongdaynursery.com.au/" "Mozilla/5.0 (Windows NT 10.0; Win64; x64) AppleWebKit/537.36 (KHTML, like Gecko) Chrome/109.0.0.0 Safari/537.36"
183.197.242.73 - - [03/Jan/2026:06:16:03 +0800] "GET /wp-content/plugins/elementor/assets/css/frontend.min.css?ver=3.34.0 HTTP/1.1" 200 7244 "http://dandenongdaynursery.com.au/" "Mozilla/5.0 (Windows NT 10.0; Win64; x64) AppleWebKit/537.36 (KHTML, like Gecko) Chrome/109.0.0.0 Safari/537.36"
183.197.242.73 - - [03/Jan/2026:06:16:03 +0800] "GET /wp-content/uploads/elementor/css/post-1463.css?ver=1767027949 HTTP/1.1" 200 1471 "http://dandenongdaynursery.com.au/" "Mozilla/5.0 (Windows NT 10.0; Win64; x64) AppleWebKit/537.36 (KHTML, like Gecko) Chrome/109.0.0.0 Safari/537.36"
183.197.242.73 - - [03/Jan/2026:06:16:03 +0800] "GET /wp-content/themes/layers-elementor/assets/css/framework.css?ver=1.0.3 HTTP/1.1" 200 10628 "http://dandenongdaynursery.com.au/" "Mozilla/5.0 (Windows NT 10.0; Win64; x64) AppleWebKit/537.36 (KHTML, like Gecko) Chrome/109.0.0.0 Safari/537.36"
183.197.242.73 - - [03/Jan/2026:06:16:03 +0800] "GET /wp-content/plugins/header-footer-elementor/inc/widgets-css/frontend.css?ver=2.7.1 HTTP/1.1" 200 9202 "http://dandenongdaynursery.com.au/" "Mozilla/5.0 (Windows NT 10.0; Win64; x64) AppleWebKit/537.36 (KHTML, like Gecko) Chrome/109.0.0.0 Safari/537.36"
183.197.242.73 - - [03/Jan/2026:06:16:03 +0800] "GET /wp-content/plugins/elementor/assets/css/widget-heading.min.css?ver=3.34.0 HTTP/1.1" 200 160 "http://dandenongdaynursery.com.au/" "Mozilla/5.0 (Windows NT 10.0; Win64; x64) AppleWebKit/537.36 (KHTML, like Gecko) Chrome/109.0.0.0 Safari/537.36"
183.197.242.73 - - [03/Jan/2026:06:16:03 +0800] "GET /wp-content/themes/layers-elementor/assets/css/layers-icons.css?ver=1.0.3 HTTP/1.1" 200 711 "http://dandenongdaynursery.com.au/" "Mozilla/5.0 (Windows NT 10.0; Win64; x64) AppleWebKit/537.36 (KHTML, like Gecko) Chrome/109.0.0.0 Safari/537.36"
183.197.242.73 - - [03/Jan/2026:06:16:03 +0800] "GET /wp-content/plugins/elementor/assets/css/widget-image.min.css?ver=3.34.0 HTTP/1.1" 200 135 "http://dandenongdaynursery.com.au/" "Mozilla/5.0 (Windows NT 10.0; Win64; x64) AppleWebKit/537.36 (KHTML, like Gecko) Chrome/109.0.0.0 Safari/537.36"
183.197.242.73 - - [03/Jan/2026:06:16:03 +0800] "GET /wp-content/themes/layers-elementor/assets/css/responsive.css?ver=1.0.3 HTTP/1.1" 200 4548 "http://dandenongdaynursery.com.au/" "Mozilla/5.0 (Windows NT 10.0; Win64; x64) AppleWebKit/537.36 (KHTML, like Gecko) Chrome/109.0.0.0 Safari/537.36"
183.197.242.73 - - [03/Jan/2026:06:16:03 +0800] "GET /wp-content/plugins/elementor/assets/css/conditionals/e-swiper.min.css?ver=3.34.0 HTTP/1.1" 200 799 "http://dandenongdaynursery.com.au/" "Mozilla/5.0 (Windows NT 10.0; Win64; x64) AppleWebKit/537.36 (KHTML, like Gecko) Chrome/109.0.0.0 Safari/537.36"
183.197.242.73 - - [03/Jan/2026:06:16:03 +0800] "GET /wp-content/uploads/elementor/css/post-1238.css?ver=1767027949 HTTP/1.1" 200 1839 "http://dandenongdaynursery.com.au/" "Mozilla/5.0 (Windows NT 10.0; Win64; x64) AppleWebKit/537.36 (KHTML, like Gecko) Chrome/109.0.0.0 Safari/537.36"
183.197.242.73 - - [03/Jan/2026:06:16:03 +0800] "GET /wp-content/plugins/header-footer-elementor/assets/css/header-footer-elementor.css?ver=2.7.1 HTTP/1.1" 200 323 "http://dandenongdaynursery.com.au/" "Mozilla/5.0 (Windows NT 10.0; Win64; x64) AppleWebKit/537.36 (KHTML, like Gecko) Chrome/109.0.0.0 Safari/537.36"
183.197.242.73 - - [03/Jan/2026:06:16:03 +0800] "GET /wp-content/plugins/elementor/assets/lib/swiper/v8/css/swiper.min.css?ver=8.4.5 HTTP/1.1" 200 4583 "http://dandenongdaynursery.com.au/" "Mozilla/5.0 (Windows NT 10.0; Win64; x64) AppleWebKit/537.36 (KHTML, like Gecko) Chrome/109.0.0.0 Safari/537.36"
183.197.242.73 - - [03/Jan/2026:06:16:03 +0800] "GET /wp-content/themes/layers-elementor/assets/css/components.css?ver=1.0.3 HTTP/1.1" 200 4037 "http://dandenongdaynursery.com.au/" "Mozilla/5.0 (Windows NT 10.0; Win64; x64) AppleWebKit/537.36 (KHTML, like Gecko) Chrome/109.0.0.0 Safari/537.36"
183.197.242.73 - - [03/Jan/2026:06:16:03 +0800] "GET /wp-content/uploads/elementor/css/post-8.css?ver=1767027949 HTTP/1.1" 200 441 "http://dandenongdaynursery.com.au/" "Mozilla/5.0 (Windows NT 10.0; Win64; x64) AppleWebKit/537.36 (KHTML, like Gecko) Chrome/109.0.0.0 Safari/537.36"
183.197.242.73 - - [03/Jan/2026:06:16:03 +0800] "GET /wp-content/uploads/elementor/css/post-10.css?ver=1767029617 HTTP/1.1" 200 3873 "http://dandenongdaynursery.com.au/" "Mozilla/5.0 (Windows NT 10.0; Win64; x64) AppleWebKit/537.36 (KHTML, like Gecko) Chrome/109.0.0.0 Safari/537.36"
223.89.0.48 - - [03/Jan/2026:06:16:04 +0800] "GET /wp-content/plugins/elementor/assets/lib/eicons/css/elementor-icons.min.css?ver=5.34.0 HTTP/1.1" 200 4384 "http://dandenongdaynursery.com.au/" "Mozilla/5.0 (Windows NT 10.0; Win64; x64) AppleWebKit/537.36 (KHTML, like Gecko) Chrome/109.0.0.0 Safari/537.36"
103.4.122.14 - - [03/Jan/2026:06:19:18 +0800] "POST /wp-cron.php?doing_wp_cron=1767392358.8110771179199218750000 HTTP/1.1" 200 - "-" "WordPress/6.9; https://dandenongdaynursery.com.au"
167.99.48.188 - - [03/Jan/2026:06:19:17 +0800] "POST /xmlrpc.php HTTP/1.1" 200 206 "-" "Mozilla/5.0 (Windows NT 10.0; Win64; x64; rv:71.0) Gecko/20100101 Firefox/71.0"
103.4.122.14 - - [03/Jan/2026:06:34:06 +0800] "POST /wp-cron.php?doing_wp_cron=1767393246.6403999328613281250000 HTTP/1.1" 200 - "-" "WordPress/6.9; https://dandenongdaynursery.com.au"
121.29.51.28 - - [03/Jan/2026:06:34:05 +0800] "GET / HTTP/1.1" 301 - "-" "Mozilla/5.0 (Linux; U; Android 7.1.1; zh-cn; vivo X20Plus UD Build/NMF26X) AppleWebKit/537.36 (KHTML, like Gecko) Version/4.0 Chrome/57.0.2987.132 MQQBrowser/8.8 Mobile Safari/537.36"
103.4.122.14 - - [03/Jan/2026:06:37:13 +0800] "POST /wp-cron.php?doing_wp_cron=1767393433.3387739658355712890625 HTTP/1.1" 200 - "-" "WordPress/6.9; https://dandenongdaynursery.com.au"
121.29.51.28 - - [03/Jan/2026:06:37:11 +0800] "GET / HTTP/1.1" 200 37519 "-" "Mozilla/5.0 (Macintosh; Intel Mac OS X 10_11) AppleWebKit/601.1.27 (KHTML, like Gecko) Chrome/47.0.2526.106 Safari/601.1.27"
34.75.48.95 - - [03/Jan/2026:06:37:18 +0800] "GET /robots.txt HTTP/1.0" 200 135 "-" "ZoominfoBot (zoominfobot at zoominfo dot com)"
34.75.48.95 - - [03/Jan/2026:06:37:20 +0800] "GET /about/ HTTP/1.0" 200 33557 "-" "ZoominfoBot (zoominfobot at zoominfo dot com)"
103.4.122.14 - - [03/Jan/2026:06:40:00 +0800] "POST /wp-cron.php?doing_wp_cron=1767393600.2713019847869873046875 HTTP/1.1" 200 - "-" "WordPress/6.9; https://dandenongdaynursery.com.au"
114.119.148.103 - - [03/Jan/2026:06:39:59 +0800] "GET /sitemap_index.xml HTTP/1.1" 200 315 "-" "Mozilla/5.0 (Linux; Android 7.0;) AppleWebKit/537.36 (KHTML, like Gecko) Mobile Safari/537.36 (compatible; PetalBot;+https://webmaster.petalsearch.com/site/petalbot)"
103.4.122.14 - - [03/Jan/2026:06:41:28 +0800] "POST /wp-cron.php?doing_wp_cron=1767393688.6281580924987792968750 HTTP/1.1" 200 - "-" "WordPress/6.9; https://dandenongdaynursery.com.au"
43.167.185.75 - - [03/Jan/2026:06:41:27 +0800] "GET /wp-json/wp/v2/posts HTTP/1.1" 200 2 "-" "Mozilla/5.0 (Windows NT 10.0; Win64; x64) AppleWebKit/537.36 (KHTML, like Gecko) Chrome/120.0.0.0 Safari/537.36"
103.4.122.14 - - [03/Jan/2026:06:47:27 +0800] "POST /wp-cron.php?doing_wp_cron=1767394046.9881539344787597656250 HTTP/1.1" 200 - "-" "WordPress/6.9; https://dandenongdaynursery.com.au"
51.68.111.205 - - [03/Jan/2026:06:47:26 +0800] "GET /robots.txt HTTP/1.1" 200 135 "-" "Mozilla/5.0 (compatible; MJ12bot/v2.0.4; http://mj12bot.com/)"
51.68.111.205 - - [03/Jan/2026:06:47:27 +0800] "GET / HTTP/1.1" 200 37522 "-" "Mozilla/5.0 (compatible; MJ12bot/v2.0.4; http://mj12bot.com/)"
103.4.122.14 - - [03/Jan/2026:06:51:07 +0800] "POST /wp-cron.php?doing_wp_cron=1767394267.2677040100097656250000 HTTP/1.1" 200 - "-" "WordPress/6.9; https://dandenongdaynursery.com.au"
135.235.168.239 - - [03/Jan/2026:06:51:05 +0800] "GET /wp-content/plugins/hellopress/wp_filemanager.php HTTP/1.1" 404 170218 "-" "-"
135.235.168.239 - - [03/Jan/2026:06:51:07 +0800] "GET /lisa.php HTTP/1.1" 404 170218 "-" "-"
135.235.168.239 - - [03/Jan/2026:06:51:09 +0800] "GET /000.php HTTP/1.1" 404 65300 "-" "-"
135.235.168.239 - - [03/Jan/2026:06:51:11 +0800] "GET /xxxx.php HTTP/1.1" 404 65300 "-" "-"
135.235.168.239 - - [03/Jan/2026:06:51:12 +0800] "GET /bless14.php HTTP/1.1" 404 65300 "-" "-"
135.235.168.239 - - [03/Jan/2026:06:51:13 +0800] "GET /ws35.php HTTP/1.1" 404 65300 "-" "-"
135.235.168.239 - - [03/Jan/2026:06:51:14 +0800] "GET /87.php HTTP/1.1" 404 65300 "-" "-"
135.235.168.239 - - [03/Jan/2026:06:51:15 +0800] "GET /nox.php HTTP/1.1" 404 65300 "-" "-"
135.235.168.239 - - [03/Jan/2026:06:51:17 +0800] "GET /mini.php HTTP/1.1" 404 65300 "-" "-"
135.235.168.239 - - [03/Jan/2026:06:51:18 +0800] "GET /acwfihfh.php HTTP/1.1" 404 65300 "-" "-"
135.235.168.239 - - [03/Jan/2026:06:51:19 +0800] "GET /f8.php HTTP/1.1" 404 65300 "-" "-"
135.235.168.239 - - [03/Jan/2026:06:51:21 +0800] "GET /bras.php HTTP/1.1" 403 199 "-" "-"
135.235.168.239 - - [03/Jan/2026:06:51:22 +0800] "GET /bras.php HTTP/1.1" 403 199 "-" "-"
135.235.168.239 - - [03/Jan/2026:06:51:25 +0800] "GET /bras.php HTTP/1.1" 403 199 "-" "-"
135.235.168.239 - - [03/Jan/2026:06:51:30 +0800] "GET /bras.php HTTP/1.1" 403 199 "-" "-"
135.235.168.239 - - [03/Jan/2026:06:51:39 +0800] "GET /an8.php HTTP/1.1" 403 199 "-" "-"
103.4.122.14 - - [03/Jan/2026:06:52:38 +0800] "POST /wp-cron.php?doing_wp_cron=1767394358.6687350273132324218750 HTTP/1.1" 200 - "-" "WordPress/6.9; https://dandenongdaynursery.com.au"
135.235.168.239 - - [03/Jan/2026:06:52:37 +0800] "GET /21x.php HTTP/1.1" 404 65300 "-" "-"
135.235.168.239 - - [03/Jan/2026:06:52:39 +0800] "GET /out.php HTTP/1.1" 404 65300 "-" "-"
135.235.168.239 - - [03/Jan/2026:06:52:40 +0800] "GET /flower2.php HTTP/1.1" 404 65300 "-" "-"
135.235.168.239 - - [03/Jan/2026:06:52:41 +0800] "GET /family.php HTTP/1.1" 404 65300 "-" "-"
135.235.168.239 - - [03/Jan/2026:06:52:42 +0800] "GET /s1.php HTTP/1.1" 404 65300 "-" "-"
135.235.168.239 - - [03/Jan/2026:06:52:44 +0800] "GET /ma.php HTTP/1.1" 404 65300 "-" "-"
135.235.168.239 - - [03/Jan/2026:06:52:45 +0800] "GET /asf.php HTTP/1.1" 403 199 "-" "-"
135.235.168.239 - - [03/Jan/2026:06:52:59 +0800] "GET /asf.php HTTP/1.1" 403 199 "-" "-"
135.235.168.239 - - [03/Jan/2026:06:53:08 +0800] "GET /lanz.php HTTP/1.1" 403 199 "-" "-"
135.235.168.239 - - [03/Jan/2026:06:53:11 +0800] "GET /lanz.php HTTP/1.1" 403 199 "-" "-"
135.235.168.239 - - [03/Jan/2026:06:53:12 +0800] "GET /lanz.php HTTP/1.1" 403 199 "-" "-"
135.235.168.239 - - [03/Jan/2026:06:53:15 +0800] "GET /lanz.php HTTP/1.1" 403 199 "-" "-"
135.235.168.239 - - [03/Jan/2026:06:53:18 +0800] "GET /xeeex.php HTTP/1.1" 403 199 "-" "-"
135.235.168.239 - - [03/Jan/2026:06:53:21 +0800] "GET /xeeex.php HTTP/1.1" 403 199 "-" "-"
135.235.168.239 - - [03/Jan/2026:06:53:26 +0800] "GET /xeeex.php HTTP/1.1" 403 199 "-" "-"
52.167.144.217 - - [03/Jan/2026:06:53:28 +0800] "GET /about/ HTTP/1.1" 200 33553 "-" "Mozilla/5.0 AppleWebKit/537.36 (KHTML, like Gecko; compatible; bingbot/2.0; +http://www.bing.com/bingbot.htm) Chrome/116.0.1938.76 Safari/537.36"
135.235.168.239 - - [03/Jan/2026:06:53:31 +0800] "GET /xeeex.php HTTP/1.1" 403 199 "-" "-"
135.235.168.239 - - [03/Jan/2026:06:53:33 +0800] "GET /tons.php HTTP/1.1" 403 199 "-" "-"
135.235.168.239 - - [03/Jan/2026:06:53:40 +0800] "GET /tons.php HTTP/1.1" 403 199 "-" "-"
207.46.13.51 - - [03/Jan/2026:06:53:42 +0800] "GET /wp-content/plugins/elementor/assets/lib/font-awesome/js/v4-shims.min.js?ver=3.34.0 HTTP/1.1" 200 4209 "-" "Mozilla/5.0 AppleWebKit/537.36 (KHTML, like Gecko; compatible; bingbot/2.0; +http://www.bing.com/bingbot.htm) Chrome/116.0.1938.76 Safari/537.36"
207.46.13.51 - - [03/Jan/2026:06:53:42 +0800] "GET /wp-content/plugins/elementor/assets/css/widget-image-gallery.min.css?ver=3.34.0 HTTP/1.1" 200 358 "-" "Mozilla/5.0 AppleWebKit/537.36 (KHTML, like Gecko; compatible; bingbot/2.0; +http://www.bing.com/bingbot.htm) Chrome/116.0.1938.76 Safari/537.36"
207.46.13.51 - - [03/Jan/2026:06:53:43 +0800] "GET /wp-content/plugins/elementor/assets/lib/font-awesome/css/fontawesome.css?ver=5.15.3 HTTP/1.1" 200 13124 "-" "Mozilla/5.0 AppleWebKit/537.36 (KHTML, like Gecko; compatible; bingbot/2.0; +http://www.bing.com/bingbot.htm) Chrome/116.0.1938.76 Safari/537.36"
135.235.168.239 - - [03/Jan/2026:06:53:43 +0800] "GET /tons.php HTTP/1.1" 403 199 "-" "-"
207.46.13.51 - - [03/Jan/2026:06:53:43 +0800] "GET /wp-content/themes/layers-elementor/assets/css/framework.css?ver=1.0.3 HTTP/1.1" 200 10628 "-" "Mozilla/5.0 AppleWebKit/537.36 (KHTML, like Gecko; compatible; bingbot/2.0; +http://www.bing.com/bingbot.htm) Chrome/116.0.1938.76 Safari/537.36"
207.46.13.51 - - [03/Jan/2026:06:53:44 +0800] "GET /wp-content/themes/layers-elementor/style.css?ver=1.0.3 HTTP/1.1" 200 912 "-" "Mozilla/5.0 AppleWebKit/537.36 (KHTML, like Gecko; compatible; bingbot/2.0; +http://www.bing.com/bingbot.htm) Chrome/116.0.1938.76 Safari/537.36"
207.46.13.54 - - [03/Jan/2026:06:53:47 +0800] "GET /wp-content/plugins/header-footer-elementor/inc/widgets-css/frontend.css?ver=2.7.1 HTTP/1.1" 200 9202 "-" "Mozilla/5.0 AppleWebKit/537.36 (KHTML, like Gecko; compatible; bingbot/2.0; +http://www.bing.com/bingbot.htm) Chrome/116.0.1938.76 Safari/537.36"
207.46.13.54 - - [03/Jan/2026:06:53:47 +0800] "GET /wp-content/plugins/advanced-testimonial-carousel-for-elementor/assets/css/atc-testimonial.css?ver=3.1.2 HTTP/1.1" 200 1687 "-" "Mozilla/5.0 AppleWebKit/537.36 (KHTML, like Gecko; compatible; bingbot/2.0; +http://www.bing.com/bingbot.htm) Chrome/116.0.1938.76 Safari/537.36"
