114.119.153.131 - - [02/Jan/2026:04:54:54 +0800] "GET /%E0%B9%80%E0%B8%84%E0%B8%94%E0%B8%B4%E0%B8%95%E0%B8%9F%E0%B8%A3%E0%B8%B5%E0%B9%84%E0%B8%A1%E0%B9%88%E0%B8%95%E0%B9%89%E0%B8%AD%E0%B8%87%E0%B8%9D%E0%B8%B2%E0%B8%81%E0%B9%84%E0%B8%A1%E0%B9%88%E0%B8%95%E0%B9%89%E0%B8%AD%E0%B8%87%E0%B9%81%E0%B8%8A%E0%B8%A3%E0%B9%8C.aspx HTTP/1.1" 404 170266 "https://dandenongdaynursery.com.au/%E0%B9%80%E0%B8%84%E0%B8%A3%E0%B8%94%E0%B8%B4%E0%B8%95%E0%B8%9F%E0%B8%A3%E0%B8%B5%E0%B8%A2%E0%B8%B7%E0%B8%99%E0%B8%A2%E0%B8%B1%E0%B8%99%E0%B9%80%E0%B8%9A%E0%B8%AD%E0%B8%A3%E0%B9%8C.aspx" "Mozilla/5.0 (Linux; Android 7.0;) AppleWebKit/537.36 (KHTML, like Gecko) Mobile Safari/537.36 (compatible; PetalBot;+https://webmaster.petalsearch.com/site/petalbot)"
103.4.122.14 - - [02/Jan/2026:04:56:20 +0800] "POST /wp-cron.php?doing_wp_cron=1767300980.4433739185333251953125 HTTP/1.1" 200 - "-" "WordPress/6.9; https://dandenongdaynursery.com.au"
116.202.3.129 - - [02/Jan/2026:04:56:19 +0800] "POST /xmlrpc.php HTTP/1.1" 200 206 "-" "Mozilla/5.0 (Windows NT 10.0; Win64; x64; rv:90.0) Gecko/20100101 Firefox/90.0"
103.4.122.14 - - [02/Jan/2026:04:59:57 +0800] "POST /wp-cron.php?doing_wp_cron=1767301197.2641949653625488281250 HTTP/1.1" 200 - "-" "WordPress/6.9; https://dandenongdaynursery.com.au"
195.242.116.113 - - [02/Jan/2026:04:59:56 +0800] "GET /wp-login.php HTTP/1.1" 200 2105 "-" "Mozilla/5.0 (Macintosh; Intel Mac OS X 10_10_5) AppleWebKit/602.1.50 (KHTML, like Gecko) Version/10.0 Safari/602.1.50"
195.242.116.113 - - [02/Jan/2026:04:59:57 +0800] "POST /wp-login.php HTTP/1.1" 200 2237 "https://dandenongdaynursery.com.au/wp-login.php" "Mozilla/5.0 (Macintosh; Intel Mac OS X 10_10_5) AppleWebKit/602.1.50 (KHTML, like Gecko) Version/10.0 Safari/602.1.50"
103.4.122.14 - - [02/Jan/2026:05:08:04 +0800] "POST /wp-cron.php?doing_wp_cron=1767301684.1917419433593750000000 HTTP/1.1" 200 - "-" "WordPress/6.9; https://dandenongdaynursery.com.au"
92.222.108.107 - - [02/Jan/2026:05:08:03 +0800] "GET /robots.txt HTTP/1.1" 200 135 "-" "Mozilla/5.0 (compatible; AhrefsBot/7.0; +http://ahrefs.com/robot/)"
51.161.65.242 - - [02/Jan/2026:05:08:08 +0800] "GET /sitemap_index.xml HTTP/1.1" 200 315 "-" "Mozilla/5.0 (compatible; AhrefsBot/7.0; +http://ahrefs.com/robot/)"
51.161.37.153 - - [02/Jan/2026:05:08:13 +0800] "GET /page-sitemap.xml HTTP/1.1" 200 524 "-" "Mozilla/5.0 (compatible; AhrefsBot/7.0; +http://ahrefs.com/robot/)"
142.44.220.41 - - [02/Jan/2026:05:08:18 +0800] "GET /elementor-hf-sitemap.xml HTTP/1.1" 200 398 "-" "Mozilla/5.0 (compatible; AhrefsBot/7.0; +http://ahrefs.com/robot/)"
103.4.122.14 - - [02/Jan/2026:05:09:43 +0800] "POST /wp-cron.php?doing_wp_cron=1767301783.6418609619140625000000 HTTP/1.1" 200 - "-" "WordPress/6.9; https://dandenongdaynursery.com.au"
100.25.198.201 - - [02/Jan/2026:05:09:42 +0800] "GET / HTTP/1.1" 301 - "-" "Mozilla/4.0 (compatible; MSIE 7.0; Windows NT 5.1; .NET CLR 1.1.4322; .NET CLR 2.0.50727)"
100.25.198.201 - - [02/Jan/2026:05:09:44 +0800] "GET / HTTP/1.1" 200 37520 "-" "Mozilla/4.0 (compatible; MSIE 7.0; Windows NT 5.1; .NET CLR 1.1.4322; .NET CLR 2.0.50727)"
100.25.198.201 - - [02/Jan/2026:05:09:45 +0800] "GET / HTTP/1.1" 200 37522 "-" "Mozilla/5.0 (Windows NT 10.0; Win64; x64) AppleWebKit/537.36 (KHTML, like Gecko) Chrome/137.0.0.0 Safari/537.36"
207.46.13.153 - - [02/Jan/2026:05:14:20 +0800] "GET /wp-content/uploads/2023/03/Warraworrap-11-2048x1536.jpg HTTP/1.1" 200 511003 "-" "Mozilla/5.0 AppleWebKit/537.36 (KHTML, like Gecko; compatible; bingbot/2.0; +http://www.bing.com/bingbot.htm) Chrome/116.0.1938.76 Safari/537.36"
103.4.122.14 - - [02/Jan/2026:05:20:31 +0800] "POST /wp-cron.php?doing_wp_cron=1767302431.2518770694732666015625 HTTP/1.1" 200 - "-" "WordPress/6.9; https://dandenongdaynursery.com.au"
185.24.60.148 - - [02/Jan/2026:05:20:29 +0800] "GET /team/ HTTP/1.1" 200 34452 "-" "Mozilla/5.0 (Windows; U; Windows NT 6.0; en-US) AppleWebKit/533.4 (KHTML, like Gecko) Chrome/5.0.375.127 Safari/533.4"
103.4.122.14 - - [02/Jan/2026:05:50:37 +0800] "POST /wp-cron.php?doing_wp_cron=1767304236.9568870067596435546875 HTTP/1.1" 200 - "-" "WordPress/6.9; https://dandenongdaynursery.com.au"
114.119.131.136 - - [02/Jan/2026:05:50:35 +0800] "GET /%E0%B9%80%E0%B8%A7%E0%B9%87%E0%B8%9A%E0%B8%AA%E0%B8%A5%E0%B9%87%E0%B8%AD%E0%B8%95%20456%20%E0%B9%80%E0%B8%82%E0%B9%89%E0%B8%B2%E0%B8%AA%E0%B8%B9%E0%B9%88%E0%B8%A3%E0%B8%B0%E0%B8%9A%E0%B8%9A.aspx HTTP/1.1" 404 170266 "https://dandenongdaynursery.com.au/joker%20vip.aspx" "Mozilla/5.0 (Linux; Android 7.0;) AppleWebKit/537.36 (KHTML, like Gecko) Mobile Safari/537.36 (compatible; PetalBot;+https://webmaster.petalsearch.com/site/petalbot)"
103.4.122.14 - - [02/Jan/2026:05:52:01 +0800] "POST /wp-cron.php?doing_wp_cron=1767304321.4128470420837402343750 HTTP/1.1" 200 - "-" "WordPress/6.9; https://dandenongdaynursery.com.au"
114.119.131.136 - - [02/Jan/2026:05:52:00 +0800] "GET /%E0%B8%AA%E0%B8%A5%E0%B9%87%E0%B8%AD%E0%B8%95%20%E0%B8%9D%E0%B8%B2%E0%B8%81%E0%B8%96%E0%B8%AD%E0%B8%99%20true%20wallet%20%E0%B9%80%E0%B8%A7%E0%B9%87%E0%B8%9A%E0%B8%95%E0%B8%A3%E0%B8%87%20888pg.aspx HTTP/1.1" 404 170266 "https://dandenongdaynursery.com.au/ufabet168.aspx" "Mozilla/5.0 (Linux; Android 7.0;) AppleWebKit/537.36 (KHTML, like Gecko) Mobile Safari/537.36 (compatible; PetalBot;+https://webmaster.petalsearch.com/site/petalbot)"
103.4.122.14 - - [02/Jan/2026:05:53:24 +0800] "POST /wp-cron.php?doing_wp_cron=1767304403.9941120147705078125000 HTTP/1.1" 200 - "-" "WordPress/6.9; https://dandenongdaynursery.com.au"
114.119.146.142 - - [02/Jan/2026:05:53:22 +0800] "GET /%E0%B8%AA%E0%B8%A1%E0%B8%B1%E0%B8%84%E0%B8%A3%20sbobet.aspx HTTP/1.1" 404 170266 "https://dandenongdaynursery.com.au/%E0%B9%80%E0%B8%81%E0%B8%A1%E0%B8%AA%E0%B8%A5%E0%B9%87%E0%B8%AD%E0%B8%95%E0%B8%97%E0%B8%B5%E0%B9%88%E0%B8%84%E0%B8%B2%E0%B8%AA%E0%B8%B4%E0%B9%82%E0%B8%99%E0%B8%A5%E0%B8%B2%E0%B8%AA%E0%B9%80%E0%B8%A7%E0%B8%81%E0%B8%B1%E0%B8%AA.aspx" "Mozilla/5.0 (Linux; Android 7.0;) AppleWebKit/537.36 (KHTML, like Gecko) Mobile Safari/537.36 (compatible; PetalBot;+https://webmaster.petalsearch.com/site/petalbot)"
103.4.122.14 - - [02/Jan/2026:05:54:48 +0800] "POST /wp-cron.php?doing_wp_cron=1767304488.3658030033111572265625 HTTP/1.1" 200 - "-" "WordPress/6.9; https://dandenongdaynursery.com.au"
114.119.144.65 - - [02/Jan/2026:05:54:47 +0800] "GET /betflix%20%E0%B9%80%E0%B8%A7%E0%B9%87%E0%B8%9A%E0%B8%95%E0%B8%A3%E0%B8%87.aspx HTTP/1.1" 404 170266 "https://dandenongdaynursery.com.au/%E0%B8%97%E0%B8%94%E0%B8%A5%E0%B8%AD%E0%B8%87%E0%B9%80%E0%B8%A5%E0%B9%88%E0%B8%99%E0%B8%AA%E0%B8%A5%E0%B9%87%E0%B8%AD%E0%B8%95%E0%B8%9F%E0%B8%A3%E0%B8%B5%E0%B8%AA%E0%B8%9B%E0%B8%B4%E0%B8%99.aspx" "Mozilla/5.0 (Linux; Android 7.0;) AppleWebKit/537.36 (KHTML, like Gecko) Mobile Safari/537.36 (compatible; PetalBot;+https://webmaster.petalsearch.com/site/petalbot)"
103.4.122.14 - - [02/Jan/2026:05:56:11 +0800] "POST /wp-cron.php?doing_wp_cron=1767304571.5661869049072265625000 HTTP/1.1" 200 - "-" "WordPress/6.9; https://dandenongdaynursery.com.au"
114.119.144.65 - - [02/Jan/2026:05:56:10 +0800] "GET /tgaslot.aspx HTTP/1.1" 404 170266 "https://dandenongdaynursery.com.au/%E0%B8%AA%E0%B8%A1%E0%B8%B1%E0%B8%84%E0%B8%A3%E0%B8%9A%E0%B8%B2%E0%B8%84%E0%B8%B2%E0%B8%A3%E0%B9%88%E0%B8%B2888.aspx" "Mozilla/5.0 (Linux; Android 7.0;) AppleWebKit/537.36 (KHTML, like Gecko) Mobile Safari/537.36 (compatible; PetalBot;+https://webmaster.petalsearch.com/site/petalbot)"
52.167.144.216 - - [02/Jan/2026:05:56:44 +0800] "GET /about HTTP/1.1" 301 - "-" "Mozilla/5.0 AppleWebKit/537.36 (KHTML, like Gecko; compatible; bingbot/2.0; +http://www.bing.com/bingbot.htm) Chrome/116.0.1938.76 Safari/537.36"
52.167.144.216 - - [02/Jan/2026:05:56:47 +0800] "GET /about/ HTTP/1.1" 200 33553 "-" "Mozilla/5.0 AppleWebKit/537.36 (KHTML, like Gecko; compatible; bingbot/2.0; +http://www.bing.com/bingbot.htm) Chrome/116.0.1938.76 Safari/537.36"
103.4.122.14 - - [02/Jan/2026:06:11:51 +0800] "POST /wp-cron.php?doing_wp_cron=1767305511.3323130607604980468750 HTTP/1.1" 200 - "-" "WordPress/6.9; https://dandenongdaynursery.com.au"
114.119.133.253 - - [02/Jan/2026:06:11:50 +0800] "GET /%E0%B8%97%E0%B8%94%E0%B8%A5%E0%B8%AD%E0%B8%87%E0%B9%80%E0%B8%A5%E0%B9%88%E0%B8%99%E0%B8%AA%E0%B8%A5%E0%B9%87%E0%B8%AD%E0%B8%95%20pg%20%E0%B9%80%E0%B8%A7%E0%B9%87%E0%B8%9A%20%E0%B8%95%E0%B8%A3%E0%B8%87.aspx HTTP/1.1" 404 170266 "https://dandenongdaynursery.com.au/%E0%B9%82%E0%B8%88%E0%B9%8A%E0%B8%81%E0%B9%80%E0%B8%81%E0%B8%AD%E0%B8%A3%E0%B9%8C%E0%B8%AA%E0%B8%A5%E0%B9%87%E0%B8%AD%E0%B8%95.aspx" "Mozilla/5.0 (Linux; Android 7.0;) AppleWebKit/537.36 (KHTML, like Gecko) Mobile Safari/537.36 (compatible; PetalBot;+https://webmaster.petalsearch.com/site/petalbot)"
103.4.122.14 - - [02/Jan/2026:06:14:29 +0800] "POST /wp-cron.php?doing_wp_cron=1767305669.0937900543212890625000 HTTP/1.1" 200 - "-" "WordPress/6.9; https://dandenongdaynursery.com.au"
1.38.142.187 - - [02/Jan/2026:06:14:27 +0800] "GET /hello-world/ HTTP/1.1" 404 170218 "-" "Mozilla/5.0 (Windows; U; Windows NT 5.1; en-US) AppleWebKit/532.2 (KHTML, like Gecko) Chrome/4.0.222.3 Safari/532.2"
103.4.122.14 - - [02/Jan/2026:06:15:57 +0800] "POST /wp-cron.php?doing_wp_cron=1767305757.8381159305572509765625 HTTP/1.1" 200 - "-" "WordPress/6.9; https://dandenongdaynursery.com.au"
43.173.177.67 - - [02/Jan/2026:06:15:56 +0800] "GET / HTTP/1.1" 301 - "-" "Mozilla/5.0 (Windows NT 10.0; Win64; x64) AppleWebKit/537.36 (KHTML, like Gecko) Chrome/107.0.0.0 Safari/537.36"
43.173.177.67 - - [02/Jan/2026:06:15:58 +0800] "GET / HTTP/1.1" 200 37519 "http://dandenongdaynursery.com.au/" "Mozilla/5.0 (Windows NT 10.0; Win64; x64) AppleWebKit/537.36 (KHTML, like Gecko) Chrome/107.0.0.0 Safari/537.36"
103.4.122.14 - - [02/Jan/2026:06:54:46 +0800] "POST /wp-cron.php?doing_wp_cron=1767308085.9382319450378417968750 HTTP/1.1" 200 - "-" "WordPress/6.9; https://dandenongdaynursery.com.au"
203.192.251.31 - - [02/Jan/2026:06:54:44 +0800] "POST /xmlrpc.php HTTP/1.1" 200 206 "-" "Mozilla/5.0 (Windows NT 10.0; Win64; x64; rv:98.0) Gecko/20100101 Firefox/98.0"
103.4.122.14 - - [02/Jan/2026:06:59:42 +0800] "POST /wp-cron.php?doing_wp_cron=1767308382.1772150993347167968750 HTTP/1.1" 200 - "-" "WordPress/6.9; https://dandenongdaynursery.com.au"
206.189.233.36 - - [02/Jan/2026:07:03:18 +0800] "GET / HTTP/1.1" 200 8192 "-" "-"
206.189.233.36 - - [02/Jan/2026:07:03:19 +0800] "GET / HTTP/1.1" 200 188400 "-" "Mozilla/5.0 (l9scan/2.0.4313e2232313e243e2330313; +https://leakix.net)"
103.4.122.14 - - [02/Jan/2026:07:03:23 +0800] "POST /wp-cron.php?doing_wp_cron=1767308603.0306489467620849609375 HTTP/1.1" 200 - "-" "WordPress/6.9; https://dandenongdaynursery.com.au"
206.189.233.36 - - [02/Jan/2026:07:03:21 +0800] "POST /graphql HTTP/1.1" 404 170266 "-" "Mozilla/5.0 (l9scan/2.0.4313e2232313e243e2330313; +https://leakix.net)"
206.189.233.36 - - [02/Jan/2026:07:03:23 +0800] "POST /api HTTP/1.1" 404 170266 "-" "Mozilla/5.0 (l9scan/2.0.4313e2232313e243e2330313; +https://leakix.net)"
206.189.233.36 - - [02/Jan/2026:07:03:25 +0800] "POST /api/graphql HTTP/1.1" 404 170266 "-" "Mozilla/5.0 (l9scan/2.0.4313e2232313e243e2330313; +https://leakix.net)"
206.189.233.36 - - [02/Jan/2026:07:03:27 +0800] "POST /graphql/api HTTP/1.1" 404 170266 "-" "Mozilla/5.0 (l9scan/2.0.4313e2232313e243e2330313; +https://leakix.net)"
206.189.233.36 - - [02/Jan/2026:07:03:28 +0800] "POST /api/gql HTTP/1.1" 404 170266 "-" "Mozilla/5.0 (l9scan/2.0.4313e2232313e243e2330313; +https://leakix.net)"
206.189.233.36 - - [02/Jan/2026:07:03:31 +0800] "GET /swagger-ui.html HTTP/1.1" 404 170266 "-" "Mozilla/5.0 (l9scan/2.0.4313e2232313e243e2330313; +https://leakix.net)"
206.189.233.36 - - [02/Jan/2026:07:03:33 +0800] "GET /swagger/index.html HTTP/1.1" 404 170266 "-" "Mozilla/5.0 (l9scan/2.0.4313e2232313e243e2330313; +https://leakix.net)"
206.189.233.36 - - [02/Jan/2026:07:03:36 +0800] "GET /swagger/swagger-ui.html HTTP/1.1" 404 170266 "-" "Mozilla/5.0 (l9scan/2.0.4313e2232313e243e2330313; +https://leakix.net)"
206.189.233.36 - - [02/Jan/2026:07:03:38 +0800] "GET /webjars/swagger-ui/index.html HTTP/1.1" 404 170266 "-" "Mozilla/5.0 (l9scan/2.0.4313e2232313e243e2330313; +https://leakix.net)"
206.189.233.36 - - [02/Jan/2026:07:03:40 +0800] "GET /swagger.json HTTP/1.1" 404 170266 "-" "Mozilla/5.0 (l9scan/2.0.4313e2232313e243e2330313; +https://leakix.net)"
206.189.233.36 - - [02/Jan/2026:07:03:43 +0800] "GET /swagger/v1/swagger.json HTTP/1.1" 404 170266 "-" "Mozilla/5.0 (l9scan/2.0.4313e2232313e243e2330313; +https://leakix.net)"
206.189.233.36 - - [02/Jan/2026:07:03:45 +0800] "GET /v2/api-docs HTTP/1.1" 403 199 "-" "Mozilla/5.0 (l9scan/2.0.4313e2232313e243e2330313; +https://leakix.net)"
206.189.233.36 - - [02/Jan/2026:07:03:46 +0800] "GET /v3/api-docs HTTP/1.1" 403 199 "-" "Mozilla/5.0 (l9scan/2.0.4313e2232313e243e2330313; +https://leakix.net)"
206.189.233.36 - - [02/Jan/2026:07:03:47 +0800] "GET /api-docs/swagger.json HTTP/1.1" 403 199 "-" "Mozilla/5.0 (l9scan/2.0.4313e2232313e243e2330313; +https://leakix.net)"
206.189.233.36 - - [02/Jan/2026:07:03:48 +0800] "GET /api/swagger.json HTTP/1.1" 403 199 "-" "Mozilla/5.0 (l9scan/2.0.4313e2232313e243e2330313; +https://leakix.net)"
206.189.233.36 - - [02/Jan/2026:07:03:49 +0800] "GET /@vite/env HTTP/1.1" 403 199 "-" "Mozilla/5.0 (l9scan/2.0.4313e2232313e243e2330313; +https://leakix.net)"
206.189.233.36 - - [02/Jan/2026:07:03:50 +0800] "GET /actuator/env HTTP/1.1" 403 199 "-" "Mozilla/5.0 (l9scan/2.0.4313e2232313e243e2330313; +https://leakix.net)"
206.189.233.36 - - [02/Jan/2026:07:03:51 +0800] "POST /php-cgi/php-cgi.exe?%ADd+cgi.force_redirect%3D0+%ADd+disable_functions%3D\"\"+%ADd+allow_url_include%3D1+%ADd+auto_prepend_file%3Dphp://input HTTP/1.1" 403 199 "-" "Mozilla/5.0 (l9scan/2.0.4313e2232313e243e2330313; +https://leakix.net)"
206.189.233.36 - - [02/Jan/2026:07:03:52 +0800] "GET /server HTTP/1.1" 403 199 "-" "Mozilla/5.0 (l9scan/2.0.4313e2232313e243e2330313; +https://leakix.net)"
206.189.233.36 - - [02/Jan/2026:07:03:53 +0800] "GET /.vscode/sftp.json HTTP/1.1" 403 199 "-" "Mozilla/5.0 (l9scan/2.0.4313e2232313e243e2330313; +https://leakix.net)"
206.189.233.36 - - [02/Jan/2026:07:03:55 +0800] "GET /about HTTP/1.1" 403 199 "-" "Mozilla/5.0 (l9scan/2.0.4313e2232313e243e2330313; +https://leakix.net)"
206.189.233.36 - - [02/Jan/2026:07:03:56 +0800] "GET /debug/default/view?panel=config HTTP/1.1" 403 199 "-" "Mozilla/5.0 (l9scan/2.0.4313e2232313e243e2330313; +https://leakix.net)"
206.189.233.36 - - [02/Jan/2026:07:03:57 +0800] "GET /v2/_catalog HTTP/1.1" 403 199 "-" "Mozilla/5.0 (l9scan/2.0.4313e2232313e243e2330313; +https://leakix.net)"
206.189.233.36 - - [02/Jan/2026:07:03:58 +0800] "GET /ecp/Current/exporttool/microsoft.exchange.ediscovery.exporttool.application HTTP/1.1" 403 199 "-" "Mozilla/5.0 (l9scan/2.0.4313e2232313e243e2330313; +https://leakix.net)"
206.189.233.36 - - [02/Jan/2026:07:03:59 +0800] "GET /server-status HTTP/1.1" 403 199 "-" "Mozilla/5.0 (l9scan/2.0.4313e2232313e243e2330313; +https://leakix.net)"
206.189.233.36 - - [02/Jan/2026:07:04:00 +0800] "GET /login.action HTTP/1.1" 403 199 "-" "Mozilla/5.0 (l9scan/2.0.4313e2232313e243e2330313; +https://leakix.net)"
206.189.233.36 - - [02/Jan/2026:07:04:01 +0800] "GET /_all_dbs HTTP/1.1" 403 199 "-" "Mozilla/5.0 (l9scan/2.0.4313e2232313e243e2330313; +https://leakix.net)"
206.189.233.36 - - [02/Jan/2026:07:04:02 +0800] "GET /.DS_Store HTTP/1.1" 403 199 "-" "Mozilla/5.0 (l9scan/2.0.4313e2232313e243e2330313; +https://leakix.net)"
206.189.233.36 - - [02/Jan/2026:07:04:03 +0800] "GET /.env HTTP/1.1" 403 199 "-" "Mozilla/5.0 (l9scan/2.0.4313e2232313e243e2330313; +https://leakix.net)"
206.189.233.36 - - [02/Jan/2026:07:04:05 +0800] "GET /.git/config HTTP/1.1" 403 199 "-" "Mozilla/5.0 (l9scan/2.0.4313e2232313e243e2330313; +https://leakix.net)"
206.189.233.36 - - [02/Jan/2026:07:04:06 +0800] "GET /s/4313e2232313e243e2330313/_/;/META-INF/maven/com.atlassian.jira/jira-webapp-dist/pom.properties HTTP/1.1" 403 199 "-" "Mozilla/5.0 (l9scan/2.0.4313e2232313e243e2330313; +https://leakix.net)"
206.189.233.36 - - [02/Jan/2026:07:04:07 +0800] "GET /config.json HTTP/1.1" 403 199 "-" "Mozilla/5.0 (l9scan/2.0.4313e2232313e243e2330313; +https://leakix.net)"
206.189.233.36 - - [02/Jan/2026:07:04:08 +0800] "GET /telescope/requests HTTP/1.1" 403 199 "-" "Mozilla/5.0 (l9scan/2.0.4313e2232313e243e2330313; +https://leakix.net)"
206.189.233.36 - - [02/Jan/2026:07:04:09 +0800] "GET /info.php HTTP/1.1" 403 199 "-" "Mozilla/5.0 (l9scan/2.0.4313e2232313e243e2330313; +https://leakix.net)"
206.189.233.36 - - [02/Jan/2026:07:04:10 +0800] "GET /?rest_route=/wp/v2/users/ HTTP/1.1" 403 199 "-" "Mozilla/5.0 (l9scan/2.0.4313e2232313e243e2330313; +https://leakix.net)"
103.4.122.14 - - [02/Jan/2026:07:18:36 +0800] "POST /wp-cron.php?doing_wp_cron=1767309516.7639710903167724609375 HTTP/1.1" 200 - "-" "WordPress/6.9; https://dandenongdaynursery.com.au"
217.160.134.38 - - [02/Jan/2026:07:18:35 +0800] "GET /wp-login.php HTTP/1.1" 200 2105 "-" "Mozilla/5.0 (Windows NT 6.3; rv:60.0) Gecko/20100101 Firefox/60.0"
217.160.134.38 - - [02/Jan/2026:07:18:37 +0800] "POST /wp-login.php HTTP/1.1" 200 2237 "https://dandenongdaynursery.com.au/wp-login.php" "Mozilla/5.0 (Windows NT 6.3; rv:60.0) Gecko/20100101 Firefox/60.0"
103.4.122.14 - - [02/Jan/2026:07:27:23 +0800] "POST /wp-cron.php?doing_wp_cron=1767310043.6173439025878906250000 HTTP/1.1" 200 - "-" "WordPress/6.9; https://dandenongdaynursery.com.au"
142.44.220.177 - - [02/Jan/2026:07:27:22 +0800] "GET /sitemap_index.xml HTTP/1.1" 200 315 "-" "Mozilla/5.0 (compatible; AhrefsBot/7.0; +http://ahrefs.com/robot/)"
54.39.6.246 - - [02/Jan/2026:07:27:27 +0800] "GET /page-sitemap.xml HTTP/1.1" 200 524 "-" "Mozilla/5.0 (compatible; AhrefsBot/7.0; +http://ahrefs.com/robot/)"
15.235.98.254 - - [02/Jan/2026:07:27:32 +0800] "GET /elementor-hf-sitemap.xml HTTP/1.1" 200 398 "-" "Mozilla/5.0 (compatible; AhrefsBot/7.0; +http://ahrefs.com/robot/)"
43.130.91.95 - - [02/Jan/2026:07:28:46 +0800] "GET / HTTP/1.1" 403 199 "-" "Mozilla/5.0 (iPhone; CPU iPhone OS 13_2_3 like Mac OS X) AppleWebKit/605.1.15 (KHTML, like Gecko) Version/13.0.3 Mobile/15E148 Safari/604.1"
182.44.12.37 - - [02/Jan/2026:07:37:01 +0800] "GET / HTTP/1.1" 403 199 "-" "Mozilla/5.0 (iPhone; CPU iPhone OS 13_2_3 like Mac OS X) AppleWebKit/605.1.15 (KHTML, like Gecko) Version/13.0.3 Mobile/15E148 Safari/604.1"
103.4.122.14 - - [02/Jan/2026:07:42:23 +0800] "POST /wp-cron.php?doing_wp_cron=1767310943.5153579711914062500000 HTTP/1.1" 200 - "-" "WordPress/6.9; https://dandenongdaynursery.com.au"
114.119.153.131 - - [02/Jan/2026:07:42:18 +0800] "GET /w69%20slot%20%E0%B9%80%E0%B8%84%E0%B8%A3%E0%B8%94%E0%B8%B4%E0%B8%95%E0%B8%9F%E0%B8%A3%E0%B8%B5%20188%20%E0%B8%9A%E0%B8%B2%E0%B8%97.aspx HTTP/1.1" 404 170266 "https://dandenongdaynursery.com.au/%E0%B8%97%E0%B8%B2%E0%B8%87%20%E0%B9%80%E0%B8%82%E0%B9%89%E0%B8%B2%20pg%20slot.aspx" "Mozilla/5.0 (Linux; Android 7.0;) AppleWebKit/537.36 (KHTML, like Gecko) Mobile Safari/537.36 (compatible; PetalBot;+https://webmaster.petalsearch.com/site/petalbot)"
52.167.144.212 - - [02/Jan/2026:07:42:51 +0800] "GET /wp-content/uploads/2023/03/Warraworrap-8-2048x1536.jpg HTTP/1.1" 200 531079 "-" "Mozilla/5.0 AppleWebKit/537.36 (KHTML, like Gecko; compatible; bingbot/2.0; +http://www.bing.com/bingbot.htm) Chrome/116.0.1938.76 Safari/537.36"
103.4.122.14 - - [02/Jan/2026:07:43:47 +0800] "POST /wp-cron.php?doing_wp_cron=1767311027.5386550426483154296875 HTTP/1.1" 200 - "-" "WordPress/6.9; https://dandenongdaynursery.com.au"
114.119.146.142 - - [02/Jan/2026:07:43:46 +0800] "GET /ufa168bet.aspx HTTP/1.1" 404 170266 "https://dandenongdaynursery.com.au/10%E0%B8%A3%E0%B8%B1%E0%B8%9A100%20wallet%20%E0%B8%A5%E0%B9%88%E0%B8%B2%E0%B8%AA%E0%B8%B8%E0%B8%94.aspx" "Mozilla/5.0 (Linux; Android 7.0;) AppleWebKit/537.36 (KHTML, like Gecko) Mobile Safari/537.36 (compatible; PetalBot;+https://webmaster.petalsearch.com/site/petalbot)"
103.4.122.14 - - [02/Jan/2026:07:45:07 +0800] "POST /wp-cron.php?doing_wp_cron=1767311107.4776470661163330078125 HTTP/1.1" 200 - "-" "WordPress/6.9; https://dandenongdaynursery.com.au"
114.119.153.131 - - [02/Jan/2026:07:45:06 +0800] "GET /superslotclub.aspx HTTP/1.1" 404 170266 "https://dandenongdaynursery.com.au/pxj.com%20%E0%B9%80%E0%B8%84%E0%B8%A3%E0%B8%94%E0%B8%B4%E0%B8%95%E0%B8%9F%E0%B8%A3%E0%B8%B5%20188.aspx" "Mozilla/5.0 (Linux; Android 7.0;) AppleWebKit/537.36 (KHTML, like Gecko) Mobile Safari/537.36 (compatible; PetalBot;+https://webmaster.petalsearch.com/site/petalbot)"
101.119.139.159 - - [02/Jan/2026:07:45:35 +0800] "GET / HTTP/1.1" 200 37528 "https://www.google.com/" "Mozilla/5.0 (Linux; Android 10; K) AppleWebKit/537.36 (KHTML, like Gecko) Chrome/143.0.0.0 Mobile Safari/537.36"
101.119.139.159 - - [02/Jan/2026:07:45:37 +0800] "GET /wp-content/plugins/header-footer-elementor/inc/widgets-css/frontend.css?ver=2.7.1 HTTP/1.1" 200 9202 "https://dandenongdaynursery.com.au/" "Mozilla/5.0 (Linux; Android 10; K) AppleWebKit/537.36 (KHTML, like Gecko) Chrome/143.0.0.0 Mobile Safari/537.36"
101.119.139.159 - - [02/Jan/2026:07:45:37 +0800] "GET /wp-content/plugins/ays-popup-box/public/css/animate.css?ver=6.0.9 HTTP/1.1" 200 4063 "https://dandenongdaynursery.com.au/" "Mozilla/5.0 (Linux; Android 10; K) AppleWebKit/537.36 (KHTML, like Gecko) Chrome/143.0.0.0 Mobile Safari/537.36"
101.119.139.159 - - [02/Jan/2026:07:45:37 +0800] "GET /wp-content/plugins/header-footer-elementor/assets/css/header-footer-elementor.css?ver=2.7.1 HTTP/1.1" 200 323 "https://dandenongdaynursery.com.au/" "Mozilla/5.0 (Linux; Android 10; K) AppleWebKit/537.36 (KHTML, like Gecko) Chrome/143.0.0.0 Mobile Safari/537.36"
101.119.139.159 - - [02/Jan/2026:07:45:37 +0800] "GET /wp-content/plugins/elementor/assets/lib/eicons/css/elementor-icons.min.css?ver=5.45.0 HTTP/1.1" 200 4384 "https://dandenongdaynursery.com.au/" "Mozilla/5.0 (Linux; Android 10; K) AppleWebKit/537.36 (KHTML, like Gecko) Chrome/143.0.0.0 Mobile Safari/537.36"
101.119.139.159 - - [02/Jan/2026:07:45:37 +0800] "GET /wp-content/plugins/elementor/assets/css/frontend.min.css?ver=3.34.0 HTTP/1.1" 200 7244 "https://dandenongdaynursery.com.au/" "Mozilla/5.0 (Linux; Android 10; K) AppleWebKit/537.36 (KHTML, like Gecko) Chrome/143.0.0.0 Mobile Safari/537.36"
101.119.139.159 - - [02/Jan/2026:07:45:37 +0800] "GET /wp-content/uploads/elementor/css/post-8.css?ver=1767027949 HTTP/1.1" 200 441 "https://dandenongdaynursery.com.au/" "Mozilla/5.0 (Linux; Android 10; K) AppleWebKit/537.36 (KHTML, like Gecko) Chrome/143.0.0.0 Mobile Safari/537.36"
101.119.139.159 - - [02/Jan/2026:07:45:37 +0800] "GET /wp-content/plugins/elementor/assets/lib/font-awesome/css/all.min.css?ver=3.34.0 HTTP/1.1" 200 12869 "https://dandenongdaynursery.com.au/" "Mozilla/5.0 (Linux; Android 10; K) AppleWebKit/537.36 (KHTML, like Gecko) Chrome/143.0.0.0 Mobile Safari/537.36"
101.119.139.159 - - [02/Jan/2026:07:45:37 +0800] "GET /wp-content/plugins/elementor/assets/lib/font-awesome/css/v4-shims.min.css?ver=3.34.0 HTTP/1.1" 200 4229 "https://dandenongdaynursery.com.au/" "Mozilla/5.0 (Linux; Android 10; K) AppleWebKit/537.36 (KHTML, like Gecko) Chrome/143.0.0.0 Mobile Safari/537.36"
101.119.139.159 - - [02/Jan/2026:07:45:37 +0800] "GET /wp-content/plugins/advanced-testimonial-carousel-for-elementor/assets/css/atc-testimonial.css?ver=3.1.2 HTTP/1.1" 200 1687 "https://dandenongdaynursery.com.au/" "Mozilla/5.0 (Linux; Android 10; K) AppleWebKit/537.36 (KHTML, like Gecko) Chrome/143.0.0.0 Mobile Safari/537.36"
101.119.139.159 - - [02/Jan/2026:07:45:37 +0800] "GET /wp-content/plugins/elementor/assets/css/widget-heading.min.css?ver=3.34.0 HTTP/1.1" 200 160 "https://dandenongdaynursery.com.au/" "Mozilla/5.0 (Linux; Android 10; K) AppleWebKit/537.36 (KHTML, like Gecko) Chrome/143.0.0.0 Mobile Safari/537.36"
101.119.139.159 - - [02/Jan/2026:07:45:37 +0800] "GET /wp-content/plugins/elementor/assets/css/conditionals/shapes.min.css?ver=3.34.0 HTTP/1.1" 200 288 "https://dandenongdaynursery.com.au/" "Mozilla/5.0 (Linux; Android 10; K) AppleWebKit/537.36 (KHTML, like Gecko) Chrome/143.0.0.0 Mobile Safari/537.36"
101.119.139.159 - - [02/Jan/2026:07:45:37 +0800] "GET /wp-content/plugins/elementor/assets/css/widget-image.min.css?ver=3.34.0 HTTP/1.1" 200 135 "https://dandenongdaynursery.com.au/" "Mozilla/5.0 (Linux; Android 10; K) AppleWebKit/537.36 (KHTML, like Gecko) Chrome/143.0.0.0 Mobile Safari/537.36"
101.119.139.159 - - [02/Jan/2026:07:45:37 +0800] "GET /wp-content/plugins/elementor/assets/css/widget-spacer.min.css?ver=3.34.0 HTTP/1.1" 200 338 "https://dandenongdaynursery.com.au/" "Mozilla/5.0 (Linux; Android 10; K) AppleWebKit/537.36 (KHTML, like Gecko) Chrome/143.0.0.0 Mobile Safari/537.36"
101.119.139.159 - - [02/Jan/2026:07:45:37 +0800] "GET /wp-content/plugins/elementor/assets/css/widget-image-box.min.css?ver=3.34.0 HTTP/1.1" 200 368 "https://dandenongdaynursery.com.au/" "Mozilla/5.0 (Linux; Android 10; K) AppleWebKit/537.36 (KHTML, like Gecko) Chrome/143.0.0.0 Mobile Safari/537.36"
101.119.139.159 - - [02/Jan/2026:07:45:37 +0800] "GET /wp-content/plugins/elementor/assets/css/widget-icon-list.min.css?ver=3.34.0 HTTP/1.1" 200 1023 "https://dandenongdaynursery.com.au/" "Mozilla/5.0 (Linux; Android 10; K) AppleWebKit/537.36 (KHTML, like Gecko) Chrome/143.0.0.0 Mobile Safari/537.36"
101.119.139.159 - - [02/Jan/2026:07:45:37 +0800] "GET /wp-content/plugins/elementor/assets/lib/swiper/v8/css/swiper.min.css?ver=8.4.5 HTTP/1.1" 200 4583 "https://dandenongdaynursery.com.au/" "Mozilla/5.0 (Linux; Android 10; K) AppleWebKit/537.36 (KHTML, like Gecko) Chrome/143.0.0.0 Mobile Safari/537.36"
101.119.139.159 - - [02/Jan/2026:07:45:37 +0800] "GET /wp-content/plugins/elementor/assets/css/widget-image-gallery.min.css?ver=3.34.0 HTTP/1.1" 200 358 "https://dandenongdaynursery.com.au/" "Mozilla/5.0 (Linux; Android 10; K) AppleWebKit/537.36 (KHTML, like Gecko) Chrome/143.0.0.0 Mobile Safari/537.36"
101.119.139.159 - - [02/Jan/2026:07:45:37 +0800] "GET /wp-content/plugins/elementor/assets/css/conditionals/e-swiper.min.css?ver=3.34.0 HTTP/1.1" 200 799 "https://dandenongdaynursery.com.au/" "Mozilla/5.0 (Linux; Android 10; K) AppleWebKit/537.36 (KHTML, like Gecko) Chrome/143.0.0.0 Mobile Safari/537.36"
101.119.139.159 - - [02/Jan/2026:07:45:37 +0800] "GET /wp-content/plugins/elementor/assets/css/widget-divider.min.css?ver=3.34.0 HTTP/1.1" 200 741 "https://dandenongdaynursery.com.au/" "Mozilla/5.0 (Linux; Android 10; K) AppleWebKit/537.36 (KHTML, like Gecko) Chrome/143.0.0.0 Mobile Safari/537.36"
101.119.139.159 - - [02/Jan/2026:07:45:37 +0800] "GET /wp-content/plugins/elementor/assets/css/widget-google_maps.min.css?ver=3.34.0 HTTP/1.1" 200 138 "https://dandenongdaynursery.com.au/" "Mozilla/5.0 (Linux; Android 10; K) AppleWebKit/537.36 (KHTML, like Gecko) Chrome/143.0.0.0 Mobile Safari/537.36"
101.119.139.159 - - [02/Jan/2026:07:45:37 +0800] "GET /wp-content/uploads/elementor/css/post-10.css?ver=1767029617 HTTP/1.1" 200 3873 "https://dandenongdaynursery.com.au/" "Mozilla/5.0 (Linux; Android 10; K) AppleWebKit/537.36 (KHTML, like Gecko) Chrome/143.0.0.0 Mobile Safari/537.36"
101.119.139.159 - - [02/Jan/2026:07:45:37 +0800] "GET /wp-content/uploads/elementor/css/post-1238.css?ver=1767027949 HTTP/1.1" 200 1839 "https://dandenongdaynursery.com.au/" "Mozilla/5.0 (Linux; Android 10; K) AppleWebKit/537.36 (KHTML, like Gecko) Chrome/143.0.0.0 Mobile Safari/537.36"
101.119.139.159 - - [02/Jan/2026:07:45:37 +0800] "GET /wp-content/uploads/elementor/css/post-1463.css?ver=1767027949 HTTP/1.1" 200 1471 "https://dandenongdaynursery.com.au/" "Mozilla/5.0 (Linux; Android 10; K) AppleWebKit/537.36 (KHTML, like Gecko) Chrome/143.0.0.0 Mobile Safari/537.36"
101.119.139.159 - - [02/Jan/2026:07:45:37 +0800] "GET /wp-content/plugins/wpforms-lite/assets/css/frontend/classic/wpforms-full.min.css?ver=1.9.8.7 HTTP/1.1" 200 11887 "https://dandenongdaynursery.com.au/" "Mozilla/5.0 (Linux; Android 10; K) AppleWebKit/537.36 (KHTML, like Gecko) Chrome/143.0.0.0 Mobile Safari/537.36"
101.119.139.159 - - [02/Jan/2026:07:45:37 +0800] "GET /wp-content/themes/layers-elementor/assets/css/components.css?ver=1.0.3 HTTP/1.1" 200 4037 "https://dandenongdaynursery.com.au/" "Mozilla/5.0 (Linux; Android 10; K) AppleWebKit/537.36 (KHTML, like Gecko) Chrome/143.0.0.0 Mobile Safari/537.36"
101.119.139.159 - - [02/Jan/2026:07:45:37 +0800] "GET /wp-content/themes/layers-elementor/assets/css/framework.css?ver=1.0.3 HTTP/1.1" 200 10628 "https://dandenongdaynursery.com.au/" "Mozilla/5.0 (Linux; Android 10; K) AppleWebKit/537.36 (KHTML, like Gecko) Chrome/143.0.0.0 Mobile Safari/537.36"
101.119.139.159 - - [02/Jan/2026:07:45:37 +0800] "GET /wp-content/themes/layers-elementor/assets/css/responsive.css?ver=1.0.3 HTTP/1.1" 200 4548 "https://dandenongdaynursery.com.au/" "Mozilla/5.0 (Linux; Android 10; K) AppleWebKit/537.36 (KHTML, like Gecko) Chrome/143.0.0.0 Mobile Safari/537.36"
101.119.139.159 - - [02/Jan/2026:07:45:37 +0800] "GET /wp-content/themes/layers-elementor/assets/css/layers-icons.css?ver=1.0.3 HTTP/1.1" 200 711 "https://dandenongdaynursery.com.au/" "Mozilla/5.0 (Linux; Android 10; K) AppleWebKit/537.36 (KHTML, like Gecko) Chrome/143.0.0.0 Mobile Safari/537.36"
101.119.139.159 - - [02/Jan/2026:07:45:37 +0800] "GET /wp-content/themes/layers-elementor/assets/css/layers-pro.css?ver=1.0.3 HTTP/1.1" 200 2534 "https://dandenongdaynursery.com.au/" "Mozilla/5.0 (Linux; Android 10; K) AppleWebKit/537.36 (KHTML, like Gecko) Chrome/143.0.0.0 Mobile Safari/537.36"
101.119.139.159 - - [02/Jan/2026:07:45:37 +0800] "GET /wp-content/plugins/elementor/assets/lib/eicons/css/elementor-icons.min.css?ver=5.34.0 HTTP/1.1" 200 4384 "https://dandenongdaynursery.com.au/" "Mozilla/5.0 (Linux; Android 10; K) AppleWebKit/537.36 (KHTML, like Gecko) Chrome/143.0.0.0 Mobile Safari/537.36"
101.119.139.159 - - [02/Jan/2026:07:45:37 +0800] "GET /wp-content/plugins/elementor/assets/css/widget-icon-list.min.css?ver=3.24.3 HTTP/1.1" 200 1023 "https://dandenongdaynursery.com.au/" "Mozilla/5.0 (Linux; Android 10; K) AppleWebKit/537.36 (KHTML, like Gecko) Chrome/143.0.0.0 Mobile Safari/537.36"
101.119.139.159 - - [02/Jan/2026:07:45:37 +0800] "GET /wp-content/plugins/elementor/assets/css/widget-social-icons.min.css?ver=3.24.0 HTTP/1.1" 200 1142 "https://dandenongdaynursery.com.au/" "Mozilla/5.0 (Linux; Android 10; K) AppleWebKit/537.36 (KHTML, like Gecko) Chrome/143.0.0.0 Mobile Safari/537.36"
101.119.139.159 - - [02/Jan/2026:07:45:37 +0800] "GET /wp-content/plugins/elementor/assets/lib/font-awesome/css/brands.css?ver=5.15.3 HTTP/1.1" 200 322 "https://dandenongdaynursery.com.au/" "Mozilla/5.0 (Linux; Android 10; K) AppleWebKit/537.36 (KHTML, like Gecko) Chrome/143.0.0.0 Mobile Safari/537.36"
101.119.139.159 - - [02/Jan/2026:07:45:37 +0800] "GET /wp-content/plugins/elementor/assets/lib/font-awesome/css/fontawesome.css?ver=5.15.3 HTTP/1.1" 200 13124 "https://dandenongdaynursery.com.au/" "Mozilla/5.0 (Linux; Android 10; K) AppleWebKit/537.36 (KHTML, like Gecko) Chrome/143.0.0.0 Mobile Safari/537.36"
101.119.139.159 - - [02/Jan/2026:07:45:37 +0800] "GET /wp-content/plugins/elementor/assets/lib/font-awesome/css/solid.css?ver=5.15.3 HTTP/1.1" 200 325 "https://dandenongdaynursery.com.au/" "Mozilla/5.0 (Linux; Android 10; K) AppleWebKit/537.36 (KHTML, like Gecko) Chrome/143.0.0.0 Mobile Safari/537.36"
101.119.139.159 - - [02/Jan/2026:07:45:38 +0800] "GET /wp-content/themes/layers-elementor/style.css?ver=1.0.3 HTTP/1.1" 200 912 "https://dandenongdaynursery.com.au/" "Mozilla/5.0 (Linux; Android 10; K) AppleWebKit/537.36 (KHTML, like Gecko) Chrome/143.0.0.0 Mobile Safari/537.36"
101.119.139.159 - - [02/Jan/2026:07:45:38 +0800] "GET /wp-content/uploads/elementor/google-fonts/css/robotoslab.css?ver=1742440818 HTTP/1.1" 200 964 "https://dandenongdaynursery.com.au/" "Mozilla/5.0 (Linux; Android 10; K) AppleWebKit/537.36 (KHTML, like Gecko) Chrome/143.0.0.0 Mobile Safari/537.36"
101.119.139.159 - - [02/Jan/2026:07:45:38 +0800] "GET /wp-content/uploads/elementor/google-fonts/css/roboto.css?ver=1742440807 HTTP/1.1" 200 2867 "https://dandenongdaynursery.com.au/" "Mozilla/5.0 (Linux; Android 10; K) AppleWebKit/537.36 (KHTML, like Gecko) Chrome/143.0.0.0 Mobile Safari/537.36"
101.119.139.159 - - [02/Jan/2026:07:45:38 +0800] "GET /wp-content/uploads/elementor/google-fonts/css/montserrat.css?ver=1742440837 HTTP/1.1" 200 1093 "https://dandenongdaynursery.com.au/" "Mozilla/5.0 (Linux; Android 10; K) AppleWebKit/537.36 (KHTML, like Gecko) Chrome/143.0.0.0 Mobile Safari/537.36"
101.119.139.159 - - [02/Jan/2026:07:45:38 +0800] "GET /wp-content/uploads/elementor/google-fonts/css/raleway.css?ver=1742440850 HTTP/1.1" 200 1086 "https://dandenongdaynursery.com.au/" "Mozilla/5.0 (Linux; Android 10; K) AppleWebKit/537.36 (KHTML, like Gecko) Chrome/143.0.0.0 Mobile Safari/537.36"
101.119.139.159 - - [02/Jan/2026:07:45:38 +0800] "GET /wp-content/plugins/elementor/assets/lib/font-awesome/css/solid.min.css?ver=5.15.3 HTTP/1.1" 200 309 "https://dandenongdaynursery.com.au/" "Mozilla/5.0 (Linux; Android 10; K) AppleWebKit/537.36 (KHTML, like Gecko) Chrome/143.0.0.0 Mobile Safari/537.36"
101.119.139.159 - - [02/Jan/2026:07:45:38 +0800] "GET /wp-content/plugins/elementor/assets/lib/font-awesome/css/fontawesome.min.css?ver=5.15.3 HTTP/1.1" 200 12617 "https://dandenongdaynursery.com.au/" "Mozilla/5.0 (Linux; Android 10; K) AppleWebKit/537.36 (KHTML, like Gecko) Chrome/143.0.0.0 Mobile Safari/537.36"
101.119.139.159 - - [02/Jan/2026:07:45:38 +0800] "GET /wp-content/plugins/elementor/assets/lib/font-awesome/css/regular.min.css?ver=5.15.3 HTTP/1.1" 200 308 "https://dandenongdaynursery.com.au/" "Mozilla/5.0 (Linux; Android 10; K) AppleWebKit/537.36 (KHTML, like Gecko) Chrome/143.0.0.0 Mobile Safari/537.36"
101.119.139.159 - - [02/Jan/2026:07:45:38 +0800] "GET /wp-content/plugins/elementor/assets/lib/font-awesome/css/brands.min.css?ver=5.15.3 HTTP/1.1" 200 308 "https://dandenongdaynursery.com.au/" "Mozilla/5.0 (Linux; Android 10; K) AppleWebKit/537.36 (KHTML, like Gecko) Chrome/143.0.0.0 Mobile Safari/537.36"
101.119.139.159 - - [02/Jan/2026:07:45:38 +0800] "GET /wp-includes/js/jquery/jquery-migrate.min.js?ver=3.4.1 HTTP/1.1" 200 4872 "https://dandenongdaynursery.com.au/" "Mozilla/5.0 (Linux; Android 10; K) AppleWebKit/537.36 (KHTML, like Gecko) Chrome/143.0.0.0 Mobile Safari/537.36"
101.119.139.159 - - [02/Jan/2026:07:45:38 +0800] "GET /wp-includes/js/jquery/jquery.min.js?ver=3.7.1 HTTP/1.1" 200 30368 "https://dandenongdaynursery.com.au/" "Mozilla/5.0 (Linux; Android 10; K) AppleWebKit/537.36 (KHTML, like Gecko) Chrome/143.0.0.0 Mobile Safari/537.36"
101.119.139.159 - - [02/Jan/2026:07:45:38 +0800] "GET /wp-content/plugins/elementor/assets/lib/font-awesome/js/v4-shims.min.js?ver=3.34.0 HTTP/1.1" 200 4209 "https://dandenongdaynursery.com.au/" "Mozilla/5.0 (Linux; Android 10; K) AppleWebKit/537.36 (KHTML, like Gecko) Chrome/143.0.0.0 Mobile Safari/537.36"
101.119.139.159 - - [02/Jan/2026:07:45:38 +0800] "GET /wp-content/plugins/ays-popup-box/public/js/ays-pb-public.js?ver=6.0.9 HTTP/1.1" 200 3831 "https://dandenongdaynursery.com.au/" "Mozilla/5.0 (Linux; Android 10; K) AppleWebKit/537.36 (KHTML, like Gecko) Chrome/143.0.0.0 Mobile Safari/537.36"
101.119.139.159 - - [02/Jan/2026:07:45:38 +0800] "GET /wp-content/themes/layers-elementor/assets/js/layers.framework.js?ver=1.0.3 HTTP/1.1" 200 2182 "https://dandenongdaynursery.com.au/" "Mozilla/5.0 (Linux; Android 10; K) AppleWebKit/537.36 (KHTML, like Gecko) Chrome/143.0.0.0 Mobile Safari/537.36"
101.119.139.159 - - [02/Jan/2026:07:45:38 +0800] "GET /wp-content/themes/layers-elementor/assets/js/plugins.js?ver=1.0.3 HTTP/1.1" 200 11608 "https://dandenongdaynursery.com.au/" "Mozilla/5.0 (Linux; Android 10; K) AppleWebKit/537.36 (KHTML, like Gecko) Chrome/143.0.0.0 Mobile Safari/537.36"
101.119.139.159 - - [02/Jan/2026:07:45:38 +0800] "GET /wp-content/themes/layers-elementor/assets/js/layers-pro.js?ver=1.0.3 HTTP/1.1" 200 5579 "https://dandenongdaynursery.com.au/" "Mozilla/5.0 (Linux; Android 10; K) AppleWebKit/537.36 (KHTML, like Gecko) Chrome/143.0.0.0 Mobile Safari/537.36"
101.119.139.159 - - [02/Jan/2026:07:45:38 +0800] "GET /wp-content/uploads/2023/03/flags.jpg HTTP/1.1" 200 5111 "https://dandenongdaynursery.com.au/" "Mozilla/5.0 (Linux; Android 10; K) AppleWebKit/537.36 (KHTML, like Gecko) Chrome/143.0.0.0 Mobile Safari/537.36"
101.119.139.159 - - [02/Jan/2026:07:45:38 +0800] "GET /wp-content/uploads/2022/12/Dandenong-Day-Nursery-Logo.png HTTP/1.1" 200 19769 "https://dandenongdaynursery.com.au/" "Mozilla/5.0 (Linux; Android 10; K) AppleWebKit/537.36 (KHTML, like Gecko) Chrome/143.0.0.0 Mobile Safari/537.36"
101.119.139.159 - - [02/Jan/2026:07:45:38 +0800] "GET /wp-content/uploads/2022/12/Care.png HTTP/1.1" 200 4498 "https://dandenongdaynursery.com.au/" "Mozilla/5.0 (Linux; Android 10; K) AppleWebKit/537.36 (KHTML, like Gecko) Chrome/143.0.0.0 Mobile Safari/537.36"
101.119.139.159 - - [02/Jan/2026:07:45:38 +0800] "GET /wp-content/plugins/elementor/assets/css/widget-social-icons.min.css?ver=3.34.0 HTTP/1.1" 200 1142 "https://dandenongdaynursery.com.au/" "Mozilla/5.0 (Linux; Android 10; K) AppleWebKit/537.36 (KHTML, like Gecko) Chrome/143.0.0.0 Mobile Safari/537.36"
101.119.139.159 - - [02/Jan/2026:07:45:38 +0800] "GET /wp-content/plugins/elementor/assets/css/conditionals/apple-webkit.min.css?ver=3.34.0 HTTP/1.1" 200 547 "https://dandenongdaynursery.com.au/" "Mozilla/5.0 (Linux; Android 10; K) AppleWebKit/537.36 (KHTML, like Gecko) Chrome/143.0.0.0 Mobile Safari/537.36"
101.119.139.159 - - [02/Jan/2026:07:45:38 +0800] "GET /wp-content/plugins/ays-popup-box/public/css/ays-pb-public-min.css?ver=6.0.9 HTTP/1.1" 200 5691 "https://dandenongdaynursery.com.au/" "Mozilla/5.0 (Linux; Android 10; K) AppleWebKit/537.36 (KHTML, like Gecko) Chrome/143.0.0.0 Mobile Safari/537.36"
101.119.139.159 - - [02/Jan/2026:07:45:38 +0800] "GET /wp-content/uploads/2023/03/wheelbarrow-and-hands.jpg HTTP/1.1" 200 238613 "https://dandenongdaynursery.com.au/" "Mozilla/5.0 (Linux; Android 10; K) AppleWebKit/537.36 (KHTML, like Gecko) Chrome/143.0.0.0 Mobile Safari/537.36"
101.119.139.159 - - [02/Jan/2026:07:45:38 +0800] "GET /wp-content/plugins/elementor/assets/lib/font-awesome/webfonts/fa-solid-900.woff2 HTTP/1.1" 200 78196 "https://dandenongdaynursery.com.au/wp-content/plugins/elementor/assets/lib/font-awesome/css/all.min.css?ver=3.34.0" "Mozilla/5.0 (Linux; Android 10; K) AppleWebKit/537.36 (KHTML, like Gecko) Chrome/143.0.0.0 Mobile Safari/537.36"
101.119.139.159 - - [02/Jan/2026:07:45:38 +0800] "GET /wp-content/uploads/elementor/google-fonts/fonts/raleway-1ptug8zys_skggpnyc0itw.woff2 HTTP/1.1" 200 48336 "https://dandenongdaynursery.com.au/wp-content/uploads/elementor/google-fonts/css/raleway.css?ver=1742440850" "Mozilla/5.0 (Linux; Android 10; K) AppleWebKit/537.36 (KHTML, like Gecko) Chrome/143.0.0.0 Mobile Safari/537.36"
101.119.139.159 - - [02/Jan/2026:07:45:38 +0800] "GET /wp-content/uploads/elementor/google-fonts/fonts/montserrat-jtusjig1_i6t8kchkm459wlhyw.woff2 HTTP/1.1" 200 37828 "https://dandenongdaynursery.com.au/wp-content/uploads/elementor/google-fonts/css/montserrat.css?ver=1742440837" "Mozilla/5.0 (Linux; Android 10; K) AppleWebKit/537.36 (KHTML, like Gecko) Chrome/143.0.0.0 Mobile Safari/537.36"
101.119.139.159 - - [02/Jan/2026:07:45:38 +0800] "GET /wp-content/uploads/elementor/google-fonts/fonts/montserrat-jtuqjig1_i6t8kchkm459wxrys7m.woff2 HTTP/1.1" 200 39608 "https://dandenongdaynursery.com.au/wp-content/uploads/elementor/google-fonts/css/montserrat.css?ver=1742440837" "Mozilla/5.0 (Linux; Android 10; K) AppleWebKit/537.36 (KHTML, like Gecko) Chrome/143.0.0.0 Mobile Safari/537.36"
101.119.139.159 - - [02/Jan/2026:07:45:38 +0800] "GET /wp-content/uploads/elementor/google-fonts/fonts/roboto-kfo7cnqeu92fr1me7ksn66agldtyluama3yuba.woff2 HTTP/1.1" 200 40128 "https://dandenongdaynursery.com.au/wp-content/uploads/elementor/google-fonts/css/roboto.css?ver=1742440807" "Mozilla/5.0 (Linux; Android 10; K) AppleWebKit/537.36 (KHTML, like Gecko) Chrome/143.0.0.0 Mobile Safari/537.36"
101.119.139.159 - - [02/Jan/2026:07:45:38 +0800] "GET /wp-content/plugins/elementor/assets/lib/font-awesome/webfonts/fa-brands-400.woff2 HTTP/1.1" 200 81612 "https://dandenongdaynursery.com.au/wp-content/plugins/elementor/assets/lib/font-awesome/css/all.min.css?ver=3.34.0" "Mozilla/5.0 (Linux; Android 10; K) AppleWebKit/537.36 (KHTML, like Gecko) Chrome/143.0.0.0 Mobile Safari/537.36"
101.119.139.159 - - [02/Jan/2026:07:45:38 +0800] "GET /wp-content/plugins/elementor/assets/js/webpack.runtime.min.js?ver=3.34.0 HTTP/1.1" 200 2476 "https://dandenongdaynursery.com.au/" "Mozilla/5.0 (Linux; Android 10; K) AppleWebKit/537.36 (KHTML, like Gecko) Chrome/143.0.0.0 Mobile Safari/537.36"
101.119.139.159 - - [02/Jan/2026:07:45:38 +0800] "GET /wp-includes/js/jquery/ui/core.min.js?ver=1.13.3 HTTP/1.1" 200 7106 "https://dandenongdaynursery.com.au/" "Mozilla/5.0 (Linux; Android 10; K) AppleWebKit/537.36 (KHTML, like Gecko) Chrome/143.0.0.0 Mobile Safari/537.36"
101.119.139.159 - - [02/Jan/2026:07:45:38 +0800] "GET /wp-content/plugins/elementor/assets/js/frontend.min.js?ver=3.34.0 HTTP/1.1" 200 10325 "https://dandenongdaynursery.com.au/" "Mozilla/5.0 (Linux; Android 10; K) AppleWebKit/537.36 (KHTML, like Gecko) Chrome/143.0.0.0 Mobile Safari/537.36"
101.119.139.159 - - [02/Jan/2026:07:45:38 +0800] "GET /wp-content/plugins/elementor/assets/js/frontend-modules.min.js?ver=3.34.0 HTTP/1.1" 200 25657 "https://dandenongdaynursery.com.au/" "Mozilla/5.0 (Linux; Android 10; K) AppleWebKit/537.36 (KHTML, like Gecko) Chrome/143.0.0.0 Mobile Safari/537.36"
101.119.139.159 - - [02/Jan/2026:07:45:38 +0800] "GET /wp-content/plugins/elementor/assets/lib/swiper/v8/swiper.min.js?ver=8.4.5 HTTP/1.1" 200 39695 "https://dandenongdaynursery.com.au/" "Mozilla/5.0 (Linux; Android 10; K) AppleWebKit/537.36 (KHTML, like Gecko) Chrome/143.0.0.0 Mobile Safari/537.36"
101.119.139.159 - - [02/Jan/2026:07:45:38 +0800] "GET /wp-content/plugins/header-footer-elementor/inc/js/frontend.js?ver=2.7.1 HTTP/1.1" 200 4880 "https://dandenongdaynursery.com.au/" "Mozilla/5.0 (Linux; Android 10; K) AppleWebKit/537.36 (KHTML, like Gecko) Chrome/143.0.0.0 Mobile Safari/537.36"
101.119.139.159 - - [02/Jan/2026:07:45:38 +0800] "GET /wp-content/plugins/advanced-testimonial-carousel-for-elementor/assets/js/atc-testimonial.js?ver=3.1.2 HTTP/1.1" 200 49919 "https://dandenongdaynursery.com.au/" "Mozilla/5.0 (Linux; Android 10; K) AppleWebKit/537.36 (KHTML, like Gecko) Chrome/143.0.0.0 Mobile Safari/537.36"
101.119.139.159 - - [02/Jan/2026:07:45:38 +0800] "GET /wp-content/plugins/wpforms-lite/assets/lib/jquery.validate.min.js?ver=1.21.0 HTTP/1.1" 200 8053 "https://dandenongdaynursery.com.au/" "Mozilla/5.0 (Linux; Android 10; K) AppleWebKit/537.36 (KHTML, like Gecko) Chrome/143.0.0.0 Mobile Safari/537.36"
101.119.139.159 - - [02/Jan/2026:07:45:38 +0800] "GET /wp-content/plugins/wpforms-lite/assets/lib/mailcheck.min.js?ver=1.1.2 HTTP/1.1" 200 1682 "https://dandenongdaynursery.com.au/" "Mozilla/5.0 (Linux; Android 10; K) AppleWebKit/537.36 (KHTML, like Gecko) Chrome/143.0.0.0 Mobile Safari/537.36"
101.119.139.159 - - [02/Jan/2026:07:45:38 +0800] "GET /wp-content/plugins/wpforms-lite/assets/js/share/utils.min.js?ver=1.9.8.7 HTTP/1.1" 200 800 "https://dandenongdaynursery.com.au/" "Mozilla/5.0 (Linux; Android 10; K) AppleWebKit/537.36 (KHTML, like Gecko) Chrome/143.0.0.0 Mobile Safari/537.36"
101.119.139.159 - - [02/Jan/2026:07:45:38 +0800] "GET /wp-content/plugins/wpforms-lite/assets/lib/punycode.min.js?ver=1.0.0 HTTP/1.1" 200 872 "https://dandenongdaynursery.com.au/" "Mozilla/5.0 (Linux; Android 10; K) AppleWebKit/537.36 (KHTML, like Gecko) Chrome/143.0.0.0 Mobile Safari/537.36"
101.119.139.159 - - [02/Jan/2026:07:45:38 +0800] "GET /wp-content/plugins/wpforms-lite/assets/js/frontend/wpforms.min.js?ver=1.9.8.7 HTTP/1.1" 200 15067 "https://dandenongdaynursery.com.au/" "Mozilla/5.0 (Linux; Android 10; K) AppleWebKit/537.36 (KHTML, like Gecko) Chrome/143.0.0.0 Mobile Safari/537.36"
101.119.139.159 - - [02/Jan/2026:07:45:38 +0800] "GET /wp-content/plugins/wpforms-lite/assets/js/frontend/fields/address.min.js?ver=1.9.8.7 HTTP/1.1" 200 471 "https://dandenongdaynursery.com.au/" "Mozilla/5.0 (Linux; Android 10; K) AppleWebKit/537.36 (KHTML, like Gecko) Chrome/143.0.0.0 Mobile Safari/537.36"
101.119.139.159 - - [02/Jan/2026:07:45:38 +0800] "GET /wp-content/uploads/2022/12/bxs_quote-right.png HTTP/1.1" 200 9214 "https://dandenongdaynursery.com.au/wp-content/uploads/elementor/css/post-10.css?ver=1767029617" "Mozilla/5.0 (Linux; Android 10; K) AppleWebKit/537.36 (KHTML, like Gecko) Chrome/143.0.0.0 Mobile Safari/537.36"
101.119.139.159 - - [02/Jan/2026:07:45:38 +0800] "GET /wp-content/uploads/2022/12/Education.png HTTP/1.1" 200 5192 "https://dandenongdaynursery.com.au/" "Mozilla/5.0 (Linux; Android 10; K) AppleWebKit/537.36 (KHTML, like Gecko) Chrome/143.0.0.0 Mobile Safari/537.36"
101.119.139.159 - - [02/Jan/2026:07:45:38 +0800] "GET /wp-content/plugins/elementor/assets/js/lightbox.d1799e507b570f6b0496.bundle.min.js HTTP/1.1" 200 9477 "https://dandenongdaynursery.com.au/" "Mozilla/5.0 (Linux; Android 10; K) AppleWebKit/537.36 (KHTML, like Gecko) Chrome/143.0.0.0 Mobile Safari/537.36"
101.119.139.159 - - [02/Jan/2026:07:45:38 +0800] "GET /wp-content/plugins/elementor/assets/lib/dialog/dialog.min.js?ver=4.9.3 HTTP/1.1" 200 3782 "https://dandenongdaynursery.com.au/" "Mozilla/5.0 (Linux; Android 10; K) AppleWebKit/537.36 (KHTML, like Gecko) Chrome/143.0.0.0 Mobile Safari/537.36"
101.119.139.159 - - [02/Jan/2026:07:45:38 +0800] "GET /wp-content/plugins/elementor/assets/css/conditionals/dialog.min.css?ver=3.34.0 HTTP/1.1" 200 1578 "https://dandenongdaynursery.com.au/" "Mozilla/5.0 (Linux; Android 10; K) AppleWebKit/537.36 (KHTML, like Gecko) Chrome/143.0.0.0 Mobile Safari/537.36"
101.119.139.159 - - [02/Jan/2026:07:45:38 +0800] "GET /wp-content/plugins/elementor/assets/lib/share-link/share-link.min.js?ver=3.34.0 HTTP/1.1" 200 1169 "https://dandenongdaynursery.com.au/" "Mozilla/5.0 (Linux; Android 10; K) AppleWebKit/537.36 (KHTML, like Gecko) Chrome/143.0.0.0 Mobile Safari/537.36"
101.119.139.159 - - [02/Jan/2026:07:45:38 +0800] "GET /wp-content/plugins/elementor/assets/css/conditionals/lightbox.min.css?ver=3.34.0 HTTP/1.1" 200 1963 "https://dandenongdaynursery.com.au/" "Mozilla/5.0 (Linux; Android 10; K) AppleWebKit/537.36 (KHTML, like Gecko) Chrome/143.0.0.0 Mobile Safari/537.36"
101.119.139.159 - - [02/Jan/2026:07:45:38 +0800] "GET /wp-content/plugins/elementor/assets/js/text-editor.45609661e409413f1cef.bundle.min.js HTTP/1.1" 200 648 "https://dandenongdaynursery.com.au/" "Mozilla/5.0 (Linux; Android 10; K) AppleWebKit/537.36 (KHTML, like Gecko) Chrome/143.0.0.0 Mobile Safari/537.36"
101.119.139.159 - - [02/Jan/2026:07:45:38 +0800] "GET /wp-content/plugins/elementor/assets/js/shared-frontend-handlers.03caa53373b56d3bab67.bundle.min.js HTTP/1.1" 200 2644 "https://dandenongdaynursery.com.au/" "Mozilla/5.0 (Linux; Android 10; K) AppleWebKit/537.36 (KHTML, like Gecko) Chrome/143.0.0.0 Mobile Safari/537.36"
101.119.139.159 - - [02/Jan/2026:07:45:38 +0800] "GET /wp-includes/js/wp-emoji-release.min.js?ver=6.9 HTTP/1.1" 200 5375 "https://dandenongdaynursery.com.au/" "Mozilla/5.0 (Linux; Android 10; K) AppleWebKit/537.36 (KHTML, like Gecko) Chrome/143.0.0.0 Mobile Safari/537.36"
101.119.139.159 - - [02/Jan/2026:07:45:38 +0800] "GET /wp-content/plugins/elementor/assets/js/section-frontend-handlers.d85ab872da118940910d.bundle.min.js HTTP/1.1" 200 269 "https://dandenongdaynursery.com.au/" "Mozilla/5.0 (Linux; Android 10; K) AppleWebKit/537.36 (KHTML, like Gecko) Chrome/143.0.0.0 Mobile Safari/537.36"
101.119.139.159 - - [02/Jan/2026:07:45:43 +0800] "GET /wp-content/uploads/2022/12/Environment.png HTTP/1.1" 200 3951 "https://dandenongdaynursery.com.au/" "Mozilla/5.0 (Linux; Android 10; K) AppleWebKit/537.36 (KHTML, like Gecko) Chrome/143.0.0.0 Mobile Safari/537.36"
101.119.139.159 - - [02/Jan/2026:07:45:41 +0800] "POST /wp-admin/admin-ajax.php HTTP/1.1" 200 - "https://dandenongdaynursery.com.au/" "Mozilla/5.0 (Linux; Android 10; K) AppleWebKit/537.36 (KHTML, like Gecko) Chrome/143.0.0.0 Mobile Safari/537.36"
103.4.122.14 - - [02/Jan/2026:07:45:42 +0800] "POST /wp-admin/admin-ajax.php?action=as_async_request_queue_runner&nonce=0362b5440b HTTP/1.1" 500 184 "-" "WordPress/6.9; https://dandenongdaynursery.com.au"
101.119.139.159 - - [02/Jan/2026:07:45:44 +0800] "GET /wp-content/uploads/2022/12/Nutrition.png HTTP/1.1" 200 5516 "https://dandenongdaynursery.com.au/" "Mozilla/5.0 (Linux; Android 10; K) AppleWebKit/537.36 (KHTML, like Gecko) Chrome/143.0.0.0 Mobile Safari/537.36"
101.119.139.159 - - [02/Jan/2026:07:45:47 +0800] "GET /wp-content/uploads/2022/12/Minamberang-Room.jpg HTTP/1.1" 200 53420 "https://dandenongdaynursery.com.au/" "Mozilla/5.0 (Linux; Android 10; K) AppleWebKit/537.36 (KHTML, like Gecko) Chrome/143.0.0.0 Mobile Safari/537.36"
101.119.139.159 - - [02/Jan/2026:07:45:47 +0800] "GET /wp-content/uploads/2022/12/Pike-Room.jpg HTTP/1.1" 200 39842 "https://dandenongdaynursery.com.au/" "Mozilla/5.0 (Linux; Android 10; K) AppleWebKit/537.36 (KHTML, like Gecko) Chrome/143.0.0.0 Mobile Safari/537.36"
101.119.139.159 - - [02/Jan/2026:07:45:47 +0800] "GET /wp-content/uploads/2022/12/Murrong-Room.jpg HTTP/1.1" 200 55789 "https://dandenongdaynursery.com.au/" "Mozilla/5.0 (Linux; Android 10; K) AppleWebKit/537.36 (KHTML, like Gecko) Chrome/143.0.0.0 Mobile Safari/537.36"
101.119.139.159 - - [02/Jan/2026:07:45:47 +0800] "GET /wp-content/uploads/2023/03/Minamberang-2-1536x1152.jpg HTTP/1.1" 200 243699 "https://dandenongdaynursery.com.au/" "Mozilla/5.0 (Linux; Android 10; K) AppleWebKit/537.36 (KHTML, like Gecko) Chrome/143.0.0.0 Mobile Safari/537.36"
101.119.139.159 - - [02/Jan/2026:07:45:47 +0800] "GET /wp-content/uploads/2022/12/Warrawarrap-Room.jpg HTTP/1.1" 200 53152 "https://dandenongdaynursery.com.au/" "Mozilla/5.0 (Linux; Android 10; K) AppleWebKit/537.36 (KHTML, like Gecko) Chrome/143.0.0.0 Mobile Safari/537.36"
