103.4.122.14 - - [04/Jan/2026:18:59:45 +0800] "POST /wp-cron.php?doing_wp_cron=1767524385.0005390644073486328125 HTTP/1.1" 200 - "-" "WordPress/6.9; https://dandenongdaynursery.com.au"
103.124.93.247 - - [04/Jan/2026:18:59:43 +0800] "POST /xmlrpc.php HTTP/1.1" 200 403 "-" "Mozilla/5.0 (iPhone; CPU iPhone OS 14_6 like Mac OS X) AppleWebKit/605.1.15 (KHTML, like Gecko) CriOS/91.0.4472.80 Mobile/15E148 Safari/604.1"
103.124.93.247 - - [04/Jan/2026:18:59:46 +0800] "POST /xmlrpc.php HTTP/1.1" 200 403 "-" "Mozilla/5.0 (iPhone; CPU iPhone OS 14_6 like Mac OS X) AppleWebKit/605.1.15 (KHTML, like Gecko) CriOS/91.0.4472.80 Mobile/15E148 Safari/604.1"
103.124.93.247 - - [04/Jan/2026:18:59:48 +0800] "POST /xmlrpc.php HTTP/1.1" 200 403 "-" "Mozilla/5.0 (iPhone; CPU iPhone OS 14_6 like Mac OS X) AppleWebKit/605.1.15 (KHTML, like Gecko) CriOS/91.0.4472.80 Mobile/15E148 Safari/604.1"
103.124.93.247 - - [04/Jan/2026:18:59:54 +0800] "POST /xmlrpc.php HTTP/1.1" 200 403 "-" "Mozilla/5.0 (iPhone; CPU iPhone OS 14_6 like Mac OS X) AppleWebKit/605.1.15 (KHTML, like Gecko) CriOS/91.0.4472.80 Mobile/15E148 Safari/604.1"
103.124.93.247 - - [04/Jan/2026:18:59:55 +0800] "POST /xmlrpc.php HTTP/1.1" 200 403 "-" "Mozilla/5.0 (iPhone; CPU iPhone OS 14_6 like Mac OS X) AppleWebKit/605.1.15 (KHTML, like Gecko) CriOS/91.0.4472.80 Mobile/15E148 Safari/604.1"
103.124.93.247 - - [04/Jan/2026:18:59:57 +0800] "POST /xmlrpc.php HTTP/1.1" 403 199 "-" "Mozilla/5.0 (iPhone; CPU iPhone OS 14_6 like Mac OS X) AppleWebKit/605.1.15 (KHTML, like Gecko) CriOS/91.0.4472.80 Mobile/15E148 Safari/604.1"
103.124.93.247 - - [04/Jan/2026:18:59:58 +0800] "POST /xmlrpc.php HTTP/1.1" 403 199 "-" "Mozilla/5.0 (iPhone; CPU iPhone OS 14_6 like Mac OS X) AppleWebKit/605.1.15 (KHTML, like Gecko) CriOS/91.0.4472.80 Mobile/15E148 Safari/604.1"
103.124.93.247 - - [04/Jan/2026:18:59:59 +0800] "POST /xmlrpc.php HTTP/1.1" 403 199 "-" "Mozilla/5.0 (iPhone; CPU iPhone OS 14_6 like Mac OS X) AppleWebKit/605.1.15 (KHTML, like Gecko) CriOS/91.0.4472.80 Mobile/15E148 Safari/604.1"
103.124.93.247 - - [04/Jan/2026:19:00:00 +0800] "POST /xmlrpc.php HTTP/1.1" 403 199 "-" "Mozilla/5.0 (iPhone; CPU iPhone OS 14_6 like Mac OS X) AppleWebKit/605.1.15 (KHTML, like Gecko) CriOS/91.0.4472.80 Mobile/15E148 Safari/604.1"
103.4.122.14 - - [04/Jan/2026:19:04:40 +0800] "POST /wp-cron.php?doing_wp_cron=1767524680.2551798820495605468750 HTTP/1.1" 200 - "-" "WordPress/6.9; https://dandenongdaynursery.com.au"
103.4.122.14 - - [04/Jan/2026:19:19:15 +0800] "POST /wp-cron.php?doing_wp_cron=1767525555.5393779277801513671875 HTTP/1.1" 200 - "-" "WordPress/6.9; https://dandenongdaynursery.com.au"
165.22.30.168 - - [04/Jan/2026:19:19:14 +0800] "GET / HTTP/1.1" 301 - "-" "Mozilla/5.0 (X11; Ubuntu; Linux i686; rv:49.0) Gecko/20100101 Firefox/49.0"
165.22.30.168 - - [04/Jan/2026:19:19:16 +0800] "GET / HTTP/1.1" 200 37519 "-" "Mozilla/5.0 (X11; Ubuntu; Linux i686; rv:49.0) Gecko/20100101 Firefox/49.0"
170.106.192.208 - - [04/Jan/2026:19:23:46 +0800] "GET / HTTP/1.1" 403 199 "-" "Mozilla/5.0 (iPhone; CPU iPhone OS 13_2_3 like Mac OS X) AppleWebKit/605.1.15 (KHTML, like Gecko) Version/13.0.3 Mobile/15E148 Safari/604.1"
103.4.122.14 - - [04/Jan/2026:19:27:15 +0800] "POST /wp-cron.php?doing_wp_cron=1767526034.8297090530395507812500 HTTP/1.1" 200 - "-" "WordPress/6.9; https://dandenongdaynursery.com.au"
5.39.109.183 - - [04/Jan/2026:19:27:13 +0800] "GET /sitemap_index.xml HTTP/1.1" 200 315 "-" "Mozilla/5.0 (compatible; AhrefsBot/7.0; +http://ahrefs.com/robot/)"
92.222.108.119 - - [04/Jan/2026:19:27:19 +0800] "GET /page-sitemap.xml HTTP/1.1" 200 524 "-" "Mozilla/5.0 (compatible; AhrefsBot/7.0; +http://ahrefs.com/robot/)"
54.37.118.67 - - [04/Jan/2026:19:27:24 +0800] "GET /elementor-hf-sitemap.xml HTTP/1.1" 200 398 "-" "Mozilla/5.0 (compatible; AhrefsBot/7.0; +http://ahrefs.com/robot/)"
103.4.122.14 - - [04/Jan/2026:19:32:23 +0800] "POST /wp-cron.php?doing_wp_cron=1767526343.5819239616394042968750 HTTP/1.1" 200 - "-" "WordPress/6.9; https://dandenongdaynursery.com.au"
216.106.178.209 - - [04/Jan/2026:19:32:21 +0800] "GET / HTTP/1.1" 200 37524 "https://www.google.com/" "Mozilla/5.0 (Macintosh; Intel Mac OS X 10.15; rv:121.0) Gecko/20100101 Firefox/121.0"
103.4.122.14 - - [04/Jan/2026:19:42:28 +0800] "POST /wp-cron.php?doing_wp_cron=1767526947.7090489864349365234375 HTTP/1.1" 200 - "-" "WordPress/6.9; https://dandenongdaynursery.com.au"
195.201.163.235 - - [04/Jan/2026:19:42:23 +0800] "POST /xmlrpc.php HTTP/1.1" 200 225 "-" "Mozilla/4.0 (compatible; MSIE 7.0; Windows NT 6.1; Trident/7.0; SLCC2; .NET CLR 2.0.50727; .NET CLR 3.5.30729; .NET CLR 3.0.30729; Media Center PC 6.0; .NET4.0C; .NET4.0E; Tablet PC 2.0)"
103.4.122.14 - - [04/Jan/2026:20:06:04 +0800] "POST /wp-cron.php?doing_wp_cron=1767528364.2610208988189697265625 HTTP/1.1" 200 - "-" "WordPress/6.9; https://dandenongdaynursery.com.au"
103.4.122.14 - - [04/Jan/2026:20:06:04 +0800] "POST /wp-cron.php?doing_wp_cron=1767528364.3430509567260742187500 HTTP/1.1" 200 - "-" "WordPress/6.9; https://dandenongdaynursery.com.au"
51.89.38.21 - - [04/Jan/2026:20:06:02 +0800] "GET /?check_plugin HTTP/1.1" 200 260924 "-" "Mozilla/5.0 (Windows NT 10.0; Win64; x64) AppleWebKit/537.36 (KHTML, like Gecko) Chrome/127.0.0.0 Safari/537.36"
51.89.38.21 - - [04/Jan/2026:20:06:02 +0800] "GET /blog-verify HTTP/1.1" 404 170650 "-" "Mozilla/5.0 (Windows NT 10.0; Win64; x64) AppleWebKit/537.36 (KHTML, like Gecko) Chrome/127.0.0.0 Safari/537.36"
103.4.122.14 - - [04/Jan/2026:20:14:08 +0800] "POST /wp-cron.php?doing_wp_cron=1767528848.2738389968872070312500 HTTP/1.1" 200 - "-" "WordPress/6.9; https://dandenongdaynursery.com.au"
149.88.18.28 - - [04/Jan/2026:20:14:07 +0800] "GET / HTTP/1.0" 301 - "http://dandenongdaynursery.com.au/" "Mozilla/5.0 (Windows NT 10.0; Win64; x64) AppleWebKit/537.36 (KHTML, like Gecko) Chrome/131.0.0.0 Safari/537.36"
149.88.18.28 - - [04/Jan/2026:20:14:09 +0800] "GET / HTTP/1.0" 200 260933 "https://dandenongdaynursery.com.au/" "Mozilla/5.0 (Windows NT 10.0; Win64; x64) AppleWebKit/537.36 (KHTML, like Gecko) Chrome/131.0.0.0 Safari/537.36"
149.88.18.28 - - [04/Jan/2026:20:14:24 +0800] "POST /wp-admin/admin-ajax.php HTTP/1.0" 200 327 "https://dandenongdaynursery.com.au/" "Mozilla/5.0 (Windows NT 10.0; Win64; x64) AppleWebKit/537.36 (KHTML, like Gecko) Chrome/131.0.0.0 Safari/537.36"
103.4.122.14 - - [04/Jan/2026:20:14:25 +0800] "POST /wp-admin/admin-ajax.php?action=as_async_request_queue_runner&nonce=f6862d492e HTTP/1.1" 500 184 "-" "WordPress/6.9; https://dandenongdaynursery.com.au"
54.37.118.67 - - [04/Jan/2026:20:14:49 +0800] "GET /team/ HTTP/1.1" 200 34458 "-" "Mozilla/5.0 (compatible; AhrefsBot/7.0; +http://ahrefs.com/robot/)"
103.4.122.14 - - [04/Jan/2026:20:25:53 +0800] "POST /wp-cron.php?doing_wp_cron=1767529553.9160850048065185546875 HTTP/1.1" 200 - "-" "WordPress/6.9; https://dandenongdaynursery.com.au"
114.119.153.131 - - [04/Jan/2026:20:25:52 +0800] "GET /feed HTTP/1.1" 301 - "-" "Mozilla/5.0 (Linux; Android 7.0;) AppleWebKit/537.36 (KHTML, like Gecko) Mobile Safari/537.36 (compatible; PetalBot;+https://webmaster.petalsearch.com/site/petalbot)"
114.119.153.131 - - [04/Jan/2026:20:25:54 +0800] "GET /feed/ HTTP/1.1" 200 536 "-" "Mozilla/5.0 (Linux; Android 7.0;) AppleWebKit/537.36 (KHTML, like Gecko) Mobile Safari/537.36 (compatible; PetalBot;+https://webmaster.petalsearch.com/site/petalbot)"
103.4.122.14 - - [04/Jan/2026:20:27:54 +0800] "POST /wp-cron.php?doing_wp_cron=1767529674.3413269519805908203125 HTTP/1.1" 200 - "-" "WordPress/6.9; https://dandenongdaynursery.com.au"
14.173.44.166 - - [04/Jan/2026:20:27:53 +0800] "GET /hello-world/ HTTP/1.1" 404 170600 "-" "Mozilla/5.0 (X11; Arch Linux i686; rv:2.0) Gecko/20110321 Firefox/4.0"
52.167.144.163 - - [04/Jan/2026:20:31:03 +0800] "GET /wp-content/uploads/2023/03/Pike-Room-N-1536x1152.jpg HTTP/1.1" 200 414320 "-" "Mozilla/5.0 AppleWebKit/537.36 (KHTML, like Gecko; compatible; bingbot/2.0; +http://www.bing.com/bingbot.htm) Chrome/116.0.1938.76 Safari/537.36"
40.77.167.22 - - [04/Jan/2026:20:44:23 +0800] "GET /wp-content/uploads/2023/03/Minamberang-5-1536x1152.jpg HTTP/1.1" 200 476920 "-" "Mozilla/5.0 AppleWebKit/537.36 (KHTML, like Gecko; compatible; bingbot/2.0; +http://www.bing.com/bingbot.htm) Chrome/116.0.1938.76 Safari/537.36"
103.4.122.14 - - [04/Jan/2026:20:52:24 +0800] "POST /wp-cron.php?doing_wp_cron=1767531143.8358840942382812500000 HTTP/1.1" 200 - "-" "WordPress/6.9; https://dandenongdaynursery.com.au"
66.249.70.37 - - [04/Jan/2026:20:52:22 +0800] "GET / HTTP/1.1" 200 37521 "-" "Mozilla/5.0 (Linux; Android 6.0.1; Nexus 5X Build/MMB29P) AppleWebKit/537.36 (KHTML, like Gecko) Chrome/141.0.7390.122 Mobile Safari/537.36 (compatible; Googlebot/2.1; +http://www.google.com/bot.html)"
66.249.70.38 - - [04/Jan/2026:20:52:27 +0800] "GET /wp-content/plugins/elementor/assets/css/widget-heading.min.css?ver=3.34.0 HTTP/1.1" 200 160 "https://dandenongdaynursery.com.au/" "Mozilla/5.0 (Linux; Android 6.0.1; Nexus 5X Build/MMB29P) AppleWebKit/537.36 (KHTML, like Gecko) Chrome/141.0.7390.122 Mobile Safari/537.36 (compatible; Googlebot/2.1; +http://www.google.com/bot.html)"
66.249.70.38 - - [04/Jan/2026:20:52:27 +0800] "GET /wp-content/themes/layers-elementor/assets/js/plugins.js?ver=1.0.3 HTTP/1.1" 200 11608 "https://dandenongdaynursery.com.au/" "Mozilla/5.0 (Linux; Android 6.0.1; Nexus 5X Build/MMB29P) AppleWebKit/537.36 (KHTML, like Gecko) Chrome/141.0.7390.122 Mobile Safari/537.36 (compatible; Googlebot/2.1; +http://www.google.com/bot.html)"
103.4.122.14 - - [04/Jan/2026:20:55:00 +0800] "POST /wp-cron.php?doing_wp_cron=1767531300.6129169464111328125000 HTTP/1.1" 200 - "-" "WordPress/6.9; https://dandenongdaynursery.com.au"
184.168.100.57 - - [04/Jan/2026:20:54:59 +0800] "POST /xmlrpc.php HTTP/1.1" 200 225 "-" "Mozilla/5.0 (Windows NT 6.1; WOW64; Trident/7.0; MATP; MATP; MATPJS; rv:11.0) like Gecko"
103.4.122.14 - - [04/Jan/2026:21:13:33 +0800] "POST /wp-cron.php?doing_wp_cron=1767532413.4228510856628417968750 HTTP/1.1" 200 - "-" "WordPress/6.9; https://dandenongdaynursery.com.au"
66.249.73.6 - - [04/Jan/2026:21:13:32 +0800] "GET /robots.txt HTTP/1.1" 301 - "-" "Mozilla/5.0 (compatible; Googlebot/2.1; +http://www.google.com/bot.html)"
66.249.70.37 - - [04/Jan/2026:21:13:33 +0800] "GET /robots.txt HTTP/1.1" 200 135 "-" "Mozilla/5.0 (compatible; Googlebot/2.1; +http://www.google.com/bot.html)"
103.4.122.14 - - [04/Jan/2026:21:17:12 +0800] "POST /wp-cron.php?doing_wp_cron=1767532632.8868451118469238281250 HTTP/1.1" 200 - "-" "WordPress/6.9; https://dandenongdaynursery.com.au"
4.193.210.194 - - [04/Jan/2026:21:17:11 +0800] "GET / HTTP/1.1" 301 - "-" "Mozlila/5.0 (Linux; Android 7.0; SM-G892A Bulid/NRD90M; wv) AppleWebKit/537.36 (KHTML, like Gecko) Version/4.0 Chrome/60.0.3112.107 Moblie Safari/537.36"
103.4.122.14 - - [04/Jan/2026:21:17:13 +0800] "POST /wp-cron.php?doing_wp_cron=1767532633.1854150295257568359375 HTTP/1.1" 200 - "-" "WordPress/6.9; https://dandenongdaynursery.com.au"
4.193.210.194 - - [04/Jan/2026:21:17:11 +0800] "POST /wp-plain.php HTTP/1.1" 404 170600 "www.google.com" "Mozilla/5.0 (Linux; Android 7.0; SM-G892A Bulid/NRD90M; wv) AppleWebKit/537.36 (KHTML, like Gecko) Version/4.0 Chrome/60.0.3112.107 Moblie Safari/537.36"
103.4.122.14 - - [04/Jan/2026:21:17:13 +0800] "POST /wp-cron.php?doing_wp_cron=1767532633.4345331192016601562500 HTTP/1.1" 200 - "-" "WordPress/6.9; https://dandenongdaynursery.com.au"
4.193.210.194 - - [04/Jan/2026:21:17:12 +0800] "GET /wp-content/themes/seotheme/db.php?u HTTP/1.1" 404 170600 "www.google.com" "Mozlila/5.0 (Linux; Android 7.0; SM-G892A Bulid/NRD90M; wv) AppleWebKit/537.36 (KHTML, like Gecko) Version/4.0 Chrome/60.0.3112.107 Moblie Safari/537.36"
4.193.210.194 - - [04/Jan/2026:21:17:13 +0800] "GET /xbyuyjct.php?Fox=d3wL7 HTTP/1.1" 404 170600 "www.google.com" "Mozilla/5.0 (Linux; Android 7.0; SM-G892A Bulid/NRD90M; wv) AppleWebKit/537.36 (KHTML, like Gecko) Version/4.0 Chrome/60.0.3112.107 Moblie Safari/537.36"
4.193.210.194 - - [04/Jan/2026:21:17:16 +0800] "POST /ALFA_DATA/alfacgiapi/perl.alfa HTTP/1.1" 404 170650 "www.google.com" "Mozlila/5.0 (Linux; Android 7.0; SM-G892A Bulid/NRD90M; wv) AppleWebKit/537.36 (KHTML, like Gecko) Version/4.0 Chrome/60.0.3112.107 Moblie Safari/537.36"
4.193.210.194 - - [04/Jan/2026:21:17:16 +0800] "GET / HTTP/1.1" 200 260898 "-" "Mozlila/5.0 (Linux; Android 7.0; SM-G892A Bulid/NRD90M; wv) AppleWebKit/537.36 (KHTML, like Gecko) Version/4.0 Chrome/60.0.3112.107 Moblie Safari/537.36"
4.193.210.194 - - [04/Jan/2026:21:17:16 +0800] "GET /wp-content/themes/seotheme/db.php?u HTTP/1.1" 404 170650 "www.google.com" "Mozlila/5.0 (Linux; Android 7.0; SM-G892A Bulid/NRD90M; wv) AppleWebKit/537.36 (KHTML, like Gecko) Version/4.0 Chrome/60.0.3112.107 Moblie Safari/537.36"
4.193.210.194 - - [04/Jan/2026:21:17:17 +0800] "POST /wp-plain.php HTTP/1.1" 404 170650 "www.google.com" "Mozilla/5.0 (Linux; Android 7.0; SM-G892A Bulid/NRD90M; wv) AppleWebKit/537.36 (KHTML, like Gecko) Version/4.0 Chrome/60.0.3112.107 Moblie Safari/537.36"
4.193.210.194 - - [04/Jan/2026:21:17:17 +0800] "POST /alfacgiapi/perl.alfa HTTP/1.1" 404 170650 "www.google.com" "Mozlila/5.0 (Linux; Android 7.0; SM-G892A Bulid/NRD90M; wv) AppleWebKit/537.36 (KHTML, like Gecko) Version/4.0 Chrome/60.0.3112.107 Moblie Safari/537.36"
4.193.210.194 - - [04/Jan/2026:21:17:18 +0800] "GET /wp-content/plugins/apikey/apikey.php?test=hello HTTP/1.1" 404 170650 "-" "Mozlila/5.0 (Linux; Android 7.0; SM-G892A Bulid/NRD90M; wv) AppleWebKit/537.36 (KHTML, like Gecko) Version/4.0 Chrome/60.0.3112.107 Moblie Safari/537.36"
4.193.210.194 - - [04/Jan/2026:21:17:19 +0800] "GET /wyxcwqlq.php?Fox=d3wL7 HTTP/1.1" 404 170650 "www.google.com" "Mozilla/5.0 (Linux; Android 7.0; SM-G892A Bulid/NRD90M; wv) AppleWebKit/537.36 (KHTML, like Gecko) Version/4.0 Chrome/60.0.3112.107 Moblie Safari/537.36"
4.193.210.194 - - [04/Jan/2026:21:17:19 +0800] "GET /plugins/content/apismtp/apismtp.php?test=hello HTTP/1.1" 404 170650 "-" "Mozlila/5.0 (Linux; Android 7.0; SM-G892A Bulid/NRD90M; wv) AppleWebKit/537.36 (KHTML, like Gecko) Version/4.0 Chrome/60.0.3112.107 Moblie Safari/537.36"
4.193.210.194 - - [04/Jan/2026:21:17:20 +0800] "GET /wp-content/plugins/apikey/apikey.php.suspected?test=hello HTTP/1.1" 404 170650 "-" "Mozlila/5.0 (Linux; Android 7.0; SM-G892A Bulid/NRD90M; wv) AppleWebKit/537.36 (KHTML, like Gecko) Version/4.0 Chrome/60.0.3112.107 Moblie Safari/537.36"
4.193.210.194 - - [04/Jan/2026:21:17:21 +0800] "GET /plugins/content/apismtp/apismtp.php.suspected?test=hello HTTP/1.1" 404 170650 "-" "Mozlila/5.0 (Linux; Android 7.0; SM-G892A Bulid/NRD90M; wv) AppleWebKit/537.36 (KHTML, like Gecko) Version/4.0 Chrome/60.0.3112.107 Moblie Safari/537.36"
173.252.107.15 - - [04/Jan/2026:21:17:37 +0800] "GET / HTTP/1.1" 301 - "-" "facebookexternalhit/1.1 (+http://www.facebook.com/externalhit_uatext.php)"
173.252.107.15 - - [04/Jan/2026:21:17:39 +0800] "GET / HTTP/1.1" 200 260898 "-" "facebookexternalhit/1.1 (+http://www.facebook.com/externalhit_uatext.php)"
23.178.112.105 - - [04/Jan/2026:21:36:50 +0800] "GET /.well-known/acme-challenge/dMom0gjyZyymAZfjUvTBVfnc1QOJbV2PoiGY5fZYAwo HTTP/1.1" 404 196 "-" "Mozilla/5.0 (compatible; Let's Encrypt validation server; +https://www.letsencrypt.org)"
23.178.112.103 - - [04/Jan/2026:21:36:56 +0800] "GET /.well-known/acme-challenge/f_KGrQdry4ueSUVrExEWkPbdTCruVrOrqEFohIZQ3Nw HTTP/1.1" 404 196 "-" "Mozilla/5.0 (compatible; Let's Encrypt validation server; +https://www.letsencrypt.org)"
103.4.122.14 - - [04/Jan/2026:21:42:36 +0800] "POST /wp-cron.php?doing_wp_cron=1767534156.2006659507751464843750 HTTP/1.1" 200 - "-" "WordPress/6.9; https://dandenongdaynursery.com.au"
4.193.210.194 - - [04/Jan/2026:21:42:35 +0800] "GET / HTTP/1.1" 301 - "-" "Mozlila/5.0 (Linux; Android 7.0; SM-G892A Bulid/NRD90M; wv) AppleWebKit/537.36 (KHTML, like Gecko) Version/4.0 Chrome/60.0.3112.107 Moblie Safari/537.36"
103.4.122.14 - - [04/Jan/2026:21:42:36 +0800] "POST /wp-cron.php?doing_wp_cron=1767534156.5059280395507812500000 HTTP/1.1" 200 - "-" "WordPress/6.9; https://dandenongdaynursery.com.au"
103.4.122.14 - - [04/Jan/2026:21:42:36 +0800] "POST /wp-cron.php?doing_wp_cron=1767534156.5061309337615966796875 HTTP/1.1" 200 - "-" "WordPress/6.9; https://dandenongdaynursery.com.au"
4.193.210.194 - - [04/Jan/2026:21:42:35 +0800] "GET /wp-content/themes/seotheme/db.php?u HTTP/1.1" 404 170600 "www.google.com" "Mozlila/5.0 (Linux; Android 7.0; SM-G892A Bulid/NRD90M; wv) AppleWebKit/537.36 (KHTML, like Gecko) Version/4.0 Chrome/60.0.3112.107 Moblie Safari/537.36"
4.193.210.194 - - [04/Jan/2026:21:42:35 +0800] "POST /wp-plain.php HTTP/1.1" 404 170600 "www.google.com" "Mozilla/5.0 (Linux; Android 7.0; SM-G892A Bulid/NRD90M; wv) AppleWebKit/537.36 (KHTML, like Gecko) Version/4.0 Chrome/60.0.3112.107 Moblie Safari/537.36"
4.193.210.194 - - [04/Jan/2026:21:42:36 +0800] "GET /kcmttxmd.php?Fox=d3wL7 HTTP/1.1" 404 170600 "www.google.com" "Mozilla/5.0 (Linux; Android 7.0; SM-G892A Bulid/NRD90M; wv) AppleWebKit/537.36 (KHTML, like Gecko) Version/4.0 Chrome/60.0.3112.107 Moblie Safari/537.36"
4.193.210.194 - - [04/Jan/2026:21:42:45 +0800] "GET /wp-content/themes/seotheme/db.php?u HTTP/1.1" 404 170650 "www.google.com" "Mozlila/5.0 (Linux; Android 7.0; SM-G892A Bulid/NRD90M; wv) AppleWebKit/537.36 (KHTML, like Gecko) Version/4.0 Chrome/60.0.3112.107 Moblie Safari/537.36"
4.193.210.194 - - [04/Jan/2026:21:42:45 +0800] "POST /wp-plain.php HTTP/1.1" 404 170650 "www.google.com" "Mozilla/5.0 (Linux; Android 7.0; SM-G892A Bulid/NRD90M; wv) AppleWebKit/537.36 (KHTML, like Gecko) Version/4.0 Chrome/60.0.3112.107 Moblie Safari/537.36"
4.193.210.194 - - [04/Jan/2026:21:42:45 +0800] "POST /ALFA_DATA/alfacgiapi/perl.alfa HTTP/1.1" 404 170650 "www.google.com" "Mozlila/5.0 (Linux; Android 7.0; SM-G892A Bulid/NRD90M; wv) AppleWebKit/537.36 (KHTML, like Gecko) Version/4.0 Chrome/60.0.3112.107 Moblie Safari/537.36"
4.193.210.194 - - [04/Jan/2026:21:42:45 +0800] "GET / HTTP/1.1" 200 260899 "-" "Mozlila/5.0 (Linux; Android 7.0; SM-G892A Bulid/NRD90M; wv) AppleWebKit/537.36 (KHTML, like Gecko) Version/4.0 Chrome/60.0.3112.107 Moblie Safari/537.36"
4.193.210.194 - - [04/Jan/2026:21:42:47 +0800] "GET /nvjjhyvr.php?Fox=d3wL7 HTTP/1.1" 404 170650 "www.google.com" "Mozilla/5.0 (Linux; Android 7.0; SM-G892A Bulid/NRD90M; wv) AppleWebKit/537.36 (KHTML, like Gecko) Version/4.0 Chrome/60.0.3112.107 Moblie Safari/537.36"
4.193.210.194 - - [04/Jan/2026:21:42:47 +0800] "POST /alfacgiapi/perl.alfa HTTP/1.1" 404 170650 "www.google.com" "Mozlila/5.0 (Linux; Android 7.0; SM-G892A Bulid/NRD90M; wv) AppleWebKit/537.36 (KHTML, like Gecko) Version/4.0 Chrome/60.0.3112.107 Moblie Safari/537.36"
4.193.210.194 - - [04/Jan/2026:21:42:47 +0800] "GET /wp-content/plugins/apikey/apikey.php?test=hello HTTP/1.1" 404 170650 "-" "Mozlila/5.0 (Linux; Android 7.0; SM-G892A Bulid/NRD90M; wv) AppleWebKit/537.36 (KHTML, like Gecko) Version/4.0 Chrome/60.0.3112.107 Moblie Safari/537.36"
4.193.210.194 - - [04/Jan/2026:21:42:48 +0800] "GET /plugins/content/apismtp/apismtp.php?test=hello HTTP/1.1" 404 170650 "-" "Mozlila/5.0 (Linux; Android 7.0; SM-G892A Bulid/NRD90M; wv) AppleWebKit/537.36 (KHTML, like Gecko) Version/4.0 Chrome/60.0.3112.107 Moblie Safari/537.36"
4.193.210.194 - - [04/Jan/2026:21:42:52 +0800] "GET /wp-content/plugins/apikey/apikey.php.suspected?test=hello HTTP/1.1" 404 170650 "-" "Mozlila/5.0 (Linux; Android 7.0; SM-G892A Bulid/NRD90M; wv) AppleWebKit/537.36 (KHTML, like Gecko) Version/4.0 Chrome/60.0.3112.107 Moblie Safari/537.36"
4.193.210.194 - - [04/Jan/2026:21:42:53 +0800] "GET /plugins/content/apismtp/apismtp.php.suspected?test=hello HTTP/1.1" 404 170650 "-" "Mozlila/5.0 (Linux; Android 7.0; SM-G892A Bulid/NRD90M; wv) AppleWebKit/537.36 (KHTML, like Gecko) Version/4.0 Chrome/60.0.3112.107 Moblie Safari/537.36"
103.4.122.14 - - [04/Jan/2026:22:10:53 +0800] "POST /wp-cron.php?doing_wp_cron=1767535853.9076969623565673828125 HTTP/1.1" 200 - "-" "WordPress/6.9; https://dandenongdaynursery.com.au"
149.88.18.28 - - [04/Jan/2026:22:10:52 +0800] "GET / HTTP/1.0" 301 - "http://dandenongdaynursery.com.au/" "Mozilla/5.0 (Windows NT 10.0; Win64; x64) AppleWebKit/537.36 (KHTML, like Gecko) Chrome/130.0.0.0 Safari/537.36 CCleaner/130.0.0.0"
149.88.18.28 - - [04/Jan/2026:22:10:55 +0800] "GET / HTTP/1.0" 200 260931 "https://dandenongdaynursery.com.au/" "Mozilla/5.0 (Windows NT 10.0; Win64; x64) AppleWebKit/537.36 (KHTML, like Gecko) Chrome/130.0.0.0 Safari/537.36 CCleaner/130.0.0.0"
149.88.18.28 - - [04/Jan/2026:22:11:09 +0800] "POST /wp-admin/admin-ajax.php HTTP/1.0" 200 43 "https://dandenongdaynursery.com.au/" "Mozilla/5.0 (Windows NT 10.0; Win64; x64) AppleWebKit/537.36 (KHTML, like Gecko) Chrome/130.0.0.0 Safari/537.36 CCleaner/130.0.0.0"
103.4.122.14 - - [04/Jan/2026:22:11:10 +0800] "POST /wp-admin/admin-ajax.php?action=as_async_request_queue_runner&nonce=f6862d492e HTTP/1.1" 500 184 "-" "WordPress/6.9; https://dandenongdaynursery.com.au"
103.4.122.14 - - [04/Jan/2026:22:16:57 +0800] "POST /wp-cron.php?doing_wp_cron=1767536217.7276389598846435546875 HTTP/1.1" 200 - "-" "WordPress/6.9; https://dandenongdaynursery.com.au"
40.77.167.11 - - [04/Jan/2026:22:16:56 +0800] "GET /sitemap_index.xml HTTP/1.1" 200 315 "-" "Mozilla/5.0 AppleWebKit/537.36 (KHTML, like Gecko; compatible; bingbot/2.0; +http://www.bing.com/bingbot.htm) Chrome/116.0.1938.76 Safari/537.36"
103.4.122.14 - - [04/Jan/2026:22:20:45 +0800] "POST /wp-cron.php?doing_wp_cron=1767536445.7869610786437988281250 HTTP/1.1" 200 - "-" "WordPress/6.9; https://dandenongdaynursery.com.au"
114.119.153.131 - - [04/Jan/2026:22:20:44 +0800] "GET /education-services/ HTTP/1.1" 200 33422 "https://dandenongdaynursery.com.au/warraworrap-room" "Mozilla/5.0 (Linux; Android 7.0;) AppleWebKit/537.36 (KHTML, like Gecko) Mobile Safari/537.36 (compatible; PetalBot;+https://webmaster.petalsearch.com/site/petalbot)"
103.4.122.14 - - [04/Jan/2026:22:33:21 +0800] "POST /wp-cron.php?doing_wp_cron=1767537201.4843420982360839843750 HTTP/1.1" 200 - "-" "WordPress/6.9; https://dandenongdaynursery.com.au"
115.45.42.84 - - [04/Jan/2026:22:33:20 +0800] "GET /robots.txt HTTP/1.1" 200 135 "-" "Mozilla/5.0 (Windows NT 10.0; WOW64) AppleWebKit/537.36 (KHTML, like Gecko) Chrome/86.0.2688.27 UBrowser/6.2.3964.2 Safari/537.36"
52.167.144.234 - - [04/Jan/2026:22:39:25 +0800] "GET /wp-content/uploads/2022/12/Education.png HTTP/1.1" 200 5192 "-" "Mozilla/5.0 AppleWebKit/537.36 (KHTML, like Gecko; compatible; bingbot/2.0; +http://www.bing.com/bingbot.htm) Chrome/116.0.1938.76 Safari/537.36"
103.4.122.14 - - [04/Jan/2026:23:11:35 +0800] "POST /wp-cron.php?doing_wp_cron=1767539495.7439460754394531250000 HTTP/1.1" 200 - "-" "WordPress/6.9; https://dandenongdaynursery.com.au"
23.80.151.137 - - [04/Jan/2026:23:11:34 +0800] "GET /contact/ HTTP/1.1" 200 29051 "-" "Mozilla/5.0 (Windows NT 10.0; Win64; x64) AppleWebKit/537.36 (KHTML, like Gecko) Chrome/114.0.0.0 Safari/537.36"
103.4.122.14 - - [04/Jan/2026:23:27:39 +0800] "POST /wp-cron.php?doing_wp_cron=1767540459.3969979286193847656250 HTTP/1.1" 200 - "-" "WordPress/6.9; https://dandenongdaynursery.com.au"
5.39.1.233 - - [04/Jan/2026:23:27:38 +0800] "GET /sitemap_index.xml HTTP/1.1" 200 315 "-" "Mozilla/5.0 (compatible; AhrefsBot/7.0; +http://ahrefs.com/robot/)"
5.39.1.246 - - [04/Jan/2026:23:27:43 +0800] "GET /page-sitemap.xml HTTP/1.1" 200 524 "-" "Mozilla/5.0 (compatible; AhrefsBot/7.0; +http://ahrefs.com/robot/)"
51.68.247.218 - - [04/Jan/2026:23:27:48 +0800] "GET /elementor-hf-sitemap.xml HTTP/1.1" 200 398 "-" "Mozilla/5.0 (compatible; AhrefsBot/7.0; +http://ahrefs.com/robot/)"
129.226.93.214 - - [04/Jan/2026:23:32:02 +0800] "GET / HTTP/1.1" 403 199 "-" "Mozilla/5.0 (iPhone; CPU iPhone OS 13_2_3 like Mac OS X) AppleWebKit/605.1.15 (KHTML, like Gecko) Version/13.0.3 Mobile/15E148 Safari/604.1"
52.167.144.136 - - [04/Jan/2026:23:41:10 +0800] "GET /wp-content/uploads/2023/03/Minamberang-3-1-300x225.jpg HTTP/1.1" 200 24200 "-" "Mozilla/5.0 AppleWebKit/537.36 (KHTML, like Gecko; compatible; bingbot/2.0; +http://www.bing.com/bingbot.htm) Chrome/116.0.1938.76 Safari/537.36"
40.77.167.151 - - [04/Jan/2026:23:53:42 +0800] "GET /wp-content/uploads/2022/12/Our-Team.jpg HTTP/1.1" 200 99607 "-" "Mozilla/5.0 AppleWebKit/537.36 (KHTML, like Gecko; compatible; bingbot/2.0; +http://www.bing.com/bingbot.htm) Chrome/116.0.1938.76 Safari/537.36"
103.4.122.14 - - [04/Jan/2026:23:56:44 +0800] "POST /wp-cron.php?doing_wp_cron=1767542204.1676330566406250000000 HTTP/1.1" 200 - "-" "WordPress/6.9; https://dandenongdaynursery.com.au"
185.170.167.18 - - [04/Jan/2026:23:56:43 +0800] "GET /robots.txt HTTP/1.1" 200 135 "-" "Mozilla/5.0 (compatible; BacklinksExtendedBot)"
185.170.167.18 - - [04/Jan/2026:23:56:45 +0800] "GET /pike-room/ HTTP/1.1" 200 34092 "-" "Mozilla/5.0 (compatible; BacklinksExtendedBot)"
103.4.122.14 - - [04/Jan/2026:23:58:03 +0800] "POST /wp-cron.php?doing_wp_cron=1767542283.7678220272064208984375 HTTP/1.1" 200 - "-" "WordPress/6.9; https://dandenongdaynursery.com.au"
83.217.213.120 - - [04/Jan/2026:23:58:02 +0800] "GET / HTTP/1.0" 200 260931 "https://dandenongdaynursery.com.au/" "Mozilla/5.0 (Windows NT 10.0; Win64; x64) AppleWebKit/537.36 (KHTML, like Gecko) Chrome/130.0.0.0 Safari/537.36 CCleaner/130.0.0.0"
83.217.213.120 - - [04/Jan/2026:23:58:48 +0800] "POST /wp-admin/admin-ajax.php HTTP/1.0" 200 43 "https://dandenongdaynursery.com.au/" "Mozilla/5.0 (Windows NT 10.0; Win64; x64) AppleWebKit/537.36 (KHTML, like Gecko) Chrome/130.0.0.0 Safari/537.36 CCleaner/130.0.0.0"
103.4.122.14 - - [04/Jan/2026:23:58:49 +0800] "POST /wp-admin/admin-ajax.php?action=as_async_request_queue_runner&nonce=f6862d492e HTTP/1.1" 500 184 "-" "WordPress/6.9; https://dandenongdaynursery.com.au"
103.4.122.14 - - [05/Jan/2026:00:17:41 +0800] "POST /wp-cron.php?doing_wp_cron=1767543460.1697471141815185546875 HTTP/1.1" 200 - "-" "WordPress/6.9; https://dandenongdaynursery.com.au"
43.173.174.184 - - [05/Jan/2026:00:17:36 +0800] "GET / HTTP/1.1" 301 - "-" "Mozilla/5.0 (Windows NT 10.0; Win64; x64) AppleWebKit/537.36 (KHTML, like Gecko) Chrome/106.0.5249.119 Safari/537.36"
43.173.174.184 - - [05/Jan/2026:00:17:42 +0800] "GET / HTTP/1.1" 200 37521 "http://dandenongdaynursery.com.au/" "Mozilla/5.0 (Windows NT 10.0; Win64; x64) AppleWebKit/537.36 (KHTML, like Gecko) Chrome/106.0.5249.119 Safari/537.36"
103.4.122.14 - - [05/Jan/2026:00:22:07 +0800] "POST /wp-cron.php?doing_wp_cron=1767543726.8629798889160156250000 HTTP/1.1" 200 - "-" "WordPress/6.9; https://dandenongdaynursery.com.au"
190.92.230.184 - - [05/Jan/2026:00:22:04 +0800] "GET /minamberang-room/ HTTP/1.1" 200 34280 "https://dandenongdaynursery.com.au/minamberang-room/" "Mozilla/5.0 (Macintosh; Intel Mac OS X 10_15_7) AppleWebKit/537.36 (KHTML, like Gecko) Chrome/123.0.0.0 Safari/537.36"
103.4.122.14 - - [05/Jan/2026:00:27:25 +0800] "POST /wp-cron.php?doing_wp_cron=1767544045.7775430679321289062500 HTTP/1.1" 200 - "-" "WordPress/6.9; https://dandenongdaynursery.com.au"
80.85.247.161 - - [05/Jan/2026:00:27:24 +0800] "GET / HTTP/1.1" 301 - "-" "Mozilla/5.0 (Windows NT 10.0; Win64; x64) AppleWebKit/537.36 (KHTML, like Gecko) Chrome/120.0.0.0 Safari/537.36"
80.85.247.161 - - [05/Jan/2026:00:27:27 +0800] "GET / HTTP/1.1" 200 37551 "http://DANDENONGDAYNURSERY.COM.AU" "Mozilla/5.0 (Windows NT 10.0; Win64; x64) AppleWebKit/537.36 (KHTML, like Gecko) Chrome/120.0.0.0 Safari/537.36"
103.4.122.14 - - [05/Jan/2026:00:36:29 +0800] "POST /wp-cron.php?doing_wp_cron=1767544589.4734458923339843750000 HTTP/1.1" 200 - "-" "WordPress/6.9; https://dandenongdaynursery.com.au"
77.111.245.16 - - [05/Jan/2026:00:36:27 +0800] "GET /?s=spacetourismus HTTP/1.1" 200 24045 "-" "Mozilla/5.0 (Windows NT 10.0; Win64; x64) AppleWebKit/537.36 (KHTML, like Gecko) Chrome/128.0.0.0 Safari/537.36 OPR/114.0.0.0"
103.4.122.14 - - [05/Jan/2026:00:41:48 +0800] "POST /wp-cron.php?doing_wp_cron=1767544908.7977468967437744140625 HTTP/1.1" 200 - "-" "WordPress/6.9; https://dandenongdaynursery.com.au"
103.4.122.13 - - [05/Jan/2026:00:41:47 +0800] "GET / HTTP/1.1" 200 260896 "-" "Mozilla/5.0 (compatible; MainWP/5.4.1; +http://mainwp.com)"
103.4.122.14 - - [05/Jan/2026:00:48:30 +0800] "POST /wp-cron.php?doing_wp_cron=1767545310.6329839229583740234375 HTTP/1.1" 200 - "-" "WordPress/6.9; https://dandenongdaynursery.com.au"
142.91.118.233 - - [05/Jan/2026:00:48:29 +0800] "GET /contact/ HTTP/1.1" 200 29054 "-" "Mozilla/5.0 (Windows NT 10.0; Win64; x64) AppleWebKit/537.36 (KHTML, like Gecko) Chrome/114.0.0.0 Safari/537.36"
103.4.122.14 - - [05/Jan/2026:01:39:58 +0800] "POST /wp-cron.php?doing_wp_cron=1767548398.2797689437866210937500 HTTP/1.1" 200 - "-" "WordPress/6.9; https://dandenongdaynursery.com.au"
51.159.147.28 - - [05/Jan/2026:01:39:57 +0800] "GET /robots.txt HTTP/1.1" 200 135 "-" "Mozilla/5.0 (Windows NT 10.0; Win64; x64; rv:104.0) Gecko/20100101 Firefox/104.0"
92.112.155.236 - - [05/Jan/2026:01:39:58 +0800] "GET / HTTP/1.1" 301 - "-" "Mozilla/5.0 (X11; Linux x86_64; rv:137.0) Gecko/20100101 Firefox/137.0"
92.112.155.236 - - [05/Jan/2026:01:40:00 +0800] "GET / HTTP/1.1" 200 37518 "-" "Mozilla/5.0 (X11; Linux x86_64; rv:137.0) Gecko/20100101 Firefox/137.0"
92.112.155.236 - - [05/Jan/2026:01:40:02 +0800] "GET /wp-content/plugins/ays-popup-box/public/css/animate.css?ver=6.0.9 HTTP/1.1" 200 4063 "https://dandenongdaynursery.com.au/" "Mozilla/5.0 (X11; Linux x86_64; rv:137.0) Gecko/20100101 Firefox/137.0"
92.112.155.236 - - [05/Jan/2026:01:40:02 +0800] "GET /wp-content/plugins/elementor/assets/lib/font-awesome/css/all.min.css?ver=3.34.0 HTTP/1.1" 200 12869 "https://dandenongdaynursery.com.au/" "Mozilla/5.0 (X11; Linux x86_64; rv:137.0) Gecko/20100101 Firefox/137.0"
92.112.155.236 - - [05/Jan/2026:01:40:03 +0800] "GET /wp-content/plugins/elementor/assets/lib/font-awesome/css/v4-shims.min.css?ver=3.34.0 HTTP/1.1" 200 4229 "https://dandenongdaynursery.com.au/" "Mozilla/5.0 (X11; Linux x86_64; rv:137.0) Gecko/20100101 Firefox/137.0"
92.112.155.236 - - [05/Jan/2026:01:40:03 +0800] "GET /wp-content/plugins/advanced-testimonial-carousel-for-elementor/assets/css/atc-testimonial.css?ver=3.1.2 HTTP/1.1" 200 1687 "https://dandenongdaynursery.com.au/" "Mozilla/5.0 (X11; Linux x86_64; rv:137.0) Gecko/20100101 Firefox/137.0"
92.112.155.236 - - [05/Jan/2026:01:40:03 +0800] "GET /wp-content/plugins/header-footer-elementor/inc/widgets-css/frontend.css?ver=2.7.1 HTTP/1.1" 200 9202 "https://dandenongdaynursery.com.au/" "Mozilla/5.0 (X11; Linux x86_64; rv:137.0) Gecko/20100101 Firefox/137.0"
92.112.155.236 - - [05/Jan/2026:01:40:03 +0800] "GET /wp-content/plugins/elementor/assets/css/widget-heading.min.css?ver=3.34.0 HTTP/1.1" 200 160 "https://dandenongdaynursery.com.au/" "Mozilla/5.0 (X11; Linux x86_64; rv:137.0) Gecko/20100101 Firefox/137.0"
92.112.155.236 - - [05/Jan/2026:01:40:04 +0800] "GET /wp-content/plugins/header-footer-elementor/assets/css/header-footer-elementor.css?ver=2.7.1 HTTP/1.1" 200 323 "https://dandenongdaynursery.com.au/" "Mozilla/5.0 (X11; Linux x86_64; rv:137.0) Gecko/20100101 Firefox/137.0"
92.112.155.236 - - [05/Jan/2026:01:40:04 +0800] "GET /wp-content/plugins/elementor/assets/css/frontend.min.css?ver=3.34.0 HTTP/1.1" 200 7244 "https://dandenongdaynursery.com.au/" "Mozilla/5.0 (X11; Linux x86_64; rv:137.0) Gecko/20100101 Firefox/137.0"
92.112.155.236 - - [05/Jan/2026:01:40:04 +0800] "GET /wp-content/plugins/elementor/assets/lib/eicons/css/elementor-icons.min.css?ver=5.45.0 HTTP/1.1" 200 4384 "https://dandenongdaynursery.com.au/" "Mozilla/5.0 (X11; Linux x86_64; rv:137.0) Gecko/20100101 Firefox/137.0"
92.112.155.236 - - [05/Jan/2026:01:40:04 +0800] "GET /wp-content/uploads/elementor/css/post-8.css?ver=1767027949 HTTP/1.1" 200 441 "https://dandenongdaynursery.com.au/" "Mozilla/5.0 (X11; Linux x86_64; rv:137.0) Gecko/20100101 Firefox/137.0"
92.112.155.236 - - [05/Jan/2026:01:40:04 +0800] "GET /wp-content/plugins/elementor/assets/css/conditionals/shapes.min.css?ver=3.34.0 HTTP/1.1" 200 288 "https://dandenongdaynursery.com.au/" "Mozilla/5.0 (X11; Linux x86_64; rv:137.0) Gecko/20100101 Firefox/137.0"
92.112.155.236 - - [05/Jan/2026:01:40:04 +0800] "GET /wp-content/plugins/elementor/assets/css/widget-spacer.min.css?ver=3.34.0 HTTP/1.1" 200 338 "https://dandenongdaynursery.com.au/" "Mozilla/5.0 (X11; Linux x86_64; rv:137.0) Gecko/20100101 Firefox/137.0"
92.112.155.236 - - [05/Jan/2026:01:40:04 +0800] "GET /wp-content/plugins/elementor/assets/css/widget-image-box.min.css?ver=3.34.0 HTTP/1.1" 200 368 "https://dandenongdaynursery.com.au/" "Mozilla/5.0 (X11; Linux x86_64; rv:137.0) Gecko/20100101 Firefox/137.0"
92.112.155.236 - - [05/Jan/2026:01:40:04 +0800] "GET /wp-content/plugins/elementor/assets/css/widget-icon-list.min.css?ver=3.34.0 HTTP/1.1" 200 1023 "https://dandenongdaynursery.com.au/" "Mozilla/5.0 (X11; Linux x86_64; rv:137.0) Gecko/20100101 Firefox/137.0"
92.112.155.236 - - [05/Jan/2026:01:40:04 +0800] "GET /wp-content/plugins/elementor/assets/lib/swiper/v8/css/swiper.min.css?ver=8.4.5 HTTP/1.1" 200 4583 "https://dandenongdaynursery.com.au/" "Mozilla/5.0 (X11; Linux x86_64; rv:137.0) Gecko/20100101 Firefox/137.0"
92.112.155.236 - - [05/Jan/2026:01:40:04 +0800] "GET /wp-content/plugins/elementor/assets/css/widget-image-gallery.min.css?ver=3.34.0 HTTP/1.1" 200 358 "https://dandenongdaynursery.com.au/" "Mozilla/5.0 (X11; Linux x86_64; rv:137.0) Gecko/20100101 Firefox/137.0"
92.112.155.236 - - [05/Jan/2026:01:40:04 +0800] "GET /wp-content/plugins/elementor/assets/css/widget-google_maps.min.css?ver=3.34.0 HTTP/1.1" 200 138 "https://dandenongdaynursery.com.au/" "Mozilla/5.0 (X11; Linux x86_64; rv:137.0) Gecko/20100101 Firefox/137.0"
92.112.155.236 - - [05/Jan/2026:01:40:04 +0800] "GET /wp-content/plugins/elementor/assets/css/widget-divider.min.css?ver=3.34.0 HTTP/1.1" 200 741 "https://dandenongdaynursery.com.au/" "Mozilla/5.0 (X11; Linux x86_64; rv:137.0) Gecko/20100101 Firefox/137.0"
92.112.155.236 - - [05/Jan/2026:01:40:04 +0800] "GET /wp-content/uploads/elementor/css/post-10.css?ver=1767029617 HTTP/1.1" 200 3873 "https://dandenongdaynursery.com.au/" "Mozilla/5.0 (X11; Linux x86_64; rv:137.0) Gecko/20100101 Firefox/137.0"
92.112.155.236 - - [05/Jan/2026:01:40:04 +0800] "GET /wp-content/uploads/elementor/css/post-1238.css?ver=1767027949 HTTP/1.1" 200 1839 "https://dandenongdaynursery.com.au/" "Mozilla/5.0 (X11; Linux x86_64; rv:137.0) Gecko/20100101 Firefox/137.0"
92.112.155.236 - - [05/Jan/2026:01:40:04 +0800] "GET /wp-content/uploads/elementor/css/post-1463.css?ver=1767027949 HTTP/1.1" 200 1471 "https://dandenongdaynursery.com.au/" "Mozilla/5.0 (X11; Linux x86_64; rv:137.0) Gecko/20100101 Firefox/137.0"
92.112.155.236 - - [05/Jan/2026:01:40:04 +0800] "GET /wp-content/plugins/wpforms-lite/assets/css/frontend/classic/wpforms-full.min.css?ver=1.9.8.7 HTTP/1.1" 200 11887 "https://dandenongdaynursery.com.au/" "Mozilla/5.0 (X11; Linux x86_64; rv:137.0) Gecko/20100101 Firefox/137.0"
92.112.155.236 - - [05/Jan/2026:01:40:04 +0800] "GET /wp-content/themes/layers-elementor/assets/css/components.css?ver=1.0.3 HTTP/1.1" 200 4037 "https://dandenongdaynursery.com.au/" "Mozilla/5.0 (X11; Linux x86_64; rv:137.0) Gecko/20100101 Firefox/137.0"
92.112.155.236 - - [05/Jan/2026:01:40:04 +0800] "GET /wp-content/themes/layers-elementor/assets/css/framework.css?ver=1.0.3 HTTP/1.1" 200 10628 "https://dandenongdaynursery.com.au/" "Mozilla/5.0 (X11; Linux x86_64; rv:137.0) Gecko/20100101 Firefox/137.0"
92.112.155.236 - - [05/Jan/2026:01:40:05 +0800] "GET /wp-content/themes/layers-elementor/assets/css/responsive.css?ver=1.0.3 HTTP/1.1" 200 4548 "https://dandenongdaynursery.com.au/" "Mozilla/5.0 (X11; Linux x86_64; rv:137.0) Gecko/20100101 Firefox/137.0"
92.112.155.236 - - [05/Jan/2026:01:40:05 +0800] "GET /wp-content/themes/layers-elementor/assets/css/layers-icons.css?ver=1.0.3 HTTP/1.1" 200 711 "https://dandenongdaynursery.com.au/" "Mozilla/5.0 (X11; Linux x86_64; rv:137.0) Gecko/20100101 Firefox/137.0"
92.112.155.236 - - [05/Jan/2026:01:40:05 +0800] "GET /wp-content/themes/layers-elementor/assets/css/layers-pro.css?ver=1.0.3 HTTP/1.1" 200 2534 "https://dandenongdaynursery.com.au/" "Mozilla/5.0 (X11; Linux x86_64; rv:137.0) Gecko/20100101 Firefox/137.0"
92.112.155.236 - - [05/Jan/2026:01:40:05 +0800] "GET /wp-content/plugins/elementor/assets/lib/eicons/css/elementor-icons.min.css?ver=5.34.0 HTTP/1.1" 200 4384 "https://dandenongdaynursery.com.au/" "Mozilla/5.0 (X11; Linux x86_64; rv:137.0) Gecko/20100101 Firefox/137.0"
92.112.155.236 - - [05/Jan/2026:01:40:05 +0800] "GET /wp-content/plugins/elementor/assets/css/widget-icon-list.min.css?ver=3.24.3 HTTP/1.1" 200 1023 "https://dandenongdaynursery.com.au/" "Mozilla/5.0 (X11; Linux x86_64; rv:137.0) Gecko/20100101 Firefox/137.0"
92.112.155.236 - - [05/Jan/2026:01:40:05 +0800] "GET /wp-content/plugins/elementor/assets/css/widget-social-icons.min.css?ver=3.24.0 HTTP/1.1" 200 1142 "https://dandenongdaynursery.com.au/" "Mozilla/5.0 (X11; Linux x86_64; rv:137.0) Gecko/20100101 Firefox/137.0"
92.112.155.236 - - [05/Jan/2026:01:40:05 +0800] "GET /wp-content/plugins/elementor/assets/lib/font-awesome/css/brands.css?ver=5.15.3 HTTP/1.1" 200 322 "https://dandenongdaynursery.com.au/" "Mozilla/5.0 (X11; Linux x86_64; rv:137.0) Gecko/20100101 Firefox/137.0"
92.112.155.236 - - [05/Jan/2026:01:40:05 +0800] "GET /wp-content/plugins/elementor/assets/lib/font-awesome/css/fontawesome.css?ver=5.15.3 HTTP/1.1" 200 13124 "https://dandenongdaynursery.com.au/" "Mozilla/5.0 (X11; Linux x86_64; rv:137.0) Gecko/20100101 Firefox/137.0"
92.112.155.236 - - [05/Jan/2026:01:40:05 +0800] "GET /wp-content/plugins/elementor/assets/lib/font-awesome/css/solid.css?ver=5.15.3 HTTP/1.1" 200 325 "https://dandenongdaynursery.com.au/" "Mozilla/5.0 (X11; Linux x86_64; rv:137.0) Gecko/20100101 Firefox/137.0"
92.112.155.236 - - [05/Jan/2026:01:40:05 +0800] "GET /wp-content/themes/layers-elementor/style.css?ver=1.0.3 HTTP/1.1" 200 912 "https://dandenongdaynursery.com.au/" "Mozilla/5.0 (X11; Linux x86_64; rv:137.0) Gecko/20100101 Firefox/137.0"
92.112.155.236 - - [05/Jan/2026:01:40:05 +0800] "GET /wp-content/uploads/elementor/google-fonts/css/roboto.css?ver=1742440807 HTTP/1.1" 200 2867 "https://dandenongdaynursery.com.au/" "Mozilla/5.0 (X11; Linux x86_64; rv:137.0) Gecko/20100101 Firefox/137.0"
92.112.155.236 - - [05/Jan/2026:01:40:05 +0800] "GET /wp-content/uploads/elementor/google-fonts/css/robotoslab.css?ver=1742440818 HTTP/1.1" 200 964 "https://dandenongdaynursery.com.au/" "Mozilla/5.0 (X11; Linux x86_64; rv:137.0) Gecko/20100101 Firefox/137.0"
92.112.155.236 - - [05/Jan/2026:01:40:05 +0800] "GET /wp-content/uploads/elementor/google-fonts/css/montserrat.css?ver=1742440837 HTTP/1.1" 200 1093 "https://dandenongdaynursery.com.au/" "Mozilla/5.0 (X11; Linux x86_64; rv:137.0) Gecko/20100101 Firefox/137.0"
92.112.155.236 - - [05/Jan/2026:01:40:05 +0800] "GET /wp-content/uploads/elementor/google-fonts/css/raleway.css?ver=1742440850 HTTP/1.1" 200 1086 "https://dandenongdaynursery.com.au/" "Mozilla/5.0 (X11; Linux x86_64; rv:137.0) Gecko/20100101 Firefox/137.0"
92.112.155.236 - - [05/Jan/2026:01:40:06 +0800] "GET /wp-content/plugins/elementor/assets/lib/font-awesome/css/fontawesome.min.css?ver=5.15.3 HTTP/1.1" 200 12617 "https://dandenongdaynursery.com.au/" "Mozilla/5.0 (X11; Linux x86_64; rv:137.0) Gecko/20100101 Firefox/137.0"
92.112.155.236 - - [05/Jan/2026:01:40:06 +0800] "GET /wp-content/plugins/elementor/assets/lib/font-awesome/css/solid.min.css?ver=5.15.3 HTTP/1.1" 200 309 "https://dandenongdaynursery.com.au/" "Mozilla/5.0 (X11; Linux x86_64; rv:137.0) Gecko/20100101 Firefox/137.0"
92.112.155.236 - - [05/Jan/2026:01:40:06 +0800] "GET /wp-content/plugins/elementor/assets/lib/font-awesome/css/regular.min.css?ver=5.15.3 HTTP/1.1" 200 308 "https://dandenongdaynursery.com.au/" "Mozilla/5.0 (X11; Linux x86_64; rv:137.0) Gecko/20100101 Firefox/137.0"
92.112.155.236 - - [05/Jan/2026:01:40:06 +0800] "GET /wp-content/plugins/elementor/assets/lib/font-awesome/css/brands.min.css?ver=5.15.3 HTTP/1.1" 200 308 "https://dandenongdaynursery.com.au/" "Mozilla/5.0 (X11; Linux x86_64; rv:137.0) Gecko/20100101 Firefox/137.0"
92.112.155.236 - - [05/Jan/2026:01:40:06 +0800] "GET /wp-includes/js/jquery/jquery.min.js?ver=3.7.1 HTTP/1.1" 200 30368 "https://dandenongdaynursery.com.au/" "Mozilla/5.0 (X11; Linux x86_64; rv:137.0) Gecko/20100101 Firefox/137.0"
92.112.155.236 - - [05/Jan/2026:01:40:06 +0800] "GET /wp-includes/js/jquery/jquery-migrate.min.js?ver=3.4.1 HTTP/1.1" 200 4872 "https://dandenongdaynursery.com.au/" "Mozilla/5.0 (X11; Linux x86_64; rv:137.0) Gecko/20100101 Firefox/137.0"
92.112.155.236 - - [05/Jan/2026:01:40:06 +0800] "GET /wp-content/plugins/ays-popup-box/public/js/ays-pb-public.js?ver=6.0.9 HTTP/1.1" 200 3831 "https://dandenongdaynursery.com.au/" "Mozilla/5.0 (X11; Linux x86_64; rv:137.0) Gecko/20100101 Firefox/137.0"
92.112.155.236 - - [05/Jan/2026:01:40:06 +0800] "GET /wp-content/plugins/elementor/assets/lib/font-awesome/js/v4-shims.min.js?ver=3.34.0 HTTP/1.1" 200 4209 "https://dandenongdaynursery.com.au/" "Mozilla/5.0 (X11; Linux x86_64; rv:137.0) Gecko/20100101 Firefox/137.0"
92.112.155.236 - - [05/Jan/2026:01:40:06 +0800] "GET /wp-content/themes/layers-elementor/assets/js/plugins.js?ver=1.0.3 HTTP/1.1" 200 11608 "https://dandenongdaynursery.com.au/" "Mozilla/5.0 (X11; Linux x86_64; rv:137.0) Gecko/20100101 Firefox/137.0"
92.112.155.236 - - [05/Jan/2026:01:40:06 +0800] "GET /wp-content/themes/layers-elementor/assets/js/layers.framework.js?ver=1.0.3 HTTP/1.1" 200 2182 "https://dandenongdaynursery.com.au/" "Mozilla/5.0 (X11; Linux x86_64; rv:137.0) Gecko/20100101 Firefox/137.0"
92.112.155.236 - - [05/Jan/2026:01:40:04 +0800] "GET /wp-content/plugins/elementor/assets/css/widget-image.min.css?ver=3.34.0 HTTP/1.1" 200 135 "https://dandenongdaynursery.com.au/" "Mozilla/5.0 (X11; Linux x86_64; rv:137.0) Gecko/20100101 Firefox/137.0"
92.112.155.236 - - [05/Jan/2026:01:40:06 +0800] "GET /wp-content/plugins/elementor/assets/css/conditionals/e-swiper.min.css?ver=3.34.0 HTTP/1.1" 200 799 "https://dandenongdaynursery.com.au/" "Mozilla/5.0 (X11; Linux x86_64; rv:137.0) Gecko/20100101 Firefox/137.0"
92.112.155.236 - - [05/Jan/2026:01:40:06 +0800] "GET /wp-content/plugins/elementor/assets/css/widget-social-icons.min.css?ver=3.34.0 HTTP/1.1" 200 1142 "https://dandenongdaynursery.com.au/" "Mozilla/5.0 (X11; Linux x86_64; rv:137.0) Gecko/20100101 Firefox/137.0"
92.112.155.236 - - [05/Jan/2026:01:40:06 +0800] "GET /wp-content/themes/layers-elementor/assets/js/layers-pro.js?ver=1.0.3 HTTP/1.1" 200 5579 "https://dandenongdaynursery.com.au/" "Mozilla/5.0 (X11; Linux x86_64; rv:137.0) Gecko/20100101 Firefox/137.0"
92.112.155.236 - - [05/Jan/2026:01:40:06 +0800] "GET /wp-content/plugins/elementor/assets/css/conditionals/apple-webkit.min.css?ver=3.34.0 HTTP/1.1" 200 547 "https://dandenongdaynursery.com.au/" "Mozilla/5.0 (X11; Linux x86_64; rv:137.0) Gecko/20100101 Firefox/137.0"
92.112.155.236 - - [05/Jan/2026:01:40:07 +0800] "GET /wp-content/plugins/ays-popup-box/public/css/ays-pb-public-min.css?ver=6.0.9 HTTP/1.1" 200 5691 "https://dandenongdaynursery.com.au/" "Mozilla/5.0 (X11; Linux x86_64; rv:137.0) Gecko/20100101 Firefox/137.0"
92.112.155.236 - - [05/Jan/2026:01:40:07 +0800] "GET /wp-content/plugins/elementor/assets/js/webpack.runtime.min.js?ver=3.34.0 HTTP/1.1" 200 2476 "https://dandenongdaynursery.com.au/" "Mozilla/5.0 (X11; Linux x86_64; rv:137.0) Gecko/20100101 Firefox/137.0"
92.112.155.236 - - [05/Jan/2026:01:40:07 +0800] "GET /wp-content/plugins/elementor/assets/js/frontend-modules.min.js?ver=3.34.0 HTTP/1.1" 200 25657 "https://dandenongdaynursery.com.au/" "Mozilla/5.0 (X11; Linux x86_64; rv:137.0) Gecko/20100101 Firefox/137.0"
92.112.155.236 - - [05/Jan/2026:01:40:07 +0800] "GET /wp-includes/js/jquery/ui/core.min.js?ver=1.13.3 HTTP/1.1" 200 7106 "https://dandenongdaynursery.com.au/" "Mozilla/5.0 (X11; Linux x86_64; rv:137.0) Gecko/20100101 Firefox/137.0"
92.112.155.236 - - [05/Jan/2026:01:40:07 +0800] "GET /wp-content/plugins/elementor/assets/js/frontend.min.js?ver=3.34.0 HTTP/1.1" 200 10325 "https://dandenongdaynursery.com.au/" "Mozilla/5.0 (X11; Linux x86_64; rv:137.0) Gecko/20100101 Firefox/137.0"
92.112.155.236 - - [05/Jan/2026:01:40:07 +0800] "GET /wp-content/plugins/elementor/assets/lib/swiper/v8/swiper.min.js?ver=8.4.5 HTTP/1.1" 200 39695 "https://dandenongdaynursery.com.au/" "Mozilla/5.0 (X11; Linux x86_64; rv:137.0) Gecko/20100101 Firefox/137.0"
92.112.155.236 - - [05/Jan/2026:01:40:07 +0800] "GET /wp-content/plugins/header-footer-elementor/inc/js/frontend.js?ver=2.7.1 HTTP/1.1" 200 4880 "https://dandenongdaynursery.com.au/" "Mozilla/5.0 (X11; Linux x86_64; rv:137.0) Gecko/20100101 Firefox/137.0"
92.112.155.236 - - [05/Jan/2026:01:40:07 +0800] "GET /wp-content/plugins/advanced-testimonial-carousel-for-elementor/assets/js/atc-testimonial.js?ver=3.1.2 HTTP/1.1" 200 49919 "https://dandenongdaynursery.com.au/" "Mozilla/5.0 (X11; Linux x86_64; rv:137.0) Gecko/20100101 Firefox/137.0"
92.112.155.236 - - [05/Jan/2026:01:40:07 +0800] "GET /wp-content/plugins/wpforms-lite/assets/lib/jquery.validate.min.js?ver=1.21.0 HTTP/1.1" 200 8053 "https://dandenongdaynursery.com.au/" "Mozilla/5.0 (X11; Linux x86_64; rv:137.0) Gecko/20100101 Firefox/137.0"
92.112.155.236 - - [05/Jan/2026:01:40:07 +0800] "GET /wp-content/plugins/wpforms-lite/assets/lib/mailcheck.min.js?ver=1.1.2 HTTP/1.1" 200 1682 "https://dandenongdaynursery.com.au/" "Mozilla/5.0 (X11; Linux x86_64; rv:137.0) Gecko/20100101 Firefox/137.0"
92.112.155.236 - - [05/Jan/2026:01:40:07 +0800] "GET /wp-content/plugins/wpforms-lite/assets/lib/punycode.min.js?ver=1.0.0 HTTP/1.1" 200 872 "https://dandenongdaynursery.com.au/" "Mozilla/5.0 (X11; Linux x86_64; rv:137.0) Gecko/20100101 Firefox/137.0"
92.112.155.236 - - [05/Jan/2026:01:40:07 +0800] "GET /wp-content/plugins/wpforms-lite/assets/js/share/utils.min.js?ver=1.9.8.7 HTTP/1.1" 200 800 "https://dandenongdaynursery.com.au/" "Mozilla/5.0 (X11; Linux x86_64; rv:137.0) Gecko/20100101 Firefox/137.0"
92.112.155.236 - - [05/Jan/2026:01:40:07 +0800] "GET /wp-content/plugins/wpforms-lite/assets/js/frontend/wpforms.min.js?ver=1.9.8.7 HTTP/1.1" 200 15067 "https://dandenongdaynursery.com.au/" "Mozilla/5.0 (X11; Linux x86_64; rv:137.0) Gecko/20100101 Firefox/137.0"
92.112.155.236 - - [05/Jan/2026:01:40:07 +0800] "GET /wp-content/plugins/wpforms-lite/assets/js/frontend/fields/address.min.js?ver=1.9.8.7 HTTP/1.1" 200 471 "https://dandenongdaynursery.com.au/" "Mozilla/5.0 (X11; Linux x86_64; rv:137.0) Gecko/20100101 Firefox/137.0"
92.112.155.236 - - [05/Jan/2026:01:40:08 +0800] "GET /wp-content/plugins/elementor/assets/js/lightbox.d1799e507b570f6b0496.bundle.min.js HTTP/1.1" 200 9477 "https://dandenongdaynursery.com.au/" "Mozilla/5.0 (X11; Linux x86_64; rv:137.0) Gecko/20100101 Firefox/137.0"
92.112.155.236 - - [05/Jan/2026:01:40:08 +0800] "GET /wp-content/plugins/elementor/assets/lib/share-link/share-link.min.js?ver=3.34.0 HTTP/1.1" 200 1169 "https://dandenongdaynursery.com.au/" "Mozilla/5.0 (X11; Linux x86_64; rv:137.0) Gecko/20100101 Firefox/137.0"
92.112.155.236 - - [05/Jan/2026:01:40:08 +0800] "GET /wp-content/plugins/elementor/assets/css/conditionals/dialog.min.css?ver=3.34.0 HTTP/1.1" 200 1578 "https://dandenongdaynursery.com.au/" "Mozilla/5.0 (X11; Linux x86_64; rv:137.0) Gecko/20100101 Firefox/137.0"
92.112.155.236 - - [05/Jan/2026:01:40:08 +0800] "GET /wp-content/plugins/elementor/assets/lib/dialog/dialog.min.js?ver=4.9.3 HTTP/1.1" 200 3782 "https://dandenongdaynursery.com.au/" "Mozilla/5.0 (X11; Linux x86_64; rv:137.0) Gecko/20100101 Firefox/137.0"
92.112.155.236 - - [05/Jan/2026:01:40:08 +0800] "GET /wp-content/plugins/elementor/assets/css/conditionals/lightbox.min.css?ver=3.34.0 HTTP/1.1" 200 1963 "https://dandenongdaynursery.com.au/" "Mozilla/5.0 (X11; Linux x86_64; rv:137.0) Gecko/20100101 Firefox/137.0"
92.112.155.236 - - [05/Jan/2026:01:40:08 +0800] "GET /wp-content/plugins/elementor/assets/js/section-frontend-handlers.d85ab872da118940910d.bundle.min.js HTTP/1.1" 200 269 "https://dandenongdaynursery.com.au/" "Mozilla/5.0 (X11; Linux x86_64; rv:137.0) Gecko/20100101 Firefox/137.0"
92.112.155.236 - - [05/Jan/2026:01:40:08 +0800] "GET /wp-content/plugins/elementor/assets/js/text-editor.45609661e409413f1cef.bundle.min.js HTTP/1.1" 200 648 "https://dandenongdaynursery.com.au/" "Mozilla/5.0 (X11; Linux x86_64; rv:137.0) Gecko/20100101 Firefox/137.0"
92.112.155.236 - - [05/Jan/2026:01:40:08 +0800] "GET /wp-content/plugins/elementor/assets/js/shared-frontend-handlers.03caa53373b56d3bab67.bundle.min.js HTTP/1.1" 200 2644 "https://dandenongdaynursery.com.au/" "Mozilla/5.0 (X11; Linux x86_64; rv:137.0) Gecko/20100101 Firefox/137.0"
92.112.155.236 - - [05/Jan/2026:01:40:12 +0800] "GET /wp-includes/js/jquery/jquery-migrate.min.js?ver=3.4.1 HTTP/1.1" 200 4872 "https://dandenongdaynursery.com.au/" "Mozilla/5.0 (X11; Linux x86_64; rv:137.0) Gecko/20100101 Firefox/137.0"
92.112.155.236 - - [05/Jan/2026:01:40:12 +0800] "GET /wp-content/plugins/elementor/assets/lib/font-awesome/js/v4-shims.min.js?ver=3.34.0 HTTP/1.1" 200 4209 "https://dandenongdaynursery.com.au/" "Mozilla/5.0 (X11; Linux x86_64; rv:137.0) Gecko/20100101 Firefox/137.0"
92.112.155.236 - - [05/Jan/2026:01:40:12 +0800] "GET /wp-content/plugins/ays-popup-box/public/js/ays-pb-public.js?ver=6.0.9 HTTP/1.1" 200 3831 "https://dandenongdaynursery.com.au/" "Mozilla/5.0 (X11; Linux x86_64; rv:137.0) Gecko/20100101 Firefox/137.0"
92.112.155.236 - - [05/Jan/2026:01:40:12 +0800] "GET /wp-content/themes/layers-elementor/assets/js/plugins.js?ver=1.0.3 HTTP/1.1" 200 11608 "https://dandenongdaynursery.com.au/" "Mozilla/5.0 (X11; Linux x86_64; rv:137.0) Gecko/20100101 Firefox/137.0"
92.112.155.236 - - [05/Jan/2026:01:40:12 +0800] "GET /wp-content/themes/layers-elementor/assets/js/layers.framework.js?ver=1.0.3 HTTP/1.1" 200 2182 "https://dandenongdaynursery.com.au/" "Mozilla/5.0 (X11; Linux x86_64; rv:137.0) Gecko/20100101 Firefox/137.0"
