95.154.200.55 - - [03/Jan/2026:19:26:42 +0800] "GET /wp-content/plugins/elementor/assets/lib/share-link/share-link.min.js?ver=3.34.0 HTTP/1.1" 200 1169 "https://dandenongdaynursery.com.au/" "Mozilla/5.0 (Macintosh; Intel Mac OS X 10_15_7) AppleWebKit/537.36 (KHTML, like Gecko, Foregenix) Chrome/133.0.0.0 Safari/537.36"
95.154.200.55 - - [03/Jan/2026:19:26:42 +0800] "GET /wp-content/plugins/elementor/assets/js/shared-frontend-handlers.03caa53373b56d3bab67.bundle.min.js HTTP/1.1" 200 2644 "https://dandenongdaynursery.com.au/" "Mozilla/5.0 (Macintosh; Intel Mac OS X 10_15_7) AppleWebKit/537.36 (KHTML, like Gecko, Foregenix) Chrome/133.0.0.0 Safari/537.36"
95.154.200.55 - - [03/Jan/2026:19:26:42 +0800] "GET /wp-content/plugins/elementor/assets/js/text-editor.45609661e409413f1cef.bundle.min.js HTTP/1.1" 200 648 "https://dandenongdaynursery.com.au/" "Mozilla/5.0 (Macintosh; Intel Mac OS X 10_15_7) AppleWebKit/537.36 (KHTML, like Gecko, Foregenix) Chrome/133.0.0.0 Safari/537.36"
95.154.200.55 - - [03/Jan/2026:19:26:42 +0800] "GET /wp-content/plugins/elementor/assets/js/section-frontend-handlers.d85ab872da118940910d.bundle.min.js HTTP/1.1" 200 269 "https://dandenongdaynursery.com.au/" "Mozilla/5.0 (Macintosh; Intel Mac OS X 10_15_7) AppleWebKit/537.36 (KHTML, like Gecko, Foregenix) Chrome/133.0.0.0 Safari/537.36"
95.154.200.55 - - [03/Jan/2026:19:26:42 +0800] "GET /wp-includes/js/wp-emoji-release.min.js?ver=6.9 HTTP/1.1" 200 5375 "https://dandenongdaynursery.com.au/" "Mozilla/5.0 (Macintosh; Intel Mac OS X 10_15_7) AppleWebKit/537.36 (KHTML, like Gecko, Foregenix) Chrome/133.0.0.0 Safari/537.36"
103.4.122.14 - - [03/Jan/2026:19:27:52 +0800] "POST /wp-cron.php?doing_wp_cron=1767439672.6750330924987792968750 HTTP/1.1" 200 - "-" "WordPress/6.9; https://dandenongdaynursery.com.au"
209.74.74.2 - - [03/Jan/2026:19:27:51 +0800] "GET /?rest_route=/wp/v2/users&per_page=100 HTTP/1.1" 200 904 "-" "Mozilla/5.0 (X11; Linux x86_64) AppleWebKit/537.36 (KHTML, like Gecko) Chrome/141.0.7390.77 Safari/537.36"
209.74.74.2 - - [03/Jan/2026:19:27:55 +0800] "GET /wp-json/wp/v2/users.json HTTP/1.1" 403 199 "-" "Mozilla/5.0 (X11; Linux x86_64) AppleWebKit/537.36 (KHTML, like Gecko) Chrome/141.0.7390.77 Safari/537.36"
216.244.66.241 - - [03/Jan/2026:19:28:09 +0800] "GET /robots.txt HTTP/1.1" 200 184 "-" "Mozilla/5.0 (compatible; DotBot/1.2; +https://opensiteexplorer.org/dotbot; help@moz.com)"
103.4.122.14 - - [03/Jan/2026:19:29:43 +0800] "POST /wp-cron.php?doing_wp_cron=1767439783.1278278827667236328125 HTTP/1.1" 200 - "-" "WordPress/6.9; https://dandenongdaynursery.com.au"
132.148.180.144 - - [03/Jan/2026:19:29:42 +0800] "GET /wp-json/buddypress/v1/members HTTP/1.1" 404 114 "-" "Mozilla/5.0 (X11; Linux x86_64) AppleWebKit/537.36 (KHTML, like Gecko) Chrome/141.0.7390.77 Safari/537.36"
103.4.122.14 - - [03/Jan/2026:19:31:25 +0800] "POST /wp-cron.php?doing_wp_cron=1767439885.1087799072265625000000 HTTP/1.1" 200 - "-" "WordPress/6.9; https://dandenongdaynursery.com.au"
103.191.241.194 - - [03/Jan/2026:19:31:24 +0800] "GET /wp-json/ldlms/v2/users HTTP/1.1" 404 114 "-" "Mozilla/5.0 (X11; Linux x86_64) AppleWebKit/537.36 (KHTML, like Gecko) Chrome/141.0.7390.77 Safari/537.36"
103.4.122.14 - - [03/Jan/2026:19:35:40 +0800] "POST /wp-cron.php?doing_wp_cron=1767440140.3923680782318115234375 HTTP/1.1" 200 - "-" "WordPress/6.9; https://dandenongdaynursery.com.au"
115.45.41.190 - - [03/Jan/2026:19:35:39 +0800] "GET /robots.txt HTTP/1.1" 200 135 "-" "Mozilla/5.0 (Windows NT 10.0; Win64; x64) AppleWebKit/537.36 (KHTML, like Gecko) Chrome/68.0.3313.144 Safari/537.36 Edge/18.18362"
36.250.220.132 - - [03/Jan/2026:19:36:31 +0800] "GET / HTTP/1.1" 403 199 "-" "Go-http-client/1.1"
216.244.66.241 - - [03/Jan/2026:19:49:04 +0800] "GET /wp-content/uploads/2023/03/Warraworrap-8-scaled.jpg HTTP/1.1" 200 776863 "-" "Mozilla/5.0 (compatible; DotBot/1.2; +https://opensiteexplorer.org/dotbot; help@moz.com)"
103.4.122.14 - - [03/Jan/2026:19:58:10 +0800] "POST /wp-cron.php?doing_wp_cron=1767441490.0684599876403808593750 HTTP/1.1" 200 - "-" "WordPress/6.9; https://dandenongdaynursery.com.au"
185.108.107.62 - - [03/Jan/2026:19:58:09 +0800] "GET / HTTP/1.0" 301 - "http://dandenongdaynursery.com.au/" "Mozilla/5.0 (Windows NT 10.0; Win64; x64) AppleWebKit/537.36 (KHTML, like Gecko) Chrome/131.0.0.0 Safari/537.36"
185.108.107.62 - - [03/Jan/2026:19:58:11 +0800] "GET / HTTP/1.0" 200 260933 "https://dandenongdaynursery.com.au/" "Mozilla/5.0 (Windows NT 10.0; Win64; x64) AppleWebKit/537.36 (KHTML, like Gecko) Chrome/131.0.0.0 Safari/537.36"
103.4.122.14 - - [03/Jan/2026:19:58:24 +0800] "POST /wp-admin/admin-ajax.php?action=as_async_request_queue_runner&nonce=6d979f3b57 HTTP/1.1" 500 184 "-" "WordPress/6.9; https://dandenongdaynursery.com.au"
185.108.107.62 - - [03/Jan/2026:19:58:23 +0800] "POST /wp-admin/admin-ajax.php HTTP/1.0" 200 327 "https://dandenongdaynursery.com.au/" "Mozilla/5.0 (Windows NT 10.0; Win64; x64) AppleWebKit/537.36 (KHTML, like Gecko) Chrome/131.0.0.0 Safari/537.36"
103.4.122.14 - - [03/Jan/2026:19:59:23 +0800] "POST /wp-cron.php?doing_wp_cron=1767441563.6987121105194091796875 HTTP/1.1" 200 - "-" "WordPress/6.9; https://dandenongdaynursery.com.au"
44.216.106.147 - - [03/Jan/2026:19:59:22 +0800] "POST /xmlrpc.php HTTP/1.1" 200 206 "-" "Mozilla/5.0 (Windows NT 10.0; Win64; x64; rv:86.0) Gecko/20100101 Firefox/86.0"
103.4.122.14 - - [03/Jan/2026:20:09:13 +0800] "POST /wp-cron.php?doing_wp_cron=1767442153.4056639671325683593750 HTTP/1.1" 200 - "-" "WordPress/6.9; https://dandenongdaynursery.com.au"
54.145.186.166 - - [03/Jan/2026:20:09:11 +0800] "GET /pike-room/ HTTP/1.1" 200 238049 "-" "TerraCotta https://github.com/CeramicTeam/CeramicTerracotta"
103.4.122.14 - - [03/Jan/2026:20:13:31 +0800] "POST /wp-cron.php?doing_wp_cron=1767442411.1217670440673828125000 HTTP/1.1" 200 - "-" "WordPress/6.9; https://dandenongdaynursery.com.au"
177.241.42.155 - - [03/Jan/2026:20:13:29 +0800] "GET /warraworrap-room/ HTTP/1.1" 200 34728 "-" "Mozilla/5.0 (Windows NT 10.0; Win64; x64) AppleWebKit/537.36 (KHTML, like Gecko) Chrome/99.0.4844.84 Safari/537.36"
103.4.122.14 - - [03/Jan/2026:20:15:51 +0800] "POST /wp-cron.php?doing_wp_cron=1767442550.9711771011352539062500 HTTP/1.1" 200 - "-" "WordPress/6.9; https://dandenongdaynursery.com.au"
66.249.70.38 - - [03/Jan/2026:20:15:49 +0800] "GET / HTTP/1.1" 200 37523 "-" "Mozilla/5.0 (Linux; Android 6.0.1; Nexus 5X Build/MMB29P) AppleWebKit/537.36 (KHTML, like Gecko) Chrome/141.0.7390.122 Mobile Safari/537.36 (compatible; Googlebot/2.1; +http://www.google.com/bot.html)"
103.4.122.14 - - [03/Jan/2026:20:30:20 +0800] "POST /wp-cron.php?doing_wp_cron=1767443419.9792299270629882812500 HTTP/1.1" 200 - "-" "WordPress/6.9; https://dandenongdaynursery.com.au"
216.244.66.241 - - [03/Jan/2026:20:30:19 +0800] "GET /robots.txt HTTP/1.1" 200 184 "-" "Mozilla/5.0 (compatible; DotBot/1.2; +https://opensiteexplorer.org/dotbot; help@moz.com)"
103.4.122.14 - - [03/Jan/2026:20:35:48 +0800] "POST /wp-cron.php?doing_wp_cron=1767443748.4875440597534179687500 HTTP/1.1" 200 - "-" "WordPress/6.9; https://dandenongdaynursery.com.au"
209.50.187.119 - - [03/Jan/2026:20:35:47 +0800] "GET /contact/ HTTP/1.1" 200 29045 "-" "Mozilla/5.0 (Windows NT 10.0) AppleWebKit/537.36 (KHTML, like Gecko) Chrome/114.0.0.0 Safari/537.36"
103.4.122.14 - - [03/Jan/2026:20:41:59 +0800] "POST /wp-cron.php?doing_wp_cron=1767444119.4229609966278076171875 HTTP/1.1" 200 - "-" "WordPress/6.9; https://dandenongdaynursery.com.au"
202.76.189.227 - - [03/Jan/2026:20:41:57 +0800] "GET /murnong-room/ HTTP/1.1" 200 34274 "-" "Mozilla/5.0 (Macintosh; U; Intel Mac OS X 10_6_5; en-US) AppleWebKit/534.16 (KHTML, like Gecko) Chrome/10.0.639.0 Safari/534.16"
51.75.236.152 - - [03/Jan/2026:20:42:22 +0800] "GET /sitemap_index.xml HTTP/1.1" 200 315 "-" "Mozilla/5.0 (compatible; AhrefsBot/7.0; +http://ahrefs.com/robot/)"
176.31.139.31 - - [03/Jan/2026:20:42:27 +0800] "GET /page-sitemap.xml HTTP/1.1" 200 524 "-" "Mozilla/5.0 (compatible; AhrefsBot/7.0; +http://ahrefs.com/robot/)"
51.68.247.219 - - [03/Jan/2026:20:42:32 +0800] "GET /elementor-hf-sitemap.xml HTTP/1.1" 200 398 "-" "Mozilla/5.0 (compatible; AhrefsBot/7.0; +http://ahrefs.com/robot/)"
216.244.66.241 - - [03/Jan/2026:20:47:44 +0800] "GET /wp-content/uploads/2023/03/Minamberang-4-1.jpg HTTP/1.1" 200 1145309 "-" "Mozilla/5.0 (compatible; DotBot/1.2; +https://opensiteexplorer.org/dotbot; help@moz.com)"
216.244.66.241 - - [03/Jan/2026:20:48:18 +0800] "GET /wp-content/uploads/2023/03/Murnong-2-1.jpg HTTP/1.1" 200 339953 "-" "Mozilla/5.0 (compatible; DotBot/1.2; +https://opensiteexplorer.org/dotbot; help@moz.com)"
103.4.122.14 - - [03/Jan/2026:20:50:47 +0800] "POST /wp-cron.php?doing_wp_cron=1767444647.0306909084320068359375 HTTP/1.1" 200 - "-" "WordPress/6.9; https://dandenongdaynursery.com.au"
216.73.216.33 - - [03/Jan/2026:20:50:46 +0800] "GET /robots.txt HTTP/1.1" 200 135 "-" "Mozilla/5.0 AppleWebKit/537.36 (KHTML, like Gecko; compatible; ClaudeBot/1.0; +claudebot@anthropic.com)"
216.73.216.33 - - [03/Jan/2026:20:50:47 +0800] "GET /sitemap_index.xml HTTP/1.1" 200 315 "-" "Mozilla/5.0 AppleWebKit/537.36 (KHTML, like Gecko; compatible; ClaudeBot/1.0; +claudebot@anthropic.com)"
43.140.247.223 - - [03/Jan/2026:20:52:48 +0800] "GET / HTTP/1.1" 403 199 "-" "Mozilla/5.0 (iPhone; CPU iPhone OS 13_2_3 like Mac OS X) AppleWebKit/605.1.15 (KHTML, like Gecko) Version/13.0.3 Mobile/15E148 Safari/604.1"
103.4.122.14 - - [03/Jan/2026:20:55:23 +0800] "POST /wp-cron.php?doing_wp_cron=1767444923.7519679069519042968750 HTTP/1.1" 200 - "-" "WordPress/6.9; https://dandenongdaynursery.com.au"
114.119.153.131 - - [03/Jan/2026:20:55:22 +0800] "GET /team/ HTTP/1.1" 200 34454 "-" "Mozilla/5.0 (Linux; Android 7.0;) AppleWebKit/537.36 (KHTML, like Gecko) Mobile Safari/537.36 (compatible; PetalBot;+https://webmaster.petalsearch.com/site/petalbot)"
103.4.122.14 - - [03/Jan/2026:20:56:46 +0800] "POST /wp-cron.php?doing_wp_cron=1767445005.9593820571899414062500 HTTP/1.1" 200 - "-" "WordPress/6.9; https://dandenongdaynursery.com.au"
114.119.141.116 - - [03/Jan/2026:20:56:44 +0800] "GET /about/ HTTP/1.1" 200 33554 "-" "Mozilla/5.0 (Linux; Android 7.0;) AppleWebKit/537.36 (KHTML, like Gecko) Mobile Safari/537.36 (compatible; PetalBot;+https://webmaster.petalsearch.com/site/petalbot)"
103.4.122.14 - - [03/Jan/2026:21:17:02 +0800] "POST /wp-cron.php?doing_wp_cron=1767446222.0669260025024414062500 HTTP/1.1" 200 - "-" "WordPress/6.9; https://dandenongdaynursery.com.au"
45.3.50.100 - - [03/Jan/2026:21:17:00 +0800] "GET /contact/ HTTP/1.1" 200 29046 "-" "Mozilla/5.0 (Windows NT 10.0) AppleWebKit/537.36 (KHTML, like Gecko) Chrome/114.0.0.0 Safari/537.36"
103.4.122.14 - - [03/Jan/2026:21:18:57 +0800] "POST /wp-cron.php?doing_wp_cron=1767446336.9620330333709716796875 HTTP/1.1" 200 - "-" "WordPress/6.9; https://dandenongdaynursery.com.au"
216.244.66.241 - - [03/Jan/2026:21:18:56 +0800] "GET /robots.txt HTTP/1.1" 200 184 "-" "Mozilla/5.0 (compatible; DotBot/1.2; +https://opensiteexplorer.org/dotbot; help@moz.com)"
103.4.122.14 - - [03/Jan/2026:21:30:02 +0800] "POST /wp-cron.php?doing_wp_cron=1767447002.4459719657897949218750 HTTP/1.1" 200 - "-" "WordPress/6.9; https://dandenongdaynursery.com.au"
216.73.216.33 - - [03/Jan/2026:21:30:01 +0800] "GET /sitemap_index.xml HTTP/1.1" 200 315 "-" "Mozilla/5.0 AppleWebKit/537.36 (KHTML, like Gecko; compatible; ClaudeBot/1.0; +claudebot@anthropic.com)"
216.244.66.241 - - [03/Jan/2026:21:32:40 +0800] "GET /wp-content/uploads/2023/03/Warraworrap-1-1-scaled.jpg HTTP/1.1" 200 692316 "-" "Mozilla/5.0 (compatible; DotBot/1.2; +https://opensiteexplorer.org/dotbot; help@moz.com)"
23.178.112.219 - - [03/Jan/2026:21:36:46 +0800] "GET /.well-known/acme-challenge/kwBG8raSRmhfj6NKZ1y6rV_o4Htse2D3hDb0L1RTKqk HTTP/1.1" 404 196 "-" "Mozilla/5.0 (compatible; Let's Encrypt validation server; +https://www.letsencrypt.org)"
23.178.112.211 - - [03/Jan/2026:21:36:51 +0800] "GET /.well-known/acme-challenge/dBArNyIJ8X2RQ5zAeXfwd_7ikZdRrFeSv5UpKauJ1H0 HTTP/1.1" 404 196 "-" "Mozilla/5.0 (compatible; Let's Encrypt validation server; +https://www.letsencrypt.org)"
103.4.122.14 - - [03/Jan/2026:21:42:24 +0800] "POST /wp-cron.php?doing_wp_cron=1767447744.5600819587707519531250 HTTP/1.1" 200 - "-" "WordPress/6.9; https://dandenongdaynursery.com.au"
103.4.122.14 - - [03/Jan/2026:21:45:18 +0800] "POST /wp-cron.php?doing_wp_cron=1767447918.2823069095611572265625 HTTP/1.1" 200 - "-" "WordPress/6.9; https://dandenongdaynursery.com.au"
178.20.44.82 - - [03/Jan/2026:21:45:16 +0800] "GET / HTTP/1.0" 200 260933 "https://dandenongdaynursery.com.au/" "Mozilla/5.0 (Windows NT 10.0; Win64; x64) AppleWebKit/537.36 (KHTML, like Gecko) Chrome/131.0.0.0 Safari/537.36"
178.20.44.82 - - [03/Jan/2026:21:45:28 +0800] "POST /wp-admin/admin-ajax.php HTTP/1.0" 200 327 "https://dandenongdaynursery.com.au/" "Mozilla/5.0 (Windows NT 10.0; Win64; x64) AppleWebKit/537.36 (KHTML, like Gecko) Chrome/131.0.0.0 Safari/537.36"
103.4.122.14 - - [03/Jan/2026:21:45:29 +0800] "POST /wp-admin/admin-ajax.php?action=as_async_request_queue_runner&nonce=6a8a0ecd51 HTTP/1.1" 500 184 "-" "WordPress/6.9; https://dandenongdaynursery.com.au"
103.4.122.14 - - [03/Jan/2026:21:49:19 +0800] "POST /wp-cron.php?doing_wp_cron=1767448159.2287530899047851562500 HTTP/1.1" 200 - "-" "WordPress/6.9; https://dandenongdaynursery.com.au"
109.199.108.120 - - [03/Jan/2026:21:49:18 +0800] "POST /xmlrpc.php HTTP/1.1" 200 206 "-" "Mozilla/5.0 (Windows NT 10.0; Win64; x64; rv:64.0) Gecko/20100101 Firefox/64.0"
103.4.122.14 - - [03/Jan/2026:21:53:50 +0800] "POST /wp-cron.php?doing_wp_cron=1767448430.1128649711608886718750 HTTP/1.1" 200 - "-" "WordPress/6.9; https://dandenongdaynursery.com.au"
185.141.133.58 - - [03/Jan/2026:21:53:49 +0800] "POST /xmlrpc.php HTTP/1.1" 200 225 "-" "Mozilla/5.0 (Macintosh; Intel Mac OS X 10_9_5) AppleWebKit/537.36 (KHTML, like Gecko) Chrome/66.0.3359.117 Safari/537.36"
103.4.122.14 - - [03/Jan/2026:22:08:49 +0800] "POST /wp-cron.php?doing_wp_cron=1767449329.1457340717315673828125 HTTP/1.1" 200 - "-" "WordPress/6.9; https://dandenongdaynursery.com.au"
43.153.149.155 - - [03/Jan/2026:22:08:48 +0800] "GET /wp-json/wp/v2/posts HTTP/1.1" 200 2 "-" "Mozilla/5.0 (Windows NT 10.0; Win64; x64) AppleWebKit/537.36 (KHTML, like Gecko) Chrome/120.0.0.0 Safari/537.36"
114.119.133.253 - - [03/Jan/2026:22:09:07 +0800] "GET / HTTP/1.1" 200 37518 "-" "Mozilla/5.0 (Linux; Android 7.0;) AppleWebKit/537.36 (KHTML, like Gecko) Mobile Safari/537.36 (compatible; PetalBot;+https://webmaster.petalsearch.com/site/petalbot)"
103.4.122.14 - - [03/Jan/2026:22:41:04 +0800] "POST /wp-cron.php?doing_wp_cron=1767451264.2603058815002441406250 HTTP/1.1" 200 - "-" "WordPress/6.9; https://dandenongdaynursery.com.au"
54.37.118.94 - - [03/Jan/2026:22:41:03 +0800] "GET /sitemap_index.xml HTTP/1.1" 200 315 "-" "Mozilla/5.0 (compatible; AhrefsBot/7.0; +http://ahrefs.com/robot/)"
92.222.104.213 - - [03/Jan/2026:22:41:08 +0800] "GET /page-sitemap.xml HTTP/1.1" 200 524 "-" "Mozilla/5.0 (compatible; AhrefsBot/7.0; +http://ahrefs.com/robot/)"
92.222.108.127 - - [03/Jan/2026:22:41:13 +0800] "GET /elementor-hf-sitemap.xml HTTP/1.1" 200 398 "-" "Mozilla/5.0 (compatible; AhrefsBot/7.0; +http://ahrefs.com/robot/)"
103.4.122.14 - - [03/Jan/2026:22:44:28 +0800] "POST /wp-cron.php?doing_wp_cron=1767451468.6452789306640625000000 HTTP/1.1" 200 - "-" "WordPress/6.9; https://dandenongdaynursery.com.au"
121.127.34.151 - - [03/Jan/2026:22:44:27 +0800] "GET / HTTP/1.1" 301 - "-" "Mozilla/5.0 (X11; Linux x86_64) AppleWebKit/537.36 (KHTML, like Gecko) Ubuntu Chromium/37.0.2062.94 Chrome/37.0.2062.94 Safari/537.36"
121.127.34.151 - - [03/Jan/2026:22:44:29 +0800] "GET / HTTP/1.1" 200 260932 "http://dandenongdaynursery.com.au/" "Mozilla/5.0 (X11; Linux x86_64) AppleWebKit/537.36 (KHTML, like Gecko) Ubuntu Chromium/37.0.2062.94 Chrome/37.0.2062.94 Safari/537.36"
121.127.34.151 - - [03/Jan/2026:22:44:31 +0800] "GET /xmlrpc.php HTTP/1.1" 405 42 "-" "Mozilla/5.0 (X11; Linux x86_64) AppleWebKit/537.36 (KHTML, like Gecko) Ubuntu Chromium/37.0.2062.94 Chrome/37.0.2062.94 Safari/537.36"
103.4.122.14 - - [03/Jan/2026:22:46:59 +0800] "POST /wp-cron.php?doing_wp_cron=1767451619.1975049972534179687500 HTTP/1.1" 200 - "-" "WordPress/6.9; https://dandenongdaynursery.com.au"
13.57.35.185 - - [03/Jan/2026:22:46:58 +0800] "GET / HTTP/1.1" 301 - "-" "Mozilla/5.0 (Macintosh; Intel Mac OS X 10_15_7) AppleWebKit/537.36 (KHTML, like Gecko) Chrome/142.0.0.0 Safari/537.36"
13.57.35.185 - - [03/Jan/2026:22:46:59 +0800] "GET / HTTP/1.1" 200 37524 "http://dandenongdaynursery.com.au/" "Mozilla/5.0 (Macintosh; Intel Mac OS X 10_15_7) AppleWebKit/537.36 (KHTML, like Gecko) Chrome/142.0.0.0 Safari/537.36"
103.4.122.14 - - [03/Jan/2026:22:53:37 +0800] "POST /wp-cron.php?doing_wp_cron=1767452017.1282999515533447265625 HTTP/1.1" 200 - "-" "WordPress/6.9; https://dandenongdaynursery.com.au"
66.249.70.38 - - [03/Jan/2026:22:53:36 +0800] "GET /robots.txt HTTP/1.1" 200 135 "-" "Mozilla/5.0 (compatible; Googlebot/2.1; +http://www.google.com/bot.html)"
66.249.70.38 - - [03/Jan/2026:22:53:38 +0800] "GET /wp-content/uploads/elementor/css/post-1238.css?ver=1759284276 HTTP/1.1" 200 1839 "https://dandenongdaynursery.com.au/murnong-room/" "Mozilla/5.0 AppleWebKit/537.36 (KHTML, like Gecko; compatible; GoogleOther) Chrome/141.0.7390.122 Safari/537.36"
66.249.70.37 - - [03/Jan/2026:22:53:38 +0800] "GET /wp-content/uploads/elementor/google-fonts/css/montserrat.css?ver=1742440837 HTTP/1.1" 200 1093 "https://dandenongdaynursery.com.au/murnong-room/" "Mozilla/5.0 AppleWebKit/537.36 (KHTML, like Gecko; compatible; GoogleOther) Chrome/141.0.7390.122 Safari/537.36"
66.249.70.37 - - [03/Jan/2026:22:53:38 +0800] "GET /wp-content/plugins/elementor/assets/css/widget-heading.min.css?ver=3.32.3 HTTP/1.1" 200 160 "https://dandenongdaynursery.com.au/murnong-room/" "Mozilla/5.0 AppleWebKit/537.36 (KHTML, like Gecko; compatible; GoogleOther) Chrome/141.0.7390.122 Safari/537.36"
66.249.70.39 - - [03/Jan/2026:22:53:38 +0800] "GET /wp-content/uploads/elementor/google-fonts/css/raleway.css?ver=1742440850 HTTP/1.1" 200 1086 "https://dandenongdaynursery.com.au/murnong-room/" "Mozilla/5.0 AppleWebKit/537.36 (KHTML, like Gecko; compatible; GoogleOther) Chrome/141.0.7390.122 Safari/537.36"
66.249.70.38 - - [03/Jan/2026:22:53:38 +0800] "GET /wp-content/uploads/elementor/google-fonts/css/roboto.css?ver=1742440807 HTTP/1.1" 200 2867 "https://dandenongdaynursery.com.au/murnong-room/" "Mozilla/5.0 AppleWebKit/537.36 (KHTML, like Gecko; compatible; GoogleOther) Chrome/141.0.7390.122 Safari/537.36"
66.249.70.38 - - [03/Jan/2026:22:53:38 +0800] "GET /wp-content/plugins/advanced-testimonial-carousel-for-elementor/assets/css/atc-testimonial.css?ver=3.1.1 HTTP/1.1" 200 1687 "https://dandenongdaynursery.com.au/murnong-room/" "Mozilla/5.0 AppleWebKit/537.36 (KHTML, like Gecko; compatible; GoogleOther) Chrome/141.0.7390.122 Safari/537.36"
66.249.70.39 - - [03/Jan/2026:22:53:38 +0800] "GET /wp-content/plugins/elementor/assets/lib/font-awesome/css/v4-shims.min.css?ver=3.32.3 HTTP/1.1" 200 4229 "https://dandenongdaynursery.com.au/murnong-room/" "Mozilla/5.0 AppleWebKit/537.36 (KHTML, like Gecko; compatible; GoogleOther) Chrome/141.0.7390.122 Safari/537.36"
66.249.70.37 - - [03/Jan/2026:22:53:38 +0800] "GET /wp-content/uploads/2023/03/Murnong-1-1024x768.jpg HTTP/1.1" 200 180899 "https://dandenongdaynursery.com.au/murnong-room/" "Mozilla/5.0 AppleWebKit/537.36 (KHTML, like Gecko; compatible; GoogleOther) Chrome/141.0.7390.122 Safari/537.36"
66.249.70.38 - - [03/Jan/2026:22:53:39 +0800] "GET /wp-content/uploads/elementor/css/post-8.css?ver=1759284275 HTTP/1.1" 200 441 "https://dandenongdaynursery.com.au/murnong-room/" "Mozilla/5.0 AppleWebKit/537.36 (KHTML, like Gecko; compatible; GoogleOther) Chrome/141.0.7390.122 Safari/537.36"
66.249.70.37 - - [03/Jan/2026:22:53:39 +0800] "GET /wp-content/plugins/elementor/assets/lib/font-awesome/css/solid.min.css?ver=5.15.3 HTTP/1.1" 200 309 "https://dandenongdaynursery.com.au/murnong-room/" "Mozilla/5.0 AppleWebKit/537.36 (KHTML, like Gecko; compatible; GoogleOther) Chrome/141.0.7390.122 Safari/537.36"
66.249.70.37 - - [03/Jan/2026:22:53:40 +0800] "GET /wp-content/plugins/header-footer-elementor/inc/widgets-css/frontend.css?ver=2.5.2 HTTP/1.1" 200 9202 "https://dandenongdaynursery.com.au/murnong-room/" "Mozilla/5.0 AppleWebKit/537.36 (KHTML, like Gecko; compatible; GoogleOther) Chrome/141.0.7390.122 Safari/537.36"
66.249.70.38 - - [03/Jan/2026:22:53:40 +0800] "GET /wp-content/plugins/elementor/assets/lib/font-awesome/css/regular.min.css?ver=5.15.3 HTTP/1.1" 200 308 "https://dandenongdaynursery.com.au/murnong-room/" "Mozilla/5.0 AppleWebKit/537.36 (KHTML, like Gecko; compatible; GoogleOther) Chrome/141.0.7390.122 Safari/537.36"
66.249.70.37 - - [03/Jan/2026:22:53:40 +0800] "GET /wp-content/plugins/elementor/assets/lib/font-awesome/css/brands.min.css?ver=5.15.3 HTTP/1.1" 200 308 "https://dandenongdaynursery.com.au/murnong-room/" "Mozilla/5.0 AppleWebKit/537.36 (KHTML, like Gecko; compatible; GoogleOther) Chrome/141.0.7390.122 Safari/537.36"
66.249.70.37 - - [03/Jan/2026:22:53:41 +0800] "GET /wp-content/themes/layers-elementor/assets/css/responsive.css?ver=1.0.3 HTTP/1.1" 200 4548 "https://dandenongdaynursery.com.au/murnong-room/" "Mozilla/5.0 AppleWebKit/537.36 (KHTML, like Gecko; compatible; GoogleOther) Chrome/141.0.7390.122 Safari/537.36"
66.249.70.37 - - [03/Jan/2026:22:53:41 +0800] "GET /wp-content/plugins/elementor/assets/css/conditionals/dialog.min.css?ver=3.32.3 HTTP/1.1" 200 1578 "https://dandenongdaynursery.com.au/murnong-room/" "Mozilla/5.0 AppleWebKit/537.36 (KHTML, like Gecko; compatible; GoogleOther) Chrome/141.0.7390.122 Safari/537.36"
66.249.70.38 - - [03/Jan/2026:22:53:42 +0800] "GET /wp-content/plugins/elementor/assets/css/widget-divider.min.css?ver=3.32.3 HTTP/1.1" 200 741 "https://dandenongdaynursery.com.au/murnong-room/" "Mozilla/5.0 AppleWebKit/537.36 (KHTML, like Gecko; compatible; GoogleOther) Chrome/141.0.7390.122 Safari/537.36"
66.249.70.38 - - [03/Jan/2026:22:53:41 +0800] "GET /wp-content/uploads/2023/03/Murnong-3-1024x768.jpg HTTP/1.1" 200 177988 "https://dandenongdaynursery.com.au/murnong-room/" "Mozilla/5.0 AppleWebKit/537.36 (KHTML, like Gecko; compatible; GoogleOther) Chrome/141.0.7390.122 Safari/537.36"
66.249.70.37 - - [03/Jan/2026:22:53:42 +0800] "GET /wp-content/uploads/elementor/css/post-872.css?ver=1759378715 HTTP/1.1" 200 2810 "https://dandenongdaynursery.com.au/murnong-room/" "Mozilla/5.0 AppleWebKit/537.36 (KHTML, like Gecko; compatible; GoogleOther) Chrome/141.0.7390.122 Safari/537.36"
66.249.70.37 - - [03/Jan/2026:22:53:42 +0800] "GET /wp-includes/js/jquery/jquery.min.js?ver=3.7.1 HTTP/1.1" 200 30368 "https://dandenongdaynursery.com.au/murnong-room/" "Mozilla/5.0 AppleWebKit/537.36 (KHTML, like Gecko; compatible; GoogleOther) Chrome/141.0.7390.122 Safari/537.36"
66.249.70.38 - - [03/Jan/2026:22:53:43 +0800] "GET /wp-content/plugins/elementor/assets/css/frontend.min.css?ver=3.32.3 HTTP/1.1" 200 7244 "https://dandenongdaynursery.com.au/murnong-room/" "Mozilla/5.0 AppleWebKit/537.36 (KHTML, like Gecko; compatible; GoogleOther) Chrome/141.0.7390.122 Safari/537.36"
66.249.70.38 - - [03/Jan/2026:22:53:43 +0800] "GET /wp-content/plugins/ays-popup-box/public/css/ays-pb-public-min.css?ver=5.5.4 HTTP/1.1" 200 5691 "https://dandenongdaynursery.com.au/murnong-room/" "Mozilla/5.0 AppleWebKit/537.36 (KHTML, like Gecko; compatible; GoogleOther) Chrome/141.0.7390.122 Safari/537.36"
66.249.70.37 - - [03/Jan/2026:22:53:43 +0800] "GET /wp-content/themes/layers-elementor/assets/js/layers-pro.js?ver=1.0.3 HTTP/1.1" 200 5579 "https://dandenongdaynursery.com.au/murnong-room/" "Mozilla/5.0 AppleWebKit/537.36 (KHTML, like Gecko; compatible; GoogleOther) Chrome/141.0.7390.122 Safari/537.36"
66.249.70.37 - - [03/Jan/2026:22:53:44 +0800] "GET /wp-content/themes/layers-elementor/assets/js/layers.framework.js?ver=1.0.3 HTTP/1.1" 200 2182 "https://dandenongdaynursery.com.au/murnong-room/" "Mozilla/5.0 AppleWebKit/537.36 (KHTML, like Gecko; compatible; GoogleOther) Chrome/141.0.7390.122 Safari/537.36"
66.249.70.37 - - [03/Jan/2026:22:53:44 +0800] "GET /wp-content/plugins/ays-popup-box/public/css/animate.css?ver=5.5.4 HTTP/1.1" 200 4063 "https://dandenongdaynursery.com.au/murnong-room/" "Mozilla/5.0 AppleWebKit/537.36 (KHTML, like Gecko; compatible; GoogleOther) Chrome/141.0.7390.122 Safari/537.36"
66.249.70.37 - - [03/Jan/2026:22:53:44 +0800] "GET /wp-content/plugins/elementor/assets/css/widget-image-gallery.min.css?ver=3.32.3 HTTP/1.1" 200 358 "https://dandenongdaynursery.com.au/murnong-room/" "Mozilla/5.0 AppleWebKit/537.36 (KHTML, like Gecko; compatible; GoogleOther) Chrome/141.0.7390.122 Safari/537.36"
66.249.70.37 - - [03/Jan/2026:22:53:45 +0800] "GET /wp-content/themes/layers-elementor/assets/css/framework.css?ver=1.0.3 HTTP/1.1" 200 10628 "https://dandenongdaynursery.com.au/murnong-room/" "Mozilla/5.0 AppleWebKit/537.36 (KHTML, like Gecko; compatible; GoogleOther) Chrome/141.0.7390.122 Safari/537.36"
66.249.70.37 - - [03/Jan/2026:22:53:45 +0800] "GET /wp-content/plugins/elementor/assets/lib/eicons/css/elementor-icons.min.css?ver=5.34.0 HTTP/1.1" 200 4384 "https://dandenongdaynursery.com.au/murnong-room/" "Mozilla/5.0 AppleWebKit/537.36 (KHTML, like Gecko; compatible; GoogleOther) Chrome/141.0.7390.122 Safari/537.36"
66.249.70.37 - - [03/Jan/2026:22:53:45 +0800] "GET /wp-content/plugins/elementor/assets/lib/font-awesome/css/solid.css?ver=5.15.3 HTTP/1.1" 200 325 "https://dandenongdaynursery.com.au/murnong-room/" "Mozilla/5.0 AppleWebKit/537.36 (KHTML, like Gecko; compatible; GoogleOther) Chrome/141.0.7390.122 Safari/537.36"
66.249.70.37 - - [03/Jan/2026:22:53:45 +0800] "GET /wp-content/plugins/elementor/assets/lib/eicons/css/elementor-icons.min.css?ver=5.44.0 HTTP/1.1" 200 4384 "https://dandenongdaynursery.com.au/murnong-room/" "Mozilla/5.0 AppleWebKit/537.36 (KHTML, like Gecko; compatible; GoogleOther) Chrome/141.0.7390.122 Safari/537.36"
66.249.70.37 - - [03/Jan/2026:22:53:46 +0800] "GET /wp-content/plugins/elementor/assets/lib/swiper/v8/css/swiper.min.css?ver=8.4.5 HTTP/1.1" 200 4583 "https://dandenongdaynursery.com.au/murnong-room/" "Mozilla/5.0 AppleWebKit/537.36 (KHTML, like Gecko; compatible; GoogleOther) Chrome/141.0.7390.122 Safari/537.36"
66.249.70.37 - - [03/Jan/2026:22:53:46 +0800] "GET /wp-content/plugins/elementor/assets/js/webpack.runtime.min.js?ver=3.32.3 HTTP/1.1" 200 2476 "https://dandenongdaynursery.com.au/murnong-room/" "Mozilla/5.0 AppleWebKit/537.36 (KHTML, like Gecko; compatible; GoogleOther) Chrome/141.0.7390.122 Safari/537.36"
66.249.70.37 - - [03/Jan/2026:22:53:46 +0800] "GET /wp-content/plugins/elementor/assets/js/frontend-modules.min.js?ver=3.32.3 HTTP/1.1" 200 25657 "https://dandenongdaynursery.com.au/murnong-room/" "Mozilla/5.0 AppleWebKit/537.36 (KHTML, like Gecko; compatible; GoogleOther) Chrome/141.0.7390.122 Safari/537.36"
66.249.70.37 - - [03/Jan/2026:22:53:47 +0800] "GET /wp-content/plugins/wpforms-lite/assets/js/share/utils.min.js?ver=1.9.8.1 HTTP/1.1" 200 800 "https://dandenongdaynursery.com.au/murnong-room/" "Mozilla/5.0 AppleWebKit/537.36 (KHTML, like Gecko; compatible; GoogleOther) Chrome/141.0.7390.122 Safari/537.36"
66.249.70.37 - - [03/Jan/2026:22:53:47 +0800] "GET /wp-includes/js/wp-emoji-release.min.js?ver=6.8.3 HTTP/1.1" 200 5375 "https://dandenongdaynursery.com.au/murnong-room/" "Mozilla/5.0 AppleWebKit/537.36 (KHTML, like Gecko; compatible; GoogleOther) Chrome/141.0.7390.122 Safari/537.36"
66.249.70.37 - - [03/Jan/2026:22:53:47 +0800] "GET /wp-content/plugins/wpforms-lite/assets/lib/jquery.validate.min.js?ver=1.21.0 HTTP/1.1" 200 8053 "https://dandenongdaynursery.com.au/murnong-room/" "Mozilla/5.0 AppleWebKit/537.36 (KHTML, like Gecko; compatible; GoogleOther) Chrome/141.0.7390.122 Safari/537.36"
66.249.70.37 - - [03/Jan/2026:22:53:48 +0800] "GET /wp-content/plugins/wpforms-lite/assets/js/frontend/wpforms.min.js?ver=1.9.8.1 HTTP/1.1" 200 15067 "https://dandenongdaynursery.com.au/murnong-room/" "Mozilla/5.0 AppleWebKit/537.36 (KHTML, like Gecko; compatible; GoogleOther) Chrome/141.0.7390.122 Safari/537.36"
66.249.70.37 - - [03/Jan/2026:22:53:48 +0800] "GET /wp-content/plugins/header-footer-elementor/inc/js/frontend.js?ver=2.5.2 HTTP/1.1" 200 4880 "https://dandenongdaynursery.com.au/murnong-room/" "Mozilla/5.0 AppleWebKit/537.36 (KHTML, like Gecko; compatible; GoogleOther) Chrome/141.0.7390.122 Safari/537.36"
66.249.70.37 - - [03/Jan/2026:22:53:48 +0800] "GET /wp-content/plugins/advanced-testimonial-carousel-for-elementor/assets/js/atc-testimonial.js?ver=3.1.1 HTTP/1.1" 200 49919 "https://dandenongdaynursery.com.au/murnong-room/" "Mozilla/5.0 AppleWebKit/537.36 (KHTML, like Gecko; compatible; GoogleOther) Chrome/141.0.7390.122 Safari/537.36"
66.249.70.37 - - [03/Jan/2026:22:53:48 +0800] "GET /wp-content/plugins/elementor/assets/css/conditionals/lightbox.min.css?ver=3.32.3 HTTP/1.1" 200 1963 "https://dandenongdaynursery.com.au/murnong-room/" "Mozilla/5.0 AppleWebKit/537.36 (KHTML, like Gecko; compatible; GoogleOther) Chrome/141.0.7390.122 Safari/537.36"
66.249.70.37 - - [03/Jan/2026:22:53:49 +0800] "GET /wp-includes/js/jquery/ui/core.min.js?ver=1.13.3 HTTP/1.1" 200 7106 "https://dandenongdaynursery.com.au/murnong-room/" "Mozilla/5.0 AppleWebKit/537.36 (KHTML, like Gecko; compatible; GoogleOther) Chrome/141.0.7390.122 Safari/537.36"
66.249.70.37 - - [03/Jan/2026:22:53:49 +0800] "GET /wp-content/plugins/elementor/assets/js/frontend.min.js?ver=3.32.3 HTTP/1.1" 200 10325 "https://dandenongdaynursery.com.au/murnong-room/" "Mozilla/5.0 AppleWebKit/537.36 (KHTML, like Gecko; compatible; GoogleOther) Chrome/141.0.7390.122 Safari/537.36"
66.249.70.37 - - [03/Jan/2026:22:53:50 +0800] "GET /wp-content/plugins/elementor/assets/lib/swiper/v8/swiper.min.js?ver=8.4.5 HTTP/1.1" 200 39695 "https://dandenongdaynursery.com.au/murnong-room/" "Mozilla/5.0 AppleWebKit/537.36 (KHTML, like Gecko; compatible; GoogleOther) Chrome/141.0.7390.122 Safari/537.36"
66.249.70.37 - - [03/Jan/2026:22:53:50 +0800] "GET /wp-content/plugins/wpforms-lite/assets/js/frontend/fields/address.min.js?ver=1.9.8.1 HTTP/1.1" 200 471 "https://dandenongdaynursery.com.au/murnong-room/" "Mozilla/5.0 AppleWebKit/537.36 (KHTML, like Gecko; compatible; GoogleOther) Chrome/141.0.7390.122 Safari/537.36"
66.249.70.37 - - [03/Jan/2026:22:53:50 +0800] "GET /wp-content/plugins/elementor/assets/lib/share-link/share-link.min.js?ver=3.32.3 HTTP/1.1" 200 1169 "https://dandenongdaynursery.com.au/murnong-room/" "Mozilla/5.0 AppleWebKit/537.36 (KHTML, like Gecko; compatible; GoogleOther) Chrome/141.0.7390.122 Safari/537.36"
66.249.70.37 - - [03/Jan/2026:22:53:50 +0800] "GET /wp-content/plugins/wpforms-lite/assets/lib/punycode.min.js?ver=1.0.0 HTTP/1.1" 200 872 "https://dandenongdaynursery.com.au/murnong-room/" "Mozilla/5.0 AppleWebKit/537.36 (KHTML, like Gecko; compatible; GoogleOther) Chrome/141.0.7390.122 Safari/537.36"
66.249.70.37 - - [03/Jan/2026:22:53:51 +0800] "GET /wp-content/plugins/wpforms-lite/assets/lib/mailcheck.min.js?ver=1.1.2 HTTP/1.1" 200 1682 "https://dandenongdaynursery.com.au/murnong-room/" "Mozilla/5.0 AppleWebKit/537.36 (KHTML, like Gecko; compatible; GoogleOther) Chrome/141.0.7390.122 Safari/537.36"
66.249.70.37 - - [03/Jan/2026:22:53:51 +0800] "GET /wp-content/uploads/2022/12/Dandenong-Day-Nursery-Logo.png HTTP/1.1" 200 19769 "https://dandenongdaynursery.com.au/murnong-room/" "Mozilla/5.0 AppleWebKit/537.36 (KHTML, like Gecko; compatible; GoogleOther) Chrome/141.0.7390.122 Safari/537.36"
66.249.70.37 - - [03/Jan/2026:22:53:51 +0800] "GET /wp-content/uploads/2023/03/Murnong-4.jpg HTTP/1.1" 200 764553 "https://dandenongdaynursery.com.au/wp-content/uploads/elementor/css/post-872.css?ver=1759378715" "Mozilla/5.0 AppleWebKit/537.36 (KHTML, like Gecko; compatible; GoogleOther) Chrome/141.0.7390.122 Safari/537.36"
66.249.70.37 - - [03/Jan/2026:22:53:52 +0800] "GET /wp-content/uploads/2022/12/bxs_quote-right.png HTTP/1.1" 200 9214 "https://dandenongdaynursery.com.au/wp-content/uploads/elementor/css/post-872.css?ver=1759378715" "Mozilla/5.0 AppleWebKit/537.36 (KHTML, like Gecko; compatible; GoogleOther) Chrome/141.0.7390.122 Safari/537.36"
66.249.70.37 - - [03/Jan/2026:22:53:52 +0800] "GET /wp-content/uploads/elementor/google-fonts/fonts/roboto-kfo7cnqeu92fr1me7ksn66agldtyluama3yuba.woff2 HTTP/1.1" 200 40128 "https://dandenongdaynursery.com.au/wp-content/uploads/elementor/google-fonts/css/roboto.css?ver=1742440807" "Mozilla/5.0 AppleWebKit/537.36 (KHTML, like Gecko; compatible; GoogleOther) Chrome/141.0.7390.122 Safari/537.36"
66.249.70.37 - - [03/Jan/2026:22:53:52 +0800] "GET /wp-content/uploads/elementor/google-fonts/fonts/raleway-1ptug8zys_skggpnyc0itw.woff2 HTTP/1.1" 200 48336 "https://dandenongdaynursery.com.au/wp-content/uploads/elementor/google-fonts/css/raleway.css?ver=1742440850" "Mozilla/5.0 AppleWebKit/537.36 (KHTML, like Gecko; compatible; GoogleOther) Chrome/141.0.7390.122 Safari/537.36"
66.249.70.37 - - [03/Jan/2026:22:53:52 +0800] "GET /wp-content/uploads/elementor/google-fonts/fonts/montserrat-jtuqjig1_i6t8kchkm459wxrys7m.woff2 HTTP/1.1" 200 39608 "https://dandenongdaynursery.com.au/wp-content/uploads/elementor/google-fonts/css/montserrat.css?ver=1742440837" "Mozilla/5.0 AppleWebKit/537.36 (KHTML, like Gecko; compatible; GoogleOther) Chrome/141.0.7390.122 Safari/537.36"
66.249.70.37 - - [03/Jan/2026:22:53:52 +0800] "GET /wp-content/plugins/elementor/assets/lib/font-awesome/webfonts/fa-solid-900.woff2 HTTP/1.1" 200 78196 "https://dandenongdaynursery.com.au/wp-content/plugins/elementor/assets/lib/font-awesome/css/solid.css?ver=5.15.3" "Mozilla/5.0 AppleWebKit/537.36 (KHTML, like Gecko; compatible; GoogleOther) Chrome/141.0.7390.122 Safari/537.36"
66.249.70.37 - - [03/Jan/2026:22:53:53 +0800] "GET /wp-content/plugins/elementor/assets/js/lightbox.d1799e507b570f6b0496.bundle.min.js HTTP/1.1" 200 9477 "https://dandenongdaynursery.com.au/murnong-room/" "Mozilla/5.0 AppleWebKit/537.36 (KHTML, like Gecko; compatible; GoogleOther) Chrome/141.0.7390.122 Safari/537.36"
66.249.70.37 - - [03/Jan/2026:22:53:53 +0800] "GET /wp-content/plugins/elementor/assets/js/shared-frontend-handlers.03caa53373b56d3bab67.bundle.min.js HTTP/1.1" 200 2644 "https://dandenongdaynursery.com.au/murnong-room/" "Mozilla/5.0 AppleWebKit/537.36 (KHTML, like Gecko; compatible; GoogleOther) Chrome/141.0.7390.122 Safari/537.36"
66.249.70.37 - - [03/Jan/2026:22:53:53 +0800] "GET /wp-content/plugins/elementor/assets/js/text-editor.45609661e409413f1cef.bundle.min.js HTTP/1.1" 200 648 "https://dandenongdaynursery.com.au/murnong-room/" "Mozilla/5.0 AppleWebKit/537.36 (KHTML, like Gecko; compatible; GoogleOther) Chrome/141.0.7390.122 Safari/537.36"
66.249.70.37 - - [03/Jan/2026:22:53:54 +0800] "GET /wp-content/uploads/2022/12/4year-oldfunded.png HTTP/1.1" 200 5218 "https://dandenongdaynursery.com.au/murnong-room/" "Mozilla/5.0 AppleWebKit/537.36 (KHTML, like Gecko; compatible; GoogleOther) Chrome/141.0.7390.122 Safari/537.36"
66.249.70.37 - - [03/Jan/2026:22:53:54 +0800] "GET /wp-content/uploads/2022/12/familyday-care.png HTTP/1.1" 200 7426 "https://dandenongdaynursery.com.au/murnong-room/" "Mozilla/5.0 AppleWebKit/537.36 (KHTML, like Gecko; compatible; GoogleOther) Chrome/141.0.7390.122 Safari/537.36"
66.249.70.37 - - [03/Jan/2026:22:53:54 +0800] "GET /wp-content/uploads/2022/12/long-day-care.png HTTP/1.1" 200 5365 "https://dandenongdaynursery.com.au/murnong-room/" "Mozilla/5.0 AppleWebKit/537.36 (KHTML, like Gecko; compatible; GoogleOther) Chrome/141.0.7390.122 Safari/537.36"
66.249.70.37 - - [03/Jan/2026:22:53:54 +0800] "GET /wp-content/uploads/2022/12/early-childhood.png HTTP/1.1" 200 5375 "https://dandenongdaynursery.com.au/murnong-room/" "Mozilla/5.0 AppleWebKit/537.36 (KHTML, like Gecko; compatible; GoogleOther) Chrome/141.0.7390.122 Safari/537.36"
66.249.70.37 - - [03/Jan/2026:22:53:55 +0800] "GET /wp-content/uploads/2022/12/flexible-program-2.png HTTP/1.1" 200 6159 "https://dandenongdaynursery.com.au/murnong-room/" "Mozilla/5.0 AppleWebKit/537.36 (KHTML, like Gecko; compatible; GoogleOther) Chrome/141.0.7390.122 Safari/537.36"
66.249.70.37 - - [03/Jan/2026:22:53:56 +0800] "GET /wp-content/uploads/2022/12/3year-oldfunded.png HTTP/1.1" 200 5692 "https://dandenongdaynursery.com.au/murnong-room/" "Mozilla/5.0 AppleWebKit/537.36 (KHTML, like Gecko; compatible; GoogleOther) Chrome/141.0.7390.122 Safari/537.36"
66.249.70.37 - - [03/Jan/2026:22:53:56 +0800] "GET /wp-content/uploads/2023/03/Minamberang-2-1024x768.jpg HTTP/1.1" 200 133776 "https://dandenongdaynursery.com.au/murnong-room/" "Mozilla/5.0 AppleWebKit/537.36 (KHTML, like Gecko; compatible; GoogleOther) Chrome/141.0.7390.122 Safari/537.36"
66.249.70.37 - - [03/Jan/2026:22:53:56 +0800] "GET /wp-content/uploads/2023/03/Warraworrap-1-1-1024x768.jpg HTTP/1.1" 200 137333 "https://dandenongdaynursery.com.au/murnong-room/" "Mozilla/5.0 AppleWebKit/537.36 (KHTML, like Gecko; compatible; GoogleOther) Chrome/141.0.7390.122 Safari/537.36"
66.249.70.37 - - [03/Jan/2026:22:53:57 +0800] "GET /wp-content/uploads/2023/03/Minamberang-1-1024x768.jpg HTTP/1.1" 200 166989 "https://dandenongdaynursery.com.au/murnong-room/" "Mozilla/5.0 AppleWebKit/537.36 (KHTML, like Gecko; compatible; GoogleOther) Chrome/141.0.7390.122 Safari/537.36"
103.4.122.14 - - [03/Jan/2026:23:06:15 +0800] "POST /wp-cron.php?doing_wp_cron=1767452774.9443519115447998046875 HTTP/1.1" 200 - "-" "WordPress/6.9; https://dandenongdaynursery.com.au"
47.128.98.254 - - [03/Jan/2026:23:06:13 +0800] "GET /robots.txt HTTP/1.1" 200 135 "-" "Mozilla/5.0 (Linux; Android 5.0) AppleWebKit/537.36 (KHTML, like Gecko) Mobile Safari/537.36 (compatible; Bytespider; spider-feedback@bytedance.com)"
103.4.122.14 - - [03/Jan/2026:23:15:56 +0800] "POST /wp-cron.php?doing_wp_cron=1767453356.7294940948486328125000 HTTP/1.1" 200 - "-" "WordPress/6.9; https://dandenongdaynursery.com.au"
207.46.13.229 - - [03/Jan/2026:23:15:55 +0800] "GET /robots.txt HTTP/1.1" 200 135 "-" "Mozilla/5.0 AppleWebKit/537.36 (KHTML, like Gecko; compatible; bingbot/2.0; +http://www.bing.com/bingbot.htm) Chrome/116.0.1938.76 Safari/537.36"
157.55.39.194 - - [03/Jan/2026:23:16:01 +0800] "GET /wp-content/uploads/2023/03/12-2048x1536.jpg HTTP/1.1" 200 275361 "-" "Mozilla/5.0 AppleWebKit/537.36 (KHTML, like Gecko; compatible; bingbot/2.0; +http://www.bing.com/bingbot.htm) Chrome/116.0.1938.76 Safari/537.36"
103.4.122.14 - - [03/Jan/2026:23:18:43 +0800] "POST /wp-cron.php?doing_wp_cron=1767453523.5559799671173095703125 HTTP/1.1" 200 - "-" "WordPress/6.9; https://dandenongdaynursery.com.au"
159.195.71.245 - - [03/Jan/2026:23:18:42 +0800] "GET /wp-login.php HTTP/1.1" 200 2104 "-" "Mozilla/4.0 (compatible; MSIE 7.0; Windows NT 6.3; WOW64; Trident/7.0; Touch; .NET4.0E; .NET4.0C; .NET CLR 3.5.30729; .NET CLR 2.0.50727; .NET CLR 3.0.30729; Tablet PC 2.0)"
159.195.71.245 - - [03/Jan/2026:23:18:48 +0800] "POST /wp-login.php HTTP/1.1" 200 2235 "https://dandenongdaynursery.com.au/wp-login.php" "Mozilla/4.0 (compatible; MSIE 7.0; Windows NT 6.3; WOW64; Trident/7.0; Touch; .NET4.0E; .NET4.0C; .NET CLR 3.5.30729; .NET CLR 2.0.50727; .NET CLR 3.0.30729; Tablet PC 2.0)"
103.4.122.14 - - [03/Jan/2026:23:26:46 +0800] "POST /wp-cron.php?doing_wp_cron=1767454006.8111069202423095703125 HTTP/1.1" 200 - "-" "WordPress/6.9; https://dandenongdaynursery.com.au"
198.186.130.79 - - [03/Jan/2026:23:26:45 +0800] "POST /xmlrpc.php HTTP/1.1" 200 206 "-" "Mozilla/5.0 (Windows NT 10.0; Win64; x64; rv:48.0) Gecko/20100101 Firefox/48.0"
103.4.122.14 - - [03/Jan/2026:23:34:03 +0800] "POST /wp-cron.php?doing_wp_cron=1767454443.5077450275421142578125 HTTP/1.1" 200 - "-" "WordPress/6.9; https://dandenongdaynursery.com.au"
191.6.209.197 - - [03/Jan/2026:23:34:02 +0800] "POST /xmlrpc.php HTTP/1.1" 200 403 "-" "Mozilla/5.0 (Windows NT 10.0; Win64; x64; rv:88.0) Gecko/20100101 Firefox/88.0"
191.6.209.197 - - [03/Jan/2026:23:34:05 +0800] "POST /xmlrpc.php HTTP/1.1" 200 403 "-" "Mozilla/5.0 (Windows NT 10.0; Win64; x64; rv:88.0) Gecko/20100101 Firefox/88.0"
191.6.209.197 - - [03/Jan/2026:23:34:07 +0800] "POST /xmlrpc.php HTTP/1.1" 200 403 "-" "Mozilla/5.0 (Windows NT 10.0; Win64; x64; rv:88.0) Gecko/20100101 Firefox/88.0"
191.6.209.197 - - [03/Jan/2026:23:34:10 +0800] "POST /xmlrpc.php HTTP/1.1" 200 403 "-" "Mozilla/5.0 (Windows NT 10.0; Win64; x64; rv:88.0) Gecko/20100101 Firefox/88.0"
191.6.209.197 - - [03/Jan/2026:23:34:12 +0800] "POST /xmlrpc.php HTTP/1.1" 200 403 "-" "Mozilla/5.0 (Windows NT 10.0; Win64; x64; rv:88.0) Gecko/20100101 Firefox/88.0"
191.6.209.197 - - [03/Jan/2026:23:34:15 +0800] "POST /xmlrpc.php HTTP/1.1" 403 199 "-" "Mozilla/5.0 (Windows NT 10.0; Win64; x64; rv:88.0) Gecko/20100101 Firefox/88.0"
191.6.209.197 - - [03/Jan/2026:23:34:17 +0800] "POST /xmlrpc.php HTTP/1.1" 403 199 "-" "Mozilla/5.0 (Windows NT 10.0; Win64; x64; rv:88.0) Gecko/20100101 Firefox/88.0"
191.6.209.197 - - [03/Jan/2026:23:34:18 +0800] "POST /xmlrpc.php HTTP/1.1" 403 199 "-" "Mozilla/5.0 (Windows NT 10.0; Win64; x64; rv:88.0) Gecko/20100101 Firefox/88.0"
103.4.122.14 - - [03/Jan/2026:23:35:38 +0800] "POST /wp-cron.php?doing_wp_cron=1767454538.4839758872985839843750 HTTP/1.1" 200 - "-" "WordPress/6.9; https://dandenongdaynursery.com.au"
193.35.230.20 - - [03/Jan/2026:23:35:37 +0800] "POST /xmlrpc.php HTTP/1.1" 200 403 "-" "Mozilla/5.0 (Windows NT 10.0; Win64; x64) AppleWebKit/537.36 (KHTML, like Gecko) Chrome/69.0.3497.100 Safari/537.36"
193.35.230.20 - - [03/Jan/2026:23:35:40 +0800] "POST /xmlrpc.php HTTP/1.1" 200 403 "-" "Mozilla/5.0 (Windows NT 10.0; Win64; x64) AppleWebKit/537.36 (KHTML, like Gecko) Chrome/69.0.3497.100 Safari/537.36"
193.35.230.20 - - [03/Jan/2026:23:35:43 +0800] "POST /xmlrpc.php HTTP/1.1" 200 403 "-" "Mozilla/5.0 (Windows NT 10.0; Win64; x64) AppleWebKit/537.36 (KHTML, like Gecko) Chrome/69.0.3497.100 Safari/537.36"
193.35.230.20 - - [03/Jan/2026:23:35:45 +0800] "POST /xmlrpc.php HTTP/1.1" 200 403 "-" "Mozilla/5.0 (Windows NT 10.0; Win64; x64) AppleWebKit/537.36 (KHTML, like Gecko) Chrome/69.0.3497.100 Safari/537.36"
193.35.230.20 - - [03/Jan/2026:23:35:48 +0800] "POST /xmlrpc.php HTTP/1.1" 200 403 "-" "Mozilla/5.0 (Windows NT 10.0; Win64; x64) AppleWebKit/537.36 (KHTML, like Gecko) Chrome/69.0.3497.100 Safari/537.36"
54.37.118.80 - - [03/Jan/2026:23:35:49 +0800] "GET /warraworrap-room/ HTTP/1.1" 200 34730 "-" "Mozilla/5.0 (compatible; AhrefsBot/7.0; +http://ahrefs.com/robot/)"
193.35.230.20 - - [03/Jan/2026:23:35:51 +0800] "POST /xmlrpc.php HTTP/1.1" 403 199 "-" "Mozilla/5.0 (Windows NT 10.0; Win64; x64) AppleWebKit/537.36 (KHTML, like Gecko) Chrome/69.0.3497.100 Safari/537.36"
193.35.230.20 - - [03/Jan/2026:23:35:53 +0800] "POST /xmlrpc.php HTTP/1.1" 403 199 "-" "Mozilla/5.0 (Windows NT 10.0; Win64; x64) AppleWebKit/537.36 (KHTML, like Gecko) Chrome/69.0.3497.100 Safari/537.36"
193.35.230.20 - - [03/Jan/2026:23:35:55 +0800] "POST /xmlrpc.php HTTP/1.1" 403 199 "-" "Mozilla/5.0 (Windows NT 10.0; Win64; x64) AppleWebKit/537.36 (KHTML, like Gecko) Chrome/69.0.3497.100 Safari/537.36"
103.4.122.14 - - [03/Jan/2026:23:38:46 +0800] "POST /wp-cron.php?doing_wp_cron=1767454726.7646899223327636718750 HTTP/1.1" 200 - "-" "WordPress/6.9; https://dandenongdaynursery.com.au"
65.21.10.55 - - [03/Jan/2026:23:38:45 +0800] "GET / HTTP/1.0" 200 260933 "https://dandenongdaynursery.com.au/" "Mozilla/5.0 (Windows NT 6.1) AppleWebKit/537.36 (KHTML, like Gecko) Chrome/103.0.5060.114 Safari/537.36"
65.21.10.55 - - [03/Jan/2026:23:38:51 +0800] "POST / HTTP/1.0" 200 156588 "https://dandenongdaynursery.com.au/" "Mozilla/5.0 (Windows NT 6.1) AppleWebKit/537.36 (KHTML, like Gecko) Chrome/103.0.5060.114 Safari/537.36"
5.254.53.242 - - [03/Jan/2026:23:39:43 +0800] "GET /payment/index.php HTTP/1.1" 301 - "-" "Kik/8.10.0.2824 (Android 5.1) Mozilla/5.0 (Linux; Android 5.1; Nexus 6 Build/LMY47I) AppleWebKit/537.36 (KHTML, like Gecko) Version/4.0 Chrome/39.0.0.0 Mobile Safari/537.36"
5.254.53.242 - - [03/Jan/2026:23:39:45 +0800] "GET /payment/ HTTP/1.1" 404 170266 "-" "Kik/8.10.0.2824 (Android 5.1) Mozilla/5.0 (Linux; Android 5.1; Nexus 6 Build/LMY47I) AppleWebKit/537.36 (KHTML, like Gecko) Version/4.0 Chrome/39.0.0.0 Mobile Safari/537.36"
103.4.122.14 - - [03/Jan/2026:23:45:38 +0800] "POST /wp-cron.php?doing_wp_cron=1767455138.4796559810638427734375 HTTP/1.1" 200 - "-" "WordPress/6.9; https://dandenongdaynursery.com.au"
4.213.182.128 - - [03/Jan/2026:23:45:37 +0800] "GET /wp-content/plugins/hellopress/wp_filemanager.php HTTP/1.1" 404 170218 "-" "-"
4.213.182.128 - - [03/Jan/2026:23:45:39 +0800] "GET /css.php HTTP/1.1" 404 170218 "-" "-"
4.213.182.128 - - [03/Jan/2026:23:45:40 +0800] "GET /ups.php HTTP/1.1" 404 65300 "-" "-"
103.4.122.14 - - [03/Jan/2026:23:45:42 +0800] "POST /wp-admin/admin-ajax.php?action=as_async_request_queue_runner&nonce=6a8a0ecd51 HTTP/1.1" 500 184 "-" "WordPress/6.9; https://dandenongdaynursery.com.au"
4.213.182.128 - - [03/Jan/2026:23:45:41 +0800] "GET /wp-admin/admin-post.php HTTP/1.1" 200 - "-" "-"
4.213.182.128 - - [03/Jan/2026:23:45:46 +0800] "GET /file.php HTTP/1.1" 404 65300 "-" "-"
4.213.182.128 - - [03/Jan/2026:23:45:47 +0800] "GET /tgrs.php HTTP/1.1" 404 65300 "-" "-"
4.213.182.128 - - [03/Jan/2026:23:45:48 +0800] "GET /num.php HTTP/1.1" 404 65300 "-" "-"
4.213.182.128 - - [03/Jan/2026:23:45:50 +0800] "GET /wp-includes/sodium_compat/index.php HTTP/1.1" 403 199 "-" "-"
4.213.182.128 - - [03/Jan/2026:23:45:50 +0800] "GET /lib.php HTTP/1.1" 404 65300 "-" "-"
4.213.182.128 - - [03/Jan/2026:23:45:52 +0800] "GET /wp-the1me.php HTTP/1.1" 404 65300 "-" "-"
4.213.182.128 - - [03/Jan/2026:23:45:53 +0800] "GET /wp1.php HTTP/1.1" 404 65300 "-" "-"
4.213.182.128 - - [03/Jan/2026:23:45:54 +0800] "GET /static/as.php HTTP/1.1" 404 65300 "-" "-"
4.213.182.128 - - [03/Jan/2026:23:45:55 +0800] "GET /hk.php HTTP/1.1" 404 65300 "-" "-"
4.213.182.128 - - [03/Jan/2026:23:45:57 +0800] "GET /wp-content/upgrade/index.php HTTP/1.1" 403 199 "-" "-"
4.213.182.128 - - [03/Jan/2026:23:46:00 +0800] "GET /wp-content/upgrade/index.php HTTP/1.1" 403 199 "-" "-"
4.213.182.128 - - [03/Jan/2026:23:46:01 +0800] "GET /wp-content/upgrade/index.php HTTP/1.1" 403 199 "-" "-"
4.213.182.128 - - [03/Jan/2026:23:46:03 +0800] "GET /wp-content/upgrade/index.php HTTP/1.1" 403 199 "-" "-"
4.213.182.128 - - [03/Jan/2026:23:46:05 +0800] "GET /admin.php HTTP/1.1" 403 199 "-" "-"
4.213.182.128 - - [03/Jan/2026:23:46:07 +0800] "GET /admin.php HTTP/1.1" 403 199 "-" "-"
4.213.182.128 - - [03/Jan/2026:23:46:08 +0800] "GET /admin.php HTTP/1.1" 403 199 "-" "-"
4.213.182.128 - - [03/Jan/2026:23:46:11 +0800] "GET /admin.php HTTP/1.1" 403 199 "-" "-"
4.213.182.128 - - [03/Jan/2026:23:46:12 +0800] "GET /zxz.php HTTP/1.1" 403 199 "-" "-"
4.213.182.128 - - [03/Jan/2026:23:46:14 +0800] "GET /zxz.php HTTP/1.1" 403 199 "-" "-"
4.213.182.128 - - [03/Jan/2026:23:46:15 +0800] "GET /zxz.php HTTP/1.1" 403 199 "-" "-"
4.213.182.128 - - [03/Jan/2026:23:46:17 +0800] "GET /zxz.php HTTP/1.1" 403 199 "-" "-"
4.213.182.128 - - [03/Jan/2026:23:46:18 +0800] "GET /fs.php HTTP/1.1" 403 199 "-" "-"
4.213.182.128 - - [03/Jan/2026:23:46:20 +0800] "GET /fs.php HTTP/1.1" 403 199 "-" "-"
4.213.182.128 - - [03/Jan/2026:23:46:23 +0800] "GET /fs.php HTTP/1.1" 403 199 "-" "-"
4.213.182.128 - - [03/Jan/2026:23:46:26 +0800] "GET /fs.php HTTP/1.1" 403 199 "-" "-"
4.213.182.128 - - [03/Jan/2026:23:46:28 +0800] "GET /v.php HTTP/1.1" 403 199 "-" "-"
4.213.182.128 - - [03/Jan/2026:23:46:29 +0800] "GET /v.php HTTP/1.1" 403 199 "-" "-"
4.213.182.128 - - [03/Jan/2026:23:46:30 +0800] "GET /v.php HTTP/1.1" 403 199 "-" "-"
4.213.182.128 - - [03/Jan/2026:23:46:31 +0800] "GET /v.php HTTP/1.1" 403 199 "-" "-"
4.213.182.128 - - [03/Jan/2026:23:46:31 +0800] "GET /403.php HTTP/1.1" 403 199 "-" "-"
4.213.182.128 - - [03/Jan/2026:23:46:36 +0800] "GET /403.php HTTP/1.1" 403 199 "-" "-"
4.213.182.128 - - [03/Jan/2026:23:46:38 +0800] "GET /403.php HTTP/1.1" 403 199 "-" "-"
4.213.182.128 - - [03/Jan/2026:23:46:40 +0800] "GET /403.php HTTP/1.1" 403 199 "-" "-"
4.213.182.128 - - [03/Jan/2026:23:46:41 +0800] "GET /shell1.php HTTP/1.1" 403 199 "-" "-"
4.213.182.128 - - [03/Jan/2026:23:46:43 +0800] "GET /shell1.php HTTP/1.1" 403 199 "-" "-"
4.213.182.128 - - [03/Jan/2026:23:46:44 +0800] "GET /shell1.php HTTP/1.1" 403 199 "-" "-"
4.213.182.128 - - [03/Jan/2026:23:46:45 +0800] "GET /shell1.php HTTP/1.1" 403 199 "-" "-"
4.213.182.128 - - [03/Jan/2026:23:46:47 +0800] "GET /wp-mail.php/wp-includes/ID3/rnEPv9.php HTTP/1.1" 403 199 "-" "-"
4.213.182.128 - - [03/Jan/2026:23:46:47 +0800] "GET /wp-mail.php/wp-includes/ID3/rnEPv9.php HTTP/1.1" 403 199 "-" "-"
4.213.182.128 - - [03/Jan/2026:23:46:48 +0800] "GET /wp-mail.php/wp-includes/ID3/rnEPv9.php HTTP/1.1" 403 199 "-" "-"
4.213.182.128 - - [03/Jan/2026:23:46:49 +0800] "GET /wp-mail.php/wp-includes/ID3/rnEPv9.php HTTP/1.1" 403 199 "-" "-"
4.213.182.128 - - [03/Jan/2026:23:46:50 +0800] "GET /sid3.php HTTP/1.1" 403 199 "-" "-"
4.213.182.128 - - [03/Jan/2026:23:46:51 +0800] "GET /sid3.php HTTP/1.1" 403 199 "-" "-"
4.213.182.128 - - [03/Jan/2026:23:46:54 +0800] "GET /sid3.php HTTP/1.1" 403 199 "-" "-"
4.213.182.128 - - [03/Jan/2026:23:46:54 +0800] "GET /sid3.php HTTP/1.1" 403 199 "-" "-"
103.4.122.14 - - [03/Jan/2026:23:46:59 +0800] "POST /wp-cron.php?doing_wp_cron=1767455219.1776700019836425781250 HTTP/1.1" 200 - "-" "WordPress/6.9; https://dandenongdaynursery.com.au"
4.213.182.128 - - [03/Jan/2026:23:46:57 +0800] "GET /n.php HTTP/1.1" 404 65300 "-" "-"
4.213.182.128 - - [03/Jan/2026:23:46:59 +0800] "GET /jmfi2.php HTTP/1.1" 404 65300 "-" "-"
4.213.182.128 - - [03/Jan/2026:23:47:01 +0800] "GET /nij.php HTTP/1.1" 404 65300 "-" "-"
4.213.182.128 - - [03/Jan/2026:23:47:02 +0800] "GET /jp.php HTTP/1.1" 404 65300 "-" "-"
4.213.182.128 - - [03/Jan/2026:23:47:03 +0800] "GET /inputs.php HTTP/1.1" 404 65300 "-" "-"
4.213.182.128 - - [03/Jan/2026:23:47:04 +0800] "GET /auth.php HTTP/1.1" 404 65300 "-" "-"
