114.119.148.103 - - [01/Jan/2026:23:10:09 +0800] "GET /%E0%B9%80%E0%B8%A7%E0%B9%87%E0%B8%9A%E0%B8%AA%E0%B8%A5%E0%B9%87%E0%B8%AD%E0%B8%95%20%E0%B8%9D%E0%B8%B2%E0%B8%81%2020%20%E0%B8%A3%E0%B8%B1%E0%B8%9A%20100%20%E0%B8%97%E0%B8%B3%E0%B8%A2%E0%B8%AD%E0%B8%94%20200.aspx HTTP/1.1" 404 170266 "https://dandenongdaynursery.com.au/%E0%B8%AA%E0%B8%A5%E0%B9%87%E0%B8%AD%E0%B8%95%20789%20%E0%B9%80%E0%B8%A7%E0%B9%87%E0%B8%9A%E0%B8%95%E0%B8%A3%E0%B8%87.aspx" "Mozilla/5.0 (Linux; Android 7.0;) AppleWebKit/537.36 (KHTML, like Gecko) Mobile Safari/537.36 (compatible; PetalBot;+https://webmaster.petalsearch.com/site/petalbot)"
103.4.122.14 - - [01/Jan/2026:23:11:34 +0800] "POST /wp-cron.php?doing_wp_cron=1767280293.8733699321746826171875 HTTP/1.1" 200 - "-" "WordPress/6.9; https://dandenongdaynursery.com.au"
114.119.144.65 - - [01/Jan/2026:23:11:32 +0800] "GET /%E0%B9%80%E0%B8%A7%E0%B9%87%E0%B8%9A%E0%B8%97%E0%B8%94%E0%B8%A5%E0%B8%AD%E0%B8%87%E0%B8%9A%E0%B8%B2%E0%B8%84%E0%B8%B2%E0%B8%A3%E0%B9%88%E0%B8%B2.aspx HTTP/1.1" 404 170266 "https://dandenongdaynursery.com.au/%E0%B8%AA%E0%B8%A5%E0%B9%8A%E0%B8%AD%E0%B8%95.aspx" "Mozilla/5.0 (Linux; Android 7.0;) AppleWebKit/537.36 (KHTML, like Gecko) Mobile Safari/537.36 (compatible; PetalBot;+https://webmaster.petalsearch.com/site/petalbot)"
103.4.122.14 - - [01/Jan/2026:23:12:57 +0800] "POST /wp-cron.php?doing_wp_cron=1767280377.3096730709075927734375 HTTP/1.1" 200 - "-" "WordPress/6.9; https://dandenongdaynursery.com.au"
114.119.133.253 - - [01/Jan/2026:23:12:56 +0800] "GET /%E0%B9%80%E0%B8%A7%E0%B9%87%E0%B8%9A%E0%B8%95%E0%B8%A3%E0%B8%87%E0%B8%AA%E0%B8%A5%E0%B9%87%E0%B8%AD%E0%B8%95%E0%B8%9D%E0%B8%B2%E0%B8%81%E0%B8%96%E0%B8%AD%E0%B8%99%E0%B9%84%E0%B8%A1%E0%B9%88%E0%B8%A1%E0%B8%B5%E0%B8%82%E0%B8%B1%E0%B9%89%E0%B8%99%E0%B8%95%E0%B9%88%E0%B9%8D%E0%B8%B2%201%20%E0%B8%9A%E0%B8%B2%E0%B8%97%E0%B8%81%E0%B9%87%E0%B8%96%E0%B8%AD%E0%B8%99%E0%B9%84%E0%B8%94%E0%B9%89.aspx HTTP/1.1" 404 170266 "https://dandenongdaynursery.com.au/%E0%B9%80%E0%B8%84%E0%B8%A3%E0%B8%94%E0%B8%B4%E0%B8%95%E0%B8%9F%E0%B8%A3%E0%B8%B5%E0%B8%A2%E0%B8%B7%E0%B8%99%E0%B8%A2%E0%B8%B1%E0%B8%99%E0%B9%80%E0%B8%9A%E0%B8%AD%E0%B8%A3%E0%B9%8C.aspx" "Mozilla/5.0 (Linux; Android 7.0;) AppleWebKit/537.36 (KHTML, like Gecko) Mobile Safari/537.36 (compatible; PetalBot;+https://webmaster.petalsearch.com/site/petalbot)"
207.46.13.86 - - [01/Jan/2026:23:14:04 +0800] "GET /wp-content/uploads/2023/03/8-1-300x225.jpg HTTP/1.1" 200 25764 "-" "Mozilla/5.0 AppleWebKit/537.36 (KHTML, like Gecko; compatible; bingbot/2.0; +http://www.bing.com/bingbot.htm) Chrome/116.0.1938.76 Safari/537.36"
103.4.122.14 - - [01/Jan/2026:23:14:28 +0800] "POST /wp-cron.php?doing_wp_cron=1767280468.5147199630737304687500 HTTP/1.1" 200 - "-" "WordPress/6.9; https://dandenongdaynursery.com.au"
114.119.133.126 - - [01/Jan/2026:23:14:27 +0800] "GET /%E0%B9%80%E0%B8%A5%E0%B9%88%E0%B8%99%E0%B8%AA%E0%B8%A5%E0%B9%87%E0%B8%AD%E0%B8%95%E0%B9%80%E0%B8%A7%E0%B9%87%E0%B8%9A%E0%B9%84%E0%B8%AB%E0%B8%99%E0%B8%94%E0%B8%B5.aspx HTTP/1.1" 404 170266 "https://dandenongdaynursery.com.au/%E0%B8%AA%E0%B8%A5%E0%B9%87%E0%B8%AD%E0%B8%95%E0%B9%80%E0%B8%A7%E0%B9%87%E0%B8%9A%E0%B8%95%E0%B8%A3%E0%B8%87100.aspx" "Mozilla/5.0 (Linux; Android 7.0;) AppleWebKit/537.36 (KHTML, like Gecko) Mobile Safari/537.36 (compatible; PetalBot;+https://webmaster.petalsearch.com/site/petalbot)"
103.4.122.14 - - [01/Jan/2026:23:15:37 +0800] "POST /wp-cron.php?doing_wp_cron=1767280537.3586819171905517578125 HTTP/1.1" 200 - "-" "WordPress/6.9; https://dandenongdaynursery.com.au"
173.252.83.6 - - [01/Jan/2026:23:15:36 +0800] "GET / HTTP/1.1" 301 - "-" "facebookexternalhit/1.1 (+http://www.facebook.com/externalhit_uatext.php)"
173.252.83.116 - - [01/Jan/2026:23:15:38 +0800] "GET / HTTP/1.1" 200 260899 "-" "facebookexternalhit/1.1 (+http://www.facebook.com/externalhit_uatext.php)"
114.119.133.126 - - [01/Jan/2026:23:15:44 +0800] "GET /%E0%B9%80%E0%B8%97%E0%B8%84%E0%B8%99%E0%B8%B4%E0%B8%84%20%E0%B8%81%E0%B8%B2%E0%B8%A3%20%E0%B9%80%E0%B8%A5%E0%B9%88%E0%B8%99%E0%B8%AA%E0%B8%A5%E0%B9%87%E0%B8%AD%E0%B8%95%20%E0%B9%83%E0%B8%AB%E0%B9%89%E0%B9%84%E0%B8%94%E0%B9%89%20%E0%B9%82%E0%B8%9A%E0%B8%99%E0%B8%B1%E0%B8%AA%20pantip.aspx HTTP/1.1" 404 170266 "https://dandenongdaynursery.com.au/ufabet%E0%B9%80%E0%B8%82%E0%B9%89%E0%B8%B2%E0%B8%AA%E0%B8%B9%E0%B9%88%E0%B8%A3%E0%B8%B0%E0%B8%9A%E0%B8%9A.aspx" "Mozilla/5.0 (Linux; Android 7.0;) AppleWebKit/537.36 (KHTML, like Gecko) Mobile Safari/537.36 (compatible; PetalBot;+https://webmaster.petalsearch.com/site/petalbot)"
103.4.122.14 - - [01/Jan/2026:23:17:07 +0800] "POST /wp-cron.php?doing_wp_cron=1767280627.6157999038696289062500 HTTP/1.1" 200 - "-" "WordPress/6.9; https://dandenongdaynursery.com.au"
114.119.144.65 - - [01/Jan/2026:23:17:06 +0800] "GET /%E0%B9%80%E0%B8%84%E0%B8%A3%E0%B8%94%E0%B8%B4%E0%B8%95%E0%B8%9F%E0%B8%A3%E0%B8%B5188.aspx HTTP/1.1" 404 170266 "https://dandenongdaynursery.com.au/1xbet%20%E0%B9%84%E0%B8%97%E0%B8%A2.aspx" "Mozilla/5.0 (Linux; Android 7.0;) AppleWebKit/537.36 (KHTML, like Gecko) Mobile Safari/537.36 (compatible; PetalBot;+https://webmaster.petalsearch.com/site/petalbot)"
103.4.122.14 - - [01/Jan/2026:23:18:31 +0800] "POST /wp-cron.php?doing_wp_cron=1767280711.6286420822143554687500 HTTP/1.1" 200 - "-" "WordPress/6.9; https://dandenongdaynursery.com.au"
114.119.148.103 - - [01/Jan/2026:23:18:30 +0800] "GET /%E0%B9%80%E0%B8%84%E0%B8%A3%E0%B8%94%E0%B8%B4%E0%B8%95%E0%B8%9F%E0%B8%A3%E0%B8%B5%20%E0%B9%84%E0%B8%A1%E0%B9%88%E0%B8%95%E0%B9%89%E0%B8%AD%E0%B8%87%20%E0%B9%84%E0%B8%A5%20%E0%B8%84%E0%B9%8C%20%E0%B9%84%E0%B8%A1%E0%B9%88%E0%B8%95%E0%B9%89%E0%B8%AD%E0%B8%87%E0%B9%81%E0%B8%8A%E0%B8%A3%E0%B9%8C%202020.aspx HTTP/1.1" 404 170266 "https://dandenongdaynursery.com.au/ufa789.aspx" "Mozilla/5.0 (Linux; Android 7.0;) AppleWebKit/537.36 (KHTML, like Gecko) Mobile Safari/537.36 (compatible; PetalBot;+https://webmaster.petalsearch.com/site/petalbot)"
103.4.122.14 - - [01/Jan/2026:23:19:55 +0800] "POST /wp-cron.php?doing_wp_cron=1767280795.0581359863281250000000 HTTP/1.1" 200 - "-" "WordPress/6.9; https://dandenongdaynursery.com.au"
114.119.133.253 - - [01/Jan/2026:23:19:53 +0800] "GET /%E0%B8%AA%E0%B8%B9%E0%B8%95%E0%B8%A3%E0%B8%AA%E0%B8%A5%E0%B9%87%E0%B8%AD%E0%B8%95%20pg%20%E0%B8%9F%E0%B8%A3%E0%B8%B5%20%E0%B9%83%E0%B8%8A%E0%B9%89%E0%B9%84%E0%B8%94%E0%B9%89%20%E0%B8%88%E0%B8%A3%E0%B8%B4%E0%B8%87.aspx HTTP/1.1" 404 170266 "https://dandenongdaynursery.com.au/%E0%B8%97%E0%B8%B2%E0%B8%87%E0%B9%80%E0%B8%82%E0%B9%89%E0%B8%B2%20slot%20joker123%20%E0%B9%80%E0%B8%A7%E0%B9%87%E0%B8%9A%E0%B8%95%E0%B8%A3%E0%B8%87.aspx" "Mozilla/5.0 (Linux; Android 7.0;) AppleWebKit/537.36 (KHTML, like Gecko) Mobile Safari/537.36 (compatible; PetalBot;+https://webmaster.petalsearch.com/site/petalbot)"
103.4.122.14 - - [01/Jan/2026:23:21:22 +0800] "POST /wp-cron.php?doing_wp_cron=1767280881.9538791179656982421875 HTTP/1.1" 200 - "-" "WordPress/6.9; https://dandenongdaynursery.com.au"
114.119.141.116 - - [01/Jan/2026:23:21:20 +0800] "GET /%E0%B8%AA%E0%B8%B9%E0%B8%95%E0%B8%A3%E0%B8%9A%E0%B8%B2%E0%B8%84%E0%B8%B2%E0%B8%A3%E0%B9%88%E0%B8%B2.aspx HTTP/1.1" 404 170266 "https://dandenongdaynursery.com.au/mega%20slot.aspx" "Mozilla/5.0 (Linux; Android 7.0;) AppleWebKit/537.36 (KHTML, like Gecko) Mobile Safari/537.36 (compatible; PetalBot;+https://webmaster.petalsearch.com/site/petalbot)"
103.4.122.14 - - [01/Jan/2026:23:22:42 +0800] "POST /wp-cron.php?doing_wp_cron=1767280962.6106328964233398437500 HTTP/1.1" 200 - "-" "WordPress/6.9; https://dandenongdaynursery.com.au"
114.119.131.136 - - [01/Jan/2026:23:22:41 +0800] "GET /%E0%B8%AA%E0%B8%A5%E0%B9%89%E0%B8%AD%E0%B8%95.aspx HTTP/1.1" 404 170266 "https://dandenongdaynursery.com.au/ufacash%20%E0%B9%80%E0%B8%82%E0%B9%89%E0%B8%B2%E0%B8%AA%E0%B8%B9%E0%B9%88%E0%B8%A3%E0%B8%B0%E0%B8%9A%E0%B8%9A.aspx" "Mozilla/5.0 (Linux; Android 7.0;) AppleWebKit/537.36 (KHTML, like Gecko) Mobile Safari/537.36 (compatible; PetalBot;+https://webmaster.petalsearch.com/site/petalbot)"
52.167.144.136 - - [01/Jan/2026:23:23:45 +0800] "GET /wp-content/uploads/2022/12/long-day-care.png HTTP/1.1" 200 5365 "-" "Mozilla/5.0 AppleWebKit/537.36 (KHTML, like Gecko; compatible; bingbot/2.0; +http://www.bing.com/bingbot.htm) Chrome/116.0.1938.76 Safari/537.36"
103.4.122.14 - - [01/Jan/2026:23:24:05 +0800] "POST /wp-cron.php?doing_wp_cron=1767281045.4817280769348144531250 HTTP/1.1" 200 - "-" "WordPress/6.9; https://dandenongdaynursery.com.au"
114.119.146.142 - - [01/Jan/2026:23:24:04 +0800] "GET /%E0%B8%AA%E0%B8%A5%E0%B9%87%E0%B8%AD%E0%B8%9588.aspx HTTP/1.1" 404 170266 "https://dandenongdaynursery.com.au/winner55%20%E0%B8%97%E0%B8%B2%E0%B8%87%E0%B9%80%E0%B8%82%E0%B9%89%E0%B8%B2%20%E0%B8%AA%E0%B8%A5%E0%B9%87%E0%B8%AD%E0%B8%95.aspx" "Mozilla/5.0 (Linux; Android 7.0;) AppleWebKit/537.36 (KHTML, like Gecko) Mobile Safari/537.36 (compatible; PetalBot;+https://webmaster.petalsearch.com/site/petalbot)"
103.4.122.14 - - [01/Jan/2026:23:25:30 +0800] "POST /wp-cron.php?doing_wp_cron=1767281130.6525990962982177734375 HTTP/1.1" 200 - "-" "WordPress/6.9; https://dandenongdaynursery.com.au"
114.119.153.131 - - [01/Jan/2026:23:25:29 +0800] "GET /%E0%B8%AA%E0%B8%A5%E0%B9%87%E0%B8%AD%E0%B8%95777%20pg.aspx HTTP/1.1" 404 170266 "https://dandenongdaynursery.com.au/pg%20slot%20%E0%B9%80%E0%B8%A7%E0%B9%87%E0%B8%9A%E0%B8%95%E0%B8%A3%E0%B8%87%20%E0%B9%80%E0%B8%84%E0%B8%A3%E0%B8%94%E0%B8%B4%E0%B8%95%E0%B8%9F%E0%B8%A3%E0%B8%B5.aspx" "Mozilla/5.0 (Linux; Android 7.0;) AppleWebKit/537.36 (KHTML, like Gecko) Mobile Safari/537.36 (compatible; PetalBot;+https://webmaster.petalsearch.com/site/petalbot)"
103.4.122.14 - - [01/Jan/2026:23:26:57 +0800] "POST /wp-cron.php?doing_wp_cron=1767281217.5392589569091796875000 HTTP/1.1" 200 - "-" "WordPress/6.9; https://dandenongdaynursery.com.au"
114.119.133.253 - - [01/Jan/2026:23:26:56 +0800] "GET /%E0%B8%AA%E0%B8%A5%E0%B9%87%E0%B8%AD%E0%B8%95333%E0%B9%80%E0%B8%A7%E0%B9%87%E0%B8%9A%E0%B8%95%E0%B8%A3%E0%B8%87.aspx HTTP/1.1" 404 170266 "https://dandenongdaynursery.com.au/%E0%B8%AA%E0%B8%A5%E0%B9%87%E0%B8%AD%E0%B8%95%20789%20%E0%B9%80%E0%B8%A7%E0%B9%87%E0%B8%9A%E0%B8%95%E0%B8%A3%E0%B8%87.aspx" "Mozilla/5.0 (Linux; Android 7.0;) AppleWebKit/537.36 (KHTML, like Gecko) Mobile Safari/537.36 (compatible; PetalBot;+https://webmaster.petalsearch.com/site/petalbot)"
216.73.216.33 - - [01/Jan/2026:23:27:43 +0800] "GET /robots.txt HTTP/1.1" 200 135 "-" "Mozilla/5.0 AppleWebKit/537.36 (KHTML, like Gecko; compatible; ClaudeBot/1.0; +claudebot@anthropic.com)"
216.73.216.33 - - [01/Jan/2026:23:27:44 +0800] "GET /sitemap_index.xml HTTP/1.1" 200 315 "-" "Mozilla/5.0 AppleWebKit/537.36 (KHTML, like Gecko; compatible; ClaudeBot/1.0; +claudebot@anthropic.com)"
103.4.122.14 - - [01/Jan/2026:23:28:21 +0800] "POST /wp-cron.php?doing_wp_cron=1767281301.5690290927886962890625 HTTP/1.1" 200 - "-" "WordPress/6.9; https://dandenongdaynursery.com.au"
114.119.153.131 - - [01/Jan/2026:23:28:20 +0800] "GET /%E0%B8%AA%E0%B8%A5%E0%B9%87%E0%B8%AD%E0%B8%95%E0%B9%81%E0%B8%95%E0%B8%81%E0%B8%87%E0%B9%88%E0%B8%B2%E0%B8%A2.aspx HTTP/1.1" 404 170266 "https://dandenongdaynursery.com.au/%E0%B8%AA%E0%B8%A1%E0%B8%B1%E0%B8%84%E0%B8%A3%E0%B8%AA%E0%B8%A5%E0%B9%87%E0%B8%AD%E0%B8%95.aspx" "Mozilla/5.0 (Linux; Android 7.0;) AppleWebKit/537.36 (KHTML, like Gecko) Mobile Safari/537.36 (compatible; PetalBot;+https://webmaster.petalsearch.com/site/petalbot)"
103.4.122.14 - - [01/Jan/2026:23:29:41 +0800] "POST /wp-cron.php?doing_wp_cron=1767281381.3250110149383544921875 HTTP/1.1" 200 - "-" "WordPress/6.9; https://dandenongdaynursery.com.au"
114.119.144.65 - - [01/Jan/2026:23:29:40 +0800] "GET /%E0%B8%AA%E0%B8%A5%E0%B9%87%E0%B8%AD%E0%B8%95%E0%B9%80%E0%B8%A7%E0%B9%87%E0%B8%9A%E0%B8%95%E0%B8%A3%E0%B8%87%E0%B9%84%E0%B8%A1%E0%B9%88%E0%B8%9C%E0%B9%88%E0%B8%B2%E0%B8%99%E0%B9%80%E0%B8%AD%E0%B9%80%E0%B8%A2%E0%B9%88%E0%B8%99%E0%B8%95%E0%B9%8C%E0%B9%84%E0%B8%A1%E0%B9%88%E0%B8%A1%E0%B8%B5%E0%B8%82%E0%B8%B1%E0%B9%89%E0%B8%99%E0%B8%95%E0%B9%88%E0%B9%8D%E0%B8%B2.aspx HTTP/1.1" 404 170266 "https://dandenongdaynursery.com.au/%E0%B8%AA%E0%B8%A5%E0%B9%8A%E0%B8%AD%E0%B8%95%E0%B8%97%E0%B8%94%E0%B8%A5%E0%B8%AD%E0%B8%87.aspx" "Mozilla/5.0 (Linux; Android 7.0;) AppleWebKit/537.36 (KHTML, like Gecko) Mobile Safari/537.36 (compatible; PetalBot;+https://webmaster.petalsearch.com/site/petalbot)"
103.4.122.14 - - [01/Jan/2026:23:31:03 +0800] "POST /wp-cron.php?doing_wp_cron=1767281463.7089459896087646484375 HTTP/1.1" 200 - "-" "WordPress/6.9; https://dandenongdaynursery.com.au"
114.119.131.136 - - [01/Jan/2026:23:31:02 +0800] "GET /%E0%B8%AA%E0%B8%A5%E0%B9%87%E0%B8%AD%E0%B8%95%E0%B9%80%E0%B8%A7%E0%B9%87%E0%B8%9A%E0%B8%95%E0%B8%A3%E0%B8%87%E0%B9%84%E0%B8%A1%E0%B9%88%E0%B8%9C%E0%B9%88%E0%B8%B2%E0%B8%99%E0%B9%80%E0%B8%AD%E0%B9%80%E0%B8%A2%E0%B9%88%E0%B8%99%E0%B8%95%E0%B9%8C%20777.aspx HTTP/1.1" 404 170266 "https://dandenongdaynursery.com.au/www.lotto.com%20%E0%B9%80%E0%B8%82%E0%B9%89%E0%B8%B2%E0%B8%AA%E0%B8%B9%E0%B9%88%E0%B8%A3%E0%B8%B0%E0%B8%9A%E0%B8%9A.aspx" "Mozilla/5.0 (Linux; Android 7.0;) AppleWebKit/537.36 (KHTML, like Gecko) Mobile Safari/537.36 (compatible; PetalBot;+https://webmaster.petalsearch.com/site/petalbot)"
103.4.122.14 - - [01/Jan/2026:23:32:26 +0800] "POST /wp-cron.php?doing_wp_cron=1767281546.5288369655609130859375 HTTP/1.1" 200 - "-" "WordPress/6.9; https://dandenongdaynursery.com.au"
114.119.131.136 - - [01/Jan/2026:23:32:25 +0800] "GET /%E0%B8%AA%E0%B8%A5%E0%B9%87%E0%B8%AD%E0%B8%95%E0%B9%80%E0%B8%A7%E0%B9%87%E0%B8%9A%E0%B8%95%E0%B8%A3%E0%B8%87%E0%B8%AD%E0%B8%B1%E0%B8%99%E0%B8%94%E0%B8%B1%E0%B8%9A%201.aspx HTTP/1.1" 404 170266 "https://dandenongdaynursery.com.au/%E0%B8%AA%E0%B8%A1%E0%B8%B1%E0%B8%84%E0%B8%A3%E0%B9%80%E0%B8%A7%E0%B9%87%E0%B8%9A%E0%B8%AA%E0%B8%A5%E0%B9%87%E0%B8%AD%E0%B8%95.aspx" "Mozilla/5.0 (Linux; Android 7.0;) AppleWebKit/537.36 (KHTML, like Gecko) Mobile Safari/537.36 (compatible; PetalBot;+https://webmaster.petalsearch.com/site/petalbot)"
103.4.122.14 - - [01/Jan/2026:23:33:51 +0800] "POST /wp-cron.php?doing_wp_cron=1767281631.6162459850311279296875 HTTP/1.1" 200 - "-" "WordPress/6.9; https://dandenongdaynursery.com.au"
114.119.133.126 - - [01/Jan/2026:23:33:50 +0800] "GET /%E0%B8%AA%E0%B8%A5%E0%B9%87%E0%B8%AD%E0%B8%95%E0%B9%80%E0%B8%A7%E0%B9%87%E0%B8%9A%E0%B8%95%E0%B8%A3%E0%B8%87%20100%20%E0%B8%95%E0%B9%88%E0%B8%B2%E0%B8%87%E0%B8%9B%E0%B8%A3%E0%B8%B0%E0%B9%80%E0%B8%97%E0%B8%A8.aspx HTTP/1.1" 404 170266 "https://dandenongdaynursery.com.au/ufabet%20%E0%B8%97%E0%B8%B2%E0%B8%87%E0%B9%80%E0%B8%82%E0%B9%89%E0%B8%B2.aspx" "Mozilla/5.0 (Linux; Android 7.0;) AppleWebKit/537.36 (KHTML, like Gecko) Mobile Safari/537.36 (compatible; PetalBot;+https://webmaster.petalsearch.com/site/petalbot)"
103.4.122.14 - - [01/Jan/2026:23:35:19 +0800] "POST /wp-cron.php?doing_wp_cron=1767281719.6978290081024169921875 HTTP/1.1" 200 - "-" "WordPress/6.9; https://dandenongdaynursery.com.au"
114.119.133.253 - - [01/Jan/2026:23:35:18 +0800] "GET /%E0%B8%AA%E0%B8%A5%E0%B9%87%E0%B8%AD%E0%B8%95%E0%B9%80%E0%B8%84%E0%B8%A3%E0%B8%94%E0%B8%B4%E0%B8%95%E0%B8%9F%E0%B8%A3%E0%B8%B5%E0%B8%A5%E0%B9%88%E0%B8%B2%E0%B8%AA%E0%B8%B8%E0%B8%94.aspx HTTP/1.1" 404 170266 "https://dandenongdaynursery.com.au/ufavip.aspx" "Mozilla/5.0 (Linux; Android 7.0;) AppleWebKit/537.36 (KHTML, like Gecko) Mobile Safari/537.36 (compatible; PetalBot;+https://webmaster.petalsearch.com/site/petalbot)"
103.4.122.14 - - [01/Jan/2026:23:36:41 +0800] "POST /wp-cron.php?doing_wp_cron=1767281801.4110710620880126953125 HTTP/1.1" 200 - "-" "WordPress/6.9; https://dandenongdaynursery.com.au"
114.119.141.116 - - [01/Jan/2026:23:36:40 +0800] "GET /%E0%B8%AA%E0%B8%A5%E0%B9%87%E0%B8%AD%E0%B8%95%E0%B9%80%E0%B8%84%E0%B8%A3%E0%B8%94%E0%B8%B4%E0%B8%95%E0%B8%9F%E0%B8%A3%E0%B8%B5%20mukob.aspx HTTP/1.1" 404 170266 "https://dandenongdaynursery.com.au/%E0%B9%80%E0%B8%84%E0%B8%A3%E0%B8%94%E0%B8%B4%E0%B8%95%E0%B8%9F%E0%B8%A3%E0%B8%B5%E0%B8%A2%E0%B8%B7%E0%B8%99%E0%B8%A2%E0%B8%B1%E0%B8%99%E0%B9%80%E0%B8%9A%E0%B8%AD%E0%B8%A3%E0%B9%8C.aspx" "Mozilla/5.0 (Linux; Android 7.0;) AppleWebKit/537.36 (KHTML, like Gecko) Mobile Safari/537.36 (compatible; PetalBot;+https://webmaster.petalsearch.com/site/petalbot)"
103.4.122.14 - - [01/Jan/2026:23:38:03 +0800] "POST /wp-cron.php?doing_wp_cron=1767281883.4918560981750488281250 HTTP/1.1" 200 - "-" "WordPress/6.9; https://dandenongdaynursery.com.au"
114.119.146.142 - - [01/Jan/2026:23:38:02 +0800] "GET /%E0%B8%AA%E0%B8%A5%E0%B9%87%E0%B8%AD%E0%B8%95%E0%B8%9D%E0%B8%B2%E0%B8%81%E0%B8%96%E0%B8%AD%E0%B8%99%20true%20wallet%20%E0%B9%84%E0%B8%A1%E0%B9%88%E0%B8%A1%E0%B8%B5%E0%B8%82%E0%B8%B1%E0%B9%89%E0%B8%99%E0%B8%95%E0%B9%88%E0%B9%8D%E0%B8%B2.aspx HTTP/1.1" 404 170266 "https://dandenongdaynursery.com.au/%E0%B8%AA%E0%B8%A5%E0%B9%8A%E0%B8%AD%E0%B8%95.aspx" "Mozilla/5.0 (Linux; Android 7.0;) AppleWebKit/537.36 (KHTML, like Gecko) Mobile Safari/537.36 (compatible; PetalBot;+https://webmaster.petalsearch.com/site/petalbot)"
103.4.122.14 - - [01/Jan/2026:23:39:25 +0800] "POST /wp-cron.php?doing_wp_cron=1767281964.9552030563354492187500 HTTP/1.1" 200 - "-" "WordPress/6.9; https://dandenongdaynursery.com.au"
114.119.144.65 - - [01/Jan/2026:23:39:23 +0800] "GET /%E0%B8%AA%E0%B8%A5%E0%B9%87%E0%B8%AD%E0%B8%95%E0%B8%9D%E0%B8%B2%E0%B8%81%E0%B8%96%E0%B8%AD%E0%B8%99%20true%20wallet%20%E0%B9%80%E0%B8%A7%E0%B9%87%E0%B8%9A%E0%B8%95%E0%B8%A3%E0%B8%87.aspx HTTP/1.1" 404 170266 "https://dandenongdaynursery.com.au/g2g%20slot.aspx" "Mozilla/5.0 (Linux; Android 7.0;) AppleWebKit/537.36 (KHTML, like Gecko) Mobile Safari/537.36 (compatible; PetalBot;+https://webmaster.petalsearch.com/site/petalbot)"
103.4.122.14 - - [01/Jan/2026:23:40:53 +0800] "POST /wp-cron.php?doing_wp_cron=1767282052.8657441139221191406250 HTTP/1.1" 200 - "-" "WordPress/6.9; https://dandenongdaynursery.com.au"
114.119.141.116 - - [01/Jan/2026:23:40:51 +0800] "GET /%E0%B8%AA%E0%B8%A5%E0%B9%87%E0%B8%AD%E0%B8%95%E0%B8%97%E0%B8%94%E0%B8%A5%E0%B8%AD%E0%B8%87%E0%B9%80%E0%B8%A5%E0%B9%88%E0%B8%99%E0%B8%9F%E0%B8%A3%E0%B8%B5%E0%B8%97%E0%B8%B8%E0%B8%81%E0%B8%84%E0%B9%88%E0%B8%B2%E0%B8%A2.aspx HTTP/1.1" 404 170266 "https://dandenongdaynursery.com.au/%E0%B8%AA%E0%B8%A5%E0%B9%87%E0%B8%AD%E0%B8%95%20%E0%B8%97%E0%B8%94%E0%B8%A5%E0%B8%AD%E0%B8%87%E0%B9%80%E0%B8%A5%E0%B9%88%E0%B8%99%E0%B8%9F%E0%B8%A3%E0%B8%B5.aspx" "Mozilla/5.0 (Linux; Android 7.0;) AppleWebKit/537.36 (KHTML, like Gecko) Mobile Safari/537.36 (compatible; PetalBot;+https://webmaster.petalsearch.com/site/petalbot)"
103.4.122.14 - - [01/Jan/2026:23:42:18 +0800] "POST /wp-cron.php?doing_wp_cron=1767282138.3769071102142333984375 HTTP/1.1" 200 - "-" "WordPress/6.9; https://dandenongdaynursery.com.au"
114.119.133.126 - - [01/Jan/2026:23:42:17 +0800] "GET /%E0%B8%AA%E0%B8%A5%E0%B9%87%E0%B8%AD%E0%B8%95%E0%B8%84%E0%B9%88%E0%B8%B2%E0%B8%A2%E0%B9%83%E0%B8%AB%E0%B8%8D%E0%B9%88.aspx HTTP/1.1" 404 170266 "https://dandenongdaynursery.com.au/slot1688.aspx" "Mozilla/5.0 (Linux; Android 7.0;) AppleWebKit/537.36 (KHTML, like Gecko) Mobile Safari/537.36 (compatible; PetalBot;+https://webmaster.petalsearch.com/site/petalbot)"
103.4.122.14 - - [01/Jan/2026:23:43:35 +0800] "POST /wp-cron.php?doing_wp_cron=1767282215.0706889629364013671875 HTTP/1.1" 200 - "-" "WordPress/6.9; https://dandenongdaynursery.com.au"
114.119.146.142 - - [01/Jan/2026:23:43:33 +0800] "GET /%E0%B8%AA%E0%B8%A5%E0%B9%87%E0%B8%AD%E0%B8%95%20pg%20%E0%B9%80%E0%B8%A7%E0%B9%87%E0%B8%9A%E0%B8%95%E0%B8%A3%E0%B8%87%20100.aspx HTTP/1.1" 404 170266 "https://dandenongdaynursery.com.au/%E0%B9%80%E0%B8%81%E0%B8%A1%E0%B8%AA%E0%B8%A5%E0%B9%87%E0%B8%AD%E0%B8%95%20888.aspx" "Mozilla/5.0 (Linux; Android 7.0;) AppleWebKit/537.36 (KHTML, like Gecko) Mobile Safari/537.36 (compatible; PetalBot;+https://webmaster.petalsearch.com/site/petalbot)"
103.4.122.14 - - [01/Jan/2026:23:44:59 +0800] "POST /wp-cron.php?doing_wp_cron=1767282299.4240520000457763671875 HTTP/1.1" 200 - "-" "WordPress/6.9; https://dandenongdaynursery.com.au"
114.119.148.103 - - [01/Jan/2026:23:44:58 +0800] "GET /%E0%B8%AA%E0%B8%A5%E0%B9%87%E0%B8%AD%E0%B8%95%201688%20%E0%B8%97%E0%B8%B2%E0%B8%87%E0%B9%80%E0%B8%82%E0%B9%89%E0%B8%B2.aspx HTTP/1.1" 404 170266 "https://dandenongdaynursery.com.au/slot%20%E0%B9%80%E0%B8%84%E0%B8%A3%E0%B8%94%E0%B8%B4%E0%B8%95%E0%B8%9F%E0%B8%A3%E0%B8%B5.aspx" "Mozilla/5.0 (Linux; Android 7.0;) AppleWebKit/537.36 (KHTML, like Gecko) Mobile Safari/537.36 (compatible; PetalBot;+https://webmaster.petalsearch.com/site/petalbot)"
103.4.122.14 - - [01/Jan/2026:23:47:39 +0800] "POST /wp-cron.php?doing_wp_cron=1767282458.8575670719146728515625 HTTP/1.1" 200 - "-" "WordPress/6.9; https://dandenongdaynursery.com.au"
114.119.148.103 - - [01/Jan/2026:23:47:37 +0800] "GET /%E0%B8%AA%E0%B8%A5%E0%B9%87%E0%B8%AD%E0%B8%95%20%E0%B9%80%E0%B8%84%E0%B8%A3%E0%B8%94%E0%B8%B4%E0%B8%95%E0%B8%9F%E0%B8%A3%E0%B8%B5%2050%20%E0%B8%96%E0%B8%AD%E0%B8%99%E0%B9%84%E0%B8%94%E0%B9%89%20300.aspx HTTP/1.1" 404 170266 "https://dandenongdaynursery.com.au/ufabet%20wallet%20777.aspx" "Mozilla/5.0 (Linux; Android 7.0;) AppleWebKit/537.36 (KHTML, like Gecko) Mobile Safari/537.36 (compatible; PetalBot;+https://webmaster.petalsearch.com/site/petalbot)"
114.119.131.136 - - [01/Jan/2026:23:48:33 +0800] "GET /%E0%B8%AA%E0%B8%A5%E0%B9%87%E0%B8%AD%E0%B8%95%20%E0%B8%9D%E0%B8%B2%E0%B8%81%E0%B8%96%E0%B8%AD%E0%B8%99%20true%20wallet.aspx HTTP/1.1" 404 170266 "https://dandenongdaynursery.com.au/slot666.aspx" "Mozilla/5.0 (Linux; Android 7.0;) AppleWebKit/537.36 (KHTML, like Gecko) Mobile Safari/537.36 (compatible; PetalBot;+https://webmaster.petalsearch.com/site/petalbot)"
103.4.122.14 - - [01/Jan/2026:23:49:10 +0800] "POST /wp-cron.php?doing_wp_cron=1767282550.4668629169464111328125 HTTP/1.1" 200 - "-" "WordPress/6.9; https://dandenongdaynursery.com.au"
114.119.148.103 - - [01/Jan/2026:23:49:09 +0800] "GET /%E0%B8%AA%E0%B8%A2%E0%B8%B2%E0%B8%A199%20%E0%B8%AA%E0%B8%A5%E0%B9%87%E0%B8%AD%E0%B8%95.aspx HTTP/1.1" 404 170266 "https://dandenongdaynursery.com.au/joker%20vip.aspx" "Mozilla/5.0 (Linux; Android 7.0;) AppleWebKit/537.36 (KHTML, like Gecko) Mobile Safari/537.36 (compatible; PetalBot;+https://webmaster.petalsearch.com/site/petalbot)"
103.4.122.14 - - [01/Jan/2026:23:50:33 +0800] "POST /wp-cron.php?doing_wp_cron=1767282633.2411570549011230468750 HTTP/1.1" 200 - "-" "WordPress/6.9; https://dandenongdaynursery.com.au"
114.119.148.103 - - [01/Jan/2026:23:50:31 +0800] "GET /%E0%B8%AA%E0%B8%9A%E0%B8%B2%E0%B8%A2%2099.aspx HTTP/1.1" 404 170266 "https://dandenongdaynursery.com.au/puss888%20%E0%B9%80%E0%B8%82%E0%B9%89%E0%B8%B2%E0%B8%AA%E0%B8%B9%E0%B9%88%E0%B8%A3%E0%B8%B0%E0%B8%9A%E0%B8%9A.aspx" "Mozilla/5.0 (Linux; Android 7.0;) AppleWebKit/537.36 (KHTML, like Gecko) Mobile Safari/537.36 (compatible; PetalBot;+https://webmaster.petalsearch.com/site/petalbot)"
103.4.122.14 - - [01/Jan/2026:23:51:56 +0800] "POST /wp-cron.php?doing_wp_cron=1767282716.4777700901031494140625 HTTP/1.1" 200 - "-" "WordPress/6.9; https://dandenongdaynursery.com.au"
114.119.148.103 - - [01/Jan/2026:23:51:55 +0800] "GET /%E0%B8%A7%E0%B8%AD%20%E0%B9%80%E0%B8%A5%E0%B8%97.aspx HTTP/1.1" 404 170266 "https://dandenongdaynursery.com.au/%E0%B9%82%E0%B8%9B%E0%B8%A3%20%E0%B8%9D%E0%B8%B2%E0%B8%8110%E0%B8%A3%E0%B8%B1%E0%B8%9A100%20%E0%B8%96%E0%B8%AD%E0%B8%99%E0%B9%84%E0%B8%A1%E0%B9%88%E0%B8%AD%E0%B8%B1%E0%B9%89%E0%B8%99%20%E0%B8%A7%E0%B8%AD%E0%B9%80%E0%B8%A5%E0%B8%97.aspx" "Mozilla/5.0 (Linux; Android 7.0;) AppleWebKit/537.36 (KHTML, like Gecko) Mobile Safari/537.36 (compatible; PetalBot;+https://webmaster.petalsearch.com/site/petalbot)"
103.4.122.14 - - [01/Jan/2026:23:53:20 +0800] "POST /wp-cron.php?doing_wp_cron=1767282800.5823810100555419921875 HTTP/1.1" 200 - "-" "WordPress/6.9; https://dandenongdaynursery.com.au"
114.119.131.136 - - [01/Jan/2026:23:53:19 +0800] "GET /%E0%B8%A3%E0%B8%A7%E0%B8%A1%E0%B9%80%E0%B8%A7%E0%B9%87%E0%B8%9A%20betflix.aspx HTTP/1.1" 404 170266 "https://dandenongdaynursery.com.au/myslot.aspx" "Mozilla/5.0 (Linux; Android 7.0;) AppleWebKit/537.36 (KHTML, like Gecko) Mobile Safari/537.36 (compatible; PetalBot;+https://webmaster.petalsearch.com/site/petalbot)"
103.4.122.14 - - [01/Jan/2026:23:54:44 +0800] "POST /wp-cron.php?doing_wp_cron=1767282884.5292699337005615234375 HTTP/1.1" 200 - "-" "WordPress/6.9; https://dandenongdaynursery.com.au"
114.119.144.65 - - [01/Jan/2026:23:54:43 +0800] "GET /%E0%B8%A2%E0%B8%B9%E0%B8%9F%E0%B9%88%E0%B8%B2168.aspx HTTP/1.1" 404 170266 "https://dandenongdaynursery.com.au/%E0%B8%AA%E0%B8%A5%E0%B9%87%E0%B8%AD%E0%B8%95%20%E0%B9%80%E0%B8%A7%E0%B9%87%E0%B8%9A%E0%B8%95%E0%B8%A3%E0%B8%87.aspx" "Mozilla/5.0 (Linux; Android 7.0;) AppleWebKit/537.36 (KHTML, like Gecko) Mobile Safari/537.36 (compatible; PetalBot;+https://webmaster.petalsearch.com/site/petalbot)"
103.4.122.14 - - [01/Jan/2026:23:56:07 +0800] "POST /wp-cron.php?doing_wp_cron=1767282967.4088571071624755859375 HTTP/1.1" 200 - "-" "WordPress/6.9; https://dandenongdaynursery.com.au"
114.119.153.131 - - [01/Jan/2026:23:56:06 +0800] "GET /%E0%B8%9E%E0%B8%99%E0%B8%B1%E0%B8%99%E0%B8%AD%E0%B8%AD%E0%B8%99%E0%B9%84%E0%B8%A5%E0%B8%99%E0%B9%8C.aspx HTTP/1.1" 404 170266 "https://dandenongdaynursery.com.au/%E0%B9%80%E0%B8%A7%E0%B9%87%E0%B8%9A%E0%B8%AA%E0%B8%A5%E0%B9%87%E0%B8%AD%E0%B8%95%E0%B9%81%E0%B8%95%E0%B8%81%E0%B8%87%E0%B9%88%E0%B8%B2%E0%B8%A2.aspx" "Mozilla/5.0 (Linux; Android 7.0;) AppleWebKit/537.36 (KHTML, like Gecko) Mobile Safari/537.36 (compatible; PetalBot;+https://webmaster.petalsearch.com/site/petalbot)"
103.4.122.14 - - [01/Jan/2026:23:57:31 +0800] "POST /wp-cron.php?doing_wp_cron=1767283051.1252560615539550781250 HTTP/1.1" 200 - "-" "WordPress/6.9; https://dandenongdaynursery.com.au"
114.119.144.65 - - [01/Jan/2026:23:57:29 +0800] "GET /%E0%B8%9A%E0%B8%B2%E0%B8%84%E0%B8%B2%E0%B8%A3%E0%B9%88%E0%B8%B2%E0%B9%80%E0%B8%A7%E0%B9%87%E0%B8%9A%E0%B8%95%E0%B8%A3%E0%B8%87777.aspx HTTP/1.1" 404 170266 "https://dandenongdaynursery.com.au/%E0%B9%82%E0%B8%9B%E0%B8%A3%20%E0%B8%9D%E0%B8%B2%E0%B8%8110%E0%B8%A3%E0%B8%B1%E0%B8%9A100%20%E0%B8%96%E0%B8%AD%E0%B8%99%E0%B9%84%E0%B8%A1%E0%B9%88%E0%B8%AD%E0%B8%B1%E0%B9%89%E0%B8%99%20%E0%B8%A7%E0%B8%AD%E0%B9%80%E0%B8%A5%E0%B8%97.aspx" "Mozilla/5.0 (Linux; Android 7.0;) AppleWebKit/537.36 (KHTML, like Gecko) Mobile Safari/537.36 (compatible; PetalBot;+https://webmaster.petalsearch.com/site/petalbot)"
103.4.122.14 - - [01/Jan/2026:23:58:55 +0800] "POST /wp-cron.php?doing_wp_cron=1767283135.7394649982452392578125 HTTP/1.1" 200 - "-" "WordPress/6.9; https://dandenongdaynursery.com.au"
114.119.148.103 - - [01/Jan/2026:23:58:54 +0800] "GET /%E0%B8%9A%E0%B8%B2%E0%B8%84%E0%B8%B2%E0%B8%A3%E0%B9%88%E0%B8%B2%E0%B9%80%E0%B8%A7%E0%B9%87%E0%B8%9A%E0%B8%95%E0%B8%A3%E0%B8%87.aspx HTTP/1.1" 404 170266 "https://dandenongdaynursery.com.au/slot24th.aspx" "Mozilla/5.0 (Linux; Android 7.0;) AppleWebKit/537.36 (KHTML, like Gecko) Mobile Safari/537.36 (compatible; PetalBot;+https://webmaster.petalsearch.com/site/petalbot)"
103.4.122.14 - - [02/Jan/2026:00:00:17 +0800] "POST /wp-cron.php?doing_wp_cron=1767283217.0369191169738769531250 HTTP/1.1" 200 - "-" "WordPress/6.9; https://dandenongdaynursery.com.au"
114.119.144.65 - - [02/Jan/2026:00:00:15 +0800] "GET /%E0%B8%9A%E0%B8%B2%E0%B8%84%E0%B8%B2%E0%B8%A3%E0%B9%88%E0%B8%B2%E0%B8%97%E0%B8%94%E0%B8%A5%E0%B8%AD%E0%B8%87%E0%B9%80%E0%B8%A5%E0%B9%88%E0%B8%99.aspx HTTP/1.1" 404 170266 "https://dandenongdaynursery.com.au/20%E0%B8%A3%E0%B8%B1%E0%B8%9A100.aspx" "Mozilla/5.0 (Linux; Android 7.0;) AppleWebKit/537.36 (KHTML, like Gecko) Mobile Safari/537.36 (compatible; PetalBot;+https://webmaster.petalsearch.com/site/petalbot)"
103.4.122.14 - - [02/Jan/2026:00:01:47 +0800] "POST /wp-cron.php?doing_wp_cron=1767283307.6352379322052001953125 HTTP/1.1" 200 - "-" "WordPress/6.9; https://dandenongdaynursery.com.au"
114.119.141.116 - - [02/Jan/2026:00:01:46 +0800] "GET /%E0%B8%97%E0%B8%B2%E0%B8%87%E0%B9%80%E0%B8%82%E0%B9%89%E0%B8%B2ufabet168.aspx HTTP/1.1" 404 170266 "https://dandenongdaynursery.com.au/ufabet%E0%B9%80%E0%B8%82%E0%B9%89%E0%B8%B2%E0%B8%AA%E0%B8%B9%E0%B9%88%E0%B8%A3%E0%B8%B0%E0%B8%9A%E0%B8%9A.aspx" "Mozilla/5.0 (Linux; Android 7.0;) AppleWebKit/537.36 (KHTML, like Gecko) Mobile Safari/537.36 (compatible; PetalBot;+https://webmaster.petalsearch.com/site/petalbot)"
103.4.122.14 - - [02/Jan/2026:00:03:11 +0800] "POST /wp-cron.php?doing_wp_cron=1767283391.2806990146636962890625 HTTP/1.1" 200 - "-" "WordPress/6.9; https://dandenongdaynursery.com.au"
114.119.148.103 - - [02/Jan/2026:00:03:09 +0800] "GET /%E0%B8%97%E0%B8%B2%E0%B8%87%E0%B9%80%E0%B8%82%E0%B9%89%E0%B8%B2%E0%B8%AA%E0%B9%82%E0%B8%9A.aspx HTTP/1.1" 404 170266 "https://dandenongdaynursery.com.au/ufabet168.aspx" "Mozilla/5.0 (Linux; Android 7.0;) AppleWebKit/537.36 (KHTML, like Gecko) Mobile Safari/537.36 (compatible; PetalBot;+https://webmaster.petalsearch.com/site/petalbot)"
103.4.122.14 - - [02/Jan/2026:00:04:30 +0800] "POST /wp-cron.php?doing_wp_cron=1767283469.9442300796508789062500 HTTP/1.1" 200 - "-" "WordPress/6.9; https://dandenongdaynursery.com.au"
114.119.131.136 - - [02/Jan/2026:00:04:28 +0800] "GET /%E0%B8%97%E0%B8%B2%E0%B8%87%E0%B9%80%E0%B8%82%E0%B9%89%E0%B8%B2%20sbobet%20%E0%B9%83%E0%B8%AB%E0%B8%A1%E0%B9%88%E0%B8%A5%E0%B9%88%E0%B8%B2%E0%B8%AA%E0%B8%B8%E0%B8%94.aspx HTTP/1.1" 404 170266 "https://dandenongdaynursery.com.au/betflix168.aspx" "Mozilla/5.0 (Linux; Android 7.0;) AppleWebKit/537.36 (KHTML, like Gecko) Mobile Safari/537.36 (compatible; PetalBot;+https://webmaster.petalsearch.com/site/petalbot)"
103.4.122.14 - - [02/Jan/2026:00:05:55 +0800] "POST /wp-cron.php?doing_wp_cron=1767283555.6989939212799072265625 HTTP/1.1" 200 - "-" "WordPress/6.9; https://dandenongdaynursery.com.au"
114.119.133.253 - - [02/Jan/2026:00:05:54 +0800] "GET /%E0%B8%97%E0%B8%B2%E0%B8%87%E0%B9%80%E0%B8%82%E0%B9%89%E0%B8%B2%20joker%20%E0%B9%83%E0%B8%AB%E0%B8%A1%E0%B9%88%E0%B8%A5%E0%B9%88%E0%B8%B2%E0%B8%AA%E0%B8%B8%E0%B8%94.aspx HTTP/1.1" 404 170266 "https://dandenongdaynursery.com.au/%E0%B9%80%E0%B8%84%E0%B8%94%E0%B8%B4%E0%B8%95%E0%B8%9F%E0%B8%A3%E0%B8%B5%E0%B9%84%E0%B8%A1%E0%B9%88%E0%B8%95%E0%B9%89%E0%B8%AD%E0%B8%87%E0%B8%9D%E0%B8%B2%E0%B8%81%E0%B9%84%E0%B8%A1%E0%B9%88%E0%B8%95%E0%B9%89%E0%B8%AD%E0%B8%87%E0%B9%81%E0%B8%8A%E0%B8%A3%E0%B9%8C.aspx" "Mozilla/5.0 (Linux; Android 7.0;) AppleWebKit/537.36 (KHTML, like Gecko) Mobile Safari/537.36 (compatible; PetalBot;+https://webmaster.petalsearch.com/site/petalbot)"
103.4.122.14 - - [02/Jan/2026:00:07:19 +0800] "POST /wp-cron.php?doing_wp_cron=1767283639.3331379890441894531250 HTTP/1.1" 200 - "-" "WordPress/6.9; https://dandenongdaynursery.com.au"
114.119.133.126 - - [02/Jan/2026:00:07:18 +0800] "GET /%E0%B8%97%E0%B8%B2%E0%B8%87%E0%B9%80%E0%B8%82%E0%B9%89%E0%B8%B2%20%E0%B8%AA%E0%B8%A5%E0%B9%87%E0%B8%AD%E0%B8%95%20789.aspx HTTP/1.1" 404 170266 "https://dandenongdaynursery.com.au/ufa789.aspx" "Mozilla/5.0 (Linux; Android 7.0;) AppleWebKit/537.36 (KHTML, like Gecko) Mobile Safari/537.36 (compatible; PetalBot;+https://webmaster.petalsearch.com/site/petalbot)"
103.4.122.14 - - [02/Jan/2026:00:08:39 +0800] "POST /wp-cron.php?doing_wp_cron=1767283719.5622849464416503906250 HTTP/1.1" 200 - "-" "WordPress/6.9; https://dandenongdaynursery.com.au"
114.119.131.136 - - [02/Jan/2026:00:08:38 +0800] "GET /%E0%B8%97%E0%B8%B2%E0%B8%87%20%E0%B9%80%E0%B8%82%E0%B9%89%E0%B8%B2%20pg%20slot.aspx HTTP/1.1" 404 170266 "https://dandenongdaynursery.com.au/casino%20wallet.aspx" "Mozilla/5.0 (Linux; Android 7.0;) AppleWebKit/537.36 (KHTML, like Gecko) Mobile Safari/537.36 (compatible; PetalBot;+https://webmaster.petalsearch.com/site/petalbot)"
103.4.122.14 - - [02/Jan/2026:00:10:04 +0800] "POST /wp-cron.php?doing_wp_cron=1767283804.7065238952636718750000 HTTP/1.1" 200 - "-" "WordPress/6.9; https://dandenongdaynursery.com.au"
114.119.144.65 - - [02/Jan/2026:00:10:03 +0800] "GET /%E0%B8%97%E0%B8%94%E0%B8%A5%E0%B8%AD%E0%B8%87%E0%B9%80%E0%B8%A5%E0%B9%88%E0%B8%99%E0%B8%AA%E0%B8%A5%E0%B9%87%E0%B8%AD%E0%B8%95%E0%B9%82%E0%B8%A3%E0%B8%A1%E0%B9%88%E0%B8%B2%E0%B8%9F%E0%B8%A3%E0%B8%B5.aspx HTTP/1.1" 404 170266 "https://dandenongdaynursery.com.au/%E0%B8%AA%E0%B8%A5%E0%B9%87%E0%B8%AD%E0%B8%95%E0%B9%80%E0%B8%84%E0%B8%A3%E0%B8%94%E0%B8%B4%E0%B8%95%E0%B8%9F%E0%B8%A3%E0%B8%B5%E0%B9%84%E0%B8%A1%E0%B9%88%E0%B8%95%E0%B9%89%E0%B8%AD%E0%B8%87%E0%B8%9D%E0%B8%B2%E0%B8%81.aspx" "Mozilla/5.0 (Linux; Android 7.0;) AppleWebKit/537.36 (KHTML, like Gecko) Mobile Safari/537.36 (compatible; PetalBot;+https://webmaster.petalsearch.com/site/petalbot)"
103.4.122.14 - - [02/Jan/2026:00:11:26 +0800] "POST /wp-cron.php?doing_wp_cron=1767283886.0737569332122802734375 HTTP/1.1" 200 - "-" "WordPress/6.9; https://dandenongdaynursery.com.au"
114.119.153.131 - - [02/Jan/2026:00:11:24 +0800] "GET /%E0%B8%97%E0%B8%94%E0%B8%A5%E0%B8%AD%E0%B8%87%E0%B9%80%E0%B8%A5%E0%B9%88%E0%B8%99%E0%B8%AA%E0%B8%A5%E0%B9%87%E0%B8%AD%E0%B8%95%E0%B9%80%E0%B8%A7%E0%B9%87%E0%B8%9A%E0%B8%95%E0%B8%A3%E0%B8%87.aspx HTTP/1.1" 404 170266 "https://dandenongdaynursery.com.au/%E0%B9%80%E0%B8%81%E0%B8%A1%E0%B8%AA%E0%B8%A5%E0%B9%87%E0%B8%AD%E0%B8%95%E0%B8%97%E0%B8%B5%E0%B9%88%E0%B8%84%E0%B8%B2%E0%B8%AA%E0%B8%B4%E0%B9%82%E0%B8%99%E0%B8%A5%E0%B8%B2%E0%B8%AA%E0%B9%80%E0%B8%A7%E0%B8%81%E0%B8%B1%E0%B8%AA.aspx" "Mozilla/5.0 (Linux; Android 7.0;) AppleWebKit/537.36 (KHTML, like Gecko) Mobile Safari/537.36 (compatible; PetalBot;+https://webmaster.petalsearch.com/site/petalbot)"
51.68.107.151 - - [02/Jan/2026:00:12:21 +0800] "GET /robots.txt HTTP/1.1" 200 135 "-" "Mozilla/5.0 (compatible; MJ12bot/v2.0.4; http://mj12bot.com/)"
51.68.107.151 - - [02/Jan/2026:00:12:23 +0800] "GET / HTTP/1.1" 200 37518 "-" "Mozilla/5.0 (compatible; MJ12bot/v2.0.4; http://mj12bot.com/)"
103.4.122.14 - - [02/Jan/2026:00:12:50 +0800] "POST /wp-cron.php?doing_wp_cron=1767283970.3854949474334716796875 HTTP/1.1" 200 - "-" "WordPress/6.9; https://dandenongdaynursery.com.au"
114.119.146.142 - - [02/Jan/2026:00:12:48 +0800] "GET /%E0%B8%97%E0%B8%94%E0%B8%A5%E0%B8%AD%E0%B8%87%E0%B9%80%E0%B8%A5%E0%B9%88%E0%B8%99%E0%B8%AA%E0%B8%A5%E0%B9%87%E0%B8%AD%E0%B8%95%E0%B8%97%E0%B8%B8%E0%B8%81%E0%B8%84%E0%B9%88%E0%B8%B2%E0%B8%A2.aspx HTTP/1.1" 404 170266 "https://dandenongdaynursery.com.au/%E0%B8%88%E0%B8%B5%E0%B8%84%E0%B8%A5%E0%B8%B1%E0%B8%9A%E0%B8%AA%E0%B8%A5%E0%B9%87%E0%B8%AD%E0%B8%95.aspx" "Mozilla/5.0 (Linux; Android 7.0;) AppleWebKit/537.36 (KHTML, like Gecko) Mobile Safari/537.36 (compatible; PetalBot;+https://webmaster.petalsearch.com/site/petalbot)"
103.4.122.14 - - [02/Jan/2026:00:14:18 +0800] "POST /wp-cron.php?doing_wp_cron=1767284058.2321469783782958984375 HTTP/1.1" 200 - "-" "WordPress/6.9; https://dandenongdaynursery.com.au"
114.119.133.253 - - [02/Jan/2026:00:14:16 +0800] "GET /%E0%B8%97%E0%B8%94%E0%B8%A5%E0%B8%AD%E0%B8%87%E0%B9%80%E0%B8%A5%E0%B9%88%E0%B8%99%E0%B8%AA%E0%B8%A5%E0%B9%87%E0%B8%AD%E0%B8%95%E0%B8%97%E0%B8%B8%E0%B8%81%E0%B8%84%E0%B9%88%E0%B8%B2%E0%B8%A2%E0%B8%9F%E0%B8%A3%E0%B8%B5.aspx HTTP/1.1" 404 170266 "https://dandenongdaynursery.com.au/allslot%20wallet%2010%E0%B8%A3%E0%B8%B1%E0%B8%9A100.aspx" "Mozilla/5.0 (Linux; Android 7.0;) AppleWebKit/537.36 (KHTML, like Gecko) Mobile Safari/537.36 (compatible; PetalBot;+https://webmaster.petalsearch.com/site/petalbot)"
103.4.122.14 - - [02/Jan/2026:00:15:38 +0800] "POST /wp-cron.php?doing_wp_cron=1767284137.8622670173645019531250 HTTP/1.1" 200 - "-" "WordPress/6.9; https://dandenongdaynursery.com.au"
114.119.146.142 - - [02/Jan/2026:00:15:36 +0800] "GET /%E0%B8%97%E0%B8%94%E0%B8%A5%E0%B8%AD%E0%B8%87%E0%B9%80%E0%B8%A5%E0%B9%88%E0%B8%99%E0%B8%AA%E0%B8%A5%E0%B9%87%E0%B8%AD%E0%B8%95%20pg%20%E0%B9%84%E0%B8%A1%E0%B9%88%20%E0%B9%80%E0%B8%94%E0%B9%89%E0%B8%87.aspx HTTP/1.1" 404 170266 "https://dandenongdaynursery.com.au/%E0%B8%AA%E0%B8%A5%E0%B9%87%E0%B8%AD%E0%B8%95%20%E0%B8%9D%E0%B8%B2%E0%B8%81%E0%B8%96%E0%B8%AD%E0%B8%99%20true%20wallet%20%E0%B9%80%E0%B8%A7%E0%B9%87%E0%B8%9A%E0%B8%95%E0%B8%A3%E0%B8%87.aspx" "Mozilla/5.0 (Linux; Android 7.0;) AppleWebKit/537.36 (KHTML, like Gecko) Mobile Safari/537.36 (compatible; PetalBot;+https://webmaster.petalsearch.com/site/petalbot)"
103.4.122.14 - - [02/Jan/2026:00:17:07 +0800] "POST /wp-cron.php?doing_wp_cron=1767284227.2990388870239257812500 HTTP/1.1" 200 - "-" "WordPress/6.9; https://dandenongdaynursery.com.au"
114.119.146.142 - - [02/Jan/2026:00:17:01 +0800] "GET /%E0%B8%97%E0%B8%94%E0%B8%A5%E0%B8%AD%E0%B8%87%E0%B9%80%E0%B8%A5%E0%B9%88%E0%B8%99%E0%B8%AA%E0%B8%A5%E0%B9%87%E0%B8%AD%E0%B8%95%20pg%20%E0%B9%84%E0%B8%A1%E0%B9%88%20%E0%B9%80%E0%B8%94%E0%B9%89%E0%B8%87%202023.aspx HTTP/1.1" 404 170266 "https://dandenongdaynursery.com.au/betflik%20net%20%E0%B9%80%E0%B8%82%E0%B9%89%E0%B8%B2%E0%B8%AA%E0%B8%B9%E0%B9%88%E0%B8%A3%E0%B8%B0%E0%B8%9A%E0%B8%9A.aspx" "Mozilla/5.0 (Linux; Android 7.0;) AppleWebKit/537.36 (KHTML, like Gecko) Mobile Safari/537.36 (compatible; PetalBot;+https://webmaster.petalsearch.com/site/petalbot)"
43.173.178.235 - - [02/Jan/2026:00:17:23 +0800] "GET / HTTP/1.1" 301 - "-" "Mozilla/5.0 (Windows NT 10.0; Win64; x64) AppleWebKit/537.36 (KHTML, like Gecko) Chrome/131.0.0.0 Safari/537.36"
43.173.178.235 - - [02/Jan/2026:00:17:25 +0800] "GET / HTTP/1.1" 200 37523 "http://dandenongdaynursery.com.au/" "Mozilla/5.0 (Windows NT 10.0; Win64; x64) AppleWebKit/537.36 (KHTML, like Gecko) Chrome/131.0.0.0 Safari/537.36"
43.173.180.216 - - [02/Jan/2026:00:17:38 +0800] "GET / HTTP/1.1" 301 - "-" "Mozilla/5.0 (Windows NT 10.0; Win64; x64) AppleWebKit/537.36 (KHTML, like Gecko) Chrome/104.0.5112.81 Safari/537.36"
43.173.180.216 - - [02/Jan/2026:00:17:39 +0800] "GET / HTTP/1.1" 200 37522 "http://dandenongdaynursery.com.au" "Mozilla/5.0 (Windows NT 10.0; Win64; x64) AppleWebKit/537.36 (KHTML, like Gecko) Chrome/104.0.5112.81 Safari/537.36"
103.4.122.14 - - [02/Jan/2026:00:18:23 +0800] "POST /wp-cron.php?doing_wp_cron=1767284303.7897350788116455078125 HTTP/1.1" 200 - "-" "WordPress/6.9; https://dandenongdaynursery.com.au"
114.119.153.131 - - [02/Jan/2026:00:18:22 +0800] "GET /%E0%B8%97%E0%B8%94%E0%B8%A5%E0%B8%AD%E0%B8%87%E0%B9%80%E0%B8%A5%E0%B9%88%E0%B8%99%E0%B8%AA%E0%B8%A5%E0%B9%87%E0%B8%AD%E0%B8%95%20pg%20%E0%B8%8B%E0%B8%B7%E0%B9%89%E0%B8%AD%20%E0%B8%9F%E0%B8%A3%E0%B8%B5%20%E0%B8%AA%20%E0%B8%9B%E0%B8%B4%20%E0%B8%99%20%E0%B9%84%E0%B8%94%E0%B9%89%20%E0%B9%84%E0%B8%A1%E0%B9%88%20%E0%B9%80%E0%B8%94%E0%B9%89%E0%B8%87.aspx HTTP/1.1" 404 170266 "https://dandenongdaynursery.com.au/%E0%B8%97%E0%B8%B2%E0%B8%87%E0%B9%80%E0%B8%82%E0%B9%89%E0%B8%B2pg%20%E0%B8%A1%E0%B8%B7%E0%B8%AD%E0%B8%96%E0%B8%B7%E0%B8%AD.aspx" "Mozilla/5.0 (Linux; Android 7.0;) AppleWebKit/537.36 (KHTML, like Gecko) Mobile Safari/537.36 (compatible; PetalBot;+https://webmaster.petalsearch.com/site/petalbot)"
103.4.122.14 - - [02/Jan/2026:00:19:48 +0800] "POST /wp-cron.php?doing_wp_cron=1767284387.8518130779266357421875 HTTP/1.1" 200 - "-" "WordPress/6.9; https://dandenongdaynursery.com.au"
114.119.146.142 - - [02/Jan/2026:00:19:46 +0800] "GET /%E0%B8%97%E0%B8%94%E0%B8%A5%E0%B8%AD%E0%B8%87%E0%B9%80%E0%B8%A5%E0%B9%88%E0%B8%99%E0%B8%9A%E0%B8%B2%E0%B8%84%E0%B8%B2%E0%B8%A3%E0%B9%88%E0%B8%B2%20sa.aspx HTTP/1.1" 404 170266 "https://dandenongdaynursery.com.au/category/uncategorized/" "Mozilla/5.0 (Linux; Android 7.0;) AppleWebKit/537.36 (KHTML, like Gecko) Mobile Safari/537.36 (compatible; PetalBot;+https://webmaster.petalsearch.com/site/petalbot)"
103.4.122.14 - - [02/Jan/2026:00:21:11 +0800] "POST /wp-cron.php?doing_wp_cron=1767284470.9659149646759033203125 HTTP/1.1" 200 - "-" "WordPress/6.9; https://dandenongdaynursery.com.au"
114.119.133.126 - - [02/Jan/2026:00:21:09 +0800] "GET /%E0%B8%8B%E0%B8%B8%E0%B8%9B%E0%B9%80%E0%B8%9B%E0%B8%AD%E0%B8%A3%E0%B9%8C%E0%B8%AA%E0%B8%A5%E0%B9%87%E0%B8%AD%E0%B8%95v9.aspx HTTP/1.1" 404 170266 "https://dandenongdaynursery.com.au/%E0%B9%80%E0%B8%A7%E0%B9%87%E0%B8%9A%E0%B8%95%E0%B8%A3%E0%B8%87%20%E0%B8%AA%E0%B8%A5%E0%B9%87%E0%B8%AD%E0%B8%95%E0%B8%9D%E0%B8%B2%E0%B8%81%E0%B8%96%E0%B8%AD%E0%B8%99%20%E0%B9%84%E0%B8%A1%E0%B9%88%E0%B8%A1%E0%B8%B5%20%E0%B8%82%E0%B8%B1%E0%B9%89%E0%B8%99%E0%B8%95%E0%B9%88%E0%B9%8D%E0%B8%B2%201%20%E0%B8%9A%E0%B8%B2%E0%B8%97%E0%B8%81%E0%B9%87%20%E0%B8%96%E0%B8%AD%E0%B8%99%E0%B9%84%E0%B8%94%E0%B9%89.aspx" "Mozilla/5.0 (Linux; Android 7.0;) AppleWebKit/537.36 (KHTML, like Gecko) Mobile Safari/537.36 (compatible; PetalBot;+https://webmaster.petalsearch.com/site/petalbot)"
103.4.122.14 - - [02/Jan/2026:00:22:34 +0800] "POST /wp-cron.php?doing_wp_cron=1767284554.1407709121704101562500 HTTP/1.1" 200 - "-" "WordPress/6.9; https://dandenongdaynursery.com.au"
114.119.133.253 - - [02/Jan/2026:00:22:32 +0800] "GET /%E0%B8%8B%E0%B8%B8%E0%B8%9B%E0%B9%80%E0%B8%9B%E0%B8%AD%E0%B8%A3%E0%B9%8C%E0%B8%AA%E0%B8%A5%E0%B9%87%E0%B8%AD%E0%B8%95888.aspx HTTP/1.1" 404 170266 "https://dandenongdaynursery.com.au/l86.com%20%E0%B8%AA%E0%B8%A5%E0%B9%87%E0%B8%AD%E0%B8%95.aspx" "Mozilla/5.0 (Linux; Android 7.0;) AppleWebKit/537.36 (KHTML, like Gecko) Mobile Safari/537.36 (compatible; PetalBot;+https://webmaster.petalsearch.com/site/petalbot)"
43.157.158.178 - - [02/Jan/2026:00:23:16 +0800] "GET / HTTP/1.1" 403 199 "-" "Mozilla/5.0 (iPhone; CPU iPhone OS 13_2_3 like Mac OS X) AppleWebKit/605.1.15 (KHTML, like Gecko) Version/13.0.3 Mobile/15E148 Safari/604.1"
103.4.122.14 - - [02/Jan/2026:00:23:58 +0800] "POST /wp-cron.php?doing_wp_cron=1767284638.5898840427398681640625 HTTP/1.1" 200 - "-" "WordPress/6.9; https://dandenongdaynursery.com.au"
114.119.146.142 - - [02/Jan/2026:00:23:57 +0800] "GET /%E0%B8%8A%E0%B8%B8%E0%B8%A1%E0%B8%8A%E0%B8%99%E0%B8%AA%E0%B8%A5%E0%B9%87%E0%B8%AD%E0%B8%95%E0%B8%AD%E0%B8%AD%E0%B8%99%E0%B9%84%E0%B8%A5%E0%B8%99%E0%B9%8C.aspx HTTP/1.1" 404 170266 "https://dandenongdaynursery.com.au/demon%20slot%20game.aspx" "Mozilla/5.0 (Linux; Android 7.0;) AppleWebKit/537.36 (KHTML, like Gecko) Mobile Safari/537.36 (compatible; PetalBot;+https://webmaster.petalsearch.com/site/petalbot)"
103.4.122.14 - - [02/Jan/2026:00:25:26 +0800] "POST /wp-cron.php?doing_wp_cron=1767284726.6822149753570556640625 HTTP/1.1" 200 - "-" "WordPress/6.9; https://dandenongdaynursery.com.au"
114.119.153.131 - - [02/Jan/2026:00:25:25 +0800] "GET /%E0%B8%84%E0%B8%B2%E0%B8%AA%E0%B8%B4%E0%B9%82%E0%B8%99%E0%B8%AD%E0%B8%AD%E0%B8%99%E0%B9%84%E0%B8%A5%E0%B8%99%E0%B9%8C%20fafa789.aspx HTTP/1.1" 404 170266 "https://dandenongdaynursery.com.au/ufabet%20%E0%B9%80%E0%B8%A7%E0%B9%87%E0%B8%9A%E0%B8%95%E0%B8%A3%E0%B8%87%E0%B9%84%E0%B8%A1%E0%B9%88%E0%B8%9C%E0%B9%88%E0%B8%B2%E0%B8%99%E0%B9%80%E0%B8%AD%E0%B9%80%E0%B8%A2%E0%B9%88%E0%B8%99%E0%B8%95%E0%B9%8C.aspx" "Mozilla/5.0 (Linux; Android 7.0;) AppleWebKit/537.36 (KHTML, like Gecko) Mobile Safari/537.36 (compatible; PetalBot;+https://webmaster.petalsearch.com/site/petalbot)"
103.4.122.14 - - [02/Jan/2026:00:26:46 +0800] "POST /wp-cron.php?doing_wp_cron=1767284806.2304410934448242187500 HTTP/1.1" 200 - "-" "WordPress/6.9; https://dandenongdaynursery.com.au"
114.119.148.103 - - [02/Jan/2026:00:26:44 +0800] "GET /wp-content/uploads/2014/12/playroom2.jpg HTTP/1.1" 404 170218 "-" "Mozilla/5.0 (Linux; Android 7.0;) AppleWebKit/537.36 (KHTML, like Gecko) Mobile Safari/537.36 (compatible; PetalBot;+https://webmaster.petalsearch.com/site/petalbot)"
103.4.122.14 - - [02/Jan/2026:00:28:11 +0800] "POST /wp-cron.php?doing_wp_cron=1767284891.6087369918823242187500 HTTP/1.1" 200 - "-" "WordPress/6.9; https://dandenongdaynursery.com.au"
114.119.148.103 - - [02/Jan/2026:00:28:10 +0800] "GET /ufabet289.aspx HTTP/1.1" 404 170218 "http://dandenongdaynursery.com.au/%E0%B8%AA%E0%B8%A5%E0%B9%87%E0%B8%AD%E0%B8%95%E0%B9%80%E0%B8%84%E0%B8%A3%E0%B8%94%E0%B8%B4%E0%B8%95%E0%B8%9F%E0%B8%A3%E0%B8%B5%20100%20%E0%B9%84%E0%B8%A1%E0%B9%88%E0%B8%95%E0%B9%89%E0%B8%AD%E0%B8%87%E0%B9%81%E0%B8%8A%E0%B8%A3%E0%B9%8C%202024.aspx" "Mozilla/5.0 (Linux; Android 7.0;) AppleWebKit/537.36 (KHTML, like Gecko) Mobile Safari/537.36 (compatible; PetalBot;+https://webmaster.petalsearch.com/site/petalbot)"
103.4.122.14 - - [02/Jan/2026:00:29:32 +0800] "POST /wp-cron.php?doing_wp_cron=1767284972.1436839103698730468750 HTTP/1.1" 200 - "-" "WordPress/6.9; https://dandenongdaynursery.com.au"
114.119.141.116 - - [02/Jan/2026:00:29:30 +0800] "GET /staff/belinda HTTP/1.1" 404 170218 "http://dandenongdaynursery.com.au/staff/belinda/" "Mozilla/5.0 (Linux; Android 7.0;) AppleWebKit/537.36 (KHTML, like Gecko) Mobile Safari/537.36 (compatible; PetalBot;+https://webmaster.petalsearch.com/site/petalbot)"
103.4.122.14 - - [02/Jan/2026:00:30:56 +0800] "POST /wp-cron.php?doing_wp_cron=1767285056.4903221130371093750000 HTTP/1.1" 200 - "-" "WordPress/6.9; https://dandenongdaynursery.com.au"
114.119.133.253 - - [02/Jan/2026:00:30:55 +0800] "GET /shortcodes/ HTTP/1.1" 404 170218 "-" "Mozilla/5.0 (Linux; Android 7.0;) AppleWebKit/537.36 (KHTML, like Gecko) Mobile Safari/537.36 (compatible; PetalBot;+https://webmaster.petalsearch.com/site/petalbot)"
103.4.122.14 - - [02/Jan/2026:00:30:57 +0800] "POST /wp-cron.php?doing_wp_cron=1767285057.3489940166473388671875 HTTP/1.1" 200 - "-" "WordPress/6.9; https://dandenongdaynursery.com.au"
68.178.164.217 - - [02/Jan/2026:00:30:56 +0800] "POST /xmlrpc.php HTTP/1.1" 200 206 "-" "Mozilla/5.0 (Windows NT 10.0; Win64; x64; rv:86.0) Gecko/20100101 Firefox/86.0"
103.4.122.14 - - [02/Jan/2026:00:32:18 +0800] "POST /wp-cron.php?doing_wp_cron=1767285138.6674358844757080078125 HTTP/1.1" 200 - "-" "WordPress/6.9; https://dandenongdaynursery.com.au"
114.119.148.103 - - [02/Jan/2026:00:32:17 +0800] "GET /home/gallery/gallery-big1-2/ HTTP/1.1" 404 170218 "-" "Mozilla/5.0 (Linux; Android 7.0;) AppleWebKit/537.36 (KHTML, like Gecko) Mobile Safari/537.36 (compatible; PetalBot;+https://webmaster.petalsearch.com/site/petalbot)"
103.4.122.14 - - [02/Jan/2026:00:33:49 +0800] "POST /wp-cron.php?doing_wp_cron=1767285229.1089410781860351562500 HTTP/1.1" 200 - "-" "WordPress/6.9; https://dandenongdaynursery.com.au"
114.119.144.65 - - [02/Jan/2026:00:33:47 +0800] "GET /home/activities/education HTTP/1.1" 404 170218 "-" "Mozilla/5.0 (Linux; Android 7.0;) AppleWebKit/537.36 (KHTML, like Gecko) Mobile Safari/537.36 (compatible; PetalBot;+https://webmaster.petalsearch.com/site/petalbot)"
216.73.216.33 - - [02/Jan/2026:00:34:04 +0800] "GET /robots.txt HTTP/1.1" 200 135 "-" "Mozilla/5.0 AppleWebKit/537.36 (KHTML, like Gecko; compatible; ClaudeBot/1.0; +claudebot@anthropic.com)"
216.73.216.33 - - [02/Jan/2026:00:34:05 +0800] "GET /sitemap_index.xml HTTP/1.1" 200 315 "-" "Mozilla/5.0 AppleWebKit/537.36 (KHTML, like Gecko; compatible; ClaudeBot/1.0; +claudebot@anthropic.com)"
103.4.122.14 - - [02/Jan/2026:00:35:12 +0800] "POST /wp-cron.php?doing_wp_cron=1767285311.9226400852203369140625 HTTP/1.1" 200 - "-" "WordPress/6.9; https://dandenongdaynursery.com.au"
114.119.133.253 - - [02/Jan/2026:00:35:07 +0800] "GET /audio-post/content2/ HTTP/1.1" 404 170218 "-" "Mozilla/5.0 (Linux; Android 7.0;) AppleWebKit/537.36 (KHTML, like Gecko) Mobile Safari/537.36 (compatible; PetalBot;+https://webmaster.petalsearch.com/site/petalbot)"
103.4.122.14 - - [02/Jan/2026:00:36:30 +0800] "POST /wp-cron.php?doing_wp_cron=1767285390.6213130950927734375000 HTTP/1.1" 200 - "-" "WordPress/6.9; https://dandenongdaynursery.com.au"
114.119.146.142 - - [02/Jan/2026:00:36:29 +0800] "GET /%E0%B9%80%E0%B8%84%E0%B8%A3%E0%B8%94%E0%B8%B4%E0%B8%95%E0%B8%9F%E0%B8%A3%E0%B8%B5%2050%20%E0%B8%A2%E0%B8%B7%E0%B8%99%E0%B8%A2%E0%B8%B1%E0%B8%99%E0%B9%80%E0%B8%9A%E0%B8%AD%E0%B8%A3%E0%B9%8C.aspx HTTP/1.1" 404 170218 "http://dandenongdaynursery.com.au/%E0%B8%97%E0%B8%94%E0%B8%A5%E0%B8%AD%E0%B8%87%E0%B9%80%E0%B8%A5%E0%B9%88%E0%B8%99pp.aspx" "Mozilla/5.0 (Linux; Android 7.0;) AppleWebKit/537.36 (KHTML, like Gecko) Mobile Safari/537.36 (compatible; PetalBot;+https://webmaster.petalsearch.com/site/petalbot)"
103.4.122.14 - - [02/Jan/2026:00:37:53 +0800] "POST /wp-cron.php?doing_wp_cron=1767285473.4386980533599853515625 HTTP/1.1" 200 - "-" "WordPress/6.9; https://dandenongdaynursery.com.au"
114.119.133.253 - - [02/Jan/2026:00:37:52 +0800] "GET /%E0%B8%AA%E0%B8%A5%E0%B9%87%E0%B8%AD%E0%B8%95%E0%B9%82%E0%B8%9B%E0%B8%A310%E0%B8%A3%E0%B8%B1%E0%B8%9A100.aspx HTTP/1.1" 404 170218 "http://dandenongdaynursery.com.au/%E0%B8%AA%E0%B8%A5%E0%B9%87%E0%B8%AD%E0%B8%95%E0%B9%80%E0%B8%84%E0%B8%A3%E0%B8%94%E0%B8%B4%E0%B8%95%E0%B8%9F%E0%B8%A3%E0%B8%B5%20100%20%E0%B9%84%E0%B8%A1%E0%B9%88%E0%B8%95%E0%B9%89%E0%B8%AD%E0%B8%87%E0%B9%81%E0%B8%8A%E0%B8%A3%E0%B9%8C%202024.aspx" "Mozilla/5.0 (Linux; Android 7.0;) AppleWebKit/537.36 (KHTML, like Gecko) Mobile Safari/537.36 (compatible; PetalBot;+https://webmaster.petalsearch.com/site/petalbot)"
103.4.122.14 - - [02/Jan/2026:00:40:21 +0800] "POST /wp-cron.php?doing_wp_cron=1767285621.0083830356597900390625 HTTP/1.1" 200 - "-" "WordPress/6.9; https://dandenongdaynursery.com.au"
202.76.138.53 - - [02/Jan/2026:00:40:30 +0800] "GET / HTTP/1.1" 200 37523 "-" "Mozilla/5.0 (X11; Linux x86_64) AppleWebKit/535.24 (KHTML, like Gecko) Chrome/19.0.1055.1 Safari/535.24"
103.4.122.14 - - [02/Jan/2026:00:52:51 +0800] "POST /wp-cron.php?doing_wp_cron=1767286371.1662800312042236328125 HTTP/1.1" 200 - "-" "WordPress/6.9; https://dandenongdaynursery.com.au"
114.119.145.225 - - [02/Jan/2026:00:52:50 +0800] "GET /robots.txt HTTP/1.1" 200 135 "-" "Mozilla/5.0 (compatible;PetalBot;+https://webmaster.petalsearch.com/site/petalbot)"
103.4.122.14 - - [02/Jan/2026:01:08:16 +0800] "POST /wp-cron.php?doing_wp_cron=1767287295.8877389430999755859375 HTTP/1.1" 200 - "-" "WordPress/6.9; https://dandenongdaynursery.com.au"
148.113.128.163 - - [02/Jan/2026:01:08:14 +0800] "GET /sitemap_index.xml HTTP/1.1" 200 315 "-" "Mozilla/5.0 (compatible; AhrefsBot/7.0; +http://ahrefs.com/robot/)"
51.222.95.51 - - [02/Jan/2026:01:08:20 +0800] "GET /page-sitemap.xml HTTP/1.1" 200 524 "-" "Mozilla/5.0 (compatible; AhrefsBot/7.0; +http://ahrefs.com/robot/)"
54.39.0.114 - - [02/Jan/2026:01:08:25 +0800] "GET /elementor-hf-sitemap.xml HTTP/1.1" 200 398 "-" "Mozilla/5.0 (compatible; AhrefsBot/7.0; +http://ahrefs.com/robot/)"
103.4.122.14 - - [02/Jan/2026:01:12:35 +0800] "POST /wp-cron.php?doing_wp_cron=1767287555.3708400726318359375000 HTTP/1.1" 200 - "-" "WordPress/6.9; https://dandenongdaynursery.com.au"
