138.199.19.193 - - [10/Jan/2026:09:45:15 +0800] "GET /wp-content/fonts/ HTTP/1.1" 403 199 "-" "-"
138.199.19.193 - - [10/Jan/2026:09:45:15 +0800] "GET /wp-content/plugins/contact-form-7/admin/js/ HTTP/1.1" 403 199 "-" "-"
138.199.19.193 - - [10/Jan/2026:09:45:16 +0800] "GET /wp-content/plugins/contact-form-7/admin/js/ HTTP/1.1" 403 199 "-" "-"
138.199.19.193 - - [10/Jan/2026:09:45:16 +0800] "GET /wp-content/plugins/contact-form-7/admin/js/ HTTP/1.1" 403 199 "-" "-"
138.199.19.193 - - [10/Jan/2026:09:45:17 +0800] "GET /wp-content/plugins/contact-form-7/admin/js/ HTTP/1.1" 403 199 "-" "-"
138.199.19.193 - - [10/Jan/2026:09:45:18 +0800] "GET /wp-content/plugins/contact-form-7/ HTTP/1.1" 403 199 "-" "-"
138.199.19.193 - - [10/Jan/2026:09:45:18 +0800] "GET /wp-content/plugins/contact-form-7/ HTTP/1.1" 403 199 "-" "-"
138.199.19.193 - - [10/Jan/2026:09:45:19 +0800] "GET /wp-content/plugins/contact-form-7/ HTTP/1.1" 403 199 "-" "-"
138.199.19.193 - - [10/Jan/2026:09:45:19 +0800] "GET /wp-content/plugins/contact-form-7/ HTTP/1.1" 403 199 "-" "-"
138.199.19.193 - - [10/Jan/2026:09:45:20 +0800] "GET /wordpress/ HTTP/1.1" 403 199 "-" "-"
138.199.19.193 - - [10/Jan/2026:09:45:21 +0800] "GET /wordpress/ HTTP/1.1" 403 199 "-" "-"
138.199.19.193 - - [10/Jan/2026:09:45:21 +0800] "GET /wordpress/ HTTP/1.1" 403 199 "-" "-"
138.199.19.193 - - [10/Jan/2026:09:45:22 +0800] "GET /wordpress/ HTTP/1.1" 403 199 "-" "-"
138.199.19.193 - - [10/Jan/2026:09:45:23 +0800] "GET /wp-admin/images/ HTTP/1.1" 403 199 "-" "-"
138.199.19.193 - - [10/Jan/2026:09:45:23 +0800] "GET /wp-admin/images/ HTTP/1.1" 403 199 "-" "-"
138.199.19.193 - - [10/Jan/2026:09:45:24 +0800] "GET /wp-admin/images/ HTTP/1.1" 403 199 "-" "-"
138.199.19.193 - - [10/Jan/2026:09:45:25 +0800] "GET /wp-admin/images/ HTTP/1.1" 403 199 "-" "-"
138.199.19.193 - - [10/Jan/2026:09:45:25 +0800] "GET /wp-content/plugins/wordpress-seo/js/dist/ HTTP/1.1" 403 199 "-" "-"
138.199.19.193 - - [10/Jan/2026:09:45:26 +0800] "GET /wp-content/plugins/wordpress-seo/js/dist/ HTTP/1.1" 403 199 "-" "-"
138.199.19.193 - - [10/Jan/2026:09:45:27 +0800] "GET /wp-content/plugins/wordpress-seo/js/dist/ HTTP/1.1" 403 199 "-" "-"
138.199.19.193 - - [10/Jan/2026:09:45:27 +0800] "GET /wp-content/plugins/wordpress-seo/js/dist/ HTTP/1.1" 403 199 "-" "-"
138.199.19.193 - - [10/Jan/2026:09:45:28 +0800] "GET /wp-content/plugins/wordpress-seo/ HTTP/1.1" 403 199 "-" "-"
138.199.19.193 - - [10/Jan/2026:09:45:29 +0800] "GET /wp-content/plugins/wordpress-seo/ HTTP/1.1" 403 199 "-" "-"
138.199.19.193 - - [10/Jan/2026:09:45:29 +0800] "GET /wp-content/plugins/wordpress-seo/ HTTP/1.1" 403 199 "-" "-"
138.199.19.193 - - [10/Jan/2026:09:45:30 +0800] "GET /wp-content/plugins/wordpress-seo/ HTTP/1.1" 403 199 "-" "-"
138.199.19.193 - - [10/Jan/2026:09:45:30 +0800] "GET /js/ HTTP/1.1" 403 199 "-" "-"
138.199.19.193 - - [10/Jan/2026:09:45:31 +0800] "GET /js/ HTTP/1.1" 403 199 "-" "-"
138.199.19.193 - - [10/Jan/2026:09:45:32 +0800] "GET /js/ HTTP/1.1" 403 199 "-" "-"
138.199.19.193 - - [10/Jan/2026:09:45:32 +0800] "GET /js/ HTTP/1.1" 403 199 "-" "-"
138.199.19.193 - - [10/Jan/2026:09:45:33 +0800] "GET /wp-content/plugins/woocommerce/assets/js/ HTTP/1.1" 403 199 "-" "-"
138.199.19.193 - - [10/Jan/2026:09:45:34 +0800] "GET /wp-content/plugins/woocommerce/assets/js/ HTTP/1.1" 403 199 "-" "-"
138.199.19.193 - - [10/Jan/2026:09:45:34 +0800] "GET /wp-content/plugins/woocommerce/assets/js/ HTTP/1.1" 403 199 "-" "-"
138.199.19.193 - - [10/Jan/2026:09:45:35 +0800] "GET /wp-content/plugins/woocommerce/assets/js/ HTTP/1.1" 403 199 "-" "-"
138.199.19.193 - - [10/Jan/2026:09:45:36 +0800] "GET /wp-content/plugins/woocommerce/ HTTP/1.1" 403 199 "-" "-"
138.199.19.193 - - [10/Jan/2026:09:45:36 +0800] "GET /wp-content/plugins/woocommerce/ HTTP/1.1" 403 199 "-" "-"
138.199.19.193 - - [10/Jan/2026:09:45:37 +0800] "GET /wp-content/plugins/woocommerce/ HTTP/1.1" 403 199 "-" "-"
138.199.19.193 - - [10/Jan/2026:09:45:38 +0800] "GET /wp-content/plugins/woocommerce/ HTTP/1.1" 403 199 "-" "-"
138.199.19.193 - - [10/Jan/2026:09:45:39 +0800] "GET /wp-admin/meta/ HTTP/1.1" 403 199 "-" "-"
138.199.19.193 - - [10/Jan/2026:09:45:39 +0800] "GET /wp-admin/meta/ HTTP/1.1" 403 199 "-" "-"
138.199.19.193 - - [10/Jan/2026:09:45:40 +0800] "GET /wp-admin/meta/ HTTP/1.1" 403 199 "-" "-"
138.199.19.193 - - [10/Jan/2026:09:45:41 +0800] "GET /wp-admin/meta/ HTTP/1.1" 403 199 "-" "-"
138.199.19.193 - - [10/Jan/2026:09:45:41 +0800] "GET /wp-admin/network/ HTTP/1.1" 403 199 "-" "-"
138.199.19.193 - - [10/Jan/2026:09:45:42 +0800] "GET /wp-admin/network/ HTTP/1.1" 403 199 "-" "-"
138.199.19.193 - - [10/Jan/2026:09:45:43 +0800] "GET /wp-admin/network/ HTTP/1.1" 403 199 "-" "-"
138.199.19.193 - - [10/Jan/2026:09:45:43 +0800] "GET /wp-admin/network/ HTTP/1.1" 403 199 "-" "-"
138.199.19.193 - - [10/Jan/2026:09:45:44 +0800] "GET /wp-admin/user/ HTTP/1.1" 403 199 "-" "-"
138.199.19.193 - - [10/Jan/2026:09:45:45 +0800] "GET /wp-admin/user/ HTTP/1.1" 403 199 "-" "-"
138.199.19.193 - - [10/Jan/2026:09:45:45 +0800] "GET /wp-admin/user/ HTTP/1.1" 403 199 "-" "-"
138.199.19.193 - - [10/Jan/2026:09:45:46 +0800] "GET /wp-admin/user/ HTTP/1.1" 403 199 "-" "-"
138.199.19.193 - - [10/Jan/2026:09:45:46 +0800] "GET /wp-content/ HTTP/1.1" 403 199 "-" "-"
138.199.19.193 - - [10/Jan/2026:09:45:48 +0800] "GET /wp-content/ HTTP/1.1" 403 199 "-" "-"
138.199.19.193 - - [10/Jan/2026:09:45:48 +0800] "GET /wp-content/ HTTP/1.1" 403 199 "-" "-"
138.199.19.193 - - [10/Jan/2026:09:45:49 +0800] "GET /wp-content/ HTTP/1.1" 403 199 "-" "-"
138.199.19.193 - - [10/Jan/2026:09:45:50 +0800] "GET /wp-content/plugins/ HTTP/1.1" 403 199 "-" "-"
138.199.19.193 - - [10/Jan/2026:09:45:50 +0800] "GET /wp-content/plugins/ HTTP/1.1" 403 199 "-" "-"
138.199.19.193 - - [10/Jan/2026:09:45:51 +0800] "GET /wp-content/plugins/ HTTP/1.1" 403 199 "-" "-"
138.199.19.193 - - [10/Jan/2026:09:45:52 +0800] "GET /wp-content/plugins/ HTTP/1.1" 403 199 "-" "-"
138.199.19.193 - - [10/Jan/2026:09:45:52 +0800] "GET /wp-content/themes/ HTTP/1.1" 403 199 "-" "-"
138.199.19.193 - - [10/Jan/2026:09:45:53 +0800] "GET /wp-content/themes/ HTTP/1.1" 403 199 "-" "-"
138.199.19.193 - - [10/Jan/2026:09:45:53 +0800] "GET /wp-content/themes/ HTTP/1.1" 403 199 "-" "-"
138.199.19.193 - - [10/Jan/2026:09:45:54 +0800] "GET /wp-content/themes/ HTTP/1.1" 403 199 "-" "-"
138.199.19.193 - - [10/Jan/2026:09:45:55 +0800] "GET /wp-admin/includes/ HTTP/1.1" 403 199 "-" "-"
138.199.19.193 - - [10/Jan/2026:09:45:55 +0800] "GET /wp-admin/includes/ HTTP/1.1" 403 199 "-" "-"
138.199.19.193 - - [10/Jan/2026:09:45:56 +0800] "GET /wp-admin/includes/ HTTP/1.1" 403 199 "-" "-"
138.199.19.193 - - [10/Jan/2026:09:45:57 +0800] "GET /wp-admin/includes/ HTTP/1.1" 403 199 "-" "-"
138.199.19.193 - - [10/Jan/2026:09:45:57 +0800] "GET /wp-admin/ HTTP/1.1" 403 199 "-" "-"
138.199.19.193 - - [10/Jan/2026:09:45:58 +0800] "GET /wp-admin/ HTTP/1.1" 403 199 "-" "-"
138.199.19.193 - - [10/Jan/2026:09:45:59 +0800] "GET /wp-admin/ HTTP/1.1" 302 - "-" "-"
138.199.19.193 - - [10/Jan/2026:09:46:01 +0800] "GET /wp-admin/ HTTP/1.1" 302 - "-" "-"
138.199.19.193 - - [10/Jan/2026:09:46:02 +0800] "GET /wp-login.php?redirect_to=https%3A%2F%2Fexpressinteriors.com%2Fwp-admin%2F&reauth=1 HTTP/1.1" 200 5957 "-" "-"
138.199.19.193 - - [10/Jan/2026:09:46:02 +0800] "GET /wp-content/upgrade/ HTTP/1.1" 403 199 "-" "-"
104.143.84.54 - - [10/Jan/2026:10:08:26 +0800] "GET / HTTP/1.1" 301 - "-" "Mozilla/5.0 (X11; Ubuntu; Linux x86_64; rv:126.0) Gecko/20100101 Firefox/126.0"
104.143.84.54 - - [10/Jan/2026:10:08:26 +0800] "GET / HTTP/1.1" 301 - "-" "Mozilla/5.0 (X11; Ubuntu; Linux x86_64; rv:126.0) Gecko/20100101 Firefox/126.0"
104.143.84.54 - - [10/Jan/2026:10:08:26 +0800] "GET / HTTP/1.1" 301 - "-" "Mozilla/5.0 (X11; Ubuntu; Linux x86_64; rv:126.0) Gecko/20100101 Firefox/126.0"
104.143.84.54 - - [10/Jan/2026:10:08:26 +0800] "GET / HTTP/1.1" 200 15140 "-" "Mozilla/5.0 (X11; Ubuntu; Linux x86_64; rv:126.0) Gecko/20100101 Firefox/126.0"
104.143.84.54 - - [10/Jan/2026:10:08:28 +0800] "GET / HTTP/1.1" 200 15140 "-" "Mozilla/5.0 (X11; Ubuntu; Linux x86_64; rv:126.0) Gecko/20100101 Firefox/126.0"
104.143.84.54 - - [10/Jan/2026:10:08:28 +0800] "GET / HTTP/1.1" 200 15140 "-" "Mozilla/5.0 (X11; Ubuntu; Linux x86_64; rv:126.0) Gecko/20100101 Firefox/126.0"
104.143.84.54 - - [10/Jan/2026:10:08:28 +0800] "GET / HTTP/1.1" 200 15140 "-" "Mozilla/5.0 (X11; Ubuntu; Linux x86_64; rv:126.0) Gecko/20100101 Firefox/126.0"
104.143.84.54 - - [10/Jan/2026:10:08:53 +0800] "GET / HTTP/1.1" 200 15140 "-" "Mozilla/5.0 (X11; Linux x86_64) AppleWebKit/537.36 (KHTML, like Gecko) HeadlessChrome/139.0.7258.5 Safari/537.36"
104.143.84.54 - - [10/Jan/2026:10:08:54 +0800] "GET /wp-content/themes/astra/assets/css/minified/main.min.css?ver=4.0.2 HTTP/1.1" 200 8034 "https://expressinteriors.com/" "Mozilla/5.0 (X11; Linux x86_64) AppleWebKit/537.36 (KHTML, like Gecko) HeadlessChrome/139.0.7258.5 Safari/537.36"
104.143.84.54 - - [10/Jan/2026:10:08:55 +0800] "GET /wp-includes/css/dist/block-library/style.min.css?ver=6.9 HTTP/1.1" 200 15951 "https://expressinteriors.com/" "Mozilla/5.0 (X11; Linux x86_64) AppleWebKit/537.36 (KHTML, like Gecko) HeadlessChrome/139.0.7258.5 Safari/537.36"
104.143.84.54 - - [10/Jan/2026:10:08:55 +0800] "GET /wp-content/plugins/contact-form-7/includes/css/styles.css?ver=5.7.4 HTTP/1.1" 200 1004 "https://expressinteriors.com/" "Mozilla/5.0 (X11; Linux x86_64) AppleWebKit/537.36 (KHTML, like Gecko) HeadlessChrome/139.0.7258.5 Safari/537.36"
104.143.84.54 - - [10/Jan/2026:10:08:55 +0800] "GET /wp-content/uploads/useanyfont/uaf.css?ver=1677478928 HTTP/1.1" 200 199 "https://expressinteriors.com/" "Mozilla/5.0 (X11; Linux x86_64) AppleWebKit/537.36 (KHTML, like Gecko) HeadlessChrome/139.0.7258.5 Safari/537.36"
104.143.84.54 - - [10/Jan/2026:10:08:55 +0800] "GET /wp-content/themes/astra/assets/css/minified/compatibility/contact-form-7-main.min.css?ver=4.0.2 HTTP/1.1" 200 424 "https://expressinteriors.com/" "Mozilla/5.0 (X11; Linux x86_64) AppleWebKit/537.36 (KHTML, like Gecko) HeadlessChrome/139.0.7258.5 Safari/537.36"
104.143.84.54 - - [10/Jan/2026:10:08:55 +0800] "GET /wp-content/plugins/elementor/assets/lib/eicons/css/elementor-icons.min.css?ver=5.18.0 HTTP/1.1" 200 3977 "https://expressinteriors.com/" "Mozilla/5.0 (X11; Linux x86_64) AppleWebKit/537.36 (KHTML, like Gecko) HeadlessChrome/139.0.7258.5 Safari/537.36"
104.143.84.54 - - [10/Jan/2026:10:08:55 +0800] "GET /wp-content/plugins/elementor/assets/css/frontend-lite.min.css?ver=3.11.2 HTTP/1.1" 200 11874 "https://expressinteriors.com/" "Mozilla/5.0 (X11; Linux x86_64) AppleWebKit/537.36 (KHTML, like Gecko) HeadlessChrome/139.0.7258.5 Safari/537.36"
104.143.84.54 - - [10/Jan/2026:10:08:55 +0800] "GET /wp-content/plugins/elementor/assets/lib/swiper/v8/css/swiper.min.css?ver=8.4.5 HTTP/1.1" 200 4583 "https://expressinteriors.com/" "Mozilla/5.0 (X11; Linux x86_64) AppleWebKit/537.36 (KHTML, like Gecko) HeadlessChrome/139.0.7258.5 Safari/537.36"
104.143.84.54 - - [10/Jan/2026:10:08:55 +0800] "GET /wp-content/uploads/elementor/css/global.css?ver=1677476761 HTTP/1.1" 200 834 "https://expressinteriors.com/" "Mozilla/5.0 (X11; Linux x86_64) AppleWebKit/537.36 (KHTML, like Gecko) HeadlessChrome/139.0.7258.5 Safari/537.36"
104.143.84.54 - - [10/Jan/2026:10:08:55 +0800] "GET /wp-content/uploads/elementor/css/post-9.css?ver=1677547289 HTTP/1.1" 200 485 "https://expressinteriors.com/" "Mozilla/5.0 (X11; Linux x86_64) AppleWebKit/537.36 (KHTML, like Gecko) HeadlessChrome/139.0.7258.5 Safari/537.36"
104.143.84.54 - - [10/Jan/2026:10:08:55 +0800] "GET /wp-content/uploads/elementor/css/post-5.css?ver=1677475972 HTTP/1.1" 200 356 "https://expressinteriors.com/" "Mozilla/5.0 (X11; Linux x86_64) AppleWebKit/537.36 (KHTML, like Gecko) HeadlessChrome/139.0.7258.5 Safari/537.36"
104.143.84.54 - - [10/Jan/2026:10:08:55 +0800] "GET /wp-content/plugins/elementor/assets/lib/animations/animations.min.css?ver=3.11.2 HTTP/1.1" 200 2592 "https://expressinteriors.com/" "Mozilla/5.0 (X11; Linux x86_64) AppleWebKit/537.36 (KHTML, like Gecko) HeadlessChrome/139.0.7258.5 Safari/537.36"
104.143.84.54 - - [10/Jan/2026:10:08:55 +0800] "GET /wp-content/plugins/contact-form-7/includes/swv/js/index.js?ver=5.7.4 HTTP/1.1" 200 3040 "https://expressinteriors.com/" "Mozilla/5.0 (X11; Linux x86_64) AppleWebKit/537.36 (KHTML, like Gecko) HeadlessChrome/139.0.7258.5 Safari/537.36"
104.143.84.54 - - [10/Jan/2026:10:08:55 +0800] "GET /wp-content/themes/astra/assets/js/minified/frontend.min.js?ver=4.0.2 HTTP/1.1" 200 4507 "https://expressinteriors.com/" "Mozilla/5.0 (X11; Linux x86_64) AppleWebKit/537.36 (KHTML, like Gecko) HeadlessChrome/139.0.7258.5 Safari/537.36"
104.143.84.54 - - [10/Jan/2026:10:08:56 +0800] "GET /wp-content/plugins/contact-form-7/includes/js/index.js?ver=5.7.4 HTTP/1.1" 200 4184 "https://expressinteriors.com/" "Mozilla/5.0 (X11; Linux x86_64) AppleWebKit/537.36 (KHTML, like Gecko) HeadlessChrome/139.0.7258.5 Safari/537.36"
104.143.84.54 - - [10/Jan/2026:10:08:56 +0800] "GET /wp-content/plugins/elementor/assets/js/webpack.runtime.min.js?ver=3.11.2 HTTP/1.1" 200 2199 "https://expressinteriors.com/" "Mozilla/5.0 (X11; Linux x86_64) AppleWebKit/537.36 (KHTML, like Gecko) HeadlessChrome/139.0.7258.5 Safari/537.36"
104.143.84.54 - - [10/Jan/2026:10:08:56 +0800] "GET /wp-content/plugins/wp-smushit/app/assets/js/smush-lazy-load.min.js?ver=3.12.5 HTTP/1.1" 200 3687 "https://expressinteriors.com/" "Mozilla/5.0 (X11; Linux x86_64) AppleWebKit/537.36 (KHTML, like Gecko) HeadlessChrome/139.0.7258.5 Safari/537.36"
104.143.84.54 - - [10/Jan/2026:10:08:56 +0800] "GET /wp-includes/js/jquery/jquery.min.js?ver=3.7.1 HTTP/1.1" 200 30368 "https://expressinteriors.com/" "Mozilla/5.0 (X11; Linux x86_64) AppleWebKit/537.36 (KHTML, like Gecko) HeadlessChrome/139.0.7258.5 Safari/537.36"
104.143.84.54 - - [10/Jan/2026:10:08:56 +0800] "GET /wp-includes/js/jquery/jquery-migrate.min.js?ver=3.4.1 HTTP/1.1" 200 4872 "https://expressinteriors.com/" "Mozilla/5.0 (X11; Linux x86_64) AppleWebKit/537.36 (KHTML, like Gecko) HeadlessChrome/139.0.7258.5 Safari/537.36"
104.143.84.54 - - [10/Jan/2026:10:08:56 +0800] "GET /wp-content/plugins/elementor/assets/js/frontend-modules.min.js?ver=3.11.2 HTTP/1.1" 200 11691 "https://expressinteriors.com/" "Mozilla/5.0 (X11; Linux x86_64) AppleWebKit/537.36 (KHTML, like Gecko) HeadlessChrome/139.0.7258.5 Safari/537.36"
104.143.84.54 - - [10/Jan/2026:10:08:56 +0800] "GET /wp-content/plugins/elementor/assets/lib/waypoints/waypoints.min.js?ver=4.0.2 HTTP/1.1" 200 2993 "https://expressinteriors.com/" "Mozilla/5.0 (X11; Linux x86_64) AppleWebKit/537.36 (KHTML, like Gecko) HeadlessChrome/139.0.7258.5 Safari/537.36"
104.143.84.54 - - [10/Jan/2026:10:08:56 +0800] "GET /wp-content/plugins/elementor/assets/js/frontend.min.js?ver=3.11.2 HTTP/1.1" 200 12404 "https://expressinteriors.com/" "Mozilla/5.0 (X11; Linux x86_64) AppleWebKit/537.36 (KHTML, like Gecko) HeadlessChrome/139.0.7258.5 Safari/537.36"
104.143.84.54 - - [10/Jan/2026:10:08:56 +0800] "GET /wp-content/uploads/useanyfont/4467Morris-Sans-W01Light.woff2 HTTP/1.1" 200 15772 "https://expressinteriors.com/wp-content/uploads/useanyfont/uaf.css?ver=1677478928" "Mozilla/5.0 (X11; Linux x86_64) AppleWebKit/537.36 (KHTML, like Gecko) HeadlessChrome/139.0.7258.5 Safari/537.36"
104.143.84.54 - - [10/Jan/2026:10:08:56 +0800] "GET /wp-includes/js/jquery/ui/core.min.js?ver=1.13.3 HTTP/1.1" 200 7106 "https://expressinteriors.com/" "Mozilla/5.0 (X11; Linux x86_64) AppleWebKit/537.36 (KHTML, like Gecko) HeadlessChrome/139.0.7258.5 Safari/537.36"
104.143.84.54 - - [10/Jan/2026:10:08:57 +0800] "GET /wp-content/plugins/elementor/assets/js/text-editor.2c35aafbe5bf0e127950.bundle.min.js HTTP/1.1" 200 665 "https://expressinteriors.com/" "Mozilla/5.0 (X11; Linux x86_64) AppleWebKit/537.36 (KHTML, like Gecko) HeadlessChrome/139.0.7258.5 Safari/537.36"
104.143.84.54 - - [10/Jan/2026:10:08:57 +0800] "GET / HTTP/1.1" 301 - "-" "Mozilla/5.0 (X11; Linux x86_64) AppleWebKit/537.36 (KHTML, like Gecko) HeadlessChrome/139.0.7258.5 Safari/537.36"
104.143.84.54 - - [10/Jan/2026:10:08:58 +0800] "GET /wp-includes/js/wp-emoji-release.min.js?ver=6.9 HTTP/1.1" 200 5375 "https://expressinteriors.com/" "Mozilla/5.0 (X11; Linux x86_64) AppleWebKit/537.36 (KHTML, like Gecko) HeadlessChrome/139.0.7258.5 Safari/537.36"
104.143.84.54 - - [10/Jan/2026:10:08:58 +0800] "GET /wp-content/uploads/2023/02/Express-Interiors-logo-300x281.png HTTP/1.1" 200 72165 "https://expressinteriors.com/" "Mozilla/5.0 (X11; Linux x86_64) AppleWebKit/537.36 (KHTML, like Gecko) HeadlessChrome/139.0.7258.5 Safari/537.36"
104.143.84.54 - - [10/Jan/2026:10:08:59 +0800] "GET / HTTP/1.1" 200 15140 "-" "Mozilla/5.0 (X11; Linux x86_64) AppleWebKit/537.36 (KHTML, like Gecko) HeadlessChrome/139.0.7258.5 Safari/537.36"
104.143.84.54 - - [10/Jan/2026:10:09:00 +0800] "GET /wp-content/themes/astra/assets/css/minified/main.min.css?ver=4.0.2 HTTP/1.1" 200 8034 "https://expressinteriors.com/" "Mozilla/5.0 (X11; Linux x86_64) AppleWebKit/537.36 (KHTML, like Gecko) HeadlessChrome/139.0.7258.5 Safari/537.36"
104.143.84.54 - - [10/Jan/2026:10:09:00 +0800] "GET /wp-includes/css/dist/block-library/style.min.css?ver=6.9 HTTP/1.1" 200 15951 "https://expressinteriors.com/" "Mozilla/5.0 (X11; Linux x86_64) AppleWebKit/537.36 (KHTML, like Gecko) HeadlessChrome/139.0.7258.5 Safari/537.36"
104.143.84.54 - - [10/Jan/2026:10:09:01 +0800] "GET /wp-content/plugins/contact-form-7/includes/css/styles.css?ver=5.7.4 HTTP/1.1" 200 1004 "https://expressinteriors.com/" "Mozilla/5.0 (X11; Linux x86_64) AppleWebKit/537.36 (KHTML, like Gecko) HeadlessChrome/139.0.7258.5 Safari/537.36"
104.143.84.54 - - [10/Jan/2026:10:09:01 +0800] "GET /wp-content/themes/astra/assets/css/minified/compatibility/contact-form-7-main.min.css?ver=4.0.2 HTTP/1.1" 200 424 "https://expressinteriors.com/" "Mozilla/5.0 (X11; Linux x86_64) AppleWebKit/537.36 (KHTML, like Gecko) HeadlessChrome/139.0.7258.5 Safari/537.36"
104.143.84.54 - - [10/Jan/2026:10:09:01 +0800] "GET /wp-content/uploads/useanyfont/uaf.css?ver=1677478928 HTTP/1.1" 200 199 "https://expressinteriors.com/" "Mozilla/5.0 (X11; Linux x86_64) AppleWebKit/537.36 (KHTML, like Gecko) HeadlessChrome/139.0.7258.5 Safari/537.36"
104.143.84.54 - - [10/Jan/2026:10:09:01 +0800] "GET /wp-content/plugins/elementor/assets/css/frontend-lite.min.css?ver=3.11.2 HTTP/1.1" 200 11874 "https://expressinteriors.com/" "Mozilla/5.0 (X11; Linux x86_64) AppleWebKit/537.36 (KHTML, like Gecko) HeadlessChrome/139.0.7258.5 Safari/537.36"
104.143.84.54 - - [10/Jan/2026:10:09:01 +0800] "GET /wp-content/plugins/elementor/assets/lib/swiper/v8/css/swiper.min.css?ver=8.4.5 HTTP/1.1" 200 4583 "https://expressinteriors.com/" "Mozilla/5.0 (X11; Linux x86_64) AppleWebKit/537.36 (KHTML, like Gecko) HeadlessChrome/139.0.7258.5 Safari/537.36"
104.143.84.54 - - [10/Jan/2026:10:09:01 +0800] "GET /wp-content/uploads/elementor/css/post-5.css?ver=1677475972 HTTP/1.1" 200 356 "https://expressinteriors.com/" "Mozilla/5.0 (X11; Linux x86_64) AppleWebKit/537.36 (KHTML, like Gecko) HeadlessChrome/139.0.7258.5 Safari/537.36"
104.143.84.54 - - [10/Jan/2026:10:09:01 +0800] "GET /wp-content/uploads/elementor/css/global.css?ver=1677476761 HTTP/1.1" 200 834 "https://expressinteriors.com/" "Mozilla/5.0 (X11; Linux x86_64) AppleWebKit/537.36 (KHTML, like Gecko) HeadlessChrome/139.0.7258.5 Safari/537.36"
104.143.84.54 - - [10/Jan/2026:10:09:01 +0800] "GET /wp-content/uploads/elementor/css/post-9.css?ver=1677547289 HTTP/1.1" 200 485 "https://expressinteriors.com/" "Mozilla/5.0 (X11; Linux x86_64) AppleWebKit/537.36 (KHTML, like Gecko) HeadlessChrome/139.0.7258.5 Safari/537.36"
104.143.84.54 - - [10/Jan/2026:10:09:01 +0800] "GET /wp-content/plugins/contact-form-7/includes/swv/js/index.js?ver=5.7.4 HTTP/1.1" 200 3040 "https://expressinteriors.com/" "Mozilla/5.0 (X11; Linux x86_64) AppleWebKit/537.36 (KHTML, like Gecko) HeadlessChrome/139.0.7258.5 Safari/537.36"
104.143.84.54 - - [10/Jan/2026:10:09:01 +0800] "GET /wp-content/plugins/contact-form-7/includes/js/index.js?ver=5.7.4 HTTP/1.1" 200 4184 "https://expressinteriors.com/" "Mozilla/5.0 (X11; Linux x86_64) AppleWebKit/537.36 (KHTML, like Gecko) HeadlessChrome/139.0.7258.5 Safari/537.36"
104.143.84.54 - - [10/Jan/2026:10:09:01 +0800] "GET /wp-content/themes/astra/assets/js/minified/frontend.min.js?ver=4.0.2 HTTP/1.1" 200 4507 "https://expressinteriors.com/" "Mozilla/5.0 (X11; Linux x86_64) AppleWebKit/537.36 (KHTML, like Gecko) HeadlessChrome/139.0.7258.5 Safari/537.36"
104.143.84.54 - - [10/Jan/2026:10:09:01 +0800] "GET /wp-content/plugins/wp-smushit/app/assets/js/smush-lazy-load.min.js?ver=3.12.5 HTTP/1.1" 200 3687 "https://expressinteriors.com/" "Mozilla/5.0 (X11; Linux x86_64) AppleWebKit/537.36 (KHTML, like Gecko) HeadlessChrome/139.0.7258.5 Safari/537.36"
104.143.84.54 - - [10/Jan/2026:10:09:01 +0800] "GET /wp-content/plugins/elementor/assets/js/webpack.runtime.min.js?ver=3.11.2 HTTP/1.1" 200 2199 "https://expressinteriors.com/" "Mozilla/5.0 (X11; Linux x86_64) AppleWebKit/537.36 (KHTML, like Gecko) HeadlessChrome/139.0.7258.5 Safari/537.36"
104.143.84.54 - - [10/Jan/2026:10:09:01 +0800] "GET /wp-includes/js/jquery/jquery-migrate.min.js?ver=3.4.1 HTTP/1.1" 200 4872 "https://expressinteriors.com/" "Mozilla/5.0 (X11; Linux x86_64) AppleWebKit/537.36 (KHTML, like Gecko) HeadlessChrome/139.0.7258.5 Safari/537.36"
104.143.84.54 - - [10/Jan/2026:10:09:01 +0800] "GET /wp-includes/js/jquery/jquery.min.js?ver=3.7.1 HTTP/1.1" 200 30368 "https://expressinteriors.com/" "Mozilla/5.0 (X11; Linux x86_64) AppleWebKit/537.36 (KHTML, like Gecko) HeadlessChrome/139.0.7258.5 Safari/537.36"
104.143.84.54 - - [10/Jan/2026:10:09:01 +0800] "GET /wp-content/plugins/elementor/assets/lib/waypoints/waypoints.min.js?ver=4.0.2 HTTP/1.1" 200 2993 "https://expressinteriors.com/" "Mozilla/5.0 (X11; Linux x86_64) AppleWebKit/537.36 (KHTML, like Gecko) HeadlessChrome/139.0.7258.5 Safari/537.36"
104.143.84.54 - - [10/Jan/2026:10:09:02 +0800] "GET /wp-content/plugins/elementor/assets/js/frontend-modules.min.js?ver=3.11.2 HTTP/1.1" 200 11691 "https://expressinteriors.com/" "Mozilla/5.0 (X11; Linux x86_64) AppleWebKit/537.36 (KHTML, like Gecko) HeadlessChrome/139.0.7258.5 Safari/537.36"
104.143.84.54 - - [10/Jan/2026:10:09:02 +0800] "GET /wp-includes/js/jquery/ui/core.min.js?ver=1.13.3 HTTP/1.1" 200 7106 "https://expressinteriors.com/" "Mozilla/5.0 (X11; Linux x86_64) AppleWebKit/537.36 (KHTML, like Gecko) HeadlessChrome/139.0.7258.5 Safari/537.36"
104.143.84.54 - - [10/Jan/2026:10:09:02 +0800] "GET /wp-content/plugins/elementor/assets/js/frontend.min.js?ver=3.11.2 HTTP/1.1" 200 12404 "https://expressinteriors.com/" "Mozilla/5.0 (X11; Linux x86_64) AppleWebKit/537.36 (KHTML, like Gecko) HeadlessChrome/139.0.7258.5 Safari/537.36"
104.143.84.54 - - [10/Jan/2026:10:09:01 +0800] "GET /wp-content/plugins/elementor/assets/lib/eicons/css/elementor-icons.min.css?ver=5.18.0 HTTP/1.1" 200 3977 "https://expressinteriors.com/" "Mozilla/5.0 (X11; Linux x86_64) AppleWebKit/537.36 (KHTML, like Gecko) HeadlessChrome/139.0.7258.5 Safari/537.36"
104.143.84.54 - - [10/Jan/2026:10:09:02 +0800] "GET /wp-content/plugins/elementor/assets/lib/animations/animations.min.css?ver=3.11.2 HTTP/1.1" 200 2592 "https://expressinteriors.com/" "Mozilla/5.0 (X11; Linux x86_64) AppleWebKit/537.36 (KHTML, like Gecko) HeadlessChrome/139.0.7258.5 Safari/537.36"
104.143.84.54 - - [10/Jan/2026:10:09:03 +0800] "GET /wp-content/uploads/useanyfont/4467Morris-Sans-W01Light.woff2 HTTP/1.1" 200 15772 "https://expressinteriors.com/wp-content/uploads/useanyfont/uaf.css?ver=1677478928" "Mozilla/5.0 (X11; Linux x86_64) AppleWebKit/537.36 (KHTML, like Gecko) HeadlessChrome/139.0.7258.5 Safari/537.36"
104.143.84.54 - - [10/Jan/2026:10:09:04 +0800] "GET /wp-content/plugins/elementor/assets/js/text-editor.2c35aafbe5bf0e127950.bundle.min.js HTTP/1.1" 200 665 "https://expressinteriors.com/" "Mozilla/5.0 (X11; Linux x86_64) AppleWebKit/537.36 (KHTML, like Gecko) HeadlessChrome/139.0.7258.5 Safari/537.36"
104.143.84.54 - - [10/Jan/2026:10:09:05 +0800] "GET /wp-content/uploads/2023/02/Express-Interiors-logo-300x281.png HTTP/1.1" 200 72165 "https://expressinteriors.com/" "Mozilla/5.0 (X11; Linux x86_64) AppleWebKit/537.36 (KHTML, like Gecko) HeadlessChrome/139.0.7258.5 Safari/537.36"
104.143.84.54 - - [10/Jan/2026:10:09:06 +0800] "GET /wp-includes/js/wp-emoji-release.min.js?ver=6.9 HTTP/1.1" 200 5375 "https://expressinteriors.com/" "Mozilla/5.0 (X11; Linux x86_64) AppleWebKit/537.36 (KHTML, like Gecko) HeadlessChrome/139.0.7258.5 Safari/537.36"
103.4.122.14 - - [10/Jan/2026:10:30:42 +0800] "POST /wp-cron.php?doing_wp_cron=1768012242.4096488952636718750000 HTTP/1.1" 200 - "-" "WordPress/6.9; https://expressinteriors.com"
185.199.223.39 - - [10/Jan/2026:10:30:41 +0800] "POST /xmlrpc.php HTTP/1.1" 200 206 "-" "Mozilla/5.0 (Windows NT 10.0; Win64; x64; rv:73.0) Gecko/20100101 Firefox/73.0"
103.4.122.14 - - [10/Jan/2026:11:02:21 +0800] "POST /wp-cron.php?doing_wp_cron=1768014140.8558590412139892578125 HTTP/1.1" 200 - "-" "WordPress/6.9; https://expressinteriors.com"
104.210.140.132 - - [10/Jan/2026:11:02:20 +0800] "GET /robots.txt HTTP/1.1" 301 - "-" "Mozilla/5.0 (Macintosh; Intel Mac OS X 10_15_7) AppleWebKit/537.36 (KHTML, like Gecko) Chrome/131.0.0.0 Safari/537.36; compatible; OAI-SearchBot/1.0; +https://openai.com/searchbot"
104.210.140.135 - - [10/Jan/2026:11:02:21 +0800] "GET /robots.txt HTTP/1.1" 200 69 "-" "Mozilla/5.0 (Macintosh; Intel Mac OS X 10_15_7) AppleWebKit/537.36 (KHTML, like Gecko) Chrome/131.0.0.0 Safari/537.36; compatible; OAI-SearchBot/1.0; +https://openai.com/searchbot"
103.4.122.14 - - [10/Jan/2026:11:55:44 +0800] "POST /wp-cron.php?doing_wp_cron=1768017344.7110939025878906250000 HTTP/1.1" 200 - "-" "WordPress/6.9; https://expressinteriors.com"
157.90.79.58 - - [10/Jan/2026:11:55:44 +0800] "POST /xmlrpc.php HTTP/1.1" 200 206 "-" "Mozilla/5.0 (Windows NT 10.0; Win64; x64; rv:88.0) Gecko/20100101 Firefox/88.0"
103.4.122.14 - - [10/Jan/2026:12:03:56 +0800] "POST /wp-cron.php?doing_wp_cron=1768017836.0958030223846435546875 HTTP/1.1" 200 - "-" "WordPress/6.9; https://expressinteriors.com"
144.76.32.238 - - [10/Jan/2026:12:03:55 +0800] "GET /robots.txt HTTP/1.1" 200 69 "-" "Mozilla/5.0 (compatible; SERankingBacklinksBot/1.0; +https://seranking.com/backlinks-crawler)"
144.76.32.238 - - [10/Jan/2026:12:03:56 +0800] "GET /sitemap.xml HTTP/1.1" 301 - "-" "Mozilla/5.0 (compatible; SERankingBacklinksBot/1.0; +https://seranking.com/backlinks-crawler)"
144.76.32.238 - - [10/Jan/2026:12:03:58 +0800] "GET /robots.txt HTTP/1.1" 200 69 "-" "Mozilla/5.0 (compatible; SERankingBacklinksBot/1.0; +https://seranking.com/backlinks-crawler)"
144.76.32.238 - - [10/Jan/2026:12:04:00 +0800] "GET /wp-sitemap.xml HTTP/1.1" 404 70797 "-" "Mozilla/5.0 (compatible; SERankingBacklinksBot/1.0; +https://seranking.com/backlinks-crawler)"
103.4.122.14 - - [10/Jan/2026:12:29:25 +0800] "POST /wp-cron.php?doing_wp_cron=1768019365.4947330951690673828125 HTTP/1.1" 200 - "-" "WordPress/6.9; https://expressinteriors.com"
51.68.236.94 - - [10/Jan/2026:12:29:24 +0800] "GET /robots.txt HTTP/1.1" 200 69 "-" "Mozilla/5.0 (compatible; MJ12bot/v2.0.4; http://mj12bot.com/)"
51.68.236.94 - - [10/Jan/2026:12:29:26 +0800] "GET / HTTP/1.1" 301 - "-" "Mozilla/5.0 (compatible; MJ12bot/v2.0.4; http://mj12bot.com/)"
51.68.236.94 - - [10/Jan/2026:12:29:27 +0800] "GET /robots.txt HTTP/1.1" 200 69 "-" "Mozilla/5.0 (compatible; MJ12bot/v2.0.4; http://mj12bot.com/)"
51.68.236.94 - - [10/Jan/2026:12:29:28 +0800] "GET / HTTP/1.1" 200 15140 "-" "Mozilla/5.0 (compatible; MJ12bot/v2.0.4; http://mj12bot.com/)"
51.68.247.216 - - [10/Jan/2026:12:53:27 +0800] "GET /robots.txt HTTP/1.1" 200 69 "-" "Mozilla/5.0 (compatible; AhrefsBot/7.0; +http://ahrefs.com/robot/)"
198.244.240.136 - - [10/Jan/2026:12:53:32 +0800] "GET / HTTP/1.1" 200 15140 "-" "Mozilla/5.0 (compatible; AhrefsBot/7.0; +http://ahrefs.com/robot/)"
51.89.38.21 - - [10/Jan/2026:12:54:40 +0800] "GET /assets/images/accesson.php HTTP/1.1" 404 65574 "-" "Mozilla/5.0 (Windows NT 10.0; Win64; x64) AppleWebKit/537.36 (KHTML, like Gecko) Chrome/127.0.0.0 Safari/537.36"
51.89.38.21 - - [10/Jan/2026:12:54:40 +0800] "GET /ss.php?c_c HTTP/1.1" 404 65574 "-" "Mozilla/5.0 (Windows NT 10.0; Win64; x64) AppleWebKit/537.36 (KHTML, like Gecko) Chrome/127.0.0.0 Safari/537.36"
137.74.192.205 - - [10/Jan/2026:13:15:52 +0800] "POST /xmlrpc.php HTTP/1.1" 200 206 "-" "Mozilla/5.0 (Windows NT 10.0; Win64; x64; rv:40.0) Gecko/20100101 Firefox/40.0"
110.166.71.39 - - [10/Jan/2026:13:38:45 +0800] "GET / HTTP/1.1" 403 199 "-" "Mozilla/5.0 (iPhone; CPU iPhone OS 13_2_3 like Mac OS X) AppleWebKit/605.1.15 (KHTML, like Gecko) Version/13.0.3 Mobile/15E148 Safari/604.1"
103.4.122.14 - - [10/Jan/2026:14:25:50 +0800] "POST /wp-cron.php?doing_wp_cron=1768026349.8078470230102539062500 HTTP/1.1" 200 - "-" "WordPress/6.9; https://expressinteriors.com"
103.4.122.14 - - [10/Jan/2026:14:25:50 +0800] "POST /wp-cron.php?doing_wp_cron=1768026350.2957549095153808593750 HTTP/1.1" 200 - "-" "WordPress/6.9; https://expressinteriors.com"
34.221.21.250 - - [10/Jan/2026:14:25:49 +0800] "GET / HTTP/1.1" 200 15140 "-" "Mozilla/5.0 (X11; Linux i686; rv:124.0) Gecko/20100101 Firefox/124.0"
144.76.32.238 - - [10/Jan/2026:14:34:46 +0800] "GET /robots.txt HTTP/1.1" 200 69 "-" "Mozilla/5.0 (compatible; SERankingBacklinksBot/1.0; +https://seranking.com/backlinks-crawler)"
144.76.32.238 - - [10/Jan/2026:14:34:48 +0800] "GET /sitemap.xml HTTP/1.1" 301 - "-" "Mozilla/5.0 (compatible; SERankingBacklinksBot/1.0; +https://seranking.com/backlinks-crawler)"
144.76.32.238 - - [10/Jan/2026:14:34:49 +0800] "GET /robots.txt HTTP/1.1" 200 69 "-" "Mozilla/5.0 (compatible; SERankingBacklinksBot/1.0; +https://seranking.com/backlinks-crawler)"
144.76.32.238 - - [10/Jan/2026:14:34:50 +0800] "GET /robots.txt HTTP/1.1" 200 69 "-" "Mozilla/5.0 (compatible; SERankingBacklinksBot/1.0; +https://seranking.com/backlinks-crawler)"
144.76.32.238 - - [10/Jan/2026:14:34:51 +0800] "GET /robots.txt HTTP/1.1" 200 69 "-" "Mozilla/5.0 (compatible; SERankingBacklinksBot/1.0; +https://seranking.com/backlinks-crawler)"
144.76.32.238 - - [10/Jan/2026:14:34:52 +0800] "GET /robots.txt HTTP/1.1" 200 69 "-" "Mozilla/5.0 (compatible; SERankingBacklinksBot/1.0; +https://seranking.com/backlinks-crawler)"
144.76.32.238 - - [10/Jan/2026:14:34:53 +0800] "GET /robots.txt HTTP/1.1" 200 69 "-" "Mozilla/5.0 (compatible; SERankingBacklinksBot/1.0; +https://seranking.com/backlinks-crawler)"
144.76.32.238 - - [10/Jan/2026:14:34:54 +0800] "GET /sitemap.xml HTTP/1.1" 301 - "-" "Mozilla/5.0 (compatible; SERankingBacklinksBot/1.0; +https://seranking.com/backlinks-crawler)"
144.76.32.238 - - [10/Jan/2026:14:34:56 +0800] "GET /wp-sitemap.xml HTTP/1.1" 404 70797 "-" "Mozilla/5.0 (compatible; SERankingBacklinksBot/1.0; +https://seranking.com/backlinks-crawler)"
82.64.81.82 - - [10/Jan/2026:14:42:34 +0800] "POST /xmlrpc.php HTTP/1.1" 200 206 "-" "Mozilla/5.0 (Windows NT 10.0; Win64; x64; rv:94.0) Gecko/20100101 Firefox/94.0"
156.67.31.208 - - [10/Jan/2026:14:52:48 +0800] "POST /xmlrpc.php HTTP/1.1" 200 206 "-" "Mozilla/5.0 (Windows NT 10.0; Win64; x64; rv:68.0) Gecko/20100101 Firefox/68.0"
103.4.122.14 - - [10/Jan/2026:16:06:22 +0800] "POST /wp-cron.php?doing_wp_cron=1768032382.2462360858917236328125 HTTP/1.1" 200 - "-" "WordPress/6.9; https://expressinteriors.com"
103.4.122.14 - - [10/Jan/2026:16:06:23 +0800] "POST /wp-cron.php?doing_wp_cron=1768032382.9387450218200683593750 HTTP/1.1" 200 - "-" "WordPress/6.9; https://expressinteriors.com"
34.221.21.250 - - [10/Jan/2026:16:06:21 +0800] "GET / HTTP/1.1" 301 - "-" "Mozilla/5.0 (X11; Linux i686; rv:124.0) Gecko/20100101 Firefox/124.0"
34.221.21.250 - - [10/Jan/2026:16:06:24 +0800] "GET / HTTP/1.1" 200 15140 "https://www.expressinteriors.com" "Mozilla/5.0 (X11; Linux i686; rv:124.0) Gecko/20100101 Firefox/124.0"
31.33.182.48 - - [10/Jan/2026:16:08:58 +0800] "POST /xmlrpc.php HTTP/1.1" 200 206 "-" "Mozilla/5.0 (Windows NT 10.0; Win64; x64; rv:99.0) Gecko/20100101 Firefox/99.0"
104.210.140.131 - - [10/Jan/2026:16:12:36 +0800] "GET /robots.txt HTTP/1.1" 200 69 "-" "Mozilla/5.0 (Macintosh; Intel Mac OS X 10_15_7) AppleWebKit/537.36 (KHTML, like Gecko) Chrome/131.0.0.0 Safari/537.36; compatible; OAI-SearchBot/1.0; +https://openai.com/searchbot"
103.4.122.14 - - [10/Jan/2026:16:59:57 +0800] "POST /wp-cron.php?doing_wp_cron=1768035597.1393620967864990234375 HTTP/1.1" 200 - "-" "WordPress/6.9; https://expressinteriors.com"
144.76.32.238 - - [10/Jan/2026:16:59:56 +0800] "GET /robots.txt HTTP/1.1" 200 69 "-" "Mozilla/5.0 (compatible; SERankingBacklinksBot/1.0; +https://seranking.com/backlinks-crawler)"
144.76.32.238 - - [10/Jan/2026:16:59:58 +0800] "GET /sitemap.xml HTTP/1.1" 301 - "-" "Mozilla/5.0 (compatible; SERankingBacklinksBot/1.0; +https://seranking.com/backlinks-crawler)"
144.76.32.238 - - [10/Jan/2026:16:59:59 +0800] "GET /robots.txt HTTP/1.1" 200 69 "-" "Mozilla/5.0 (compatible; SERankingBacklinksBot/1.0; +https://seranking.com/backlinks-crawler)"
144.76.32.238 - - [10/Jan/2026:17:00:01 +0800] "GET /wp-sitemap.xml HTTP/1.1" 404 70797 "-" "Mozilla/5.0 (compatible; SERankingBacklinksBot/1.0; +https://seranking.com/backlinks-crawler)"
64.135.127.68 - - [10/Jan/2026:17:02:25 +0800] "GET / HTTP/1.1" 301 - "-" "Mozilla/5.0 (Macintosh; Intel Mac OS X 10_10_0) AppleWebKit/537.36 (KHTML, like Gecko) Chrome/40.0.2214.94 Safari/537.36"
43.155.195.141 - - [10/Jan/2026:17:04:21 +0800] "GET / HTTP/1.1" 403 199 "-" "Mozilla/5.0 (iPhone; CPU iPhone OS 13_2_3 like Mac OS X) AppleWebKit/605.1.15 (KHTML, like Gecko) Version/13.0.3 Mobile/15E148 Safari/604.1"
103.4.122.14 - - [10/Jan/2026:17:34:30 +0800] "POST /wp-cron.php?doing_wp_cron=1768037670.0007309913635253906250 HTTP/1.1" 200 - "-" "WordPress/6.9; https://expressinteriors.com"
92.62.236.60 - - [10/Jan/2026:17:34:29 +0800] "POST /xmlrpc.php HTTP/1.1" 200 206 "-" "Mozilla/5.0 (Windows NT 10.0; Win64; x64; rv:77.0) Gecko/20100101 Firefox/77.0"
103.197.71.245 - - [10/Jan/2026:17:52:07 +0800] "GET /wp-json/wp/v2/posts HTTP/1.1" 200 2439 "-" "Mozilla/5.0 (Windows NT 10.0; Win64; x64) AppleWebKit/537.36 (KHTML, like Gecko) Chrome/120.0.0.0 Safari/537.36"
179.159.35.47 - - [10/Jan/2026:18:02:08 +0800] "POST /xmlrpc.php HTTP/1.1" 200 403 "-" "Mozilla/5.0 (X11; Ubuntu; Linux x86_64; x86) AppleWebKit/537.36 (KHTML, like Gecko) Chrome/86.0.0.0 Safari/537.36"
179.159.35.47 - - [10/Jan/2026:18:02:10 +0800] "GET /wp-json/wp/v2/users HTTP/1.1" 403 199 "-" "Mozilla/4.0 (compatible; Win32; WinHttp.WinHttpRequest.5)"
179.159.35.47 - - [10/Jan/2026:18:02:38 +0800] "POST /xmlrpc.php HTTP/1.1" 200 403 "-" "Mozilla/5.0 (Windows NT 6.2; arm64) AppleWebKit/537.36 (KHTML, like Gecko) Safari/10.0.0.0 Safari/537.36"
103.4.122.14 - - [10/Jan/2026:18:04:02 +0800] "POST /wp-cron.php?doing_wp_cron=1768039441.9500620365142822265625 HTTP/1.1" 200 - "-" "WordPress/6.9; https://expressinteriors.com"
198.244.242.83 - - [10/Jan/2026:18:04:01 +0800] "GET / HTTP/1.1" 200 15140 "-" "Mozilla/5.0 (compatible; AhrefsBot/7.0; +http://ahrefs.com/robot/)"
143.244.141.160 - - [10/Jan/2026:18:06:01 +0800] "GET /wp-admin/css/ HTTP/1.1" 403 199 "binance.com" "Mozilla/5.0 (Windows NT 10.0; Win64; x64) AppleWebKit/537.36 (KHTML, like Gecko) Chrome/90.0.4430.85 Safari/537.36"
179.159.35.47 - - [10/Jan/2026:18:08:49 +0800] "POST /xmlrpc.php HTTP/1.1" 200 403 "-" "Mozilla/5.0 (Linux; Android 10; arm64) AppleWebKit/537.36 (KHTML, like Gecko) Safari/12.0.0.0 Safari/537.36"
179.159.35.47 - - [10/Jan/2026:18:14:50 +0800] "POST /xmlrpc.php HTTP/1.1" 200 403 "-" "Mozilla/5.0 (Macintosh; Intel Mac OS X 10_15_7; x86) AppleWebKit/537.36 (KHTML, like Gecko) Opera/63.0.0.0 Safari/537.36"
179.159.35.47 - - [10/Jan/2026:18:20:00 +0800] "POST /xmlrpc.php HTTP/1.1" 200 403 "-" "Mozilla/5.0 (Windows NT 6.3; arm64) AppleWebKit/537.36 (KHTML, like Gecko) Opera/60.0.0.0 Safari/537.36"
94.247.172.129 - - [10/Jan/2026:18:24:25 +0800] "GET / HTTP/1.1" 403 199 "-" "Mozilla/5.0 (Macintosh; Intel Mac OS X 10_9_2)"
103.4.122.14 - - [10/Jan/2026:18:27:23 +0800] "POST /wp-cron.php?doing_wp_cron=1768040843.1129329204559326171875 HTTP/1.1" 200 - "-" "WordPress/6.9; https://expressinteriors.com"
144.76.32.238 - - [10/Jan/2026:18:27:22 +0800] "GET /robots.txt HTTP/1.1" 200 69 "-" "Mozilla/5.0 (compatible; SERankingBacklinksBot/1.0; +https://seranking.com/backlinks-crawler)"
144.76.32.238 - - [10/Jan/2026:18:27:24 +0800] "GET /sitemap.xml HTTP/1.1" 301 - "-" "Mozilla/5.0 (compatible; SERankingBacklinksBot/1.0; +https://seranking.com/backlinks-crawler)"
144.76.32.238 - - [10/Jan/2026:18:27:26 +0800] "GET /robots.txt HTTP/1.1" 200 69 "-" "Mozilla/5.0 (compatible; SERankingBacklinksBot/1.0; +https://seranking.com/backlinks-crawler)"
144.76.32.238 - - [10/Jan/2026:18:27:26 +0800] "GET /robots.txt HTTP/1.1" 200 69 "-" "Mozilla/5.0 (compatible; SERankingBacklinksBot/1.0; +https://seranking.com/backlinks-crawler)"
144.76.32.238 - - [10/Jan/2026:18:27:27 +0800] "GET /robots.txt HTTP/1.1" 200 69 "-" "Mozilla/5.0 (compatible; SERankingBacklinksBot/1.0; +https://seranking.com/backlinks-crawler)"
144.76.32.238 - - [10/Jan/2026:18:27:28 +0800] "GET /robots.txt HTTP/1.1" 200 69 "-" "Mozilla/5.0 (compatible; SERankingBacklinksBot/1.0; +https://seranking.com/backlinks-crawler)"
144.76.32.238 - - [10/Jan/2026:18:27:29 +0800] "GET /robots.txt HTTP/1.1" 200 69 "-" "Mozilla/5.0 (compatible; SERankingBacklinksBot/1.0; +https://seranking.com/backlinks-crawler)"
144.76.32.238 - - [10/Jan/2026:18:27:29 +0800] "GET /wp-sitemap.xml HTTP/1.1" 404 70797 "-" "Mozilla/5.0 (compatible; SERankingBacklinksBot/1.0; +https://seranking.com/backlinks-crawler)"
103.4.122.14 - - [10/Jan/2026:19:30:29 +0800] "POST /wp-cron.php?doing_wp_cron=1768044629.1820209026336669921875 HTTP/1.1" 200 - "-" "WordPress/6.9; https://expressinteriors.com"
103.4.122.14 - - [10/Jan/2026:19:30:29 +0800] "POST /wp-cron.php?doing_wp_cron=1768044629.3986079692840576171875 HTTP/1.1" 200 - "-" "WordPress/6.9; https://expressinteriors.com"
173.252.69.114 - - [10/Jan/2026:19:30:28 +0800] "GET /robots.txt HTTP/1.1" 200 67 "-" "facebookexternalhit/1.1 (+http://www.facebook.com/externalhit_uatext.php)"
173.252.69.2 - - [10/Jan/2026:19:30:31 +0800] "GET /robots.txt HTTP/1.1" 200 67 "-" "facebookexternalhit/1.1 (+http://www.facebook.com/externalhit_uatext.php)"
57.141.14.2 - - [10/Jan/2026:19:30:33 +0800] "GET /wp-json/wp/v2/posts/1 HTTP/1.1" 200 2437 "-" "meta-externalagent/1.1 (+https://developers.facebook.com/docs/sharing/webmasters/crawler)"
173.252.69.113 - - [10/Jan/2026:19:30:35 +0800] "GET /robots.txt HTTP/1.1" 200 67 "-" "facebookexternalhit/1.1 (+http://www.facebook.com/externalhit_uatext.php)"
46.8.193.215 - - [10/Jan/2026:19:57:43 +0800] "GET / HTTP/1.0" 301 - "-" "Mozilla/5.0 (Windows NT 10.0; Win64; x64) AppleWebKit/537.36 (KHTML, like Gecko) Chrome/118.0.0.0 Safari/537.36"
46.8.193.215 - - [10/Jan/2026:19:57:45 +0800] "GET / HTTP/1.0" 200 78844 "-" "Mozilla/5.0 (Windows NT 10.0; Win64; x64) AppleWebKit/537.36 (KHTML, like Gecko) Chrome/118.0.0.0 Safari/537.36"
103.4.122.14 - - [10/Jan/2026:20:48:12 +0800] "POST /wp-cron.php?doing_wp_cron=1768049291.7893431186676025390625 HTTP/1.1" 200 - "-" "WordPress/6.9; https://expressinteriors.com"
45.33.121.161 - - [10/Jan/2026:20:48:11 +0800] "POST /xmlrpc.php HTTP/1.1" 200 206 "-" "Mozilla/5.0 (Windows NT 10.0; Win64; x64; rv:98.0) Gecko/20100101 Firefox/98.0"
103.4.122.14 - - [10/Jan/2026:21:29:25 +0800] "POST /wp-cron.php?doing_wp_cron=1768051765.0447599887847900390625 HTTP/1.1" 200 - "-" "WordPress/6.9; https://expressinteriors.com"
103.4.122.14 - - [10/Jan/2026:21:29:25 +0800] "POST /wp-cron.php?doing_wp_cron=1768051765.1017529964447021484375 HTTP/1.1" 200 - "-" "WordPress/6.9; https://expressinteriors.com"
143.110.148.31 - - [10/Jan/2026:21:29:24 +0800] "GET / HTTP/1.1" 301 - "-" "Mozilla/5.0 (X11; Linux x86_64; rv:142.0) Gecko/20100101 Firefox/142.0"
143.110.148.31 - - [10/Jan/2026:21:29:25 +0800] "GET /favicon.ico HTTP/1.1" 302 - "http://expressinteriors.com/" "Mozilla/5.0 (X11; Linux x86_64; rv:142.0) Gecko/20100101 Firefox/142.0"
143.110.148.31 - - [10/Jan/2026:21:29:26 +0800] "GET / HTTP/1.1" 200 15140 "-" "Mozilla/5.0 (X11; Linux x86_64) AppleWebKit/537.36 (KHTML, like Gecko) Chrome/142.0.0.0 Safari/537.36"
143.110.148.31 - - [10/Jan/2026:21:29:31 +0800] "GET /favicon.ico HTTP/1.1" 302 - "https://expressinteriors.com/" "Mozilla/5.0 (X11; Linux x86_64) AppleWebKit/537.36 (KHTML, like Gecko) Chrome/142.0.0.0 Safari/537.36"
17.246.23.245 - - [10/Jan/2026:21:41:52 +0800] "GET /robots.txt HTTP/1.1" 200 69 "-" "Mozilla/5.0 (Macintosh; Intel Mac OS X 10_15_7) AppleWebKit/605.1.15 (KHTML, like Gecko) Version/17.4 Safari/605.1.15 (Applebot/0.1; +http://www.apple.com/go/applebot)"
17.246.23.245 - - [10/Jan/2026:21:41:53 +0800] "GET /comments/feed/ HTTP/1.1" 200 747 "-" "Mozilla/5.0 (Macintosh; Intel Mac OS X 10_15_7) AppleWebKit/605.1.15 (KHTML, like Gecko) Version/17.4 Safari/605.1.15 (Applebot/0.1; +http://www.apple.com/go/applebot)"
103.4.122.14 - - [10/Jan/2026:23:10:13 +0800] "POST /wp-cron.php?doing_wp_cron=1768057813.4138579368591308593750 HTTP/1.1" 200 - "-" "WordPress/6.9; https://expressinteriors.com"
103.4.122.14 - - [10/Jan/2026:23:10:13 +0800] "POST /wp-cron.php?doing_wp_cron=1768057813.7216570377349853515625 HTTP/1.1" 200 - "-" "WordPress/6.9; https://expressinteriors.com"
54.38.147.11 - - [10/Jan/2026:23:10:12 +0800] "GET /robots.txt HTTP/1.1" 200 69 "-" "Mozilla/5.0 (compatible; AhrefsBot/7.0; +http://ahrefs.com/robot/)"
167.114.139.190 - - [10/Jan/2026:23:10:17 +0800] "GET / HTTP/1.1" 200 15140 "-" "Mozilla/5.0 (compatible; AhrefsBot/7.0; +http://ahrefs.com/robot/)"
103.4.122.14 - - [10/Jan/2026:23:33:50 +0800] "POST /wp-cron.php?doing_wp_cron=1768059229.8501219749450683593750 HTTP/1.1" 200 - "-" "WordPress/6.9; https://expressinteriors.com"
35.226.125.165 - - [10/Jan/2026:23:33:49 +0800] "POST /xmlrpc.php HTTP/1.1" 200 206 "-" "Mozilla/5.0 (Windows NT 10.0; Win64; x64; rv:89.0) Gecko/20100101 Firefox/89.0"
144.76.32.238 - - [11/Jan/2026:00:03:44 +0800] "GET /robots.txt HTTP/1.1" 200 69 "-" "Mozilla/5.0 (compatible; SERankingBacklinksBot/1.0; +https://seranking.com/backlinks-crawler)"
144.76.32.238 - - [11/Jan/2026:00:03:45 +0800] "GET /sitemap.xml HTTP/1.1" 301 - "-" "Mozilla/5.0 (compatible; SERankingBacklinksBot/1.0; +https://seranking.com/backlinks-crawler)"
144.76.32.238 - - [11/Jan/2026:00:03:47 +0800] "GET /robots.txt HTTP/1.1" 200 69 "-" "Mozilla/5.0 (compatible; SERankingBacklinksBot/1.0; +https://seranking.com/backlinks-crawler)"
144.76.32.238 - - [11/Jan/2026:00:03:48 +0800] "GET /wp-sitemap.xml HTTP/1.1" 404 70797 "-" "Mozilla/5.0 (compatible; SERankingBacklinksBot/1.0; +https://seranking.com/backlinks-crawler)"
103.4.122.14 - - [11/Jan/2026:00:27:43 +0800] "POST /wp-cron.php?doing_wp_cron=1768062462.8944129943847656250000 HTTP/1.1" 200 - "-" "WordPress/6.9; https://expressinteriors.com"
47.84.199.171 - - [11/Jan/2026:00:27:42 +0800] "GET /index.php?rest_route=/wp/v2/posts&per_page=20&_fields=id,comment_status,date&orderby=id&order=desc HTTP/1.1" 200 63 "https://expressinteriors.com" "Mozilla/5.0 (X11; CrOS x86_64 14541.0.0) AppleWebKit/537.36 (KHTML, like Gecko) Chrome/133.0.0.0 Safari/537.36"
47.84.199.171 - - [11/Jan/2026:00:27:44 +0800] "POST /wp-comments-post.php HTTP/1.1" 409 2593 "https://expressinteriors.com" "Mozilla/5.0 (Windows NT 10.0; Win64; x64) AppleWebKit/537.36 (KHTML, like Gecko) Chrome/135.0.0.0 Safari/537.36 Edg/135.0.0.0"
103.4.122.14 - - [11/Jan/2026:00:55:52 +0800] "POST /wp-cron.php?doing_wp_cron=1768064152.1022169589996337890625 HTTP/1.1" 200 - "-" "WordPress/6.9; https://expressinteriors.com"
110.249.202.96 - - [11/Jan/2026:00:55:48 +0800] "GET /robots.txt HTTP/1.1" 200 69 "-" "Mozilla/5.0 (Linux; Android 5.0) AppleWebKit/537.36 (KHTML, like Gecko) Mobile Safari/537.36 (compatible; Bytespider; https://zhanzhang.toutiao.com/)"
54.236.1.54 - - [11/Jan/2026:01:03:17 +0800] "GET /robots.txt HTTP/1.1" 200 69 "-" "Mozilla/5.0 (compatible; Pinterestbot/1.0; +http://www.pinterest.com/bot.html)"
54.236.1.13 - - [11/Jan/2026:01:03:24 +0800] "GET / HTTP/1.1" 301 - "-" "Mozilla/5.0 (compatible; Pinterestbot/1.0; +http://www.pinterest.com/bot.html)"
54.236.1.52 - - [11/Jan/2026:01:03:25 +0800] "GET / HTTP/1.1" 200 15140 "-" "Mozilla/5.0 (compatible; Pinterestbot/1.0; +http://www.pinterest.com/bot.html)"
156.67.31.208 - - [11/Jan/2026:01:18:11 +0800] "POST /xmlrpc.php HTTP/1.1" 200 206 "-" "Mozilla/5.0 (Windows NT 10.0; Win64; x64; rv:100.0) Gecko/20100101 Firefox/100.0"
103.4.122.14 - - [11/Jan/2026:01:39:02 +0800] "POST /wp-cron.php?doing_wp_cron=1768066742.0483019351959228515625 HTTP/1.1" 200 - "-" "WordPress/6.9; https://expressinteriors.com"
52.167.144.58 - - [11/Jan/2026:01:39:01 +0800] "GET /robots.txt HTTP/1.1" 200 69 "-" "Mozilla/5.0 AppleWebKit/537.36 (KHTML, like Gecko; compatible; bingbot/2.0; +http://www.bing.com/bingbot.htm) Chrome/116.0.1938.76 Safari/537.36"
40.77.167.57 - - [11/Jan/2026:01:39:03 +0800] "GET / HTTP/1.1" 200 15140 "-" "Mozilla/5.0 AppleWebKit/537.36 (KHTML, like Gecko; compatible; bingbot/2.0; +http://www.bing.com/bingbot.htm) Chrome/116.0.1938.76 Safari/537.36"
103.4.122.14 - - [11/Jan/2026:01:58:18 +0800] "POST /wp-cron.php?doing_wp_cron=1768067898.1996400356292724609375 HTTP/1.1" 200 - "-" "WordPress/6.9; https://expressinteriors.com"
190.135.218.158 - - [11/Jan/2026:01:58:17 +0800] "GET /robots.txt HTTP/1.1" 200 69 "-" "Mozilla/5.0 (Windows NT 10.0; Win64; x64) AppleWebKit/537.36 (KHTML, like Gecko) Chrome/114.0.0.0 Safari/537.36 Edg/114.0.1823.43"
15.204.155.25 - - [11/Jan/2026:01:59:41 +0800] "GET /wp-content/plugins/acf-frontend-form-element/assets/js/admin.js HTTP/1.1" 404 65574 "-" "Mozilla/5.0 (Windows NT 10.0; Win64; x64) AppleWebKit/537.36 (KHTML, like Gecko) Chrome/127.0.0.0 Safari/537.36"
15.204.155.25 - - [11/Jan/2026:01:59:57 +0800] "GET /?check_plugin HTTP/1.1" 200 78844 "-" "Mozilla/5.0 (Windows NT 10.0; Win64; x64) AppleWebKit/537.36 (KHTML, like Gecko) Chrome/127.0.0.0 Safari/537.36"
138.197.13.155 - - [11/Jan/2026:02:02:53 +0800] "GET /wp-admin/css/ HTTP/1.1" 403 199 "binance.com" "Mozilla/5.0 (Windows NT 10.0; Win64; x64) AppleWebKit/537.36 (KHTML, like Gecko) Chrome/90.0.4430.85 Safari/537.36"
103.4.122.14 - - [11/Jan/2026:02:20:26 +0800] "POST /wp-cron.php?doing_wp_cron=1768069225.9564359188079833984375 HTTP/1.1" 200 - "-" "WordPress/6.9; https://expressinteriors.com"
42.83.147.56 - - [11/Jan/2026:02:20:25 +0800] "GET / HTTP/1.1" 301 - "-" "Mozilla/5.0 (Windows NT 6.1; Win64; x64) AppleWebKit/537.36 (KHTML, like Gecko)Chrome/74.0.3729.169 Safari/537.36"
42.83.147.56 - - [11/Jan/2026:02:20:27 +0800] "GET / HTTP/1.1" 200 15140 "-" "Mozilla/5.0 (Windows NT 6.1; Win64; x64) AppleWebKit/537.36 (KHTML, like Gecko)Chrome/74.0.3729.169 Safari/537.36"
182.40.104.255 - - [11/Jan/2026:02:34:30 +0800] "GET / HTTP/1.1" 403 199 "-" "Mozilla/5.0 (iPhone; CPU iPhone OS 13_2_3 like Mac OS X) AppleWebKit/605.1.15 (KHTML, like Gecko) Version/13.0.3 Mobile/15E148 Safari/604.1"
45.12.18.180 - - [11/Jan/2026:02:35:33 +0800] "POST /xmlrpc.php HTTP/1.1" 200 206 "-" "Mozilla/5.0 (Windows NT 10.0; Win64; x64; rv:50.0) Gecko/20100101 Firefox/50.0"
103.4.122.14 - - [11/Jan/2026:03:26:59 +0800] "POST /wp-cron.php?doing_wp_cron=1768073219.7426469326019287109375 HTTP/1.1" 200 - "-" "WordPress/6.9; https://expressinteriors.com"
103.4.122.14 - - [11/Jan/2026:03:27:00 +0800] "POST /wp-cron.php?doing_wp_cron=1768073219.9033849239349365234375 HTTP/1.1" 200 - "-" "WordPress/6.9; https://expressinteriors.com"
104.215.31.164 - - [11/Jan/2026:03:26:59 +0800] "GET /images/index.php HTTP/1.1" 301 - "https://duckduckgo.com/" "Mozilla/5.0 (iPhone; CPU iPhone OS 17_1_1 like Mac OS X) AppleWebKit/605.1.15 (KHTML, like Gecko) Version/17.1 Mobile/15E148 Safari/604.1"
104.215.31.164 - - [11/Jan/2026:03:27:00 +0800] "GET /images/ HTTP/1.1" 404 65574 "https://duckduckgo.com/" "Mozilla/5.0 (iPhone; CPU iPhone OS 17_1_1 like Mac OS X) AppleWebKit/605.1.15 (KHTML, like Gecko) Version/17.1 Mobile/15E148 Safari/604.1"
104.215.31.164 - - [11/Jan/2026:03:27:01 +0800] "GET /fonts/index.php HTTP/1.1" 301 - "https://www.yahoo.com/" "Mozilla/5.0 (Linux; Android 13; SM-S908E) AppleWebKit/537.36 (KHTML, like Gecko) Chrome/116.0.0.0 Mobile Safari/537.36"
104.215.31.164 - - [11/Jan/2026:03:27:01 +0800] "GET /fonts/ HTTP/1.1" 404 65574 "https://www.yahoo.com/" "Mozilla/5.0 (Linux; Android 13; SM-S908E) AppleWebKit/537.36 (KHTML, like Gecko) Chrome/116.0.0.0 Mobile Safari/537.36"
104.215.31.164 - - [11/Jan/2026:03:27:02 +0800] "GET /test/index.php HTTP/1.1" 301 - "https://www.google.de/" "Mozilla/5.0 (Linux; Android 10; LM-Q720) AppleWebKit/537.36 (KHTML, like Gecko) Chrome/116.0.0.0 Mobile Safari/537.36"
104.215.31.164 - - [11/Jan/2026:03:27:03 +0800] "GET /test/ HTTP/1.1" 404 65574 "https://www.google.de/" "Mozilla/5.0 (Linux; Android 10; LM-Q720) AppleWebKit/537.36 (KHTML, like Gecko) Chrome/116.0.0.0 Mobile Safari/537.36"
104.215.31.164 - - [11/Jan/2026:03:27:03 +0800] "GET /css/index.php HTTP/1.1" 301 - "https://www.google.co.uk/" "Mozilla/5.g (Linux; Android 13; Pixel 7) AppleWebKit/537.36 (KHTML, like Gecko) Chrome/116.0.0.0 Mobile Safari/537.36"
104.215.31.164 - - [11/Jan/2026:03:27:04 +0800] "GET /css/ HTTP/1.1" 404 65574 "https://www.google.co.uk/" "Mozilla/5.g (Linux; Android 13; Pixel 7) AppleWebKit/537.36 (KHTML, like Gecko) Chrome/116.0.0.0 Mobile Safari/537.36"
104.215.31.164 - - [11/Jan/2026:03:27:05 +0800] "GET /css/smoothness/images/index.php HTTP/1.1" 301 - "https://www.google.fr/" "Mozilla/5.0 (Linux; Android 13; SM-S908E) AppleWebKit/537.36 (KHTML, like Gecko) Chrome/116.0.0.0 Mobile Safari/537.36"
104.215.31.164 - - [11/Jan/2026:03:27:05 +0800] "GET /css/smoothness/images/ HTTP/1.1" 404 65574 "https://www.google.fr/" "Mozilla/5.0 (Linux; Android 13; SM-S908E) AppleWebKit/537.36 (KHTML, like Gecko) Chrome/116.0.0.0 Mobile Safari/537.36"
