164.90.228.79 - - [16/Jan/2026:13:07:12 +0800] "GET /telescope/requests HTTP/1.1" 301 - "-" "Mozilla/5.0 (l9scan/2.0.4313e2232313e243e2330313; +https://leakix.net)"
164.90.228.79 - - [16/Jan/2026:13:07:13 +0800] "GET /info.php HTTP/1.1" 301 - "-" "Mozilla/5.0 (l9scan/2.0.4313e2232313e243e2330313; +https://leakix.net)"
164.90.228.79 - - [16/Jan/2026:13:07:14 +0800] "GET /?rest_route=/wp/v2/users/ HTTP/1.1" 200 761 "-" "Mozilla/5.0 (l9scan/2.0.4313e2232313e243e2330313; +https://leakix.net)"
103.4.122.14 - - [16/Jan/2026:13:26:57 +0800] "POST /wp-cron.php?doing_wp_cron=1768541217.1553471088409423828125 HTTP/1.1" 200 - "-" "WordPress/6.9; https://expressinteriors.com"
163.237.217.11 - - [16/Jan/2026:13:26:56 +0800] "HEAD / HTTP/1.1" 301 - "-" "Mozilla/5.0"
159.195.68.135 - - [16/Jan/2026:13:38:59 +0800] "GET / HTTP/1.1" 403 199 "-" "Go-http-client/1.1"
159.195.68.135 - - [16/Jan/2026:13:39:00 +0800] "GET /wp-includes/css/buttons.css HTTP/1.1" 403 199 "-" "Go-http-client/1.1"
159.195.68.135 - - [16/Jan/2026:13:39:00 +0800] "GET /media/system/js/core.js HTTP/1.1" 403 199 "-" "Go-http-client/1.1"
103.4.122.14 - - [16/Jan/2026:14:01:03 +0800] "POST /wp-cron.php?doing_wp_cron=1768543263.4285850524902343750000 HTTP/1.1" 200 - "-" "WordPress/6.9; https://expressinteriors.com"
74.7.244.9 - - [16/Jan/2026:14:01:02 +0800] "GET /robots.txt HTTP/1.1" 200 69 "-" "Mozilla/5.0 (Macintosh; Intel Mac OS X 10_15_7) AppleWebKit/537.36 (KHTML, like Gecko) Chrome/131.0.0.0 Safari/537.36; compatible; OAI-SearchBot/1.3; robots.txt; +https://openai.com/searchbot"
74.7.227.160 - - [16/Jan/2026:14:01:04 +0800] "GET / HTTP/1.1" 301 - "https://www.agent.dns.sc" "Mozilla/5.0 AppleWebKit/537.36 (KHTML, like Gecko; compatible; GPTBot/1.3; +https://openai.com/gptbot)"
74.7.244.9 - - [16/Jan/2026:14:01:05 +0800] "GET /robots.txt HTTP/1.1" 200 69 "-" "Mozilla/5.0 (Macintosh; Intel Mac OS X 10_15_7) AppleWebKit/537.36 (KHTML, like Gecko) Chrome/131.0.0.0 Safari/537.36; compatible; OAI-SearchBot/1.3; robots.txt; +https://openai.com/searchbot"
74.7.227.160 - - [16/Jan/2026:14:01:05 +0800] "GET / HTTP/1.1" 200 15140 "http://expressinteriors.com" "Mozilla/5.0 AppleWebKit/537.36 (KHTML, like Gecko; compatible; GPTBot/1.3; +https://openai.com/gptbot)"
103.4.122.14 - - [16/Jan/2026:14:44:23 +0800] "POST /wp-cron.php?doing_wp_cron=1768545863.3510410785675048828125 HTTP/1.1" 200 - "-" "WordPress/6.9; https://expressinteriors.com"
103.4.122.14 - - [16/Jan/2026:14:44:23 +0800] "POST /wp-cron.php?doing_wp_cron=1768545863.6348769664764404296875 HTTP/1.1" 200 - "-" "WordPress/6.9; https://expressinteriors.com"
163.237.217.11 - - [16/Jan/2026:14:44:22 +0800] "HEAD / HTTP/1.1" 301 - "-" "Mozilla/5.0"
216.73.216.116 - - [16/Jan/2026:14:50:17 +0800] "GET /robots.txt HTTP/1.1" 200 69 "-" "Mozilla/5.0 AppleWebKit/537.36 (KHTML, like Gecko; compatible; ClaudeBot/1.0; +claudebot@anthropic.com)"
216.73.216.116 - - [16/Jan/2026:14:50:18 +0800] "GET /sitemap.xml HTTP/1.1" 301 - "-" "Mozilla/5.0 AppleWebKit/537.36 (KHTML, like Gecko; compatible; ClaudeBot/1.0; +claudebot@anthropic.com)"
216.73.216.116 - - [16/Jan/2026:14:50:19 +0800] "GET /wp-sitemap.xml HTTP/1.1" 404 70797 "https://expressinteriors.com/sitemap.xml" "Mozilla/5.0 AppleWebKit/537.36 (KHTML, like Gecko; compatible; ClaudeBot/1.0; +claudebot@anthropic.com)"
50.17.193.48 - - [16/Jan/2026:14:51:30 +0800] "GET /robots.txt HTTP/1.1" 200 69 "-" "Mozilla/5.0 AppleWebKit/537.36 (KHTML, like Gecko; compatible; Amazonbot/0.1; +https://developer.amazon.com/support/amazonbot) Chrome/119.0.6045.214 Safari/537.36"
52.200.142.199 - - [16/Jan/2026:14:51:34 +0800] "GET / HTTP/1.1" 200 15140 "-" "Mozilla/5.0 AppleWebKit/537.36 (KHTML, like Gecko; compatible; Amazonbot/0.1; +https://developer.amazon.com/support/amazonbot) Chrome/119.0.6045.214 Safari/537.36"
103.4.122.14 - - [16/Jan/2026:15:28:38 +0800] "POST /wp-cron.php?doing_wp_cron=1768548518.2613840103149414062500 HTTP/1.1" 200 - "-" "WordPress/6.9; https://expressinteriors.com"
129.150.51.252 - - [16/Jan/2026:15:28:37 +0800] "GET / HTTP/1.1" 301 - "-" "Mozilla/5.0 (iPhone; CPU iPhone OS 17_4_1 like Mac OS X) AppleWebKit/605.1.15 Mobile/15E148"
129.150.51.252 - - [16/Jan/2026:15:28:39 +0800] "GET / HTTP/1.1" 200 15139 "http://expressinteriors.com" "Mozilla/5.0 (iPhone; CPU iPhone OS 17_4_1 like Mac OS X) AppleWebKit/605.1.15 Mobile/15E148"
129.150.51.252 - - [16/Jan/2026:15:28:40 +0800] "GET / HTTP/1.1" 403 199 "-" "Go-http-client/1.1"
129.150.51.252 - - [16/Jan/2026:15:28:40 +0800] "GET /wp-login.php HTTP/1.1" 302 - "-" "Mozilla/5.0 (X11; Linux x86_64) Gecko/20100101 Firefox/117.0"
129.150.51.252 - - [16/Jan/2026:15:28:41 +0800] "GET /wp-login.php HTTP/1.1" 200 2052 "http://expressinteriors.com/wp-login.php" "Mozilla/5.0 (X11; Linux x86_64) Gecko/20100101 Firefox/117.0"
129.150.51.252 - - [16/Jan/2026:15:28:42 +0800] "GET /wp-admin/ HTTP/1.1" 302 - "-" "Mozilla/5.0 (iPhone; CPU iPhone OS 17_4_1 like Mac OS X) AppleWebKit/605.1.15 Mobile/15E148"
129.150.51.252 - - [16/Jan/2026:15:28:43 +0800] "GET /wp-admin/ HTTP/1.1" 302 - "http://expressinteriors.com/wp-admin/" "Mozilla/5.0 (iPhone; CPU iPhone OS 17_4_1 like Mac OS X) AppleWebKit/605.1.15 Mobile/15E148"
129.150.51.252 - - [16/Jan/2026:15:28:44 +0800] "GET /wp-login.php?redirect_to=https%3A%2F%2Fexpressinteriors.com%2Fwp-admin%2F&reauth=1 HTTP/1.1" 200 2052 "https://expressinteriors.com/wp-admin/" "Mozilla/5.0 (iPhone; CPU iPhone OS 17_4_1 like Mac OS X) AppleWebKit/605.1.15 Mobile/15E148"
129.150.51.252 - - [16/Jan/2026:15:28:45 +0800] "GET /administrator/ HTTP/1.1" 404 65574 "-" "Mozilla/5.0 (Android 13; Mobile; rv:117.0) Gecko/117.0 Firefox/117.0"
3.220.70.171 - - [16/Jan/2026:16:42:18 +0800] "GET /wp-json/wp/v2/users/1 HTTP/1.1" 403 199 "-" "Mozilla/5.0 AppleWebKit/537.36 (KHTML, like Gecko; compatible; Amazonbot/0.1; +https://developer.amazon.com/support/amazonbot) Chrome/119.0.6045.214 Safari/537.36"
129.226.93.214 - - [16/Jan/2026:16:56:52 +0800] "GET / HTTP/1.1" 403 199 "-" "Mozilla/5.0 (iPhone; CPU iPhone OS 13_2_3 like Mac OS X) AppleWebKit/605.1.15 (KHTML, like Gecko) Version/13.0.3 Mobile/15E148 Safari/604.1"
84.247.169.220 - - [16/Jan/2026:17:01:45 +0800] "GET / HTTP/1.1" 403 199 "-" "Mozilla/5.0 (Windows NT 10.0; Win64; x64) AppleWebKit/537.36 (KHTML, like Gecko) Chrome/120.0.0.0 Safari/537.36"
84.247.169.220 - - [16/Jan/2026:17:01:46 +0800] "GET /wp-json/wc/v3/payment_gateways HTTP/1.1" 403 199 "-" "Mozilla/5.0 (Windows NT 10.0; Win64; x64) AppleWebKit/537.36 (KHTML, like Gecko) Chrome/120.0.0.0 Safari/537.36"
84.247.169.220 - - [16/Jan/2026:17:01:48 +0800] "GET /wp-json/wc/v2/payment_gateways HTTP/1.1" 403 199 "-" "Mozilla/5.0 (Windows NT 10.0; Win64; x64) AppleWebKit/537.36 (KHTML, like Gecko) Chrome/120.0.0.0 Safari/537.36"
84.247.169.220 - - [16/Jan/2026:17:01:49 +0800] "GET /wp-json/wc/store/v1/cart HTTP/1.1" 403 199 "-" "Mozilla/5.0 (Windows NT 10.0; Win64; x64) AppleWebKit/537.36 (KHTML, like Gecko) Chrome/120.0.0.0 Safari/537.36"
84.247.169.220 - - [16/Jan/2026:17:01:50 +0800] "GET /wp-json/wc/store/v1/payment_methods HTTP/1.1" 403 199 "-" "Mozilla/5.0 (Windows NT 10.0; Win64; x64) AppleWebKit/537.36 (KHTML, like Gecko) Chrome/120.0.0.0 Safari/537.36"
103.4.122.14 - - [16/Jan/2026:17:12:30 +0800] "POST /wp-cron.php?doing_wp_cron=1768554750.2503631114959716796875 HTTP/1.1" 200 - "-" "WordPress/6.9; https://expressinteriors.com"
103.4.122.14 - - [16/Jan/2026:17:12:30 +0800] "POST /wp-cron.php?doing_wp_cron=1768554750.5306138992309570312500 HTTP/1.1" 200 - "-" "WordPress/6.9; https://expressinteriors.com"
163.237.217.11 - - [16/Jan/2026:17:12:29 +0800] "HEAD / HTTP/1.1" 301 - "-" "Mozilla/5.0"
103.4.122.14 - - [16/Jan/2026:17:22:18 +0800] "POST /wp-cron.php?doing_wp_cron=1768555337.8393800258636474609375 HTTP/1.1" 200 - "-" "WordPress/6.9; https://expressinteriors.com"
66.132.153.122 - - [16/Jan/2026:17:22:17 +0800] "GET / HTTP/1.1" 301 - "-" "Mozilla/5.0 (compatible; CensysInspect/1.1; +https://about.censys.io/)"
51.161.37.219 - - [16/Jan/2026:18:10:52 +0800] "GET / HTTP/1.1" 200 15140 "-" "Mozilla/5.0 (compatible; AhrefsBot/7.0; +http://ahrefs.com/robot/)"
103.4.122.14 - - [16/Jan/2026:18:29:55 +0800] "POST /wp-cron.php?doing_wp_cron=1768559395.8493559360504150390625 HTTP/1.1" 200 - "-" "WordPress/6.9; https://expressinteriors.com"
103.4.122.14 - - [16/Jan/2026:18:29:56 +0800] "POST /wp-cron.php?doing_wp_cron=1768559396.0014529228210449218750 HTTP/1.1" 200 - "-" "WordPress/6.9; https://expressinteriors.com"
163.237.217.11 - - [16/Jan/2026:18:29:55 +0800] "HEAD / HTTP/1.1" 301 - "-" "Mozilla/5.0"
185.253.162.9 - - [16/Jan/2026:18:50:54 +0800] "GET / HTTP/1.1" 301 - "-" "Mozilla/5.0 (X11; Ubuntu; Linux x86_64; rv:126.0) Gecko/20100101 Firefox/126.0"
185.253.162.9 - - [16/Jan/2026:18:50:54 +0800] "GET / HTTP/1.1" 301 - "-" "Mozilla/5.0 (X11; Ubuntu; Linux x86_64; rv:126.0) Gecko/20100101 Firefox/126.0"
185.253.162.9 - - [16/Jan/2026:18:50:55 +0800] "GET / HTTP/1.1" 200 15140 "-" "Mozilla/5.0 (X11; Ubuntu; Linux x86_64; rv:126.0) Gecko/20100101 Firefox/126.0"
185.253.162.9 - - [16/Jan/2026:18:50:55 +0800] "GET / HTTP/1.1" 301 - "-" "Mozilla/5.0 (X11; Ubuntu; Linux x86_64; rv:126.0) Gecko/20100101 Firefox/126.0"
185.253.162.9 - - [16/Jan/2026:18:50:57 +0800] "GET / HTTP/1.1" 200 15140 "-" "Mozilla/5.0 (X11; Ubuntu; Linux x86_64; rv:126.0) Gecko/20100101 Firefox/126.0"
185.253.162.9 - - [16/Jan/2026:18:50:57 +0800] "GET / HTTP/1.1" 200 15140 "-" "Mozilla/5.0 (X11; Ubuntu; Linux x86_64; rv:126.0) Gecko/20100101 Firefox/126.0"
185.253.162.9 - - [16/Jan/2026:18:50:58 +0800] "GET / HTTP/1.1" 200 15140 "-" "Mozilla/5.0 (X11; Ubuntu; Linux x86_64; rv:126.0) Gecko/20100101 Firefox/126.0"
109.172.93.45 - - [16/Jan/2026:19:17:10 +0800] "GET / HTTP/1.1" 301 - "-" "Mozilla/5.0 (X11; Linux x86_64) Chrome/19.0.1084.9 Safari/536.5"
109.172.93.45 - - [16/Jan/2026:19:17:12 +0800] "GET / HTTP/1.1" 200 78844 "-" "Mozilla/5.0 (X11; Linux x86_64) Chrome/19.0.1084.9 Safari/536.5"
103.4.122.14 - - [16/Jan/2026:19:47:45 +0800] "POST /wp-cron.php?doing_wp_cron=1768564064.9427950382232666015625 HTTP/1.1" 200 - "-" "WordPress/6.9; https://expressinteriors.com"
103.4.122.14 - - [16/Jan/2026:19:47:45 +0800] "POST /wp-cron.php?doing_wp_cron=1768564065.0971019268035888671875 HTTP/1.1" 200 - "-" "WordPress/6.9; https://expressinteriors.com"
163.237.217.11 - - [16/Jan/2026:19:47:44 +0800] "HEAD / HTTP/1.1" 301 - "-" "Mozilla/5.0"
170.106.110.146 - - [16/Jan/2026:20:09:31 +0800] "GET / HTTP/1.1" 403 199 "-" "Mozilla/5.0 (iPhone; CPU iPhone OS 13_2_3 like Mac OS X) AppleWebKit/605.1.15 (KHTML, like Gecko) Version/13.0.3 Mobile/15E148 Safari/604.1"
103.4.122.14 - - [16/Jan/2026:20:47:11 +0800] "POST /wp-cron.php?doing_wp_cron=1768567631.1336998939514160156250 HTTP/1.1" 200 - "-" "WordPress/6.9; https://expressinteriors.com"
157.245.8.248 - - [16/Jan/2026:20:47:10 +0800] "GET / HTTP/1.1" 301 - "-" "Mozilla/5.0 (X11; Linux x86_64; rv:142.0) Gecko/20100101 Firefox/142.0"
157.245.8.248 - - [16/Jan/2026:20:47:11 +0800] "GET /favicon.ico HTTP/1.1" 302 - "http://expressinteriors.com/" "Mozilla/5.0 (X11; Linux x86_64; rv:142.0) Gecko/20100101 Firefox/142.0"
157.245.8.248 - - [16/Jan/2026:20:47:13 +0800] "GET / HTTP/1.1" 200 15140 "-" "Mozilla/5.0 (X11; Linux x86_64) AppleWebKit/537.36 (KHTML, like Gecko) Chrome/142.0.0.0 Safari/537.36"
157.245.8.248 - - [16/Jan/2026:20:47:19 +0800] "GET /favicon.ico HTTP/1.1" 302 - "https://expressinteriors.com/" "Mozilla/5.0 (X11; Linux x86_64) AppleWebKit/537.36 (KHTML, like Gecko) Chrome/142.0.0.0 Safari/537.36"
103.4.122.14 - - [16/Jan/2026:21:02:24 +0800] "POST /wp-cron.php?doing_wp_cron=1768568544.0060949325561523437500 HTTP/1.1" 200 - "-" "WordPress/6.9; https://expressinteriors.com"
163.237.217.11 - - [16/Jan/2026:21:02:23 +0800] "HEAD / HTTP/1.1" 301 - "-" "Mozilla/5.0"
103.4.122.14 - - [16/Jan/2026:21:25:31 +0800] "POST /wp-cron.php?doing_wp_cron=1768569930.8641910552978515625000 HTTP/1.1" 200 - "-" "WordPress/6.9; https://expressinteriors.com"
72.252.201.131 - - [16/Jan/2026:21:25:30 +0800] "GET / HTTP/1.1" 200 15140 "https://mossdecor.com.ua" "Mozilla/5.0 (Windows NT 10.0; Win64; x64) AppleWebKit/537.36 (KHTML, like Gecko) Chrome/100.0.4896.127 Safari/537.36"
149.22.87.8 - - [16/Jan/2026:22:01:59 +0800] "GET / HTTP/1.1" 301 - "-" "Mozilla/5.0 (X11; Linux x86_64) AppleWebKit/537.36 (KHTML, like Gecko) HeadlessChrome/139.0.7258.5 Safari/537.36"
149.22.87.8 - - [16/Jan/2026:22:02:03 +0800] "GET / HTTP/1.1" 200 15140 "-" "Mozilla/5.0 (X11; Linux x86_64) AppleWebKit/537.36 (KHTML, like Gecko) HeadlessChrome/139.0.7258.5 Safari/537.36"
149.22.87.8 - - [16/Jan/2026:22:02:06 +0800] "GET /wp-content/themes/astra/assets/css/minified/main.min.css?ver=4.0.2 HTTP/1.1" 200 8034 "https://expressinteriors.com/" "Mozilla/5.0 (X11; Linux x86_64) AppleWebKit/537.36 (KHTML, like Gecko) HeadlessChrome/139.0.7258.5 Safari/537.36"
149.22.87.8 - - [16/Jan/2026:22:02:09 +0800] "GET /wp-includes/css/dist/block-library/style.min.css?ver=6.9 HTTP/1.1" 200 15951 "https://expressinteriors.com/" "Mozilla/5.0 (X11; Linux x86_64) AppleWebKit/537.36 (KHTML, like Gecko) HeadlessChrome/139.0.7258.5 Safari/537.36"
149.22.87.8 - - [16/Jan/2026:22:02:10 +0800] "GET /wp-content/plugins/contact-form-7/includes/css/styles.css?ver=5.7.4 HTTP/1.1" 200 1004 "https://expressinteriors.com/" "Mozilla/5.0 (X11; Linux x86_64) AppleWebKit/537.36 (KHTML, like Gecko) HeadlessChrome/139.0.7258.5 Safari/537.36"
149.22.87.8 - - [16/Jan/2026:22:02:10 +0800] "GET /wp-content/themes/astra/assets/css/minified/compatibility/contact-form-7-main.min.css?ver=4.0.2 HTTP/1.1" 200 424 "https://expressinteriors.com/" "Mozilla/5.0 (X11; Linux x86_64) AppleWebKit/537.36 (KHTML, like Gecko) HeadlessChrome/139.0.7258.5 Safari/537.36"
149.22.87.8 - - [16/Jan/2026:22:02:10 +0800] "GET /wp-content/uploads/useanyfont/uaf.css?ver=1677478928 HTTP/1.1" 200 199 "https://expressinteriors.com/" "Mozilla/5.0 (X11; Linux x86_64) AppleWebKit/537.36 (KHTML, like Gecko) HeadlessChrome/139.0.7258.5 Safari/537.36"
149.22.87.8 - - [16/Jan/2026:22:02:11 +0800] "GET /wp-content/plugins/elementor/assets/lib/eicons/css/elementor-icons.min.css?ver=5.18.0 HTTP/1.1" 200 3977 "https://expressinteriors.com/" "Mozilla/5.0 (X11; Linux x86_64) AppleWebKit/537.36 (KHTML, like Gecko) HeadlessChrome/139.0.7258.5 Safari/537.36"
149.22.87.8 - - [16/Jan/2026:22:02:11 +0800] "GET /wp-content/plugins/elementor/assets/css/frontend-lite.min.css?ver=3.11.2 HTTP/1.1" 200 11874 "https://expressinteriors.com/" "Mozilla/5.0 (X11; Linux x86_64) AppleWebKit/537.36 (KHTML, like Gecko) HeadlessChrome/139.0.7258.5 Safari/537.36"
149.22.87.8 - - [16/Jan/2026:22:02:11 +0800] "GET /wp-content/plugins/elementor/assets/lib/swiper/v8/css/swiper.min.css?ver=8.4.5 HTTP/1.1" 200 4583 "https://expressinteriors.com/" "Mozilla/5.0 (X11; Linux x86_64) AppleWebKit/537.36 (KHTML, like Gecko) HeadlessChrome/139.0.7258.5 Safari/537.36"
149.22.87.8 - - [16/Jan/2026:22:02:12 +0800] "GET /wp-content/uploads/elementor/css/global.css?ver=1677476761 HTTP/1.1" 200 834 "https://expressinteriors.com/" "Mozilla/5.0 (X11; Linux x86_64) AppleWebKit/537.36 (KHTML, like Gecko) HeadlessChrome/139.0.7258.5 Safari/537.36"
149.22.87.8 - - [16/Jan/2026:22:02:12 +0800] "GET /wp-content/uploads/elementor/css/post-9.css?ver=1677547289 HTTP/1.1" 200 485 "https://expressinteriors.com/" "Mozilla/5.0 (X11; Linux x86_64) AppleWebKit/537.36 (KHTML, like Gecko) HeadlessChrome/139.0.7258.5 Safari/537.36"
149.22.87.8 - - [16/Jan/2026:22:02:12 +0800] "GET /wp-content/plugins/elementor/assets/lib/animations/animations.min.css?ver=3.11.2 HTTP/1.1" 200 2592 "https://expressinteriors.com/" "Mozilla/5.0 (X11; Linux x86_64) AppleWebKit/537.36 (KHTML, like Gecko) HeadlessChrome/139.0.7258.5 Safari/537.36"
149.22.87.8 - - [16/Jan/2026:22:02:12 +0800] "GET /wp-content/uploads/elementor/css/post-5.css?ver=1677475972 HTTP/1.1" 200 356 "https://expressinteriors.com/" "Mozilla/5.0 (X11; Linux x86_64) AppleWebKit/537.36 (KHTML, like Gecko) HeadlessChrome/139.0.7258.5 Safari/537.36"
149.22.87.8 - - [16/Jan/2026:22:02:12 +0800] "GET /wp-content/themes/astra/assets/js/minified/frontend.min.js?ver=4.0.2 HTTP/1.1" 200 4507 "https://expressinteriors.com/" "Mozilla/5.0 (X11; Linux x86_64) AppleWebKit/537.36 (KHTML, like Gecko) HeadlessChrome/139.0.7258.5 Safari/537.36"
149.22.87.8 - - [16/Jan/2026:22:02:12 +0800] "GET /wp-content/plugins/contact-form-7/includes/swv/js/index.js?ver=5.7.4 HTTP/1.1" 200 3040 "https://expressinteriors.com/" "Mozilla/5.0 (X11; Linux x86_64) AppleWebKit/537.36 (KHTML, like Gecko) HeadlessChrome/139.0.7258.5 Safari/537.36"
149.22.87.8 - - [16/Jan/2026:22:02:14 +0800] "GET /wp-content/uploads/useanyfont/4467Morris-Sans-W01Light.woff2 HTTP/1.1" 200 15772 "https://expressinteriors.com/wp-content/uploads/useanyfont/uaf.css?ver=1677478928" "Mozilla/5.0 (X11; Linux x86_64) AppleWebKit/537.36 (KHTML, like Gecko) HeadlessChrome/139.0.7258.5 Safari/537.36"
149.22.87.8 - - [16/Jan/2026:22:02:16 +0800] "GET /wp-content/plugins/contact-form-7/includes/js/index.js?ver=5.7.4 HTTP/1.1" 200 4184 "https://expressinteriors.com/" "Mozilla/5.0 (X11; Linux x86_64) AppleWebKit/537.36 (KHTML, like Gecko) HeadlessChrome/139.0.7258.5 Safari/537.36"
149.22.87.8 - - [16/Jan/2026:22:02:16 +0800] "GET /wp-content/plugins/wp-smushit/app/assets/js/smush-lazy-load.min.js?ver=3.12.5 HTTP/1.1" 200 3687 "https://expressinteriors.com/" "Mozilla/5.0 (X11; Linux x86_64) AppleWebKit/537.36 (KHTML, like Gecko) HeadlessChrome/139.0.7258.5 Safari/537.36"
149.22.87.8 - - [16/Jan/2026:22:02:16 +0800] "GET /wp-content/plugins/elementor/assets/js/webpack.runtime.min.js?ver=3.11.2 HTTP/1.1" 200 2199 "https://expressinteriors.com/" "Mozilla/5.0 (X11; Linux x86_64) AppleWebKit/537.36 (KHTML, like Gecko) HeadlessChrome/139.0.7258.5 Safari/537.36"
149.22.87.8 - - [16/Jan/2026:22:02:17 +0800] "GET /wp-includes/js/jquery/jquery.min.js?ver=3.7.1 HTTP/1.1" 200 30368 "https://expressinteriors.com/" "Mozilla/5.0 (X11; Linux x86_64) AppleWebKit/537.36 (KHTML, like Gecko) HeadlessChrome/139.0.7258.5 Safari/537.36"
149.22.87.8 - - [16/Jan/2026:22:02:17 +0800] "GET /wp-includes/js/jquery/jquery-migrate.min.js?ver=3.4.1 HTTP/1.1" 200 4872 "https://expressinteriors.com/" "Mozilla/5.0 (X11; Linux x86_64) AppleWebKit/537.36 (KHTML, like Gecko) HeadlessChrome/139.0.7258.5 Safari/537.36"
149.22.87.8 - - [16/Jan/2026:22:02:18 +0800] "GET /wp-content/plugins/elementor/assets/js/frontend-modules.min.js?ver=3.11.2 HTTP/1.1" 200 11691 "https://expressinteriors.com/" "Mozilla/5.0 (X11; Linux x86_64) AppleWebKit/537.36 (KHTML, like Gecko) HeadlessChrome/139.0.7258.5 Safari/537.36"
149.22.87.8 - - [16/Jan/2026:22:02:18 +0800] "GET /wp-content/plugins/elementor/assets/lib/waypoints/waypoints.min.js?ver=4.0.2 HTTP/1.1" 200 2993 "https://expressinteriors.com/" "Mozilla/5.0 (X11; Linux x86_64) AppleWebKit/537.36 (KHTML, like Gecko) HeadlessChrome/139.0.7258.5 Safari/537.36"
149.22.87.8 - - [16/Jan/2026:22:02:19 +0800] "GET /wp-includes/js/jquery/ui/core.min.js?ver=1.13.3 HTTP/1.1" 200 7106 "https://expressinteriors.com/" "Mozilla/5.0 (X11; Linux x86_64) AppleWebKit/537.36 (KHTML, like Gecko) HeadlessChrome/139.0.7258.5 Safari/537.36"
149.22.87.8 - - [16/Jan/2026:22:02:19 +0800] "GET /wp-content/plugins/elementor/assets/js/frontend.min.js?ver=3.11.2 HTTP/1.1" 200 12404 "https://expressinteriors.com/" "Mozilla/5.0 (X11; Linux x86_64) AppleWebKit/537.36 (KHTML, like Gecko) HeadlessChrome/139.0.7258.5 Safari/537.36"
149.22.87.8 - - [16/Jan/2026:22:02:28 +0800] "GET /wp-content/uploads/2023/02/Express-Interiors-logo-300x281.png HTTP/1.1" 200 72165 "https://expressinteriors.com/" "Mozilla/5.0 (X11; Linux x86_64) AppleWebKit/537.36 (KHTML, like Gecko) HeadlessChrome/139.0.7258.5 Safari/537.36"
103.4.122.14 - - [16/Jan/2026:22:02:35 +0800] "POST /wp-cron.php?doing_wp_cron=1768572155.2893691062927246093750 HTTP/1.1" 200 - "-" "WordPress/6.9; https://expressinteriors.com"
149.22.87.8 - - [16/Jan/2026:22:02:34 +0800] "GET / HTTP/1.1" 200 15140 "-" "Mozilla/5.0 (X11; Linux x86_64) AppleWebKit/537.36 (KHTML, like Gecko) HeadlessChrome/139.0.7258.5 Safari/537.36"
149.22.87.8 - - [16/Jan/2026:22:02:36 +0800] "GET /wp-content/plugins/elementor/assets/js/text-editor.2c35aafbe5bf0e127950.bundle.min.js HTTP/1.1" 200 665 "https://expressinteriors.com/" "Mozilla/5.0 (X11; Linux x86_64) AppleWebKit/537.36 (KHTML, like Gecko) HeadlessChrome/139.0.7258.5 Safari/537.36"
149.22.87.8 - - [16/Jan/2026:22:02:36 +0800] "GET /wp-includes/js/wp-emoji-release.min.js?ver=6.9 HTTP/1.1" 200 5375 "https://expressinteriors.com/" "Mozilla/5.0 (X11; Linux x86_64) AppleWebKit/537.36 (KHTML, like Gecko) HeadlessChrome/139.0.7258.5 Safari/537.36"
103.4.122.14 - - [16/Jan/2026:22:54:49 +0800] "POST /wp-cron.php?doing_wp_cron=1768575289.4243099689483642578125 HTTP/1.1" 200 - "-" "WordPress/6.9; https://expressinteriors.com"
169.40.135.85 - - [16/Jan/2026:22:54:48 +0800] "GET / HTTP/1.1" 301 - "-" "Mozilla/5.0 (Windows NT 10.0; Win64; x64) AppleWebKit/537.36 (KHTML, like Gecko) Chrome/88.0.4240.193 Safari/537.36"
169.40.135.85 - - [16/Jan/2026:22:54:50 +0800] "GET / HTTP/1.1" 200 78844 "-" "Mozilla/5.0 (Windows NT 10.0; Win64; x64) AppleWebKit/537.36 (KHTML, like Gecko) Chrome/88.0.4240.193 Safari/537.36"
169.40.135.85 - - [16/Jan/2026:22:54:52 +0800] "GET //wp-includes/wlwmanifest.xml HTTP/1.1" 301 - "-" "Mozilla/5.0 (Windows NT 10.0; Win64; x64) AppleWebKit/537.36 (KHTML, like Gecko) Chrome/88.0.4240.193 Safari/537.36"
169.40.135.85 - - [16/Jan/2026:22:54:53 +0800] "GET //xmlrpc.php?rsd HTTP/1.1" 200 834 "-" "Mozilla/5.0 (Windows NT 10.0; Win64; x64) AppleWebKit/537.36 (KHTML, like Gecko) Chrome/88.0.4240.193 Safari/537.36"
169.40.135.85 - - [16/Jan/2026:22:54:54 +0800] "GET //wp-login.php HTTP/1.1" 200 5957 "-" "Mozilla/5.0 (Windows NT 10.0; Win64; x64) AppleWebKit/537.36 (KHTML, like Gecko) Chrome/88.0.4240.193 Safari/537.36"
169.40.135.85 - - [16/Jan/2026:22:54:54 +0800] "GET //?author=1 HTTP/1.1" 301 - "-" "Mozilla/5.0 (Windows NT 10.0; Win64; x64) AppleWebKit/537.36 (KHTML, like Gecko) Chrome/88.0.4240.193 Safari/537.36"
169.40.135.85 - - [16/Jan/2026:22:54:55 +0800] "GET //?author=2 HTTP/1.1" 301 - "-" "Mozilla/5.0 (Windows NT 10.0; Win64; x64) AppleWebKit/537.36 (KHTML, like Gecko) Chrome/88.0.4240.193 Safari/537.36"
169.40.135.85 - - [16/Jan/2026:22:54:56 +0800] "GET //?author=3 HTTP/1.1" 301 - "-" "Mozilla/5.0 (Windows NT 10.0; Win64; x64) AppleWebKit/537.36 (KHTML, like Gecko) Chrome/88.0.4240.193 Safari/537.36"
169.40.135.85 - - [16/Jan/2026:22:54:57 +0800] "GET //wp-json/wp/v2/users/ HTTP/1.1" 403 199 "-" "Mozilla/5.0 (Windows NT 10.0; Win64; x64) AppleWebKit/537.36 (KHTML, like Gecko) Chrome/88.0.4240.193 Safari/537.36"
169.40.135.85 - - [16/Jan/2026:22:54:57 +0800] "POST //xmlrpc.php HTTP/1.1" 200 403 "-" "Mozilla/5.0 (Windows NT 10.0; Win64; x64) AppleWebKit/537.36 (KHTML, like Gecko) Chrome/88.0.4240.193 Safari/537.36"
169.40.135.85 - - [16/Jan/2026:22:54:59 +0800] "POST //xmlrpc.php HTTP/1.1" 200 403 "-" "Mozilla/5.0 (Windows NT 10.0; Win64; x64) AppleWebKit/537.36 (KHTML, like Gecko) Chrome/88.0.4240.193 Safari/537.36"
169.40.135.85 - - [16/Jan/2026:22:55:00 +0800] "POST //xmlrpc.php HTTP/1.1" 200 401 "-" "Mozilla/5.0 (Windows NT 10.0; Win64; x64) AppleWebKit/537.36 (KHTML, like Gecko) Chrome/88.0.4240.193 Safari/537.36"
169.40.135.85 - - [16/Jan/2026:22:55:02 +0800] "POST //xmlrpc.php HTTP/1.1" 200 401 "-" "Mozilla/5.0 (Windows NT 10.0; Win64; x64) AppleWebKit/537.36 (KHTML, like Gecko) Chrome/88.0.4240.193 Safari/537.36"
169.40.135.85 - - [16/Jan/2026:22:55:04 +0800] "POST //xmlrpc.php HTTP/1.1" 403 199 "-" "Mozilla/5.0 (Windows NT 10.0; Win64; x64) AppleWebKit/537.36 (KHTML, like Gecko) Chrome/88.0.4240.193 Safari/537.36"
169.40.135.85 - - [16/Jan/2026:22:55:06 +0800] "POST //wp-login.php HTTP/1.1" 403 199 "https://expressinteriors.com//wp-login.php" "Mozilla/5.0 (Windows NT 10.0; Win64; x64) AppleWebKit/537.36 (KHTML, like Gecko) Chrome/88.0.4240.193 Safari/537.36"
169.40.135.85 - - [16/Jan/2026:22:55:07 +0800] "POST //wp-login.php HTTP/1.1" 403 199 "https://expressinteriors.com//wp-login.php" "Mozilla/5.0 (Windows NT 10.0; Win64; x64) AppleWebKit/537.36 (KHTML, like Gecko) Chrome/88.0.4240.193 Safari/537.36"
103.4.122.14 - - [16/Jan/2026:23:06:12 +0800] "POST /wp-cron.php?doing_wp_cron=1768575972.2164049148559570312500 HTTP/1.1" 200 - "-" "WordPress/6.9; https://expressinteriors.com"
138.246.253.24 - - [16/Jan/2026:23:06:11 +0800] "GET /robots.txt HTTP/1.1" 301 - "-" "Mozilla/5.0 (Windows NT 10.0; Win64; x64) AppleWebKit/537.36 (KHTML, like Gecko) Chrome/103.0.5060.134 Safari/537.36"
103.4.122.14 - - [16/Jan/2026:23:21:39 +0800] "POST /wp-cron.php?doing_wp_cron=1768576899.4062368869781494140625 HTTP/1.1" 200 - "-" "WordPress/6.9; https://expressinteriors.com"
3.216.86.144 - - [16/Jan/2026:23:21:38 +0800] "GET /category/uncategorized/ HTTP/1.1" 200 13978 "-" "Mozilla/5.0 AppleWebKit/537.36 (KHTML, like Gecko; compatible; Amazonbot/0.1; +https://developer.amazon.com/support/amazonbot) Chrome/119.0.6045.214 Safari/537.36"
212.34.138.212 - - [16/Jan/2026:23:31:33 +0800] "GET /2023/02/27/hello-world/ HTTP/1.0" 200 78541 "https://expressinteriors.com/2023/02/27/hello-world/#comment-759" "Mozilla/5.0 (Windows NT 10.0; Win64; x64) AppleWebKit/537.36 (KHTML, like Gecko) Chrome/131.0.0.0 Safari/537.36 Avast/131.0.0.0"
212.34.138.212 - - [16/Jan/2026:23:31:35 +0800] "POST /wp-comments-post.php HTTP/1.0" 302 - "https://expressinteriors.com/2023/02/27/hello-world/#comment-759" "Mozilla/5.0 (Windows NT 10.0; Win64; x64) AppleWebKit/537.36 (KHTML, like Gecko) Chrome/131.0.0.0 Safari/537.36 Avast/131.0.0.0"
212.34.138.212 - - [16/Jan/2026:23:31:37 +0800] "GET /2023/02/27/hello-world/ HTTP/1.0" 200 82826 "https://expressinteriors.com/2023/02/27/hello-world/#comment-897" "Mozilla/5.0 (Windows NT 10.0; Win64; x64) AppleWebKit/537.36 (KHTML, like Gecko) Chrome/131.0.0.0 Safari/537.36 Avast/131.0.0.0"
163.237.217.11 - - [16/Jan/2026:23:39:21 +0800] "HEAD / HTTP/1.1" 301 - "-" "Mozilla/5.0"
103.4.122.14 - - [17/Jan/2026:00:39:33 +0800] "POST /wp-cron.php?doing_wp_cron=1768581573.1269280910491943359375 HTTP/1.1" 200 - "-" "WordPress/6.9; https://expressinteriors.com"
103.4.122.14 - - [17/Jan/2026:00:39:33 +0800] "POST /wp-cron.php?doing_wp_cron=1768581573.5767478942871093750000 HTTP/1.1" 200 - "-" "WordPress/6.9; https://expressinteriors.com"
138.246.253.24 - - [17/Jan/2026:00:39:31 +0800] "GET /robots.txt HTTP/1.1" 200 67 "-" "Mozilla/5.0 (Windows NT 10.0; Win64; x64) AppleWebKit/537.36 (KHTML, like Gecko) Chrome/103.0.5060.134 Safari/537.36"
182.44.10.67 - - [17/Jan/2026:00:44:48 +0800] "GET / HTTP/1.1" 403 199 "-" "Mozilla/5.0 (iPhone; CPU iPhone OS 13_2_3 like Mac OS X) AppleWebKit/605.1.15 (KHTML, like Gecko) Version/13.0.3 Mobile/15E148 Safari/604.1"
144.76.32.238 - - [17/Jan/2026:00:53:12 +0800] "GET /robots.txt HTTP/1.1" 200 69 "-" "Mozilla/5.0 (compatible; SERankingBacklinksBot/1.0; +https://seranking.com/backlinks-crawler)"
144.76.32.238 - - [17/Jan/2026:00:53:13 +0800] "GET /sitemap.xml HTTP/1.1" 301 - "-" "Mozilla/5.0 (compatible; SERankingBacklinksBot/1.0; +https://seranking.com/backlinks-crawler)"
144.76.32.238 - - [17/Jan/2026:00:53:14 +0800] "GET /robots.txt HTTP/1.1" 200 69 "-" "Mozilla/5.0 (compatible; SERankingBacklinksBot/1.0; +https://seranking.com/backlinks-crawler)"
144.76.32.238 - - [17/Jan/2026:00:53:16 +0800] "GET /wp-sitemap.xml HTTP/1.1" 404 70797 "-" "Mozilla/5.0 (compatible; SERankingBacklinksBot/1.0; +https://seranking.com/backlinks-crawler)"
62.113.116.213 - - [17/Jan/2026:00:56:33 +0800] "GET /2023/02/27/hello-world/ HTTP/1.0" 200 78541 "https://expressinteriors.com/2023/02/27/hello-world/" "Mozilla/5.0 (Windows NT 10.0; Win64; x64) AppleWebKit/537.36 (KHTML, like Gecko) Chrome/129.0.0.0 Safari/537.36"
62.113.116.213 - - [17/Jan/2026:00:56:36 +0800] "POST /wp-comments-post.php HTTP/1.0" 302 - "https://expressinteriors.com/2023/02/27/hello-world/" "Mozilla/5.0 (Windows NT 10.0; Win64; x64) AppleWebKit/537.36 (KHTML, like Gecko) Chrome/129.0.0.0 Safari/537.36"
62.113.116.213 - - [17/Jan/2026:00:56:37 +0800] "GET /2023/02/27/hello-world/ HTTP/1.0" 200 81996 "https://expressinteriors.com/2023/02/27/hello-world/#comment-898" "Mozilla/5.0 (Windows NT 10.0; Win64; x64) AppleWebKit/537.36 (KHTML, like Gecko) Chrome/129.0.0.0 Safari/537.36"
163.237.217.11 - - [17/Jan/2026:00:59:44 +0800] "HEAD / HTTP/1.1" 301 - "-" "Mozilla/5.0"
103.4.122.14 - - [17/Jan/2026:01:33:23 +0800] "POST /wp-cron.php?doing_wp_cron=1768584802.9308800697326660156250 HTTP/1.1" 200 - "-" "WordPress/6.9; https://expressinteriors.com"
216.73.216.116 - - [17/Jan/2026:01:33:22 +0800] "GET /robots.txt HTTP/1.1" 200 69 "-" "Mozilla/5.0 AppleWebKit/537.36 (KHTML, like Gecko; compatible; ClaudeBot/1.0; +claudebot@anthropic.com)"
216.73.216.116 - - [17/Jan/2026:01:33:23 +0800] "GET /sitemap.xml HTTP/1.1" 301 - "-" "Mozilla/5.0 AppleWebKit/537.36 (KHTML, like Gecko; compatible; ClaudeBot/1.0; +claudebot@anthropic.com)"
216.73.216.116 - - [17/Jan/2026:01:33:24 +0800] "GET /wp-sitemap.xml HTTP/1.1" 404 70797 "https://expressinteriors.com/sitemap.xml" "Mozilla/5.0 AppleWebKit/537.36 (KHTML, like Gecko; compatible; ClaudeBot/1.0; +claudebot@anthropic.com)"
103.4.122.14 - - [17/Jan/2026:01:56:06 +0800] "POST /wp-cron.php?doing_wp_cron=1768586166.1788671016693115234375 HTTP/1.1" 200 - "-" "WordPress/6.9; https://expressinteriors.com"
144.76.32.238 - - [17/Jan/2026:01:56:05 +0800] "GET /robots.txt HTTP/1.1" 200 69 "-" "Mozilla/5.0 (compatible; SERankingBacklinksBot/1.0; +https://seranking.com/backlinks-crawler)"
144.76.32.238 - - [17/Jan/2026:01:56:07 +0800] "GET /sitemap.xml HTTP/1.1" 301 - "-" "Mozilla/5.0 (compatible; SERankingBacklinksBot/1.0; +https://seranking.com/backlinks-crawler)"
144.76.32.238 - - [17/Jan/2026:01:56:09 +0800] "GET /robots.txt HTTP/1.1" 200 69 "-" "Mozilla/5.0 (compatible; SERankingBacklinksBot/1.0; +https://seranking.com/backlinks-crawler)"
144.76.32.238 - - [17/Jan/2026:01:56:09 +0800] "GET /robots.txt HTTP/1.1" 200 69 "-" "Mozilla/5.0 (compatible; SERankingBacklinksBot/1.0; +https://seranking.com/backlinks-crawler)"
144.76.32.238 - - [17/Jan/2026:01:56:10 +0800] "GET /robots.txt HTTP/1.1" 200 69 "-" "Mozilla/5.0 (compatible; SERankingBacklinksBot/1.0; +https://seranking.com/backlinks-crawler)"
144.76.32.238 - - [17/Jan/2026:01:56:11 +0800] "GET /robots.txt HTTP/1.1" 200 69 "-" "Mozilla/5.0 (compatible; SERankingBacklinksBot/1.0; +https://seranking.com/backlinks-crawler)"
144.76.32.238 - - [17/Jan/2026:01:56:12 +0800] "GET /robots.txt HTTP/1.1" 200 69 "-" "Mozilla/5.0 (compatible; SERankingBacklinksBot/1.0; +https://seranking.com/backlinks-crawler)"
144.76.32.238 - - [17/Jan/2026:01:56:13 +0800] "GET /wp-sitemap.xml HTTP/1.1" 404 70797 "-" "Mozilla/5.0 (compatible; SERankingBacklinksBot/1.0; +https://seranking.com/backlinks-crawler)"
163.237.217.11 - - [17/Jan/2026:02:19:35 +0800] "HEAD / HTTP/1.1" 301 - "-" "Mozilla/5.0"
103.4.122.14 - - [17/Jan/2026:02:27:54 +0800] "POST /wp-cron.php?doing_wp_cron=1768588074.4190750122070312500000 HTTP/1.1" 200 - "-" "WordPress/6.9; https://expressinteriors.com"
54.39.0.34 - - [17/Jan/2026:02:27:53 +0800] "GET /robots.txt HTTP/1.1" 200 69 "-" "Mozilla/5.0 (compatible; AhrefsBot/7.0; +http://ahrefs.com/robot/)"
51.222.95.158 - - [17/Jan/2026:02:27:58 +0800] "GET / HTTP/1.1" 200 15140 "-" "Mozilla/5.0 (compatible; AhrefsBot/7.0; +http://ahrefs.com/robot/)"
54.161.235.194 - - [17/Jan/2026:02:49:51 +0800] "GET / HTTP/1.1" 301 - "-" "Mozilla/5.0 (Macintosh; Intel Mac OS X 10_8_0) AppleWebKit/536.3 (KHTML, like Gecko) Chrome/19.0.1063.0 Safari/536.3"
54.161.235.194 - - [17/Jan/2026:02:49:51 +0800] "GET / HTTP/1.1" 200 15140 "-" "Mozilla/5.0 (Macintosh; Intel Mac OS X 10_8_0) AppleWebKit/536.3 (KHTML, like Gecko) Chrome/19.0.1063.0 Safari/536.3"
49.51.203.164 - - [17/Jan/2026:03:11:37 +0800] "GET / HTTP/1.1" 403 199 "-" "Mozilla/5.0 (iPhone; CPU iPhone OS 13_2_3 like Mac OS X) AppleWebKit/605.1.15 (KHTML, like Gecko) Version/13.0.3 Mobile/15E148 Safari/604.1"
103.4.122.14 - - [17/Jan/2026:03:39:18 +0800] "POST /wp-cron.php?doing_wp_cron=1768592358.0323059558868408203125 HTTP/1.1" 200 - "-" "WordPress/6.9; https://expressinteriors.com"
103.4.122.14 - - [17/Jan/2026:03:39:18 +0800] "POST /wp-cron.php?doing_wp_cron=1768592358.3213279247283935546875 HTTP/1.1" 200 - "-" "WordPress/6.9; https://expressinteriors.com"
163.237.217.11 - - [17/Jan/2026:03:39:17 +0800] "HEAD / HTTP/1.1" 301 - "-" "Mozilla/5.0"
104.210.140.140 - - [17/Jan/2026:04:14:55 +0800] "GET /robots.txt HTTP/1.1" 301 - "-" "Mozilla/5.0 (Macintosh; Intel Mac OS X 10_15_7) AppleWebKit/537.36 (KHTML, like Gecko) Chrome/131.0.0.0 Safari/537.36; compatible; OAI-SearchBot/1.0; +https://openai.com/searchbot"
104.210.140.140 - - [17/Jan/2026:04:14:56 +0800] "GET /robots.txt HTTP/1.1" 200 69 "-" "Mozilla/5.0 (Macintosh; Intel Mac OS X 10_15_7) AppleWebKit/537.36 (KHTML, like Gecko) Chrome/131.0.0.0 Safari/537.36; compatible; OAI-SearchBot/1.0; +https://openai.com/searchbot"
93.158.91.242 - - [17/Jan/2026:04:18:35 +0800] "GET /robots.txt HTTP/1.1" 200 69 "-" "Mozilla/5.0 (Linux; Android 12; SAMSUNG SM-A415F) AppleWebKit/537.36 (KHTML, like Gecko) SamsungBrowser/23.0 Chrome/115.0.0.0 Mobile Safari/537.3"
93.158.91.250 - - [17/Jan/2026:04:18:37 +0800] "GET / HTTP/1.1" 301 - "-" "Mozilla/5.0 (Linux; Android 12; SAMSUNG SM-A415F) AppleWebKit/537.36 (KHTML, like Gecko) SamsungBrowser/23.0 Chrome/115.0.0.0 Mobile Safari/537.3"
93.158.92.11 - - [17/Jan/2026:04:18:39 +0800] "GET / HTTP/1.1" 200 15139 "http://expressinteriors.com/" "Mozilla/5.0 (Linux; Android 12; SAMSUNG SM-A415F) AppleWebKit/537.36 (KHTML, like Gecko) SamsungBrowser/23.0 Chrome/115.0.0.0 Mobile Safari/537.3"
103.4.122.14 - - [17/Jan/2026:04:58:39 +0800] "POST /wp-cron.php?doing_wp_cron=1768597119.0439910888671875000000 HTTP/1.1" 200 - "-" "WordPress/6.9; https://expressinteriors.com"
103.4.122.14 - - [17/Jan/2026:04:58:39 +0800] "POST /wp-cron.php?doing_wp_cron=1768597119.1998689174652099609375 HTTP/1.1" 200 - "-" "WordPress/6.9; https://expressinteriors.com"
163.237.217.11 - - [17/Jan/2026:04:58:38 +0800] "HEAD / HTTP/1.1" 301 - "-" "Mozilla/5.0"
193.26.115.129 - - [17/Jan/2026:05:16:20 +0800] "GET / HTTP/1.1" 301 - "-" "Mozilla/5.0 (Windows NT 10.0; Win64; x64) AppleWebKit/537.36 (KHTML, like Gecko) Chrome/93.0.4577.63 Safari/537.36"
193.26.115.129 - - [17/Jan/2026:05:16:22 +0800] "GET / HTTP/1.1" 200 15140 "-" "Mozilla/5.0 (Windows NT 10.0; Win64; x64) AppleWebKit/537.36 (KHTML, like Gecko) Chrome/93.0.4577.63 Safari/537.36"
193.26.115.129 - - [17/Jan/2026:05:16:23 +0800] "GET / HTTP/1.1" 200 15140 "-" "Mozilla/5.0 (Windows NT 10.0; Win64; x64) AppleWebKit/537.36 (KHTML, like Gecko) Chrome/93.0.4577.63 Safari/537.36"
193.26.115.129 - - [17/Jan/2026:05:16:25 +0800] "GET //contact HTTP/1.1" 301 - "-" "Mozilla/5.0 (Windows NT 10.0; Win64; x64) AppleWebKit/537.36 (KHTML, like Gecko) Chrome/93.0.4577.63 Safari/537.36"
193.26.115.129 - - [17/Jan/2026:05:16:26 +0800] "GET /contact HTTP/1.1" 404 65574 "-" "Mozilla/5.0 (Windows NT 10.0; Win64; x64) AppleWebKit/537.36 (KHTML, like Gecko) Chrome/93.0.4577.63 Safari/537.36"
103.4.122.14 - - [17/Jan/2026:06:11:55 +0800] "POST /wp-cron.php?doing_wp_cron=1768601515.3195679187774658203125 HTTP/1.1" 200 - "-" "WordPress/6.9; https://expressinteriors.com"
103.4.122.14 - - [17/Jan/2026:06:11:55 +0800] "POST /wp-cron.php?doing_wp_cron=1768601515.6007308959960937500000 HTTP/1.1" 200 - "-" "WordPress/6.9; https://expressinteriors.com"
163.237.217.11 - - [17/Jan/2026:06:11:54 +0800] "HEAD / HTTP/1.1" 301 - "-" "Mozilla/5.0"
136.114.177.142 - - [17/Jan/2026:06:15:57 +0800] "HEAD /wordpress/ HTTP/1.1" 404 - "-" "Mozilla/5.0 (iPhone; CPU iPhone OS 17_5 like Mac OS X) AppleWebKit/605.1.15 (KHTML, like Gecko) Version/17.5 Mobile/15E148 Safari/604.1"
136.114.177.142 - - [17/Jan/2026:06:15:58 +0800] "HEAD /old/ HTTP/1.1" 404 - "-" "Mozilla/5.0 (Macintosh; Intel Mac OS X 15_0) AppleWebKit/537.36 (KHTML, like Gecko) Chrome/125.0.6422.141 Safari/537.36"
136.114.177.142 - - [17/Jan/2026:06:15:59 +0800] "HEAD /backup/ HTTP/1.1" 404 - "-" "Mozilla/5.0 (Linux; Android 11; moto g31) AppleWebKit/537.36 (KHTML, like Gecko) Chrome/122.0.6261.96 Mobile Safari/537.36"
136.114.177.142 - - [17/Jan/2026:06:16:00 +0800] "HEAD /blog/ HTTP/1.1" 404 - "-" "Mozilla/5.0 (X11; Linux x86_64; rv:127.0) Gecko/20100101 Firefox/127.0"
136.114.177.142 - - [17/Jan/2026:06:16:00 +0800] "HEAD / HTTP/1.1" 301 - "-" "Mozilla/5.0 (Linux; Android 10; vivo 1904) AppleWebKit/537.36 (KHTML, like Gecko) Chrome/117.0.5938.60 Mobile Safari/537.36"
136.114.177.142 - - [17/Jan/2026:06:16:02 +0800] "HEAD / HTTP/1.1" 200 - "http://expressinteriors.com/" "Mozilla/5.0 (Linux; Android 10; vivo 1904) AppleWebKit/537.36 (KHTML, like Gecko) Chrome/117.0.5938.60 Mobile Safari/537.36"
136.114.177.142 - - [17/Jan/2026:06:16:02 +0800] "HEAD /wp/ HTTP/1.1" 404 - "-" "Mozilla/5.0 (Linux; Android 11; moto g31) AppleWebKit/537.36 (KHTML, like Gecko) Chrome/122.0.6261.96 Mobile Safari/537.36"
136.114.177.142 - - [17/Jan/2026:06:16:03 +0800] "HEAD /new/ HTTP/1.1" 404 - "-" "Mozilla/5.0 (Linux; Android 13; Infinix X688B) AppleWebKit/537.36 (KHTML, like Gecko) Chrome/124.0.6367.48 Mobile Safari/537.36"
103.4.122.14 - - [17/Jan/2026:06:28:41 +0800] "POST /wp-cron.php?doing_wp_cron=1768602521.1348750591278076171875 HTTP/1.1" 200 - "-" "WordPress/6.9; https://expressinteriors.com"
107.173.160.167 - - [17/Jan/2026:06:28:40 +0800] "GET / HTTP/1.1" 200 15140 "-" "Mozilla/5.0 (Windows NT 6.1; WOW64) AppleWebKit/537.36 (KHTML, like Gecko) Chrome/42.0.0.9895 Safari/537.36"
35.188.78.187 - - [17/Jan/2026:06:33:42 +0800] "GET / HTTP/1.1" 301 - "-" "Mozilla/5.0 (Macintosh; Intel Mac OS X 10_9_0) AppleWebKit/537.36 (KHTML, like Gecko) Chrome/32.0.1664.3 Safari/537.36"
35.188.78.187 - - [17/Jan/2026:06:33:44 +0800] "GET / HTTP/1.1" 200 15140 "-" "Mozilla/5.0 (Macintosh; Intel Mac OS X 10_9_0) AppleWebKit/537.36 (KHTML, like Gecko) Chrome/32.0.1664.3 Safari/537.36"
203.2.64.59 - - [17/Jan/2026:06:44:50 +0800] "GET / HTTP/1.1" 403 199 "-" "Mozilla/5.0 (iPhone; CPU iPhone OS 13_2_3 like Mac OS X) AppleWebKit/605.1.15 (KHTML, like Gecko) Version/13.0.3 Mobile/15E148 Safari/604.1"
103.4.122.14 - - [17/Jan/2026:07:15:39 +0800] "POST /wp-cron.php?doing_wp_cron=1768605339.1111381053924560546875 HTTP/1.1" 200 - "-" "WordPress/6.9; https://expressinteriors.com"
163.237.217.11 - - [17/Jan/2026:07:15:38 +0800] "HEAD / HTTP/1.1" 301 - "-" "Mozilla/5.0"
124.198.132.119 - - [17/Jan/2026:07:19:47 +0800] "GET / HTTP/1.1" 301 - "-" "Mozilla/5.0 (Windows NT 10.0; Win64; x64) AppleWebKit/537.36 (KHTML, like Gecko) Chrome/78.0.3904.108 Safari/537.36"
43.153.107.22 - - [17/Jan/2026:07:48:51 +0800] "GET / HTTP/1.1" 403 199 "-" "Mozilla/5.0 (iPhone; CPU iPhone OS 13_2_3 like Mac OS X) AppleWebKit/605.1.15 (KHTML, like Gecko) Version/13.0.3 Mobile/15E148 Safari/604.1"
103.4.122.14 - - [17/Jan/2026:07:50:27 +0800] "POST /wp-cron.php?doing_wp_cron=1768607426.9977331161499023437500 HTTP/1.1" 200 - "-" "WordPress/6.9; https://expressinteriors.com"
44.195.145.102 - - [17/Jan/2026:07:50:26 +0800] "GET /author/acs/feed/ HTTP/1.1" 200 749 "-" "Mozilla/5.0 AppleWebKit/537.36 (KHTML, like Gecko; compatible; Amazonbot/0.1; +https://developer.amazon.com/support/amazonbot) Chrome/119.0.6045.214 Safari/537.36"
103.4.122.14 - - [17/Jan/2026:08:17:59 +0800] "POST /wp-cron.php?doing_wp_cron=1768609079.1040349006652832031250 HTTP/1.1" 200 - "-" "WordPress/6.9; https://expressinteriors.com"
103.4.122.14 - - [17/Jan/2026:08:17:59 +0800] "POST /wp-cron.php?doing_wp_cron=1768609079.5390660762786865234375 HTTP/1.1" 200 - "-" "WordPress/6.9; https://expressinteriors.com"
40.77.167.187 - - [17/Jan/2026:08:17:58 +0800] "GET /robots.txt HTTP/1.1" 200 69 "-" "Mozilla/5.0 AppleWebKit/537.36 (KHTML, like Gecko; compatible; bingbot/2.0; +http://www.bing.com/bingbot.htm) Chrome/116.0.1938.76 Safari/537.36"
52.167.144.171 - - [17/Jan/2026:08:18:06 +0800] "GET / HTTP/1.1" 200 15140 "-" "Mozilla/5.0 AppleWebKit/537.36 (KHTML, like Gecko; compatible; bingbot/2.0; +http://www.bing.com/bingbot.htm) Chrome/116.0.1938.76 Safari/537.36"
103.4.122.14 - - [17/Jan/2026:08:22:28 +0800] "POST /wp-cron.php?doing_wp_cron=1768609348.9556319713592529296875 HTTP/1.1" 200 - "-" "WordPress/6.9; https://expressinteriors.com"
163.237.217.11 - - [17/Jan/2026:08:22:28 +0800] "HEAD / HTTP/1.1" 301 - "-" "Mozilla/5.0"
173.252.95.112 - - [17/Jan/2026:08:34:56 +0800] "GET /robots.txt HTTP/1.1" 200 67 "-" "facebookexternalhit/1.1 (+http://www.facebook.com/externalhit_uatext.php)"
104.210.140.133 - - [17/Jan/2026:09:05:05 +0800] "GET /robots.txt HTTP/1.1" 200 69 "-" "Mozilla/5.0 (Macintosh; Intel Mac OS X 10_15_7) AppleWebKit/537.36 (KHTML, like Gecko) Chrome/131.0.0.0 Safari/537.36; compatible; OAI-SearchBot/1.0; +https://openai.com/searchbot"
45.61.134.81 - - [17/Jan/2026:09:17:13 +0800] "GET /wp-content/plugins/wpdirectorykit/public/js/wdk-dependfields-submitform.js HTTP/1.1" 404 65574 "-" "Mozilla/5.0 (X11; Linux x86_64; rv:109.0) Gecko/20100101 Firefox/117.0"
45.61.134.81 - - [17/Jan/2026:09:17:15 +0800] "GET /wp-content/plugins/wpdirectorykit/README.txt HTTP/1.1" 404 65574 "-" "Mozilla/5.0 (Macintosh; Intel Mac OS X 10_14_6) AppleWebKit/605.1.15 (KHTML, like Gecko) Version/12.1.2 Safari/605.1.15"
103.4.122.14 - - [17/Jan/2026:09:41:13 +0800] "POST /wp-cron.php?doing_wp_cron=1768614073.3264739513397216796875 HTTP/1.1" 200 - "-" "WordPress/6.9; https://expressinteriors.com"
103.4.122.14 - - [17/Jan/2026:09:41:13 +0800] "POST /wp-cron.php?doing_wp_cron=1768614073.6112020015716552734375 HTTP/1.1" 200 - "-" "WordPress/6.9; https://expressinteriors.com"
163.237.217.11 - - [17/Jan/2026:09:41:12 +0800] "HEAD / HTTP/1.1" 301 - "-" "Mozilla/5.0"
15.235.27.69 - - [17/Jan/2026:09:42:17 +0800] "GET / HTTP/1.1" 200 15140 "-" "Mozilla/5.0 (compatible; AhrefsBot/7.0; +http://ahrefs.com/robot/)"
124.198.131.235 - - [17/Jan/2026:09:45:12 +0800] "GET / HTTP/1.1" 301 - "-" "Mozilla/5.0 (Windows NT 10.0; Win64; x64) AppleWebKit/537.36 (KHTML, like Gecko) Chrome/93.0.4577.63 Safari/537.36"
124.198.131.235 - - [17/Jan/2026:09:45:13 +0800] "GET / HTTP/1.1" 200 15140 "-" "Mozilla/5.0 (Windows NT 10.0; Win64; x64) AppleWebKit/537.36 (KHTML, like Gecko) Chrome/93.0.4577.63 Safari/537.36"
124.198.131.235 - - [17/Jan/2026:09:45:15 +0800] "GET / HTTP/1.1" 200 15140 "-" "Mozilla/5.0 (Windows NT 10.0; Win64; x64) AppleWebKit/537.36 (KHTML, like Gecko) Chrome/93.0.4577.63 Safari/537.36"
124.198.131.235 - - [17/Jan/2026:09:45:17 +0800] "GET //contact HTTP/1.1" 301 - "-" "Mozilla/5.0 (Windows NT 10.0; Win64; x64) AppleWebKit/537.36 (KHTML, like Gecko) Chrome/93.0.4577.63 Safari/537.36"
124.198.131.235 - - [17/Jan/2026:09:45:18 +0800] "GET /contact HTTP/1.1" 404 65574 "-" "Mozilla/5.0 (Windows NT 10.0; Win64; x64) AppleWebKit/537.36 (KHTML, like Gecko) Chrome/93.0.4577.63 Safari/537.36"
103.4.122.14 - - [17/Jan/2026:11:00:25 +0800] "POST /wp-cron.php?doing_wp_cron=1768618825.0576889514923095703125 HTTP/1.1" 200 - "-" "WordPress/6.9; https://expressinteriors.com"
103.4.122.14 - - [17/Jan/2026:11:00:25 +0800] "POST /wp-cron.php?doing_wp_cron=1768618825.3391869068145751953125 HTTP/1.1" 200 - "-" "WordPress/6.9; https://expressinteriors.com"
163.237.217.11 - - [17/Jan/2026:11:00:24 +0800] "HEAD / HTTP/1.1" 301 - "-" "Mozilla/5.0"
103.4.122.14 - - [17/Jan/2026:12:19:26 +0800] "POST /wp-cron.php?doing_wp_cron=1768623566.3739070892333984375000 HTTP/1.1" 200 - "-" "WordPress/6.9; https://expressinteriors.com"
103.4.122.14 - - [17/Jan/2026:12:19:26 +0800] "POST /wp-cron.php?doing_wp_cron=1768623566.5258800983428955078125 HTTP/1.1" 200 - "-" "WordPress/6.9; https://expressinteriors.com"
163.237.217.11 - - [17/Jan/2026:12:19:25 +0800] "HEAD / HTTP/1.1" 301 - "-" "Mozilla/5.0"
103.4.122.14 - - [17/Jan/2026:12:53:15 +0800] "POST /wp-cron.php?doing_wp_cron=1768625594.7654259204864501953125 HTTP/1.1" 200 - "-" "WordPress/6.9; https://expressinteriors.com"
3.94.157.25 - - [17/Jan/2026:12:53:14 +0800] "GET /wp-json/wp/v2/categories/1 HTTP/1.1" 200 668 "-" "Mozilla/5.0 AppleWebKit/537.36 (KHTML, like Gecko; compatible; Amazonbot/0.1; +https://developer.amazon.com/support/amazonbot) Chrome/119.0.6045.214 Safari/537.36"
17.241.219.88 - - [17/Jan/2026:13:19:01 +0800] "GET /robots.txt HTTP/1.1" 200 69 "-" "Mozilla/5.0 (Macintosh; Intel Mac OS X 10_15_7) AppleWebKit/605.1.15 (KHTML, like Gecko) Version/17.4 Safari/605.1.15 (Applebot/0.1; +http://www.apple.com/go/applebot)"
17.241.219.88 - - [17/Jan/2026:13:19:02 +0800] "GET / HTTP/1.1" 301 - "-" "Mozilla/5.0 (Macintosh; Intel Mac OS X 10_15_7) AppleWebKit/605.1.15 (KHTML, like Gecko) Version/17.4 Safari/605.1.15 (Applebot/0.1; +http://www.apple.com/go/applebot)"
17.241.75.71 - - [17/Jan/2026:13:19:04 +0800] "GET / HTTP/1.1" 200 15140 "-" "Mozilla/5.0 (Macintosh; Intel Mac OS X 10_15_7) AppleWebKit/605.1.15 (KHTML, like Gecko) Version/17.4 Safari/605.1.15 (Applebot/0.1; +http://www.apple.com/go/applebot)"
17.241.75.71 - - [17/Jan/2026:13:19:05 +0800] "GET /robots.txt HTTP/1.1" 200 69 "-" "Mozilla/5.0 (Macintosh; Intel Mac OS X 10_15_7) AppleWebKit/605.1.15 (KHTML, like Gecko) Version/17.4 Safari/605.1.15 (Applebot/0.1; +http://www.apple.com/go/applebot)"
17.241.75.71 - - [17/Jan/2026:13:19:06 +0800] "GET /robots.txt HTTP/1.1" 200 69 "-" "Mozilla/5.0 (Macintosh; Intel Mac OS X 10_15_7) AppleWebKit/605.1.15 (KHTML, like Gecko) Version/17.4 Safari/605.1.15 (Applebot/0.1; +http://www.apple.com/go/applebot)"
17.241.75.71 - - [17/Jan/2026:13:19:08 +0800] "GET /robots.txt HTTP/1.1" 200 69 "-" "Mozilla/5.0 (Macintosh; Intel Mac OS X 10_15_7) AppleWebKit/605.1.15 (KHTML, like Gecko) Version/17.4 Safari/605.1.15 (Applebot/0.1; +http://www.apple.com/go/applebot)"
17.241.75.71 - - [17/Jan/2026:13:19:09 +0800] "GET /robots.txt HTTP/1.1" 200 69 "-" "Mozilla/5.0 (Macintosh; Intel Mac OS X 10_15_7) AppleWebKit/605.1.15 (KHTML, like Gecko) Version/17.4 Safari/605.1.15 (Applebot/0.1; +http://www.apple.com/go/applebot)"
17.241.75.71 - - [17/Jan/2026:13:19:11 +0800] "GET /robots.txt HTTP/1.1" 200 69 "-" "Mozilla/5.0 (Macintosh; Intel Mac OS X 10_15_7) AppleWebKit/605.1.15 (KHTML, like Gecko) Version/17.4 Safari/605.1.15 (Applebot/0.1; +http://www.apple.com/go/applebot)"
17.241.75.71 - - [17/Jan/2026:13:19:12 +0800] "GET /robots.txt HTTP/1.1" 200 69 "-" "Mozilla/5.0 (Macintosh; Intel Mac OS X 10_15_7) AppleWebKit/605.1.15 (KHTML, like Gecko) Version/17.4 Safari/605.1.15 (Applebot/0.1; +http://www.apple.com/go/applebot)"
17.241.75.71 - - [17/Jan/2026:13:19:14 +0800] "GET /robots.txt HTTP/1.1" 200 69 "-" "Mozilla/5.0 (Macintosh; Intel Mac OS X 10_15_7) AppleWebKit/605.1.15 (KHTML, like Gecko) Version/17.4 Safari/605.1.15 (Applebot/0.1; +http://www.apple.com/go/applebot)"
17.241.227.187 - - [17/Jan/2026:13:25:34 +0800] "GET /wp-content/themes/astra/assets/css/minified/main.min.css?ver=4.0.2 HTTP/1.1" 200 8034 "https://expressinteriors.com/" "Mozilla/5.0 (Macintosh; Intel Mac OS X 10_15_7) AppleWebKit/605.1.15 (KHTML, like Gecko) Version/17.4 Safari/605.1.15 (Applebot/0.1; +http://www.apple.com/go/applebot)"
17.241.227.128 - - [17/Jan/2026:13:25:36 +0800] "GET /wp-content/plugins/contact-form-7/includes/css/styles.css?ver=5.7.4 HTTP/1.1" 200 1004 "https://expressinteriors.com/" "Mozilla/5.0 (Macintosh; Intel Mac OS X 10_15_7) AppleWebKit/605.1.15 (KHTML, like Gecko) Version/17.4 Safari/605.1.15 (Applebot/0.1; +http://www.apple.com/go/applebot)"
17.241.227.58 - - [17/Jan/2026:13:25:37 +0800] "GET /wp-includes/css/dist/block-library/style.min.css?ver=6.9 HTTP/1.1" 200 15951 "https://expressinteriors.com/" "Mozilla/5.0 (Macintosh; Intel Mac OS X 10_15_7) AppleWebKit/605.1.15 (KHTML, like Gecko) Version/17.4 Safari/605.1.15 (Applebot/0.1; +http://www.apple.com/go/applebot)"
17.241.227.43 - - [17/Jan/2026:13:25:39 +0800] "GET /wp-content/plugins/elementor/assets/lib/eicons/css/elementor-icons.min.css?ver=5.18.0 HTTP/1.1" 200 3977 "https://expressinteriors.com/" "Mozilla/5.0 (Macintosh; Intel Mac OS X 10_15_7) AppleWebKit/605.1.15 (KHTML, like Gecko) Version/17.4 Safari/605.1.15 (Applebot/0.1; +http://www.apple.com/go/applebot)"
17.241.75.32 - - [17/Jan/2026:13:25:40 +0800] "GET /wp-content/themes/astra/assets/css/minified/compatibility/contact-form-7-main.min.css?ver=4.0.2 HTTP/1.1" 200 424 "https://expressinteriors.com/" "Mozilla/5.0 (Macintosh; Intel Mac OS X 10_15_7) AppleWebKit/605.1.15 (KHTML, like Gecko) Version/17.4 Safari/605.1.15 (Applebot/0.1; +http://www.apple.com/go/applebot)"
17.241.227.182 - - [17/Jan/2026:13:25:42 +0800] "GET /wp-content/uploads/useanyfont/uaf.css?ver=1677478928 HTTP/1.1" 200 199 "https://expressinteriors.com/" "Mozilla/5.0 (Macintosh; Intel Mac OS X 10_15_7) AppleWebKit/605.1.15 (KHTML, like Gecko) Version/17.4 Safari/605.1.15 (Applebot/0.1; +http://www.apple.com/go/applebot)"
17.241.219.203 - - [17/Jan/2026:13:25:43 +0800] "GET /wp-content/plugins/elementor/assets/css/frontend-lite.min.css?ver=3.11.2 HTTP/1.1" 200 11874 "https://expressinteriors.com/" "Mozilla/5.0 (Macintosh; Intel Mac OS X 10_15_7) AppleWebKit/605.1.15 (KHTML, like Gecko) Version/17.4 Safari/605.1.15 (Applebot/0.1; +http://www.apple.com/go/applebot)"
17.241.227.137 - - [17/Jan/2026:13:25:45 +0800] "GET /wp-content/plugins/elementor/assets/lib/swiper/v8/css/swiper.min.css?ver=8.4.5 HTTP/1.1" 200 4583 "https://expressinteriors.com/" "Mozilla/5.0 (Macintosh; Intel Mac OS X 10_15_7) AppleWebKit/605.1.15 (KHTML, like Gecko) Version/17.4 Safari/605.1.15 (Applebot/0.1; +http://www.apple.com/go/applebot)"
17.241.75.103 - - [17/Jan/2026:13:25:46 +0800] "GET /wp-content/uploads/elementor/css/post-5.css?ver=1677475972 HTTP/1.1" 200 356 "https://expressinteriors.com/" "Mozilla/5.0 (Macintosh; Intel Mac OS X 10_15_7) AppleWebKit/605.1.15 (KHTML, like Gecko) Version/17.4 Safari/605.1.15 (Applebot/0.1; +http://www.apple.com/go/applebot)"
