74.7.242.39 - - [20/Jan/2026:20:21:24 +0800] "GET / HTTP/1.1" 200 15140 "-" "Mozilla/5.0 AppleWebKit/537.36 (KHTML, like Gecko; compatible; GPTBot/1.3; +https://openai.com/gptbot)"
74.7.244.9 - - [20/Jan/2026:20:21:29 +0800] "GET /robots.txt HTTP/1.1" 200 69 "-" "Mozilla/5.0 (Macintosh; Intel Mac OS X 10_15_7) AppleWebKit/537.36 (KHTML, like Gecko) Chrome/131.0.0.0 Safari/537.36; compatible; OAI-SearchBot/1.3; robots.txt; +https://openai.com/searchbot"
156.245.246.168 - - [20/Jan/2026:20:47:39 +0800] "GET /index.php?rest_route=/wp/v2/posts&per_page=100&_fields=id%2Ccomment_status&page=1 HTTP/1.1" 200 34 "https://expressinteriors.com" "Mozilla/5.0 (iPhone; CPU iPhone OS 18_3_2 like Mac OS X) AppleWebKit/605.1.15 (KHTML, like Gecko) Version/18.3.1 Mobile/15E148 Safari/604.1"
223.15.245.170 - - [20/Jan/2026:21:18:11 +0800] "GET / HTTP/1.1" 403 199 "-" "Mozilla/5.0 (iPhone; CPU iPhone OS 13_2_3 like Mac OS X) AppleWebKit/605.1.15 (KHTML, like Gecko) Version/13.0.3 Mobile/15E148 Safari/604.1"
103.4.122.14 - - [20/Jan/2026:21:38:01 +0800] "POST /wp-cron.php?doing_wp_cron=1768916281.6986100673675537109375 HTTP/1.1" 200 - "-" "WordPress/6.9; https://expressinteriors.com"
103.4.122.14 - - [20/Jan/2026:21:38:01 +0800] "POST /wp-cron.php?doing_wp_cron=1768916281.8515720367431640625000 HTTP/1.1" 200 - "-" "WordPress/6.9; https://expressinteriors.com"
5.39.1.249 - - [20/Jan/2026:21:38:01 +0800] "GET /robots.txt HTTP/1.1" 301 - "-" "Mozilla/5.0 (compatible; AhrefsBot/7.0; +http://ahrefs.com/robot/)"
5.39.1.249 - - [20/Jan/2026:21:38:03 +0800] "GET /robots.txt HTTP/1.1" 200 69 "-" "Mozilla/5.0 (compatible; AhrefsBot/7.0; +http://ahrefs.com/robot/)"
198.244.240.25 - - [20/Jan/2026:21:38:07 +0800] "GET / HTTP/1.1" 301 - "-" "Mozilla/5.0 (compatible; AhrefsBot/7.0; +http://ahrefs.com/robot/)"
163.237.217.11 - - [20/Jan/2026:21:45:06 +0800] "HEAD / HTTP/1.1" 301 - "-" "Mozilla/5.0"
142.252.152.149 - - [20/Jan/2026:22:06:10 +0800] "GET / HTTP/1.1" 200 15140 "-" "Mozilla/5.0 (Windows NT 10.0; Win64; x64) AppleWebKit/537.36 (KHTML, like Gecko) Chrome/105.0.0.0 Safari/537.36"
103.4.122.14 - - [20/Jan/2026:22:35:12 +0800] "POST /wp-cron.php?doing_wp_cron=1768919711.6113820075988769531250 HTTP/1.1" 200 - "-" "WordPress/6.9; https://expressinteriors.com"
123.60.129.121 - - [20/Jan/2026:22:35:10 +0800] "GET /wp-login.php HTTP/1.1" 200 2052 "-" "Mozilla/5.0 (Windows NT 10.0; Win64; x64) AppleWebKit/537.36 (KHTML, like Gecko) Chrome/80.0.3987.149 Safari/537.36"
103.4.122.14 - - [20/Jan/2026:23:10:18 +0800] "POST /wp-cron.php?doing_wp_cron=1768921818.5119700431823730468750 HTTP/1.1" 200 - "-" "WordPress/6.9; https://expressinteriors.com"
163.237.217.11 - - [20/Jan/2026:23:10:17 +0800] "HEAD / HTTP/1.1" 301 - "-" "Mozilla/5.0"
66.249.66.7 - - [20/Jan/2026:23:19:54 +0800] "GET /robots.txt HTTP/1.1" 301 - "-" "Mozilla/5.0 (compatible; Googlebot/2.1; +http://www.google.com/bot.html)"
66.249.79.8 - - [20/Jan/2026:23:19:56 +0800] "GET /robots.txt HTTP/1.1" 200 69 "-" "Mozilla/5.0 (compatible; Googlebot/2.1; +http://www.google.com/bot.html)"
103.4.122.14 - - [20/Jan/2026:23:23:11 +0800] "POST /wp-cron.php?doing_wp_cron=1768922591.4033110141754150390625 HTTP/1.1" 200 - "-" "WordPress/6.9; https://expressinteriors.com"
66.249.66.77 - - [20/Jan/2026:23:23:10 +0800] "GET /robots.txt HTTP/1.1" 301 - "-" "Mozilla/5.0 (compatible; Googlebot/2.1; +http://www.google.com/bot.html)"
66.249.79.2 - - [20/Jan/2026:23:23:11 +0800] "GET /robots.txt HTTP/1.1" 200 69 "-" "Mozilla/5.0 (compatible; Googlebot/2.1; +http://www.google.com/bot.html)"
93.171.157.249 - - [20/Jan/2026:23:24:50 +0800] "GET //wp-json/wp/v2/posts HTTP/1.0" 200 2439 "-" "Mozilla/5.0 (Windows NT 10.0; Win64; x64) AppleWebKit/537.36 (KHTML, like Gecko) Chrome/120.0.0.0 Safari/537.36"
124.156.157.91 - - [20/Jan/2026:23:35:57 +0800] "GET / HTTP/1.1" 403 199 "-" "Mozilla/5.0 (iPhone; CPU iPhone OS 13_2_3 like Mac OS X) AppleWebKit/605.1.15 (KHTML, like Gecko) Version/13.0.3 Mobile/15E148 Safari/604.1"
103.4.122.14 - - [21/Jan/2026:00:13:36 +0800] "POST /wp-cron.php?doing_wp_cron=1768925615.7506289482116699218750 HTTP/1.1" 200 - "-" "WordPress/6.9; https://expressinteriors.com"
74.7.175.158 - - [21/Jan/2026:00:13:35 +0800] "GET /robots.txt HTTP/1.1" 301 - "-" "Mozilla/5.0 (Macintosh; Intel Mac OS X 10_15_7) AppleWebKit/537.36 (KHTML, like Gecko) Chrome/131.0.0.0 Safari/537.36; compatible; OAI-SearchBot/1.3; robots.txt; +https://openai.com/searchbot"
74.7.175.158 - - [21/Jan/2026:00:13:36 +0800] "GET /robots.txt HTTP/1.1" 200 69 "https://www.expressinteriors.com/robots.txt" "Mozilla/5.0 (Macintosh; Intel Mac OS X 10_15_7) AppleWebKit/537.36 (KHTML, like Gecko) Chrome/131.0.0.0 Safari/537.36; compatible; OAI-SearchBot/1.3; robots.txt; +https://openai.com/searchbot"
74.7.243.212 - - [21/Jan/2026:00:13:38 +0800] "GET / HTTP/1.1" 301 - "-" "Mozilla/5.0 AppleWebKit/537.36 (KHTML, like Gecko; compatible; GPTBot/1.3; +https://openai.com/gptbot)"
103.4.122.14 - - [21/Jan/2026:00:23:30 +0800] "POST /wp-cron.php?doing_wp_cron=1768926209.4670391082763671875000 HTTP/1.1" 200 - "-" "WordPress/6.9; https://expressinteriors.com"
104.210.140.133 - - [21/Jan/2026:00:23:28 +0800] "GET /robots.txt HTTP/1.1" 301 - "-" "Mozilla/5.0 (Macintosh; Intel Mac OS X 10_15_7) AppleWebKit/537.36 (KHTML, like Gecko) Chrome/131.0.0.0 Safari/537.36; compatible; OAI-SearchBot/1.0; +https://openai.com/searchbot"
104.210.140.133 - - [21/Jan/2026:00:23:33 +0800] "GET /robots.txt HTTP/1.1" 200 69 "-" "Mozilla/5.0 (Macintosh; Intel Mac OS X 10_15_7) AppleWebKit/537.36 (KHTML, like Gecko) Chrome/131.0.0.0 Safari/537.36; compatible; OAI-SearchBot/1.0; +https://openai.com/searchbot"
163.237.217.11 - - [21/Jan/2026:00:36:30 +0800] "HEAD / HTTP/1.1" 301 - "-" "Mozilla/5.0"
4.217.181.220 - - [21/Jan/2026:00:38:52 +0800] "GET /aa.php HTTP/1.1" 404 65574 "-" "Mozilla/5.0 (Windows NT 10.0; Win64; x64) AppleWebKit/537.36 (KHTML, like Gecko) Chrome/120.0.0.0 Safari/537.36"
4.217.181.220 - - [21/Jan/2026:00:38:53 +0800] "GET /about.php HTTP/1.1" 404 65574 "-" "Mozilla/5.0 (Windows NT 10.0; Win64; x64) AppleWebKit/537.36 (KHTML, like Gecko) Chrome/120.0.0.0 Safari/537.36"
4.217.181.220 - - [21/Jan/2026:00:38:54 +0800] "GET /adminfuns.php HTTP/1.1" 404 65574 "-" "Mozilla/5.0 (Windows NT 10.0; Win64; x64) AppleWebKit/537.36 (KHTML, like Gecko) Chrome/120.0.0.0 Safari/537.36"
4.217.181.220 - - [21/Jan/2026:00:38:55 +0800] "GET /bolt.php HTTP/1.1" 404 65574 "-" "Mozilla/5.0 (Windows NT 10.0; Win64; x64) AppleWebKit/537.36 (KHTML, like Gecko) Chrome/120.0.0.0 Safari/537.36"
4.217.181.220 - - [21/Jan/2026:00:38:55 +0800] "GET /buy.php HTTP/1.1" 404 65574 "-" "Mozilla/5.0 (Windows NT 10.0; Win64; x64) AppleWebKit/537.36 (KHTML, like Gecko) Chrome/120.0.0.0 Safari/537.36"
4.217.181.220 - - [21/Jan/2026:00:38:56 +0800] "GET /deepseek_d.php HTTP/1.1" 404 65574 "-" "Mozilla/5.0 (Windows NT 10.0; Win64; x64) AppleWebKit/537.36 (KHTML, like Gecko) Chrome/120.0.0.0 Safari/537.36"
4.217.181.220 - - [21/Jan/2026:00:38:57 +0800] "GET /file.php HTTP/1.1" 404 65574 "-" "Mozilla/5.0 (Windows NT 10.0; Win64; x64) AppleWebKit/537.36 (KHTML, like Gecko) Chrome/120.0.0.0 Safari/537.36"
4.217.181.220 - - [21/Jan/2026:00:38:57 +0800] "GET /ioxi-o.php HTTP/1.1" 404 65574 "-" "Mozilla/5.0 (Windows NT 10.0; Win64; x64) AppleWebKit/537.36 (KHTML, like Gecko) Chrome/120.0.0.0 Safari/537.36"
4.217.181.220 - - [21/Jan/2026:00:38:58 +0800] "GET /modules/ HTTP/1.1" 404 65574 "-" "Mozilla/5.0 (Windows NT 10.0; Win64; x64) AppleWebKit/537.36 (KHTML, like Gecko) Chrome/120.0.0.0 Safari/537.36"
4.217.181.220 - - [21/Jan/2026:00:38:59 +0800] "GET /test1.php HTTP/1.1" 404 65574 "-" "Mozilla/5.0 (Windows NT 10.0; Win64; x64) AppleWebKit/537.36 (KHTML, like Gecko) Chrome/120.0.0.0 Safari/537.36"
4.217.181.220 - - [21/Jan/2026:00:39:00 +0800] "GET /elp.php HTTP/1.1" 404 65574 "-" "Mozilla/5.0 (Windows NT 10.0; Win64; x64) AppleWebKit/537.36 (KHTML, like Gecko) Chrome/120.0.0.0 Safari/537.36"
4.217.181.220 - - [21/Jan/2026:00:39:01 +0800] "GET /wp-admin/images/ HTTP/1.1" 403 199 "-" "Mozilla/5.0 (Windows NT 10.0; Win64; x64) AppleWebKit/537.36 (KHTML, like Gecko) Chrome/120.0.0.0 Safari/537.36"
4.217.181.220 - - [21/Jan/2026:00:39:01 +0800] "GET /wp-admin/images/ HTTP/1.1" 403 199 "-" "Mozilla/5.0 (Windows NT 10.0; Win64; x64) AppleWebKit/537.36 (KHTML, like Gecko) Chrome/120.0.0.0 Safari/537.36"
4.217.181.220 - - [21/Jan/2026:00:39:02 +0800] "GET /wp-admin/images/ HTTP/1.1" 403 199 "-" "Mozilla/5.0 (Windows NT 10.0; Win64; x64) AppleWebKit/537.36 (KHTML, like Gecko) Chrome/120.0.0.0 Safari/537.36"
4.217.181.220 - - [21/Jan/2026:00:39:02 +0800] "GET /wp-admin/images/ HTTP/1.1" 403 199 "-" "Mozilla/5.0 (Windows NT 10.0; Win64; x64) AppleWebKit/537.36 (KHTML, like Gecko) Chrome/120.0.0.0 Safari/537.36"
103.4.122.14 - - [21/Jan/2026:01:27:30 +0800] "POST /wp-cron.php?doing_wp_cron=1768930050.0258738994598388671875 HTTP/1.1" 200 - "-" "WordPress/6.9; https://expressinteriors.com"
103.4.122.14 - - [21/Jan/2026:01:27:30 +0800] "POST /wp-cron.php?doing_wp_cron=1768930050.0799651145935058593750 HTTP/1.1" 200 - "-" "WordPress/6.9; https://expressinteriors.com"
54.91.255.54 - - [21/Jan/2026:01:27:29 +0800] "GET / HTTP/1.1" 301 - "-" "Mozilla/5.0 (Linux; Android 5.0; SM-G900P Build/LRX21T) AppleWebKit/537.36 (KHTML, like Gecko) Chrome/88.0.4324.96 Mobile Safari/537.36"
54.91.255.54 - - [21/Jan/2026:01:27:29 +0800] "GET / HTTP/1.1" 200 15139 "-" "Mozilla/5.0 (Linux; Android 10; M2006C3LII) AppleWebKit/537.36 (KHTML, like Gecko) Chrome/101.0.4951.61 Mobile Safari/537.36"
163.237.217.11 - - [21/Jan/2026:02:03:15 +0800] "GET / HTTP/1.1" 403 199 "-" "Go-http-client/1.1"
44.209.91.104 - - [21/Jan/2026:02:15:15 +0800] "HEAD / HTTP/1.1" 200 - "-" "Apache-HttpClient/4.5.13 (Java/17.0.15)"
44.209.91.104 - - [21/Jan/2026:02:15:13 +0800] "HEAD / HTTP/1.1" 301 - "-" "Apache-HttpClient/4.5.13 (Java/17.0.15)"
103.4.122.14 - - [21/Jan/2026:02:33:05 +0800] "POST /wp-cron.php?doing_wp_cron=1768933985.5803790092468261718750 HTTP/1.1" 200 - "-" "WordPress/6.9; https://expressinteriors.com"
103.4.122.14 - - [21/Jan/2026:02:33:05 +0800] "POST /wp-cron.php?doing_wp_cron=1768933985.7373540401458740234375 HTTP/1.1" 200 - "-" "WordPress/6.9; https://expressinteriors.com"
69.171.231.23 - - [21/Jan/2026:02:33:04 +0800] "GET /robots.txt HTTP/1.1" 200 67 "-" "facebookexternalhit/1.1 (+http://www.facebook.com/externalhit_uatext.php)"
103.4.122.14 - - [21/Jan/2026:03:40:37 +0800] "POST /wp-cron.php?doing_wp_cron=1768938037.5471320152282714843750 HTTP/1.1" 200 - "-" "WordPress/6.9; https://expressinteriors.com"
103.4.122.14 - - [21/Jan/2026:03:40:38 +0800] "POST /wp-cron.php?doing_wp_cron=1768938038.0436699390411376953125 HTTP/1.1" 200 - "-" "WordPress/6.9; https://expressinteriors.com"
51.222.95.79 - - [21/Jan/2026:03:40:36 +0800] "GET /robots.txt HTTP/1.1" 200 69 "-" "Mozilla/5.0 (compatible; AhrefsBot/7.0; +http://ahrefs.com/robot/)"
54.39.136.234 - - [21/Jan/2026:03:40:42 +0800] "GET / HTTP/1.1" 200 15140 "-" "Mozilla/5.0 (compatible; AhrefsBot/7.0; +http://ahrefs.com/robot/)"
163.237.217.11 - - [21/Jan/2026:04:56:51 +0800] "GET / HTTP/1.1" 403 199 "-" "Go-http-client/1.1"
103.4.122.14 - - [21/Jan/2026:05:21:07 +0800] "POST /wp-cron.php?doing_wp_cron=1768944067.5220730304718017578125 HTTP/1.1" 200 - "-" "WordPress/6.9; https://expressinteriors.com"
103.4.122.14 - - [21/Jan/2026:05:21:08 +0800] "POST /wp-cron.php?doing_wp_cron=1768944067.8351640701293945312500 HTTP/1.1" 200 - "-" "WordPress/6.9; https://expressinteriors.com"
104.210.140.136 - - [21/Jan/2026:05:21:06 +0800] "GET /robots.txt HTTP/1.1" 200 69 "-" "Mozilla/5.0 (Macintosh; Intel Mac OS X 10_15_7) AppleWebKit/537.36 (KHTML, like Gecko) Chrome/131.0.0.0 Safari/537.36; compatible; OAI-SearchBot/1.0; +https://openai.com/searchbot"
103.65.236.149 - - [21/Jan/2026:06:03:49 +0800] "GET /sftp-config.json HTTP/1.1" 403 199 "-" "Mozilla/5.0 (Macintosh; Intel Mac OS X 10.15; rv:77.0) Gecko/20100101 Firefox/77.0"
103.65.236.149 - - [21/Jan/2026:06:03:49 +0800] "GET /.vscode/sftp.json HTTP/1.1" 403 199 "-" "Mozilla/5.0 (Macintosh; Intel Mac OS X 10.15; rv:77.0) Gecko/20100101 Firefox/77.0"
72.13.46.5 - - [21/Jan/2026:06:05:49 +0800] "GET /robots.txt HTTP/1.1" 301 - "-" "Mozilla/5.0 (compatible; ips-agent)"
72.13.46.5 - - [21/Jan/2026:06:05:51 +0800] "GET / HTTP/1.1" 301 - "-" "Mozilla/5.0 (compatible; ips-agent)"
72.13.46.5 - - [21/Jan/2026:06:05:52 +0800] "GET / HTTP/1.1" 200 15140 "-" "Mozilla/5.0 (compatible; ips-agent)"
103.4.122.14 - - [21/Jan/2026:06:22:08 +0800] "POST /wp-cron.php?doing_wp_cron=1768947728.6198070049285888671875 HTTP/1.1" 200 - "-" "WordPress/6.9; https://expressinteriors.com"
103.4.122.14 - - [21/Jan/2026:06:22:08 +0800] "POST /wp-cron.php?doing_wp_cron=1768947728.6761889457702636718750 HTTP/1.1" 200 - "-" "WordPress/6.9; https://expressinteriors.com"
89.110.109.74 - - [21/Jan/2026:06:22:07 +0800] "GET / HTTP/1.1" 301 - "-" "Mozilla/5.0 (Windows NT 10.0; Win64; x64) AppleWebKit/537.36 (KHTML, like Gecko) Chrome/120.0.0.0 Safari/537.36"
89.110.109.74 - - [21/Jan/2026:06:22:10 +0800] "GET / HTTP/1.1" 200 15140 "http://EXPRESSINTERIORS.COM" "Mozilla/5.0 (Windows NT 10.0; Win64; x64) AppleWebKit/537.36 (KHTML, like Gecko) Chrome/120.0.0.0 Safari/537.36"
163.237.217.11 - - [21/Jan/2026:06:23:46 +0800] "GET / HTTP/1.1" 403 199 "-" "Go-http-client/1.1"
20.196.90.228 - - [21/Jan/2026:06:31:44 +0800] "GET /.well-known/rk2.php HTTP/1.1" 404 65574 "-" "Mozilla/5.0 (Windows NT 10.0; Win64; x64) AppleWebKit/537.36 (KHTML, like Gecko) Chrome/120.0.0.0 Safari/537.36"
20.196.90.228 - - [21/Jan/2026:06:31:45 +0800] "GET /ioxi-o.php HTTP/1.1" 404 65574 "-" "Mozilla/5.0 (Windows NT 10.0; Win64; x64) AppleWebKit/537.36 (KHTML, like Gecko) Chrome/120.0.0.0 Safari/537.36"
20.196.90.228 - - [21/Jan/2026:06:31:47 +0800] "GET /0x.php HTTP/1.1" 404 65574 "-" "Mozilla/5.0 (Windows NT 10.0; Win64; x64) AppleWebKit/537.36 (KHTML, like Gecko) Chrome/120.0.0.0 Safari/537.36"
20.196.90.228 - - [21/Jan/2026:06:31:48 +0800] "GET /222.php HTTP/1.1" 404 65574 "-" "Mozilla/5.0 (Windows NT 10.0; Win64; x64) AppleWebKit/537.36 (KHTML, like Gecko) Chrome/120.0.0.0 Safari/537.36"
20.196.90.228 - - [21/Jan/2026:06:31:48 +0800] "GET /aa.php HTTP/1.1" 404 65574 "-" "Mozilla/5.0 (Windows NT 10.0; Win64; x64) AppleWebKit/537.36 (KHTML, like Gecko) Chrome/120.0.0.0 Safari/537.36"
20.196.90.228 - - [21/Jan/2026:06:31:49 +0800] "GET /abcd.php HTTP/1.1" 404 65574 "-" "Mozilla/5.0 (Windows NT 10.0; Win64; x64) AppleWebKit/537.36 (KHTML, like Gecko) Chrome/120.0.0.0 Safari/537.36"
20.196.90.228 - - [21/Jan/2026:06:31:51 +0800] "GET /admin.php HTTP/1.1" 404 65574 "-" "Mozilla/5.0 (Windows NT 10.0; Win64; x64) AppleWebKit/537.36 (KHTML, like Gecko) Chrome/120.0.0.0 Safari/537.36"
20.196.90.228 - - [21/Jan/2026:06:31:52 +0800] "GET /admin/controller/extension/extension/ HTTP/1.1" 404 65574 "-" "Mozilla/5.0 (Windows NT 10.0; Win64; x64) AppleWebKit/537.36 (KHTML, like Gecko) Chrome/120.0.0.0 Safari/537.36"
20.196.90.228 - - [21/Jan/2026:06:31:53 +0800] "GET /adminfuns.php HTTP/1.1" 404 65574 "-" "Mozilla/5.0 (Windows NT 10.0; Win64; x64) AppleWebKit/537.36 (KHTML, like Gecko) Chrome/120.0.0.0 Safari/537.36"
20.196.90.228 - - [21/Jan/2026:06:31:54 +0800] "GET /akc.php HTTP/1.1" 404 65574 "-" "Mozilla/5.0 (Windows NT 10.0; Win64; x64) AppleWebKit/537.36 (KHTML, like Gecko) Chrome/120.0.0.0 Safari/537.36"
20.196.90.228 - - [21/Jan/2026:06:31:55 +0800] "GET /buy.php HTTP/1.1" 404 65574 "-" "Mozilla/5.0 (Windows NT 10.0; Win64; x64) AppleWebKit/537.36 (KHTML, like Gecko) Chrome/120.0.0.0 Safari/537.36"
20.196.90.228 - - [21/Jan/2026:06:31:55 +0800] "GET /cong.php HTTP/1.1" 403 199 "-" "Mozilla/5.0 (Windows NT 10.0; Win64; x64) AppleWebKit/537.36 (KHTML, like Gecko) Chrome/120.0.0.0 Safari/537.36"
20.196.90.228 - - [21/Jan/2026:06:31:56 +0800] "GET /cong.php HTTP/1.1" 403 199 "-" "Mozilla/5.0 (Windows NT 10.0; Win64; x64) AppleWebKit/537.36 (KHTML, like Gecko) Chrome/120.0.0.0 Safari/537.36"
20.196.90.228 - - [21/Jan/2026:06:31:57 +0800] "GET /cong.php HTTP/1.1" 403 199 "-" "Mozilla/5.0 (Windows NT 10.0; Win64; x64) AppleWebKit/537.36 (KHTML, like Gecko) Chrome/120.0.0.0 Safari/537.36"
20.196.90.228 - - [21/Jan/2026:06:31:57 +0800] "GET /cong.php HTTP/1.1" 403 199 "-" "Mozilla/5.0 (Windows NT 10.0; Win64; x64) AppleWebKit/537.36 (KHTML, like Gecko) Chrome/120.0.0.0 Safari/537.36"
3.83.76.234 - - [21/Jan/2026:06:56:27 +0800] "GET /sitemap.xml HTTP/1.1" 301 - "-" "TerraCotta https://github.com/CeramicTeam/CeramicTerracotta"
23.22.243.219 - - [21/Jan/2026:06:57:28 +0800] "GET /robots.txt HTTP/1.1" 200 69 "-" "Mozilla/5.0 (Macintosh; Intel Mac OS X 10_15_7) AppleWebKit/537.36 (KHTML, like Gecko) Chrome/108.0.0.0 Safari/537.36"
23.22.243.219 - - [21/Jan/2026:07:04:27 +0800] "GET / HTTP/1.1" 301 - "-" "Mozilla/5.0 (Macintosh; Intel Mac OS X 10_15_7) AppleWebKit/537.36 (KHTML, like Gecko) Chrome/108.0.0.0 Safari/537.36"
23.22.243.219 - - [21/Jan/2026:07:04:28 +0800] "GET / HTTP/1.1" 200 15140 "-" "Mozilla/5.0 (Macintosh; Intel Mac OS X 10_15_7) AppleWebKit/537.36 (KHTML, like Gecko) Chrome/108.0.0.0 Safari/537.36"
163.237.217.11 - - [21/Jan/2026:07:49:36 +0800] "GET / HTTP/1.1" 403 199 "-" "Go-http-client/1.1"
103.4.122.14 - - [21/Jan/2026:08:16:36 +0800] "POST /wp-cron.php?doing_wp_cron=1768954595.7919940948486328125000 HTTP/1.1" 200 - "-" "WordPress/6.9; https://expressinteriors.com"
103.4.122.14 - - [21/Jan/2026:08:16:36 +0800] "POST /wp-cron.php?doing_wp_cron=1768954596.1867671012878417968750 HTTP/1.1" 200 - "-" "WordPress/6.9; https://expressinteriors.com"
3.83.76.234 - - [21/Jan/2026:08:16:35 +0800] "GET /wp-sitemap.xml HTTP/1.1" 404 70797 "-" "TerraCotta https://github.com/CeramicTeam/CeramicTerracotta"
103.4.122.14 - - [21/Jan/2026:09:00:26 +0800] "POST /wp-cron.php?doing_wp_cron=1768957225.5855898857116699218750 HTTP/1.1" 200 - "-" "WordPress/6.9; https://expressinteriors.com"
117.96.43.204 - - [21/Jan/2026:09:00:24 +0800] "POST /xmlrpc.php HTTP/1.1" 200 403 "-" "Mozilla/5.0 (Windows NT 10.0; arm64) AppleWebKit/537.36 (KHTML, like Gecko) Opera/67.0.0.0 Safari/537.36"
163.237.217.11 - - [21/Jan/2026:09:09:49 +0800] "GET / HTTP/1.1" 403 199 "-" "Go-http-client/1.1"
103.4.122.14 - - [21/Jan/2026:09:30:56 +0800] "POST /wp-cron.php?doing_wp_cron=1768959055.7563090324401855468750 HTTP/1.1" 200 - "-" "WordPress/6.9; https://expressinteriors.com"
103.4.122.14 - - [21/Jan/2026:09:30:56 +0800] "POST /wp-cron.php?doing_wp_cron=1768959056.1992650032043457031250 HTTP/1.1" 200 - "-" "WordPress/6.9; https://expressinteriors.com"
188.255.196.139 - - [21/Jan/2026:09:30:55 +0800] "HEAD /wp-content/plugins/backup-backup/analyst/assets/css/customize.css HTTP/1.1" 404 - "https://expressinteriors.com/" "Mozilla/5.0 (X11; Ubuntu; Linux x86_64; rv:146.0) Gecko/20100101 Firefox/146.0"
103.4.122.14 - - [21/Jan/2026:09:52:59 +0800] "POST /wp-cron.php?doing_wp_cron=1768960379.4534530639648437500000 HTTP/1.1" 200 - "-" "WordPress/6.9; https://expressinteriors.com"
123.30.154.171 - - [21/Jan/2026:09:52:58 +0800] "GET /wp-json/wp/v2/posts HTTP/1.0" 200 2439 "-" "Mozilla/5.0 (Windows NT 10.0; Win64; x64) AppleWebKit/537.36 (KHTML, like Gecko) Chrome/120.0.0.0 Safari/537.36"
47.6.9.54 - - [21/Jan/2026:10:11:14 +0800] "GET /wp-json/wp/v2/posts HTTP/1.1" 200 2439 "-" "Mozilla/5.0 (Windows NT 10.0; Win64; x64) AppleWebKit/537.36 (KHTML, like Gecko) Chrome/120.0.0.0 Safari/537.36"
103.4.122.14 - - [21/Jan/2026:10:26:11 +0800] "POST /wp-cron.php?doing_wp_cron=1768962371.0564589500427246093750 HTTP/1.1" 200 - "-" "WordPress/6.9; https://expressinteriors.com"
42.83.147.53 - - [21/Jan/2026:10:26:10 +0800] "GET / HTTP/1.1" 301 - "-" "Mozilla/5.0 (Windows NT 6.1; Win64; x64) AppleWebKit/537.36 (KHTML, like Gecko)Chrome/74.0.3729.169 Safari/537.36"
42.83.147.53 - - [21/Jan/2026:10:26:13 +0800] "GET / HTTP/1.1" 200 15140 "-" "Mozilla/5.0 (Windows NT 6.1; Win64; x64) AppleWebKit/537.36 (KHTML, like Gecko)Chrome/74.0.3729.169 Safari/537.36"
103.4.122.14 - - [21/Jan/2026:10:35:57 +0800] "POST /wp-cron.php?doing_wp_cron=1768962957.8342909812927246093750 HTTP/1.1" 200 - "-" "WordPress/6.9; https://expressinteriors.com"
163.237.217.11 - - [21/Jan/2026:10:35:57 +0800] "HEAD / HTTP/1.1" 301 - "-" "Mozilla/5.0"
91.202.4.80 - - [21/Jan/2026:10:39:54 +0800] "GET /txets.php HTTP/1.1" 404 65563 "-" "Mozilla/4.0 (compatible; MSIE 6.0; Windows NT 5.1; SV1)"
93.158.91.34 - - [21/Jan/2026:10:49:15 +0800] "GET / HTTP/1.1" 301 - "-" "Mozilla/5.0 (Linux; Android 12; SAMSUNG SM-A415F) AppleWebKit/537.36 (KHTML, like Gecko) SamsungBrowser/23.0 Chrome/115.0.0.0 Mobile Safari/537.3"
93.158.91.33 - - [21/Jan/2026:10:49:17 +0800] "GET / HTTP/1.1" 200 15139 "http://expressinteriors.com/" "Mozilla/5.0 (Linux; Android 12; SAMSUNG SM-A415F) AppleWebKit/537.36 (KHTML, like Gecko) SamsungBrowser/23.0 Chrome/115.0.0.0 Mobile Safari/537.3"
103.4.122.14 - - [21/Jan/2026:11:36:20 +0800] "POST /wp-cron.php?doing_wp_cron=1768966580.5238330364227294921875 HTTP/1.1" 200 - "-" "WordPress/6.9; https://expressinteriors.com"
103.4.122.14 - - [21/Jan/2026:11:36:21 +0800] "POST /wp-cron.php?doing_wp_cron=1768966581.1327469348907470703125 HTTP/1.1" 200 - "-" "WordPress/6.9; https://expressinteriors.com"
148.113.128.103 - - [21/Jan/2026:11:36:19 +0800] "GET / HTTP/1.1" 200 15140 "-" "Mozilla/5.0 (compatible; AhrefsBot/7.0; +http://ahrefs.com/robot/)"
163.237.217.11 - - [21/Jan/2026:12:02:23 +0800] "HEAD / HTTP/1.1" 301 - "-" "Mozilla/5.0"
62.113.116.213 - - [21/Jan/2026:12:03:28 +0800] "GET /2023/02/27/hello-world/ HTTP/1.0" 200 78541 "https://expressinteriors.com/2023/02/27/hello-world/" "Mozilla/5.0 (Windows NT 10.0; Win64; x64) AppleWebKit/537.36 (KHTML, like Gecko) Chrome/131.0.0.0 Safari/537.36"
62.113.116.213 - - [21/Jan/2026:12:03:30 +0800] "POST /wp-comments-post.php HTTP/1.0" 302 - "https://expressinteriors.com/2023/02/27/hello-world/" "Mozilla/5.0 (Windows NT 10.0; Win64; x64) AppleWebKit/537.36 (KHTML, like Gecko) Chrome/131.0.0.0 Safari/537.36"
62.113.116.213 - - [21/Jan/2026:12:03:32 +0800] "GET /2023/02/27/hello-world/ HTTP/1.0" 200 81632 "https://expressinteriors.com/2023/02/27/hello-world/#comment-907" "Mozilla/5.0 (Windows NT 10.0; Win64; x64) AppleWebKit/537.36 (KHTML, like Gecko) Chrome/131.0.0.0 Safari/537.36"
103.4.122.14 - - [21/Jan/2026:13:27:36 +0800] "POST /wp-cron.php?doing_wp_cron=1768973256.5111279487609863281250 HTTP/1.1" 200 - "-" "WordPress/6.9; https://expressinteriors.com"
103.4.122.14 - - [21/Jan/2026:13:27:36 +0800] "POST /wp-cron.php?doing_wp_cron=1768973256.7968750000000000000000 HTTP/1.1" 200 - "-" "WordPress/6.9; https://expressinteriors.com"
163.237.217.11 - - [21/Jan/2026:13:27:35 +0800] "HEAD / HTTP/1.1" 301 - "-" "Mozilla/5.0"
103.4.122.14 - - [21/Jan/2026:14:54:21 +0800] "POST /wp-cron.php?doing_wp_cron=1768978461.8478150367736816406250 HTTP/1.1" 200 - "-" "WordPress/6.9; https://expressinteriors.com"
104.143.84.54 - - [21/Jan/2026:14:54:21 +0800] "GET / HTTP/1.1" 200 15140 "-" "Mozilla/5.0 (X11; Ubuntu; Linux x86_64; rv:126.0) Gecko/20100101 Firefox/126.0"
103.4.122.14 - - [21/Jan/2026:14:54:22 +0800] "POST /wp-cron.php?doing_wp_cron=1768978461.8036389350891113281250 HTTP/1.1" 200 - "-" "WordPress/6.9; https://expressinteriors.com"
104.143.84.54 - - [21/Jan/2026:14:54:21 +0800] "GET / HTTP/1.1" 301 - "-" "Mozilla/5.0 (X11; Ubuntu; Linux x86_64; rv:126.0) Gecko/20100101 Firefox/126.0"
103.4.122.14 - - [21/Jan/2026:14:54:22 +0800] "POST /wp-cron.php?doing_wp_cron=1768978461.9021840095520019531250 HTTP/1.1" 200 - "-" "WordPress/6.9; https://expressinteriors.com"
104.143.84.54 - - [21/Jan/2026:14:54:21 +0800] "GET / HTTP/1.1" 301 - "-" "Mozilla/5.0 (X11; Ubuntu; Linux x86_64; rv:126.0) Gecko/20100101 Firefox/126.0"
104.143.84.54 - - [21/Jan/2026:14:54:21 +0800] "GET / HTTP/1.1" 301 - "-" "Mozilla/5.0 (X11; Ubuntu; Linux x86_64; rv:126.0) Gecko/20100101 Firefox/126.0"
104.143.84.54 - - [21/Jan/2026:14:54:23 +0800] "GET / HTTP/1.1" 200 15140 "-" "Mozilla/5.0 (X11; Ubuntu; Linux x86_64; rv:126.0) Gecko/20100101 Firefox/126.0"
104.143.84.54 - - [21/Jan/2026:14:54:24 +0800] "GET / HTTP/1.1" 200 15140 "-" "Mozilla/5.0 (X11; Ubuntu; Linux x86_64; rv:126.0) Gecko/20100101 Firefox/126.0"
104.143.84.54 - - [21/Jan/2026:14:54:24 +0800] "GET / HTTP/1.1" 200 15140 "-" "Mozilla/5.0 (X11; Ubuntu; Linux x86_64; rv:126.0) Gecko/20100101 Firefox/126.0"
103.4.122.14 - - [21/Jan/2026:16:18:17 +0800] "POST /wp-cron.php?doing_wp_cron=1768983497.5879840850830078125000 HTTP/1.1" 200 - "-" "WordPress/6.9; https://expressinteriors.com"
103.4.122.14 - - [21/Jan/2026:16:18:17 +0800] "POST /wp-cron.php?doing_wp_cron=1768983497.6446440219879150390625 HTTP/1.1" 200 - "-" "WordPress/6.9; https://expressinteriors.com"
163.237.217.11 - - [21/Jan/2026:16:18:16 +0800] "HEAD / HTTP/1.1" 301 - "-" "Mozilla/5.0"
103.4.122.14 - - [21/Jan/2026:16:43:48 +0800] "POST /wp-cron.php?doing_wp_cron=1768985028.1101870536804199218750 HTTP/1.1" 200 - "-" "WordPress/6.9; https://expressinteriors.com"
192.36.166.94 - - [21/Jan/2026:16:43:47 +0800] "GET / HTTP/1.1" 301 - "-" "Mozilla/5.0 (iPhone; CPU iPhone OS 17_3_1 like Mac OS X) AppleWebKit/605.1.15 (KHTML, like Gecko) Version/17.3.1 Mobile/15E148 Safari/604"
192.36.173.21 - - [21/Jan/2026:16:43:49 +0800] "GET / HTTP/1.1" 200 15139 "http://expressinteriors.com/" "Mozilla/5.0 (iPhone; CPU iPhone OS 17_3_1 like Mac OS X) AppleWebKit/605.1.15 (KHTML, like Gecko) Version/17.3.1 Mobile/15E148 Safari/604"
35.227.12.41 - - [21/Jan/2026:16:55:05 +0800] "GET / HTTP/1.1" 301 - "-" "Mozilla/5.0 (Windows NT 10.0; Win64; x64) AppleWebKit/537.36 (KHTML, like Gecko) Chrome/78.0.3904.108 Safari/537.36"
35.227.12.41 - - [21/Jan/2026:16:55:07 +0800] "GET / HTTP/1.1" 200 78844 "-" "Mozilla/5.0 (Windows NT 10.0; Win64; x64) AppleWebKit/537.36 (KHTML, like Gecko) Chrome/78.0.3904.108 Safari/537.36"
35.227.12.41 - - [21/Jan/2026:16:55:08 +0800] "GET //wp-includes/wlwmanifest.xml HTTP/1.1" 301 - "-" "Mozilla/5.0 (Windows NT 10.0; Win64; x64) AppleWebKit/537.36 (KHTML, like Gecko) Chrome/78.0.3904.108 Safari/537.36"
35.227.12.41 - - [21/Jan/2026:16:55:09 +0800] "GET //xmlrpc.php?rsd HTTP/1.1" 200 834 "-" "Mozilla/5.0 (Windows NT 10.0; Win64; x64) AppleWebKit/537.36 (KHTML, like Gecko) Chrome/78.0.3904.108 Safari/537.36"
35.227.12.41 - - [21/Jan/2026:16:55:10 +0800] "GET //?author=1 HTTP/1.1" 301 - "-" "Mozilla/5.0 (Windows NT 10.0; Win64; x64) AppleWebKit/537.36 (KHTML, like Gecko) Chrome/78.0.3904.108 Safari/537.36"
35.227.12.41 - - [21/Jan/2026:16:55:10 +0800] "GET //?author=2 HTTP/1.1" 301 - "-" "Mozilla/5.0 (Windows NT 10.0; Win64; x64) AppleWebKit/537.36 (KHTML, like Gecko) Chrome/78.0.3904.108 Safari/537.36"
35.227.12.41 - - [21/Jan/2026:16:55:11 +0800] "GET //wp-json/wp/v2/users/ HTTP/1.1" 403 199 "-" "Mozilla/5.0 (Windows NT 10.0; Win64; x64) AppleWebKit/537.36 (KHTML, like Gecko) Chrome/78.0.3904.108 Safari/537.36"
35.227.12.41 - - [21/Jan/2026:16:55:11 +0800] "POST //xmlrpc.php HTTP/1.1" 200 401 "-" "Mozilla/5.0 (Windows NT 10.0; Win64; x64) AppleWebKit/537.36 (KHTML, like Gecko) Chrome/78.0.3904.108 Safari/537.36"
35.227.12.41 - - [21/Jan/2026:16:55:13 +0800] "POST //xmlrpc.php HTTP/1.1" 200 401 "-" "Mozilla/5.0 (Windows NT 10.0; Win64; x64) AppleWebKit/537.36 (KHTML, like Gecko) Chrome/78.0.3904.108 Safari/537.36"
35.227.12.41 - - [21/Jan/2026:16:55:14 +0800] "POST //xmlrpc.php HTTP/1.1" 200 401 "-" "Mozilla/5.0 (Windows NT 10.0; Win64; x64) AppleWebKit/537.36 (KHTML, like Gecko) Chrome/78.0.3904.108 Safari/537.36"
35.227.12.41 - - [21/Jan/2026:16:55:16 +0800] "POST //xmlrpc.php HTTP/1.1" 200 401 "-" "Mozilla/5.0 (Windows NT 10.0; Win64; x64) AppleWebKit/537.36 (KHTML, like Gecko) Chrome/78.0.3904.108 Safari/537.36"
35.227.12.41 - - [21/Jan/2026:16:55:17 +0800] "POST //xmlrpc.php HTTP/1.1" 403 199 "-" "Mozilla/5.0 (Windows NT 10.0; Win64; x64) AppleWebKit/537.36 (KHTML, like Gecko) Chrome/78.0.3904.108 Safari/537.36"
3.230.224.6 - - [21/Jan/2026:17:18:02 +0800] "GET /robots.txt HTTP/1.1" 200 69 "-" "Mozilla/5.0 AppleWebKit/537.36 (KHTML, like Gecko; compatible; Amazonbot/0.1; +https://developer.amazon.com/support/amazonbot) Chrome/119.0.6045.214 Safari/537.36"
103.4.122.14 - - [21/Jan/2026:17:19:06 +0800] "POST /wp-cron.php?doing_wp_cron=1768987146.3276879787445068359375 HTTP/1.1" 200 - "-" "WordPress/6.9; https://expressinteriors.com"
52.86.215.140 - - [21/Jan/2026:17:19:05 +0800] "HEAD /2023/02/27/hello-world/ HTTP/1.1" 200 - "-" "Mozilla/5.0 AppleWebKit/605.1.15 (KHTML, like Gecko) Chrome/139.0.0.0 Safari/605.1.15"
103.4.122.14 - - [21/Jan/2026:17:36:21 +0800] "POST /wp-cron.php?doing_wp_cron=1768988180.9774739742279052734375 HTTP/1.1" 200 - "-" "WordPress/6.9; https://expressinteriors.com"
104.143.84.54 - - [21/Jan/2026:17:36:20 +0800] "GET / HTTP/1.1" 200 15140 "-" "Mozilla/5.0 (X11; Linux x86_64) AppleWebKit/537.36 (KHTML, like Gecko) HeadlessChrome/139.0.7258.5 Safari/537.36"
104.143.84.54 - - [21/Jan/2026:17:36:21 +0800] "GET /wp-content/themes/astra/assets/css/minified/main.min.css?ver=4.0.2 HTTP/1.1" 200 8034 "https://expressinteriors.com/" "Mozilla/5.0 (X11; Linux x86_64) AppleWebKit/537.36 (KHTML, like Gecko) HeadlessChrome/139.0.7258.5 Safari/537.36"
104.143.84.54 - - [21/Jan/2026:17:36:21 +0800] "GET /wp-includes/css/dist/block-library/style.min.css?ver=6.9 HTTP/1.1" 200 15951 "https://expressinteriors.com/" "Mozilla/5.0 (X11; Linux x86_64) AppleWebKit/537.36 (KHTML, like Gecko) HeadlessChrome/139.0.7258.5 Safari/537.36"
104.143.84.54 - - [21/Jan/2026:17:36:22 +0800] "GET /wp-content/plugins/contact-form-7/includes/css/styles.css?ver=5.7.4 HTTP/1.1" 200 1004 "https://expressinteriors.com/" "Mozilla/5.0 (X11; Linux x86_64) AppleWebKit/537.36 (KHTML, like Gecko) HeadlessChrome/139.0.7258.5 Safari/537.36"
104.143.84.54 - - [21/Jan/2026:17:36:22 +0800] "GET /wp-content/themes/astra/assets/css/minified/compatibility/contact-form-7-main.min.css?ver=4.0.2 HTTP/1.1" 200 424 "https://expressinteriors.com/" "Mozilla/5.0 (X11; Linux x86_64) AppleWebKit/537.36 (KHTML, like Gecko) HeadlessChrome/139.0.7258.5 Safari/537.36"
104.143.84.54 - - [21/Jan/2026:17:36:22 +0800] "GET /wp-content/uploads/useanyfont/uaf.css?ver=1677478928 HTTP/1.1" 200 199 "https://expressinteriors.com/" "Mozilla/5.0 (X11; Linux x86_64) AppleWebKit/537.36 (KHTML, like Gecko) HeadlessChrome/139.0.7258.5 Safari/537.36"
104.143.84.54 - - [21/Jan/2026:17:36:22 +0800] "GET /wp-content/plugins/elementor/assets/lib/eicons/css/elementor-icons.min.css?ver=5.18.0 HTTP/1.1" 200 3977 "https://expressinteriors.com/" "Mozilla/5.0 (X11; Linux x86_64) AppleWebKit/537.36 (KHTML, like Gecko) HeadlessChrome/139.0.7258.5 Safari/537.36"
104.143.84.54 - - [21/Jan/2026:17:36:22 +0800] "GET /wp-content/plugins/elementor/assets/lib/swiper/v8/css/swiper.min.css?ver=8.4.5 HTTP/1.1" 200 4583 "https://expressinteriors.com/" "Mozilla/5.0 (X11; Linux x86_64) AppleWebKit/537.36 (KHTML, like Gecko) HeadlessChrome/139.0.7258.5 Safari/537.36"
104.143.84.54 - - [21/Jan/2026:17:36:22 +0800] "GET /wp-content/plugins/elementor/assets/css/frontend-lite.min.css?ver=3.11.2 HTTP/1.1" 200 11874 "https://expressinteriors.com/" "Mozilla/5.0 (X11; Linux x86_64) AppleWebKit/537.36 (KHTML, like Gecko) HeadlessChrome/139.0.7258.5 Safari/537.36"
104.143.84.54 - - [21/Jan/2026:17:36:22 +0800] "GET /wp-content/uploads/elementor/css/post-5.css?ver=1677475972 HTTP/1.1" 200 356 "https://expressinteriors.com/" "Mozilla/5.0 (X11; Linux x86_64) AppleWebKit/537.36 (KHTML, like Gecko) HeadlessChrome/139.0.7258.5 Safari/537.36"
104.143.84.54 - - [21/Jan/2026:17:36:22 +0800] "GET /wp-content/uploads/elementor/css/global.css?ver=1677476761 HTTP/1.1" 200 834 "https://expressinteriors.com/" "Mozilla/5.0 (X11; Linux x86_64) AppleWebKit/537.36 (KHTML, like Gecko) HeadlessChrome/139.0.7258.5 Safari/537.36"
104.143.84.54 - - [21/Jan/2026:17:36:22 +0800] "GET /wp-content/uploads/elementor/css/post-9.css?ver=1677547289 HTTP/1.1" 200 485 "https://expressinteriors.com/" "Mozilla/5.0 (X11; Linux x86_64) AppleWebKit/537.36 (KHTML, like Gecko) HeadlessChrome/139.0.7258.5 Safari/537.36"
104.143.84.54 - - [21/Jan/2026:17:36:22 +0800] "GET /wp-content/plugins/elementor/assets/lib/animations/animations.min.css?ver=3.11.2 HTTP/1.1" 200 2592 "https://expressinteriors.com/" "Mozilla/5.0 (X11; Linux x86_64) AppleWebKit/537.36 (KHTML, like Gecko) HeadlessChrome/139.0.7258.5 Safari/537.36"
104.143.84.54 - - [21/Jan/2026:17:36:22 +0800] "GET /wp-content/themes/astra/assets/js/minified/frontend.min.js?ver=4.0.2 HTTP/1.1" 200 4507 "https://expressinteriors.com/" "Mozilla/5.0 (X11; Linux x86_64) AppleWebKit/537.36 (KHTML, like Gecko) HeadlessChrome/139.0.7258.5 Safari/537.36"
104.143.84.54 - - [21/Jan/2026:17:36:22 +0800] "GET /wp-content/plugins/contact-form-7/includes/swv/js/index.js?ver=5.7.4 HTTP/1.1" 200 3040 "https://expressinteriors.com/" "Mozilla/5.0 (X11; Linux x86_64) AppleWebKit/537.36 (KHTML, like Gecko) HeadlessChrome/139.0.7258.5 Safari/537.36"
104.143.84.54 - - [21/Jan/2026:17:36:22 +0800] "GET /wp-content/plugins/wp-smushit/app/assets/js/smush-lazy-load.min.js?ver=3.12.5 HTTP/1.1" 200 3687 "https://expressinteriors.com/" "Mozilla/5.0 (X11; Linux x86_64) AppleWebKit/537.36 (KHTML, like Gecko) HeadlessChrome/139.0.7258.5 Safari/537.36"
104.143.84.54 - - [21/Jan/2026:17:36:22 +0800] "GET /wp-content/plugins/contact-form-7/includes/js/index.js?ver=5.7.4 HTTP/1.1" 200 4184 "https://expressinteriors.com/" "Mozilla/5.0 (X11; Linux x86_64) AppleWebKit/537.36 (KHTML, like Gecko) HeadlessChrome/139.0.7258.5 Safari/537.36"
104.143.84.54 - - [21/Jan/2026:17:36:23 +0800] "GET /wp-includes/js/jquery/jquery.min.js?ver=3.7.1 HTTP/1.1" 200 30368 "https://expressinteriors.com/" "Mozilla/5.0 (X11; Linux x86_64) AppleWebKit/537.36 (KHTML, like Gecko) HeadlessChrome/139.0.7258.5 Safari/537.36"
104.143.84.54 - - [21/Jan/2026:17:36:23 +0800] "GET /wp-content/plugins/elementor/assets/js/webpack.runtime.min.js?ver=3.11.2 HTTP/1.1" 200 2199 "https://expressinteriors.com/" "Mozilla/5.0 (X11; Linux x86_64) AppleWebKit/537.36 (KHTML, like Gecko) HeadlessChrome/139.0.7258.5 Safari/537.36"
104.143.84.54 - - [21/Jan/2026:17:36:23 +0800] "GET /wp-includes/js/jquery/jquery-migrate.min.js?ver=3.4.1 HTTP/1.1" 200 4872 "https://expressinteriors.com/" "Mozilla/5.0 (X11; Linux x86_64) AppleWebKit/537.36 (KHTML, like Gecko) HeadlessChrome/139.0.7258.5 Safari/537.36"
104.143.84.54 - - [21/Jan/2026:17:36:23 +0800] "GET /wp-content/plugins/elementor/assets/js/frontend-modules.min.js?ver=3.11.2 HTTP/1.1" 200 11691 "https://expressinteriors.com/" "Mozilla/5.0 (X11; Linux x86_64) AppleWebKit/537.36 (KHTML, like Gecko) HeadlessChrome/139.0.7258.5 Safari/537.36"
104.143.84.54 - - [21/Jan/2026:17:36:23 +0800] "GET /wp-content/plugins/elementor/assets/lib/waypoints/waypoints.min.js?ver=4.0.2 HTTP/1.1" 200 2993 "https://expressinteriors.com/" "Mozilla/5.0 (X11; Linux x86_64) AppleWebKit/537.36 (KHTML, like Gecko) HeadlessChrome/139.0.7258.5 Safari/537.36"
104.143.84.54 - - [21/Jan/2026:17:36:23 +0800] "GET /wp-includes/js/jquery/ui/core.min.js?ver=1.13.3 HTTP/1.1" 200 7106 "https://expressinteriors.com/" "Mozilla/5.0 (X11; Linux x86_64) AppleWebKit/537.36 (KHTML, like Gecko) HeadlessChrome/139.0.7258.5 Safari/537.36"
104.143.84.54 - - [21/Jan/2026:17:36:23 +0800] "GET /wp-content/plugins/elementor/assets/js/frontend.min.js?ver=3.11.2 HTTP/1.1" 200 12404 "https://expressinteriors.com/" "Mozilla/5.0 (X11; Linux x86_64) AppleWebKit/537.36 (KHTML, like Gecko) HeadlessChrome/139.0.7258.5 Safari/537.36"
104.143.84.54 - - [21/Jan/2026:17:36:23 +0800] "GET /wp-content/uploads/useanyfont/4467Morris-Sans-W01Light.woff2 HTTP/1.1" 200 15772 "https://expressinteriors.com/wp-content/uploads/useanyfont/uaf.css?ver=1677478928" "Mozilla/5.0 (X11; Linux x86_64) AppleWebKit/537.36 (KHTML, like Gecko) HeadlessChrome/139.0.7258.5 Safari/537.36"
104.143.84.54 - - [21/Jan/2026:17:36:25 +0800] "GET /wp-content/plugins/elementor/assets/js/text-editor.2c35aafbe5bf0e127950.bundle.min.js HTTP/1.1" 200 665 "https://expressinteriors.com/" "Mozilla/5.0 (X11; Linux x86_64) AppleWebKit/537.36 (KHTML, like Gecko) HeadlessChrome/139.0.7258.5 Safari/537.36"
104.143.84.54 - - [21/Jan/2026:17:36:26 +0800] "GET /wp-includes/js/wp-emoji-release.min.js?ver=6.9 HTTP/1.1" 200 5375 "https://expressinteriors.com/" "Mozilla/5.0 (X11; Linux x86_64) AppleWebKit/537.36 (KHTML, like Gecko) HeadlessChrome/139.0.7258.5 Safari/537.36"
104.143.84.54 - - [21/Jan/2026:17:36:26 +0800] "GET /wp-content/uploads/2023/02/Express-Interiors-logo-300x281.png HTTP/1.1" 200 72165 "https://expressinteriors.com/" "Mozilla/5.0 (X11; Linux x86_64) AppleWebKit/537.36 (KHTML, like Gecko) HeadlessChrome/139.0.7258.5 Safari/537.36"
163.237.217.11 - - [21/Jan/2026:17:43:24 +0800] "HEAD / HTTP/1.1" 301 - "-" "Mozilla/5.0"
213.232.120.163 - - [21/Jan/2026:17:51:52 +0800] "GET /xmlrpc.php HTTP/1.1" 405 42 "-" "Mozilla/5.0 (X11; Linux x86_64) AppleWebKit/537.36 (KHTML, like Gecko) Chrome/143.0.0.0 Safari/537.36"
213.232.120.163 - - [21/Jan/2026:17:51:56 +0800] "GET /wp-login.php HTTP/1.1" 200 2054 "-" "Mozilla/5.0 (X11; Linux x86_64) AppleWebKit/537.36 (KHTML, like Gecko) Chrome/143.0.0.0 Safari/537.36"
163.237.217.11 - - [21/Jan/2026:19:15:14 +0800] "GET / HTTP/1.1" 403 199 "-" "Go-http-client/1.1"
103.4.122.14 - - [21/Jan/2026:19:27:13 +0800] "POST /wp-cron.php?doing_wp_cron=1768994833.3388929367065429687500 HTTP/1.1" 200 - "-" "WordPress/6.9; https://expressinteriors.com"
103.4.122.14 - - [21/Jan/2026:19:27:13 +0800] "POST /wp-cron.php?doing_wp_cron=1768994833.5500690937042236328125 HTTP/1.1" 200 - "-" "WordPress/6.9; https://expressinteriors.com"
5.39.109.187 - - [21/Jan/2026:19:27:12 +0800] "GET /robots.txt HTTP/1.1" 200 69 "-" "Mozilla/5.0 (compatible; AhrefsBot/7.0; +http://ahrefs.com/robot/)"
15.235.98.215 - - [21/Jan/2026:19:27:18 +0800] "GET / HTTP/1.1" 200 15140 "-" "Mozilla/5.0 (compatible; AhrefsBot/7.0; +http://ahrefs.com/robot/)"
91.202.4.80 - - [21/Jan/2026:19:40:38 +0800] "GET /wp-themes.php HTTP/1.1" 404 65563 "-" "Mozilla/4.0 (compatible; MSIE 6.0; Windows NT 5.1; SV1)"
103.4.122.14 - - [21/Jan/2026:20:54:52 +0800] "POST /wp-cron.php?doing_wp_cron=1769000092.6059501171112060546875 HTTP/1.1" 200 - "-" "WordPress/6.9; https://expressinteriors.com"
103.4.122.14 - - [21/Jan/2026:20:54:52 +0800] "POST /wp-cron.php?doing_wp_cron=1769000092.6604340076446533203125 HTTP/1.1" 200 - "-" "WordPress/6.9; https://expressinteriors.com"
163.237.217.11 - - [21/Jan/2026:20:54:51 +0800] "HEAD / HTTP/1.1" 301 - "-" "Mozilla/5.0"
35.177.224.226 - - [21/Jan/2026:20:58:10 +0800] "POST /xmlrpc.php HTTP/1.1" 200 132 "-" "Mozilla/5.0 (Windows NT 10.0; Win64; x64) AppleWebKit/537.36 (KHTML, like Gecko) Chrome/135.0.0.0 Safari/537.36 Edg/135.0.0.0"
35.177.224.226 - - [21/Jan/2026:20:58:11 +0800] "POST /xmlrpc.php HTTP/1.1" 200 206 "-" "Mozilla/5.0 (Windows NT 10.0; Win64; x64) AppleWebKit/537.36 (KHTML, like Gecko) Chrome/135.0.0.0 Safari/537.36 Edg/135.0.0.0"
35.177.224.226 - - [21/Jan/2026:20:58:13 +0800] "POST /xmlrpc.php HTTP/1.1" 200 206 "-" "Mozilla/5.0 (Windows NT 10.0; Win64; x64) AppleWebKit/537.36 (KHTML, like Gecko) Chrome/135.0.0.0 Safari/537.36 Edg/135.0.0.0"
35.177.224.226 - - [21/Jan/2026:20:58:14 +0800] "POST /xmlrpc.php HTTP/1.1" 200 206 "-" "Mozilla/5.0 (Windows NT 10.0; Win64; x64) AppleWebKit/537.36 (KHTML, like Gecko) Chrome/135.0.0.0 Safari/537.36 Edg/135.0.0.0"
35.177.224.226 - - [21/Jan/2026:20:58:16 +0800] "POST /xmlrpc.php HTTP/1.1" 200 206 "-" "Mozilla/5.0 (Windows NT 10.0; Win64; x64) AppleWebKit/537.36 (KHTML, like Gecko) Chrome/135.0.0.0 Safari/537.36 Edg/135.0.0.0"
35.177.224.226 - - [21/Jan/2026:20:58:18 +0800] "POST /xmlrpc.php HTTP/1.1" 408 539 "-" "Mozilla/5.0 (Windows NT 10.0; Win64; x64) AppleWebKit/537.36 (KHTML, like Gecko) Chrome/135.0.0.0 Safari/537.36 Edg/135.0.0.0"
43.133.69.37 - - [21/Jan/2026:21:05:03 +0800] "GET / HTTP/1.1" 403 199 "-" "Mozilla/5.0 (iPhone; CPU iPhone OS 13_2_3 like Mac OS X) AppleWebKit/605.1.15 (KHTML, like Gecko) Version/13.0.3 Mobile/15E148 Safari/604.1"
103.4.122.14 - - [21/Jan/2026:22:16:17 +0800] "POST /wp-cron.php?doing_wp_cron=1769004976.9786970615386962890625 HTTP/1.1" 200 - "-" "WordPress/6.9; https://expressinteriors.com"
103.4.122.14 - - [21/Jan/2026:22:16:17 +0800] "POST /wp-cron.php?doing_wp_cron=1769004977.1319029331207275390625 HTTP/1.1" 200 - "-" "WordPress/6.9; https://expressinteriors.com"
163.237.217.11 - - [21/Jan/2026:22:16:16 +0800] "HEAD / HTTP/1.1" 301 - "-" "Mozilla/5.0"
103.4.122.14 - - [21/Jan/2026:23:43:46 +0800] "POST /wp-cron.php?doing_wp_cron=1769010226.6491310596466064453125 HTTP/1.1" 200 - "-" "WordPress/6.9; https://expressinteriors.com"
103.4.122.14 - - [21/Jan/2026:23:43:46 +0800] "POST /wp-cron.php?doing_wp_cron=1769010226.8041150569915771484375 HTTP/1.1" 200 - "-" "WordPress/6.9; https://expressinteriors.com"
163.237.217.11 - - [21/Jan/2026:23:43:45 +0800] "HEAD / HTTP/1.1" 301 - "-" "Mozilla/5.0"
104.210.140.137 - - [21/Jan/2026:23:57:12 +0800] "GET /robots.txt HTTP/1.1" 301 - "-" "Mozilla/5.0 (Macintosh; Intel Mac OS X 10_15_7) AppleWebKit/537.36 (KHTML, like Gecko) Chrome/131.0.0.0 Safari/537.36; compatible; OAI-SearchBot/1.0; +https://openai.com/searchbot"
104.210.140.129 - - [21/Jan/2026:23:57:17 +0800] "GET /robots.txt HTTP/1.1" 200 69 "-" "Mozilla/5.0 (Macintosh; Intel Mac OS X 10_15_7) AppleWebKit/537.36 (KHTML, like Gecko) Chrome/131.0.0.0 Safari/537.36; compatible; OAI-SearchBot/1.0; +https://openai.com/searchbot"
66.249.66.71 - - [21/Jan/2026:23:59:10 +0800] "GET /robots.txt HTTP/1.1" 301 - "-" "Mozilla/5.0 (compatible; Googlebot/2.1; +http://www.google.com/bot.html)"
66.249.79.8 - - [21/Jan/2026:23:59:12 +0800] "GET /robots.txt HTTP/1.1" 200 69 "-" "Mozilla/5.0 (compatible; Googlebot/2.1; +http://www.google.com/bot.html)"
66.249.66.197 - - [22/Jan/2026:00:11:44 +0800] "GET /robots.txt HTTP/1.1" 301 - "-" "Mozilla/5.0 (compatible; Googlebot/2.1; +http://www.google.com/bot.html)"
66.249.79.2 - - [22/Jan/2026:00:11:46 +0800] "GET /robots.txt HTTP/1.1" 200 69 "-" "Mozilla/5.0 (compatible; Googlebot/2.1; +http://www.google.com/bot.html)"
103.4.122.14 - - [22/Jan/2026:00:23:05 +0800] "POST /wp-cron.php?doing_wp_cron=1769012584.8463819026947021484375 HTTP/1.1" 200 - "-" "WordPress/6.9; https://expressinteriors.com"
156.239.223.127 - - [22/Jan/2026:00:23:03 +0800] "GET /wp-login.php HTTP/1.1" 302 - "-" "Mozilla/5.0 (Windows NT 10.0; Win64; x64; rv:138.0) Gecko/20100101 Firefox/138.0"
45.206.72.206 - - [22/Jan/2026:00:23:06 +0800] "GET /wp-login.php HTTP/1.1" 200 5957 "http://expressinteriors.com/wp-login.php" "Mozilla/5.0 (Windows NT 10.0; Win64; x64; rv:138.0) Gecko/20100101 Firefox/138.0"
156.249.126.59 - - [22/Jan/2026:00:23:09 +0800] "GET /wp-json/wp/v2/users/ HTTP/1.1" 403 199 "-" "Go-http-client/1.1"
154.199.15.104 - - [22/Jan/2026:00:23:11 +0800] "POST /wp-login.php HTTP/1.1" 403 199 "https://expressinteriors.com/wp-login.php" "Mozilla/5.0 (Windows NT 10.0; Win64; x64; rv:138.0) Gecko/20100101 Firefox/138.0"
156.239.215.141 - - [22/Jan/2026:00:23:13 +0800] "POST /wp-login.php HTTP/1.1" 403 199 "https://expressinteriors.com/wp-login.php" "Mozilla/5.0 (Windows NT 10.0; Win64; x64; rv:138.0) Gecko/20100101 Firefox/138.0"
156.239.156.62 - - [22/Jan/2026:00:23:30 +0800] "POST /wp-login.php HTTP/1.1" 403 199 "https://expressinteriors.com/wp-login.php" "Mozilla/5.0 (Windows NT 10.0; Win64; x64; rv:138.0) Gecko/20100101 Firefox/138.0"
156.239.210.26 - - [22/Jan/2026:00:23:31 +0800] "POST /wp-login.php HTTP/1.1" 403 199 "https://expressinteriors.com/wp-login.php" "Mozilla/5.0 (Windows NT 10.0; Win64; x64; rv:138.0) Gecko/20100101 Firefox/138.0"
156.249.124.99 - - [22/Jan/2026:00:23:33 +0800] "POST /wp-login.php HTTP/1.1" 403 199 "https://expressinteriors.com/wp-login.php" "Mozilla/5.0 (Windows NT 10.0; Win64; x64; rv:138.0) Gecko/20100101 Firefox/138.0"
51.89.25.52 - - [22/Jan/2026:00:26:37 +0800] "GET /images/images/cache.php HTTP/1.1" 404 65574 "-" "Mozilla/5.0 (Windows NT 10.0; Win64; x64) AppleWebKit/537.36 (KHTML, like Gecko) Chrome/127.0.0.0 Safari/537.36"
51.89.25.52 - - [22/Jan/2026:00:36:26 +0800] "GET /?check_plugin HTTP/1.1" 200 78844 "-" "Mozilla/5.0 (Windows NT 10.0; Win64; x64) AppleWebKit/537.36 (KHTML, like Gecko) Chrome/127.0.0.0 Safari/537.36"
103.4.122.14 - - [22/Jan/2026:01:10:37 +0800] "POST /wp-cron.php?doing_wp_cron=1769015436.8498880863189697265625 HTTP/1.1" 200 - "-" "WordPress/6.9; https://expressinteriors.com"
69.171.231.10 - - [22/Jan/2026:01:10:36 +0800] "GET /robots.txt HTTP/1.1" 200 67 "-" "facebookexternalhit/1.1 (+http://www.facebook.com/externalhit_uatext.php)"
163.237.217.11 - - [22/Jan/2026:01:11:49 +0800] "HEAD / HTTP/1.1" 301 - "-" "Mozilla/5.0"
103.4.122.14 - - [22/Jan/2026:02:39:38 +0800] "POST /wp-cron.php?doing_wp_cron=1769020778.5956780910491943359375 HTTP/1.1" 200 - "-" "WordPress/6.9; https://expressinteriors.com"
103.4.122.14 - - [22/Jan/2026:02:39:39 +0800] "POST /wp-cron.php?doing_wp_cron=1769020778.8779559135437011718750 HTTP/1.1" 200 - "-" "WordPress/6.9; https://expressinteriors.com"
163.237.217.11 - - [22/Jan/2026:02:39:38 +0800] "HEAD / HTTP/1.1" 301 - "-" "Mozilla/5.0"
51.222.168.30 - - [22/Jan/2026:02:55:56 +0800] "GET / HTTP/1.1" 200 15140 "-" "Mozilla/5.0 (compatible; AhrefsBot/7.0; +http://ahrefs.com/robot/)"
49.51.52.250 - - [22/Jan/2026:03:13:06 +0800] "GET / HTTP/1.1" 403 199 "-" "Mozilla/5.0 (iPhone; CPU iPhone OS 13_2_3 like Mac OS X) AppleWebKit/605.1.15 (KHTML, like Gecko) Version/13.0.3 Mobile/15E148 Safari/604.1"
101.47.73.135 - - [22/Jan/2026:03:16:11 +0800] "GET /wp-json/wp/v2/posts HTTP/1.1" 200 2439 "-" "Mozilla/5.0 (Windows NT 10.0; Win64; x64) AppleWebKit/537.36 (KHTML, like Gecko) Chrome/120.0.0.0 Safari/537.36"
101.47.73.135 - - [22/Jan/2026:03:16:14 +0800] "POST /wp-comments-post.php HTTP/1.1" 302 - "-" "Mozilla/5.0 (Windows NT 10.0; Win64; x64) AppleWebKit/537.36 (KHTML, like Gecko) Chrome/120.0.0.0 Safari/537.36"
103.4.122.14 - - [22/Jan/2026:04:01:26 +0800] "POST /wp-cron.php?doing_wp_cron=1769025685.9268081188201904296875 HTTP/1.1" 200 - "-" "WordPress/6.9; https://expressinteriors.com"
103.4.122.14 - - [22/Jan/2026:04:01:26 +0800] "POST /wp-cron.php?doing_wp_cron=1769025686.0829339027404785156250 HTTP/1.1" 200 - "-" "WordPress/6.9; https://expressinteriors.com"
163.237.217.11 - - [22/Jan/2026:04:01:25 +0800] "HEAD / HTTP/1.1" 301 - "-" "Mozilla/5.0"
103.4.122.14 - - [22/Jan/2026:04:34:41 +0800] "POST /wp-cron.php?doing_wp_cron=1769027681.1778550148010253906250 HTTP/1.1" 200 - "-" "WordPress/6.9; https://expressinteriors.com"
93.171.157.249 - - [22/Jan/2026:04:34:40 +0800] "GET //wp-json/wp/v2/posts HTTP/1.0" 200 2439 "-" "Mozilla/5.0 (Windows NT 10.0; Win64; x64) AppleWebKit/537.36 (KHTML, like Gecko) Chrome/120.0.0.0 Safari/537.36"
138.246.253.24 - - [22/Jan/2026:04:39:36 +0800] "GET /robots.txt HTTP/1.1" 200 67 "-" "Mozilla/5.0 (Windows NT 10.0; Win64; x64) AppleWebKit/537.36 (KHTML, like Gecko) Chrome/103.0.5060.134 Safari/537.36"
104.210.140.131 - - [22/Jan/2026:04:57:46 +0800] "GET /robots.txt HTTP/1.1" 200 69 "-" "Mozilla/5.0 (Macintosh; Intel Mac OS X 10_15_7) AppleWebKit/537.36 (KHTML, like Gecko) Chrome/131.0.0.0 Safari/537.36; compatible; OAI-SearchBot/1.0; +https://openai.com/searchbot"
165.227.149.155 - - [22/Jan/2026:05:12:50 +0800] "GET /wp-json/wp/v2/posts HTTP/1.1" 200 2439 "-" "Mozilla/5.0 (Windows NT 10.0; Win64; x64) AppleWebKit/537.36 (KHTML, like Gecko) Chrome/120.0.0.0 Safari/537.36"
165.227.149.155 - - [22/Jan/2026:05:12:53 +0800] "POST /wp-comments-post.php HTTP/1.1" 302 - "-" "Mozilla/5.0 (Windows NT 10.0; Win64; x64) AppleWebKit/537.36 (KHTML, like Gecko) Chrome/120.0.0.0 Safari/537.36"
103.4.122.14 - - [22/Jan/2026:05:29:22 +0800] "POST /wp-cron.php?doing_wp_cron=1769030962.8307919502258300781250 HTTP/1.1" 200 - "-" "WordPress/6.9; https://expressinteriors.com"
103.4.122.14 - - [22/Jan/2026:05:29:23 +0800] "POST /wp-cron.php?doing_wp_cron=1769030962.9851210117340087890625 HTTP/1.1" 200 - "-" "WordPress/6.9; https://expressinteriors.com"
163.237.217.11 - - [22/Jan/2026:05:29:22 +0800] "HEAD / HTTP/1.1" 301 - "-" "Mozilla/5.0"
43.153.58.28 - - [22/Jan/2026:05:57:34 +0800] "GET / HTTP/1.1" 403 199 "-" "Mozilla/5.0 (iPhone; CPU iPhone OS 13_2_3 like Mac OS X) AppleWebKit/605.1.15 (KHTML, like Gecko) Version/13.0.3 Mobile/15E148 Safari/604.1"
103.4.122.14 - - [22/Jan/2026:06:57:12 +0800] "POST /wp-cron.php?doing_wp_cron=1769036232.8374989032745361328125 HTTP/1.1" 200 - "-" "WordPress/6.9; https://expressinteriors.com"
103.4.122.14 - - [22/Jan/2026:06:57:13 +0800] "POST /wp-cron.php?doing_wp_cron=1769036232.8961520195007324218750 HTTP/1.1" 200 - "-" "WordPress/6.9; https://expressinteriors.com"
163.237.217.11 - - [22/Jan/2026:06:57:12 +0800] "HEAD / HTTP/1.1" 301 - "-" "Mozilla/5.0"
103.4.122.14 - - [22/Jan/2026:08:10:38 +0800] "POST /wp-cron.php?doing_wp_cron=1769040637.8551530838012695312500 HTTP/1.1" 200 - "-" "WordPress/6.9; https://expressinteriors.com"
103.4.122.14 - - [22/Jan/2026:08:10:38 +0800] "POST /wp-cron.php?doing_wp_cron=1769040638.2343049049377441406250 HTTP/1.1" 200 - "-" "WordPress/6.9; https://expressinteriors.com"
184.105.108.4 - - [22/Jan/2026:08:10:37 +0800] "GET / HTTP/1.1" 200 15140 "-" "Mozilla/5.0 (Windows NT 10.0; Win64; x64) AppleWebKit/537.36 (KHTML, like Gecko) Chrome/143.0.7499.40 Safari/537.36"
163.237.217.11 - - [22/Jan/2026:08:12:47 +0800] "HEAD / HTTP/1.1" 301 - "-" "Mozilla/5.0"
17.246.23.81 - - [22/Jan/2026:08:12:52 +0800] "GET /robots.txt HTTP/1.1" 200 69 "-" "Mozilla/5.0 (Macintosh; Intel Mac OS X 10_15_7) AppleWebKit/605.1.15 (KHTML, like Gecko) Version/17.4 Safari/605.1.15 (Applebot/0.1; +http://www.apple.com/go/applebot)"
17.246.23.81 - - [22/Jan/2026:08:12:53 +0800] "GET /comments/feed/ HTTP/1.1" 200 747 "-" "Mozilla/5.0 (Macintosh; Intel Mac OS X 10_15_7) AppleWebKit/605.1.15 (KHTML, like Gecko) Version/17.4 Safari/605.1.15 (Applebot/0.1; +http://www.apple.com/go/applebot)"
