103.4.122.14 - - [19/Jan/2026:07:34:05 +0800] "POST /wp-cron.php?doing_wp_cron=1768779245.6090250015258789062500 HTTP/1.1" 200 - "-" "WordPress/6.9; https://expressinteriors.com"
51.68.107.139 - - [19/Jan/2026:07:34:05 +0800] "GET /robots.txt HTTP/1.1" 200 69 "-" "Mozilla/5.0 (compatible; MJ12bot/v2.0.4; http://mj12bot.com/)"
51.68.107.139 - - [19/Jan/2026:07:34:06 +0800] "GET / HTTP/1.1" 301 - "-" "Mozilla/5.0 (compatible; MJ12bot/v2.0.4; http://mj12bot.com/)"
103.172.121.60 - - [19/Jan/2026:07:34:06 +0800] "GET /wp-json/wp/v2/posts HTTP/1.1" 200 2439 "-" "Mozilla/5.0 (Windows NT 10.0; Win64; x64) AppleWebKit/537.36 (KHTML, like Gecko) Chrome/120.0.0.0 Safari/537.36"
51.68.107.139 - - [19/Jan/2026:07:34:07 +0800] "GET /robots.txt HTTP/1.1" 200 69 "-" "Mozilla/5.0 (compatible; MJ12bot/v2.0.4; http://mj12bot.com/)"
103.172.121.60 - - [19/Jan/2026:07:34:08 +0800] "POST /wp-comments-post.php HTTP/1.1" 302 - "-" "Mozilla/5.0 (Windows NT 10.0; Win64; x64) AppleWebKit/537.36 (KHTML, like Gecko) Chrome/120.0.0.0 Safari/537.36"
51.68.107.139 - - [19/Jan/2026:07:34:08 +0800] "GET / HTTP/1.1" 200 15140 "-" "Mozilla/5.0 (compatible; MJ12bot/v2.0.4; http://mj12bot.com/)"
51.68.107.139 - - [19/Jan/2026:07:34:10 +0800] "GET /robots.txt HTTP/1.1" 301 - "-" "Mozilla/5.0 (compatible; MJ12bot/v2.0.4; http://mj12bot.com/)"
51.68.107.139 - - [19/Jan/2026:07:34:11 +0800] "GET /robots.txt HTTP/1.1" 200 69 "-" "Mozilla/5.0 (compatible; MJ12bot/v2.0.4; http://mj12bot.com/)"
51.68.107.139 - - [19/Jan/2026:07:34:12 +0800] "GET / HTTP/1.1" 301 - "-" "Mozilla/5.0 (compatible; MJ12bot/v2.0.4; http://mj12bot.com/)"
51.68.107.139 - - [19/Jan/2026:07:34:13 +0800] "GET / HTTP/1.1" 200 15140 "-" "Mozilla/5.0 (compatible; MJ12bot/v2.0.4; http://mj12bot.com/)"
163.237.217.11 - - [19/Jan/2026:07:51:34 +0800] "HEAD / HTTP/1.1" 301 - "-" "Mozilla/5.0"
103.4.122.14 - - [19/Jan/2026:08:12:39 +0800] "POST /wp-cron.php?doing_wp_cron=1768781559.6352789402008056640625 HTTP/1.1" 200 - "-" "WordPress/6.9; https://expressinteriors.com"
51.222.95.29 - - [19/Jan/2026:08:12:38 +0800] "GET / HTTP/1.1" 200 15140 "-" "Mozilla/5.0 (compatible; AhrefsBot/7.0; +http://ahrefs.com/robot/)"
103.4.122.14 - - [19/Jan/2026:08:50:07 +0800] "POST /wp-cron.php?doing_wp_cron=1768783807.6352119445800781250000 HTTP/1.1" 200 - "-" "WordPress/6.9; https://expressinteriors.com"
41.185.8.76 - - [19/Jan/2026:08:50:06 +0800] "POST /xmlrpc.php HTTP/1.1" 200 225 "-" "Mozilla/5.0 (Macintosh; Intel Mac OS X 10_11_6) AppleWebKit/603.1.30 (KHTML, like Gecko) Version/10.1 Safari/603.1.30"
103.4.122.14 - - [19/Jan/2026:08:52:58 +0800] "POST /wp-cron.php?doing_wp_cron=1768783977.7006740570068359375000 HTTP/1.1" 200 - "-" "WordPress/6.9; https://expressinteriors.com"
88.210.35.166 - - [19/Jan/2026:08:52:57 +0800] "GET /2023/02/27/hello-world/ HTTP/1.0" 200 78541 "https://expressinteriors.com/2023/02/27/hello-world/" "Mozilla/5.0 (Windows NT 10.0; Win64; x64) AppleWebKit/537.36 (KHTML, like Gecko) Chrome/131.0.0.0 Safari/537.36"
88.210.35.166 - - [19/Jan/2026:08:53:08 +0800] "POST /wp-comments-post.php HTTP/1.0" 302 - "https://expressinteriors.com/2023/02/27/hello-world/" "Mozilla/5.0 (Windows NT 10.0; Win64; x64) AppleWebKit/537.36 (KHTML, like Gecko) Chrome/131.0.0.0 Safari/537.36"
88.210.35.166 - - [19/Jan/2026:08:53:10 +0800] "GET /2023/02/27/hello-world/ HTTP/1.0" 200 81572 "https://expressinteriors.com/2023/02/27/hello-world/#comment-901" "Mozilla/5.0 (Windows NT 10.0; Win64; x64) AppleWebKit/537.36 (KHTML, like Gecko) Chrome/131.0.0.0 Safari/537.36"
85.203.47.141 - - [19/Jan/2026:09:09:26 +0800] "HEAD / HTTP/1.1" 200 - "-" "Mozilla/5.0 (Windows NT 10.0; Win64; x64) AppleWebKit/537.36 (KHTML, like Gecko) Chrome/123.0.0.0 Safari/537.36 Vivaldi/6.7"
85.203.47.141 - - [19/Jan/2026:09:09:28 +0800] "GET /?rest_route=/wp/v2/users HTTP/1.1" 200 761 "-" "Mozilla/5.0 (Macintosh; Intel Mac OS X 13.5; rv:124.0) Gecko/20100101 Firefox/124.0"
85.203.47.141 - - [19/Jan/2026:09:09:29 +0800] "POST /xmlrpc.php HTTP/1.1" 200 206 "-" "Mozilla/5.0 (Windows NT 10.0; Win64; x64) AppleWebKit/537.36 (KHTML, like Gecko) Chrome/123.0.0.0 Safari/537.36 Vivaldi/6.7"
85.203.47.139 - - [19/Jan/2026:09:09:32 +0800] "POST /xmlrpc.php HTTP/1.1" 200 206 "-" "Mozilla/5.0 (X11; Linux x86_64) AppleWebKit/537.36 (KHTML, like Gecko) Chrome/124.0.0.0 Safari/537.36 Brave/1.65.0"
85.203.47.113 - - [19/Jan/2026:09:09:35 +0800] "POST /xmlrpc.php HTTP/1.1" 200 206 "-" "Mozilla/5.0 (Windows NT 11.0; Win64; x64) AppleWebKit/537.36 (KHTML, like Gecko) Chrome/125.0.0.0 Safari/537.36 Edg/125.0.0.0"
85.203.47.128 - - [19/Jan/2026:09:09:38 +0800] "POST /xmlrpc.php HTTP/1.1" 200 206 "-" "Mozilla/5.0 (Windows NT 10.0; Win64; x64) AppleWebKit/537.36 (KHTML, like Gecko) Chrome/124.0.0.0 Safari/537.36 Brave/1.65.0"
85.203.47.114 - - [19/Jan/2026:09:09:42 +0800] "POST /xmlrpc.php HTTP/1.1" 200 206 "-" "Mozilla/5.0 (Macintosh; Intel Mac OS X 10_15_7) AppleWebKit/605.1.15 (KHTML, like Gecko) Version/17.5 Safari/605.1.15"
85.203.47.154 - - [19/Jan/2026:09:09:48 +0800] "POST /xmlrpc.php HTTP/1.1" 200 206 "-" "Mozilla/5.0 (Windows NT 10.0; WOW64) AppleWebKit/537.36 (KHTML, like Gecko) Chrome/118.0.0.0 Safari/537.36"
85.203.47.155 - - [19/Jan/2026:09:09:54 +0800] "POST /xmlrpc.php HTTP/1.1" 200 206 "-" "Mozilla/5.0 (X11; Linux x86_64) AppleWebKit/537.36 (KHTML, like Gecko) Chrome/124.0.0.0 Safari/537.36"
85.203.47.144 - - [19/Jan/2026:09:09:59 +0800] "POST /xmlrpc.php HTTP/1.1" 200 206 "-" "Mozilla/5.0 (Windows NT 10.0; Win64; x64) AppleWebKit/537.36 (KHTML, like Gecko) Chrome/124.0.0.0 Safari/537.36 OPR/108.0.0.0"
85.203.47.125 - - [19/Jan/2026:09:10:05 +0800] "POST /xmlrpc.php HTTP/1.1" 200 206 "-" "Mozilla/5.0 (X11; Linux x86_64) AppleWebKit/537.36 (KHTML, like Gecko) Chrome/124.0.0.0 Safari/537.36 Edg/124.0.0.0"
85.203.47.154 - - [19/Jan/2026:09:10:11 +0800] "POST /xmlrpc.php HTTP/1.1" 200 206 "-" "Mozilla/5.0 (Macintosh; Intel Mac OS X 14_3) AppleWebKit/605.1.15 (KHTML, like Gecko) Version/17.3 Safari/605.1.15"
85.203.47.136 - - [19/Jan/2026:09:10:14 +0800] "POST /xmlrpc.php HTTP/1.1" 200 206 "-" "Mozilla/5.0 (Windows NT 10.0; Win64; x64) AppleWebKit/537.36 (KHTML, like Gecko) Chrome/124.0.0.0 Safari/537.36 OPR/108.0.0.0"
85.203.47.154 - - [19/Jan/2026:09:10:19 +0800] "POST /xmlrpc.php HTTP/1.1" 200 206 "-" "Mozilla/5.0 (Windows NT 10.0; Win64; x64) AppleWebKit/537.36 (KHTML, like Gecko) Chrome/124.0.0.0 Safari/537.36"
103.4.122.14 - - [19/Jan/2026:09:44:47 +0800] "POST /wp-cron.php?doing_wp_cron=1768787087.2331919670104980468750 HTTP/1.1" 200 - "-" "WordPress/6.9; https://expressinteriors.com"
98.93.184.97 - - [19/Jan/2026:09:44:46 +0800] "GET / HTTP/1.1" 200 78844 "-" "Mozilla/5.0 (Windows NT 10.0; Win64; x64) AppleWebKit/537.36 (KHTML, like Gecko) Chrome/125 Safari/537.36"
173.214.167.46 - - [19/Jan/2026:09:50:06 +0800] "GET /wp-content/plugins/fix/up.php HTTP/1.1" 403 199 "-" "Mozilla/5.0 (Windows NT 10.0; Win64; x64) AppleWebKit/537.36 (KHTML, like Gecko) Chrome/87.0.4280.141 Safari/537.36"
103.4.122.14 - - [19/Jan/2026:10:38:38 +0800] "POST /wp-cron.php?doing_wp_cron=1768790318.6621689796447753906250 HTTP/1.1" 200 - "-" "WordPress/6.9; https://expressinteriors.com"
103.4.122.14 - - [19/Jan/2026:10:38:39 +0800] "POST /wp-cron.php?doing_wp_cron=1768790318.8143990039825439453125 HTTP/1.1" 200 - "-" "WordPress/6.9; https://expressinteriors.com"
163.237.217.11 - - [19/Jan/2026:10:38:37 +0800] "HEAD / HTTP/1.1" 301 - "-" "Mozilla/5.0"
43.130.72.40 - - [19/Jan/2026:11:05:09 +0800] "GET / HTTP/1.1" 403 199 "-" "Mozilla/5.0 (iPhone; CPU iPhone OS 13_2_3 like Mac OS X) AppleWebKit/605.1.15 (KHTML, like Gecko) Version/13.0.3 Mobile/15E148 Safari/604.1"
103.4.122.14 - - [19/Jan/2026:11:38:22 +0800] "POST /wp-cron.php?doing_wp_cron=1768793902.1673591136932373046875 HTTP/1.1" 200 - "-" "WordPress/6.9; https://expressinteriors.com"
112.119.43.57 - - [19/Jan/2026:11:38:19 +0800] "GET //wp-json/wp/v2/posts HTTP/1.0" 200 2439 "-" "Mozilla/5.0 (Windows NT 10.0; Win64; x64) AppleWebKit/537.36 (KHTML, like Gecko) Chrome/120.0.0.0 Safari/537.36"
163.237.217.11 - - [19/Jan/2026:12:01:35 +0800] "GET / HTTP/1.1" 403 199 "-" "Go-http-client/1.1"
103.4.122.14 - - [19/Jan/2026:12:23:32 +0800] "POST /wp-cron.php?doing_wp_cron=1768796612.2090790271759033203125 HTTP/1.1" 200 - "-" "WordPress/6.9; https://expressinteriors.com"
103.4.122.14 - - [19/Jan/2026:12:23:32 +0800] "POST /wp-cron.php?doing_wp_cron=1768796612.4529280662536621093750 HTTP/1.1" 200 - "-" "WordPress/6.9; https://expressinteriors.com"
198.244.240.34 - - [19/Jan/2026:12:23:31 +0800] "GET /robots.txt HTTP/1.1" 200 69 "-" "Mozilla/5.0 (compatible; AhrefsBot/7.0; +http://ahrefs.com/robot/)"
15.235.96.175 - - [19/Jan/2026:12:23:36 +0800] "GET / HTTP/1.1" 200 15140 "-" "Mozilla/5.0 (compatible; AhrefsBot/7.0; +http://ahrefs.com/robot/)"
87.121.84.125 - - [19/Jan/2026:12:23:51 +0800] "GET /admin/assets/plugins/jquery-file-upload/server/php/index.php?file=tf2rghf.jpg HTTP/1.1" 301 - "-" "ALittle Client"
87.121.84.125 - - [19/Jan/2026:12:24:18 +0800] "GET /admin/assets/plugins/jquery-file-upload/server/php/?file=tf2rghf.jpg HTTP/1.1" 404 65563 "-" "ALittle Client"
103.77.106.118 - - [19/Jan/2026:12:47:44 +0800] "GET /sftp-config.json HTTP/1.1" 403 199 "-" "Mozilla/5.0 (Macintosh; Intel Mac OS X 10.15; rv:77.0) Gecko/20100101 Firefox/77.0"
103.77.106.118 - - [19/Jan/2026:12:47:44 +0800] "GET /.vscode/sftp.json HTTP/1.1" 403 199 "-" "Mozilla/5.0 (Macintosh; Intel Mac OS X 10.15; rv:77.0) Gecko/20100101 Firefox/77.0"
62.133.62.12 - - [19/Jan/2026:12:48:38 +0800] "GET /wp-json/wp/v2/posts HTTP/1.1" 200 2439 "-" "Mozilla/5.0 (Windows NT 10.0; Win64; x64) AppleWebKit/537.36 (KHTML, like Gecko) Chrome/120.0.0.0 Safari/537.36"
31.10.83.158 - - [19/Jan/2026:12:48:39 +0800] "GET //wp-json/wp/v2/posts HTTP/1.0" 200 2439 "-" "Mozilla/5.0 (Windows NT 10.0; Win64; x64) AppleWebKit/537.36 (KHTML, like Gecko) Chrome/120.0.0.0 Safari/537.36"
164.77.40.112 - - [19/Jan/2026:13:06:36 +0800] "GET /wp-json/wp/v2/posts HTTP/1.1" 200 2439 "-" "Mozilla/5.0 (Windows NT 10.0; Win64; x64) AppleWebKit/537.36 (KHTML, like Gecko) Chrome/120.0.0.0 Safari/537.36"
164.77.40.112 - - [19/Jan/2026:13:06:39 +0800] "POST /wp-comments-post.php HTTP/1.1" 302 - "-" "Mozilla/5.0 (Windows NT 10.0; Win64; x64) AppleWebKit/537.36 (KHTML, like Gecko) Chrome/120.0.0.0 Safari/537.36"
103.4.122.14 - - [19/Jan/2026:13:24:02 +0800] "POST /wp-cron.php?doing_wp_cron=1768800242.5955979824066162109375 HTTP/1.1" 200 - "-" "WordPress/6.9; https://expressinteriors.com"
103.4.122.14 - - [19/Jan/2026:13:24:02 +0800] "POST /wp-cron.php?doing_wp_cron=1768800242.7502300739288330078125 HTTP/1.1" 200 - "-" "WordPress/6.9; https://expressinteriors.com"
163.237.217.11 - - [19/Jan/2026:13:24:01 +0800] "HEAD / HTTP/1.1" 301 - "-" "Mozilla/5.0"
103.4.122.14 - - [19/Jan/2026:14:46:40 +0800] "POST /wp-cron.php?doing_wp_cron=1768805199.9221520423889160156250 HTTP/1.1" 200 - "-" "WordPress/6.9; https://expressinteriors.com"
103.4.122.14 - - [19/Jan/2026:14:46:40 +0800] "POST /wp-cron.php?doing_wp_cron=1768805200.2019460201263427734375 HTTP/1.1" 200 - "-" "WordPress/6.9; https://expressinteriors.com"
163.237.217.11 - - [19/Jan/2026:14:46:39 +0800] "HEAD / HTTP/1.1" 301 - "-" "Mozilla/5.0"
58.173.9.188 - - [19/Jan/2026:14:46:51 +0800] "GET /favicon.ico HTTP/1.1" 302 - "-" "eMClient/10.4.4209.0"
58.173.9.188 - - [19/Jan/2026:14:46:52 +0800] "GET /wp-includes/images/w-logo-blue-white-bg.png HTTP/1.1" 200 4119 "-" "eMClient/10.4.4209.0"
58.173.9.188 - - [19/Jan/2026:14:46:52 +0800] "GET /apple-touch-icon.png HTTP/1.1" 301 - "-" "eMClient/10.4.4209.0"
58.173.9.188 - - [19/Jan/2026:14:46:52 +0800] "GET /favicon.ico HTTP/1.1" 302 - "-" "eMClient/10.4.4209.0"
58.173.9.188 - - [19/Jan/2026:14:46:52 +0800] "GET /apple-touch-icon.png HTTP/1.1" 404 65563 "-" "eMClient/10.4.4209.0"
58.173.9.188 - - [19/Jan/2026:14:46:52 +0800] "GET /wp-includes/images/w-logo-blue-white-bg.png HTTP/1.1" 200 4119 "-" "eMClient/10.4.4209.0"
58.173.9.188 - - [19/Jan/2026:14:46:52 +0800] "GET /apple-touch-icon-precomposed.png HTTP/1.1" 301 - "-" "eMClient/10.4.4209.0"
58.173.9.188 - - [19/Jan/2026:14:46:52 +0800] "GET / HTTP/1.1" 301 - "-" "eMClient/10.4.4209.0"
58.173.9.188 - - [19/Jan/2026:14:46:52 +0800] "GET /apple-touch-icon-precomposed.png HTTP/1.1" 404 65563 "-" "eMClient/10.4.4209.0"
58.173.9.188 - - [19/Jan/2026:14:46:52 +0800] "GET /apple-touch-icon.png HTTP/1.1" 404 65563 "-" "eMClient/10.4.4209.0"
58.173.9.188 - - [19/Jan/2026:14:46:53 +0800] "GET /apple-touch-icon-precomposed.png HTTP/1.1" 404 65563 "-" "eMClient/10.4.4209.0"
58.173.9.188 - - [19/Jan/2026:14:46:53 +0800] "GET / HTTP/1.1" 200 15140 "-" "eMClient/10.4.4209.0"
103.4.122.14 - - [19/Jan/2026:16:09:05 +0800] "POST /wp-cron.php?doing_wp_cron=1768810145.1883120536804199218750 HTTP/1.1" 200 - "-" "WordPress/6.9; https://expressinteriors.com"
103.4.122.14 - - [19/Jan/2026:16:09:05 +0800] "POST /wp-cron.php?doing_wp_cron=1768810145.3433470726013183593750 HTTP/1.1" 200 - "-" "WordPress/6.9; https://expressinteriors.com"
163.237.217.11 - - [19/Jan/2026:16:09:04 +0800] "HEAD / HTTP/1.1" 301 - "-" "Mozilla/5.0"
43.132.214.228 - - [19/Jan/2026:16:46:17 +0800] "GET / HTTP/1.1" 403 199 "-" "Mozilla/5.0 (iPhone; CPU iPhone OS 13_2_3 like Mac OS X) AppleWebKit/605.1.15 (KHTML, like Gecko) Version/13.0.3 Mobile/15E148 Safari/604.1"
103.4.122.14 - - [19/Jan/2026:17:15:06 +0800] "POST /wp-cron.php?doing_wp_cron=1768814105.8618130683898925781250 HTTP/1.1" 200 - "-" "WordPress/6.9; https://expressinteriors.com"
103.4.122.14 - - [19/Jan/2026:17:15:06 +0800] "POST /wp-cron.php?doing_wp_cron=1768814106.1496760845184326171875 HTTP/1.1" 200 - "-" "WordPress/6.9; https://expressinteriors.com"
112.121.183.178 - - [19/Jan/2026:17:15:05 +0800] "GET /Public/ckeditor/styles.js HTTP/1.1" 301 - "-" "Mozilla/5.0 (Windows NT 10.0; WOW64; rv:48.0) Gecko/20100101 Firefox/48.0"
216.118.251.70 - - [19/Jan/2026:17:15:06 +0800] "GET /apps/admin/view/default/images/logo.png HTTP/1.1" 301 - "-" "Mozilla/5.0 (Windows NT 10.0; WOW64; rv:48.0) Gecko/20100101 Firefox/48.0"
112.121.183.178 - - [19/Jan/2026:17:15:06 +0800] "GET /Public/ckeditor/styles.js HTTP/1.1" 404 65563 "-" "Mozilla/5.0 (Windows NT 10.0; WOW64; rv:48.0) Gecko/20100101 Firefox/48.0"
216.118.251.70 - - [19/Jan/2026:17:15:07 +0800] "GET /apps/admin/view/default/images/logo.png HTTP/1.1" 404 65563 "-" "Mozilla/5.0 (Windows NT 10.0; WOW64; rv:48.0) Gecko/20100101 Firefox/48.0"
103.4.122.14 - - [19/Jan/2026:17:24:20 +0800] "POST /wp-cron.php?doing_wp_cron=1768814660.2701370716094970703125 HTTP/1.1" 200 - "-" "WordPress/6.9; https://expressinteriors.com"
112.121.183.178 - - [19/Jan/2026:17:24:19 +0800] "GET /Public/ckeditor/styles.js HTTP/1.1" 301 - "-" "Mozilla/5.0 (Windows NT 10.0; WOW64; rv:48.0) Gecko/20100101 Firefox/48.0"
112.121.183.178 - - [19/Jan/2026:17:24:21 +0800] "GET /Public/ckeditor/styles.js HTTP/1.1" 404 65574 "-" "Mozilla/5.0 (Windows NT 10.0; WOW64; rv:48.0) Gecko/20100101 Firefox/48.0"
216.118.251.70 - - [19/Jan/2026:17:25:25 +0800] "GET /apps/admin/view/default/images/logo.png HTTP/1.1" 301 - "-" "Mozilla/5.0 (Windows NT 10.0; WOW64; rv:48.0) Gecko/20100101 Firefox/48.0"
216.118.251.70 - - [19/Jan/2026:17:25:27 +0800] "GET /apps/admin/view/default/images/logo.png HTTP/1.1" 404 65574 "-" "Mozilla/5.0 (Windows NT 10.0; WOW64; rv:48.0) Gecko/20100101 Firefox/48.0"
163.237.217.11 - - [19/Jan/2026:17:28:11 +0800] "HEAD / HTTP/1.1" 301 - "-" "Mozilla/5.0"
103.70.76.30 - - [19/Jan/2026:17:48:45 +0800] "GET /xxxss HTTP/1.1" 301 - "-" "Mozilla/5.0 (Windows NT 10.0; WOW64; rv:48.0) Gecko/20100101 Firefox/48.0"
103.70.76.30 - - [19/Jan/2026:17:48:46 +0800] "GET /xxxss HTTP/1.1" 404 65563 "-" "Mozilla/5.0 (Windows NT 10.0; WOW64; rv:48.0) Gecko/20100101 Firefox/48.0"
103.163.208.106 - - [19/Jan/2026:17:54:12 +0800] "GET /login.php?s=Admin/login HTTP/1.1" 301 - "-" "Mozilla/5.0 (Windows NT 10.0; WOW64; rv:48.0) Gecko/20100101 Firefox/48.0"
103.163.208.106 - - [19/Jan/2026:17:54:13 +0800] "GET /login.php?s=Admin/login HTTP/1.1" 404 65563 "-" "Mozilla/5.0 (Windows NT 10.0; WOW64; rv:48.0) Gecko/20100101 Firefox/48.0"
103.4.122.14 - - [19/Jan/2026:18:18:37 +0800] "POST /wp-cron.php?doing_wp_cron=1768817917.5575759410858154296875 HTTP/1.1" 200 - "-" "WordPress/6.9; https://expressinteriors.com"
103.70.76.30 - - [19/Jan/2026:18:18:36 +0800] "GET /yseoa/login.php HTTP/1.1" 301 - "-" "Mozilla/5.0 (Windows NT 10.0; WOW64; rv:48.0) Gecko/20100101 Firefox/48.0"
103.70.76.30 - - [19/Jan/2026:18:18:38 +0800] "GET /yseoa/login.php HTTP/1.1" 404 65563 "-" "Mozilla/5.0 (Windows NT 10.0; WOW64; rv:48.0) Gecko/20100101 Firefox/48.0"
163.237.217.11 - - [19/Jan/2026:18:50:33 +0800] "GET / HTTP/1.1" 403 199 "-" "Go-http-client/1.1"
170.106.187.106 - - [19/Jan/2026:18:53:55 +0800] "GET / HTTP/1.1" 403 199 "-" "Mozilla/5.0 (iPhone; CPU iPhone OS 13_2_3 like Mac OS X) AppleWebKit/605.1.15 (KHTML, like Gecko) Version/13.0.3 Mobile/15E148 Safari/604.1"
103.4.122.14 - - [19/Jan/2026:20:13:24 +0800] "POST /wp-cron.php?doing_wp_cron=1768824804.4255399703979492187500 HTTP/1.1" 200 - "-" "WordPress/6.9; https://expressinteriors.com"
103.4.122.14 - - [19/Jan/2026:20:13:24 +0800] "POST /wp-cron.php?doing_wp_cron=1768824804.5803279876708984375000 HTTP/1.1" 200 - "-" "WordPress/6.9; https://expressinteriors.com"
163.237.217.11 - - [19/Jan/2026:20:13:23 +0800] "HEAD / HTTP/1.1" 301 - "-" "Mozilla/5.0"
103.4.122.14 - - [19/Jan/2026:20:24:11 +0800] "POST /wp-cron.php?doing_wp_cron=1768825451.3452460765838623046875 HTTP/1.1" 200 - "-" "WordPress/6.9; https://expressinteriors.com"
45.153.163.112 - - [19/Jan/2026:20:24:10 +0800] "HEAD /wp-content/plugins/modular-connector/vendor/symfony/var-dumper/Resources/css/htmlDescriptor.css HTTP/1.1" 404 - "https://expressinteriors.com/" "Mozilla/5.0 (X11; Ubuntu; Linux x86_64; rv:146.0) Gecko/20100101 Firefox/146.0"
146.190.29.254 - - [19/Jan/2026:20:32:44 +0800] "GET / HTTP/1.1" 301 - "-" "Mozilla/5.0 (X11; Linux x86_64) AppleWebKit/537.36 (KHTML, like Gecko) Chrome/142.0.0.0 Safari/537.36"
146.190.29.254 - - [19/Jan/2026:20:32:45 +0800] "GET /favicon.ico HTTP/1.1" 302 - "http://expressinteriors.com/" "Mozilla/5.0 (X11; Linux x86_64) AppleWebKit/537.36 (KHTML, like Gecko) Chrome/142.0.0.0 Safari/537.36"
146.190.29.254 - - [19/Jan/2026:20:32:46 +0800] "GET / HTTP/1.1" 200 15140 "-" "Mozilla/5.0 (X11; Linux x86_64) AppleWebKit/537.36 (KHTML, like Gecko) Chrome/142.0.0.0 Safari/537.36"
146.190.29.254 - - [19/Jan/2026:20:32:53 +0800] "GET /favicon.ico HTTP/1.1" 302 - "https://expressinteriors.com/" "Mozilla/5.0 (X11; Linux x86_64) AppleWebKit/537.36 (KHTML, like Gecko) Chrome/142.0.0.0 Safari/537.36"
49.234.192.248 - - [19/Jan/2026:20:40:37 +0800] "GET / HTTP/1.1" 403 199 "-" "Mozilla/5.0 (iPhone; CPU iPhone OS 13_2_3 like Mac OS X) AppleWebKit/605.1.15 (KHTML, like Gecko) Version/13.0.3 Mobile/15E148 Safari/604.1"
54.39.89.143 - - [19/Jan/2026:20:43:45 +0800] "GET /robots.txt HTTP/1.1" 200 69 "-" "Mozilla/5.0 (compatible; AhrefsBot/7.0; +http://ahrefs.com/robot/)"
51.161.65.159 - - [19/Jan/2026:20:43:50 +0800] "GET / HTTP/1.1" 200 15140 "-" "Mozilla/5.0 (compatible; AhrefsBot/7.0; +http://ahrefs.com/robot/)"
103.4.122.14 - - [19/Jan/2026:21:36:37 +0800] "POST /wp-cron.php?doing_wp_cron=1768829797.4120149612426757812500 HTTP/1.1" 200 - "-" "WordPress/6.9; https://expressinteriors.com"
103.4.122.14 - - [19/Jan/2026:21:36:37 +0800] "POST /wp-cron.php?doing_wp_cron=1768829797.5638039112091064453125 HTTP/1.1" 200 - "-" "WordPress/6.9; https://expressinteriors.com"
163.237.217.11 - - [19/Jan/2026:21:36:36 +0800] "HEAD / HTTP/1.1" 301 - "-" "Mozilla/5.0"
43.166.244.192 - - [19/Jan/2026:22:03:16 +0800] "GET / HTTP/1.1" 403 199 "-" "Mozilla/5.0 (iPhone; CPU iPhone OS 13_2_3 like Mac OS X) AppleWebKit/605.1.15 (KHTML, like Gecko) Version/13.0.3 Mobile/15E148 Safari/604.1"
104.28.246.115 - - [19/Jan/2026:22:22:40 +0800] "GET /style.php HTTP/1.1" 403 199 "-" "Go-http-client/1.1"
104.28.246.115 - - [19/Jan/2026:22:22:43 +0800] "GET /wp-content/style.php HTTP/1.1" 403 199 "-" "Go-http-client/1.1"
104.28.246.115 - - [19/Jan/2026:22:22:44 +0800] "GET /wp-content/themes/style.php HTTP/1.1" 403 199 "-" "Go-http-client/1.1"
103.4.122.14 - - [19/Jan/2026:22:59:51 +0800] "POST /wp-cron.php?doing_wp_cron=1768834791.2006440162658691406250 HTTP/1.1" 200 - "-" "WordPress/6.9; https://expressinteriors.com"
103.4.122.14 - - [19/Jan/2026:22:59:51 +0800] "POST /wp-cron.php?doing_wp_cron=1768834791.3542070388793945312500 HTTP/1.1" 200 - "-" "WordPress/6.9; https://expressinteriors.com"
163.237.217.11 - - [19/Jan/2026:22:59:50 +0800] "HEAD / HTTP/1.1" 301 - "-" "Mozilla/5.0"
212.34.138.212 - - [19/Jan/2026:23:04:04 +0800] "GET /2023/02/27/hello-world/ HTTP/1.0" 200 78541 "https://expressinteriors.com/2023/02/27/hello-world/#comment-759" "Mozilla/5.0 (Windows NT 10.0; Win64; x64) AppleWebKit/537.36 (KHTML, like Gecko) Chrome/130.0.0.0 Safari/537.36 CCleaner/130.0.0.0"
212.34.138.212 - - [19/Jan/2026:23:04:06 +0800] "POST /wp-comments-post.php HTTP/1.0" 302 - "https://expressinteriors.com/2023/02/27/hello-world/#comment-759" "Mozilla/5.0 (Windows NT 10.0; Win64; x64) AppleWebKit/537.36 (KHTML, like Gecko) Chrome/130.0.0.0 Safari/537.36 CCleaner/130.0.0.0"
212.34.138.212 - - [19/Jan/2026:23:04:08 +0800] "GET /2023/02/27/hello-world/ HTTP/1.0" 200 86546 "https://expressinteriors.com/2023/02/27/hello-world/#comment-903" "Mozilla/5.0 (Windows NT 10.0; Win64; x64) AppleWebKit/537.36 (KHTML, like Gecko) Chrome/130.0.0.0 Safari/537.36 CCleaner/130.0.0.0"
103.4.122.14 - - [19/Jan/2026:23:24:00 +0800] "POST /wp-cron.php?doing_wp_cron=1768836240.7008779048919677734375 HTTP/1.1" 200 - "-" "WordPress/6.9; https://expressinteriors.com"
69.165.67.39 - - [19/Jan/2026:23:24:00 +0800] "GET /index.php?rest_route=/wp/v2/posts&per_page=100&_fields=id%2Ccomment_status&page=1 HTTP/1.1" 200 34 "https://expressinteriors.com" "Mozilla/5.0 (Windows NT 10.0; Win64; x64) AppleWebKit/537.36 (KHTML, like Gecko) Chrome/135.0.0.0 Safari/537.36 Edg/135.0.0.0"
66.249.66.163 - - [19/Jan/2026:23:24:57 +0800] "GET /robots.txt HTTP/1.1" 301 - "-" "Mozilla/5.0 (compatible; Googlebot/2.1; +http://www.google.com/bot.html)"
66.249.79.3 - - [19/Jan/2026:23:24:58 +0800] "GET /robots.txt HTTP/1.1" 200 69 "-" "Mozilla/5.0 (compatible; Googlebot/2.1; +http://www.google.com/bot.html)"
89.110.87.170 - - [19/Jan/2026:23:35:26 +0800] "GET /2023/02/27/hello-world/ HTTP/1.0" 200 78541 "https://expressinteriors.com/2023/02/27/hello-world/" "Mozilla/5.0 (Windows NT 10.0; WOW64) AppleWebKit/537.36 (KHTML, like Gecko) Chrome/103.0.0.0 Safari/537.36"
89.110.87.170 - - [19/Jan/2026:23:35:28 +0800] "POST /wp-comments-post.php HTTP/1.0" 302 - "https://expressinteriors.com/2023/02/27/hello-world/" "Mozilla/5.0 (Windows NT 10.0; WOW64) AppleWebKit/537.36 (KHTML, like Gecko) Chrome/103.0.0.0 Safari/537.36"
89.110.87.170 - - [19/Jan/2026:23:35:30 +0800] "GET /2023/02/27/hello-world/ HTTP/1.0" 200 81402 "https://expressinteriors.com/2023/02/27/hello-world/#comment-904" "Mozilla/5.0 (Windows NT 10.0; WOW64) AppleWebKit/537.36 (KHTML, like Gecko) Chrome/103.0.0.0 Safari/537.36"
43.163.104.54 - - [20/Jan/2026:00:15:32 +0800] "GET / HTTP/1.1" 403 199 "-" "Mozilla/5.0 (iPhone; CPU iPhone OS 13_2_3 like Mac OS X) AppleWebKit/605.1.15 (KHTML, like Gecko) Version/13.0.3 Mobile/15E148 Safari/604.1"
163.237.217.11 - - [20/Jan/2026:00:23:06 +0800] "GET / HTTP/1.1" 403 199 "-" "Go-http-client/1.1"
103.4.122.14 - - [20/Jan/2026:00:54:46 +0800] "POST /wp-cron.php?doing_wp_cron=1768841685.7729330062866210937500 HTTP/1.1" 200 - "-" "WordPress/6.9; https://expressinteriors.com"
103.4.122.14 - - [20/Jan/2026:00:54:46 +0800] "POST /wp-cron.php?doing_wp_cron=1768841686.5448369979858398437500 HTTP/1.1" 200 - "-" "WordPress/6.9; https://expressinteriors.com"
217.113.194.197 - - [20/Jan/2026:00:54:42 +0800] "GET /robots.txt HTTP/1.1" 200 69 "-" "Mozilla/5.0 (compatible; Barkrowler/0.9; +https://babbar.tech/crawler)"
217.113.194.195 - - [20/Jan/2026:00:55:02 +0800] "GET / HTTP/1.1" 200 15140 "-" "Mozilla/5.0 (compatible; Barkrowler/0.9; +https://babbar.tech/crawler)"
103.4.122.14 - - [20/Jan/2026:01:47:10 +0800] "POST /wp-cron.php?doing_wp_cron=1768844830.4215629100799560546875 HTTP/1.1" 200 - "-" "WordPress/6.9; https://expressinteriors.com"
163.237.217.11 - - [20/Jan/2026:01:47:09 +0800] "HEAD / HTTP/1.1" 301 - "-" "Mozilla/5.0"
103.78.97.230 - - [20/Jan/2026:01:54:52 +0800] "GET /wp-login.php HTTP/1.1" 200 2054 "-" "Mozilla/5.0 (Windows NT 5.1; Win64; x64) AppleWebKit/537.36 (KHTML, like Gecko) Chrome/65.0.3325.181 Safari/537.36 OPR/52.0.2871.99"
103.78.97.230 - - [20/Jan/2026:01:54:55 +0800] "POST /wp-login.php HTTP/1.1" 200 2183 "https://expressinteriors.com/wp-login.php" "Mozilla/5.0 (Windows NT 5.1; Win64; x64) AppleWebKit/537.36 (KHTML, like Gecko) Chrome/65.0.3325.181 Safari/537.36 OPR/52.0.2871.99"
103.4.122.14 - - [20/Jan/2026:02:24:41 +0800] "POST /wp-cron.php?doing_wp_cron=1768847081.2403130531311035156250 HTTP/1.1" 200 - "-" "WordPress/6.9; https://expressinteriors.com"
103.4.122.14 - - [20/Jan/2026:02:24:41 +0800] "POST /wp-cron.php?doing_wp_cron=1768847081.6693649291992187500000 HTTP/1.1" 200 - "-" "WordPress/6.9; https://expressinteriors.com"
178.20.42.76 - - [20/Jan/2026:02:24:40 +0800] "GET /2023/02/27/hello-world/ HTTP/1.0" 200 78541 "https://expressinteriors.com/2023/02/27/hello-world/" "Mozilla/5.0 (Windows NT 10.0; Win64; x64) AppleWebKit/537.36 (KHTML, like Gecko) Chrome/129.0.0.0 Safari/537.36"
178.20.42.76 - - [20/Jan/2026:02:24:43 +0800] "POST /wp-comments-post.php HTTP/1.0" 302 - "https://expressinteriors.com/2023/02/27/hello-world/" "Mozilla/5.0 (Windows NT 10.0; Win64; x64) AppleWebKit/537.36 (KHTML, like Gecko) Chrome/129.0.0.0 Safari/537.36"
178.20.42.76 - - [20/Jan/2026:02:24:45 +0800] "GET /2023/02/27/hello-world/ HTTP/1.0" 200 82107 "https://expressinteriors.com/2023/02/27/hello-world/#comment-905" "Mozilla/5.0 (Windows NT 10.0; Win64; x64) AppleWebKit/537.36 (KHTML, like Gecko) Chrome/129.0.0.0 Safari/537.36"
45.138.16.192 - - [20/Jan/2026:02:29:52 +0800] "HEAD / HTTP/1.1" 200 - "-" "python-requests/2.32.4"
45.138.16.192 - - [20/Jan/2026:02:29:53 +0800] "GET /wp-admin/ HTTP/1.1" 302 - "-" "Mozilla/5.0 (Windows NT 10.0; Win64; x64) AppleWebKit/537.36 (KHTML, like Gecko) Edge/119.0.2151.97"
45.138.16.192 - - [20/Jan/2026:02:29:55 +0800] "GET /wp-login.php?redirect_to=https%3A%2F%2Fexpressinteriors.com%2Fwp-admin%2F&reauth=1 HTTP/1.1" 200 2054 "-" "Mozilla/5.0 (Windows NT 10.0; Win64; x64) AppleWebKit/537.36 (KHTML, like Gecko) Edge/119.0.2151.97"
45.138.16.192 - - [20/Jan/2026:02:29:56 +0800] "GET /xmlrpc.php HTTP/1.1" 405 42 "-" "Mozilla/5.0 (Windows NT 10.0; Win64; x64; rv:121.0) Gecko/20100101 Firefox/121.0"
45.138.16.192 - - [20/Jan/2026:02:29:58 +0800] "GET /?rest_route=/wp/v2/users HTTP/1.1" 200 761 "-" "Mozilla/5.0 (Macintosh; Intel Mac OS X 14_2_1) AppleWebKit/537.36 (KHTML, like Gecko) Chrome/120.0.0.0 Safari/537.36"
45.138.16.192 - - [20/Jan/2026:02:30:01 +0800] "GET /?author=1 HTTP/1.1" 301 - "-" "Mozilla/5.0 (Macintosh; Intel Mac OS X 14_3) AppleWebKit/537.36 (KHTML, like Gecko) Chrome/121.0.0.0 Safari/537.36"
45.138.16.192 - - [20/Jan/2026:02:30:02 +0800] "GET /author/acs/ HTTP/1.1" 200 14340 "-" "Mozilla/5.0 (Macintosh; Intel Mac OS X 14_3) AppleWebKit/537.36 (KHTML, like Gecko) Chrome/121.0.0.0 Safari/537.36"
35.232.155.95 - - [20/Jan/2026:02:32:22 +0800] "HEAD /blog/ HTTP/1.1" 404 - "-" "Mozilla/5.0 (Windows NT 11.0; Win64; x64) AppleWebKit/537.36 (KHTML, like Gecko) Chrome/128.0.6540.18 Safari/537.36"
35.232.155.95 - - [20/Jan/2026:02:32:23 +0800] "HEAD / HTTP/1.1" 301 - "-" "Mozilla/5.0 (Windows NT 10.0; Win64; x64) AppleWebKit/537.36 (KHTML, like Gecko) Chrome/127.0.6534.42 Safari/537.36"
35.232.155.95 - - [20/Jan/2026:02:32:24 +0800] "HEAD / HTTP/1.1" 200 - "http://expressinteriors.com/" "Mozilla/5.0 (Windows NT 10.0; Win64; x64) AppleWebKit/537.36 (KHTML, like Gecko) Chrome/127.0.6534.42 Safari/537.36"
35.232.155.95 - - [20/Jan/2026:02:32:25 +0800] "HEAD /backup/ HTTP/1.1" 404 - "-" "Mozilla/5.0 (Linux; Android 11; RMX2195) AppleWebKit/537.36 (KHTML, like Gecko) Chrome/120.0.6099.210 Mobile Safari/537.36 OPR/75.2.3995.72468"
35.232.155.95 - - [20/Jan/2026:02:32:26 +0800] "HEAD /old/ HTTP/1.1" 404 - "-" "Mozilla/5.0 (iPhone; CPU iPhone OS 17_5 like Mac OS X) AppleWebKit/605.1.15 (KHTML, like Gecko) Version/17.5 Mobile/15E148 Safari/604.1"
35.232.155.95 - - [20/Jan/2026:02:32:26 +0800] "HEAD /wordpress/ HTTP/1.1" 404 - "-" "Mozilla/5.0 (iPhone; CPU iPhone OS 16_7 like Mac OS X) AppleWebKit/605.1.15 (KHTML, like Gecko) Version/16.7 Mobile/15E148 Safari/604.1"
35.232.155.95 - - [20/Jan/2026:02:32:27 +0800] "HEAD /wp/ HTTP/1.1" 404 - "-" "Mozilla/5.0 (Linux; Android 10; vivo 1904) AppleWebKit/537.36 (KHTML, like Gecko) Chrome/117.0.5938.60 Mobile Safari/537.36"
35.232.155.95 - - [20/Jan/2026:02:32:28 +0800] "HEAD /new/ HTTP/1.1" 404 - "-" "Mozilla/5.0 (Macintosh; Intel Mac OS X 14_5) AppleWebKit/605.1.15 (KHTML, like Gecko) Version/17.5 Safari/605.1.15"
163.237.217.11 - - [20/Jan/2026:03:11:31 +0800] "GET / HTTP/1.1" 403 199 "-" "Go-http-client/1.1"
103.4.122.14 - - [20/Jan/2026:04:09:26 +0800] "POST /wp-cron.php?doing_wp_cron=1768853366.4040169715881347656250 HTTP/1.1" 200 - "-" "WordPress/6.9; https://expressinteriors.com"
103.4.122.14 - - [20/Jan/2026:04:09:26 +0800] "POST /wp-cron.php?doing_wp_cron=1768853366.4639410972595214843750 HTTP/1.1" 200 - "-" "WordPress/6.9; https://expressinteriors.com"
173.252.70.5 - - [20/Jan/2026:04:09:25 +0800] "GET /robots.txt HTTP/1.1" 200 67 "-" "facebookexternalhit/1.1 (+http://www.facebook.com/externalhit_uatext.php)"
103.4.122.14 - - [20/Jan/2026:04:30:25 +0800] "POST /wp-cron.php?doing_wp_cron=1768854625.2565939426422119140625 HTTP/1.1" 200 - "-" "WordPress/6.9; https://expressinteriors.com"
163.237.217.11 - - [20/Jan/2026:04:30:24 +0800] "HEAD / HTTP/1.1" 301 - "-" "Mozilla/5.0"
103.4.122.14 - - [20/Jan/2026:05:21:04 +0800] "POST /wp-cron.php?doing_wp_cron=1768857663.7756099700927734375000 HTTP/1.1" 200 - "-" "WordPress/6.9; https://expressinteriors.com"
103.4.122.14 - - [20/Jan/2026:05:21:04 +0800] "POST /wp-cron.php?doing_wp_cron=1768857664.0594680309295654296875 HTTP/1.1" 200 - "-" "WordPress/6.9; https://expressinteriors.com"
91.192.241.197 - - [20/Jan/2026:05:21:03 +0800] "GET / HTTP/1.1" 301 - "-" "Chrome"
91.192.241.197 - - [20/Jan/2026:05:21:05 +0800] "GET / HTTP/1.1" 200 15140 "-" "Chrome"
51.68.247.214 - - [20/Jan/2026:05:33:35 +0800] "GET /robots.txt HTTP/1.1" 200 69 "-" "Mozilla/5.0 (compatible; AhrefsBot/7.0; +http://ahrefs.com/robot/)"
148.113.130.199 - - [20/Jan/2026:05:33:42 +0800] "GET / HTTP/1.1" 200 15140 "-" "Mozilla/5.0 (compatible; AhrefsBot/7.0; +http://ahrefs.com/robot/)"
163.237.217.11 - - [20/Jan/2026:05:54:47 +0800] "GET / HTTP/1.1" 403 199 "-" "Go-http-client/1.1"
104.210.140.138 - - [20/Jan/2026:05:57:10 +0800] "GET /robots.txt HTTP/1.1" 200 69 "-" "Mozilla/5.0 (Macintosh; Intel Mac OS X 10_15_7) AppleWebKit/537.36 (KHTML, like Gecko) Chrome/131.0.0.0 Safari/537.36; compatible; OAI-SearchBot/1.0; +https://openai.com/searchbot"
43.153.107.22 - - [20/Jan/2026:06:14:01 +0800] "GET / HTTP/1.1" 403 199 "-" "Mozilla/5.0 (iPhone; CPU iPhone OS 13_2_3 like Mac OS X) AppleWebKit/605.1.15 (KHTML, like Gecko) Version/13.0.3 Mobile/15E148 Safari/604.1"
103.4.122.14 - - [20/Jan/2026:07:56:51 +0800] "POST /wp-cron.php?doing_wp_cron=1768867011.5313689708709716796875 HTTP/1.1" 200 - "-" "WordPress/6.9; https://expressinteriors.com"
103.4.122.14 - - [20/Jan/2026:07:56:52 +0800] "POST /wp-cron.php?doing_wp_cron=1768867011.9754910469055175781250 HTTP/1.1" 200 - "-" "WordPress/6.9; https://expressinteriors.com"
162.142.125.117 - - [20/Jan/2026:07:56:50 +0800] "GET / HTTP/1.1" 301 - "-" "Mozilla/5.0 (compatible; CensysInspect/1.1; +https://about.censys.io/)"
162.142.125.117 - - [20/Jan/2026:07:56:56 +0800] "GET / HTTP/1.1" 200 15140 "-" "Mozilla/5.0 (compatible; CensysInspect/1.1; +https://about.censys.io/)"
162.142.125.117 - - [20/Jan/2026:07:57:00 +0800] "GET /favicon.ico HTTP/1.1" 302 - "-" "Mozilla/5.0 (compatible; CensysInspect/1.1; +https://about.censys.io/)"
103.4.122.14 - - [20/Jan/2026:08:06:55 +0800] "POST /wp-cron.php?doing_wp_cron=1768867614.8280549049377441406250 HTTP/1.1" 200 - "-" "WordPress/6.9; https://expressinteriors.com"
23.95.137.114 - - [20/Jan/2026:08:06:53 +0800] "GET / HTTP/1.1" 200 78844 "-" "Mozilla/5.0 (Windows NT 10.0; Win64; x64) AppleWebKit/537.36 (KHTML, like Gecko) Chrome/143.0.0.0 Safari/537.36"
109.70.100.5 - - [20/Jan/2026:08:08:54 +0800] "GET /wp-json/wp/v2/users HTTP/1.1" 403 199 "-" "Mozilla/5.0 (Windows NT 10.0; Win64; x64; rv:121.0) Gecko/20100101 Firefox/121.0"
109.70.100.5 - - [20/Jan/2026:08:08:54 +0800] "GET /?author=1 HTTP/1.1" 301 - "-" "Mozilla/5.0 (Windows NT 10.0; Win64; x64; rv:121.0) Gecko/20100101 Firefox/121.0"
185.220.101.15 - - [20/Jan/2026:08:08:58 +0800] "GET /author/acs/ HTTP/1.1" 200 14340 "-" "Mozilla/5.0 (Windows NT 10.0; Win64; x64; rv:121.0) Gecko/20100101 Firefox/121.0"
185.220.101.15 - - [20/Jan/2026:08:08:59 +0800] "GET /?author=2 HTTP/1.1" 404 65574 "-" "Mozilla/5.0 (Windows NT 10.0; Win64; x64; rv:121.0) Gecko/20100101 Firefox/121.0"
185.220.101.15 - - [20/Jan/2026:08:09:00 +0800] "GET /?author=3 HTTP/1.1" 404 65574 "-" "Mozilla/5.0 (Windows NT 10.0; Win64; x64; rv:121.0) Gecko/20100101 Firefox/121.0"
185.220.101.15 - - [20/Jan/2026:08:09:01 +0800] "GET /?author=4 HTTP/1.1" 404 65574 "-" "Mozilla/5.0 (Windows NT 10.0; Win64; x64; rv:121.0) Gecko/20100101 Firefox/121.0"
185.220.101.15 - - [20/Jan/2026:08:09:02 +0800] "GET /?author=5 HTTP/1.1" 404 65574 "-" "Mozilla/5.0 (Windows NT 10.0; Win64; x64; rv:121.0) Gecko/20100101 Firefox/121.0"
185.220.101.15 - - [20/Jan/2026:08:09:03 +0800] "GET /?author=6 HTTP/1.1" 404 65574 "-" "Mozilla/5.0 (Windows NT 10.0; Win64; x64; rv:121.0) Gecko/20100101 Firefox/121.0"
185.220.101.15 - - [20/Jan/2026:08:09:04 +0800] "GET /?author=7 HTTP/1.1" 404 65574 "-" "Mozilla/5.0 (Windows NT 10.0; Win64; x64; rv:121.0) Gecko/20100101 Firefox/121.0"
185.220.101.15 - - [20/Jan/2026:08:09:05 +0800] "GET /?author=8 HTTP/1.1" 404 65574 "-" "Mozilla/5.0 (Windows NT 10.0; Win64; x64; rv:121.0) Gecko/20100101 Firefox/121.0"
185.220.101.15 - - [20/Jan/2026:08:09:06 +0800] "GET /?author=9 HTTP/1.1" 404 65574 "-" "Mozilla/5.0 (Windows NT 10.0; Win64; x64; rv:121.0) Gecko/20100101 Firefox/121.0"
185.220.101.15 - - [20/Jan/2026:08:09:08 +0800] "GET /?author=10 HTTP/1.1" 404 65574 "-" "Mozilla/5.0 (Windows NT 10.0; Win64; x64; rv:121.0) Gecko/20100101 Firefox/121.0"
103.4.122.14 - - [20/Jan/2026:08:42:22 +0800] "POST /wp-cron.php?doing_wp_cron=1768869741.9973919391632080078125 HTTP/1.1" 200 - "-" "WordPress/6.9; https://expressinteriors.com"
163.237.217.11 - - [20/Jan/2026:08:42:21 +0800] "HEAD / HTTP/1.1" 301 - "-" "Mozilla/5.0"
103.4.122.14 - - [20/Jan/2026:09:10:13 +0800] "POST /wp-cron.php?doing_wp_cron=1768871412.8187780380249023437500 HTTP/1.1" 200 - "-" "WordPress/6.9; https://expressinteriors.com"
170.205.30.11 - - [20/Jan/2026:09:10:12 +0800] "GET / HTTP/1.1" 301 - "http://100xdev.org/" "Mozilla/5.0 (Windows NT 10.0; Win64; x64) AppleWebKit/537.36 (KHTML, like Gecko) Chrome/123.0.0.0 Safari/537.36"
170.205.30.11 - - [20/Jan/2026:09:10:14 +0800] "GET / HTTP/1.1" 200 15140 "http://expressinteriors.com/" "Mozilla/5.0 (Windows NT 10.0; Win64; x64) AppleWebKit/537.36 (KHTML, like Gecko) Chrome/123.0.0.0 Safari/537.36"
103.4.122.14 - - [20/Jan/2026:09:21:14 +0800] "POST /wp-cron.php?doing_wp_cron=1768872073.7537119388580322265625 HTTP/1.1" 200 - "-" "WordPress/6.9; https://expressinteriors.com"
137.184.96.68 - - [20/Jan/2026:09:21:13 +0800] "GET /wp-json/wp/v2/posts HTTP/1.1" 200 2439 "-" "Mozilla/5.0 (Windows NT 10.0; Win64; x64) AppleWebKit/537.36 (KHTML, like Gecko) Chrome/120.0.0.0 Safari/537.36"
103.4.122.14 - - [20/Jan/2026:09:21:19 +0800] "GET / HTTP/1.1" 200 15140 "-" "WordPress/6.9; https://expressinteriors.com"
103.4.122.14 - - [20/Jan/2026:09:21:19 +0800] "POST /wp-cron.php HTTP/1.1" 200 - "-" "WordPress/6.9; https://expressinteriors.com"
103.4.122.14 - - [20/Jan/2026:09:21:20 +0800] "GET / HTTP/1.1" 200 15140 "-" "WordPress/6.9; https://expressinteriors.com"
103.4.122.14 - - [20/Jan/2026:09:21:21 +0800] "GET / HTTP/1.1" 200 15140 "-" "WordPress/6.9; https://expressinteriors.com"
103.4.122.14 - - [20/Jan/2026:09:21:22 +0800] "GET / HTTP/1.1" 200 15140 "-" "WordPress/6.9; https://expressinteriors.com"
36.112.209.154 - - [20/Jan/2026:09:49:53 +0800] "GET / HTTP/1.1" 301 - "-" "Mozilla/5.0 Firefox/35.0"
36.112.209.154 - - [20/Jan/2026:09:49:57 +0800] "GET / HTTP/1.1" 200 78844 "-" "Mozilla/5.0 Firefox/35.0"
64.135.127.50 - - [20/Jan/2026:09:54:34 +0800] "GET / HTTP/1.1" 301 - "-" "Mozilla/5.0 (Windows NT 6.1; WOW64; rv:31.0) Gecko/20100101 Firefox/31.0"
163.237.217.11 - - [20/Jan/2026:10:06:41 +0800] "HEAD / HTTP/1.1" 301 - "-" "Mozilla/5.0"
103.4.122.14 - - [20/Jan/2026:10:39:45 +0800] "POST /wp-cron.php?doing_wp_cron=1768876784.7962911128997802734375 HTTP/1.1" 200 - "-" "WordPress/6.9; https://expressinteriors.com"
103.4.122.14 - - [20/Jan/2026:10:39:45 +0800] "POST /wp-cron.php?doing_wp_cron=1768876785.0791769027709960937500 HTTP/1.1" 200 - "-" "WordPress/6.9; https://expressinteriors.com"
161.118.193.239 - - [20/Jan/2026:10:39:44 +0800] "GET / HTTP/1.1" 301 - "-" "Mozilla/5.0 (iPhone; CPU iPhone OS 17_4_1 like Mac OS X) AppleWebKit/605.1.15 Mobile/15E148"
161.118.193.239 - - [20/Jan/2026:10:39:46 +0800] "GET / HTTP/1.1" 200 15139 "http://expressinteriors.com" "Mozilla/5.0 (iPhone; CPU iPhone OS 17_4_1 like Mac OS X) AppleWebKit/605.1.15 Mobile/15E148"
161.118.193.239 - - [20/Jan/2026:10:39:47 +0800] "GET / HTTP/1.1" 403 199 "-" "Go-http-client/1.1"
161.118.193.239 - - [20/Jan/2026:10:39:50 +0800] "GET /wp-login.php HTTP/1.1" 302 - "-" "Mozilla/5.0 (X11; Linux x86_64) Gecko/20100101 Firefox/117.0"
161.118.193.239 - - [20/Jan/2026:10:39:52 +0800] "GET /wp-admin/ HTTP/1.1" 302 - "-" "Mozilla/5.0 (Macintosh; Intel Mac OS X 13_5_1) AppleWebKit/605.1.15 Safari/605.1.15"
161.118.193.239 - - [20/Jan/2026:10:39:54 +0800] "GET /wp-admin/ HTTP/1.1" 302 - "http://expressinteriors.com/wp-admin/" "Mozilla/5.0 (Macintosh; Intel Mac OS X 13_5_1) AppleWebKit/605.1.15 Safari/605.1.15"
161.118.193.239 - - [20/Jan/2026:10:39:54 +0800] "GET /wp-login.php?redirect_to=https%3A%2F%2Fexpressinteriors.com%2Fwp-admin%2F&reauth=1 HTTP/1.1" 200 2053 "https://expressinteriors.com/wp-admin/" "Mozilla/5.0 (Macintosh; Intel Mac OS X 13_5_1) AppleWebKit/605.1.15 Safari/605.1.15"
161.118.193.239 - - [20/Jan/2026:10:39:55 +0800] "GET /administrator/ HTTP/1.1" 404 65563 "-" "Mozilla/5.0 (X11; Linux x86_64) Gecko/20100101 Firefox/117.0"
161.118.193.239 - - [20/Jan/2026:10:39:56 +0800] "GET /user/login HTTP/1.1" 404 65563 "-" "Mozilla/5.0 (Windows NT 10.0; Win64; x64) AppleWebKit/537.36 Chrome/116.0 Safari/537.36"
161.118.193.239 - - [20/Jan/2026:10:39:58 +0800] "GET /admin HTTP/1.1" 302 - "-" "Mozilla/5.0 (X11; Linux x86_64) Gecko/20100101 Firefox/117.0"
161.118.193.239 - - [20/Jan/2026:10:39:59 +0800] "GET /wp-admin/ HTTP/1.1" 302 - "http://expressinteriors.com/admin" "Mozilla/5.0 (X11; Linux x86_64) Gecko/20100101 Firefox/117.0"
161.118.193.239 - - [20/Jan/2026:10:40:00 +0800] "GET /wp-login.php?redirect_to=https%3A%2F%2Fexpressinteriors.com%2Fwp-admin%2F&reauth=1 HTTP/1.1" 200 2053 "https://expressinteriors.com/wp-admin/" "Mozilla/5.0 (X11; Linux x86_64) Gecko/20100101 Firefox/117.0"
161.118.193.239 - - [20/Jan/2026:10:40:01 +0800] "GET /login HTTP/1.1" 302 - "-" "Mozilla/5.0 (iPad; CPU OS 17_4 like Mac OS X) AppleWebKit/605.1.15 Mobile/15E148"
161.118.193.239 - - [20/Jan/2026:10:40:02 +0800] "GET /wp-login.php HTTP/1.1" 200 2053 "http://expressinteriors.com/login" "Mozilla/5.0 (iPad; CPU OS 17_4 like Mac OS X) AppleWebKit/605.1.15 Mobile/15E148"
161.118.193.239 - - [20/Jan/2026:10:40:03 +0800] "GET /register HTTP/1.1" 404 65574 "-" "Mozilla/5.0 (iPad; CPU OS 17_4 like Mac OS X) AppleWebKit/605.1.15 Mobile/15E148"
161.118.193.239 - - [20/Jan/2026:10:40:04 +0800] "GET /admin HTTP/1.1" 302 - "-" "Mozilla/5.0 (Macintosh; Intel Mac OS X 13_5_1) AppleWebKit/605.1.15 Safari/605.1.15"
161.118.193.239 - - [20/Jan/2026:10:40:08 +0800] "GET /wp-admin/ HTTP/1.1" 302 - "http://expressinteriors.com/admin" "Mozilla/5.0 (Macintosh; Intel Mac OS X 13_5_1) AppleWebKit/605.1.15 Safari/605.1.15"
161.118.193.239 - - [20/Jan/2026:10:40:09 +0800] "GET /login HTTP/1.1" 302 - "-" "Mozilla/5.0 (iPhone; CPU iPhone OS 17_4_1 like Mac OS X) AppleWebKit/605.1.15 Mobile/15E148"
161.118.193.239 - - [20/Jan/2026:10:40:10 +0800] "GET /wp-login.php HTTP/1.1" 200 2053 "http://expressinteriors.com/login" "Mozilla/5.0 (iPhone; CPU iPhone OS 17_4_1 like Mac OS X) AppleWebKit/605.1.15 Mobile/15E148"
54.39.6.87 - - [20/Jan/2026:10:43:22 +0800] "GET /robots.txt HTTP/1.1" 200 69 "-" "Mozilla/5.0 (compatible; AhrefsBot/7.0; +http://ahrefs.com/robot/)"
51.222.168.128 - - [20/Jan/2026:10:43:26 +0800] "GET / HTTP/1.1" 301 - "-" "Mozilla/5.0 (compatible; AhrefsBot/7.0; +http://ahrefs.com/robot/)"
100.24.13.41 - - [20/Jan/2026:10:53:43 +0800] "GET /robots.txt HTTP/1.1" 200 69 "-" "Mozilla/5.0 (Macintosh; Intel Mac OS X 10_15_7) AppleWebKit/537.36 (KHTML, like Gecko) Chrome/108.0.0.0 Safari/537.36"
100.24.13.41 - - [20/Jan/2026:11:01:10 +0800] "GET / HTTP/1.1" 301 - "-" "Mozilla/5.0 (Macintosh; Intel Mac OS X 10_15_7) AppleWebKit/537.36 (KHTML, like Gecko) Chrome/108.0.0.0 Safari/537.36"
100.24.13.41 - - [20/Jan/2026:11:01:12 +0800] "GET / HTTP/1.1" 200 15140 "-" "Mozilla/5.0 (Macintosh; Intel Mac OS X 10_15_7) AppleWebKit/537.36 (KHTML, like Gecko) Chrome/108.0.0.0 Safari/537.36"
103.4.122.14 - - [20/Jan/2026:11:59:49 +0800] "POST /wp-cron.php?doing_wp_cron=1768881589.6478250026702880859375 HTTP/1.1" 200 - "-" "WordPress/6.9; https://expressinteriors.com"
103.4.122.14 - - [20/Jan/2026:11:59:49 +0800] "POST /wp-cron.php?doing_wp_cron=1768881589.9323050975799560546875 HTTP/1.1" 200 - "-" "WordPress/6.9; https://expressinteriors.com"
163.237.217.11 - - [20/Jan/2026:11:59:49 +0800] "HEAD / HTTP/1.1" 301 - "-" "Mozilla/5.0"
170.106.180.153 - - [20/Jan/2026:12:08:44 +0800] "GET / HTTP/1.1" 403 199 "-" "Mozilla/5.0 (iPhone; CPU iPhone OS 13_2_3 like Mac OS X) AppleWebKit/605.1.15 (KHTML, like Gecko) Version/13.0.3 Mobile/15E148 Safari/604.1"
103.4.122.14 - - [20/Jan/2026:12:37:24 +0800] "POST /wp-cron.php?doing_wp_cron=1768883843.9189651012420654296875 HTTP/1.1" 200 - "-" "WordPress/6.9; https://expressinteriors.com"
34.177.100.148 - - [20/Jan/2026:12:37:23 +0800] "GET / HTTP/1.1" 301 - "-" "Mozilla/5.0 (Windows NT 10.0; Win64; x64) AppleWebKit/537.36 (KHTML, like Gecko) Chrome/58.0.3029.110 Safari/537.3"
34.177.100.148 - - [20/Jan/2026:12:37:24 +0800] "GET / HTTP/1.1" 200 15140 "-" "Mozilla/5.0 (Windows NT 10.0; Win64; x64) AppleWebKit/537.36 (KHTML, like Gecko) Chrome/58.0.3029.110 Safari/537.3"
142.44.225.229 - - [20/Jan/2026:12:55:09 +0800] "GET / HTTP/1.1" 200 15140 "-" "Mozilla/5.0 (compatible; AhrefsBot/7.0; +http://ahrefs.com/robot/)"
173.236.250.59 - - [20/Jan/2026:13:04:20 +0800] "POST /xmlrpc.php HTTP/1.1" 200 225 "-" "Mozilla/5.0 (Macintosh; Intel Mac OS X 10_10_5) AppleWebKit/537.36 (KHTML, like Gecko) Chrome/66.0.3359.181 Safari/537.36"
173.236.250.59 - - [20/Jan/2026:13:04:35 +0800] "POST /xmlrpc.php HTTP/1.1" 200 225 "-" "Mozilla/5.0 (Macintosh; Intel Mac OS X 10_10_5) AppleWebKit/537.36 (KHTML, like Gecko) Chrome/66.0.3359.181 Safari/537.36"
45.204.209.63 - - [20/Jan/2026:13:19:10 +0800] "GET /index.php?rest_route=/wp/v2/posts&per_page=100&_fields=id%2Ccomment_status&page=1 HTTP/1.1" 200 34 "https://expressinteriors.com" "Mozilla/5.0 (Windows NT 10.0; Win64; x64) AppleWebKit/537.36 (KHTML, like Gecko) Chrome/135.0.0.0 Safari/537.36 Edg/135.0.0.0"
103.4.122.14 - - [20/Jan/2026:13:23:35 +0800] "POST /wp-cron.php?doing_wp_cron=1768886615.1931200027465820312500 HTTP/1.1" 200 - "-" "WordPress/6.9; https://expressinteriors.com"
103.4.122.14 - - [20/Jan/2026:13:23:35 +0800] "POST /wp-cron.php?doing_wp_cron=1768886615.3797020912170410156250 HTTP/1.1" 200 - "-" "WordPress/6.9; https://expressinteriors.com"
163.237.217.11 - - [20/Jan/2026:13:23:34 +0800] "HEAD / HTTP/1.1" 301 - "-" "Mozilla/5.0"
103.77.107.178 - - [20/Jan/2026:13:30:08 +0800] "GET /sftp-config.json HTTP/1.1" 403 199 "-" "Mozilla/5.0 (Macintosh; Intel Mac OS X 10.15; rv:77.0) Gecko/20100101 Firefox/77.0"
103.77.107.178 - - [20/Jan/2026:13:30:09 +0800] "GET /.vscode/sftp.json HTTP/1.1" 403 199 "-" "Mozilla/5.0 (Macintosh; Intel Mac OS X 10.15; rv:77.0) Gecko/20100101 Firefox/77.0"
103.4.122.14 - - [20/Jan/2026:14:45:52 +0800] "POST /wp-cron.php?doing_wp_cron=1768891552.8413751125335693359375 HTTP/1.1" 200 - "-" "WordPress/6.9; https://expressinteriors.com"
103.4.122.14 - - [20/Jan/2026:14:45:53 +0800] "POST /wp-cron.php?doing_wp_cron=1768891552.9970340728759765625000 HTTP/1.1" 200 - "-" "WordPress/6.9; https://expressinteriors.com"
163.237.217.11 - - [20/Jan/2026:14:45:52 +0800] "HEAD / HTTP/1.1" 301 - "-" "Mozilla/5.0"
157.15.40.62 - - [20/Jan/2026:15:21:44 +0800] "GET /txets.php HTTP/1.1" 403 199 "-" "Go-http-client/1.1"
157.15.40.62 - - [20/Jan/2026:15:21:45 +0800] "GET /wp-content/txets.php HTTP/1.1" 403 199 "-" "Go-http-client/1.1"
157.15.40.62 - - [20/Jan/2026:15:21:45 +0800] "GET /wp-admin/txets.php HTTP/1.1" 403 199 "-" "Go-http-client/1.1"
157.15.40.62 - - [20/Jan/2026:15:21:46 +0800] "GET /wp-includes/txets.php HTTP/1.1" 403 199 "-" "Go-http-client/1.1"
157.15.40.62 - - [20/Jan/2026:15:21:47 +0800] "GET /schallfuns.php HTTP/1.1" 403 199 "-" "Go-http-client/1.1"
157.15.40.62 - - [20/Jan/2026:15:21:47 +0800] "GET /postnews.php HTTP/1.1" 403 199 "-" "Go-http-client/1.1"
157.15.40.62 - - [20/Jan/2026:15:21:50 +0800] "GET /wp-content/postnews.php HTTP/1.1" 403 199 "-" "Go-http-client/1.1"
157.15.40.62 - - [20/Jan/2026:15:21:53 +0800] "GET /wp-admin/postnews.php HTTP/1.1" 403 199 "-" "Go-http-client/1.1"
157.15.40.62 - - [20/Jan/2026:15:21:57 +0800] "GET /wp-includes/postnews.php HTTP/1.1" 403 199 "-" "Go-http-client/1.1"
103.4.122.14 - - [20/Jan/2026:16:09:29 +0800] "POST /wp-cron.php?doing_wp_cron=1768896569.2955799102783203125000 HTTP/1.1" 200 - "-" "WordPress/6.9; https://expressinteriors.com"
103.4.122.14 - - [20/Jan/2026:16:09:29 +0800] "POST /wp-cron.php?doing_wp_cron=1768896569.4562489986419677734375 HTTP/1.1" 200 - "-" "WordPress/6.9; https://expressinteriors.com"
163.237.217.11 - - [20/Jan/2026:16:09:28 +0800] "HEAD / HTTP/1.1" 301 - "-" "Mozilla/5.0"
206.168.34.208 - - [20/Jan/2026:16:13:58 +0800] "GET / HTTP/1.1" 301 - "-" "Mozilla/5.0 (compatible; CensysInspect/1.1; +https://about.censys.io/)"
206.168.34.208 - - [20/Jan/2026:16:14:06 +0800] "GET / HTTP/1.1" 200 15140 "-" "Mozilla/5.0 (compatible; CensysInspect/1.1; +https://about.censys.io/)"
206.168.34.208 - - [20/Jan/2026:16:14:13 +0800] "GET /favicon.ico HTTP/1.1" 302 - "-" "Mozilla/5.0 (compatible; CensysInspect/1.1; +https://about.censys.io/)"
103.4.122.14 - - [20/Jan/2026:16:39:47 +0800] "POST /wp-cron.php?doing_wp_cron=1768898387.1250228881835937500000 HTTP/1.1" 200 - "-" "WordPress/6.9; https://expressinteriors.com"
113.58.107.4 - - [20/Jan/2026:16:39:46 +0800] "GET /wp-json/wp/v2/posts HTTP/1.0" 200 2439 "-" "Mozilla/5.0 (Windows NT 10.0; Win64; x64) AppleWebKit/537.36 (KHTML, like Gecko) Chrome/120.0.0.0 Safari/537.36"
103.4.122.14 - - [20/Jan/2026:17:33:07 +0800] "POST /wp-cron.php?doing_wp_cron=1768901587.7361629009246826171875 HTTP/1.1" 200 - "-" "WordPress/6.9; https://expressinteriors.com"
103.4.122.14 - - [20/Jan/2026:17:33:08 +0800] "POST /wp-cron.php?doing_wp_cron=1768901587.7959470748901367187500 HTTP/1.1" 200 - "-" "WordPress/6.9; https://expressinteriors.com"
163.237.217.11 - - [20/Jan/2026:17:33:07 +0800] "HEAD / HTTP/1.1" 301 - "-" "Mozilla/5.0"
43.130.57.46 - - [20/Jan/2026:18:00:18 +0800] "GET / HTTP/1.1" 403 199 "-" "Mozilla/5.0 (iPhone; CPU iPhone OS 13_2_3 like Mac OS X) AppleWebKit/605.1.15 (KHTML, like Gecko) Version/13.0.3 Mobile/15E148 Safari/604.1"
103.4.122.14 - - [20/Jan/2026:18:35:27 +0800] "POST /wp-cron.php?doing_wp_cron=1768905326.9839890003204345703125 HTTP/1.1" 200 - "-" "WordPress/6.9; https://expressinteriors.com"
103.4.122.14 - - [20/Jan/2026:18:35:27 +0800] "POST /wp-cron.php?doing_wp_cron=1768905327.4222419261932373046875 HTTP/1.1" 200 - "-" "WordPress/6.9; https://expressinteriors.com"
51.195.244.112 - - [20/Jan/2026:18:35:26 +0800] "GET /robots.txt HTTP/1.1" 200 69 "-" "Mozilla/5.0 (compatible; AhrefsBot/7.0; +http://ahrefs.com/robot/)"
15.235.96.194 - - [20/Jan/2026:18:35:31 +0800] "GET / HTTP/1.1" 200 15140 "-" "Mozilla/5.0 (compatible; AhrefsBot/7.0; +http://ahrefs.com/robot/)"
163.237.217.11 - - [20/Jan/2026:18:56:49 +0800] "GET / HTTP/1.1" 403 199 "-" "Go-http-client/1.1"
103.4.122.14 - - [20/Jan/2026:20:20:23 +0800] "POST /wp-cron.php?doing_wp_cron=1768911623.3218460083007812500000 HTTP/1.1" 200 - "-" "WordPress/6.9; https://expressinteriors.com"
103.4.122.14 - - [20/Jan/2026:20:20:24 +0800] "POST /wp-cron.php?doing_wp_cron=1768911623.7497649192810058593750 HTTP/1.1" 200 - "-" "WordPress/6.9; https://expressinteriors.com"
89.110.87.170 - - [20/Jan/2026:20:20:22 +0800] "GET /2023/02/27/hello-world/ HTTP/1.0" 200 78541 "https://expressinteriors.com/2023/02/27/hello-world/" "Mozilla/5.0 (Windows NT 6.1) AppleWebKit/537.36 (KHTML, like Gecko) Chrome/103.0.0.0 Safari/537.36"
89.110.87.170 - - [20/Jan/2026:20:20:25 +0800] "POST /wp-comments-post.php HTTP/1.0" 302 - "https://expressinteriors.com/2023/02/27/hello-world/" "Mozilla/5.0 (Windows NT 6.1) AppleWebKit/537.36 (KHTML, like Gecko) Chrome/103.0.0.0 Safari/537.36"
89.110.87.170 - - [20/Jan/2026:20:20:27 +0800] "GET /2023/02/27/hello-world/ HTTP/1.0" 200 81863 "https://expressinteriors.com/2023/02/27/hello-world/#comment-906" "Mozilla/5.0 (Windows NT 6.1) AppleWebKit/537.36 (KHTML, like Gecko) Chrome/103.0.0.0 Safari/537.36"
163.237.217.11 - - [20/Jan/2026:20:20:34 +0800] "HEAD / HTTP/1.1" 301 - "-" "Mozilla/5.0"
