198.177.254.131 - - [02/Jan/2026:02:18:08 +0800] "GET /contact/ HTTP/1.1" 301 - "http://ferrydesign.com.au/" "Mozilla/5.0 (Macintosh; Intel Mac OS X 12_5) AppleWebKit/537.36 (KHTML, like Gecko) Chrome/114.0.0.0 YaBrowser/22.7.0 Yowser/2.5 Safari/537.36"
198.177.254.131 - - [02/Jan/2026:02:18:10 +0800] "GET /contact/ HTTP/1.1" 200 7956 "http://ferrydesign.com.au/contact/" "Mozilla/5.0 (Macintosh; Intel Mac OS X 12_5) AppleWebKit/537.36 (KHTML, like Gecko) Chrome/114.0.0.0 YaBrowser/22.7.0 Yowser/2.5 Safari/537.36"
198.177.254.131 - - [02/Jan/2026:02:18:13 +0800] "GET /wp-login.php?action=register HTTP/1.1" 302 - "http://www.ferrydesign.com.au/contact/" "Mozilla/5.0 (Windows NT 6.3; Win64; x64) AppleWebKit/537.36 (KHTML, like Gecko) Chrome/103.0.0.0 Safari/537.36"
198.177.254.131 - - [02/Jan/2026:02:18:14 +0800] "GET /wp-login.php?registration=disabled HTTP/1.1" 200 3075 "http://www.ferrydesign.com.au/wp-login.php?action=register" "Mozilla/5.0 (Windows NT 6.3; Win64; x64) AppleWebKit/537.36 (KHTML, like Gecko) Chrome/103.0.0.0 Safari/537.36"
148.113.130.223 - - [02/Jan/2026:02:18:37 +0800] "GET /portfolio/falcon/ HTTP/1.1" 200 7410 "-" "Mozilla/5.0 (compatible; AhrefsBot/7.0; +http://ahrefs.com/robot/)"
216.73.216.51 - - [02/Jan/2026:02:19:59 +0800] "GET /wp-sitemap.xml HTTP/1.1" 404 29249 "-" "Mozilla/5.0 AppleWebKit/537.36 (KHTML, like Gecko; compatible; ClaudeBot/1.0; +claudebot@anthropic.com)"
68.1.210.163 - - [02/Jan/2026:02:24:01 +0800] "GET / HTTP/1.0" 301 - "http://ferrydesign.com.au/" "Mozilla/5.0 (Windows NT 10.0; Win64; x64) AppleWebKit/537.36 (KHTML, like Gecko) Chrome/130.0.0.0 Safari/537.36 CCleaner/130.0.0.0"
68.1.210.163 - - [02/Jan/2026:02:24:03 +0800] "GET / HTTP/1.0" 200 76103 "http://www.ferrydesign.com.au/" "Mozilla/5.0 (Windows NT 10.0; Win64; x64) AppleWebKit/537.36 (KHTML, like Gecko) Chrome/130.0.0.0 Safari/537.36 CCleaner/130.0.0.0"
68.1.210.163 - - [02/Jan/2026:02:24:08 +0800] "GET /blog/ HTTP/1.0" 200 62591 "http://www.ferrydesign.com.au/blog/" "Mozilla/5.0 (Windows NT 10.0; Win64; x64) AppleWebKit/537.36 (KHTML, like Gecko) Chrome/130.0.0.0 Safari/537.36 CCleaner/130.0.0.0"
216.73.216.51 - - [02/Jan/2026:02:25:02 +0800] "GET /robots.txt HTTP/1.1" 200 117 "-" "Mozilla/5.0 AppleWebKit/537.36 (KHTML, like Gecko; compatible; ClaudeBot/1.0; +claudebot@anthropic.com)"
216.73.216.51 - - [02/Jan/2026:02:25:03 +0800] "GET /wp-sitemap.xml HTTP/1.1" 404 29201 "-" "Mozilla/5.0 AppleWebKit/537.36 (KHTML, like Gecko; compatible; ClaudeBot/1.0; +claudebot@anthropic.com)"
34.124.134.84 - - [02/Jan/2026:02:27:08 +0800] "GET / HTTP/1.1" 301 - "-" "curl/7.83.1"
34.124.134.84 - - [02/Jan/2026:02:27:11 +0800] "GET / HTTP/1.1" 200 11125 "-" "curl/7.83.1"
34.124.134.84 - - [02/Jan/2026:02:27:14 +0800] "GET /wordpress/ HTTP/1.1" 301 - "-" "Mozilla/5.0 (Linux; Android 12) Chrome/111.0 Mobile Safari/537.36"
34.124.134.84 - - [02/Jan/2026:02:27:15 +0800] "GET /wordpress/ HTTP/1.1" 404 30668 "-" "Mozilla/5.0 (Linux; Android 12) Chrome/111.0 Mobile Safari/537.36"
40.77.167.144 - - [02/Jan/2026:02:31:13 +0800] "GET /portfolio/holger/ HTTP/1.1" 200 7426 "-" "Mozilla/5.0 AppleWebKit/537.36 (KHTML, like Gecko; compatible; bingbot/2.0; +http://www.bing.com/bingbot.htm) Chrome/116.0.1938.76 Safari/537.36"
142.44.220.157 - - [02/Jan/2026:02:35:26 +0800] "GET /portfolio/united/ HTTP/1.1" 200 7429 "-" "Mozilla/5.0 (compatible; AhrefsBot/7.0; +http://ahrefs.com/robot/)"
44.195.145.102 - - [02/Jan/2026:02:37:24 +0800] "GET /robots.txt HTTP/1.1" 200 117 "-" "Mozilla/5.0 AppleWebKit/537.36 (KHTML, like Gecko; compatible; Amazonbot/0.1; +https://developer.amazon.com/support/amazonbot) Chrome/119.0.6045.214 Safari/537.36"
3.213.213.161 - - [02/Jan/2026:02:37:25 +0800] "GET /portfolio/united/ HTTP/1.1" 200 7432 "-" "Mozilla/5.0 AppleWebKit/537.36 (KHTML, like Gecko; compatible; Amazonbot/0.1; +https://developer.amazon.com/support/amazonbot) Chrome/119.0.6045.214 Safari/537.36"
103.4.122.14 - - [02/Jan/2026:02:47:15 +0800] "POST /wp-cron.php?doing_wp_cron=1767293235.8085939884185791015625 HTTP/1.1" 200 - "https://www.ferrydesign.com.au/wp-cron.php?doing_wp_cron=1767293235.8085939884185791015625" "WordPress/6.0.3; https://www.ferrydesign.com.au"
192.178.4.98 - - [02/Jan/2026:02:47:15 +0800] "GET /portfolio/admiral/ HTTP/1.1" 200 7418 "-" "Mozilla/5.0 (Linux; Android 6.0.1; Nexus 5X Build/MMB29P) AppleWebKit/537.36 (KHTML, like Gecko) Chrome/141.0.7390.122 Mobile Safari/537.36 (compatible; Googlebot/2.1; +http://www.google.com/bot.html)"
192.178.4.97 - - [02/Jan/2026:02:47:20 +0800] "GET /wp-content/themes/Personalist/js/jquery.scrollUp.min.js?ver=5fc81bc751ba1b30f50a25c72e5a1c8d HTTP/1.1" 200 880 "https://www.ferrydesign.com.au/portfolio/admiral/" "Mozilla/5.0 (Linux; Android 6.0.1; Nexus 5X Build/MMB29P) AppleWebKit/537.36 (KHTML, like Gecko) Chrome/141.0.7390.122 Mobile Safari/537.36 (compatible; Googlebot/2.1; +http://www.google.com/bot.html)"
192.178.4.97 - - [02/Jan/2026:02:47:21 +0800] "GET /wp-content/themes/Personalist/js/jquery.colio.min.js?ver=5fc81bc751ba1b30f50a25c72e5a1c8d HTTP/1.1" 200 2720 "https://www.ferrydesign.com.au/portfolio/admiral/" "Mozilla/5.0 (Linux; Android 6.0.1; Nexus 5X Build/MMB29P) AppleWebKit/537.36 (KHTML, like Gecko) Chrome/141.0.7390.122 Mobile Safari/537.36 (compatible; Googlebot/2.1; +http://www.google.com/bot.html)"
192.178.4.97 - - [02/Jan/2026:02:47:21 +0800] "GET /?wordfence_lh=1&hid=F8A3797B43185CCBC9C742BA1A1448A8&r=0.9941292644944042 HTTP/1.1" 200 - "https://www.ferrydesign.com.au/portfolio/admiral/" "Mozilla/5.0 (Linux; Android 6.0.1; Nexus 5X Build/MMB29P) AppleWebKit/537.36 (KHTML, like Gecko) Chrome/141.0.7390.122 Mobile Safari/537.36 (compatible; Googlebot/2.1; +http://www.google.com/bot.html)"
192.178.4.97 - - [02/Jan/2026:02:51:30 +0800] "GET / HTTP/1.1" 200 11128 "-" "Mozilla/5.0 (Linux; Android 6.0.1; Nexus 5X Build/MMB29P) AppleWebKit/537.36 (KHTML, like Gecko) Chrome/141.0.7390.122 Mobile Safari/537.36 (compatible; Googlebot/2.1; +http://www.google.com/bot.html)"
142.44.228.39 - - [02/Jan/2026:02:51:32 +0800] "GET /portfolio/acquis/ HTTP/1.1" 200 7414 "-" "Mozilla/5.0 (compatible; AhrefsBot/7.0; +http://ahrefs.com/robot/)"
192.178.4.98 - - [02/Jan/2026:02:51:37 +0800] "GET /wp-includes/css/dist/block-library/style.min.css?ver=5fc81bc751ba1b30f50a25c72e5a1c8d HTTP/1.1" 200 11681 "https://www.ferrydesign.com.au/" "Mozilla/5.0 (Linux; Android 6.0.1; Nexus 5X Build/MMB29P) AppleWebKit/537.36 (KHTML, like Gecko) Chrome/141.0.7390.122 Mobile Safari/537.36 (compatible; Googlebot/2.1; +http://www.google.com/bot.html)"
192.178.4.98 - - [02/Jan/2026:02:51:37 +0800] "GET /wp-content/themes/Personalist/css/animate.min.css?ver=5fc81bc751ba1b30f50a25c72e5a1c8d HTTP/1.1" 200 4024 "https://www.ferrydesign.com.au/" "Mozilla/5.0 (Linux; Android 6.0.1; Nexus 5X Build/MMB29P) AppleWebKit/537.36 (KHTML, like Gecko) Chrome/141.0.7390.122 Mobile Safari/537.36 (compatible; Googlebot/2.1; +http://www.google.com/bot.html)"
192.178.4.98 - - [02/Jan/2026:02:51:38 +0800] "GET /wp-content/plugins/symple-shortcodes/includes/css/font-awesome.min.css.css?ver=5fc81bc751ba1b30f50a25c72e5a1c8d HTTP/1.1" 200 4021 "https://www.ferrydesign.com.au/" "Mozilla/5.0 (Linux; Android 6.0.1; Nexus 5X Build/MMB29P) AppleWebKit/537.36 (KHTML, like Gecko) Chrome/141.0.7390.122 Mobile Safari/537.36 (compatible; Googlebot/2.1; +http://www.google.com/bot.html)"
192.178.4.96 - - [02/Jan/2026:02:51:38 +0800] "GET /wp-content/themes/Personalist/fancybox/jquery.fancybox.css?ver=5fc81bc751ba1b30f50a25c72e5a1c8d HTTP/1.1" 200 1796 "https://www.ferrydesign.com.au/" "Mozilla/5.0 (Linux; Android 6.0.1; Nexus 5X Build/MMB29P) AppleWebKit/537.36 (KHTML, like Gecko) Chrome/141.0.7390.122 Mobile Safari/537.36 (compatible; Googlebot/2.1; +http://www.google.com/bot.html)"
192.178.4.97 - - [02/Jan/2026:02:51:39 +0800] "GET /wp-includes/js/jquery/jquery.min.js?ver=3.6.0 HTTP/1.1" 200 30908 "https://www.ferrydesign.com.au/" "Mozilla/5.0 (Linux; Android 6.0.1; Nexus 5X Build/MMB29P) AppleWebKit/537.36 (KHTML, like Gecko) Chrome/141.0.7390.122 Mobile Safari/537.36 (compatible; Googlebot/2.1; +http://www.google.com/bot.html)"
192.178.4.96 - - [02/Jan/2026:02:51:39 +0800] "GET /wp-content/themes/Personalist/style.css?ver=2014-06-12 HTTP/1.1" 200 8210 "https://www.ferrydesign.com.au/" "Mozilla/5.0 (Linux; Android 6.0.1; Nexus 5X Build/MMB29P) AppleWebKit/537.36 (KHTML, like Gecko) Chrome/141.0.7390.122 Mobile Safari/537.36 (compatible; Googlebot/2.1; +http://www.google.com/bot.html)"
192.178.4.97 - - [02/Jan/2026:02:51:40 +0800] "GET /wp-content/themes/Personalist/css/font-awesome.css?ver=5fc81bc751ba1b30f50a25c72e5a1c8d HTTP/1.1" 200 4983 "https://www.ferrydesign.com.au/" "Mozilla/5.0 (Linux; Android 6.0.1; Nexus 5X Build/MMB29P) AppleWebKit/537.36 (KHTML, like Gecko) Chrome/141.0.7390.122 Mobile Safari/537.36 (compatible; Googlebot/2.1; +http://www.google.com/bot.html)"
192.178.4.97 - - [02/Jan/2026:02:51:48 +0800] "HEAD /wp-content/uploads/2014/10/81-290x201@2x.jpg HTTP/1.1" 404 - "https://www.ferrydesign.com.au/" "Mozilla/5.0 (Linux; Android 6.0.1; Nexus 5X Build/MMB29P) AppleWebKit/537.36 (KHTML, like Gecko) Chrome/141.0.7390.122 Mobile Safari/537.36 (compatible; Googlebot/2.1; +http://www.google.com/bot.html)"
192.178.4.96 - - [02/Jan/2026:02:51:49 +0800] "HEAD /wp-content/uploads/2014/10/61-290x201@2x.jpg HTTP/1.1" 404 - "https://www.ferrydesign.com.au/" "Mozilla/5.0 (Linux; Android 6.0.1; Nexus 5X Build/MMB29P) AppleWebKit/537.36 (KHTML, like Gecko) Chrome/141.0.7390.122 Mobile Safari/537.36 (compatible; Googlebot/2.1; +http://www.google.com/bot.html)"
192.178.4.96 - - [02/Jan/2026:02:51:50 +0800] "HEAD /wp-content/uploads/2014/10/0021-290x201@2x.jpg HTTP/1.1" 404 - "https://www.ferrydesign.com.au/" "Mozilla/5.0 (Linux; Android 6.0.1; Nexus 5X Build/MMB29P) AppleWebKit/537.36 (KHTML, like Gecko) Chrome/141.0.7390.122 Mobile Safari/537.36 (compatible; Googlebot/2.1; +http://www.google.com/bot.html)"
192.178.4.96 - - [02/Jan/2026:02:51:50 +0800] "HEAD /wp-content/uploads/2014/10/32-290x201@2x.jpg HTTP/1.1" 404 - "https://www.ferrydesign.com.au/" "Mozilla/5.0 (Linux; Android 6.0.1; Nexus 5X Build/MMB29P) AppleWebKit/537.36 (KHTML, like Gecko) Chrome/141.0.7390.122 Mobile Safari/537.36 (compatible; Googlebot/2.1; +http://www.google.com/bot.html)"
192.178.4.97 - - [02/Jan/2026:02:51:51 +0800] "HEAD /wp-content/uploads/2014/10/11-290x201@2x.jpg HTTP/1.1" 404 - "https://www.ferrydesign.com.au/" "Mozilla/5.0 (Linux; Android 6.0.1; Nexus 5X Build/MMB29P) AppleWebKit/537.36 (KHTML, like Gecko) Chrome/141.0.7390.122 Mobile Safari/537.36 (compatible; Googlebot/2.1; +http://www.google.com/bot.html)"
192.178.4.96 - - [02/Jan/2026:02:51:51 +0800] "HEAD /wp-content/uploads/2014/10/16-290x201@2x.jpg HTTP/1.1" 404 - "https://www.ferrydesign.com.au/" "Mozilla/5.0 (Linux; Android 6.0.1; Nexus 5X Build/MMB29P) AppleWebKit/537.36 (KHTML, like Gecko) Chrome/141.0.7390.122 Mobile Safari/537.36 (compatible; Googlebot/2.1; +http://www.google.com/bot.html)"
192.178.4.97 - - [02/Jan/2026:02:51:52 +0800] "HEAD /wp-content/uploads/2014/10/7-290x2011@2x.jpg HTTP/1.1" 404 - "https://www.ferrydesign.com.au/" "Mozilla/5.0 (Linux; Android 6.0.1; Nexus 5X Build/MMB29P) AppleWebKit/537.36 (KHTML, like Gecko) Chrome/141.0.7390.122 Mobile Safari/537.36 (compatible; Googlebot/2.1; +http://www.google.com/bot.html)"
192.178.4.97 - - [02/Jan/2026:02:51:53 +0800] "HEAD /wp-content/uploads/2014/10/7-290x201@2x.jpg HTTP/1.1" 404 - "https://www.ferrydesign.com.au/" "Mozilla/5.0 (Linux; Android 6.0.1; Nexus 5X Build/MMB29P) AppleWebKit/537.36 (KHTML, like Gecko) Chrome/141.0.7390.122 Mobile Safari/537.36 (compatible; Googlebot/2.1; +http://www.google.com/bot.html)"
192.178.4.98 - - [02/Jan/2026:02:51:54 +0800] "HEAD /wp-content/uploads/2014/10/large21-290x201@2x.jpg HTTP/1.1" 404 - "https://www.ferrydesign.com.au/" "Mozilla/5.0 (Linux; Android 6.0.1; Nexus 5X Build/MMB29P) AppleWebKit/537.36 (KHTML, like Gecko) Chrome/141.0.7390.122 Mobile Safari/537.36 (compatible; Googlebot/2.1; +http://www.google.com/bot.html)"
192.178.4.97 - - [02/Jan/2026:02:51:54 +0800] "HEAD /wp-content/uploads/2014/10/22-290x201@2x.jpg HTTP/1.1" 404 - "https://www.ferrydesign.com.au/" "Mozilla/5.0 (Linux; Android 6.0.1; Nexus 5X Build/MMB29P) AppleWebKit/537.36 (KHTML, like Gecko) Chrome/141.0.7390.122 Mobile Safari/537.36 (compatible; Googlebot/2.1; +http://www.google.com/bot.html)"
192.178.4.97 - - [02/Jan/2026:02:51:55 +0800] "HEAD /wp-content/uploads/2014/10/0011-290x201@2x.jpg HTTP/1.1" 404 - "https://www.ferrydesign.com.au/" "Mozilla/5.0 (Linux; Android 6.0.1; Nexus 5X Build/MMB29P) AppleWebKit/537.36 (KHTML, like Gecko) Chrome/141.0.7390.122 Mobile Safari/537.36 (compatible; Googlebot/2.1; +http://www.google.com/bot.html)"
192.178.4.96 - - [02/Jan/2026:02:51:55 +0800] "HEAD /wp-content/uploads/2014/10/8-290x201@2x.jpg HTTP/1.1" 404 - "https://www.ferrydesign.com.au/" "Mozilla/5.0 (Linux; Android 6.0.1; Nexus 5X Build/MMB29P) AppleWebKit/537.36 (KHTML, like Gecko) Chrome/141.0.7390.122 Mobile Safari/537.36 (compatible; Googlebot/2.1; +http://www.google.com/bot.html)"
192.178.4.98 - - [02/Jan/2026:02:51:56 +0800] "HEAD /wp-content/uploads/2014/10/14-290x201@2x.jpg HTTP/1.1" 404 - "https://www.ferrydesign.com.au/" "Mozilla/5.0 (Linux; Android 6.0.1; Nexus 5X Build/MMB29P) AppleWebKit/537.36 (KHTML, like Gecko) Chrome/141.0.7390.122 Mobile Safari/537.36 (compatible; Googlebot/2.1; +http://www.google.com/bot.html)"
192.178.4.97 - - [02/Jan/2026:02:51:57 +0800] "HEAD /wp-content/uploads/2014/10/002-290x2011@2x.jpg HTTP/1.1" 404 - "https://www.ferrydesign.com.au/" "Mozilla/5.0 (Linux; Android 6.0.1; Nexus 5X Build/MMB29P) AppleWebKit/537.36 (KHTML, like Gecko) Chrome/141.0.7390.122 Mobile Safari/537.36 (compatible; Googlebot/2.1; +http://www.google.com/bot.html)"
192.178.4.98 - - [02/Jan/2026:02:51:59 +0800] "GET /?wordfence_lh=1&hid=70737361EA7BFFA2E7D804E2AD31142F&r=0.96967917191796 HTTP/1.1" 200 - "https://www.ferrydesign.com.au/" "Mozilla/5.0 (Linux; Android 6.0.1; Nexus 5X Build/MMB29P) AppleWebKit/537.36 (KHTML, like Gecko) Chrome/141.0.7390.122 Mobile Safari/537.36 (compatible; Googlebot/2.1; +http://www.google.com/bot.html)"
57.141.14.86 - - [02/Jan/2026:02:53:25 +0800] "GET / HTTP/1.1" 200 76263 "-" "meta-externalagent/1.1 (+https://developers.facebook.com/docs/sharing/webmasters/crawler)"
192.178.4.98 - - [02/Jan/2026:02:53:47 +0800] "GET /sitemap/ HTTP/1.1" 200 7758 "-" "Mozilla/5.0 (Linux; Android 6.0.1; Nexus 5X Build/MMB29P) AppleWebKit/537.36 (KHTML, like Gecko) Chrome/141.0.7390.122 Mobile Safari/537.36 (compatible; Googlebot/2.1; +http://www.google.com/bot.html)"
192.178.4.97 - - [02/Jan/2026:02:53:51 +0800] "GET /?wordfence_lh=1&hid=4E7856282D1D3A5C67B4434ACD8E5103&r=0.9941292644944042 HTTP/1.1" 200 - "https://www.ferrydesign.com.au/sitemap/" "Mozilla/5.0 (Linux; Android 6.0.1; Nexus 5X Build/MMB29P) AppleWebKit/537.36 (KHTML, like Gecko) Chrome/141.0.7390.122 Mobile Safari/537.36 (compatible; Googlebot/2.1; +http://www.google.com/bot.html)"
192.178.4.96 - - [02/Jan/2026:02:54:00 +0800] "GET /sitemap/Insert%20Url HTTP/1.1" 404 30721 "-" "Googlebot-Image/1.0"
40.77.167.235 - - [02/Jan/2026:02:57:33 +0800] "GET /wp-content/uploads/2014/10/10-290x2011.jpg HTTP/1.1" 200 18650 "-" "Mozilla/5.0 AppleWebKit/537.36 (KHTML, like Gecko; compatible; bingbot/2.0; +http://www.bing.com/bingbot.htm) Chrome/116.0.1938.76 Safari/537.36"
192.178.4.98 - - [02/Jan/2026:02:57:43 +0800] "GET /?wordfence_lh=1&hid=09F74572DFDF7D17F9526F677EFBF2B4 HTTP/1.1" 200 - "-" "Mozilla/5.0 (Linux; Android 6.0.1; Nexus 5X Build/MMB29P) AppleWebKit/537.36 (KHTML, like Gecko) Chrome/141.0.7390.122 Mobile Safari/537.36 (compatible; Googlebot/2.1; +http://www.google.com/bot.html)"
170.106.181.163 - - [02/Jan/2026:03:00:05 +0800] "GET / HTTP/1.1" 403 199 "-" "Mozilla/5.0 (iPhone; CPU iPhone OS 13_2_3 like Mac OS X) AppleWebKit/605.1.15 (KHTML, like Gecko) Version/13.0.3 Mobile/15E148 Safari/604.1"
192.178.4.97 - - [02/Jan/2026:03:01:22 +0800] "GET /portfolio/scarlet-wine/ HTTP/1.1" 200 7426 "-" "Mozilla/5.0 (Linux; Android 6.0.1; Nexus 5X Build/MMB29P) AppleWebKit/537.36 (KHTML, like Gecko) Chrome/141.0.7390.122 Mobile Safari/537.36 (compatible; Googlebot/2.1; +http://www.google.com/bot.html)"
192.178.4.97 - - [02/Jan/2026:03:01:27 +0800] "GET /?wordfence_lh=1&hid=0A5C08DC6BEC73A6425D776405B57F12&r=0.9941292644944042 HTTP/1.1" 200 - "https://www.ferrydesign.com.au/portfolio/scarlet-wine/" "Mozilla/5.0 (Linux; Android 6.0.1; Nexus 5X Build/MMB29P) AppleWebKit/537.36 (KHTML, like Gecko) Chrome/141.0.7390.122 Mobile Safari/537.36 (compatible; Googlebot/2.1; +http://www.google.com/bot.html)"
103.4.122.14 - - [02/Jan/2026:03:04:43 +0800] "POST /wp-cron.php?doing_wp_cron=1767294283.1536900997161865234375 HTTP/1.1" 200 - "https://www.ferrydesign.com.au/wp-cron.php?doing_wp_cron=1767294283.1536900997161865234375" "WordPress/6.0.3; https://www.ferrydesign.com.au"
216.73.216.51 - - [02/Jan/2026:03:04:42 +0800] "GET /robots.txt HTTP/1.1" 200 119 "-" "Mozilla/5.0 AppleWebKit/537.36 (KHTML, like Gecko; compatible; ClaudeBot/1.0; +claudebot@anthropic.com)"
216.73.216.51 - - [02/Jan/2026:03:04:44 +0800] "GET /wp-sitemap.xml HTTP/1.1" 404 29249 "-" "Mozilla/5.0 AppleWebKit/537.36 (KHTML, like Gecko; compatible; ClaudeBot/1.0; +claudebot@anthropic.com)"
192.178.4.96 - - [02/Jan/2026:03:07:06 +0800] "GET /service/printing-services/ HTTP/1.1" 200 7672 "-" "Mozilla/5.0 (Linux; Android 6.0.1; Nexus 5X Build/MMB29P) AppleWebKit/537.36 (KHTML, like Gecko) Chrome/141.0.7390.122 Mobile Safari/537.36 (compatible; Googlebot/2.1; +http://www.google.com/bot.html)"
192.178.4.104 - - [02/Jan/2026:03:07:09 +0800] "HEAD /wp-content/uploads/2014/10/printing_services@2x.jpg HTTP/1.1" 404 - "http://www.ferrydesign.com.au/service/printing-services/" "Mozilla/5.0 (Linux; Android 6.0.1; Nexus 5X Build/MMB29P) AppleWebKit/537.36 (KHTML, like Gecko) Chrome/141.0.7390.122 Mobile Safari/537.36 (compatible; Googlebot/2.1; +http://www.google.com/bot.html)"
192.178.4.104 - - [02/Jan/2026:03:07:10 +0800] "HEAD /wp-content/uploads/2014/10/FERRY-LOGO_small@2x.jpg HTTP/1.1" 404 - "http://www.ferrydesign.com.au/service/printing-services/" "Mozilla/5.0 (Linux; Android 6.0.1; Nexus 5X Build/MMB29P) AppleWebKit/537.36 (KHTML, like Gecko) Chrome/141.0.7390.122 Mobile Safari/537.36 (compatible; Googlebot/2.1; +http://www.google.com/bot.html)"
192.178.4.105 - - [02/Jan/2026:03:07:11 +0800] "GET /?wordfence_lh=1&hid=23AD4327A1CE7D4C1F59CB52A37B0590&r=0.6386631741188467 HTTP/1.1" 200 - "http://www.ferrydesign.com.au/service/printing-services/" "Mozilla/5.0 (Linux; Android 6.0.1; Nexus 5X Build/MMB29P) AppleWebKit/537.36 (KHTML, like Gecko) Chrome/141.0.7390.122 Mobile Safari/537.36 (compatible; Googlebot/2.1; +http://www.google.com/bot.html)"
192.178.4.104 - - [02/Jan/2026:03:07:18 +0800] "GET /service/printing-services/Insert%20Url HTTP/1.1" 404 30668 "-" "Googlebot-Image/1.0"
15.235.27.117 - - [02/Jan/2026:03:07:43 +0800] "GET /portfolio/cheiron/ HTTP/1.1" 200 7422 "-" "Mozilla/5.0 (compatible; AhrefsBot/7.0; +http://ahrefs.com/robot/)"
95.108.213.78 - - [02/Jan/2026:03:18:04 +0800] "GET /robots.txt HTTP/1.1" 200 122 "-" "Mozilla/5.0 (compatible; YandexBot/3.0; +http://yandex.com/bots)"
213.180.203.70 - - [02/Jan/2026:03:18:06 +0800] "GET /3-things-that-logo-design-should-have/Insert%20Url HTTP/1.1" 404 30668 "-" "Mozilla/5.0 (compatible; YandexFavicons/1.0; +http://yandex.com/bots)"
54.39.136.82 - - [02/Jan/2026:03:27:45 +0800] "GET /wp-sitemap.xml HTTP/1.1" 404 29249 "-" "Mozilla/5.0 (compatible; AhrefsBot/7.0; +http://ahrefs.com/robot/)"
192.178.4.104 - - [02/Jan/2026:03:36:56 +0800] "GET /?wordfence_logHuman=1&hid=22CAFEF22CA36462A39E166277B83A44 HTTP/1.1" 200 11125 "-" "Mozilla/5.0 (Linux; Android 6.0.1; Nexus 5X Build/MMB29P) AppleWebKit/537.36 (KHTML, like Gecko) Chrome/141.0.7390.122 Mobile Safari/537.36 (compatible; Googlebot/2.1; +http://www.google.com/bot.html)"
192.178.4.96 - - [02/Jan/2026:03:36:59 +0800] "GET /?wordfence_lh=1&hid=514EACB47FF7D79E861A0A10597A70E0&r=0.6017982100602239 HTTP/1.1" 200 - "http://www.ferrydesign.com.au/?wordfence_logHuman=1&hid=22CAFEF22CA36462A39E166277B83A44" "Mozilla/5.0 (Linux; Android 6.0.1; Nexus 5X Build/MMB29P) AppleWebKit/537.36 (KHTML, like Gecko) Chrome/141.0.7390.122 Mobile Safari/537.36 (compatible; Googlebot/2.1; +http://www.google.com/bot.html)"
192.178.4.105 - - [02/Jan/2026:03:37:00 +0800] "HEAD /wp-content/uploads/2014/10/7-290x2011@2x.jpg HTTP/1.1" 404 - "http://www.ferrydesign.com.au/?wordfence_logHuman=1&hid=22CAFEF22CA36462A39E166277B83A44" "Mozilla/5.0 (Linux; Android 6.0.1; Nexus 5X Build/MMB29P) AppleWebKit/537.36 (KHTML, like Gecko) Chrome/141.0.7390.122 Mobile Safari/537.36 (compatible; Googlebot/2.1; +http://www.google.com/bot.html)"
192.178.4.104 - - [02/Jan/2026:03:37:00 +0800] "HEAD /wp-content/uploads/2014/10/Lavero-Pizza-Logo@2x.jpg HTTP/1.1" 404 - "http://www.ferrydesign.com.au/?wordfence_logHuman=1&hid=22CAFEF22CA36462A39E166277B83A44" "Mozilla/5.0 (Linux; Android 6.0.1; Nexus 5X Build/MMB29P) AppleWebKit/537.36 (KHTML, like Gecko) Chrome/141.0.7390.122 Mobile Safari/537.36 (compatible; Googlebot/2.1; +http://www.google.com/bot.html)"
192.178.4.105 - - [02/Jan/2026:03:37:00 +0800] "HEAD /wp-content/uploads/2014/10/UNITED-GAS-Logo@2x.jpg HTTP/1.1" 404 - "http://www.ferrydesign.com.au/?wordfence_logHuman=1&hid=22CAFEF22CA36462A39E166277B83A44" "Mozilla/5.0 (Linux; Android 6.0.1; Nexus 5X Build/MMB29P) AppleWebKit/537.36 (KHTML, like Gecko) Chrome/141.0.7390.122 Mobile Safari/537.36 (compatible; Googlebot/2.1; +http://www.google.com/bot.html)"
192.178.4.105 - - [02/Jan/2026:03:37:01 +0800] "HEAD /wp-content/uploads/2014/10/11-290x201@2x.jpg HTTP/1.1" 404 - "http://www.ferrydesign.com.au/?wordfence_logHuman=1&hid=22CAFEF22CA36462A39E166277B83A44" "Mozilla/5.0 (Linux; Android 6.0.1; Nexus 5X Build/MMB29P) AppleWebKit/537.36 (KHTML, like Gecko) Chrome/141.0.7390.122 Mobile Safari/537.36 (compatible; Googlebot/2.1; +http://www.google.com/bot.html)"
192.178.4.104 - - [02/Jan/2026:03:37:01 +0800] "HEAD /wp-content/uploads/2014/10/0011-290x201@2x.jpg HTTP/1.1" 404 - "http://www.ferrydesign.com.au/?wordfence_logHuman=1&hid=22CAFEF22CA36462A39E166277B83A44" "Mozilla/5.0 (Linux; Android 6.0.1; Nexus 5X Build/MMB29P) AppleWebKit/537.36 (KHTML, like Gecko) Chrome/141.0.7390.122 Mobile Safari/537.36 (compatible; Googlebot/2.1; +http://www.google.com/bot.html)"
192.178.4.104 - - [02/Jan/2026:03:37:01 +0800] "HEAD /wp-content/uploads/2014/10/ILC-brochure@2x.jpg HTTP/1.1" 404 - "http://www.ferrydesign.com.au/?wordfence_logHuman=1&hid=22CAFEF22CA36462A39E166277B83A44" "Mozilla/5.0 (Linux; Android 6.0.1; Nexus 5X Build/MMB29P) AppleWebKit/537.36 (KHTML, like Gecko) Chrome/141.0.7390.122 Mobile Safari/537.36 (compatible; Googlebot/2.1; +http://www.google.com/bot.html)"
192.178.4.104 - - [02/Jan/2026:03:37:02 +0800] "HEAD /wp-content/uploads/2014/10/OLIVE-CONSTRUCTION-BC@2x.jpg HTTP/1.1" 404 - "http://www.ferrydesign.com.au/?wordfence_logHuman=1&hid=22CAFEF22CA36462A39E166277B83A44" "Mozilla/5.0 (Linux; Android 6.0.1; Nexus 5X Build/MMB29P) AppleWebKit/537.36 (KHTML, like Gecko) Chrome/141.0.7390.122 Mobile Safari/537.36 (compatible; Googlebot/2.1; +http://www.google.com/bot.html)"
192.178.4.105 - - [02/Jan/2026:03:37:02 +0800] "HEAD /wp-content/uploads/2014/10/CAROLS-COUNTRY-KITCHEN@2x.jpg HTTP/1.1" 404 - "http://www.ferrydesign.com.au/?wordfence_logHuman=1&hid=22CAFEF22CA36462A39E166277B83A44" "Mozilla/5.0 (Linux; Android 6.0.1; Nexus 5X Build/MMB29P) AppleWebKit/537.36 (KHTML, like Gecko) Chrome/141.0.7390.122 Mobile Safari/537.36 (compatible; Googlebot/2.1; +http://www.google.com/bot.html)"
192.178.4.104 - - [02/Jan/2026:03:37:02 +0800] "HEAD /wp-content/uploads/2014/10/7-290x201@2x.jpg HTTP/1.1" 404 - "http://www.ferrydesign.com.au/?wordfence_logHuman=1&hid=22CAFEF22CA36462A39E166277B83A44" "Mozilla/5.0 (Linux; Android 6.0.1; Nexus 5X Build/MMB29P) AppleWebKit/537.36 (KHTML, like Gecko) Chrome/141.0.7390.122 Mobile Safari/537.36 (compatible; Googlebot/2.1; +http://www.google.com/bot.html)"
192.178.4.105 - - [02/Jan/2026:03:37:03 +0800] "HEAD /wp-content/uploads/2014/10/HOLGER-DESIGN-BC@2x.jpg HTTP/1.1" 404 - "http://www.ferrydesign.com.au/?wordfence_logHuman=1&hid=22CAFEF22CA36462A39E166277B83A44" "Mozilla/5.0 (Linux; Android 6.0.1; Nexus 5X Build/MMB29P) AppleWebKit/537.36 (KHTML, like Gecko) Chrome/141.0.7390.122 Mobile Safari/537.36 (compatible; Googlebot/2.1; +http://www.google.com/bot.html)"
192.178.4.105 - - [02/Jan/2026:03:37:03 +0800] "HEAD /wp-content/uploads/2014/10/large21-290x201@2x.jpg HTTP/1.1" 404 - "http://www.ferrydesign.com.au/?wordfence_logHuman=1&hid=22CAFEF22CA36462A39E166277B83A44" "Mozilla/5.0 (Linux; Android 6.0.1; Nexus 5X Build/MMB29P) AppleWebKit/537.36 (KHTML, like Gecko) Chrome/141.0.7390.122 Mobile Safari/537.36 (compatible; Googlebot/2.1; +http://www.google.com/bot.html)"
192.178.4.105 - - [02/Jan/2026:03:37:03 +0800] "HEAD /wp-content/uploads/2014/10/14-290x201@2x.jpg HTTP/1.1" 404 - "http://www.ferrydesign.com.au/?wordfence_logHuman=1&hid=22CAFEF22CA36462A39E166277B83A44" "Mozilla/5.0 (Linux; Android 6.0.1; Nexus 5X Build/MMB29P) AppleWebKit/537.36 (KHTML, like Gecko) Chrome/141.0.7390.122 Mobile Safari/537.36 (compatible; Googlebot/2.1; +http://www.google.com/bot.html)"
192.178.4.105 - - [02/Jan/2026:03:37:03 +0800] "HEAD /wp-content/uploads/2014/10/ILC-Posters@2x.jpg HTTP/1.1" 404 - "http://www.ferrydesign.com.au/?wordfence_logHuman=1&hid=22CAFEF22CA36462A39E166277B83A44" "Mozilla/5.0 (Linux; Android 6.0.1; Nexus 5X Build/MMB29P) AppleWebKit/537.36 (KHTML, like Gecko) Chrome/141.0.7390.122 Mobile Safari/537.36 (compatible; Googlebot/2.1; +http://www.google.com/bot.html)"
192.178.4.105 - - [02/Jan/2026:03:37:04 +0800] "HEAD /wp-content/uploads/2014/10/SUNPOWER-SOLAR-BC@2x.jpg HTTP/1.1" 404 - "http://www.ferrydesign.com.au/?wordfence_logHuman=1&hid=22CAFEF22CA36462A39E166277B83A44" "Mozilla/5.0 (Linux; Android 6.0.1; Nexus 5X Build/MMB29P) AppleWebKit/537.36 (KHTML, like Gecko) Chrome/141.0.7390.122 Mobile Safari/537.36 (compatible; Googlebot/2.1; +http://www.google.com/bot.html)"
192.178.4.105 - - [02/Jan/2026:03:37:04 +0800] "HEAD /wp-content/uploads/2014/10/LION-FM-Logo@2x.jpg HTTP/1.1" 404 - "http://www.ferrydesign.com.au/?wordfence_logHuman=1&hid=22CAFEF22CA36462A39E166277B83A44" "Mozilla/5.0 (Linux; Android 6.0.1; Nexus 5X Build/MMB29P) AppleWebKit/537.36 (KHTML, like Gecko) Chrome/141.0.7390.122 Mobile Safari/537.36 (compatible; Googlebot/2.1; +http://www.google.com/bot.html)"
192.178.4.104 - - [02/Jan/2026:03:37:04 +0800] "HEAD /wp-content/uploads/2014/10/8-290x201@2x.jpg HTTP/1.1" 404 - "http://www.ferrydesign.com.au/?wordfence_logHuman=1&hid=22CAFEF22CA36462A39E166277B83A44" "Mozilla/5.0 (Linux; Android 6.0.1; Nexus 5X Build/MMB29P) AppleWebKit/537.36 (KHTML, like Gecko) Chrome/141.0.7390.122 Mobile Safari/537.36 (compatible; Googlebot/2.1; +http://www.google.com/bot.html)"
192.178.4.104 - - [02/Jan/2026:03:37:05 +0800] "HEAD /wp-content/uploads/2014/10/Crystal-Water-Packaging@2x.png HTTP/1.1" 404 - "http://www.ferrydesign.com.au/?wordfence_logHuman=1&hid=22CAFEF22CA36462A39E166277B83A44" "Mozilla/5.0 (Linux; Android 6.0.1; Nexus 5X Build/MMB29P) AppleWebKit/537.36 (KHTML, like Gecko) Chrome/141.0.7390.122 Mobile Safari/537.36 (compatible; Googlebot/2.1; +http://www.google.com/bot.html)"
192.178.4.104 - - [02/Jan/2026:03:37:05 +0800] "HEAD /wp-content/uploads/2014/10/81-290x201@2x.jpg HTTP/1.1" 404 - "http://www.ferrydesign.com.au/?wordfence_logHuman=1&hid=22CAFEF22CA36462A39E166277B83A44" "Mozilla/5.0 (Linux; Android 6.0.1; Nexus 5X Build/MMB29P) AppleWebKit/537.36 (KHTML, like Gecko) Chrome/141.0.7390.122 Mobile Safari/537.36 (compatible; Googlebot/2.1; +http://www.google.com/bot.html)"
192.178.4.104 - - [02/Jan/2026:03:37:05 +0800] "HEAD /wp-content/uploads/2014/10/0021-290x201@2x.jpg HTTP/1.1" 404 - "http://www.ferrydesign.com.au/?wordfence_logHuman=1&hid=22CAFEF22CA36462A39E166277B83A44" "Mozilla/5.0 (Linux; Android 6.0.1; Nexus 5X Build/MMB29P) AppleWebKit/537.36 (KHTML, like Gecko) Chrome/141.0.7390.122 Mobile Safari/537.36 (compatible; Googlebot/2.1; +http://www.google.com/bot.html)"
192.178.4.104 - - [02/Jan/2026:03:37:06 +0800] "HEAD /wp-content/uploads/2014/10/ADMIRAL-Labels@2x.jpg HTTP/1.1" 404 - "http://www.ferrydesign.com.au/?wordfence_logHuman=1&hid=22CAFEF22CA36462A39E166277B83A44" "Mozilla/5.0 (Linux; Android 6.0.1; Nexus 5X Build/MMB29P) AppleWebKit/537.36 (KHTML, like Gecko) Chrome/141.0.7390.122 Mobile Safari/537.36 (compatible; Googlebot/2.1; +http://www.google.com/bot.html)"
192.178.4.104 - - [02/Jan/2026:03:37:06 +0800] "HEAD /wp-content/uploads/2014/10/0031-290x201@2x.jpg HTTP/1.1" 404 - "http://www.ferrydesign.com.au/?wordfence_logHuman=1&hid=22CAFEF22CA36462A39E166277B83A44" "Mozilla/5.0 (Linux; Android 6.0.1; Nexus 5X Build/MMB29P) AppleWebKit/537.36 (KHTML, like Gecko) Chrome/141.0.7390.122 Mobile Safari/537.36 (compatible; Googlebot/2.1; +http://www.google.com/bot.html)"
192.178.4.104 - - [02/Jan/2026:03:37:07 +0800] "HEAD /wp-content/uploads/2014/10/UNITED-BALLS@2x.png HTTP/1.1" 403 - "http://www.ferrydesign.com.au/?wordfence_logHuman=1&hid=22CAFEF22CA36462A39E166277B83A44" "Mozilla/5.0 (Linux; Android 6.0.1; Nexus 5X Build/MMB29P) AppleWebKit/537.36 (KHTML, like Gecko) Chrome/141.0.7390.122 Mobile Safari/537.36 (compatible; Googlebot/2.1; +http://www.google.com/bot.html)"
192.178.4.104 - - [02/Jan/2026:03:37:07 +0800] "HEAD /wp-content/uploads/2014/10/INSTANT-LASER-CLINIC01@2x.jpg HTTP/1.1" 403 - "http://www.ferrydesign.com.au/?wordfence_logHuman=1&hid=22CAFEF22CA36462A39E166277B83A44" "Mozilla/5.0 (Linux; Android 6.0.1; Nexus 5X Build/MMB29P) AppleWebKit/537.36 (KHTML, like Gecko) Chrome/141.0.7390.122 Mobile Safari/537.36 (compatible; Googlebot/2.1; +http://www.google.com/bot.html)"
192.178.4.104 - - [02/Jan/2026:03:37:08 +0800] "HEAD /wp-content/uploads/2014/10/32-290x201@2x.jpg HTTP/1.1" 403 - "http://www.ferrydesign.com.au/?wordfence_logHuman=1&hid=22CAFEF22CA36462A39E166277B83A44" "Mozilla/5.0 (Linux; Android 6.0.1; Nexus 5X Build/MMB29P) AppleWebKit/537.36 (KHTML, like Gecko) Chrome/141.0.7390.122 Mobile Safari/537.36 (compatible; Googlebot/2.1; +http://www.google.com/bot.html)"
192.178.4.104 - - [02/Jan/2026:03:37:09 +0800] "HEAD /wp-content/uploads/2014/10/16-290x201@2x.jpg HTTP/1.1" 403 - "http://www.ferrydesign.com.au/?wordfence_logHuman=1&hid=22CAFEF22CA36462A39E166277B83A44" "Mozilla/5.0 (Linux; Android 6.0.1; Nexus 5X Build/MMB29P) AppleWebKit/537.36 (KHTML, like Gecko) Chrome/141.0.7390.122 Mobile Safari/537.36 (compatible; Googlebot/2.1; +http://www.google.com/bot.html)"
192.178.4.104 - - [02/Jan/2026:03:37:09 +0800] "HEAD /wp-content/uploads/2014/10/UNITED-OIL_2@2x.png HTTP/1.1" 403 - "http://www.ferrydesign.com.au/?wordfence_logHuman=1&hid=22CAFEF22CA36462A39E166277B83A44" "Mozilla/5.0 (Linux; Android 6.0.1; Nexus 5X Build/MMB29P) AppleWebKit/537.36 (KHTML, like Gecko) Chrome/141.0.7390.122 Mobile Safari/537.36 (compatible; Googlebot/2.1; +http://www.google.com/bot.html)"
192.178.4.104 - - [02/Jan/2026:03:37:09 +0800] "HEAD /wp-content/uploads/2014/10/iWIRE-Low1@2x.jpg HTTP/1.1" 403 - "http://www.ferrydesign.com.au/?wordfence_logHuman=1&hid=22CAFEF22CA36462A39E166277B83A44" "Mozilla/5.0 (Linux; Android 6.0.1; Nexus 5X Build/MMB29P) AppleWebKit/537.36 (KHTML, like Gecko) Chrome/141.0.7390.122 Mobile Safari/537.36 (compatible; Googlebot/2.1; +http://www.google.com/bot.html)"
192.178.4.104 - - [02/Jan/2026:03:37:08 +0800] "HEAD /wp-content/uploads/2014/10/22-290x201@2x.jpg HTTP/1.1" 403 - "http://www.ferrydesign.com.au/?wordfence_logHuman=1&hid=22CAFEF22CA36462A39E166277B83A44" "Mozilla/5.0 (Linux; Android 6.0.1; Nexus 5X Build/MMB29P) AppleWebKit/537.36 (KHTML, like Gecko) Chrome/141.0.7390.122 Mobile Safari/537.36 (compatible; Googlebot/2.1; +http://www.google.com/bot.html)"
192.178.4.104 - - [02/Jan/2026:03:37:10 +0800] "HEAD /wp-content/uploads/2014/10/URBANO-BC@2x.jpg HTTP/1.1" 403 - "http://www.ferrydesign.com.au/?wordfence_logHuman=1&hid=22CAFEF22CA36462A39E166277B83A44" "Mozilla/5.0 (Linux; Android 6.0.1; Nexus 5X Build/MMB29P) AppleWebKit/537.36 (KHTML, like Gecko) Chrome/141.0.7390.122 Mobile Safari/537.36 (compatible; Googlebot/2.1; +http://www.google.com/bot.html)"
192.178.4.104 - - [02/Jan/2026:03:37:10 +0800] "HEAD /wp-content/uploads/2014/10/KAZBAR-flyer@2x.jpg HTTP/1.1" 403 - "http://www.ferrydesign.com.au/?wordfence_logHuman=1&hid=22CAFEF22CA36462A39E166277B83A44" "Mozilla/5.0 (Linux; Android 6.0.1; Nexus 5X Build/MMB29P) AppleWebKit/537.36 (KHTML, like Gecko) Chrome/141.0.7390.122 Mobile Safari/537.36 (compatible; Googlebot/2.1; +http://www.google.com/bot.html)"
192.178.4.104 - - [02/Jan/2026:03:37:11 +0800] "HEAD /wp-content/uploads/2014/10/44-290x2011@2x.jpg HTTP/1.1" 403 - "http://www.ferrydesign.com.au/?wordfence_logHuman=1&hid=22CAFEF22CA36462A39E166277B83A44" "Mozilla/5.0 (Linux; Android 6.0.1; Nexus 5X Build/MMB29P) AppleWebKit/537.36 (KHTML, like Gecko) Chrome/141.0.7390.122 Mobile Safari/537.36 (compatible; Googlebot/2.1; +http://www.google.com/bot.html)"
192.178.4.104 - - [02/Jan/2026:03:37:11 +0800] "HEAD /wp-content/uploads/2014/10/002-290x2011@2x.jpg HTTP/1.1" 403 - "http://www.ferrydesign.com.au/?wordfence_logHuman=1&hid=22CAFEF22CA36462A39E166277B83A44" "Mozilla/5.0 (Linux; Android 6.0.1; Nexus 5X Build/MMB29P) AppleWebKit/537.36 (KHTML, like Gecko) Chrome/141.0.7390.122 Mobile Safari/537.36 (compatible; Googlebot/2.1; +http://www.google.com/bot.html)"
192.178.4.104 - - [02/Jan/2026:03:37:12 +0800] "HEAD /wp-content/uploads/2014/10/SCARLET-WINE@2x.jpg HTTP/1.1" 403 - "http://www.ferrydesign.com.au/?wordfence_logHuman=1&hid=22CAFEF22CA36462A39E166277B83A44" "Mozilla/5.0 (Linux; Android 6.0.1; Nexus 5X Build/MMB29P) AppleWebKit/537.36 (KHTML, like Gecko) Chrome/141.0.7390.122 Mobile Safari/537.36 (compatible; Googlebot/2.1; +http://www.google.com/bot.html)"
192.178.4.104 - - [02/Jan/2026:03:37:12 +0800] "HEAD /wp-content/uploads/2014/10/61-290x201@2x.jpg HTTP/1.1" 403 - "http://www.ferrydesign.com.au/?wordfence_logHuman=1&hid=22CAFEF22CA36462A39E166277B83A44" "Mozilla/5.0 (Linux; Android 6.0.1; Nexus 5X Build/MMB29P) AppleWebKit/537.36 (KHTML, like Gecko) Chrome/141.0.7390.122 Mobile Safari/537.36 (compatible; Googlebot/2.1; +http://www.google.com/bot.html)"
191.96.67.204 - - [02/Jan/2026:03:45:48 +0800] "GET /wp-login.php HTTP/1.1" 200 3004 "-" "Mozilla/5.0 (iPhone; CPU iPhone OS 18_3_2 like Mac OS X) AppleWebKit/605.1.15 (KHTML, like Gecko) Version/18.3.1 Mobile/15E148 Safari/604.1"
191.96.67.204 - - [02/Jan/2026:03:45:54 +0800] "GET /xmlrpc.php HTTP/1.1" 405 42 "-" "Mozilla/5.0 (Linux; Android 10; K) AppleWebKit/537.36 (KHTML, like Gecko) Chrome/135.0.0.0 Mobile Safari/537.36"
191.96.67.204 - - [02/Jan/2026:03:45:57 +0800] "POST /xmlrpc.php HTTP/1.1" 503 18954 "-" "Mozilla/5.0 (Windows NT 10.0; Win64; x64) AppleWebKit/537.36 (KHTML, like Gecko) Chrome/138.0.0.0 Safari/537.36"
191.96.67.204 - - [02/Jan/2026:03:45:58 +0800] "POST /xmlrpc.php HTTP/1.1" 503 18954 "-" "Mozilla/5.0 (Windows NT 10.0; Win64; x64) AppleWebKit/537.36 (KHTML, like Gecko) Chrome/138.0.0.0 Safari/537.36"
191.96.67.204 - - [02/Jan/2026:03:45:58 +0800] "POST /xmlrpc.php HTTP/1.1" 503 18040 "-" "Mozilla/5.0 (Windows NT 10.0; Win64; x64) AppleWebKit/537.36 (KHTML, like Gecko) Chrome/138.0.0.0 Safari/537.36"
191.96.67.204 - - [02/Jan/2026:03:45:57 +0800] "POST /xmlrpc.php HTTP/1.1" 503 18954 "-" "Mozilla/5.0 (Windows NT 10.0; Win64; x64) AppleWebKit/537.36 (KHTML, like Gecko) Chrome/138.0.0.0 Safari/537.36"
191.96.67.204 - - [02/Jan/2026:03:45:58 +0800] "POST /xmlrpc.php HTTP/1.1" 503 18954 "-" "Mozilla/5.0 (Windows NT 10.0; Win64; x64) AppleWebKit/537.36 (KHTML, like Gecko) Chrome/138.0.0.0 Safari/537.36"
191.96.67.204 - - [02/Jan/2026:03:45:58 +0800] "POST /xmlrpc.php HTTP/1.1" 503 18040 "-" "Mozilla/5.0 (Windows NT 10.0; Win64; x64) AppleWebKit/537.36 (KHTML, like Gecko) Chrome/138.0.0.0 Safari/537.36"
191.96.67.204 - - [02/Jan/2026:03:45:58 +0800] "POST /xmlrpc.php HTTP/1.1" 503 18040 "-" "Mozilla/5.0 (Windows NT 10.0; Win64; x64) AppleWebKit/537.36 (KHTML, like Gecko) Chrome/138.0.0.0 Safari/537.36"
103.4.122.14 - - [02/Jan/2026:03:49:55 +0800] "POST /?wordfence_syncAttackData=1767296994.869 HTTP/1.1" 200 - "https://www.ferrydesign.com.au/?wordfence_syncAttackData=1767296994.869" "WordPress/6.0.3; https://www.ferrydesign.com.au"
103.4.122.14 - - [02/Jan/2026:03:49:56 +0800] "POST /wp-cron.php?doing_wp_cron=1767296995.9902288913726806640625 HTTP/1.1" 200 - "https://www.ferrydesign.com.au/wp-cron.php?doing_wp_cron=1767296995.9902288913726806640625" "WordPress/6.0.3; https://www.ferrydesign.com.au"
142.44.228.200 - - [02/Jan/2026:03:49:54 +0800] "GET /portfolio_skin/logo-design/ HTTP/1.1" 200 7722 "-" "Mozilla/5.0 (compatible; AhrefsBot/7.0; +http://ahrefs.com/robot/)"
8.217.214.152 - - [02/Jan/2026:03:58:03 +0800] "GET /robots.txt HTTP/1.1" 200 117 "-" "AliyunSecBot/Aliyun (AliyunSecBot@service.alibaba.com)"
8.217.177.13 - - [02/Jan/2026:03:58:05 +0800] "GET /wp-content/uploads/2014/10/cafe-up.jpg HTTP/1.1" 200 310223 "-" "AliyunSecBot/Aliyun (AliyunSecBot@service.alibaba.com)"
103.4.122.14 - - [02/Jan/2026:03:58:04 +0800] "POST /wp-cron.php?doing_wp_cron=1767297484.4009590148925781250000 HTTP/1.1" 200 - "http://www.ferrydesign.com.au/wp-cron.php?doing_wp_cron=1767297484.4009590148925781250000" "WordPress/6.0.3; http://www.ferrydesign.com.au"
52.167.144.158 - - [02/Jan/2026:04:01:46 +0800] "GET /portfolio/sunpower-solar-2/ HTTP/1.1" 200 7442 "-" "Mozilla/5.0 AppleWebKit/537.36 (KHTML, like Gecko; compatible; bingbot/2.0; +http://www.bing.com/bingbot.htm) Chrome/116.0.1938.76 Safari/537.36"
103.4.122.14 - - [02/Jan/2026:04:09:58 +0800] "POST /wp-admin/admin-ajax.php?action=wordfence_testAjax HTTP/1.1" 200 32 "http://www.ferrydesign.com.au/wp-admin/admin-ajax.php?action=wordfence_testAjax" "WordPress/6.0.3; http://www.ferrydesign.com.au"
148.113.130.109 - - [02/Jan/2026:04:09:57 +0800] "GET /things-to-keep-in-mind-for-flyers-design/ HTTP/1.1" 200 8594 "-" "Mozilla/5.0 (compatible; AhrefsBot/7.0; +http://ahrefs.com/robot/)"
103.4.122.14 - - [02/Jan/2026:04:09:57 +0800] "POST /wp-cron.php?doing_wp_cron=1767298197.8129909038543701171875 HTTP/1.1" 200 - "http://www.ferrydesign.com.au/wp-cron.php?doing_wp_cron=1767298197.8129909038543701171875" "WordPress/6.0.3; http://www.ferrydesign.com.au"
103.4.122.14 - - [02/Jan/2026:04:10:16 +0800] "POST /wp-admin/admin-ajax.php?action=wordfence_testAjax HTTP/1.1" 200 32 "http://www.ferrydesign.com.au/wp-admin/admin-ajax.php?action=wordfence_testAjax" "WordPress/6.0.3; http://www.ferrydesign.com.au"
103.4.122.14 - - [02/Jan/2026:04:09:58 +0800] "GET /wp-admin/admin-ajax.php?action=wordfence_doScan&isFork=0&scanMode=custom&cronKey=ced461e0a765538a22b24891cd0e8115&signature=6ef91c31642ef19ac0bee9ee477bcbfedd555b2f9217e77a24a6c3d082c46ea0 HTTP/1.1" 200 - "-" "WordPress/6.0.3; http://www.ferrydesign.com.au"
103.4.122.14 - - [02/Jan/2026:04:10:16 +0800] "GET /wp-admin/admin-ajax.php?action=wordfence_doScan&isFork=1&scanMode=custom&cronKey=113836314a65c021fed04c958b6978e2&signature=a7238a1f0afd60a9cb36952d6a2a82c1026b841260428052d419399b6662d58b HTTP/1.1" 200 - "-" "WordPress/6.0.3; http://www.ferrydesign.com.au"
103.4.122.14 - - [02/Jan/2026:04:10:33 +0800] "POST /wp-admin/admin-ajax.php?action=wordfence_testAjax HTTP/1.1" 200 32 "http://www.ferrydesign.com.au/wp-admin/admin-ajax.php?action=wordfence_testAjax" "WordPress/6.0.3; http://www.ferrydesign.com.au"
103.4.122.14 - - [02/Jan/2026:04:11:04 +0800] "POST /wp-admin/admin-ajax.php?action=wordfence_testAjax HTTP/1.1" 200 32 "http://www.ferrydesign.com.au/wp-admin/admin-ajax.php?action=wordfence_testAjax" "WordPress/6.0.3; http://www.ferrydesign.com.au"
54.68.32.247 - - [02/Jan/2026:04:10:48 +0800] "GET /wp-admin/admin-ajax.php?action=wordfence_doScan&isFork=1&scanMode=custom&cronKey=b00f6def6e300d147e0b67881aeedb05&signature=b909f0751dcdf50be99eaf4b43a6824079bc2b5147949b9ec4e06846b99357fd&remote=1 HTTP/1.1" 200 - "-" "Wordfence API/1.0 (+https://www.wordfence.com/help/api-callbacks/)"
103.4.122.14 - - [02/Jan/2026:04:11:21 +0800] "POST /wp-admin/admin-ajax.php?action=wordfence_testAjax HTTP/1.1" 200 32 "http://www.ferrydesign.com.au/wp-admin/admin-ajax.php?action=wordfence_testAjax" "WordPress/6.0.3; http://www.ferrydesign.com.au"
103.4.122.14 - - [02/Jan/2026:04:11:04 +0800] "GET /wp-admin/admin-ajax.php?action=wordfence_doScan&isFork=1&scanMode=custom&cronKey=4cd70f0d6d7d7396853ee18ee41a2bd5&signature=175fb156dd1be2a4051b418e471afb43791ca99e8c35bb5a7a4deb2276f90bc9 HTTP/1.1" 200 - "-" "WordPress/6.0.3; http://www.ferrydesign.com.au"
103.4.122.14 - - [02/Jan/2026:04:11:21 +0800] "GET /wp-admin/admin-ajax.php?action=wordfence_doScan&isFork=1&scanMode=custom&cronKey=a91b71d51e4ebc8572fd3cd47397cad0&signature=65bad3fc3ae0ff41b491642ad0281762cbbcb691d5d1cd7e15658a973c46ebff HTTP/1.1" 200 - "-" "WordPress/6.0.3; http://www.ferrydesign.com.au"
103.4.122.14 - - [02/Jan/2026:04:11:38 +0800] "POST /wp-admin/admin-ajax.php?action=wordfence_testAjax HTTP/1.1" 200 32 "http://www.ferrydesign.com.au/wp-admin/admin-ajax.php?action=wordfence_testAjax" "WordPress/6.0.3; http://www.ferrydesign.com.au"
103.4.122.14 - - [02/Jan/2026:04:12:09 +0800] "POST /wp-admin/admin-ajax.php?action=wordfence_testAjax HTTP/1.1" 200 32 "http://www.ferrydesign.com.au/wp-admin/admin-ajax.php?action=wordfence_testAjax" "WordPress/6.0.3; http://www.ferrydesign.com.au"
54.68.32.247 - - [02/Jan/2026:04:11:52 +0800] "GET /wp-admin/admin-ajax.php?action=wordfence_doScan&isFork=1&scanMode=custom&cronKey=8770b1a18bed7fb42cf4397e3c1d3430&signature=c33ce4a324e31690948de325b6c50023995420abc02e4f9fd2dc88827073b22d&remote=1 HTTP/1.1" 200 - "-" "Wordfence API/1.0 (+https://www.wordfence.com/help/api-callbacks/)"
103.4.122.14 - - [02/Jan/2026:04:12:26 +0800] "POST /wp-admin/admin-ajax.php?action=wordfence_testAjax HTTP/1.1" 200 32 "http://www.ferrydesign.com.au/wp-admin/admin-ajax.php?action=wordfence_testAjax" "WordPress/6.0.3; http://www.ferrydesign.com.au"
103.4.122.14 - - [02/Jan/2026:04:12:09 +0800] "GET /wp-admin/admin-ajax.php?action=wordfence_doScan&isFork=1&scanMode=custom&cronKey=8fc90c4786139eaa7a04f2c86db41e18&signature=ad633515bf3072ee063639be02ada2b215a9aa5156ac62746cd41f9f5d3b6463 HTTP/1.1" 200 - "-" "WordPress/6.0.3; http://www.ferrydesign.com.au"
103.4.122.14 - - [02/Jan/2026:04:12:43 +0800] "POST /wp-admin/admin-ajax.php?action=wordfence_testAjax HTTP/1.1" 200 32 "http://www.ferrydesign.com.au/wp-admin/admin-ajax.php?action=wordfence_testAjax" "WordPress/6.0.3; http://www.ferrydesign.com.au"
103.4.122.14 - - [02/Jan/2026:04:12:26 +0800] "GET /wp-admin/admin-ajax.php?action=wordfence_doScan&isFork=1&scanMode=custom&cronKey=7321eb75a6e206b6f7d05525cbf37990&signature=c54a877ba5ddb6871d49621c762dd8af3e4ef13af50cddf2339554dabe4ae014 HTTP/1.1" 200 - "-" "WordPress/6.0.3; http://www.ferrydesign.com.au"
103.4.122.14 - - [02/Jan/2026:04:13:00 +0800] "POST /wp-admin/admin-ajax.php?action=wordfence_testAjax HTTP/1.1" 200 32 "http://www.ferrydesign.com.au/wp-admin/admin-ajax.php?action=wordfence_testAjax" "WordPress/6.0.3; http://www.ferrydesign.com.au"
103.4.122.14 - - [02/Jan/2026:04:12:43 +0800] "GET /wp-admin/admin-ajax.php?action=wordfence_doScan&isFork=1&scanMode=custom&cronKey=9449a4acb8ac076be7b815c0374125b9&signature=215f1675f2c6b9afeeac54af3a70ac281e3e465a05c6c1a1f9402df93735ba26 HTTP/1.1" 200 - "-" "WordPress/6.0.3; http://www.ferrydesign.com.au"
103.4.122.14 - - [02/Jan/2026:04:13:00 +0800] "GET /wp-admin/admin-ajax.php?action=wordfence_doScan&isFork=1&scanMode=custom&cronKey=f9e0893bf2e334e127d2fd864774bc6f&signature=b628da1a6ffa587ee51edee5512c1aa3e9a238cd2747ce87a0c7e8dfd8d2afcf HTTP/1.1" 200 - "-" "WordPress/6.0.3; http://www.ferrydesign.com.au"
51.161.65.7 - - [02/Jan/2026:04:30:25 +0800] "GET /portfolio/sunpower-solar-2/ HTTP/1.1" 200 7437 "-" "Mozilla/5.0 (compatible; AhrefsBot/7.0; +http://ahrefs.com/robot/)"
216.73.216.51 - - [02/Jan/2026:04:35:21 +0800] "GET /robots.txt HTTP/1.1" 200 119 "-" "Mozilla/5.0 AppleWebKit/537.36 (KHTML, like Gecko; compatible; ClaudeBot/1.0; +claudebot@anthropic.com)"
216.73.216.51 - - [02/Jan/2026:04:35:21 +0800] "GET /wp-sitemap.xml HTTP/1.1" 404 29249 "-" "Mozilla/5.0 AppleWebKit/537.36 (KHTML, like Gecko; compatible; ClaudeBot/1.0; +claudebot@anthropic.com)"
154.159.237.124 - - [02/Jan/2026:04:35:46 +0800] "GET / HTTP/1.1" 301 - "-" "Mozilla/5.0 (Macintosh; Intel Mac OS X 10_6_8) AppleWebKit/535.19 (KHTML, like Gecko) Chrome/18.0.1025.45 Safari/535.19"
181.30.149.147 - - [02/Jan/2026:04:35:56 +0800] "GET / HTTP/1.1" 200 11126 "-" "Mozilla/5.0 (Macintosh; Intel Mac OS X 10_6_8) AppleWebKit/535.19 (KHTML, like Gecko) Chrome/18.0.1025.45 Safari/535.19"
216.244.66.244 - - [02/Jan/2026:04:38:59 +0800] "GET /robots.txt HTTP/1.1" 200 122 "-" "Mozilla/5.0 (compatible; DotBot/1.2; +https://opensiteexplorer.org/dotbot; help@moz.com)"
17.241.75.162 - - [02/Jan/2026:04:39:59 +0800] "GET /robots.txt HTTP/1.1" 301 - "-" "Mozilla/5.0 (Macintosh; Intel Mac OS X 10_15_7) AppleWebKit/605.1.15 (KHTML, like Gecko) Version/17.4 Safari/605.1.15 (Applebot/0.1; +http://www.apple.com/go/applebot)"
17.241.75.238 - - [02/Jan/2026:04:40:00 +0800] "GET /robots.txt HTTP/1.1" 200 117 "-" "Mozilla/5.0 (Macintosh; Intel Mac OS X 10_15_7) AppleWebKit/605.1.15 (KHTML, like Gecko) Version/17.4 Safari/605.1.15 (Applebot/0.1; +http://www.apple.com/go/applebot)"
209.50.172.251 - - [02/Jan/2026:04:49:36 +0800] "GET /contact/ HTTP/1.1" 200 7959 "-" "Mozilla/5.0 (Macintosh; Intel Mac OS X 12_5) AppleWebKit/537.36 (KHTML, like Gecko) Chrome/114.0.0.0 Safari/537.36"
209.50.172.251 - - [02/Jan/2026:04:49:39 +0800] "GET /wp-content/uploads/wpcf7_captcha/1210846597.png HTTP/1.1" 200 1021 "http://www.ferrydesign.com.au/contact/" "Mozilla/5.0 (Macintosh; Intel Mac OS X 12_5) AppleWebKit/537.36 (KHTML, like Gecko) Chrome/114.0.0.0 Safari/537.36"
103.4.122.14 - - [02/Jan/2026:04:49:37 +0800] "POST /wp-cron.php?doing_wp_cron=1767300577.4669680595397949218750 HTTP/1.1" 200 - "http://www.ferrydesign.com.au/wp-cron.php?doing_wp_cron=1767300577.4669680595397949218750" "WordPress/6.0.3; http://www.ferrydesign.com.au"
209.50.172.251 - - [02/Jan/2026:04:49:40 +0800] "GET /wp-content/plugins/contact-form-7/includes/js/jquery.form.min.js?ver=3.51.0-2014.06.20 HTTP/1.1" 200 5860 "http://www.ferrydesign.com.au/contact/" "Mozilla/5.0 (Macintosh; Intel Mac OS X 12_5) AppleWebKit/537.36 (KHTML, like Gecko) Chrome/114.0.0.0 Safari/537.36"
209.50.172.251 - - [02/Jan/2026:04:49:41 +0800] "GET /wp-content/plugins/contact-form-7/includes/js/jquery.form.min.js?ver=3.51.0-2014.06.20 HTTP/1.1" 200 5860 "http://www.ferrydesign.com.au/" "Mozilla/5.0 (Macintosh; Intel Mac OS X 12_5) AppleWebKit/537.36 (KHTML, like Gecko) Chrome/114.0.0.0 Safari/537.36"
209.50.172.251 - - [02/Jan/2026:04:49:41 +0800] "POST /contact/ HTTP/1.1" 200 7986 "http://www.ferrydesign.com.au/contact/" "Mozilla/5.0 (Macintosh; Intel Mac OS X 12_5) AppleWebKit/537.36 (KHTML, like Gecko) Chrome/114.0.0.0 Safari/537.36"
185.12.151.99 - - [02/Jan/2026:04:50:02 +0800] "GET /robots.txt HTTP/1.1" 301 - "-" "Mozilla/5.0 (Windows NT 6.3; Win64; x64; rv:109.0) Gecko/20100101 Firefox/115"
80.248.225.154 - - [02/Jan/2026:04:50:04 +0800] "GET /robots.txt HTTP/1.1" 200 117 "http://ferrydesign.com.au/robots.txt" "Mozilla/5.0 (Windows NT 6.3; Win64; x64; rv:109.0) Gecko/20100101 Firefox/115"
5.133.192.173 - - [02/Jan/2026:04:50:06 +0800] "GET / HTTP/1.1" 301 - "-" "Mozilla/5.0 (Windows NT 6.3; Win64; x64; rv:109.0) Gecko/20100101 Firefox/115"
192.71.3.222 - - [02/Jan/2026:04:50:07 +0800] "GET / HTTP/1.1" 200 11125 "http://ferrydesign.com.au/" "Mozilla/5.0 (Windows NT 6.3; Win64; x64; rv:109.0) Gecko/20100101 Firefox/115"
40.77.167.123 - - [02/Jan/2026:04:50:38 +0800] "GET /wp-content/uploads/2014/06/Brochures_Flyers_and_Catalogue_Design-300x300.jpg HTTP/1.1" 200 42102 "-" "Mozilla/5.0 AppleWebKit/537.36 (KHTML, like Gecko; compatible; bingbot/2.0; +http://www.bing.com/bingbot.htm) Chrome/116.0.1938.76 Safari/537.36"
142.44.225.218 - - [02/Jan/2026:04:51:00 +0800] "GET /robots.txt HTTP/1.1" 200 119 "-" "Mozilla/5.0 (compatible; AhrefsBot/7.0; +http://ahrefs.com/robot/)"
54.39.136.206 - - [02/Jan/2026:04:51:05 +0800] "GET /portfolio/plus-ulp/ HTTP/1.1" 200 7443 "-" "Mozilla/5.0 (compatible; AhrefsBot/7.0; +http://ahrefs.com/robot/)"
44.221.180.179 - - [02/Jan/2026:04:52:11 +0800] "GET /portfolio/holger/ HTTP/1.1" 200 7426 "-" "Mozilla/5.0 AppleWebKit/537.36 (KHTML, like Gecko; compatible; Amazonbot/0.1; +https://developer.amazon.com/support/amazonbot) Chrome/119.0.6045.214 Safari/537.36"
23.21.225.190 - - [02/Jan/2026:04:52:12 +0800] "GET /full-branding-online/ HTTP/1.1" 200 8508 "-" "Mozilla/5.0 AppleWebKit/537.36 (KHTML, like Gecko; compatible; Amazonbot/0.1; +https://developer.amazon.com/support/amazonbot) Chrome/119.0.6045.214 Safari/537.36"
216.244.66.244 - - [02/Jan/2026:04:54:55 +0800] "GET /wp-content/uploads/2014/10/UNITED-BALLS.png HTTP/1.1" 200 255402 "-" "Mozilla/5.0 (compatible; DotBot/1.2; +https://opensiteexplorer.org/dotbot; help@moz.com)"
213.180.203.211 - - [02/Jan/2026:05:01:19 +0800] "GET /robots.txt HTTP/1.1" 200 122 "-" "Mozilla/5.0 (compatible; YandexBot/3.0; +http://yandex.com/bots)"
95.108.213.224 - - [02/Jan/2026:05:01:21 +0800] "GET /portfolio/lion/Insert%20Url HTTP/1.1" 404 30668 "-" "Mozilla/5.0 (compatible; YandexFavicons/1.0; +http://yandex.com/bots)"
129.226.93.214 - - [02/Jan/2026:05:02:25 +0800] "GET / HTTP/1.1" 403 199 "-" "Mozilla/5.0 (iPhone; CPU iPhone OS 13_2_3 like Mac OS X) AppleWebKit/605.1.15 (KHTML, like Gecko) Version/13.0.3 Mobile/15E148 Safari/604.1"
