103.219.193.44 - - [06/Jan/2026:13:57:43 +0800] "GET /portfolio/beraldo-2/ HTTP/1.1" 200 7419 "-" "Mozilla/5.0 (Windows NT 10.0; Win64; x64) AppleWebKit/537.36 (KHTML, like Gecko) HeadlessChrome/133.0.6943.141 Safari/537.36"
103.219.193.44 - - [06/Jan/2026:13:57:44 +0800] "GET /portfolio/beraldo-2/ HTTP/1.1" 200 7420 "https://www.quora.com/" "Mozilla/5.0 (Windows NT 10.0; WOW64) AppleWebKit/537.36 (KHTML, like Gecko) Chrome/103.0.5060.114 Safari/537.36"
103.219.193.44 - - [06/Jan/2026:13:57:44 +0800] "GET /portfolio/scarlet-wine/ HTTP/1.1" 200 7422 "-" "Mozilla/5.0 (Windows NT 10.0; Win64; x64) AppleWebKit/537.36 (KHTML, like Gecko) HeadlessChrome/133.0.6943.141 Safari/537.36"
103.219.193.44 - - [06/Jan/2026:13:57:45 +0800] "GET /portfolio/scarlet-wine/ HTTP/1.1" 200 7423 "https://www.quora.com/" "Mozilla/5.0 (Windows NT 10.0; WOW64) AppleWebKit/537.36 (KHTML, like Gecko) Chrome/103.0.5060.114 Safari/537.36"
103.219.193.44 - - [06/Jan/2026:13:57:46 +0800] "GET /portfolio_skin/brochures-and-flyers/ HTTP/1.1" 200 7738 "-" "Mozilla/5.0 (Windows NT 10.0; Win64; x64) AppleWebKit/537.36 (KHTML, like Gecko) HeadlessChrome/133.0.6943.141 Safari/537.36"
103.219.193.44 - - [06/Jan/2026:13:57:47 +0800] "GET /portfolio_skin/brochures-and-flyers/ HTTP/1.1" 200 7738 "https://www.quora.com/" "Mozilla/5.0 (Windows NT 10.0; WOW64) AppleWebKit/537.36 (KHTML, like Gecko) Chrome/103.0.5060.114 Safari/537.36"
103.219.193.44 - - [06/Jan/2026:13:57:48 +0800] "GET /portfolio/lavero/ HTTP/1.1" 200 7449 "-" "Mozilla/5.0 (Windows NT 10.0; Win64; x64) AppleWebKit/537.36 (KHTML, like Gecko) HeadlessChrome/133.0.6943.141 Safari/537.36"
103.219.193.44 - - [06/Jan/2026:13:57:48 +0800] "GET /portfolio/lavero/ HTTP/1.1" 200 7448 "https://www.quora.com/" "Mozilla/5.0 (Windows NT 10.0; WOW64) AppleWebKit/537.36 (KHTML, like Gecko) Chrome/103.0.5060.114 Safari/537.36"
103.219.193.44 - - [06/Jan/2026:13:57:49 +0800] "GET /portfolio/get-fit/ HTTP/1.1" 200 7423 "-" "Mozilla/5.0 (Windows NT 10.0; Win64; x64) AppleWebKit/537.36 (KHTML, like Gecko) HeadlessChrome/133.0.6943.141 Safari/537.36"
103.219.193.44 - - [06/Jan/2026:13:57:50 +0800] "GET /portfolio/get-fit/ HTTP/1.1" 200 7424 "https://www.quora.com/" "Mozilla/5.0 (Windows NT 10.0; WOW64) AppleWebKit/537.36 (KHTML, like Gecko) Chrome/103.0.5060.114 Safari/537.36"
103.219.193.44 - - [06/Jan/2026:13:57:51 +0800] "GET /portfolio/lion/ HTTP/1.1" 200 7424 "-" "Mozilla/5.0 (Windows NT 10.0; Win64; x64) AppleWebKit/537.36 (KHTML, like Gecko) HeadlessChrome/133.0.6943.141 Safari/537.36"
103.219.193.44 - - [06/Jan/2026:13:57:51 +0800] "GET /portfolio/lion/ HTTP/1.1" 200 7423 "https://www.quora.com/" "Mozilla/5.0 (Windows NT 10.0; WOW64) AppleWebKit/537.36 (KHTML, like Gecko) Chrome/103.0.5060.114 Safari/537.36"
103.219.193.44 - - [06/Jan/2026:13:57:52 +0800] "GET /portfolio/australian-houskeeping/ HTTP/1.1" 200 7429 "-" "Mozilla/5.0 (Windows NT 10.0; Win64; x64) AppleWebKit/537.36 (KHTML, like Gecko) HeadlessChrome/133.0.6943.141 Safari/537.36"
103.219.193.44 - - [06/Jan/2026:13:57:53 +0800] "GET /portfolio/australian-houskeeping/ HTTP/1.1" 200 7429 "https://www.quora.com/" "Mozilla/5.0 (Windows NT 10.0; WOW64) AppleWebKit/537.36 (KHTML, like Gecko) Chrome/103.0.5060.114 Safari/537.36"
103.219.193.44 - - [06/Jan/2026:13:57:54 +0800] "GET /portfolio/satteline/ HTTP/1.1" 200 7423 "https://www.quora.com/" "Mozilla/5.0 (Windows NT 10.0; WOW64) AppleWebKit/537.36 (KHTML, like Gecko) Chrome/103.0.5060.114 Safari/537.36"
103.219.193.44 - - [06/Jan/2026:13:57:54 +0800] "GET /portfolio/satteline/ HTTP/1.1" 200 7423 "-" "Mozilla/5.0 (Windows NT 10.0; Win64; x64) AppleWebKit/537.36 (KHTML, like Gecko) HeadlessChrome/133.0.6943.141 Safari/537.36"
103.219.193.44 - - [06/Jan/2026:13:57:56 +0800] "GET /portfolio/star-hype/ HTTP/1.1" 200 7430 "-" "Mozilla/5.0 (Windows NT 10.0; Win64; x64) AppleWebKit/537.36 (KHTML, like Gecko) HeadlessChrome/133.0.6943.141 Safari/537.36"
103.219.193.44 - - [06/Jan/2026:13:57:57 +0800] "GET /portfolio/star-hype/ HTTP/1.1" 200 7430 "https://www.quora.com/" "Mozilla/5.0 (Windows NT 10.0; WOW64) AppleWebKit/537.36 (KHTML, like Gecko) Chrome/103.0.5060.114 Safari/537.36"
103.219.193.44 - - [06/Jan/2026:13:57:58 +0800] "GET /portfolio/sunpower-solar/ HTTP/1.1" 200 7441 "-" "Mozilla/5.0 (Windows NT 10.0; Win64; x64) AppleWebKit/537.36 (KHTML, like Gecko) HeadlessChrome/133.0.6943.141 Safari/537.36"
103.219.193.44 - - [06/Jan/2026:13:57:58 +0800] "GET /portfolio/sunpower-solar/ HTTP/1.1" 200 7441 "https://www.quora.com/" "Mozilla/5.0 (Windows NT 10.0; WOW64) AppleWebKit/537.36 (KHTML, like Gecko) Chrome/103.0.5060.114 Safari/537.36"
103.219.193.44 - - [06/Jan/2026:13:57:59 +0800] "GET /portfolio/olive-construction/ HTTP/1.1" 200 7437 "-" "Mozilla/5.0 (Windows NT 10.0; Win64; x64) AppleWebKit/537.36 (KHTML, like Gecko) HeadlessChrome/133.0.6943.141 Safari/537.36"
103.219.193.44 - - [06/Jan/2026:13:58:00 +0800] "GET /portfolio/olive-construction/ HTTP/1.1" 200 7437 "https://www.quora.com/" "Mozilla/5.0 (Windows NT 10.0; WOW64) AppleWebKit/537.36 (KHTML, like Gecko) Chrome/103.0.5060.114 Safari/537.36"
103.219.193.44 - - [06/Jan/2026:13:58:01 +0800] "GET /portfolio/pomegranate-growers/ HTTP/1.1" 200 7454 "-" "Mozilla/5.0 (Windows NT 10.0; Win64; x64) AppleWebKit/537.36 (KHTML, like Gecko) HeadlessChrome/133.0.6943.141 Safari/537.36"
103.219.193.44 - - [06/Jan/2026:13:58:02 +0800] "GET /portfolio/pomegranate-growers/ HTTP/1.1" 200 7454 "https://www.quora.com/" "Mozilla/5.0 (Windows NT 10.0; WOW64) AppleWebKit/537.36 (KHTML, like Gecko) Chrome/103.0.5060.114 Safari/537.36"
103.219.193.44 - - [06/Jan/2026:13:58:03 +0800] "GET /portfolio/united/ HTTP/1.1" 200 7431 "-" "Mozilla/5.0 (Windows NT 10.0; Win64; x64) AppleWebKit/537.36 (KHTML, like Gecko) HeadlessChrome/133.0.6943.141 Safari/537.36"
103.219.193.44 - - [06/Jan/2026:13:58:03 +0800] "GET /portfolio/united/ HTTP/1.1" 200 7430 "https://www.quora.com/" "Mozilla/5.0 (Windows NT 10.0; WOW64) AppleWebKit/537.36 (KHTML, like Gecko) Chrome/103.0.5060.114 Safari/537.36"
103.219.193.44 - - [06/Jan/2026:13:58:04 +0800] "GET /portfolio_skin/logo-design/ HTTP/1.1" 200 7717 "-" "Mozilla/5.0 (Windows NT 10.0; Win64; x64) AppleWebKit/537.36 (KHTML, like Gecko) HeadlessChrome/133.0.6943.141 Safari/537.36"
103.219.193.44 - - [06/Jan/2026:13:58:05 +0800] "GET /portfolio_skin/logo-design/ HTTP/1.1" 200 7715 "https://www.quora.com/" "Mozilla/5.0 (Windows NT 10.0; WOW64) AppleWebKit/537.36 (KHTML, like Gecko) Chrome/103.0.5060.114 Safari/537.36"
103.219.193.44 - - [06/Jan/2026:13:58:06 +0800] "GET /portfolio_skin/business-card-design/ HTTP/1.1" 200 7609 "-" "Mozilla/5.0 (Windows NT 10.0; Win64; x64) AppleWebKit/537.36 (KHTML, like Gecko) HeadlessChrome/133.0.6943.141 Safari/537.36"
103.219.193.44 - - [06/Jan/2026:13:58:06 +0800] "GET /portfolio_skin/business-card-design/ HTTP/1.1" 200 7610 "https://www.quora.com/" "Mozilla/5.0 (Windows NT 10.0; WOW64) AppleWebKit/537.36 (KHTML, like Gecko) Chrome/103.0.5060.114 Safari/537.36"
103.219.193.44 - - [06/Jan/2026:13:58:07 +0800] "GET /portfolio/united-balls/ HTTP/1.1" 200 7424 "-" "Mozilla/5.0 (Windows NT 10.0; Win64; x64) AppleWebKit/537.36 (KHTML, like Gecko) HeadlessChrome/133.0.6943.141 Safari/537.36"
103.219.193.44 - - [06/Jan/2026:13:58:08 +0800] "GET /portfolio/united-balls/ HTTP/1.1" 200 7425 "https://www.quora.com/" "Mozilla/5.0 (Windows NT 10.0; WOW64) AppleWebKit/537.36 (KHTML, like Gecko) Chrome/103.0.5060.114 Safari/537.36"
103.219.193.44 - - [06/Jan/2026:13:58:09 +0800] "GET /portfolio/easy-forex/ HTTP/1.1" 200 7422 "-" "Mozilla/5.0 (Windows NT 10.0; Win64; x64) AppleWebKit/537.36 (KHTML, like Gecko) HeadlessChrome/133.0.6943.141 Safari/537.36"
103.219.193.44 - - [06/Jan/2026:13:58:10 +0800] "GET /portfolio/easy-forex/ HTTP/1.1" 200 7421 "https://www.quora.com/" "Mozilla/5.0 (Windows NT 10.0; WOW64) AppleWebKit/537.36 (KHTML, like Gecko) Chrome/103.0.5060.114 Safari/537.36"
103.219.193.44 - - [06/Jan/2026:13:58:10 +0800] "GET /portfolio/cvm/ HTTP/1.1" 200 7427 "-" "Mozilla/5.0 (Windows NT 10.0; Win64; x64) AppleWebKit/537.36 (KHTML, like Gecko) HeadlessChrome/133.0.6943.141 Safari/537.36"
103.219.193.44 - - [06/Jan/2026:13:58:11 +0800] "GET /portfolio/cvm/ HTTP/1.1" 200 7427 "https://www.quora.com/" "Mozilla/5.0 (Windows NT 10.0; WOW64) AppleWebKit/537.36 (KHTML, like Gecko) Chrome/103.0.5060.114 Safari/537.36"
103.219.193.44 - - [06/Jan/2026:13:58:12 +0800] "GET /portfolio/holger/ HTTP/1.1" 200 7422 "-" "Mozilla/5.0 (Windows NT 10.0; Win64; x64) AppleWebKit/537.36 (KHTML, like Gecko) HeadlessChrome/133.0.6943.141 Safari/537.36"
103.219.193.44 - - [06/Jan/2026:13:58:13 +0800] "GET /portfolio/holger/ HTTP/1.1" 200 7423 "https://www.quora.com/" "Mozilla/5.0 (Windows NT 10.0; WOW64) AppleWebKit/537.36 (KHTML, like Gecko) Chrome/103.0.5060.114 Safari/537.36"
103.219.193.44 - - [06/Jan/2026:13:58:13 +0800] "GET /portfolio_skin/packaging-design/ HTTP/1.1" 200 7414 "-" "Mozilla/5.0 (Windows NT 10.0; Win64; x64) AppleWebKit/537.36 (KHTML, like Gecko) HeadlessChrome/133.0.6943.141 Safari/537.36"
103.219.193.44 - - [06/Jan/2026:13:58:14 +0800] "GET /portfolio_skin/packaging-design/ HTTP/1.1" 200 7416 "https://www.quora.com/" "Mozilla/5.0 (Windows NT 10.0; WOW64) AppleWebKit/537.36 (KHTML, like Gecko) Chrome/103.0.5060.114 Safari/537.36"
103.219.193.44 - - [06/Jan/2026:13:58:15 +0800] "GET /portfolio/acquis/ HTTP/1.1" 200 7415 "-" "Mozilla/5.0 (Windows NT 10.0; Win64; x64) AppleWebKit/537.36 (KHTML, like Gecko) HeadlessChrome/133.0.6943.141 Safari/537.36"
103.219.193.44 - - [06/Jan/2026:13:58:16 +0800] "GET /portfolio/acquis/ HTTP/1.1" 200 7414 "https://www.quora.com/" "Mozilla/5.0 (Windows NT 10.0; WOW64) AppleWebKit/537.36 (KHTML, like Gecko) Chrome/103.0.5060.114 Safari/537.36"
103.219.193.44 - - [06/Jan/2026:13:58:16 +0800] "GET /portfolio/united-oil/ HTTP/1.1" 200 7421 "-" "Mozilla/5.0 (Windows NT 10.0; Win64; x64) AppleWebKit/537.36 (KHTML, like Gecko) HeadlessChrome/133.0.6943.141 Safari/537.36"
103.219.193.44 - - [06/Jan/2026:13:58:17 +0800] "GET /portfolio/united-oil/ HTTP/1.1" 200 7422 "https://www.quora.com/" "Mozilla/5.0 (Windows NT 10.0; WOW64) AppleWebKit/537.36 (KHTML, like Gecko) Chrome/103.0.5060.114 Safari/537.36"
103.219.193.44 - - [06/Jan/2026:13:58:18 +0800] "GET /portfolio/anlom/ HTTP/1.1" 200 7406 "-" "Mozilla/5.0 (Windows NT 10.0; Win64; x64) AppleWebKit/537.36 (KHTML, like Gecko) HeadlessChrome/133.0.6943.141 Safari/537.36"
103.219.193.44 - - [06/Jan/2026:13:58:19 +0800] "GET /portfolio/anlom/ HTTP/1.1" 200 7407 "https://www.quora.com/" "Mozilla/5.0 (Windows NT 10.0; WOW64) AppleWebKit/537.36 (KHTML, like Gecko) Chrome/103.0.5060.114 Safari/537.36"
103.219.193.44 - - [06/Jan/2026:13:58:20 +0800] "GET /portfolio/falcon/ HTTP/1.1" 200 7411 "-" "Mozilla/5.0 (Windows NT 10.0; Win64; x64) AppleWebKit/537.36 (KHTML, like Gecko) HeadlessChrome/133.0.6943.141 Safari/537.36"
103.219.193.44 - - [06/Jan/2026:13:58:20 +0800] "GET /portfolio/falcon/ HTTP/1.1" 200 7411 "https://www.quora.com/" "Mozilla/5.0 (Windows NT 10.0; WOW64) AppleWebKit/537.36 (KHTML, like Gecko) Chrome/103.0.5060.114 Safari/537.36"
103.219.193.44 - - [06/Jan/2026:13:58:21 +0800] "GET /portfolio/admiral/ HTTP/1.1" 200 7417 "-" "Mozilla/5.0 (Windows NT 10.0; Win64; x64) AppleWebKit/537.36 (KHTML, like Gecko) HeadlessChrome/133.0.6943.141 Safari/537.36"
103.219.193.44 - - [06/Jan/2026:13:58:22 +0800] "GET /portfolio/admiral/ HTTP/1.1" 200 7415 "https://www.quora.com/" "Mozilla/5.0 (Windows NT 10.0; WOW64) AppleWebKit/537.36 (KHTML, like Gecko) Chrome/103.0.5060.114 Safari/537.36"
103.219.193.44 - - [06/Jan/2026:13:58:23 +0800] "GET /portfolio/beraldo/ HTTP/1.1" 200 7413 "-" "Mozilla/5.0 (Windows NT 10.0; Win64; x64) AppleWebKit/537.36 (KHTML, like Gecko) HeadlessChrome/133.0.6943.141 Safari/537.36"
103.219.193.44 - - [06/Jan/2026:13:58:23 +0800] "GET /portfolio/beraldo/ HTTP/1.1" 200 7415 "https://www.quora.com/" "Mozilla/5.0 (Windows NT 10.0; WOW64) AppleWebKit/537.36 (KHTML, like Gecko) Chrome/103.0.5060.114 Safari/537.36"
103.219.193.44 - - [06/Jan/2026:13:58:24 +0800] "GET /portfolio/mfi/ HTTP/1.1" 200 7421 "-" "Mozilla/5.0 (Windows NT 10.0; Win64; x64) AppleWebKit/537.36 (KHTML, like Gecko) HeadlessChrome/133.0.6943.141 Safari/537.36"
103.219.193.44 - - [06/Jan/2026:13:58:25 +0800] "GET /portfolio/mfi/ HTTP/1.1" 200 7421 "https://www.quora.com/" "Mozilla/5.0 (Windows NT 10.0; WOW64) AppleWebKit/537.36 (KHTML, like Gecko) Chrome/103.0.5060.114 Safari/537.36"
103.219.193.44 - - [06/Jan/2026:13:58:26 +0800] "GET /portfolio/solar-first/ HTTP/1.1" 200 7436 "-" "Mozilla/5.0 (Windows NT 10.0; Win64; x64) AppleWebKit/537.36 (KHTML, like Gecko) HeadlessChrome/133.0.6943.141 Safari/537.36"
103.219.193.44 - - [06/Jan/2026:13:58:27 +0800] "GET /portfolio/solar-first/ HTTP/1.1" 200 7435 "https://www.quora.com/" "Mozilla/5.0 (Windows NT 10.0; WOW64) AppleWebKit/537.36 (KHTML, like Gecko) Chrome/103.0.5060.114 Safari/537.36"
103.219.193.44 - - [06/Jan/2026:13:58:27 +0800] "GET /portfolio/ifa/ HTTP/1.1" 200 7444 "-" "Mozilla/5.0 (Windows NT 10.0; Win64; x64) AppleWebKit/537.36 (KHTML, like Gecko) HeadlessChrome/133.0.6943.141 Safari/537.36"
103.219.193.44 - - [06/Jan/2026:13:58:29 +0800] "GET /portfolio/ifa/ HTTP/1.1" 200 7444 "https://www.quora.com/" "Mozilla/5.0 (Windows NT 10.0; WOW64) AppleWebKit/537.36 (KHTML, like Gecko) Chrome/103.0.5060.114 Safari/537.36"
103.219.193.44 - - [06/Jan/2026:13:58:30 +0800] "GET /portfolio/sunpower-solar-2/ HTTP/1.1" 200 7436 "-" "Mozilla/5.0 (Windows NT 10.0; Win64; x64) AppleWebKit/537.36 (KHTML, like Gecko) HeadlessChrome/133.0.6943.141 Safari/537.36"
103.219.193.44 - - [06/Jan/2026:13:58:31 +0800] "GET /portfolio/sunpower-solar-2/ HTTP/1.1" 200 7437 "https://www.quora.com/" "Mozilla/5.0 (Windows NT 10.0; WOW64) AppleWebKit/537.36 (KHTML, like Gecko) Chrome/103.0.5060.114 Safari/537.36"
103.219.193.44 - - [06/Jan/2026:13:58:31 +0800] "GET /portfolio/sapphire-view-properties/ HTTP/1.1" 200 7428 "-" "Mozilla/5.0 (Windows NT 10.0; Win64; x64) AppleWebKit/537.36 (KHTML, like Gecko) HeadlessChrome/133.0.6943.141 Safari/537.36"
103.219.193.44 - - [06/Jan/2026:13:58:32 +0800] "GET /portfolio/sapphire-view-properties/ HTTP/1.1" 200 7430 "https://www.quora.com/" "Mozilla/5.0 (Windows NT 10.0; WOW64) AppleWebKit/537.36 (KHTML, like Gecko) Chrome/103.0.5060.114 Safari/537.36"
103.219.193.44 - - [06/Jan/2026:13:58:33 +0800] "GET /portfolio/immigrationaus/ HTTP/1.1" 200 7440 "-" "Mozilla/5.0 (Windows NT 10.0; Win64; x64) AppleWebKit/537.36 (KHTML, like Gecko) HeadlessChrome/133.0.6943.141 Safari/537.36"
103.219.193.44 - - [06/Jan/2026:13:58:34 +0800] "GET /portfolio/immigrationaus/ HTTP/1.1" 200 7441 "https://www.quora.com/" "Mozilla/5.0 (Windows NT 10.0; WOW64) AppleWebKit/537.36 (KHTML, like Gecko) Chrome/103.0.5060.114 Safari/537.36"
103.219.193.44 - - [06/Jan/2026:13:58:35 +0800] "GET /portfolio/carols-country-kitchen/ HTTP/1.1" 200 7454 "-" "Mozilla/5.0 (Windows NT 10.0; Win64; x64) AppleWebKit/537.36 (KHTML, like Gecko) HeadlessChrome/133.0.6943.141 Safari/537.36"
103.219.193.44 - - [06/Jan/2026:13:58:36 +0800] "GET /portfolio/carols-country-kitchen/ HTTP/1.1" 200 7454 "https://www.quora.com/" "Mozilla/5.0 (Windows NT 10.0; WOW64) AppleWebKit/537.36 (KHTML, like Gecko) Chrome/103.0.5060.114 Safari/537.36"
103.219.193.44 - - [06/Jan/2026:13:58:36 +0800] "GET /portfolio/cafe-up/ HTTP/1.1" 200 7405 "-" "Mozilla/5.0 (Windows NT 10.0; Win64; x64) AppleWebKit/537.36 (KHTML, like Gecko) HeadlessChrome/133.0.6943.141 Safari/537.36"
103.219.193.44 - - [06/Jan/2026:13:58:37 +0800] "GET /portfolio/cafe-up/ HTTP/1.1" 200 7405 "https://www.quora.com/" "Mozilla/5.0 (Windows NT 10.0; WOW64) AppleWebKit/537.36 (KHTML, like Gecko) Chrome/103.0.5060.114 Safari/537.36"
103.219.193.44 - - [06/Jan/2026:13:58:38 +0800] "GET /portfolio/healthy-and-natural/ HTTP/1.1" 200 7452 "-" "Mozilla/5.0 (Windows NT 10.0; Win64; x64) AppleWebKit/537.36 (KHTML, like Gecko) HeadlessChrome/133.0.6943.141 Safari/537.36"
103.219.193.44 - - [06/Jan/2026:13:58:39 +0800] "GET /portfolio/healthy-and-natural/ HTTP/1.1" 200 7453 "https://www.quora.com/" "Mozilla/5.0 (Windows NT 10.0; WOW64) AppleWebKit/537.36 (KHTML, like Gecko) Chrome/103.0.5060.114 Safari/537.36"
103.219.193.44 - - [06/Jan/2026:13:58:40 +0800] "GET /portfolio/anthony-russo/ HTTP/1.1" 200 7434 "-" "Mozilla/5.0 (Windows NT 10.0; Win64; x64) AppleWebKit/537.36 (KHTML, like Gecko) HeadlessChrome/133.0.6943.141 Safari/537.36"
103.219.193.44 - - [06/Jan/2026:13:58:41 +0800] "GET /portfolio/anthony-russo/ HTTP/1.1" 200 7434 "https://www.quora.com/" "Mozilla/5.0 (Windows NT 10.0; WOW64) AppleWebKit/537.36 (KHTML, like Gecko) Chrome/103.0.5060.114 Safari/537.36"
103.219.193.44 - - [06/Jan/2026:13:58:42 +0800] "GET /portfolio/brebino/ HTTP/1.1" 200 7430 "-" "Mozilla/5.0 (Windows NT 10.0; Win64; x64) AppleWebKit/537.36 (KHTML, like Gecko) HeadlessChrome/133.0.6943.141 Safari/537.36"
103.219.193.44 - - [06/Jan/2026:13:58:42 +0800] "GET /portfolio/brebino/ HTTP/1.1" 200 7430 "https://www.quora.com/" "Mozilla/5.0 (Windows NT 10.0; WOW64) AppleWebKit/537.36 (KHTML, like Gecko) Chrome/103.0.5060.114 Safari/537.36"
103.219.193.44 - - [06/Jan/2026:13:58:43 +0800] "GET /portfolio/people2people/ HTTP/1.1" 200 7435 "-" "Mozilla/5.0 (Windows NT 10.0; Win64; x64) AppleWebKit/537.36 (KHTML, like Gecko) HeadlessChrome/133.0.6943.141 Safari/537.36"
103.219.193.44 - - [06/Jan/2026:13:58:44 +0800] "GET /portfolio/people2people/ HTTP/1.1" 200 7436 "https://www.quora.com/" "Mozilla/5.0 (Windows NT 10.0; WOW64) AppleWebKit/537.36 (KHTML, like Gecko) Chrome/103.0.5060.114 Safari/537.36"
103.219.193.44 - - [06/Jan/2026:13:58:45 +0800] "GET /portfolio/urbano/ HTTP/1.1" 200 7414 "-" "Mozilla/5.0 (Windows NT 10.0; Win64; x64) AppleWebKit/537.36 (KHTML, like Gecko) HeadlessChrome/133.0.6943.141 Safari/537.36"
103.219.193.44 - - [06/Jan/2026:13:58:45 +0800] "GET /portfolio/urbano/ HTTP/1.1" 200 7414 "https://www.quora.com/" "Mozilla/5.0 (Windows NT 10.0; WOW64) AppleWebKit/537.36 (KHTML, like Gecko) Chrome/103.0.5060.114 Safari/537.36"
103.219.193.44 - - [06/Jan/2026:13:58:46 +0800] "GET /portfolio/cheiron/ HTTP/1.1" 200 7421 "-" "Mozilla/5.0 (Windows NT 10.0; Win64; x64) AppleWebKit/537.36 (KHTML, like Gecko) HeadlessChrome/133.0.6943.141 Safari/537.36"
103.219.193.44 - - [06/Jan/2026:13:58:47 +0800] "GET /portfolio/cheiron/ HTTP/1.1" 200 7423 "https://www.quora.com/" "Mozilla/5.0 (Windows NT 10.0; WOW64) AppleWebKit/537.36 (KHTML, like Gecko) Chrome/103.0.5060.114 Safari/537.36"
103.219.193.44 - - [06/Jan/2026:13:58:47 +0800] "GET /portfolio/iwire-solutions/ HTTP/1.1" 200 7442 "-" "Mozilla/5.0 (Windows NT 10.0; Win64; x64) AppleWebKit/537.36 (KHTML, like Gecko) HeadlessChrome/133.0.6943.141 Safari/537.36"
103.219.193.44 - - [06/Jan/2026:13:58:48 +0800] "GET /portfolio/iwire-solutions/ HTTP/1.1" 200 7442 "https://www.quora.com/" "Mozilla/5.0 (Windows NT 10.0; WOW64) AppleWebKit/537.36 (KHTML, like Gecko) Chrome/103.0.5060.114 Safari/537.36"
103.219.193.44 - - [06/Jan/2026:13:58:49 +0800] "GET /portfolio/ilc/ HTTP/1.1" 200 7460 "-" "Mozilla/5.0 (Windows NT 10.0; Win64; x64) AppleWebKit/537.36 (KHTML, like Gecko) HeadlessChrome/133.0.6943.141 Safari/537.36"
103.219.193.44 - - [06/Jan/2026:13:58:51 +0800] "GET /portfolio/ilc/ HTTP/1.1" 200 7459 "https://www.quora.com/" "Mozilla/5.0 (Windows NT 10.0; WOW64) AppleWebKit/537.36 (KHTML, like Gecko) Chrome/103.0.5060.114 Safari/537.36"
103.219.193.44 - - [06/Jan/2026:13:58:51 +0800] "GET /portfolio/mutther-krause/ HTTP/1.1" 200 7439 "-" "Mozilla/5.0 (Windows NT 10.0; Win64; x64) AppleWebKit/537.36 (KHTML, like Gecko) HeadlessChrome/133.0.6943.141 Safari/537.36"
103.219.193.44 - - [06/Jan/2026:13:58:52 +0800] "GET /portfolio/mutther-krause/ HTTP/1.1" 200 7440 "https://www.quora.com/" "Mozilla/5.0 (Windows NT 10.0; WOW64) AppleWebKit/537.36 (KHTML, like Gecko) Chrome/103.0.5060.114 Safari/537.36"
103.219.193.44 - - [06/Jan/2026:13:58:53 +0800] "GET /category/articles/ HTTP/1.1" 200 10421 "-" "Mozilla/5.0 (Windows NT 10.0; Win64; x64) AppleWebKit/537.36 (KHTML, like Gecko) HeadlessChrome/133.0.6943.141 Safari/537.36"
103.219.193.44 - - [06/Jan/2026:13:58:54 +0800] "GET /category/articles/ HTTP/1.1" 200 10421 "https://www.quora.com/" "Mozilla/5.0 (Windows NT 10.0; WOW64) AppleWebKit/537.36 (KHTML, like Gecko) Chrome/103.0.5060.114 Safari/537.36"
103.219.193.44 - - [06/Jan/2026:13:58:54 +0800] "GET /service/corporate-identity-visual-communication-and-branding/ HTTP/1.1" 200 8008 "-" "Mozilla/5.0 (Windows NT 10.0; Win64; x64) AppleWebKit/537.36 (KHTML, like Gecko) HeadlessChrome/133.0.6943.141 Safari/537.36"
103.219.193.44 - - [06/Jan/2026:13:58:55 +0800] "GET /service/corporate-identity-visual-communication-and-branding/ HTTP/1.1" 200 8008 "https://www.quora.com/" "Mozilla/5.0 (Windows NT 10.0; WOW64) AppleWebKit/537.36 (KHTML, like Gecko) Chrome/103.0.5060.114 Safari/537.36"
103.219.193.44 - - [06/Jan/2026:13:58:56 +0800] "GET /service/other-graphic-design-services/ HTTP/1.1" 200 7518 "-" "Mozilla/5.0 (Windows NT 10.0; Win64; x64) AppleWebKit/537.36 (KHTML, like Gecko) HeadlessChrome/133.0.6943.141 Safari/537.36"
103.219.193.44 - - [06/Jan/2026:13:58:57 +0800] "GET /service/other-graphic-design-services/ HTTP/1.1" 200 7523 "https://www.quora.com/" "Mozilla/5.0 (Windows NT 10.0; WOW64) AppleWebKit/537.36 (KHTML, like Gecko) Chrome/103.0.5060.114 Safari/537.36"
103.219.193.44 - - [06/Jan/2026:13:58:57 +0800] "GET /service/printing-services/ HTTP/1.1" 200 7672 "-" "Mozilla/5.0 (Windows NT 10.0; Win64; x64) AppleWebKit/537.36 (KHTML, like Gecko) HeadlessChrome/133.0.6943.141 Safari/537.36"
103.219.193.44 - - [06/Jan/2026:13:58:58 +0800] "GET /service/printing-services/ HTTP/1.1" 200 7672 "https://www.quora.com/" "Mozilla/5.0 (Windows NT 10.0; WOW64) AppleWebKit/537.36 (KHTML, like Gecko) Chrome/103.0.5060.114 Safari/537.36"
103.219.193.44 - - [06/Jan/2026:13:58:59 +0800] "GET /service/brochures-falyers-and-catalogue-design/ HTTP/1.1" 200 7695 "-" "Mozilla/5.0 (Windows NT 10.0; Win64; x64) AppleWebKit/537.36 (KHTML, like Gecko) HeadlessChrome/133.0.6943.141 Safari/537.36"
103.219.193.44 - - [06/Jan/2026:13:59:00 +0800] "GET /service/brochures-falyers-and-catalogue-design/ HTTP/1.1" 200 7694 "https://www.quora.com/" "Mozilla/5.0 (Windows NT 10.0; WOW64) AppleWebKit/537.36 (KHTML, like Gecko) Chrome/103.0.5060.114 Safari/537.36"
103.219.193.44 - - [06/Jan/2026:13:59:01 +0800] "GET /service/logo-design/ HTTP/1.1" 200 7796 "-" "Mozilla/5.0 (Windows NT 10.0; Win64; x64) AppleWebKit/537.36 (KHTML, like Gecko) HeadlessChrome/133.0.6943.141 Safari/537.36"
103.219.193.44 - - [06/Jan/2026:13:59:02 +0800] "GET /service/logo-design/ HTTP/1.1" 200 7796 "https://www.quora.com/" "Mozilla/5.0 (Windows NT 10.0; WOW64) AppleWebKit/537.36 (KHTML, like Gecko) Chrome/103.0.5060.114 Safari/537.36"
103.219.193.44 - - [06/Jan/2026:13:59:03 +0800] "GET /service/pop-art-creation/ HTTP/1.1" 200 7571 "-" "Mozilla/5.0 (Windows NT 10.0; Win64; x64) AppleWebKit/537.36 (KHTML, like Gecko) HeadlessChrome/133.0.6943.141 Safari/537.36"
103.219.193.44 - - [06/Jan/2026:13:59:04 +0800] "GET /service/pop-art-creation/ HTTP/1.1" 200 7571 "https://www.quora.com/" "Mozilla/5.0 (Windows NT 10.0; WOW64) AppleWebKit/537.36 (KHTML, like Gecko) Chrome/103.0.5060.114 Safari/537.36"
103.219.193.44 - - [06/Jan/2026:13:59:04 +0800] "GET /4-tips-for-brochures-design/ HTTP/1.1" 200 8330 "-" "Mozilla/5.0 (Windows NT 10.0; Win64; x64) AppleWebKit/537.36 (KHTML, like Gecko) HeadlessChrome/133.0.6943.141 Safari/537.36"
103.219.193.44 - - [06/Jan/2026:13:59:05 +0800] "GET /4-tips-for-brochures-design/ HTTP/1.1" 200 8330 "https://www.quora.com/" "Mozilla/5.0 (Windows NT 10.0; WOW64) AppleWebKit/537.36 (KHTML, like Gecko) Chrome/103.0.5060.114 Safari/537.36"
103.219.193.44 - - [06/Jan/2026:13:59:06 +0800] "GET /a-guide-to-creating-a-logo-for-your-business/ HTTP/1.1" 200 9088 "-" "Mozilla/5.0 (Windows NT 10.0; Win64; x64) AppleWebKit/537.36 (KHTML, like Gecko) HeadlessChrome/133.0.6943.141 Safari/537.36"
103.219.193.44 - - [06/Jan/2026:13:59:07 +0800] "GET /a-guide-to-creating-a-logo-for-your-business/ HTTP/1.1" 200 9086 "https://www.quora.com/" "Mozilla/5.0 (Windows NT 10.0; WOW64) AppleWebKit/537.36 (KHTML, like Gecko) Chrome/103.0.5060.114 Safari/537.36"
103.219.193.44 - - [06/Jan/2026:13:59:08 +0800] "GET /importance-of-packaging-design/ HTTP/1.1" 200 8558 "-" "Mozilla/5.0 (Windows NT 10.0; Win64; x64) AppleWebKit/537.36 (KHTML, like Gecko) HeadlessChrome/133.0.6943.141 Safari/537.36"
103.219.193.44 - - [06/Jan/2026:13:59:09 +0800] "GET /importance-of-packaging-design/ HTTP/1.1" 200 8559 "https://www.quora.com/" "Mozilla/5.0 (Windows NT 10.0; WOW64) AppleWebKit/537.36 (KHTML, like Gecko) Chrome/103.0.5060.114 Safari/537.36"
103.219.193.44 - - [06/Jan/2026:13:59:10 +0800] "GET /full-branding-online/ HTTP/1.1" 200 8507 "-" "Mozilla/5.0 (Windows NT 10.0; Win64; x64) AppleWebKit/537.36 (KHTML, like Gecko) HeadlessChrome/133.0.6943.141 Safari/537.36"
103.219.193.44 - - [06/Jan/2026:13:59:11 +0800] "GET /full-branding-online/ HTTP/1.1" 200 8508 "https://www.quora.com/" "Mozilla/5.0 (Windows NT 10.0; WOW64) AppleWebKit/537.36 (KHTML, like Gecko) Chrome/103.0.5060.114 Safari/537.36"
103.219.193.44 - - [06/Jan/2026:13:59:12 +0800] "GET /affordable-printing-with-laser-printers/ HTTP/1.1" 200 8548 "-" "Mozilla/5.0 (Windows NT 10.0; Win64; x64) AppleWebKit/537.36 (KHTML, like Gecko) HeadlessChrome/133.0.6943.141 Safari/537.36"
103.219.193.44 - - [06/Jan/2026:13:59:14 +0800] "GET /portfolio-gallery HTTP/1.1" 301 - "-" "Mozilla/5.0 (Windows NT 10.0; Win64; x64) AppleWebKit/537.36 (KHTML, like Gecko) HeadlessChrome/133.0.6943.141 Safari/537.36"
103.219.193.44 - - [06/Jan/2026:13:59:13 +0800] "GET /affordable-printing-with-laser-printers/ HTTP/1.1" 200 8549 "https://www.quora.com/" "Mozilla/5.0 (Windows NT 10.0; WOW64) AppleWebKit/537.36 (KHTML, like Gecko) Chrome/103.0.5060.114 Safari/537.36"
103.219.193.44 - - [06/Jan/2026:13:59:14 +0800] "GET /portfolio-gallery/ HTTP/1.1" 200 12217 "-" "Mozilla/5.0 (Windows NT 10.0; Win64; x64) AppleWebKit/537.36 (KHTML, like Gecko) HeadlessChrome/133.0.6943.141 Safari/537.36"
103.219.193.44 - - [06/Jan/2026:13:59:17 +0800] "GET /portfolio-gallery HTTP/1.1" 301 - "https://www.quora.com/" "Mozilla/5.0 (Windows NT 10.0; WOW64) AppleWebKit/537.36 (KHTML, like Gecko) Chrome/103.0.5060.114 Safari/537.36"
103.219.193.44 - - [06/Jan/2026:13:59:17 +0800] "GET /gallery HTTP/1.1" 404 30668 "-" "Mozilla/5.0 (Windows NT 10.0; Win64; x64) AppleWebKit/537.36 (KHTML, like Gecko) HeadlessChrome/133.0.6943.141 Safari/537.36"
103.219.193.44 - - [06/Jan/2026:13:59:18 +0800] "GET /gallery HTTP/1.1" 404 30668 "https://www.quora.com/" "Mozilla/5.0 (Windows NT 10.0; WOW64) AppleWebKit/537.36 (KHTML, like Gecko) Chrome/103.0.5060.114 Safari/537.36"
103.219.193.44 - - [06/Jan/2026:13:59:19 +0800] "GET /services-2 HTTP/1.1" 404 30668 "-" "Mozilla/5.0 (Windows NT 10.0; Win64; x64) AppleWebKit/537.36 (KHTML, like Gecko) HeadlessChrome/133.0.6943.141 Safari/537.36"
103.219.193.44 - - [06/Jan/2026:13:59:20 +0800] "GET /services-2 HTTP/1.1" 404 30668 "https://www.quora.com/" "Mozilla/5.0 (Windows NT 10.0; WOW64) AppleWebKit/537.36 (KHTML, like Gecko) Chrome/103.0.5060.114 Safari/537.36"
103.4.122.14 - - [06/Jan/2026:14:11:49 +0800] "POST /wp-cron.php?doing_wp_cron=1767679909.8829948902130126953125 HTTP/1.1" 200 - "http://www.ferrydesign.com.au/wp-cron.php?doing_wp_cron=1767679909.8829948902130126953125" "WordPress/6.0.3; http://www.ferrydesign.com.au"
15.235.98.17 - - [06/Jan/2026:14:11:49 +0800] "GET /wp-sitemap.xml HTTP/1.1" 404 29201 "-" "Mozilla/5.0 (compatible; AhrefsBot/7.0; +http://ahrefs.com/robot/)"
54.87.206.175 - - [06/Jan/2026:14:12:52 +0800] "GET /portfolio/healthy-and-natural/ HTTP/1.1" 200 33188 "-" "TerraCotta https://github.com/CeramicTeam/CeramicTerracotta"
217.113.194.141 - - [06/Jan/2026:14:16:58 +0800] "GET /portfolio-gallery/feed/ HTTP/1.1" 200 396 "-" "Mozilla/5.0 (compatible; Barkrowler/0.9; +https://babbar.tech/crawler)"
217.113.194.140 - - [06/Jan/2026:14:17:15 +0800] "GET /portfolio_skin/logo-design/feed/ HTTP/1.1" 200 1103 "-" "Mozilla/5.0 (compatible; Barkrowler/0.9; +https://babbar.tech/crawler)"
217.113.194.136 - - [06/Jan/2026:14:17:31 +0800] "GET /portfolio_skin/business-card-design/feed/ HTTP/1.1" 200 1001 "-" "Mozilla/5.0 (compatible; Barkrowler/0.9; +https://babbar.tech/crawler)"
217.113.194.135 - - [06/Jan/2026:14:17:49 +0800] "GET /portfolio_skin/brochures-and-flyers/feed/ HTTP/1.1" 200 1132 "-" "Mozilla/5.0 (compatible; Barkrowler/0.9; +https://babbar.tech/crawler)"
192.178.4.96 - - [06/Jan/2026:14:24:28 +0800] "GET /?wordfence_lh=1&hid=D9D66ED05E46259926D698A168C54824 HTTP/1.1" 200 - "-" "Mozilla/5.0 (Linux; Android 6.0.1; Nexus 5X Build/MMB29P) AppleWebKit/537.36 (KHTML, like Gecko) Chrome/141.0.7390.122 Mobile Safari/537.36 (compatible; Googlebot/2.1; +http://www.google.com/bot.html)"
216.24.212.36 - - [06/Jan/2026:14:29:47 +0800] "GET / HTTP/1.0" 301 - "http://ferrydesign.com.au/" "Mozilla/5.0 (Windows NT 10.0; Win64; x64) AppleWebKit/537.36 (KHTML, like Gecko) Chrome/131.0.0.0 Safari/537.36 Avast/131.0.0.0"
216.24.212.40 - - [06/Jan/2026:14:29:49 +0800] "GET / HTTP/1.0" 200 76103 "http://www.ferrydesign.com.au/" "Mozilla/5.0 (Windows NT 10.0; Win64; x64) AppleWebKit/537.36 (KHTML, like Gecko) Chrome/131.0.0.0 Safari/537.36 Avast/131.0.0.0"
216.24.212.19 - - [06/Jan/2026:14:29:50 +0800] "GET /blog/ HTTP/1.0" 200 62591 "http://www.ferrydesign.com.au/blog/" "Mozilla/5.0 (Windows NT 10.0; Win64; x64) AppleWebKit/537.36 (KHTML, like Gecko) Chrome/131.0.0.0 Safari/537.36 Avast/131.0.0.0"
51.161.37.247 - - [06/Jan/2026:14:39:09 +0800] "GET /portfolio/anlom/ HTTP/1.1" 200 7407 "-" "Mozilla/5.0 (compatible; AhrefsBot/7.0; +http://ahrefs.com/robot/)"
103.4.122.14 - - [06/Jan/2026:14:54:44 +0800] "POST /wp-cron.php?doing_wp_cron=1767682484.8909039497375488281250 HTTP/1.1" 200 - "http://www.ferrydesign.com.au/wp-cron.php?doing_wp_cron=1767682484.8909039497375488281250" "WordPress/6.0.3; http://www.ferrydesign.com.au"
54.87.206.175 - - [06/Jan/2026:14:54:44 +0800] "GET /portfolio/australian-houskeeping/ HTTP/1.1" 200 32978 "-" "TerraCotta https://github.com/CeramicTeam/CeramicTerracotta"
192.178.4.97 - - [06/Jan/2026:15:00:11 +0800] "GET /?wordfence_lh=1&hid=B1E2BDEDFDC7139CC52061242509EEDB HTTP/1.1" 200 - "-" "Mozilla/5.0 (Linux; Android 6.0.1; Nexus 5X Build/MMB29P) AppleWebKit/537.36 (KHTML, like Gecko) Chrome/141.0.7390.122 Mobile Safari/537.36 (compatible; Googlebot/2.1; +http://www.google.com/bot.html)"
40.77.167.32 - - [06/Jan/2026:15:01:36 +0800] "GET /portfolio/iwire-solutions HTTP/1.1" 301 - "-" "Mozilla/5.0 AppleWebKit/537.36 (KHTML, like Gecko; compatible; bingbot/2.0; +http://www.bing.com/bingbot.htm) Chrome/116.0.1938.76 Safari/537.36"
52.167.144.172 - - [06/Jan/2026:15:01:46 +0800] "GET /portfolio/iwire-solutions/ HTTP/1.1" 200 7441 "-" "Mozilla/5.0 AppleWebKit/537.36 (KHTML, like Gecko; compatible; bingbot/2.0; +http://www.bing.com/bingbot.htm) Chrome/116.0.1938.76 Safari/537.36"
103.4.122.14 - - [06/Jan/2026:15:03:20 +0800] "POST /wp-cron.php?doing_wp_cron=1767683000.4590818881988525390625 HTTP/1.1" 200 - "http://www.ferrydesign.com.au/wp-cron.php?doing_wp_cron=1767683000.4590818881988525390625" "WordPress/6.0.3; http://www.ferrydesign.com.au"
51.161.65.104 - - [06/Jan/2026:15:03:19 +0800] "GET /portfolio/australian-houskeeping/ HTTP/1.1" 200 7431 "-" "Mozilla/5.0 (compatible; AhrefsBot/7.0; +http://ahrefs.com/robot/)"
95.216.69.175 - - [06/Jan/2026:15:08:10 +0800] "GET / HTTP/1.1" 301 - "-" "Mozilla/5.0 (Windows NT 10.0; Win64; x64) AppleWebKit/537.36 (KHTML, like Gecko) Chrome/134.0.0.0 Safari/537.36"
95.216.69.175 - - [06/Jan/2026:15:08:13 +0800] "GET / HTTP/1.1" 200 76263 "-" "Mozilla/5.0 (Windows NT 10.0; Win64; x64) AppleWebKit/537.36 (KHTML, like Gecko) Chrome/134.0.0.0 Safari/537.36"
192.178.4.98 - - [06/Jan/2026:15:12:15 +0800] "GET /?wordfence_lh=1&hid=9B7BDE925E81AC6AC76E0173BADD7C7B HTTP/1.1" 200 - "-" "Mozilla/5.0 (Linux; Android 6.0.1; Nexus 5X Build/MMB29P) AppleWebKit/537.36 (KHTML, like Gecko) Chrome/141.0.7390.122 Mobile Safari/537.36 (compatible; Googlebot/2.1; +http://www.google.com/bot.html)"
54.87.206.175 - - [06/Jan/2026:15:17:15 +0800] "GET /portfolio/falcon/ HTTP/1.1" 200 32822 "-" "TerraCotta https://github.com/CeramicTeam/CeramicTerracotta"
192.178.4.98 - - [06/Jan/2026:15:20:32 +0800] "GET /?wordfence_lh=1&hid=8AE6A4A166BB2A18AF7A0299D59BA017 HTTP/1.1" 200 - "-" "Mozilla/5.0 (Linux; Android 6.0.1; Nexus 5X Build/MMB29P) AppleWebKit/537.36 (KHTML, like Gecko) Chrome/141.0.7390.122 Mobile Safari/537.36 (compatible; Googlebot/2.1; +http://www.google.com/bot.html)"
212.108.114.37 - - [06/Jan/2026:15:26:46 +0800] "GET /wp-json/wp/v2/posts HTTP/1.1" 200 39965 "-" "Mozilla/5.0 (Windows NT 10.0; Win64; x64) AppleWebKit/537.36 (KHTML, like Gecko) Chrome/120.0.0.0 Safari/537.36"
52.167.144.230 - - [06/Jan/2026:15:27:28 +0800] "GET /wp-sitemap.xml HTTP/1.1" 404 29201 "-" "Mozilla/5.0 AppleWebKit/537.36 (KHTML, like Gecko; compatible; bingbot/2.0; +http://www.bing.com/bingbot.htm) Chrome/116.0.1938.76 Safari/537.36"
51.161.65.255 - - [06/Jan/2026:15:29:49 +0800] "GET / HTTP/1.1" 200 11126 "-" "Mozilla/5.0 (compatible; AhrefsBot/7.0; +http://ahrefs.com/robot/)"
157.173.120.59 - - [06/Jan/2026:15:31:38 +0800] "GET /wp-admin/css/ HTTP/1.1" 403 199 "binance.com" "Mozilla/5.0 (Windows NT 10.0; Win64; x64) AppleWebKit/537.36 (KHTML, like Gecko) Chrome/90.0.4430.85 Safari/537.36"
192.178.4.97 - - [06/Jan/2026:15:32:40 +0800] "GET /?wordfence_lh=1&hid=C3BF7C012F76D795BAE5A0C42F19D194 HTTP/1.1" 200 - "-" "Mozilla/5.0 (Linux; Android 6.0.1; Nexus 5X Build/MMB29P) AppleWebKit/537.36 (KHTML, like Gecko) Chrome/141.0.7390.122 Mobile Safari/537.36 (compatible; Googlebot/2.1; +http://www.google.com/bot.html)"
40.77.167.235 - - [06/Jan/2026:15:37:15 +0800] "GET /portfolio/kazbar/ HTTP/1.1" 200 7410 "-" "Mozilla/5.0 AppleWebKit/537.36 (KHTML, like Gecko; compatible; bingbot/2.0; +http://www.bing.com/bingbot.htm) Chrome/116.0.1938.76 Safari/537.36"
182.44.12.37 - - [06/Jan/2026:15:39:33 +0800] "GET / HTTP/1.1" 403 199 "-" "Mozilla/5.0 (iPhone; CPU iPhone OS 13_2_3 like Mac OS X) AppleWebKit/605.1.15 (KHTML, like Gecko) Version/13.0.3 Mobile/15E148 Safari/604.1"
192.178.4.96 - - [06/Jan/2026:15:39:41 +0800] "GET /?wordfence_lh=1&hid=0285C980D47637470553BAAF45937046 HTTP/1.1" 200 - "-" "Mozilla/5.0 (Linux; Android 6.0.1; Nexus 5X Build/MMB29P) AppleWebKit/537.36 (KHTML, like Gecko) Chrome/141.0.7390.122 Mobile Safari/537.36 (compatible; Googlebot/2.1; +http://www.google.com/bot.html)"
192.178.4.104 - - [06/Jan/2026:15:45:16 +0800] "GET /?wordfence_lh=1&hid=2B51088BEC38C9B99220CA3E6DADC445 HTTP/1.1" 200 - "-" "Mozilla/5.0 (Linux; Android 6.0.1; Nexus 5X Build/MMB29P) AppleWebKit/537.36 (KHTML, like Gecko) Chrome/141.0.7390.122 Mobile Safari/537.36 (compatible; Googlebot/2.1; +http://www.google.com/bot.html)"
103.4.122.14 - - [06/Jan/2026:15:50:45 +0800] "POST /wp-cron.php?doing_wp_cron=1767685845.6092910766601562500000 HTTP/1.1" 200 - "http://www.ferrydesign.com.au/wp-cron.php?doing_wp_cron=1767685845.6092910766601562500000" "WordPress/6.0.3; http://www.ferrydesign.com.au"
192.178.4.96 - - [06/Jan/2026:15:50:45 +0800] "GET /?wordfence_lh=1&hid=4C62ACFB65593842AB412FBFECAE8109 HTTP/1.1" 200 - "-" "Mozilla/5.0 (Linux; Android 6.0.1; Nexus 5X Build/MMB29P) AppleWebKit/537.36 (KHTML, like Gecko) Chrome/141.0.7390.122 Mobile Safari/537.36 (compatible; Googlebot/2.1; +http://www.google.com/bot.html)"
192.178.4.96 - - [06/Jan/2026:15:56:51 +0800] "GET /search/%7Bsearch_term%7D/ HTTP/1.1" 200 7423 "-" "Mozilla/5.0 (Linux; Android 6.0.1; Nexus 5X Build/MMB29P) AppleWebKit/537.36 (KHTML, like Gecko) Chrome/141.0.7390.122 Mobile Safari/537.36 (compatible; Googlebot/2.1; +http://www.google.com/bot.html)"
192.178.4.105 - - [06/Jan/2026:15:56:56 +0800] "GET /wp-content/themes/Personalist/js/jquery.scrollUp.min.js?ver=5fc81bc751ba1b30f50a25c72e5a1c8d HTTP/1.1" 200 880 "http://www.ferrydesign.com.au/search/%7Bsearch_term%7D/" "Mozilla/5.0 (Linux; Android 6.0.1; Nexus 5X Build/MMB29P) AppleWebKit/537.36 (KHTML, like Gecko) Chrome/141.0.7390.122 Mobile Safari/537.36 (compatible; Googlebot/2.1; +http://www.google.com/bot.html)"
43.153.10.83 - - [06/Jan/2026:15:59:10 +0800] "GET / HTTP/1.1" 403 199 "-" "Mozilla/5.0 (iPhone; CPU iPhone OS 13_2_3 like Mac OS X) AppleWebKit/605.1.15 (KHTML, like Gecko) Version/13.0.3 Mobile/15E148 Safari/604.1"
43.173.175.227 - - [06/Jan/2026:15:59:26 +0800] "GET /?p=308 HTTP/1.1" 301 - "-" "Mozilla/5.0 (Windows NT 10.0; Win64; x64) AppleWebKit/537.36 (KHTML, like Gecko) Chrome/109.0.0.0 Safari/537.36"
43.173.178.124 - - [06/Jan/2026:15:59:28 +0800] "GET /?wordfence_lh=1&hid=5A9DE3A4D4EFEEB44948A3570409B4E1&r=0.9377996287443688 HTTP/1.1" 200 - "http://www.ferrydesign.com.au/?p=308" "Mozilla/5.0 (Windows NT 10.0; Win64; x64) AppleWebKit/537.36 (KHTML, like Gecko) Chrome/109.0.0.0 Safari/537.36"
43.173.175.227 - - [06/Jan/2026:15:59:26 +0800] "GET /portfolio/satteline/ HTTP/1.1" 200 7423 "http://www.ferrydesign.com.au/?p=308" "Mozilla/5.0 (Windows NT 10.0; Win64; x64) AppleWebKit/537.36 (KHTML, like Gecko) Chrome/109.0.0.0 Safari/537.36"
192.178.4.96 - - [06/Jan/2026:16:01:04 +0800] "GET /search/%7Bsearch_term%7D/feed/rss2/ HTTP/1.1" 200 476 "-" "Mozilla/5.0 (Linux; Android 6.0.1; Nexus 5X Build/MMB29P) AppleWebKit/537.36 (KHTML, like Gecko) Chrome/141.0.7390.122 Mobile Safari/537.36 (compatible; Googlebot/2.1; +http://www.google.com/bot.html)"
54.87.206.175 - - [06/Jan/2026:16:01:14 +0800] "GET /portfolio/easy-forex/ HTTP/1.1" 200 32870 "-" "TerraCotta https://github.com/CeramicTeam/CeramicTerracotta"
103.4.122.14 - - [06/Jan/2026:16:04:31 +0800] "POST /wp-cron.php?doing_wp_cron=1767686671.9222130775451660156250 HTTP/1.1" 200 - "http://www.ferrydesign.com.au/wp-cron.php?doing_wp_cron=1767686671.9222130775451660156250" "WordPress/6.0.3; http://www.ferrydesign.com.au"
120.239.177.54 - - [06/Jan/2026:16:04:31 +0800] "GET /portfolio_skin/business-card-design HTTP/1.1" 301 - "-" "Mozilla/5.0 (X11; Linux x86_64) AppleWebKit/537.36 (KHTML, like Gecko) Chrome/34.0.1847.137 Safari/4E423F"
120.239.177.54 - - [06/Jan/2026:16:04:32 +0800] "GET /portfolio_skin/business-card-design/ HTTP/1.1" 200 7608 "-" "Mozilla/5.0 (X11; Linux x86_64) AppleWebKit/537.36 (KHTML, like Gecko) Chrome/34.0.1847.137 Safari/4E423F"
98.89.254.180 - - [06/Jan/2026:16:12:43 +0800] "GET /robots.txt HTTP/1.1" 200 119 "-" "Mozilla/5.0 (Macintosh; Intel Mac OS X 10_10_1) AppleWebKit/600.2.5 (KHTML, like Gecko) Version/8.0.2 Safari/600.2.5 (TestUserAgent)"
5.39.1.246 - - [06/Jan/2026:16:13:06 +0800] "GET /robots.txt HTTP/1.1" 200 119 "-" "Mozilla/5.0 (compatible; AhrefsBot/7.0; +http://ahrefs.com/robot/)"
51.68.247.218 - - [06/Jan/2026:16:13:10 +0800] "GET /wp-sitemap.xml HTTP/1.1" 404 29249 "-" "Mozilla/5.0 (compatible; AhrefsBot/7.0; +http://ahrefs.com/robot/)"
192.178.4.98 - - [06/Jan/2026:16:33:05 +0800] "GET /?wordfence_lh=1&hid=F7E0AE08B717426E5B0E2CF48597F025 HTTP/1.1" 200 - "-" "Mozilla/5.0 (Linux; Android 6.0.1; Nexus 5X Build/MMB29P) AppleWebKit/537.36 (KHTML, like Gecko) Chrome/141.0.7390.122 Mobile Safari/537.36 (compatible; Googlebot/2.1; +http://www.google.com/bot.html)"
54.87.206.175 - - [06/Jan/2026:16:36:02 +0800] "GET /portfolio/plus-ulp/ HTTP/1.1" 200 33108 "-" "TerraCotta https://github.com/CeramicTeam/CeramicTerracotta"
173.252.70.8 - - [06/Jan/2026:16:39:16 +0800] "GET /robots.txt HTTP/1.1" 200 122 "-" "facebookexternalhit/1.1 (+http://www.facebook.com/externalhit_uatext.php)"
103.4.122.14 - - [06/Jan/2026:16:48:08 +0800] "POST /wp-cron.php?doing_wp_cron=1767689288.5790879726409912109375 HTTP/1.1" 200 - "https://www.ferrydesign.com.au/wp-cron.php?doing_wp_cron=1767689288.5790879726409912109375" "WordPress/6.0.3; https://www.ferrydesign.com.au"
191.6.222.62 - - [06/Jan/2026:16:48:08 +0800] "POST /xmlrpc.php HTTP/1.1" 200 403 "-" "Mozilla/5.0 (Windows NT 6.1; WOW64; rv:54.0) Gecko/20100101 Firefox/54.0"
103.4.122.14 - - [06/Jan/2026:16:48:12 +0800] "POST /wp-cron.php?doing_wp_cron=1767689292.4994139671325683593750 HTTP/1.1" 200 - "https://www.ferrydesign.com.au/wp-cron.php?doing_wp_cron=1767689292.4994139671325683593750" "WordPress/6.0.3; https://www.ferrydesign.com.au"
191.6.222.62 - - [06/Jan/2026:16:48:12 +0800] "POST /xmlrpc.php HTTP/1.1" 200 403 "-" "Mozilla/5.0 (Windows NT 6.1; WOW64; rv:54.0) Gecko/20100101 Firefox/54.0"
191.6.222.62 - - [06/Jan/2026:16:48:14 +0800] "POST /xmlrpc.php HTTP/1.1" 200 403 "-" "Mozilla/5.0 (Windows NT 6.1; WOW64; rv:54.0) Gecko/20100101 Firefox/54.0"
51.75.236.139 - - [06/Jan/2026:16:54:24 +0800] "GET /feed/ HTTP/1.1" 200 8147 "-" "Mozilla/5.0 (compatible; AhrefsBot/7.0; +http://ahrefs.com/robot/)"
103.4.122.14 - - [06/Jan/2026:16:54:24 +0800] "POST /wp-cron.php?doing_wp_cron=1767689664.7468290328979492187500 HTTP/1.1" 200 - "https://www.ferrydesign.com.au/wp-cron.php?doing_wp_cron=1767689664.7468290328979492187500" "WordPress/6.0.3; https://www.ferrydesign.com.au"
103.4.122.14 - - [06/Jan/2026:17:17:52 +0800] "POST /wp-cron.php?doing_wp_cron=1767691072.4731829166412353515625 HTTP/1.1" 200 - "https://www.ferrydesign.com.au/wp-cron.php?doing_wp_cron=1767691072.4731829166412353515625" "WordPress/6.0.3; https://www.ferrydesign.com.au"
135.236.141.99 - - [06/Jan/2026:17:17:51 +0800] "POST /xmlrpc.php HTTP/1.1" 503 18952 "-" "Mozilla/5.0 (Windows NT 10.0) AppleWebKit/537.36 (KHTML, like Gecko) Chrome/67.0.3396.79 Safari/537.36"
135.236.141.99 - - [06/Jan/2026:17:17:55 +0800] "POST /xmlrpc.php HTTP/1.1" 503 18038 "-" "Mozilla/5.0 (Windows NT 10.0) AppleWebKit/537.36 (KHTML, like Gecko) Chrome/67.0.3396.79 Safari/537.36"
135.236.141.99 - - [06/Jan/2026:17:17:57 +0800] "POST /xmlrpc.php HTTP/1.1" 503 18038 "-" "Mozilla/5.0 (Windows NT 10.0) AppleWebKit/537.36 (KHTML, like Gecko) Chrome/67.0.3396.79 Safari/537.36"
103.4.122.14 - - [06/Jan/2026:17:17:57 +0800] "POST /?wordfence_syncAttackData=1767691077.7277 HTTP/1.1" 200 - "http://www.ferrydesign.com.au/?wordfence_syncAttackData=1767691077.7277" "WordPress/6.0.3; http://www.ferrydesign.com.au"
103.4.122.14 - - [06/Jan/2026:17:17:58 +0800] "POST /wp-cron.php?doing_wp_cron=1767691078.3227109909057617187500 HTTP/1.1" 200 - "http://www.ferrydesign.com.au/wp-cron.php?doing_wp_cron=1767691078.3227109909057617187500" "WordPress/6.0.3; http://www.ferrydesign.com.au"
40.77.167.16 - - [06/Jan/2026:17:17:57 +0800] "GET /portfolio/holger HTTP/1.1" 301 - "-" "Mozilla/5.0 AppleWebKit/537.36 (KHTML, like Gecko; compatible; bingbot/2.0; +http://www.bing.com/bingbot.htm) Chrome/116.0.1938.76 Safari/537.36"
135.236.141.99 - - [06/Jan/2026:17:17:59 +0800] "POST /xmlrpc.php HTTP/1.1" 503 18037 "-" "Mozilla/5.0 (Windows NT 10.0) AppleWebKit/537.36 (KHTML, like Gecko) Chrome/67.0.3396.79 Safari/537.36"
62.109.150.115 - - [06/Jan/2026:17:18:00 +0800] "POST /xmlrpc.php HTTP/1.1" 503 18952 "-" "Mozilla/5.0 (Windows NT 10.0; Win64; x64) AppleWebKit/537.36 (KHTML, like Gecko) Chrome/85.0.4183.121 Safari/537.36"
135.236.141.99 - - [06/Jan/2026:17:18:02 +0800] "POST /xmlrpc.php HTTP/1.1" 503 18038 "-" "Mozilla/5.0 (Windows NT 10.0) AppleWebKit/537.36 (KHTML, like Gecko) Chrome/67.0.3396.79 Safari/537.36"
62.109.150.115 - - [06/Jan/2026:17:18:03 +0800] "POST /xmlrpc.php HTTP/1.1" 503 18952 "-" "Mozilla/5.0 (Windows NT 10.0; Win64; x64) AppleWebKit/537.36 (KHTML, like Gecko) Chrome/85.0.4183.121 Safari/537.36"
135.236.141.99 - - [06/Jan/2026:17:18:04 +0800] "POST /xmlrpc.php HTTP/1.1" 403 199 "-" "Mozilla/5.0 (Windows NT 10.0) AppleWebKit/537.36 (KHTML, like Gecko) Chrome/67.0.3396.79 Safari/537.36"
62.109.150.115 - - [06/Jan/2026:17:18:06 +0800] "POST /xmlrpc.php HTTP/1.1" 503 18038 "-" "Mozilla/5.0 (Windows NT 10.0; Win64; x64) AppleWebKit/537.36 (KHTML, like Gecko) Chrome/85.0.4183.121 Safari/537.36"
103.4.122.14 - - [06/Jan/2026:17:18:18 +0800] "POST /?wordfence_syncAttackData=1767691098.0173 HTTP/1.1" 200 - "http://www.ferrydesign.com.au/?wordfence_syncAttackData=1767691098.0173" "WordPress/6.0.3; http://www.ferrydesign.com.au"
40.77.167.55 - - [06/Jan/2026:17:18:17 +0800] "GET /portfolio/holger/ HTTP/1.1" 200 7424 "-" "Mozilla/5.0 AppleWebKit/537.36 (KHTML, like Gecko; compatible; bingbot/2.0; +http://www.bing.com/bingbot.htm) Chrome/116.0.1938.76 Safari/537.36"
5.39.1.255 - - [06/Jan/2026:17:39:19 +0800] "GET / HTTP/1.1" 200 11128 "-" "Mozilla/5.0 (compatible; AhrefsBot/7.0; +http://ahrefs.com/robot/)"
103.4.122.14 - - [06/Jan/2026:17:39:19 +0800] "POST /wp-cron.php?doing_wp_cron=1767692359.5292530059814453125000 HTTP/1.1" 200 - "https://www.ferrydesign.com.au/wp-cron.php?doing_wp_cron=1767692359.5292530059814453125000" "WordPress/6.0.3; https://www.ferrydesign.com.au"
198.12.243.225 - - [06/Jan/2026:17:40:19 +0800] "POST /xmlrpc.php HTTP/1.1" 200 225 "-" "Mozilla/5.0 (Windows NT 6.2; Win64; x64) AppleWebKit/537.36 (KHTML, like Gecko) Chrome/66.0.3359.139 Safari/537.36"
103.4.122.14 - - [06/Jan/2026:17:42:33 +0800] "POST /wp-cron.php?doing_wp_cron=1767692553.0608119964599609375000 HTTP/1.1" 200 - "https://www.ferrydesign.com.au/wp-cron.php?doing_wp_cron=1767692553.0608119964599609375000" "WordPress/6.0.3; https://www.ferrydesign.com.au"
69.171.230.8 - - [06/Jan/2026:17:42:32 +0800] "GET /robots.txt HTTP/1.1" 200 123 "-" "facebookexternalhit/1.1 (+http://www.facebook.com/externalhit_uatext.php)"
69.171.230.114 - - [06/Jan/2026:17:42:34 +0800] "GET /robots.txt HTTP/1.1" 200 123 "-" "facebookexternalhit/1.1 (+http://www.facebook.com/externalhit_uatext.php)"
57.141.14.75 - - [06/Jan/2026:17:42:37 +0800] "GET /portfolio_tag-sitemap.xml HTTP/1.1" 200 608 "-" "meta-externalagent/1.1 (+https://developers.facebook.com/docs/sharing/webmasters/crawler)"
69.171.230.115 - - [06/Jan/2026:17:42:38 +0800] "GET /robots.txt HTTP/1.1" 200 123 "-" "facebookexternalhit/1.1 (+http://www.facebook.com/externalhit_uatext.php)"
57.141.14.55 - - [06/Jan/2026:17:43:55 +0800] "GET /portfolio-sitemap.xml HTTP/1.1" 200 17318 "-" "meta-externalagent/1.1 (+https://developers.facebook.com/docs/sharing/webmasters/crawler)"
43.173.179.55 - - [06/Jan/2026:17:45:58 +0800] "GET /?p=274 HTTP/1.1" 301 - "-" "Mozilla/5.0 (Windows NT 10.0; Win64; x64) AppleWebKit/537.36 (KHTML, like Gecko) Chrome/109.0.0.0 Safari/537.36"
43.173.179.55 - - [06/Jan/2026:17:46:01 +0800] "GET /portfolio/united/ HTTP/1.1" 200 7431 "http://www.ferrydesign.com.au/?p=274" "Mozilla/5.0 (Windows NT 10.0; Win64; x64) AppleWebKit/537.36 (KHTML, like Gecko) Chrome/109.0.0.0 Safari/537.36"
43.173.173.26 - - [06/Jan/2026:17:46:03 +0800] "GET /?wordfence_lh=1&hid=C8FE067AE979B06B354B05757960E7D1&r=0.1797749907423294 HTTP/1.1" 200 - "http://www.ferrydesign.com.au/?p=274" "Mozilla/5.0 (Windows NT 10.0; Win64; x64) AppleWebKit/537.36 (KHTML, like Gecko) Chrome/109.0.0.0 Safari/537.36"
103.4.122.14 - - [06/Jan/2026:17:47:34 +0800] "POST /wp-cron.php?doing_wp_cron=1767692854.4098420143127441406250 HTTP/1.1" 200 - "https://www.ferrydesign.com.au/wp-cron.php?doing_wp_cron=1767692854.4098420143127441406250" "WordPress/6.0.3; https://www.ferrydesign.com.au"
57.141.14.67 - - [06/Jan/2026:17:47:33 +0800] "GET /post_tag-sitemap.xml HTTP/1.1" 404 29249 "-" "meta-externalagent/1.1 (+https://developers.facebook.com/docs/sharing/webmasters/crawler)"
54.87.206.175 - - [06/Jan/2026:17:49:45 +0800] "GET /brochures-design-tips/ HTTP/1.1" 200 36986 "-" "TerraCotta https://github.com/CeramicTeam/CeramicTerracotta"
57.141.14.41 - - [06/Jan/2026:17:52:00 +0800] "GET /sitemap/ HTTP/1.1" 200 36424 "-" "meta-externalagent/1.1 (+https://developers.facebook.com/docs/sharing/webmasters/crawler)"
185.191.171.2 - - [06/Jan/2026:17:55:20 +0800] "GET /robots.txt HTTP/1.1" 200 119 "-" "Mozilla/5.0 (compatible; SemrushBot/7~bl; +http://www.semrush.com/bot.html)"
57.141.14.40 - - [06/Jan/2026:17:55:26 +0800] "GET /post-sitemap.xml HTTP/1.1" 200 3293 "-" "meta-externalagent/1.1 (+https://developers.facebook.com/docs/sharing/webmasters/crawler)"
57.141.14.9 - - [06/Jan/2026:17:55:56 +0800] "GET /sitemap_index.xml HTTP/1.1" 200 1411 "-" "meta-externalagent/1.1 (+https://developers.facebook.com/docs/sharing/webmasters/crawler)"
57.141.14.89 - - [06/Jan/2026:17:57:42 +0800] "GET /news-sitemap.xml HTTP/1.1" 404 29309 "-" "meta-externalagent/1.1 (+https://developers.facebook.com/docs/sharing/webmasters/crawler)"
57.141.14.24 - - [06/Jan/2026:18:00:31 +0800] "GET /sitemap.xml HTTP/1.1" 302 - "-" "meta-externalagent/1.1 (+https://developers.facebook.com/docs/sharing/webmasters/crawler)"
103.4.122.14 - - [06/Jan/2026:18:03:35 +0800] "POST /wp-cron.php?doing_wp_cron=1767693815.3625049591064453125000 HTTP/1.1" 200 - "https://www.ferrydesign.com.au/wp-cron.php?doing_wp_cron=1767693815.3625049591064453125000" "WordPress/6.0.3; https://www.ferrydesign.com.au"
57.141.14.30 - - [06/Jan/2026:18:03:34 +0800] "GET /sitemap.html HTTP/1.1" 301 - "-" "meta-externalagent/1.1 (+https://developers.facebook.com/docs/sharing/webmasters/crawler)"
157.55.39.56 - - [06/Jan/2026:18:04:17 +0800] "GET /wp-sitemap.xml HTTP/1.1" 404 29201 "-" "Mozilla/5.0 AppleWebKit/537.36 (KHTML, like Gecko; compatible; bingbot/2.0; +http://www.bing.com/bingbot.htm) Chrome/116.0.1938.76 Safari/537.36"
57.141.14.79 - - [06/Jan/2026:18:04:52 +0800] "GET /category-sitemap.xml HTTP/1.1" 200 607 "-" "meta-externalagent/1.1 (+https://developers.facebook.com/docs/sharing/webmasters/crawler)"
57.141.14.88 - - [06/Jan/2026:18:06:44 +0800] "GET /wp-sitemap.xml HTTP/1.1" 404 29201 "-" "meta-externalagent/1.1 (+https://developers.facebook.com/docs/sharing/webmasters/crawler)"
57.141.14.18 - - [06/Jan/2026:18:08:35 +0800] "GET /news_sitemap.xml HTTP/1.1" 301 - "-" "meta-externalagent/1.1 (+https://developers.facebook.com/docs/sharing/webmasters/crawler)"
57.141.14.90 - - [06/Jan/2026:18:10:51 +0800] "GET /service-sitemap.xml HTTP/1.1" 200 3228 "-" "meta-externalagent/1.1 (+https://developers.facebook.com/docs/sharing/webmasters/crawler)"
