103.4.122.14 - - [03/Jan/2026:09:46:37 +0800] "POST /wp-cron.php?doing_wp_cron=1767404797.7534658908843994140625 HTTP/1.1" 200 - "-" "WordPress/6.9; https://gwfencing.com.au"
54.39.210.41 - - [03/Jan/2026:09:46:36 +0800] "GET /robots.txt HTTP/1.1" 200 112 "-" "Mozilla/5.0 (compatible; AhrefsBot/7.0; +http://ahrefs.com/robot/)"
148.113.128.62 - - [03/Jan/2026:09:46:42 +0800] "GET /wp-sitemap.xml HTTP/1.1" 404 18918 "-" "Mozilla/5.0 (compatible; AhrefsBot/7.0; +http://ahrefs.com/robot/)"
103.4.122.14 - - [03/Jan/2026:09:56:08 +0800] "POST /wp-cron.php?doing_wp_cron=1767405368.2847919464111328125000 HTTP/1.1" 200 - "-" "WordPress/6.9; https://gwfencing.com.au"
138.91.30.59 - - [03/Jan/2026:09:56:07 +0800] "GET / HTTP/1.1" 200 8308 "-" "Mozilla/5.0 AppleWebKit/537.36 (KHTML, like Gecko); compatible; ChatGPT-User/1.0; +https://openai.com/bot"
103.4.122.14 - - [03/Jan/2026:10:02:36 +0800] "POST /wp-cron.php?doing_wp_cron=1767405756.7619919776916503906250 HTTP/1.1" 200 - "-" "WordPress/6.9; https://gwfencing.com.au"
146.174.190.235 - - [03/Jan/2026:10:02:35 +0800] "GET /about-us/ HTTP/1.1" 200 6195 "-" "Mozilla/5.0 (X11; U; Linux i686; en-US; rv:1.9.2.10pre) Gecko/20100902 Ubuntu/9.10 (karmic) Firefox/3.6.1pre"
162.62.213.165 - - [03/Jan/2026:10:05:58 +0800] "GET / HTTP/1.1" 403 199 "-" "Mozilla/5.0 (iPhone; CPU iPhone OS 13_2_3 like Mac OS X) AppleWebKit/605.1.15 (KHTML, like Gecko) Version/13.0.3 Mobile/15E148 Safari/604.1"
103.4.122.14 - - [03/Jan/2026:10:16:29 +0800] "POST /wp-cron.php?doing_wp_cron=1767406588.9511840343475341796875 HTTP/1.1" 200 - "-" "WordPress/6.9; https://gwfencing.com.au"
185.199.223.39 - - [03/Jan/2026:10:16:28 +0800] "POST /xmlrpc.php HTTP/1.1" 405 415 "-" "Mozilla/5.0 (Windows NT 10.0; Win64; x64; rv:84.0) Gecko/20100101 Firefox/84.0"
103.4.122.14 - - [03/Jan/2026:10:32:43 +0800] "POST /wp-cron.php?doing_wp_cron=1767407563.7416338920593261718750 HTTP/1.1" 200 - "-" "WordPress/6.9; https://gwfencing.com.au"
146.174.165.16 - - [03/Jan/2026:10:32:42 +0800] "GET /sporting-fencing/ HTTP/1.1" 200 6363 "-" "Mozilla/5.0 (Macintosh; U; Intel Mac OS X 10_6_4; fr-FR) AppleWebKit/533.4 (KHTML, like Gecko) Chrome/5.0.375.126 Safari/533.4"
66.249.70.196 - - [03/Jan/2026:10:36:11 +0800] "GET /deposit/Slot%20%E0%B9%80%E0%B8%A7%E0%B9%87%E0%B8%9A%E0%B8%9E%E0%B8%99%E0%B8%B1%E0%B8%99%E0%B8%AD%E0%B8%AD%E0%B8%99%E0%B9%84%E0%B8%A5%E0%B8%99%E0%B9%8C%20%E0%B9%80%E0%B8%A7%E0%B9%87%E0%B8%9A%E0%B8%95%E0%B8%A3%E0%B8%87.html HTTP/1.1" 404 20032 "-" "Mozilla/5.0 (Linux; Android 6.0.1; Nexus 5X Build/MMB29P) AppleWebKit/537.36 (KHTML, like Gecko) Chrome/141.0.7390.122 Mobile Safari/537.36 (compatible; Googlebot/2.1; +http://www.google.com/bot.html)"
103.4.122.14 - - [03/Jan/2026:10:36:20 +0800] "POST /wp-cron.php?doing_wp_cron=1767407779.8740520477294921875000 HTTP/1.1" 200 - "-" "WordPress/6.9; https://gwfencing.com.au"
66.249.70.194 - - [03/Jan/2026:10:36:18 +0800] "GET /nohu/%E0%B8%97%E0%B8%B5%E0%B8%A7%E0%B8%B5%20%E0%B8%9C%E0%B8%A5%E0%B8%9A%E0%B8%AD%E0%B8%A5%E0%B8%AA%E0%B8%94goal%203%20%E0%B8%A7%E0%B8%B1%E0%B8%99%E0%B8%99%E0%B8%B5%E0%B9%89.html HTTP/1.1" 404 20032 "-" "Mozilla/5.0 (Linux; Android 6.0.1; Nexus 5X Build/MMB29P) AppleWebKit/537.36 (KHTML, like Gecko) Chrome/141.0.7390.122 Mobile Safari/537.36 (compatible; Googlebot/2.1; +http://www.google.com/bot.html)"
66.249.70.194 - - [03/Jan/2026:10:36:21 +0800] "GET /ios/Login%20%E0%B8%9B%E0%B8%B1%E0%B9%88%E0%B8%99%E0%B8%AA%E0%B8%A5%E0%B9%87%E0%B8%AD%E0%B8%95%E0%B8%9F%E0%B8%A3%E0%B8%B5%E0%B8%8B%E0%B8%B7%E0%B9%89%E0%B8%AD%E0%B8%9F%E0%B8%A3%E0%B8%B5%E0%B8%AA%E0%B8%9B%E0%B8%B4%E0%B8%99%E0%B9%84%E0%B8%94%E0%B9%89.html HTTP/1.1" 404 20032 "-" "Mozilla/5.0 (Linux; Android 6.0.1; Nexus 5X Build/MMB29P) AppleWebKit/537.36 (KHTML, like Gecko) Chrome/141.0.7390.122 Mobile Safari/537.36 (compatible; Googlebot/2.1; +http://www.google.com/bot.html)"
103.4.122.14 - - [03/Jan/2026:10:44:30 +0800] "POST /wp-cron.php?doing_wp_cron=1767408270.2290439605712890625000 HTTP/1.1" 200 - "-" "WordPress/6.9; https://gwfencing.com.au"
66.249.70.195 - - [03/Jan/2026:10:44:29 +0800] "GET /betting/%E0%B8%9A%E0%B8%97%E0%B8%84%E0%B8%A7%E0%B8%B2%E0%B8%A1%20%20%E0%B8%97%E0%B8%B2%E0%B8%87%E0%B9%80%E0%B8%82%E0%B9%89%E0%B8%B2%20ufa%20%E0%B9%84%E0%B8%97%E0%B8%A2.html HTTP/1.1" 404 20032 "-" "Mozilla/5.0 (Linux; Android 6.0.1; Nexus 5X Build/MMB29P) AppleWebKit/537.36 (KHTML, like Gecko) Chrome/141.0.7390.122 Mobile Safari/537.36 (compatible; Googlebot/2.1; +http://www.google.com/bot.html)"
170.106.140.110 - - [03/Jan/2026:11:07:14 +0800] "GET / HTTP/1.1" 403 199 "-" "Mozilla/5.0 (iPhone; CPU iPhone OS 13_2_3 like Mac OS X) AppleWebKit/605.1.15 (KHTML, like Gecko) Version/13.0.3 Mobile/15E148 Safari/604.1"
103.4.122.14 - - [03/Jan/2026:11:10:03 +0800] "POST /wp-cron.php?doing_wp_cron=1767409803.7782299518585205078125 HTTP/1.1" 200 - "-" "WordPress/6.9; https://gwfencing.com.au"
52.211.14.86 - - [03/Jan/2026:11:10:02 +0800] "GET / HTTP/1.0" 301 - "-" "Mozilla/5.0 (compatible; NetcraftSurveyAgent/1.0; +info@netcraft.com)"
52.211.14.86 - - [03/Jan/2026:11:10:07 +0800] "GET / HTTP/1.0" 200 35548 "-" "Mozilla/5.0 (compatible; NetcraftSurveyAgent/1.0; +info@netcraft.com)"
103.4.122.14 - - [03/Jan/2026:11:12:39 +0800] "POST /wp-cron.php?doing_wp_cron=1767409959.5170619487762451171875 HTTP/1.1" 200 - "-" "WordPress/6.9; https://gwfencing.com.au"
205.210.31.139 - - [03/Jan/2026:11:12:38 +0800] "GET / HTTP/1.1" 301 - "-" "-"
205.210.31.139 - - [03/Jan/2026:11:12:41 +0800] "GET / HTTP/1.1" 200 35548 "-" "-"
103.4.122.13 - - [03/Jan/2026:11:14:53 +0800] "GET /wp-cron.php HTTP/1.1" 200 - "-" "WordPress/6.9; https://wpmain.screwlooseit.com.au"
103.4.122.14 - - [03/Jan/2026:11:40:49 +0800] "POST /wp-cron.php?doing_wp_cron=1767411649.4674448966979980468750 HTTP/1.1" 200 - "-" "WordPress/6.9; https://gwfencing.com.au"
51.222.95.59 - - [03/Jan/2026:11:40:48 +0800] "GET /contacts/ HTTP/1.1" 200 6751 "-" "Mozilla/5.0 (compatible; AhrefsBot/7.0; +http://ahrefs.com/robot/)"
170.106.82.209 - - [03/Jan/2026:11:55:13 +0800] "GET / HTTP/1.1" 403 199 "-" "Mozilla/5.0 (iPhone; CPU iPhone OS 13_2_3 like Mac OS X) AppleWebKit/605.1.15 (KHTML, like Gecko) Version/13.0.3 Mobile/15E148 Safari/604.1"
103.4.122.14 - - [03/Jan/2026:11:57:53 +0800] "POST /wp-cron.php?doing_wp_cron=1767412672.8987989425659179687500 HTTP/1.1" 200 - "-" "WordPress/6.9; https://gwfencing.com.au"
146.174.168.155 - - [03/Jan/2026:11:57:51 +0800] "GET / HTTP/1.1" 200 8308 "-" "Mozilla/5.0 (Windows; U; Windows NT 5.2; en-US) AppleWebKit/534.10 (KHTML, like Gecko) Chrome/8.0.558.0 Safari/534.10"
154.26.129.117 - - [03/Jan/2026:12:23:11 +0800] "GET /sftp-config.json HTTP/1.1" 403 199 "-" "Mozilla/5.0 (Macintosh; Intel Mac OS X 10.15; rv:77.0) Gecko/20100101 Firefox/77.0"
103.4.122.14 - - [03/Jan/2026:12:23:13 +0800] "POST /wp-cron.php?doing_wp_cron=1767414193.5627539157867431640625 HTTP/1.1" 200 - "-" "WordPress/6.9; https://gwfencing.com.au"
154.26.129.117 - - [03/Jan/2026:12:23:12 +0800] "GET /.vscode/sftp.json HTTP/1.1" 404 20023 "-" "Mozilla/5.0 (Macintosh; Intel Mac OS X 10.15; rv:77.0) Gecko/20100101 Firefox/77.0"
103.4.122.14 - - [03/Jan/2026:12:49:34 +0800] "POST /wp-cron.php?doing_wp_cron=1767415773.9985249042510986328125 HTTP/1.1" 200 - "-" "WordPress/6.9; https://gwfencing.com.au"
51.210.190.32 - - [03/Jan/2026:12:49:33 +0800] "POST /xmlrpc.php HTTP/1.1" 405 415 "-" "Mozilla/5.0 (Windows NT 10.0; Win64; x64; rv:96.0) Gecko/20100101 Firefox/96.0"
20.219.105.83 - - [03/Jan/2026:13:04:36 +0800] "POST /xmlrpc.php HTTP/1.1" 200 237 "-" "Mozilla/4.0 (compatible; MSIE 7.0; Windows NT 6.1; WOW64; Trident/7.0; SLCC2; .NET CLR 2.0.50727; .NET CLR 3.5.30729; .NET CLR 3.0.30729; .NET4.0C; .NET4.0E; Media Center PC 6.0)"
103.4.122.14 - - [03/Jan/2026:13:04:37 +0800] "POST /wp-cron.php?doing_wp_cron=1767416677.1196000576019287109375 HTTP/1.1" 200 - "-" "WordPress/6.9; https://gwfencing.com.au"
103.4.122.14 - - [03/Jan/2026:13:16:41 +0800] "POST /wp-cron.php?doing_wp_cron=1767417401.0957589149475097656250 HTTP/1.1" 200 - "-" "WordPress/6.9; https://gwfencing.com.au"
95.108.213.187 - - [03/Jan/2026:13:16:40 +0800] "GET /robots.txt HTTP/1.1" 200 117 "-" "Mozilla/5.0 (compatible; YandexBot/3.0; +http://yandex.com/bots)"
87.250.224.208 - - [03/Jan/2026:13:16:41 +0800] "GET /robots.txt HTTP/1.1" 200 117 "-" "Mozilla/5.0 (compatible; YandexBot/3.0; +http://yandex.com/bots)"
213.180.203.150 - - [03/Jan/2026:13:16:42 +0800] "GET /robots.txt HTTP/1.1" 200 117 "-" "Mozilla/5.0 (compatible; YandexBot/3.0; +http://yandex.com/bots)"
5.255.231.126 - - [03/Jan/2026:13:16:43 +0800] "GET /robots.txt HTTP/1.1" 200 117 "-" "Mozilla/5.0 (compatible; YandexBot/3.0; +http://yandex.com/bots)"
5.255.231.22 - - [03/Jan/2026:13:16:44 +0800] "GET /robots.txt HTTP/1.1" 200 117 "-" "Mozilla/5.0 (compatible; YandexBot/3.0; +http://yandex.com/bots)"
213.180.203.254 - - [03/Jan/2026:13:16:45 +0800] "GET /robots.txt HTTP/1.1" 200 117 "-" "Mozilla/5.0 (compatible; YandexBot/3.0; +http://yandex.com/bots)"
5.255.231.24 - - [03/Jan/2026:13:16:46 +0800] "GET /robots.txt HTTP/1.1" 200 117 "-" "Mozilla/5.0 (compatible; YandexBot/3.0; +http://yandex.com/bots)"
95.108.213.239 - - [03/Jan/2026:13:16:47 +0800] "GET /robots.txt HTTP/1.1" 200 117 "-" "Mozilla/5.0 (compatible; YandexBot/3.0; +http://yandex.com/bots)"
95.108.213.252 - - [03/Jan/2026:13:16:48 +0800] "GET /robots.txt HTTP/1.1" 200 117 "-" "Mozilla/5.0 (compatible; YandexBot/3.0; +http://yandex.com/bots)"
87.250.224.212 - - [03/Jan/2026:13:16:49 +0800] "GET /robots.txt HTTP/1.1" 200 117 "-" "Mozilla/5.0 (compatible; YandexBot/3.0; +http://yandex.com/bots)"
103.4.122.14 - - [03/Jan/2026:13:21:17 +0800] "POST /wp-cron.php?doing_wp_cron=1767417676.8711009025573730468750 HTTP/1.1" 200 - "-" "WordPress/6.9; https://gwfencing.com.au"
51.161.65.165 - - [03/Jan/2026:13:21:15 +0800] "GET /wp-sitemap.xml HTTP/1.1" 404 18918 "-" "Mozilla/5.0 (compatible; AhrefsBot/7.0; +http://ahrefs.com/robot/)"
43.167.175.146 - - [03/Jan/2026:13:42:13 +0800] "GET /wp-json/wp/v2/posts HTTP/1.1" 200 2 "-" "Mozilla/5.0 (Windows NT 10.0; Win64; x64) AppleWebKit/537.36 (KHTML, like Gecko) Chrome/120.0.0.0 Safari/537.36"
103.4.122.14 - - [03/Jan/2026:13:42:14 +0800] "POST /wp-cron.php?doing_wp_cron=1767418934.9257509708404541015625 HTTP/1.1" 200 - "-" "WordPress/6.9; https://gwfencing.com.au"
103.4.122.14 - - [03/Jan/2026:13:55:43 +0800] "POST /wp-cron.php?doing_wp_cron=1767419743.1781001091003417968750 HTTP/1.1" 200 - "-" "WordPress/6.9; https://gwfencing.com.au"
43.167.166.227 - - [03/Jan/2026:13:55:42 +0800] "GET /wp-json/wp/v2/posts HTTP/1.1" 200 2 "-" "Mozilla/5.0 (Windows NT 10.0; Win64; x64) AppleWebKit/537.36 (KHTML, like Gecko) Chrome/120.0.0.0 Safari/537.36"
114.119.146.197 - - [03/Jan/2026:14:04:30 +0800] "GET /wp-content/cache/autoptimize/js/autoptimize_fallback.js HTTP/1.1" 200 481819 "-" "Mozilla/5.0 (Linux; Android 7.0;) AppleWebKit/537.36 (KHTML, like Gecko) Mobile Safari/537.36 (compatible; PetalBot;+https://webmaster.petalsearch.com/site/petalbot)"
103.4.122.14 - - [03/Jan/2026:14:28:55 +0800] "POST /wp-cron.php?doing_wp_cron=1767421735.0492379665374755859375 HTTP/1.1" 200 - "-" "WordPress/6.9; https://gwfencing.com.au"
37.97.206.40 - - [03/Jan/2026:14:28:54 +0800] "POST /xmlrpc.php HTTP/1.1" 405 415 "-" "Mozilla/5.0 (Windows NT 10.0; Win64; x64; rv:51.0) Gecko/20100101 Firefox/51.0"
103.4.122.14 - - [03/Jan/2026:14:43:29 +0800] "POST /wp-cron.php?doing_wp_cron=1767422609.5374689102172851562500 HTTP/1.1" 200 - "-" "WordPress/6.9; https://gwfencing.com.au"
142.44.228.254 - - [03/Jan/2026:14:43:28 +0800] "GET /slot789.aspx HTTP/1.1" 404 20032 "-" "Mozilla/5.0 (compatible; AhrefsBot/7.0; +http://ahrefs.com/robot/)"
103.4.122.14 - - [03/Jan/2026:15:02:53 +0800] "POST /wp-cron.php?doing_wp_cron=1767423773.9140379428863525390625 HTTP/1.1" 200 - "-" "WordPress/6.9; https://gwfencing.com.au"
192.71.142.176 - - [03/Jan/2026:15:02:52 +0800] "GET / HTTP/1.1" 301 - "-" "Mozilla/5.0 (X11; CrOS x86_64 14541.0.0) AppleWebKit/537.36 (KHTML, like Gecko) Chrome/121.0.0.0 Safari/537.3"
192.71.12.181 - - [03/Jan/2026:15:02:55 +0800] "GET / HTTP/1.1" 200 8308 "http://gwfencing.com.au/" "Mozilla/5.0 (X11; CrOS x86_64 14541.0.0) AppleWebKit/537.36 (KHTML, like Gecko) Chrome/121.0.0.0 Safari/537.3"
192.71.2.99 - - [03/Jan/2026:15:02:57 +0800] "GET /security-fencing/ HTTP/1.1" 200 6120 "-" "Mozilla/5.0 (X11; CrOS x86_64 14541.0.0) AppleWebKit/537.36 (KHTML, like Gecko) Chrome/121.0.0.0 Safari/537.3"
192.71.2.119 - - [03/Jan/2026:15:02:59 +0800] "GET /sporting-fencing/ HTTP/1.1" 200 6363 "-" "Mozilla/5.0 (X11; CrOS x86_64 14541.0.0) AppleWebKit/537.36 (KHTML, like Gecko) Chrome/121.0.0.0 Safari/537.3"
194.103.212.184 - - [03/Jan/2026:15:03:00 +0800] "GET /testimonials/ HTTP/1.1" 200 6623 "-" "Mozilla/5.0 (X11; CrOS x86_64 14541.0.0) AppleWebKit/537.36 (KHTML, like Gecko) Chrome/121.0.0.0 Safari/537.3"
103.4.122.14 - - [03/Jan/2026:15:21:25 +0800] "POST /wp-cron.php?doing_wp_cron=1767424885.0273389816284179687500 HTTP/1.1" 200 - "-" "WordPress/6.9; https://gwfencing.com.au"
194.79.221.209 - - [03/Jan/2026:15:21:24 +0800] "POST /xmlrpc.php HTTP/1.1" 405 415 "-" "Mozilla/5.0 (Windows NT 10.0; Win64; x64; rv:86.0) Gecko/20100101 Firefox/86.0"
85.208.96.199 - - [03/Jan/2026:15:25:50 +0800] "GET /robots.txt HTTP/1.1" 200 112 "-" "Mozilla/5.0 (compatible; SemrushBot/7~bl; +http://www.semrush.com/bot.html)"
185.191.171.17 - - [03/Jan/2026:15:25:52 +0800] "GET /testimonials/ HTTP/1.1" 200 6623 "-" "Mozilla/5.0 (compatible; SemrushBot/7~bl; +http://www.semrush.com/bot.html)"
125.75.66.97 - - [03/Jan/2026:15:31:27 +0800] "GET / HTTP/1.1" 403 199 "-" "Mozilla/5.0 (iPhone; CPU iPhone OS 13_2_3 like Mac OS X) AppleWebKit/605.1.15 (KHTML, like Gecko) Version/13.0.3 Mobile/15E148 Safari/604.1"
103.4.122.14 - - [03/Jan/2026:15:33:24 +0800] "POST /wp-cron.php?doing_wp_cron=1767425604.4587259292602539062500 HTTP/1.1" 200 - "-" "WordPress/6.9; https://gwfencing.com.au"
20.194.1.14 - - [03/Jan/2026:15:33:23 +0800] "GET / HTTP/1.1" 200 8308 "-" "Mozilla/5.0 AppleWebKit/537.36 (KHTML, like Gecko); compatible; ChatGPT-User/1.0; +https://openai.com/bot"
103.4.122.14 - - [03/Jan/2026:15:37:07 +0800] "POST /wp-cron.php?doing_wp_cron=1767425826.8284289836883544921875 HTTP/1.1" 200 - "-" "WordPress/6.9; https://gwfencing.com.au"
66.249.70.194 - - [03/Jan/2026:15:37:05 +0800] "GET /embed/ HTTP/1.1" 301 - "-" "Mozilla/5.0 (Linux; Android 6.0.1; Nexus 5X Build/MMB29P) AppleWebKit/537.36 (KHTML, like Gecko) Chrome/141.0.7390.122 Mobile Safari/537.36 (compatible; Googlebot/2.1; +http://www.google.com/bot.html)"
66.249.70.194 - - [03/Jan/2026:15:37:07 +0800] "GET / HTTP/1.1" 200 8308 "-" "Mozilla/5.0 (Linux; Android 6.0.1; Nexus 5X Build/MMB29P) AppleWebKit/537.36 (KHTML, like Gecko) Chrome/141.0.7390.122 Mobile Safari/537.36 (compatible; Googlebot/2.1; +http://www.google.com/bot.html)"
66.249.70.194 - - [03/Jan/2026:15:37:11 +0800] "GET /wp-content/cache/autoptimize/js/autoptimize_2753fa3c998958f85539910b5ab38b6b.js HTTP/1.1" 200 481819 "https://gwfencing.com.au/" "Mozilla/5.0 (Linux; Android 6.0.1; Nexus 5X Build/MMB29P) AppleWebKit/537.36 (KHTML, like Gecko) Chrome/141.0.7390.122 Mobile Safari/537.36 (compatible; Googlebot/2.1; +http://www.google.com/bot.html)"
103.4.122.14 - - [03/Jan/2026:16:25:02 +0800] "POST /wp-cron.php?doing_wp_cron=1767428702.6947469711303710937500 HTTP/1.1" 200 - "-" "WordPress/6.9; https://gwfencing.com.au"
209.142.64.137 - - [03/Jan/2026:16:25:01 +0800] "POST /xmlrpc.php HTTP/1.1" 200 237 "-" "Mozilla/5.0 (Windows NT 10.0; Win64; x64) AppleWebKit/537.36 (KHTML, like Gecko) Chrome/65.0.3325.181 Safari/537.36 OPR/52.0.2871.40"
216.244.66.248 - - [03/Jan/2026:16:25:11 +0800] "GET /robots.txt HTTP/1.1" 200 117 "-" "Mozilla/5.0 (compatible; DotBot/1.2; +https://opensiteexplorer.org/dotbot; help@moz.com)"
103.4.122.14 - - [03/Jan/2026:16:28:01 +0800] "POST /wp-cron.php?doing_wp_cron=1767428881.6189849376678466796875 HTTP/1.1" 200 - "-" "WordPress/6.9; https://gwfencing.com.au"
5.255.231.66 - - [03/Jan/2026:16:28:00 +0800] "GET /robots.txt HTTP/1.1" 200 117 "-" "Mozilla/5.0 (compatible; YandexBot/3.0; +http://yandex.com/bots)"
87.250.224.215 - - [03/Jan/2026:16:28:03 +0800] "GET /wp-content/uploads/2019/09/cropped-favicon-192x192.png HTTP/1.1" 200 7591 "-" "Mozilla/5.0 (compatible; YandexFavicons/1.0; +http://yandex.com/bots)"
103.4.122.14 - - [03/Jan/2026:16:38:25 +0800] "POST /wp-cron.php?doing_wp_cron=1767429505.8369159698486328125000 HTTP/1.1" 200 - "-" "WordPress/6.9; https://gwfencing.com.au"
216.244.66.248 - - [03/Jan/2026:16:38:24 +0800] "GET /commercial/ HTTP/1.1" 200 21536 "-" "Mozilla/5.0 (compatible; DotBot/1.2; +https://opensiteexplorer.org/dotbot; help@moz.com)"
103.4.122.14 - - [03/Jan/2026:16:43:16 +0800] "POST /wp-cron.php?doing_wp_cron=1767429796.6725258827209472656250 HTTP/1.1" 200 - "-" "WordPress/6.9; https://gwfencing.com.au"
104.210.140.139 - - [03/Jan/2026:16:43:15 +0800] "GET /robots.txt HTTP/1.1" 200 112 "-" "Mozilla/5.0 (Macintosh; Intel Mac OS X 10_15_7) AppleWebKit/537.36 (KHTML, like Gecko) Chrome/131.0.0.0 Safari/537.36; compatible; OAI-SearchBot/1.0; +https://openai.com/searchbot"
103.4.122.14 - - [03/Jan/2026:16:55:50 +0800] "POST /wp-cron.php?doing_wp_cron=1767430550.1369268894195556640625 HTTP/1.1" 200 - "-" "WordPress/6.9; https://gwfencing.com.au"
15.235.96.188 - - [03/Jan/2026:16:55:49 +0800] "GET /wp-sitemap.xml HTTP/1.1" 404 18918 "-" "Mozilla/5.0 (compatible; AhrefsBot/7.0; +http://ahrefs.com/robot/)"
103.4.122.14 - - [03/Jan/2026:16:59:30 +0800] "POST /wp-cron.php?doing_wp_cron=1767430770.4543910026550292968750 HTTP/1.1" 200 - "-" "WordPress/6.9; https://gwfencing.com.au"
74.7.244.26 - - [03/Jan/2026:16:59:29 +0800] "GET /robots.txt HTTP/1.1" 301 - "-" "Mozilla/5.0 (Macintosh; Intel Mac OS X 10_15_7) AppleWebKit/537.36 (KHTML, like Gecko) Chrome/131.0.0.0 Safari/537.36; compatible; OAI-SearchBot/1.3; robots.txt; +https://openai.com/searchbot"
74.7.244.26 - - [03/Jan/2026:16:59:30 +0800] "GET /robots.txt HTTP/1.1" 200 112 "http://www.gwfencing.com.au/robots.txt" "Mozilla/5.0 (Macintosh; Intel Mac OS X 10_15_7) AppleWebKit/537.36 (KHTML, like Gecko) Chrome/131.0.0.0 Safari/537.36; compatible; OAI-SearchBot/1.3; robots.txt; +https://openai.com/searchbot"
103.4.122.14 - - [03/Jan/2026:17:22:56 +0800] "POST /wp-cron.php?doing_wp_cron=1767432176.3986780643463134765625 HTTP/1.1" 200 - "-" "WordPress/6.9; https://gwfencing.com.au"
185.80.130.127 - - [03/Jan/2026:17:22:55 +0800] "POST /xmlrpc.php HTTP/1.1" 200 237 "-" "Mozilla/5.0 (Windows NT 10.0; WOW64; rv:60.0) Gecko/20100101 Firefox/60.0"
103.4.122.14 - - [03/Jan/2026:17:30:45 +0800] "POST /wp-cron.php?doing_wp_cron=1767432645.1266109943389892578125 HTTP/1.1" 200 - "-" "WordPress/6.9; https://gwfencing.com.au"
54.39.136.128 - - [03/Jan/2026:17:30:44 +0800] "GET / HTTP/1.1" 200 8308 "-" "Mozilla/5.0 (compatible; AhrefsBot/7.0; +http://ahrefs.com/robot/)"
54.39.6.96 - - [03/Jan/2026:17:31:51 +0800] "GET /wp-includes/js/dist/hooks.min.js HTTP/1.1" 200 1941 "-" "Mozilla/5.0 (compatible; AhrefsBot/7.0; +http://ahrefs.com/robot/)"
148.113.128.136 - - [03/Jan/2026:17:31:52 +0800] "GET /wp-includes/js/dist/i18n.min.js HTTP/1.1" 200 2229 "-" "Mozilla/5.0 (compatible; AhrefsBot/7.0; +http://ahrefs.com/robot/)"
142.44.228.242 - - [03/Jan/2026:17:31:54 +0800] "GET /wp-includes/js/dist/vendor/wp-polyfill.min.js HTTP/1.1" 200 11852 "-" "Mozilla/5.0 (compatible; AhrefsBot/7.0; +http://ahrefs.com/robot/)"
51.161.65.182 - - [03/Jan/2026:17:31:56 +0800] "GET /wp-content/cache/autoptimize/js/autoptimize_2753fa3c998958f85539910b5ab38b6b.js HTTP/1.1" 200 481819 "-" "Mozilla/5.0 (compatible; AhrefsBot/7.0; +http://ahrefs.com/robot/)"
103.4.122.14 - - [03/Jan/2026:17:41:40 +0800] "POST /wp-cron.php?doing_wp_cron=1767433300.6509649753570556640625 HTTP/1.1" 200 - "-" "WordPress/6.9; https://gwfencing.com.au"
57.141.14.31 - - [03/Jan/2026:17:41:39 +0800] "GET /news-sitemap.xml HTTP/1.1" 404 18918 "-" "meta-externalagent/1.1 (+https://developers.facebook.com/docs/sharing/webmasters/crawler)"
57.141.14.99 - - [03/Jan/2026:17:43:37 +0800] "GET /sitemap.txt HTTP/1.1" 404 20032 "-" "meta-externalagent/1.1 (+https://developers.facebook.com/docs/sharing/webmasters/crawler)"
57.141.14.49 - - [03/Jan/2026:17:43:53 +0800] "GET /wp-sitemap.xml HTTP/1.1" 404 18918 "-" "meta-externalagent/1.1 (+https://developers.facebook.com/docs/sharing/webmasters/crawler)"
57.141.14.29 - - [03/Jan/2026:17:45:02 +0800] "GET /sitemap.xml HTTP/1.1" 301 - "-" "meta-externalagent/1.1 (+https://developers.facebook.com/docs/sharing/webmasters/crawler)"
103.4.122.14 - - [03/Jan/2026:17:46:54 +0800] "POST /wp-cron.php?doing_wp_cron=1767433614.0445010662078857421875 HTTP/1.1" 200 - "-" "WordPress/6.9; https://gwfencing.com.au"
57.141.14.23 - - [03/Jan/2026:17:46:53 +0800] "GET /page-sitemap.xml HTTP/1.1" 200 5170 "-" "meta-externalagent/1.1 (+https://developers.facebook.com/docs/sharing/webmasters/crawler)"
57.141.14.94 - - [03/Jan/2026:17:46:57 +0800] "GET /sitemap_index.xml HTTP/1.1" 200 490 "-" "meta-externalagent/1.1 (+https://developers.facebook.com/docs/sharing/webmasters/crawler)"
57.141.14.52 - - [03/Jan/2026:17:50:07 +0800] "GET /sitemap-index.xml HTTP/1.1" 404 18918 "-" "meta-externalagent/1.1 (+https://developers.facebook.com/docs/sharing/webmasters/crawler)"
103.4.122.14 - - [03/Jan/2026:17:52:07 +0800] "POST /wp-cron.php?doing_wp_cron=1767433927.2265191078186035156250 HTTP/1.1" 200 - "-" "WordPress/6.9; https://gwfencing.com.au"
57.141.14.33 - - [03/Jan/2026:17:52:06 +0800] "GET /SiteMap.aspx HTTP/1.1" 404 20032 "-" "meta-externalagent/1.1 (+https://developers.facebook.com/docs/sharing/webmasters/crawler)"
103.4.122.14 - - [03/Jan/2026:17:59:26 +0800] "POST /wp-cron.php?doing_wp_cron=1767434366.2324750423431396484375 HTTP/1.1" 200 - "-" "WordPress/6.9; https://gwfencing.com.au"
57.141.14.92 - - [03/Jan/2026:17:59:24 +0800] "GET /sitemap.html HTTP/1.1" 404 20032 "-" "meta-externalagent/1.1 (+https://developers.facebook.com/docs/sharing/webmasters/crawler)"
103.4.122.14 - - [03/Jan/2026:18:03:51 +0800] "POST /wp-cron.php?doing_wp_cron=1767434631.2234449386596679687500 HTTP/1.1" 200 - "-" "WordPress/6.9; https://gwfencing.com.au"
87.233.231.180 - - [03/Jan/2026:18:03:50 +0800] "POST /xmlrpc.php HTTP/1.1" 405 415 "-" "Mozilla/5.0 (Windows NT 10.0; Win64; x64; rv:51.0) Gecko/20100101 Firefox/51.0"
103.4.122.14 - - [03/Jan/2026:18:08:00 +0800] "POST /wp-cron.php?doing_wp_cron=1767434880.1052470207214355468750 HTTP/1.1" 200 - "-" "WordPress/6.9; https://gwfencing.com.au"
51.68.111.215 - - [03/Jan/2026:18:07:59 +0800] "GET /robots.txt HTTP/1.1" 200 112 "-" "Mozilla/5.0 (compatible; MJ12bot/v2.0.4; http://mj12bot.com/)"
51.68.111.215 - - [03/Jan/2026:18:08:00 +0800] "GET / HTTP/1.1" 200 8308 "-" "Mozilla/5.0 (compatible; MJ12bot/v2.0.4; http://mj12bot.com/)"
5.39.109.188 - - [03/Jan/2026:18:47:15 +0800] "GET /robots.txt HTTP/1.1" 200 112 "-" "Mozilla/5.0 (compatible; AhrefsBot/7.0; +http://ahrefs.com/robot/)"
15.235.27.175 - - [03/Jan/2026:18:47:22 +0800] "GET /%E0%B9%80%E0%B8%A7%E0%B9%87%E0%B8%9A%E0%B8%AA%E0%B8%A5%E0%B9%87%E0%B8%AD%E0%B8%95%E0%B9%83%E0%B8%AB%E0%B8%A1%E0%B9%88%E0%B8%A5%E0%B9%88%E0%B8%B2%E0%B8%AA%E0%B8%B8%E0%B8%94%E0%B9%80%E0%B8%A7%E0%B9%87%E0%B8%9A%E0%B8%95%E0%B8%A3%E0%B8%87.aspx HTTP/1.1" 404 20032 "-" "Mozilla/5.0 (compatible; AhrefsBot/7.0; +http://ahrefs.com/robot/)"
103.4.122.14 - - [03/Jan/2026:18:53:17 +0800] "POST /wp-cron.php?doing_wp_cron=1767437596.9650459289550781250000 HTTP/1.1" 200 - "-" "WordPress/6.9; https://gwfencing.com.au"
155.138.148.45 - - [03/Jan/2026:18:53:15 +0800] "POST /xmlrpc.php HTTP/1.1" 405 415 "-" "Mozilla/5.0 (Windows NT 10.0; Win64; x64; rv:61.0) Gecko/20100101 Firefox/61.0"
103.4.122.14 - - [03/Jan/2026:18:53:17 +0800] "POST /wp-cron.php?doing_wp_cron=1767437597.0279510021209716796875 HTTP/1.1" 200 - "-" "WordPress/6.9; https://gwfencing.com.au"
40.77.167.38 - - [03/Jan/2026:18:53:16 +0800] "GET / HTTP/1.1" 200 8308 "-" "Mozilla/5.0 AppleWebKit/537.36 (KHTML, like Gecko; compatible; bingbot/2.0; +http://www.bing.com/bingbot.htm) Chrome/116.0.1938.76 Safari/537.36"
103.4.122.14 - - [03/Jan/2026:19:06:57 +0800] "POST /wp-cron.php?doing_wp_cron=1767438416.9670569896697998046875 HTTP/1.1" 200 - "-" "WordPress/6.9; https://gwfencing.com.au"
16.176.216.175 - - [03/Jan/2026:19:06:55 +0800] "GET / HTTP/1.1" 200 8308 "-" "Mozilla/5.0 (Windows NT 10.0; Win64; x64) AppleWebKit/537.36 (KHTML, like Gecko) Chrome/60.0.3112.113 Safari/537.36 Assetnote/1.0.0"
16.176.216.175 - - [03/Jan/2026:19:06:57 +0800] "HEAD /apps HTTP/1.1" 404 - "-" "Mozilla/5.0 (Windows NT 10.0; Win64; x64) AppleWebKit/537.36 (KHTML, like Gecko) Chrome/60.0.3112.113 Safari/537.36 Assetnote/1.0.0"
16.176.216.175 - - [03/Jan/2026:19:06:57 +0800] "HEAD /api/action HTTP/1.1" 404 - "-" "Mozilla/5.0 (Windows NT 10.0; Win64; x64) AppleWebKit/537.36 (KHTML, like Gecko) Chrome/60.0.3112.113 Safari/537.36 Assetnote/1.0.0"
16.176.216.175 - - [03/Jan/2026:19:06:58 +0800] "HEAD /api/actions HTTP/1.1" 404 - "-" "Mozilla/5.0 (Windows NT 10.0; Win64; x64) AppleWebKit/537.36 (KHTML, like Gecko) Chrome/60.0.3112.113 Safari/537.36 Assetnote/1.0.0"
16.176.216.175 - - [03/Jan/2026:19:06:59 +0800] "HEAD /_next/data HTTP/1.1" 404 - "-" "Mozilla/5.0 (Windows NT 10.0; Win64; x64) AppleWebKit/537.36 (KHTML, like Gecko) Chrome/60.0.3112.113 Safari/537.36 Assetnote/1.0.0"
16.176.216.175 - - [03/Jan/2026:19:06:59 +0800] "POST / HTTP/1.1" 200 8308 "-" "Mozilla/5.0 (Windows NT 10.0; Win64; x64) AppleWebKit/537.36 (KHTML, like Gecko) Chrome/60.0.3112.113 Safari/537.36 Assetnote/1.0.0"
43.130.105.21 - - [03/Jan/2026:19:18:59 +0800] "GET / HTTP/1.1" 403 199 "-" "Mozilla/5.0 (iPhone; CPU iPhone OS 13_2_3 like Mac OS X) AppleWebKit/605.1.15 (KHTML, like Gecko) Version/13.0.3 Mobile/15E148 Safari/604.1"
103.4.122.14 - - [03/Jan/2026:19:48:05 +0800] "POST /wp-cron.php?doing_wp_cron=1767440884.9881360530853271484375 HTTP/1.1" 200 - "-" "WordPress/6.9; https://gwfencing.com.au"
122.161.75.115 - - [03/Jan/2026:19:48:03 +0800] "GET /commercial/ HTTP/1.1" 200 6424 "-" "Mozilla/5.0 (Windows; U; Windows NT 6.1; ru-RU) AppleWebKit/534.16 (KHTML, like Gecko) Chrome/10.0.648.11 Safari/534.16"
43.158.91.71 - - [03/Jan/2026:19:54:29 +0800] "GET / HTTP/1.1" 403 199 "-" "Mozilla/5.0 (iPhone; CPU iPhone OS 13_2_3 like Mac OS X) AppleWebKit/605.1.15 (KHTML, like Gecko) Version/13.0.3 Mobile/15E148 Safari/604.1"
103.4.122.14 - - [03/Jan/2026:20:04:45 +0800] "POST /wp-cron.php?doing_wp_cron=1767441885.4653849601745605468750 HTTP/1.1" 200 - "-" "WordPress/6.9; https://gwfencing.com.au"
185.50.25.38 - - [03/Jan/2026:20:04:44 +0800] "POST /xmlrpc.php HTTP/1.1" 200 237 "-" "Mozilla/5.0 (Windows NT 6.3; Win64; x64; Trident/7.0; Touch; TNJB; rv:11.0) like Gecko"
103.4.122.14 - - [03/Jan/2026:20:10:51 +0800] "POST /wp-cron.php?doing_wp_cron=1767442251.2529458999633789062500 HTTP/1.1" 200 - "-" "WordPress/6.9; https://gwfencing.com.au"
51.161.37.160 - - [03/Jan/2026:20:10:50 +0800] "GET /wp-sitemap.xml HTTP/1.1" 404 18918 "-" "Mozilla/5.0 (compatible; AhrefsBot/7.0; +http://ahrefs.com/robot/)"
103.4.122.14 - - [03/Jan/2026:20:11:30 +0800] "POST /wp-cron.php?doing_wp_cron=1767442290.6824450492858886718750 HTTP/1.1" 200 - "-" "WordPress/6.9; https://gwfencing.com.au"
146.174.178.227 - - [03/Jan/2026:20:11:29 +0800] "GET / HTTP/1.1" 301 - "-" "Mozilla/5.0 (Macintosh; Intel Mac OS X 10_6_7) AppleWebKit/535.1 (KHTML, like Gecko) Chrome/13.0.782.41 Safari/535.1"
146.174.164.24 - - [03/Jan/2026:20:11:47 +0800] "GET / HTTP/1.1" 200 8308 "-" "Mozilla/5.0 (Macintosh; Intel Mac OS X 10_6_7) AppleWebKit/535.1 (KHTML, like Gecko) Chrome/13.0.782.41 Safari/535.1"
103.4.122.14 - - [03/Jan/2026:20:33:10 +0800] "POST /wp-cron.php?doing_wp_cron=1767443590.4313559532165527343750 HTTP/1.1" 200 - "-" "WordPress/6.9; https://gwfencing.com.au"
31.13.127.46 - - [03/Jan/2026:20:33:09 +0800] "GET / HTTP/1.1" 200 35548 "-" "facebookexternalhit/1.1 (+http://www.facebook.com/externalhit_uatext.php)"
103.4.122.14 - - [03/Jan/2026:20:37:58 +0800] "POST /wp-cron.php?doing_wp_cron=1767443877.9012310504913330078125 HTTP/1.1" 200 - "-" "WordPress/6.9; https://gwfencing.com.au"
173.252.70.4 - - [03/Jan/2026:20:37:56 +0800] "GET /robots.txt HTTP/1.1" 200 117 "-" "facebookexternalhit/1.1 (+http://www.facebook.com/externalhit_uatext.php)"
51.161.193.77 - - [03/Jan/2026:20:39:42 +0800] "POST /xmlrpc.php HTTP/1.1" 405 415 "-" "Mozilla/5.0 (Windows NT 10.0; Win64; x64; rv:73.0) Gecko/20100101 Firefox/73.0"
103.4.122.14 - - [03/Jan/2026:20:53:57 +0800] "POST /wp-cron.php?doing_wp_cron=1767444837.0326499938964843750000 HTTP/1.1" 200 - "-" "WordPress/6.9; https://gwfencing.com.au"
114.119.146.197 - - [03/Jan/2026:20:53:55 +0800] "GET / HTTP/1.1" 200 8308 "-" "Mozilla/5.0 (Linux; Android 7.0;) AppleWebKit/537.36 (KHTML, like Gecko) Mobile Safari/537.36 (compatible; PetalBot;+https://webmaster.petalsearch.com/site/petalbot)"
103.4.122.14 - - [03/Jan/2026:21:24:47 +0800] "POST /wp-cron.php?doing_wp_cron=1767446687.4994180202484130859375 HTTP/1.1" 200 - "-" "WordPress/6.9; https://gwfencing.com.au"
114.119.148.187 - - [03/Jan/2026:21:24:46 +0800] "GET /commercial/ HTTP/1.1" 200 6424 "-" "Mozilla/5.0 (Linux; Android 7.0;) AppleWebKit/537.36 (KHTML, like Gecko) Mobile Safari/537.36 (compatible; PetalBot;+https://webmaster.petalsearch.com/site/petalbot)"
114.119.141.127 - - [03/Jan/2026:21:26:09 +0800] "GET /commercial HTTP/1.1" 301 - "-" "Mozilla/5.0 (Linux; Android 7.0;) AppleWebKit/537.36 (KHTML, like Gecko) Mobile Safari/537.36 (compatible; PetalBot;+https://webmaster.petalsearch.com/site/petalbot)"
114.119.141.127 - - [03/Jan/2026:21:26:11 +0800] "GET /commercial/ HTTP/1.1" 200 6424 "-" "Mozilla/5.0 (Linux; Android 7.0;) AppleWebKit/537.36 (KHTML, like Gecko) Mobile Safari/537.36 (compatible; PetalBot;+https://webmaster.petalsearch.com/site/petalbot)"
103.4.122.14 - - [03/Jan/2026:21:31:24 +0800] "POST /wp-cron.php?doing_wp_cron=1767447083.9064478874206542968750 HTTP/1.1" 200 - "-" "WordPress/6.9; https://gwfencing.com.au"
54.39.203.118 - - [03/Jan/2026:21:31:22 +0800] "GET /miami%20club%20%E0%B8%AA%E0%B8%A5%E0%B9%87%E0%B8%AD%E0%B8%95.aspx HTTP/1.1" 404 20032 "-" "Mozilla/5.0 (compatible; AhrefsBot/7.0; +http://ahrefs.com/robot/)"
103.4.122.14 - - [03/Jan/2026:21:58:37 +0800] "POST /wp-cron.php?doing_wp_cron=1767448717.0598518848419189453125 HTTP/1.1" 200 - "-" "WordPress/6.9; https://gwfencing.com.au"
114.119.137.68 - - [03/Jan/2026:21:58:36 +0800] "GET /wp-content/cache/autoptimize/css/autoptimize_b84739f7a59756b462a359ab7d22a42b.css HTTP/1.1" 302 19015 "-" "Mozilla/5.0 (Linux; Android 7.0;) AppleWebKit/537.36 (KHTML, like Gecko) Mobile Safari/537.36 (compatible; PetalBot;+https://webmaster.petalsearch.com/site/petalbot)"
114.119.137.68 - - [03/Jan/2026:21:58:37 +0800] "GET /wp-content/cache/autoptimize/css/autoptimize_fallback.css HTTP/1.1" 200 52660 "-" "Mozilla/5.0 (Linux; Android 7.0;) AppleWebKit/537.36 (KHTML, like Gecko) Mobile Safari/537.36 (compatible; PetalBot;+https://webmaster.petalsearch.com/site/petalbot)"
103.4.122.14 - - [03/Jan/2026:22:37:19 +0800] "POST /wp-cron.php?doing_wp_cron=1767451039.5394840240478515625000 HTTP/1.1" 200 - "-" "WordPress/6.9; https://gwfencing.com.au"
106.8.139.79 - - [03/Jan/2026:22:37:18 +0800] "GET /robots.txt HTTP/1.1" 200 112 "-" "YisouSpider"
106.8.139.170 - - [03/Jan/2026:22:37:21 +0800] "GET / HTTP/1.1" 200 8308 "-" "YisouSpider"
116.132.254.139 - - [03/Jan/2026:22:37:25 +0800] "GET /wp-content/cache/autoptimize/css/autoptimize_4d7011b311f9e8262052429b5603fad4.css HTTP/1.1" 200 43205 "https://gwfencing.com.au/" "YisouSpider"
106.8.136.124 - - [03/Jan/2026:22:37:25 +0800] "GET /wp-includes/js/dist/hooks.min.js HTTP/1.1" 200 1941 "https://gwfencing.com.au/" "YisouSpider"
106.8.136.34 - - [03/Jan/2026:22:37:26 +0800] "GET /wp-content/themes/blazeWP/css/content.css?ver=20180514 HTTP/1.1" 200 2291 "https://gwfencing.com.au/" "YisouSpider"
116.132.255.183 - - [03/Jan/2026:22:37:28 +0800] "GET /wp-content/themes/blazeWP/css/front-page.css?ver=20180514 HTTP/1.1" 200 548 "https://gwfencing.com.au/" "YisouSpider"
106.8.139.136 - - [03/Jan/2026:22:37:39 +0800] "GET /wp-includes/js/dist/i18n.min.js HTTP/1.1" 200 2229 "https://gwfencing.com.au/" "YisouSpider"
124.239.12.60 - - [03/Jan/2026:22:37:40 +0800] "GET /wp-includes/js/dist/vendor/wp-polyfill.min.js HTTP/1.1" 200 11852 "https://gwfencing.com.au/" "YisouSpider"
106.8.136.179 - - [03/Jan/2026:22:37:43 +0800] "GET /wp-content/cache/autoptimize/js/autoptimize_2753fa3c998958f85539910b5ab38b6b.js HTTP/1.1" 200 186218 "https://gwfencing.com.au/" "YisouSpider"
216.73.216.180 - - [03/Jan/2026:22:39:42 +0800] "GET /robots.txt HTTP/1.1" 200 112 "-" "Mozilla/5.0 AppleWebKit/537.36 (KHTML, like Gecko; compatible; ClaudeBot/1.0; +claudebot@anthropic.com)"
216.73.216.180 - - [03/Jan/2026:22:39:43 +0800] "GET /wp-sitemap.xml HTTP/1.1" 404 18918 "-" "Mozilla/5.0 AppleWebKit/537.36 (KHTML, like Gecko; compatible; ClaudeBot/1.0; +claudebot@anthropic.com)"
103.4.122.14 - - [03/Jan/2026:23:04:03 +0800] "POST /wp-cron.php?doing_wp_cron=1767452643.0792419910430908203125 HTTP/1.1" 200 - "-" "WordPress/6.9; https://gwfencing.com.au"
114.119.137.68 - - [03/Jan/2026:23:04:02 +0800] "GET /gallery HTTP/1.1" 301 - "https://gwfencing.com.au/sporting-fencing" "Mozilla/5.0 (Linux; Android 7.0;) AppleWebKit/537.36 (KHTML, like Gecko) Mobile Safari/537.36 (compatible; PetalBot;+https://webmaster.petalsearch.com/site/petalbot)"
114.119.137.68 - - [03/Jan/2026:23:04:05 +0800] "GET /gallery/ HTTP/1.1" 200 7082 "https://gwfencing.com.au/sporting-fencing" "Mozilla/5.0 (Linux; Android 7.0;) AppleWebKit/537.36 (KHTML, like Gecko) Mobile Safari/537.36 (compatible; PetalBot;+https://webmaster.petalsearch.com/site/petalbot)"
170.106.180.246 - - [03/Jan/2026:23:05:22 +0800] "GET / HTTP/1.1" 403 199 "-" "Mozilla/5.0 (iPhone; CPU iPhone OS 13_2_3 like Mac OS X) AppleWebKit/605.1.15 (KHTML, like Gecko) Version/13.0.3 Mobile/15E148 Safari/604.1"
103.4.122.14 - - [03/Jan/2026:23:12:36 +0800] "POST /wp-cron.php?doing_wp_cron=1767453156.4288940429687500000000 HTTP/1.1" 200 - "-" "WordPress/6.9; https://gwfencing.com.au"
34.252.216.45 - - [03/Jan/2026:23:12:35 +0800] "POST /xmlrpc.php HTTP/1.1" 405 415 "-" "Mozilla/5.0 (Windows NT 10.0; Win64; x64; rv:83.0) Gecko/20100101 Firefox/83.0"
103.4.122.14 - - [04/Jan/2026:00:02:32 +0800] "POST /wp-cron.php?doing_wp_cron=1767456152.7414948940277099609375 HTTP/1.1" 200 - "-" "WordPress/6.9; https://gwfencing.com.au"
4.190.208.230 - - [04/Jan/2026:00:02:31 +0800] "GET /wp-content/plugins/hellopress/wp_filemanager.php HTTP/1.1" 404 20023 "-" "-"
4.190.208.230 - - [04/Jan/2026:00:02:33 +0800] "GET /smklh.php HTTP/1.1" 404 20023 "-" "-"
4.190.208.230 - - [04/Jan/2026:00:02:34 +0800] "GET /sagym.php HTTP/1.1" 404 20023 "-" "-"
4.190.208.230 - - [04/Jan/2026:00:02:35 +0800] "GET /qvaaq.php HTTP/1.1" 404 20023 "-" "-"
4.190.208.230 - - [04/Jan/2026:00:02:36 +0800] "GET /content.php HTTP/1.1" 404 20023 "-" "-"
4.190.208.230 - - [04/Jan/2026:00:02:36 +0800] "GET /gi.php HTTP/1.1" 404 20023 "-" "-"
4.190.208.230 - - [04/Jan/2026:00:02:37 +0800] "GET /ccou.php HTTP/1.1" 404 20023 "-" "-"
4.190.208.230 - - [04/Jan/2026:00:02:38 +0800] "GET /wp-freya.php HTTP/1.1" 404 20023 "-" "-"
4.190.208.230 - - [04/Jan/2026:00:02:39 +0800] "GET /frg.php HTTP/1.1" 404 20023 "-" "-"
4.190.208.230 - - [04/Jan/2026:00:02:40 +0800] "GET /wp-admin/js/index.php HTTP/1.1" 301 - "-" "-"
4.190.208.230 - - [04/Jan/2026:00:02:41 +0800] "GET /wp-admin/js/ HTTP/1.1" 403 199 "-" "-"
4.190.208.230 - - [04/Jan/2026:00:02:41 +0800] "GET /hly.php HTTP/1.1" 404 20023 "-" "-"
4.190.208.230 - - [04/Jan/2026:00:02:42 +0800] "GET /to.php HTTP/1.1" 404 20023 "-" "-"
4.190.208.230 - - [04/Jan/2026:00:02:43 +0800] "GET /v2.php HTTP/1.1" 403 199 "-" "-"
4.190.208.230 - - [04/Jan/2026:00:02:43 +0800] "GET /v2.php HTTP/1.1" 403 199 "-" "-"
4.190.208.230 - - [04/Jan/2026:00:02:45 +0800] "GET /v2.php HTTP/1.1" 403 199 "-" "-"
4.190.208.230 - - [04/Jan/2026:00:02:46 +0800] "GET /v2.php HTTP/1.1" 403 199 "-" "-"
4.190.208.230 - - [04/Jan/2026:00:02:47 +0800] "GET /class-.php HTTP/1.1" 403 199 "-" "-"
4.190.208.230 - - [04/Jan/2026:00:02:48 +0800] "GET /class-.php HTTP/1.1" 403 199 "-" "-"
4.190.208.230 - - [04/Jan/2026:00:02:49 +0800] "GET /class-.php HTTP/1.1" 403 199 "-" "-"
4.190.208.230 - - [04/Jan/2026:00:02:49 +0800] "GET /class-.php HTTP/1.1" 403 199 "-" "-"
4.190.208.230 - - [04/Jan/2026:00:02:50 +0800] "GET /fso.php HTTP/1.1" 403 199 "-" "-"
4.190.208.230 - - [04/Jan/2026:00:02:51 +0800] "GET /fso.php HTTP/1.1" 403 199 "-" "-"
4.190.208.230 - - [04/Jan/2026:00:02:52 +0800] "GET /fso.php HTTP/1.1" 403 199 "-" "-"
4.190.208.230 - - [04/Jan/2026:00:02:53 +0800] "GET /fso.php HTTP/1.1" 403 199 "-" "-"
4.190.208.230 - - [04/Jan/2026:00:02:53 +0800] "GET /nox.php HTTP/1.1" 403 199 "-" "-"
4.190.208.230 - - [04/Jan/2026:00:02:54 +0800] "GET /nox.php HTTP/1.1" 403 199 "-" "-"
4.190.208.230 - - [04/Jan/2026:00:02:55 +0800] "GET /nox.php HTTP/1.1" 403 199 "-" "-"
4.190.208.230 - - [04/Jan/2026:00:02:56 +0800] "GET /nox.php HTTP/1.1" 403 199 "-" "-"
4.190.208.230 - - [04/Jan/2026:00:02:57 +0800] "GET /fdd2.php HTTP/1.1" 403 199 "-" "-"
4.190.208.230 - - [04/Jan/2026:00:02:58 +0800] "GET /fdd2.php HTTP/1.1" 403 199 "-" "-"
4.190.208.230 - - [04/Jan/2026:00:02:59 +0800] "GET /fdd2.php HTTP/1.1" 403 199 "-" "-"
4.190.208.230 - - [04/Jan/2026:00:02:59 +0800] "GET /fdd2.php HTTP/1.1" 403 199 "-" "-"
4.190.208.230 - - [04/Jan/2026:00:03:00 +0800] "GET /aQw.php HTTP/1.1" 403 199 "-" "-"
4.190.208.230 - - [04/Jan/2026:00:03:01 +0800] "GET /aQw.php HTTP/1.1" 403 199 "-" "-"
4.190.208.230 - - [04/Jan/2026:00:03:03 +0800] "GET /aQw.php HTTP/1.1" 403 199 "-" "-"
4.190.208.230 - - [04/Jan/2026:00:03:05 +0800] "GET /aQw.php HTTP/1.1" 403 199 "-" "-"
4.190.208.230 - - [04/Jan/2026:00:03:06 +0800] "GET /rh.php HTTP/1.1" 403 199 "-" "-"
4.190.208.230 - - [04/Jan/2026:00:03:07 +0800] "GET /rh.php HTTP/1.1" 403 199 "-" "-"
4.190.208.230 - - [04/Jan/2026:00:03:08 +0800] "GET /rh.php HTTP/1.1" 403 199 "-" "-"
4.190.208.230 - - [04/Jan/2026:00:03:09 +0800] "GET /rh.php HTTP/1.1" 403 199 "-" "-"
4.190.208.230 - - [04/Jan/2026:00:03:10 +0800] "GET /sto.php HTTP/1.1" 403 199 "-" "-"
4.190.208.230 - - [04/Jan/2026:00:03:10 +0800] "GET /sto.php HTTP/1.1" 403 199 "-" "-"
4.190.208.230 - - [04/Jan/2026:00:03:11 +0800] "GET /sto.php HTTP/1.1" 403 199 "-" "-"
4.190.208.230 - - [04/Jan/2026:00:03:11 +0800] "GET /sto.php HTTP/1.1" 403 199 "-" "-"
4.190.208.230 - - [04/Jan/2026:00:03:12 +0800] "GET /bipas.php HTTP/1.1" 403 199 "-" "-"
4.190.208.230 - - [04/Jan/2026:00:03:13 +0800] "GET /bipas.php HTTP/1.1" 403 199 "-" "-"
4.190.208.230 - - [04/Jan/2026:00:03:13 +0800] "GET /bipas.php HTTP/1.1" 403 199 "-" "-"
4.190.208.230 - - [04/Jan/2026:00:03:14 +0800] "GET /bipas.php HTTP/1.1" 403 199 "-" "-"
4.190.208.230 - - [04/Jan/2026:00:03:14 +0800] "GET /xaz.php HTTP/1.1" 403 199 "-" "-"
4.190.208.230 - - [04/Jan/2026:00:03:15 +0800] "GET /xaz.php HTTP/1.1" 403 199 "-" "-"
4.190.208.230 - - [04/Jan/2026:00:03:15 +0800] "GET /xaz.php HTTP/1.1" 403 199 "-" "-"
4.190.208.230 - - [04/Jan/2026:00:03:16 +0800] "GET /xaz.php HTTP/1.1" 403 199 "-" "-"
4.190.208.230 - - [04/Jan/2026:00:03:17 +0800] "GET /conte.php HTTP/1.1" 403 199 "-" "-"
4.190.208.230 - - [04/Jan/2026:00:03:18 +0800] "GET /conte.php HTTP/1.1" 403 199 "-" "-"
4.190.208.230 - - [04/Jan/2026:00:03:20 +0800] "GET /conte.php HTTP/1.1" 403 199 "-" "-"
4.190.208.230 - - [04/Jan/2026:00:03:19 +0800] "GET /conte.php HTTP/1.1" 403 199 "-" "-"
4.190.208.230 - - [04/Jan/2026:00:03:20 +0800] "GET /lopst.php HTTP/1.1" 403 199 "-" "-"
4.190.208.230 - - [04/Jan/2026:00:03:22 +0800] "GET /lopst.php HTTP/1.1" 403 199 "-" "-"
4.190.208.230 - - [04/Jan/2026:00:03:22 +0800] "GET /lopst.php HTTP/1.1" 403 199 "-" "-"
4.190.208.230 - - [04/Jan/2026:00:03:25 +0800] "GET /lopst.php HTTP/1.1" 403 199 "-" "-"
4.190.208.230 - - [04/Jan/2026:00:03:26 +0800] "GET /xv.php HTTP/1.1" 403 199 "-" "-"
4.190.208.230 - - [04/Jan/2026:00:03:26 +0800] "GET /xv.php HTTP/1.1" 403 199 "-" "-"
4.190.208.230 - - [04/Jan/2026:00:03:27 +0800] "GET /xv.php HTTP/1.1" 403 199 "-" "-"
4.190.208.230 - - [04/Jan/2026:00:03:28 +0800] "GET /xv.php HTTP/1.1" 403 199 "-" "-"
4.190.208.230 - - [04/Jan/2026:00:03:29 +0800] "GET /ixj.php HTTP/1.1" 403 199 "-" "-"
4.190.208.230 - - [04/Jan/2026:00:03:30 +0800] "GET /ixj.php HTTP/1.1" 403 199 "-" "-"
4.190.208.230 - - [04/Jan/2026:00:03:32 +0800] "GET /ixj.php HTTP/1.1" 403 199 "-" "-"
4.190.208.230 - - [04/Jan/2026:00:03:33 +0800] "GET /ixj.php HTTP/1.1" 403 199 "-" "-"
4.190.208.230 - - [04/Jan/2026:00:03:34 +0800] "GET /nansa.php HTTP/1.1" 403 199 "-" "-"
4.190.208.230 - - [04/Jan/2026:00:03:35 +0800] "GET /nansa.php HTTP/1.1" 403 199 "-" "-"
4.190.208.230 - - [04/Jan/2026:00:03:36 +0800] "GET /nansa.php HTTP/1.1" 403 199 "-" "-"
4.190.208.230 - - [04/Jan/2026:00:03:37 +0800] "GET /nansa.php HTTP/1.1" 403 199 "-" "-"
4.190.208.230 - - [04/Jan/2026:00:03:38 +0800] "GET /gecko.php HTTP/1.1" 403 199 "-" "-"
4.190.208.230 - - [04/Jan/2026:00:03:38 +0800] "GET /gecko.php HTTP/1.1" 403 199 "-" "-"
4.190.208.230 - - [04/Jan/2026:00:03:40 +0800] "GET /gecko.php HTTP/1.1" 403 199 "-" "-"
4.190.208.230 - - [04/Jan/2026:00:03:41 +0800] "GET /gecko.php HTTP/1.1" 403 199 "-" "-"
4.190.208.230 - - [04/Jan/2026:00:03:43 +0800] "GET /blurbs.php HTTP/1.1" 404 20023 "-" "-"
4.190.208.230 - - [04/Jan/2026:00:03:45 +0800] "GET /18299.php HTTP/1.1" 404 20023 "-" "-"
4.190.208.230 - - [04/Jan/2026:00:03:46 +0800] "GET /wl.php HTTP/1.1" 404 20023 "-" "-"
4.190.208.230 - - [04/Jan/2026:00:03:47 +0800] "GET /xsas.php HTTP/1.1" 404 20023 "-" "-"
4.190.208.230 - - [04/Jan/2026:00:03:48 +0800] "GET /pn.php HTTP/1.1" 404 20023 "-" "-"
4.190.208.230 - - [04/Jan/2026:00:03:49 +0800] "GET /x50.php HTTP/1.1" 404 20023 "-" "-"
4.190.208.230 - - [04/Jan/2026:00:03:49 +0800] "GET /ant.php HTTP/1.1" 404 20023 "-" "-"
4.190.208.230 - - [04/Jan/2026:00:03:50 +0800] "GET /show.php HTTP/1.1" 404 20023 "-" "-"
4.190.208.230 - - [04/Jan/2026:00:03:51 +0800] "GET /cro.php HTTP/1.1" 404 20023 "-" "-"
4.190.208.230 - - [04/Jan/2026:00:03:52 +0800] "GET /wo.php HTTP/1.1" 404 20023 "-" "-"
4.190.208.230 - - [04/Jan/2026:00:03:53 +0800] "GET /shoyo.php HTTP/1.1" 404 20023 "-" "-"
4.190.208.230 - - [04/Jan/2026:00:03:54 +0800] "GET /qqq.php HTTP/1.1" 403 199 "-" "-"
4.190.208.230 - - [04/Jan/2026:00:03:55 +0800] "GET /qqq.php HTTP/1.1" 403 199 "-" "-"
4.190.208.230 - - [04/Jan/2026:00:03:56 +0800] "GET /qqq.php HTTP/1.1" 403 199 "-" "-"
4.190.208.230 - - [04/Jan/2026:00:03:57 +0800] "GET /qqq.php HTTP/1.1" 403 199 "-" "-"
4.190.208.230 - - [04/Jan/2026:00:03:59 +0800] "GET /ccou.php HTTP/1.1" 403 199 "-" "-"
4.190.208.230 - - [04/Jan/2026:00:04:00 +0800] "GET /ccou.php HTTP/1.1" 403 199 "-" "-"
4.190.208.230 - - [04/Jan/2026:00:04:01 +0800] "GET /ccou.php HTTP/1.1" 403 199 "-" "-"
4.190.208.230 - - [04/Jan/2026:00:04:02 +0800] "GET /ccou.php HTTP/1.1" 403 199 "-" "-"
4.190.208.230 - - [04/Jan/2026:00:04:04 +0800] "GET /fz.php HTTP/1.1" 403 199 "-" "-"
4.190.208.230 - - [04/Jan/2026:00:04:05 +0800] "GET /fz.php HTTP/1.1" 403 199 "-" "-"
4.190.208.230 - - [04/Jan/2026:00:04:07 +0800] "GET /fz.php HTTP/1.1" 403 199 "-" "-"
4.190.208.230 - - [04/Jan/2026:00:04:08 +0800] "GET /fz.php HTTP/1.1" 403 199 "-" "-"
4.190.208.230 - - [04/Jan/2026:00:04:09 +0800] "GET /congab.php HTTP/1.1" 403 199 "-" "-"
4.190.208.230 - - [04/Jan/2026:00:04:11 +0800] "GET /congab.php HTTP/1.1" 403 199 "-" "-"
4.190.208.230 - - [04/Jan/2026:00:04:13 +0800] "GET /congab.php HTTP/1.1" 403 199 "-" "-"
4.190.208.230 - - [04/Jan/2026:00:04:12 +0800] "GET /congab.php HTTP/1.1" 403 199 "-" "-"
4.190.208.230 - - [04/Jan/2026:00:04:13 +0800] "GET /fv.php HTTP/1.1" 403 199 "-" "-"
4.190.208.230 - - [04/Jan/2026:00:04:13 +0800] "GET /fv.php HTTP/1.1" 403 199 "-" "-"
4.190.208.230 - - [04/Jan/2026:00:04:14 +0800] "GET /fv.php HTTP/1.1" 403 199 "-" "-"
4.190.208.230 - - [04/Jan/2026:00:04:14 +0800] "GET /fv.php HTTP/1.1" 403 199 "-" "-"
4.190.208.230 - - [04/Jan/2026:00:04:16 +0800] "GET /X7x.php HTTP/1.1" 403 199 "-" "-"
4.190.208.230 - - [04/Jan/2026:00:04:17 +0800] "GET /X7x.php HTTP/1.1" 403 199 "-" "-"
4.190.208.230 - - [04/Jan/2026:00:04:20 +0800] "GET /X7x.php HTTP/1.1" 403 199 "-" "-"
4.190.208.230 - - [04/Jan/2026:00:04:22 +0800] "GET /X7x.php HTTP/1.1" 403 199 "-" "-"
4.190.208.230 - - [04/Jan/2026:00:04:23 +0800] "GET /xvent.php HTTP/1.1" 403 199 "-" "-"
4.190.208.230 - - [04/Jan/2026:00:04:23 +0800] "GET /xvent.php HTTP/1.1" 403 199 "-" "-"
4.190.208.230 - - [04/Jan/2026:00:04:25 +0800] "GET /xvent.php HTTP/1.1" 403 199 "-" "-"
4.190.208.230 - - [04/Jan/2026:00:04:27 +0800] "GET /xvent.php HTTP/1.1" 403 199 "-" "-"
4.190.208.230 - - [04/Jan/2026:00:04:28 +0800] "GET /zeu.php HTTP/1.1" 403 199 "-" "-"
4.190.208.230 - - [04/Jan/2026:00:04:30 +0800] "GET /zeu.php HTTP/1.1" 403 199 "-" "-"
4.190.208.230 - - [04/Jan/2026:00:04:30 +0800] "GET /zeu.php HTTP/1.1" 403 199 "-" "-"
4.190.208.230 - - [04/Jan/2026:00:04:32 +0800] "GET /zeu.php HTTP/1.1" 403 199 "-" "-"
4.190.208.230 - - [04/Jan/2026:00:04:33 +0800] "GET /jatuh.php HTTP/1.1" 403 199 "-" "-"
4.190.208.230 - - [04/Jan/2026:00:04:34 +0800] "GET /jatuh.php HTTP/1.1" 403 199 "-" "-"
4.190.208.230 - - [04/Jan/2026:00:04:35 +0800] "GET /jatuh.php HTTP/1.1" 403 199 "-" "-"
4.190.208.230 - - [04/Jan/2026:00:04:36 +0800] "GET /jatuh.php HTTP/1.1" 403 199 "-" "-"
4.190.208.230 - - [04/Jan/2026:00:04:38 +0800] "GET /as.php HTTP/1.1" 403 199 "-" "-"
4.190.208.230 - - [04/Jan/2026:00:04:39 +0800] "GET /as.php HTTP/1.1" 403 199 "-" "-"
4.190.208.230 - - [04/Jan/2026:00:04:41 +0800] "GET /as.php HTTP/1.1" 403 199 "-" "-"
4.190.208.230 - - [04/Jan/2026:00:04:41 +0800] "GET /as.php HTTP/1.1" 403 199 "-" "-"
4.190.208.230 - - [04/Jan/2026:00:04:42 +0800] "GET /0o0.php HTTP/1.1" 403 199 "-" "-"
4.190.208.230 - - [04/Jan/2026:00:04:42 +0800] "GET /0o0.php HTTP/1.1" 403 199 "-" "-"
4.190.208.230 - - [04/Jan/2026:00:04:43 +0800] "GET /0o0.php HTTP/1.1" 403 199 "-" "-"
4.190.208.230 - - [04/Jan/2026:00:04:44 +0800] "GET /0o0.php HTTP/1.1" 403 199 "-" "-"
4.190.208.230 - - [04/Jan/2026:00:04:45 +0800] "GET /mans.php HTTP/1.1" 403 199 "-" "-"
4.190.208.230 - - [04/Jan/2026:00:04:46 +0800] "GET /mans.php HTTP/1.1" 403 199 "-" "-"
4.190.208.230 - - [04/Jan/2026:00:04:47 +0800] "GET /mans.php HTTP/1.1" 403 199 "-" "-"
4.190.208.230 - - [04/Jan/2026:00:04:47 +0800] "GET /mans.php HTTP/1.1" 403 199 "-" "-"
4.190.208.230 - - [04/Jan/2026:00:04:48 +0800] "GET /info.php HTTP/1.1" 403 199 "-" "-"
4.190.208.230 - - [04/Jan/2026:00:04:49 +0800] "GET /info.php HTTP/1.1" 403 199 "-" "-"
4.190.208.230 - - [04/Jan/2026:00:04:51 +0800] "GET /info.php HTTP/1.1" 403 199 "-" "-"
4.190.208.230 - - [04/Jan/2026:00:04:52 +0800] "GET /info.php HTTP/1.1" 403 199 "-" "-"
4.190.208.230 - - [04/Jan/2026:00:04:52 +0800] "GET /css/index.php HTTP/1.1" 403 199 "-" "-"
4.190.208.230 - - [04/Jan/2026:00:04:53 +0800] "GET /css/index.php HTTP/1.1" 301 - "-" "-"
4.190.208.230 - - [04/Jan/2026:00:04:54 +0800] "GET /css/ HTTP/1.1" 404 20023 "-" "-"
4.190.208.230 - - [04/Jan/2026:00:04:55 +0800] "GET /efsd.php HTTP/1.1" 404 20023 "-" "-"
4.190.208.230 - - [04/Jan/2026:00:04:56 +0800] "GET /w1w.php HTTP/1.1" 404 20023 "-" "-"
4.190.208.230 - - [04/Jan/2026:00:04:56 +0800] "GET /up4.php HTTP/1.1" 404 20023 "-" "-"
4.190.208.230 - - [04/Jan/2026:00:04:57 +0800] "GET /galex.php HTTP/1.1" 404 20023 "-" "-"
4.190.208.230 - - [04/Jan/2026:00:04:59 +0800] "GET /file48.php HTTP/1.1" 404 20023 "-" "-"
4.190.208.230 - - [04/Jan/2026:00:05:00 +0800] "GET /hans.php HTTP/1.1" 404 20023 "-" "-"
4.190.208.230 - - [04/Jan/2026:00:05:00 +0800] "GET /kairolin.php HTTP/1.1" 404 20023 "-" "-"
4.190.208.230 - - [04/Jan/2026:00:05:01 +0800] "GET /z60.php HTTP/1.1" 404 20023 "-" "-"
4.190.208.230 - - [04/Jan/2026:00:05:02 +0800] "GET /9v6.php HTTP/1.1" 404 20023 "-" "-"
4.190.208.230 - - [04/Jan/2026:00:05:03 +0800] "GET /ma.php HTTP/1.1" 404 20023 "-" "-"
4.190.208.230 - - [04/Jan/2026:00:05:04 +0800] "GET /zozla.php HTTP/1.1" 403 199 "-" "-"
4.190.208.230 - - [04/Jan/2026:00:05:04 +0800] "GET /zozla.php HTTP/1.1" 403 199 "-" "-"
4.190.208.230 - - [04/Jan/2026:00:05:05 +0800] "GET /zozla.php HTTP/1.1" 403 199 "-" "-"
4.190.208.230 - - [04/Jan/2026:00:05:05 +0800] "GET /zozla.php HTTP/1.1" 403 199 "-" "-"
4.190.208.230 - - [04/Jan/2026:00:05:06 +0800] "GET /class9.php HTTP/1.1" 403 199 "-" "-"
4.190.208.230 - - [04/Jan/2026:00:05:06 +0800] "GET /class9.php HTTP/1.1" 403 199 "-" "-"
4.190.208.230 - - [04/Jan/2026:00:05:07 +0800] "GET /class9.php HTTP/1.1" 403 199 "-" "-"
4.190.208.230 - - [04/Jan/2026:00:05:08 +0800] "GET /class9.php HTTP/1.1" 403 199 "-" "-"
4.190.208.230 - - [04/Jan/2026:00:05:09 +0800] "GET /ctex1.php HTTP/1.1" 403 199 "-" "-"
4.190.208.230 - - [04/Jan/2026:00:05:09 +0800] "GET /ctex1.php HTTP/1.1" 403 199 "-" "-"
4.190.208.230 - - [04/Jan/2026:00:05:10 +0800] "GET /ctex1.php HTTP/1.1" 403 199 "-" "-"
4.190.208.230 - - [04/Jan/2026:00:05:11 +0800] "GET /ctex1.php HTTP/1.1" 403 199 "-" "-"
4.190.208.230 - - [04/Jan/2026:00:05:12 +0800] "GET /lts.php HTTP/1.1" 403 199 "-" "-"
4.190.208.230 - - [04/Jan/2026:00:05:14 +0800] "GET /lts.php HTTP/1.1" 403 199 "-" "-"
4.190.208.230 - - [04/Jan/2026:00:05:15 +0800] "GET /lts.php HTTP/1.1" 403 199 "-" "-"
4.190.208.230 - - [04/Jan/2026:00:05:17 +0800] "GET /mmm.php HTTP/1.1" 403 199 "-" "-"
4.190.208.230 - - [04/Jan/2026:00:05:17 +0800] "GET /lts.php HTTP/1.1" 403 199 "-" "-"
4.190.208.230 - - [04/Jan/2026:00:05:19 +0800] "GET /mmm.php HTTP/1.1" 403 199 "-" "-"
4.190.208.230 - - [04/Jan/2026:00:05:21 +0800] "GET /mmm.php HTTP/1.1" 403 199 "-" "-"
4.190.208.230 - - [04/Jan/2026:00:05:23 +0800] "GET /mmm.php HTTP/1.1" 403 199 "-" "-"
4.190.208.230 - - [04/Jan/2026:00:05:24 +0800] "GET /Cok.php HTTP/1.1" 403 199 "-" "-"
4.190.208.230 - - [04/Jan/2026:00:05:25 +0800] "GET /Cok.php HTTP/1.1" 403 199 "-" "-"
