103.4.122.14 - - [11/Jan/2026:19:48:25 +0800] "POST /wp-cron.php?doing_wp_cron=1768132105.1470139026641845703125 HTTP/1.1" 200 - "-" "WordPress/6.9; https://gwfencing.com.au"
66.249.70.200 - - [11/Jan/2026:19:48:24 +0800] "GET /robots.txt HTTP/1.1" 200 112 "-" "Mozilla/5.0 (compatible; Googlebot/2.1; +http://www.google.com/bot.html)"
66.249.70.192 - - [11/Jan/2026:19:48:27 +0800] "GET / HTTP/1.1" 301 - "-" "Mozilla/5.0 (compatible; Googlebot/2.1; +http://www.google.com/bot.html)"
66.249.70.195 - - [11/Jan/2026:19:48:37 +0800] "GET / HTTP/1.1" 200 8308 "-" "Mozilla/5.0 (compatible; Googlebot/2.1; +http://www.google.com/bot.html)"
66.249.70.194 - - [11/Jan/2026:19:48:46 +0800] "GET /wp-includes/js/dist/hooks.min.js HTTP/1.1" 200 1941 "https://gwfencing.com.au/" "Mozilla/5.0 AppleWebKit/537.36 (KHTML, like Gecko; compatible; Googlebot/2.1; +http://www.google.com/bot.html) Chrome/143.0.7499.169 Safari/537.36"
103.4.122.14 - - [11/Jan/2026:20:07:46 +0800] "POST /wp-cron.php?doing_wp_cron=1768133266.2123711109161376953125 HTTP/1.1" 200 - "-" "WordPress/6.9; https://gwfencing.com.au"
202.76.171.21 - - [11/Jan/2026:20:07:45 +0800] "GET /sporting-fencing/ HTTP/1.1" 200 6363 "-" "Mozilla/5.0 (Macintosh; U; PPC Mac OS X; de-de) AppleWebKit/125.5.5 (KHTML, like Gecko) Safari/125.12"
103.4.122.14 - - [11/Jan/2026:20:55:29 +0800] "POST /wp-cron.php?doing_wp_cron=1768136129.2858760356903076171875 HTTP/1.1" 200 - "-" "WordPress/6.9; https://gwfencing.com.au"
103.82.203.177 - - [11/Jan/2026:20:55:28 +0800] "GET /commercial/ HTTP/1.1" 200 6424 "-" "Mozilla/5.0 (Windows NT 6.1) AppleWebKit/537.36 (KHTML, like Gecko) Chrome/95.0.4638.69 Safari/537.36"
103.4.122.14 - - [11/Jan/2026:21:10:06 +0800] "POST /wp-cron.php?doing_wp_cron=1768137006.4913470745086669921875 HTTP/1.1" 200 - "-" "WordPress/6.9; https://gwfencing.com.au"
47.90.227.150 - - [11/Jan/2026:21:10:05 +0800] "GET / HTTP/1.1" 200 8308 "-" "Mozilla/5.0 (Windows NT 10.0; Win64; x64) AppleWebKit/537.36 (KHTML, like Gecko) Chrome/132.0.0.0 Safari/537.36"
103.4.122.14 - - [11/Jan/2026:21:17:48 +0800] "POST /wp-cron.php?doing_wp_cron=1768137468.0837800502777099609375 HTTP/1.1" 200 - "-" "WordPress/6.9; https://gwfencing.com.au"
103.4.122.13 - - [11/Jan/2026:21:17:47 +0800] "GET /?login_required=1&user=screwloose&mainwpsignature=qL0CCI1Y90DwI3saoJSizgJLPOO7%2Btn4W3CTte07xTaHzXCtcr5KD%2F4xi7wTbQg8j%2F%2BlVGgvYw8Skst9XfXSY23aqpcmFRifFqpY5LmausOYbRnYC9pusZjCM18BlLnJPArSCMqH%2BjHG33mddAlSJexMT%2Bt3X6VxRt0Kcq3iK%2Ffx4CwIiK3Sjd1HsuyF83DvXW3GxmGfLLslpzJU66TN86JIRpR0IztJG%2F%2FfSI3DVkgXM0R43Wg8TXC%2Bb7w4%2BEbc5PYJVmBgN3WG5Jewxav3Crq8D3fuWzEsj%2FaDsAI8Ehg7%2BR1%2FeLVq0rPTxJu1QF50T8oj%2BsJGw%2B0%2Bwdj410pcmw%3D%3D&nonce=1629&where=plugins.php%3F_detect_plugins_updates%3Dyes&sign_algo=7 HTTP/1.1" 302 - "-" "WordPress/6.9; https://wpmain.screwlooseit.com.au"
103.4.122.13 - - [11/Jan/2026:21:17:48 +0800] "GET /wp-admin/plugins.php?_detect_plugins_updates=yes HTTP/1.1" 200 39837 "-" "WordPress/6.9; https://wpmain.screwlooseit.com.au"
103.4.122.13 - - [11/Jan/2026:21:17:54 +0800] "POST /wp-admin/admin-ajax.php HTTP/1.1" 200 13685 "https://wpmain.screwlooseit.com.au" "Mozilla/5.0 (compatible; MainWP/5.4.1; +http://mainwp.com)"
103.4.122.13 - - [11/Jan/2026:21:17:58 +0800] "POST /wp-admin/admin-ajax.php HTTP/1.1" 200 145 "https://wpmain.screwlooseit.com.au" "Mozilla/5.0 (compatible; MainWP/5.4.1; +http://mainwp.com)"
103.4.122.13 - - [11/Jan/2026:21:17:58 +0800] "GET /wp-content/uploads/2019/09/cropped-favicon.png HTTP/1.1" 200 16959 "-" "Mozilla/5.0 (compatible; MainWP/5.4.1; +http://mainwp.com)"
103.4.122.14 - - [11/Jan/2026:22:03:19 +0800] "POST /wp-cron.php?doing_wp_cron=1768140198.8974270820617675781250 HTTP/1.1" 200 - "-" "WordPress/6.9; https://gwfencing.com.au"
173.252.87.23 - - [11/Jan/2026:22:03:17 +0800] "GET / HTTP/1.1" 200 35548 "-" "facebookexternalhit/1.1 (+http://www.facebook.com/externalhit_uatext.php)"
43.131.243.61 - - [11/Jan/2026:22:03:27 +0800] "GET / HTTP/1.1" 403 199 "-" "Mozilla/5.0 (iPhone; CPU iPhone OS 13_2_3 like Mac OS X) AppleWebKit/605.1.15 (KHTML, like Gecko) Version/13.0.3 Mobile/15E148 Safari/604.1"
103.4.122.14 - - [11/Jan/2026:22:08:42 +0800] "POST /wp-cron.php?doing_wp_cron=1768140522.2439780235290527343750 HTTP/1.1" 200 - "-" "WordPress/6.9; https://gwfencing.com.au"
114.119.148.187 - - [11/Jan/2026:22:08:41 +0800] "GET /wp-sitemap.xml HTTP/1.1" 404 18918 "-" "Mozilla/5.0 (Linux; Android 7.0;) AppleWebKit/537.36 (KHTML, like Gecko) Mobile Safari/537.36 (compatible; PetalBot;+https://webmaster.petalsearch.com/site/petalbot)"
52.167.144.158 - - [11/Jan/2026:22:27:16 +0800] "GET /wp-content/uploads/2021/05/IMG_1150-1536x1152.jpg HTTP/1.1" 200 374073 "-" "Mozilla/5.0 AppleWebKit/537.36 (KHTML, like Gecko; compatible; bingbot/2.0; +http://www.bing.com/bingbot.htm) Chrome/116.0.1938.76 Safari/537.36"
43.157.168.43 - - [11/Jan/2026:22:32:26 +0800] "GET / HTTP/1.1" 403 199 "-" "Mozilla/5.0 (iPhone; CPU iPhone OS 13_2_3 like Mac OS X) AppleWebKit/605.1.15 (KHTML, like Gecko) Version/13.0.3 Mobile/15E148 Safari/604.1"
103.4.122.14 - - [11/Jan/2026:22:32:42 +0800] "POST /wp-cron.php?doing_wp_cron=1768141962.2983500957489013671875 HTTP/1.1" 200 - "-" "WordPress/6.9; https://gwfencing.com.au"
212.11.64.231 - - [11/Jan/2026:22:32:41 +0800] "GET /wp-content/plugins/sneeit-framework/js/shortcodes.js HTTP/1.1" 404 20032 "-" "Mozilla/5.0 (Windows NT 10.0; Win64; x64) AppleWebKit/537.36 (KHTML, like Gecko) Chrome/123.0.0.0 Safari/537.36"
103.4.122.14 - - [11/Jan/2026:22:36:41 +0800] "POST /wp-cron.php?doing_wp_cron=1768142201.1093471050262451171875 HTTP/1.1" 200 - "-" "WordPress/6.9; https://gwfencing.com.au"
196.22.142.176 - - [11/Jan/2026:22:36:40 +0800] "POST /xmlrpc.php HTTP/1.1" 405 415 "-" "Mozilla/5.0 (Windows NT 10.0; Win64; x64; rv:51.0) Gecko/20100101 Firefox/51.0"
51.195.215.111 - - [11/Jan/2026:22:38:42 +0800] "GET / HTTP/1.1" 200 8308 "-" "Mozilla/5.0 (compatible; AhrefsBot/7.0; +http://ahrefs.com/robot/)"
103.4.122.14 - - [11/Jan/2026:22:50:45 +0800] "POST /wp-cron.php?doing_wp_cron=1768143045.4426949024200439453125 HTTP/1.1" 200 - "-" "WordPress/6.9; https://gwfencing.com.au"
5.101.50.197 - - [11/Jan/2026:22:50:44 +0800] "POST /xmlrpc.php HTTP/1.1" 405 415 "-" "Mozilla/5.0 (Windows NT 10.0; Win64; x64; rv:42.0) Gecko/20100101 Firefox/42.0"
103.4.122.14 - - [11/Jan/2026:23:08:23 +0800] "POST /wp-cron.php?doing_wp_cron=1768144103.2665650844573974609375 HTTP/1.1" 200 - "-" "WordPress/6.9; https://gwfencing.com.au"
20.78.177.111 - - [11/Jan/2026:23:08:22 +0800] "GET /wp-content/plugins/hellopress/wp_filemanager.php HTTP/1.1" 404 20023 "-" "-"
20.78.177.111 - - [11/Jan/2026:23:08:23 +0800] "GET /c99.php HTTP/1.1" 404 20023 "-" "-"
20.78.177.111 - - [11/Jan/2026:23:08:24 +0800] "GET /wp-sample-load.php HTTP/1.1" 404 20023 "-" "-"
20.78.177.111 - - [11/Jan/2026:23:08:25 +0800] "GET /wp-header-json.php HTTP/1.1" 404 20023 "-" "-"
20.78.177.111 - - [11/Jan/2026:23:08:26 +0800] "GET /NewFile.php HTTP/1.1" 404 20023 "-" "-"
20.78.177.111 - - [11/Jan/2026:23:08:27 +0800] "GET /old.php HTTP/1.1" 404 20023 "-" "-"
20.78.177.111 - - [11/Jan/2026:23:08:28 +0800] "GET /z.php HTTP/1.1" 404 20023 "-" "-"
20.78.177.111 - - [11/Jan/2026:23:08:28 +0800] "GET /ultra.php HTTP/1.1" 404 20023 "-" "-"
20.78.177.111 - - [11/Jan/2026:23:08:29 +0800] "GET /abc.php HTTP/1.1" 404 20023 "-" "-"
20.78.177.111 - - [11/Jan/2026:23:08:30 +0800] "GET /info.php HTTP/1.1" 404 20023 "-" "-"
20.78.177.111 - - [11/Jan/2026:23:08:32 +0800] "GET /log.php HTTP/1.1" 404 20023 "-" "-"
20.78.177.111 - - [11/Jan/2026:23:08:33 +0800] "GET /test.php HTTP/1.1" 403 199 "-" "-"
20.78.177.111 - - [11/Jan/2026:23:08:33 +0800] "GET /test.php HTTP/1.1" 403 199 "-" "-"
20.78.177.111 - - [11/Jan/2026:23:08:34 +0800] "GET /test.php HTTP/1.1" 403 199 "-" "-"
20.78.177.111 - - [11/Jan/2026:23:08:35 +0800] "GET /test.php HTTP/1.1" 403 199 "-" "-"
20.78.177.111 - - [11/Jan/2026:23:08:36 +0800] "GET /1.php HTTP/1.1" 403 199 "-" "-"
20.78.177.111 - - [11/Jan/2026:23:08:39 +0800] "GET /1.php HTTP/1.1" 403 199 "-" "-"
20.78.177.111 - - [11/Jan/2026:23:08:39 +0800] "GET /1.php HTTP/1.1" 403 199 "-" "-"
20.78.177.111 - - [11/Jan/2026:23:08:47 +0800] "GET /1.php HTTP/1.1" 403 199 "-" "-"
20.78.177.111 - - [11/Jan/2026:23:08:49 +0800] "GET /check.php HTTP/1.1" 403 199 "-" "-"
20.78.177.111 - - [11/Jan/2026:23:08:51 +0800] "GET /check.php HTTP/1.1" 403 199 "-" "-"
20.78.177.111 - - [11/Jan/2026:23:08:53 +0800] "GET /check.php HTTP/1.1" 403 199 "-" "-"
20.78.177.111 - - [11/Jan/2026:23:08:55 +0800] "GET /check.php HTTP/1.1" 403 199 "-" "-"
20.78.177.111 - - [11/Jan/2026:23:08:56 +0800] "GET /wso.php HTTP/1.1" 403 199 "-" "-"
20.78.177.111 - - [11/Jan/2026:23:08:58 +0800] "GET /wso.php HTTP/1.1" 403 199 "-" "-"
20.78.177.111 - - [11/Jan/2026:23:09:01 +0800] "GET /wso.php HTTP/1.1" 403 199 "-" "-"
20.78.177.111 - - [11/Jan/2026:23:09:02 +0800] "GET /wso.php HTTP/1.1" 403 199 "-" "-"
20.78.177.111 - - [11/Jan/2026:23:09:03 +0800] "GET /inject.php HTTP/1.1" 403 199 "-" "-"
20.78.177.111 - - [11/Jan/2026:23:09:04 +0800] "GET /inject.php HTTP/1.1" 403 199 "-" "-"
20.78.177.111 - - [11/Jan/2026:23:09:06 +0800] "GET /inject.php HTTP/1.1" 403 199 "-" "-"
20.78.177.111 - - [11/Jan/2026:23:09:09 +0800] "GET /inject.php HTTP/1.1" 403 199 "-" "-"
20.78.177.111 - - [11/Jan/2026:23:09:10 +0800] "GET /t.php HTTP/1.1" 403 199 "-" "-"
20.78.177.111 - - [11/Jan/2026:23:09:13 +0800] "GET /t.php HTTP/1.1" 403 199 "-" "-"
20.78.177.111 - - [11/Jan/2026:23:09:17 +0800] "GET /t.php HTTP/1.1" 403 199 "-" "-"
20.78.177.111 - - [11/Jan/2026:23:09:21 +0800] "GET /t.php HTTP/1.1" 403 199 "-" "-"
20.78.177.111 - - [11/Jan/2026:23:09:22 +0800] "GET /pro.php HTTP/1.1" 403 199 "-" "-"
20.78.177.111 - - [11/Jan/2026:23:09:26 +0800] "GET /pro.php HTTP/1.1" 403 199 "-" "-"
20.78.177.111 - - [11/Jan/2026:23:09:27 +0800] "GET /pro.php HTTP/1.1" 403 199 "-" "-"
20.78.177.111 - - [11/Jan/2026:23:09:28 +0800] "GET /pro.php HTTP/1.1" 403 199 "-" "-"
20.78.177.111 - - [11/Jan/2026:23:09:30 +0800] "GET /e.php HTTP/1.1" 403 199 "-" "-"
20.78.177.111 - - [11/Jan/2026:23:09:33 +0800] "GET /e.php HTTP/1.1" 404 20023 "-" "-"
20.78.177.111 - - [11/Jan/2026:23:09:34 +0800] "GET /d.php HTTP/1.1" 404 20023 "-" "-"
20.78.177.111 - - [11/Jan/2026:23:09:35 +0800] "GET /phpinfo.php HTTP/1.1" 404 20023 "-" "-"
20.78.177.111 - - [11/Jan/2026:23:09:36 +0800] "GET /bypass.php HTTP/1.1" 404 20023 "-" "-"
20.78.177.111 - - [11/Jan/2026:23:09:37 +0800] "GET /error.php HTTP/1.1" 404 20023 "-" "-"
20.78.177.111 - - [11/Jan/2026:23:09:38 +0800] "GET /p.php HTTP/1.1" 404 20023 "-" "-"
20.78.177.111 - - [11/Jan/2026:23:09:39 +0800] "GET /mini.php HTTP/1.1" 404 20023 "-" "-"
20.78.177.111 - - [11/Jan/2026:23:09:40 +0800] "GET /x.php HTTP/1.1" 404 20023 "-" "-"
20.78.177.111 - - [11/Jan/2026:23:09:40 +0800] "GET /a.php HTTP/1.1" 404 20023 "-" "-"
20.78.177.111 - - [11/Jan/2026:23:09:41 +0800] "GET /debug.php HTTP/1.1" 404 20023 "-" "-"
20.78.177.111 - - [11/Jan/2026:23:09:42 +0800] "GET /0.php HTTP/1.1" 404 20023 "-" "-"
20.78.177.111 - - [11/Jan/2026:23:09:43 +0800] "GET /manager.php HTTP/1.1" 403 199 "-" "-"
20.78.177.111 - - [11/Jan/2026:23:09:44 +0800] "GET /manager.php HTTP/1.1" 403 199 "-" "-"
20.78.177.111 - - [11/Jan/2026:23:09:45 +0800] "GET /manager.php HTTP/1.1" 403 199 "-" "-"
20.78.177.111 - - [11/Jan/2026:23:09:50 +0800] "GET /manager.php HTTP/1.1" 403 199 "-" "-"
20.78.177.111 - - [11/Jan/2026:23:09:52 +0800] "GET /999.php HTTP/1.1" 403 199 "-" "-"
20.78.177.111 - - [11/Jan/2026:23:09:54 +0800] "GET /999.php HTTP/1.1" 403 199 "-" "-"
20.78.177.111 - - [11/Jan/2026:23:09:58 +0800] "GET /999.php HTTP/1.1" 403 199 "-" "-"
20.78.177.111 - - [11/Jan/2026:23:10:03 +0800] "GET /999.php HTTP/1.1" 403 199 "-" "-"
20.78.177.111 - - [11/Jan/2026:23:10:05 +0800] "GET /system.php HTTP/1.1" 403 199 "-" "-"
20.78.177.111 - - [11/Jan/2026:23:10:09 +0800] "GET /system.php HTTP/1.1" 403 199 "-" "-"
20.78.177.111 - - [11/Jan/2026:23:10:12 +0800] "GET /system.php HTTP/1.1" 403 199 "-" "-"
20.78.177.111 - - [11/Jan/2026:23:10:15 +0800] "GET /system.php HTTP/1.1" 403 199 "-" "-"
20.78.177.111 - - [11/Jan/2026:23:10:16 +0800] "GET /data.php HTTP/1.1" 403 199 "-" "-"
20.78.177.111 - - [11/Jan/2026:23:10:17 +0800] "GET /data.php HTTP/1.1" 403 199 "-" "-"
20.78.177.111 - - [11/Jan/2026:23:10:19 +0800] "GET /data.php HTTP/1.1" 403 199 "-" "-"
20.78.177.111 - - [11/Jan/2026:23:10:20 +0800] "GET /data.php HTTP/1.1" 403 199 "-" "-"
20.78.177.111 - - [11/Jan/2026:23:10:22 +0800] "GET /xx.php HTTP/1.1" 403 199 "-" "-"
20.78.177.111 - - [11/Jan/2026:23:10:27 +0800] "GET /xx.php HTTP/1.1" 403 199 "-" "-"
20.78.177.111 - - [11/Jan/2026:23:10:28 +0800] "GET /xx.php HTTP/1.1" 403 199 "-" "-"
20.78.177.111 - - [11/Jan/2026:23:10:30 +0800] "GET /xx.php HTTP/1.1" 403 199 "-" "-"
20.78.177.111 - - [11/Jan/2026:23:10:32 +0800] "GET /2.php HTTP/1.1" 403 199 "-" "-"
20.78.177.111 - - [11/Jan/2026:23:10:42 +0800] "GET /2.php HTTP/1.1" 404 20023 "-" "-"
20.78.177.111 - - [11/Jan/2026:23:10:44 +0800] "GET /new.php HTTP/1.1" 404 20023 "-" "-"
20.78.177.111 - - [11/Jan/2026:23:10:44 +0800] "GET /backup.php HTTP/1.1" 404 20023 "-" "-"
20.78.177.111 - - [11/Jan/2026:23:10:45 +0800] "GET /222.php HTTP/1.1" 404 20023 "-" "-"
20.78.177.111 - - [11/Jan/2026:23:10:46 +0800] "GET /security.php HTTP/1.1" 404 20023 "-" "-"
20.78.177.111 - - [11/Jan/2026:23:10:47 +0800] "GET /404.php HTTP/1.1" 404 20023 "-" "-"
20.78.177.111 - - [11/Jan/2026:23:10:48 +0800] "GET /simple.php HTTP/1.1" 404 20023 "-" "-"
20.78.177.111 - - [11/Jan/2026:23:10:49 +0800] "GET /up.php HTTP/1.1" 404 20023 "-" "-"
20.78.177.111 - - [11/Jan/2026:23:10:50 +0800] "GET /c.php HTTP/1.1" 404 20023 "-" "-"
20.78.177.111 - - [11/Jan/2026:23:10:50 +0800] "GET /b.php HTTP/1.1" 404 20023 "-" "-"
20.78.177.111 - - [11/Jan/2026:23:10:51 +0800] "GET /db.php HTTP/1.1" 404 20023 "-" "-"
20.78.177.111 - - [11/Jan/2026:23:10:52 +0800] "GET /shell.exe HTTP/1.1" 403 199 "-" "-"
20.78.177.111 - - [11/Jan/2026:23:10:55 +0800] "GET /shell.exe HTTP/1.1" 403 199 "-" "-"
20.78.177.111 - - [11/Jan/2026:23:11:13 +0800] "GET /u.php HTTP/1.1" 403 199 "-" "-"
20.78.177.111 - - [11/Jan/2026:23:11:17 +0800] "GET /u.php HTTP/1.1" 403 199 "-" "-"
20.78.177.111 - - [11/Jan/2026:23:11:23 +0800] "GET /u.php HTTP/1.1" 403 199 "-" "-"
20.78.177.111 - - [11/Jan/2026:23:11:23 +0800] "GET /u.php HTTP/1.1" 403 199 "-" "-"
20.78.177.111 - - [11/Jan/2026:23:11:25 +0800] "GET /alfa.php HTTP/1.1" 403 199 "-" "-"
20.78.177.111 - - [11/Jan/2026:23:11:27 +0800] "GET /alfa.php HTTP/1.1" 403 199 "-" "-"
20.78.177.111 - - [11/Jan/2026:23:11:29 +0800] "GET /alfa.php HTTP/1.1" 403 199 "-" "-"
20.78.177.111 - - [11/Jan/2026:23:11:31 +0800] "GET /alfa.php HTTP/1.1" 403 199 "-" "-"
20.78.177.111 - - [11/Jan/2026:23:11:32 +0800] "GET /info.phpquebecoils.com HTTP/1.1" 403 199 "-" "-"
20.78.177.111 - - [11/Jan/2026:23:11:37 +0800] "GET /info.phpquebecoils.com HTTP/1.1" 403 199 "-" "-"
20.78.177.111 - - [11/Jan/2026:23:11:41 +0800] "GET /info.phpquebecoils.com HTTP/1.1" 403 199 "-" "-"
103.4.122.14 - - [11/Jan/2026:23:36:01 +0800] "POST /wp-cron.php?doing_wp_cron=1768145760.9428119659423828125000 HTTP/1.1" 200 - "-" "WordPress/6.9; https://gwfencing.com.au"
103.4.122.13 - - [11/Jan/2026:23:35:59 +0800] "GET / HTTP/1.1" 200 35548 "-" "Mozilla/5.0 (compatible; MainWP/5.4.1; +http://mainwp.com)"
103.4.122.14 - - [11/Jan/2026:23:43:53 +0800] "POST /wp-cron.php?doing_wp_cron=1768146232.9900629520416259765625 HTTP/1.1" 200 - "-" "WordPress/6.9; https://gwfencing.com.au"
68.183.221.234 - - [11/Jan/2026:23:43:52 +0800] "POST /xmlrpc.php HTTP/1.1" 405 415 "-" "Mozilla/5.0 (Windows NT 10.0; Win64; x64; rv:47.0) Gecko/20100101 Firefox/47.0"
103.4.122.14 - - [11/Jan/2026:23:59:11 +0800] "POST /wp-cron.php?doing_wp_cron=1768147151.0677070617675781250000 HTTP/1.1" 200 - "-" "WordPress/6.9; https://gwfencing.com.au"
66.249.64.131 - - [11/Jan/2026:23:59:10 +0800] "GET /robots.txt HTTP/1.1" 301 - "-" "Mozilla/5.0 (compatible; Googlebot/2.1; +http://www.google.com/bot.html)"
66.249.70.195 - - [11/Jan/2026:23:59:12 +0800] "GET /robots.txt HTTP/1.1" 200 112 "-" "Mozilla/5.0 (compatible; Googlebot/2.1; +http://www.google.com/bot.html)"
40.77.167.152 - - [12/Jan/2026:00:04:24 +0800] "GET /wp-content/uploads/2019/09/6702391_orig-768x1023.jpg HTTP/1.1" 200 131990 "-" "Mozilla/5.0 AppleWebKit/537.36 (KHTML, like Gecko; compatible; bingbot/2.0; +http://www.bing.com/bingbot.htm) Chrome/116.0.1938.76 Safari/537.36"
103.4.122.14 - - [12/Jan/2026:00:14:13 +0800] "POST /wp-cron.php?doing_wp_cron=1768148052.9475131034851074218750 HTTP/1.1" 200 - "-" "WordPress/6.9; https://gwfencing.com.au"
51.89.129.239 - - [12/Jan/2026:00:14:11 +0800] "GET /wp-sitemap.xml HTTP/1.1" 404 18918 "-" "Mozilla/5.0 (compatible; AhrefsBot/7.0; +http://ahrefs.com/robot/)"
103.4.122.14 - - [12/Jan/2026:00:32:29 +0800] "POST /wp-cron.php?doing_wp_cron=1768149149.5050649642944335937500 HTTP/1.1" 200 - "-" "WordPress/6.9; https://gwfencing.com.au"
66.249.64.129 - - [12/Jan/2026:00:32:28 +0800] "GET /robots.txt HTTP/1.1" 301 - "-" "Mozilla/5.0 (compatible; Googlebot/2.1; +http://www.google.com/bot.html)"
66.249.70.192 - - [12/Jan/2026:00:32:30 +0800] "GET /robots.txt HTTP/1.1" 200 112 "-" "Mozilla/5.0 (compatible; Googlebot/2.1; +http://www.google.com/bot.html)"
103.4.122.14 - - [12/Jan/2026:00:43:03 +0800] "POST /wp-cron.php?doing_wp_cron=1768149782.8635671138763427734375 HTTP/1.1" 200 - "-" "WordPress/6.9; https://gwfencing.com.au"
198.244.177.113 - - [12/Jan/2026:00:43:01 +0800] "POST /xmlrpc.php HTTP/1.1" 405 415 "-" "Mozilla/5.0 (Windows NT 10.0; Win64; x64; rv:90.0) Gecko/20100101 Firefox/90.0"
103.4.122.14 - - [12/Jan/2026:00:47:27 +0800] "POST /wp-cron.php?doing_wp_cron=1768150046.9719159603118896484375 HTTP/1.1" 200 - "-" "WordPress/6.9; https://gwfencing.com.au"
40.77.167.55 - - [12/Jan/2026:00:47:24 +0800] "GET /sitemap.xml HTTP/1.1" 301 - "-" "Mozilla/5.0 AppleWebKit/537.36 (KHTML, like Gecko; compatible; bingbot/2.0; +http://www.bing.com/bingbot.htm) Chrome/116.0.1938.76 Safari/537.36"
40.77.167.55 - - [12/Jan/2026:00:47:28 +0800] "GET /sitemap_index.xml HTTP/1.1" 200 303 "-" "Mozilla/5.0 AppleWebKit/537.36 (KHTML, like Gecko; compatible; bingbot/2.0; +http://www.bing.com/bingbot.htm) Chrome/116.0.1938.76 Safari/537.36"
103.4.122.14 - - [12/Jan/2026:00:51:32 +0800] "POST /wp-cron.php?doing_wp_cron=1768150291.8495090007781982421875 HTTP/1.1" 200 - "-" "WordPress/6.9; https://gwfencing.com.au"
138.124.187.135 - - [12/Jan/2026:00:51:30 +0800] "POST /xmlrpc.php HTTP/1.1" 405 415 "-" "Mozilla/5.0 (Windows NT 10.0; Win64; x64; rv:58.0) Gecko/20100101 Firefox/58.0"
40.77.167.37 - - [12/Jan/2026:00:53:27 +0800] "GET /wp-content/uploads/2019/09/norfolk-wilston-052_orig-300x225.jpg HTTP/1.1" 200 12959 "-" "Mozilla/5.0 AppleWebKit/537.36 (KHTML, like Gecko; compatible; bingbot/2.0; +http://www.bing.com/bingbot.htm) Chrome/116.0.1938.76 Safari/537.36"
103.4.122.14 - - [12/Jan/2026:01:03:18 +0800] "POST /wp-cron.php?doing_wp_cron=1768150998.6174070835113525390625 HTTP/1.1" 200 - "-" "WordPress/6.9; https://gwfencing.com.au"
74.208.59.165 - - [12/Jan/2026:01:03:16 +0800] "GET /wp-login.php HTTP/1.1" 200 2755 "-" "GRequests/0.10"
74.208.59.165 - - [12/Jan/2026:01:03:19 +0800] "POST /wp-login.php HTTP/1.1" 200 2885 "-" "GRequests/0.10"
103.4.122.14 - - [12/Jan/2026:01:06:27 +0800] "POST /wp-cron.php?doing_wp_cron=1768151187.3505649566650390625000 HTTP/1.1" 200 - "-" "WordPress/6.9; https://gwfencing.com.au"
216.244.66.248 - - [12/Jan/2026:01:06:26 +0800] "GET /robots.txt HTTP/1.1" 200 117 "-" "Mozilla/5.0 (compatible; DotBot/1.2; +https://opensiteexplorer.org/dotbot; help@moz.com)"
34.11.1.134 - - [12/Jan/2026:01:11:05 +0800] "GET / HTTP/1.1" 301 - "-" "Mozilla/5.0 (Windows NT 10.0; Win64; x64) AppleWebKit/537.36 (KHTML, like Gecko) Chrome/78.0.3904.108 Safari/537.36"
34.11.1.134 - - [12/Jan/2026:01:11:07 +0800] "GET / HTTP/1.1" 200 35548 "-" "Mozilla/5.0 (Windows NT 10.0; Win64; x64) AppleWebKit/537.36 (KHTML, like Gecko) Chrome/78.0.3904.108 Safari/537.36"
34.11.1.134 - - [12/Jan/2026:01:11:08 +0800] "GET //wp-includes/wlwmanifest.xml HTTP/1.1" 301 - "-" "Mozilla/5.0 (Windows NT 10.0; Win64; x64) AppleWebKit/537.36 (KHTML, like Gecko) Chrome/78.0.3904.108 Safari/537.36"
34.11.1.134 - - [12/Jan/2026:01:11:09 +0800] "GET //xmlrpc.php?rsd HTTP/1.1" 200 810 "-" "Mozilla/5.0 (Windows NT 10.0; Win64; x64) AppleWebKit/537.36 (KHTML, like Gecko) Chrome/78.0.3904.108 Safari/537.36"
34.11.1.134 - - [12/Jan/2026:01:11:10 +0800] "GET //?author=1 HTTP/1.1" 200 - "-" "Mozilla/5.0 (Windows NT 10.0; Win64; x64) AppleWebKit/537.36 (KHTML, like Gecko) Chrome/78.0.3904.108 Safari/537.36"
34.11.1.134 - - [12/Jan/2026:01:11:11 +0800] "GET //?author=2 HTTP/1.1" 200 - "-" "Mozilla/5.0 (Windows NT 10.0; Win64; x64) AppleWebKit/537.36 (KHTML, like Gecko) Chrome/78.0.3904.108 Safari/537.36"
34.11.1.134 - - [12/Jan/2026:01:11:12 +0800] "GET //wp-json/wp/v2/users/ HTTP/1.1" 403 199 "-" "Mozilla/5.0 (Windows NT 10.0; Win64; x64) AppleWebKit/537.36 (KHTML, like Gecko) Chrome/78.0.3904.108 Safari/537.36"
34.11.1.134 - - [12/Jan/2026:01:11:12 +0800] "GET //wp-json/oembed/1.0/embed?url=https://gwfencing.com.au/ HTTP/1.1" 200 2159 "-" "Mozilla/5.0 (Windows NT 10.0; Win64; x64) AppleWebKit/537.36 (KHTML, like Gecko) Chrome/78.0.3904.108 Safari/537.36"
34.11.1.134 - - [12/Jan/2026:01:11:13 +0800] "POST //xmlrpc.php HTTP/1.1" 200 413 "-" "Mozilla/5.0 (Windows NT 10.0; Win64; x64) AppleWebKit/537.36 (KHTML, like Gecko) Chrome/78.0.3904.108 Safari/537.36"
103.4.122.14 - - [12/Jan/2026:01:16:33 +0800] "POST /wp-cron.php?doing_wp_cron=1768151793.2876660823822021484375 HTTP/1.1" 200 - "-" "WordPress/6.9; https://gwfencing.com.au"
216.244.66.248 - - [12/Jan/2026:01:16:32 +0800] "GET /?C=N;O=A HTTP/1.1" 301 - "-" "Mozilla/5.0 (compatible; DotBot/1.2; +https://opensiteexplorer.org/dotbot; help@moz.com)"
103.4.122.14 - - [12/Jan/2026:01:33:49 +0800] "POST /wp-cron.php?doing_wp_cron=1768152829.3116350173950195312500 HTTP/1.1" 200 - "-" "WordPress/6.9; https://gwfencing.com.au"
51.79.166.146 - - [12/Jan/2026:01:33:48 +0800] "POST /xmlrpc.php HTTP/1.1" 405 415 "-" "Mozilla/5.0 (Windows NT 10.0; Win64; x64; rv:78.0) Gecko/20100101 Firefox/78.0"
103.4.122.14 - - [12/Jan/2026:02:18:00 +0800] "POST /wp-cron.php?doing_wp_cron=1768155479.8096449375152587890625 HTTP/1.1" 200 - "-" "WordPress/6.9; https://gwfencing.com.au"
160.250.187.2 - - [12/Jan/2026:02:17:58 +0800] "POST /xmlrpc.php HTTP/1.1" 405 415 "-" "Mozilla/5.0 (Windows NT 10.0; Win64; x64; rv:50.0) Gecko/20100101 Firefox/50.0"
103.4.122.14 - - [12/Jan/2026:02:38:54 +0800] "POST /wp-cron.php?doing_wp_cron=1768156734.9090909957885742187500 HTTP/1.1" 200 - "-" "WordPress/6.9; https://gwfencing.com.au"
34.106.18.251 - - [12/Jan/2026:02:38:53 +0800] "HEAD /wordpress/ HTTP/1.1" 301 - "-" "Mozilla/5.0 (iPhone; CPU iPhone OS 16_7 like Mac OS X) AppleWebKit/605.1.15 (KHTML, like Gecko) Version/16.7 Mobile/15E148 Safari/604.1"
34.106.18.251 - - [12/Jan/2026:02:38:55 +0800] "HEAD /wordpress/ HTTP/1.1" 404 - "http://www.gwfencing.com.au/wordpress/" "Mozilla/5.0 (iPhone; CPU iPhone OS 16_7 like Mac OS X) AppleWebKit/605.1.15 (KHTML, like Gecko) Version/16.7 Mobile/15E148 Safari/604.1"
34.106.18.251 - - [12/Jan/2026:02:38:56 +0800] "HEAD /old/ HTTP/1.1" 301 - "-" "Mozilla/5.0 (Windows NT 10.0; Win64; x64; rv:127.0) Gecko/20100101 Firefox/127.0"
34.106.18.251 - - [12/Jan/2026:02:38:56 +0800] "HEAD /old/ HTTP/1.1" 404 - "http://www.gwfencing.com.au/old/" "Mozilla/5.0 (Windows NT 10.0; Win64; x64; rv:127.0) Gecko/20100101 Firefox/127.0"
34.106.18.251 - - [12/Jan/2026:02:38:57 +0800] "HEAD /blog/ HTTP/1.1" 301 - "-" "Mozilla/5.0 (Macintosh; Intel Mac OS X 15_0) AppleWebKit/537.36 (KHTML, like Gecko) Chrome/125.0.6422.141 Safari/537.36"
34.106.18.251 - - [12/Jan/2026:02:38:58 +0800] "HEAD /blog/ HTTP/1.1" 410 - "http://www.gwfencing.com.au/blog/" "Mozilla/5.0 (Macintosh; Intel Mac OS X 15_0) AppleWebKit/537.36 (KHTML, like Gecko) Chrome/125.0.6422.141 Safari/537.36"
34.106.18.251 - - [12/Jan/2026:02:38:59 +0800] "HEAD /backup/ HTTP/1.1" 301 - "-" "Mozilla/5.0 (Linux; Android 12; TECNO CK6n) AppleWebKit/537.36 (KHTML, like Gecko) Chrome/125.0.6422.50 Mobile Safari/537.36"
34.106.18.251 - - [12/Jan/2026:02:39:00 +0800] "HEAD /backup/ HTTP/1.1" 404 - "http://www.gwfencing.com.au/backup/" "Mozilla/5.0 (Linux; Android 12; TECNO CK6n) AppleWebKit/537.36 (KHTML, like Gecko) Chrome/125.0.6422.50 Mobile Safari/537.36"
34.106.18.251 - - [12/Jan/2026:02:39:00 +0800] "HEAD / HTTP/1.1" 301 - "-" "Mozilla/5.0 (Windows NT 11.0; Win64; x64) AppleWebKit/537.36 (KHTML, like Gecko) Edg/128.0.2790.25 Chrome/128.0.6540.22 Safari/537.36"
34.106.18.251 - - [12/Jan/2026:02:39:02 +0800] "HEAD / HTTP/1.1" 200 - "http://www.gwfencing.com.au/" "Mozilla/5.0 (Windows NT 11.0; Win64; x64) AppleWebKit/537.36 (KHTML, like Gecko) Edg/128.0.2790.25 Chrome/128.0.6540.22 Safari/537.36"
34.106.18.251 - - [12/Jan/2026:02:39:02 +0800] "HEAD /new/ HTTP/1.1" 301 - "-" "Mozilla/5.0 (Linux; Android 13; Infinix X688B) AppleWebKit/537.36 (KHTML, like Gecko) Chrome/124.0.6367.48 Mobile Safari/537.36"
34.106.18.251 - - [12/Jan/2026:02:39:03 +0800] "HEAD /new/ HTTP/1.1" 404 - "http://www.gwfencing.com.au/new/" "Mozilla/5.0 (Linux; Android 13; Infinix X688B) AppleWebKit/537.36 (KHTML, like Gecko) Chrome/124.0.6367.48 Mobile Safari/537.36"
34.106.18.251 - - [12/Jan/2026:02:39:04 +0800] "HEAD /wp/ HTTP/1.1" 301 - "-" "Mozilla/5.0 (Linux; Android 14; RMX3842) AppleWebKit/537.36 (KHTML, like Gecko) Chrome/126.0.6478.44 Mobile Safari/537.36"
34.106.18.251 - - [12/Jan/2026:02:39:05 +0800] "HEAD /wp/ HTTP/1.1" 404 - "http://www.gwfencing.com.au/wp/" "Mozilla/5.0 (Linux; Android 14; RMX3842) AppleWebKit/537.36 (KHTML, like Gecko) Chrome/126.0.6478.44 Mobile Safari/537.36"
103.4.122.14 - - [12/Jan/2026:03:05:08 +0800] "POST /wp-cron.php?doing_wp_cron=1768158307.8011789321899414062500 HTTP/1.1" 200 - "-" "WordPress/6.9; https://gwfencing.com.au"
115.79.136.140 - - [12/Jan/2026:03:05:06 +0800] "POST /xmlrpc.php HTTP/1.1" 405 415 "-" "Mozilla/5.0 (Windows NT 10.0; Win64; x64; rv:91.0) Gecko/20100101 Firefox/91.0"
103.4.122.14 - - [12/Jan/2026:03:10:15 +0800] "POST /wp-cron.php?doing_wp_cron=1768158615.5918130874633789062500 HTTP/1.1" 200 - "-" "WordPress/6.9; https://gwfencing.com.au"
34.106.144.50 - - [12/Jan/2026:03:10:14 +0800] "HEAD /old/ HTTP/1.1" 404 - "-" "Mozilla/5.0 (Windows NT 10.0; Win64; x64) AppleWebKit/537.36 (KHTML, like Gecko) Chrome/127.0.6534.42 Safari/537.36"
34.106.144.50 - - [12/Jan/2026:03:10:15 +0800] "HEAD /wp/ HTTP/1.1" 404 - "-" "Mozilla/5.0 (Windows NT 10.0; Win64; x64) AppleWebKit/537.36 (KHTML, like Gecko) Chrome/127.0.6534.42 Safari/537.36"
34.106.144.50 - - [12/Jan/2026:03:10:16 +0800] "HEAD /new/ HTTP/1.1" 404 - "-" "Mozilla/5.0 (Linux; Android 12; TECNO CK6n) AppleWebKit/537.36 (KHTML, like Gecko) Chrome/125.0.6422.50 Mobile Safari/537.36"
34.106.144.50 - - [12/Jan/2026:03:10:17 +0800] "HEAD / HTTP/1.1" 301 - "-" "Mozilla/5.0 (iPhone; CPU iPhone OS 16_7 like Mac OS X) AppleWebKit/605.1.15 (KHTML, like Gecko) Version/16.7 Mobile/15E148 Safari/604.1"
34.106.144.50 - - [12/Jan/2026:03:10:18 +0800] "HEAD / HTTP/1.1" 200 - "http://gwfencing.com.au/" "Mozilla/5.0 (iPhone; CPU iPhone OS 16_7 like Mac OS X) AppleWebKit/605.1.15 (KHTML, like Gecko) Version/16.7 Mobile/15E148 Safari/604.1"
34.106.144.50 - - [12/Jan/2026:03:10:19 +0800] "HEAD /wordpress/ HTTP/1.1" 404 - "-" "Mozilla/5.0 (Linux; Android 11; moto g31) AppleWebKit/537.36 (KHTML, like Gecko) Chrome/122.0.6261.96 Mobile Safari/537.36"
34.106.144.50 - - [12/Jan/2026:03:10:20 +0800] "HEAD /backup/ HTTP/1.1" 404 - "-" "Mozilla/5.0 (Linux; Android 14; Samsung SM-A546B) AppleWebKit/537.36 (KHTML, like Gecko) Chrome/126.0.6478.14 Mobile Safari/537.36"
34.106.144.50 - - [12/Jan/2026:03:10:21 +0800] "HEAD /blog/ HTTP/1.1" 410 - "-" "Mozilla/5.0 (iPhone; CPU iPhone OS 17_5 like Mac OS X) AppleWebKit/605.1.15 (KHTML, like Gecko) Version/17.5 Mobile/15E148 Safari/604.1"
103.4.122.14 - - [12/Jan/2026:03:35:41 +0800] "POST /wp-cron.php?doing_wp_cron=1768160141.3448901176452636718750 HTTP/1.1" 200 - "-" "WordPress/6.9; https://gwfencing.com.au"
142.44.228.67 - - [12/Jan/2026:03:35:40 +0800] "GET /robots.txt HTTP/1.1" 200 112 "-" "Mozilla/5.0 (compatible; AhrefsBot/7.0; +http://ahrefs.com/robot/)"
54.38.147.235 - - [12/Jan/2026:03:35:45 +0800] "GET /wp-sitemap.xml HTTP/1.1" 404 18918 "-" "Mozilla/5.0 (compatible; AhrefsBot/7.0; +http://ahrefs.com/robot/)"
103.4.122.14 - - [12/Jan/2026:03:38:15 +0800] "POST /wp-cron.php?doing_wp_cron=1768160295.8927950859069824218750 HTTP/1.1" 200 - "-" "WordPress/6.9; https://gwfencing.com.au"
51.68.107.149 - - [12/Jan/2026:03:38:14 +0800] "GET /robots.txt HTTP/1.1" 200 112 "-" "Mozilla/5.0 (compatible; MJ12bot/v2.0.4; http://mj12bot.com/)"
51.68.107.149 - - [12/Jan/2026:03:38:17 +0800] "GET / HTTP/1.1" 301 - "-" "Mozilla/5.0 (compatible; MJ12bot/v2.0.4; http://mj12bot.com/)"
51.68.107.149 - - [12/Jan/2026:03:38:20 +0800] "GET /robots.txt HTTP/1.1" 200 112 "-" "Mozilla/5.0 (compatible; MJ12bot/v2.0.4; http://mj12bot.com/)"
51.68.107.149 - - [12/Jan/2026:03:38:21 +0800] "GET / HTTP/1.1" 200 8308 "-" "Mozilla/5.0 (compatible; MJ12bot/v2.0.4; http://mj12bot.com/)"
51.68.107.149 - - [12/Jan/2026:03:38:23 +0800] "GET /robots.txt HTTP/1.1" 301 - "-" "Mozilla/5.0 (compatible; MJ12bot/v2.0.4; http://mj12bot.com/)"
51.68.107.149 - - [12/Jan/2026:03:38:27 +0800] "GET /robots.txt HTTP/1.1" 200 112 "-" "Mozilla/5.0 (compatible; MJ12bot/v2.0.4; http://mj12bot.com/)"
51.68.107.149 - - [12/Jan/2026:03:38:28 +0800] "GET / HTTP/1.1" 301 - "-" "Mozilla/5.0 (compatible; MJ12bot/v2.0.4; http://mj12bot.com/)"
51.68.107.149 - - [12/Jan/2026:03:38:32 +0800] "GET / HTTP/1.1" 200 8308 "-" "Mozilla/5.0 (compatible; MJ12bot/v2.0.4; http://mj12bot.com/)"
40.77.167.187 - - [12/Jan/2026:03:39:17 +0800] "GET /robots.txt HTTP/1.1" 301 - "-" "Mozilla/5.0 AppleWebKit/537.36 (KHTML, like Gecko; compatible; bingbot/2.0; +http://www.bing.com/bingbot.htm) Chrome/116.0.1938.76 Safari/537.36"
40.77.167.187 - - [12/Jan/2026:03:39:19 +0800] "GET /robots.txt HTTP/1.1" 200 112 "-" "Mozilla/5.0 AppleWebKit/537.36 (KHTML, like Gecko; compatible; bingbot/2.0; +http://www.bing.com/bingbot.htm) Chrome/116.0.1938.76 Safari/537.36"
52.167.144.217 - - [12/Jan/2026:03:39:21 +0800] "GET /sitemap_index.xml HTTP/1.1" 200 303 "-" "Mozilla/5.0 AppleWebKit/537.36 (KHTML, like Gecko; compatible; bingbot/2.0; +http://www.bing.com/bingbot.htm) Chrome/116.0.1938.76 Safari/537.36"
43.135.130.202 - - [12/Jan/2026:03:56:35 +0800] "GET / HTTP/1.1" 403 199 "-" "Mozilla/5.0 (iPhone; CPU iPhone OS 13_2_3 like Mac OS X) AppleWebKit/605.1.15 (KHTML, like Gecko) Version/13.0.3 Mobile/15E148 Safari/604.1"
103.4.122.14 - - [12/Jan/2026:04:19:38 +0800] "POST /wp-cron.php?doing_wp_cron=1768162778.2741999626159667968750 HTTP/1.1" 200 - "-" "WordPress/6.9; https://gwfencing.com.au"
164.52.194.192 - - [12/Jan/2026:04:19:37 +0800] "POST /xmlrpc.php HTTP/1.1" 405 415 "-" "Mozilla/5.0 (Windows NT 10.0; Win64; x64; rv:57.0) Gecko/20100101 Firefox/57.0"
43.159.145.149 - - [12/Jan/2026:04:33:51 +0800] "GET / HTTP/1.1" 403 199 "-" "Mozilla/5.0 (iPhone; CPU iPhone OS 13_2_3 like Mac OS X) AppleWebKit/605.1.15 (KHTML, like Gecko) Version/13.0.3 Mobile/15E148 Safari/604.1"
103.4.122.14 - - [12/Jan/2026:04:35:54 +0800] "POST /wp-cron.php?doing_wp_cron=1768163753.7890269756317138671875 HTTP/1.1" 200 - "-" "WordPress/6.9; https://gwfencing.com.au"
185.191.171.7 - - [12/Jan/2026:04:35:52 +0800] "GET /robots.txt HTTP/1.1" 200 112 "-" "Mozilla/5.0 (compatible; SemrushBot/7~bl; +http://www.semrush.com/bot.html)"
85.208.96.211 - - [12/Jan/2026:04:35:54 +0800] "GET /contacts/ HTTP/1.1" 200 6751 "-" "Mozilla/5.0 (compatible; SemrushBot/7~bl; +http://www.semrush.com/bot.html)"
103.4.122.14 - - [12/Jan/2026:04:41:13 +0800] "POST /wp-cron.php?doing_wp_cron=1768164073.1957910060882568359375 HTTP/1.1" 200 - "-" "WordPress/6.9; https://gwfencing.com.au"
103.110.84.178 - - [12/Jan/2026:04:41:12 +0800] "POST /xmlrpc.php HTTP/1.1" 405 415 "-" "Mozilla/5.0 (Windows NT 10.0; Win64; x64; rv:81.0) Gecko/20100101 Firefox/81.0"
103.4.122.14 - - [12/Jan/2026:05:12:31 +0800] "POST /wp-cron.php?doing_wp_cron=1768165950.9521811008453369140625 HTTP/1.1" 200 - "-" "WordPress/6.9; https://gwfencing.com.au"
54.38.147.254 - - [12/Jan/2026:05:12:29 +0800] "GET /sporting-fencing/ HTTP/1.1" 200 6363 "-" "Mozilla/5.0 (compatible; AhrefsBot/7.0; +http://ahrefs.com/robot/)"
103.4.122.14 - - [12/Jan/2026:05:18:57 +0800] "POST /wp-cron.php?doing_wp_cron=1768166337.1201241016387939453125 HTTP/1.1" 200 - "-" "WordPress/6.9; https://gwfencing.com.au"
192.165.45.205 - - [12/Jan/2026:05:18:56 +0800] "GET / HTTP/1.1" 301 - "-" "Mozilla/5.0 (Macintosh; Intel Mac OS X 10_15_7) AppleWebKit/605.1.15 (KHTML, like Gecko) Version/17.3.1 Safari/605.1.1"
192.36.173.21 - - [12/Jan/2026:05:18:58 +0800] "GET / HTTP/1.1" 200 8308 "http://gwfencing.com.au/" "Mozilla/5.0 (Macintosh; Intel Mac OS X 10_15_7) AppleWebKit/605.1.15 (KHTML, like Gecko) Version/17.3.1 Safari/605.1.1"
192.121.136.190 - - [12/Jan/2026:05:19:00 +0800] "GET /security-fencing/ HTTP/1.1" 200 6120 "-" "Mozilla/5.0 (Macintosh; Intel Mac OS X 10_15_7) AppleWebKit/605.1.15 (KHTML, like Gecko) Version/17.3.1 Safari/605.1.1"
192.165.45.205 - - [12/Jan/2026:05:19:02 +0800] "GET /sporting-fencing/ HTTP/1.1" 200 6363 "-" "Mozilla/5.0 (Macintosh; Intel Mac OS X 10_15_7) AppleWebKit/605.1.15 (KHTML, like Gecko) Version/17.3.1 Safari/605.1.1"
192.36.166.94 - - [12/Jan/2026:05:19:04 +0800] "GET /testimonials/ HTTP/1.1" 200 6623 "-" "Mozilla/5.0 (Macintosh; Intel Mac OS X 10_15_7) AppleWebKit/605.1.15 (KHTML, like Gecko) Version/17.3.1 Safari/605.1.1"
103.4.122.14 - - [12/Jan/2026:05:21:30 +0800] "POST /wp-cron.php?doing_wp_cron=1768166490.6544220447540283203125 HTTP/1.1" 200 - "-" "WordPress/6.9; https://gwfencing.com.au"
51.89.129.221 - - [12/Jan/2026:05:21:29 +0800] "GET /wp-sitemap.xml HTTP/1.1" 404 18918 "-" "Mozilla/5.0 (compatible; AhrefsBot/7.0; +http://ahrefs.com/robot/)"
103.4.122.14 - - [12/Jan/2026:05:27:02 +0800] "POST /wp-cron.php?doing_wp_cron=1768166822.0622339248657226562500 HTTP/1.1" 200 - "-" "WordPress/6.9; https://gwfencing.com.au"
74.208.59.165 - - [12/Jan/2026:05:26:59 +0800] "GET /wp-login.php HTTP/1.1" 200 2755 "-" "GRequests/0.10"
74.208.59.165 - - [12/Jan/2026:05:27:03 +0800] "POST /wp-login.php HTTP/1.1" 200 2885 "-" "GRequests/0.10"
103.4.122.14 - - [12/Jan/2026:05:32:18 +0800] "POST /wp-cron.php?doing_wp_cron=1768167137.9804370403289794921875 HTTP/1.1" 200 - "-" "WordPress/6.9; https://gwfencing.com.au"
107.173.171.201 - - [12/Jan/2026:05:32:16 +0800] "GET / HTTP/1.1" 301 - "-" "Mozilla/5.0 (Macintosh; Intel Mac OS X 15_7_3) AppleWebKit/605.1.15 (KHTML, like Gecko) Version/26.0 Safari/605.1.15"
107.173.171.201 - - [12/Jan/2026:05:32:19 +0800] "GET / HTTP/1.1" 200 8308 "http://www.gwfencing.com.au/" "Mozilla/5.0 (Macintosh; Intel Mac OS X 15_7_3) AppleWebKit/605.1.15 (KHTML, like Gecko) Version/26.0 Safari/605.1.15"
116.58.205.78 - - [12/Jan/2026:05:36:16 +0800] "GET /testimonials/ HTTP/1.1" 200 6623 "-" "Mozilla/5.0 (Windows NT 6.1) AppleWebKit/537.36 (KHTML, like Gecko) Chrome/28.0.1468.0 Safari/537.36"
103.4.122.14 - - [12/Jan/2026:05:40:25 +0800] "POST /wp-cron.php?doing_wp_cron=1768167625.1808669567108154296875 HTTP/1.1" 200 - "-" "WordPress/6.9; https://gwfencing.com.au"
104.210.140.136 - - [12/Jan/2026:05:40:24 +0800] "GET /robots.txt HTTP/1.1" 200 112 "-" "Mozilla/5.0 (Macintosh; Intel Mac OS X 10_15_7) AppleWebKit/537.36 (KHTML, like Gecko) Chrome/131.0.0.0 Safari/537.36; compatible; OAI-SearchBot/1.0; +https://openai.com/searchbot"
185.246.164.237 - - [12/Jan/2026:05:49:50 +0800] "POST /xmlrpc.php HTTP/1.1" 405 415 "-" "Mozilla/5.0 (Windows NT 10.0; Win64; x64; rv:48.0) Gecko/20100101 Firefox/48.0"
103.4.122.14 - - [12/Jan/2026:05:49:51 +0800] "POST /wp-cron.php?doing_wp_cron=1768168191.7620539665222167968750 HTTP/1.1" 200 - "-" "WordPress/6.9; https://gwfencing.com.au"
40.77.167.78 - - [12/Jan/2026:05:54:28 +0800] "GET /wp-content/uploads/2019/09/2016-9-14-27-copy_orig-51x80.jpg HTTP/1.1" 200 1309 "-" "Mozilla/5.0 AppleWebKit/537.36 (KHTML, like Gecko; compatible; bingbot/2.0; +http://www.bing.com/bingbot.htm) Chrome/116.0.1938.76 Safari/537.36"
103.4.122.14 - - [12/Jan/2026:06:15:35 +0800] "POST /wp-cron.php?doing_wp_cron=1768169735.2523059844970703125000 HTTP/1.1" 200 - "-" "WordPress/6.9; https://gwfencing.com.au"
159.223.3.98 - - [12/Jan/2026:06:15:33 +0800] "POST /xmlrpc.php HTTP/1.1" 405 415 "-" "Mozilla/5.0 (Windows NT 10.0; Win64; x64; rv:45.0) Gecko/20100101 Firefox/45.0"
103.4.122.14 - - [12/Jan/2026:06:26:04 +0800] "POST /wp-cron.php?doing_wp_cron=1768170364.4503479003906250000000 HTTP/1.1" 200 - "-" "WordPress/6.9; https://gwfencing.com.au"
198.244.168.1 - - [12/Jan/2026:06:26:03 +0800] "GET /wallet%20%E0%B8%9D%E0%B8%B2%E0%B8%81%201%20%E0%B8%A3%E0%B8%B1%E0%B8%9A%2020.aspx HTTP/1.1" 404 20032 "-" "Mozilla/5.0 (compatible; AhrefsBot/7.0; +http://ahrefs.com/robot/)"
103.4.122.14 - - [12/Jan/2026:06:49:53 +0800] "POST /wp-cron.php?doing_wp_cron=1768171793.7965359687805175781250 HTTP/1.1" 200 - "-" "WordPress/6.9; https://gwfencing.com.au"
18.97.9.175 - - [12/Jan/2026:06:49:52 +0800] "GET /robots.txt HTTP/1.1" 200 112 "-" "CCBot/2.0 (https://commoncrawl.org/faq/)"
18.97.9.175 - - [12/Jan/2026:06:49:54 +0800] "GET /wp-sitemap.xml HTTP/1.1" 404 18918 "-" "CCBot/2.0 (https://commoncrawl.org/faq/)"
103.4.122.14 - - [12/Jan/2026:07:06:10 +0800] "POST /wp-cron.php?doing_wp_cron=1768172770.2266209125518798828125 HTTP/1.1" 200 - "-" "WordPress/6.9; https://gwfencing.com.au"
130.51.80.27 - - [12/Jan/2026:07:06:09 +0800] "POST /xmlrpc.php HTTP/1.1" 405 415 "-" "Mozilla/5.0 (Windows NT 10.0; Win64; x64; rv:87.0) Gecko/20100101 Firefox/87.0"
103.4.122.14 - - [12/Jan/2026:07:23:59 +0800] "POST /wp-cron.php?doing_wp_cron=1768173838.8200709819793701171875 HTTP/1.1" 200 - "-" "WordPress/6.9; https://gwfencing.com.au"
51.195.183.53 - - [12/Jan/2026:07:23:57 +0800] "GET / HTTP/1.1" 200 8308 "-" "Mozilla/5.0 (compatible; AhrefsBot/7.0; +http://ahrefs.com/robot/)"
52.167.144.158 - - [12/Jan/2026:07:35:42 +0800] "GET /wp-content/uploads/2021/05/IMG_1150-80x60.jpg HTTP/1.1" 200 3350 "-" "Mozilla/5.0 AppleWebKit/537.36 (KHTML, like Gecko; compatible; bingbot/2.0; +http://www.bing.com/bingbot.htm) Chrome/116.0.1938.76 Safari/537.36"
52.167.144.184 - - [12/Jan/2026:08:06:01 +0800] "GET /wp-content/uploads/2019/09/various-206_orig-80x60.jpg HTTP/1.1" 200 1917 "-" "Mozilla/5.0 AppleWebKit/537.36 (KHTML, like Gecko; compatible; bingbot/2.0; +http://www.bing.com/bingbot.htm) Chrome/116.0.1938.76 Safari/537.36"
103.4.122.14 - - [12/Jan/2026:08:26:41 +0800] "POST /wp-cron.php?doing_wp_cron=1768177601.2808930873870849609375 HTTP/1.1" 200 - "-" "WordPress/6.9; https://gwfencing.com.au"
66.249.79.206 - - [12/Jan/2026:08:26:40 +0800] "GET / HTTP/1.1" 200 8308 "-" "Mozilla/5.0 (Linux; Android 6.0.1; Nexus 5X Build/MMB29P) AppleWebKit/537.36 (KHTML, like Gecko) Chrome/143.0.7499.169 Mobile Safari/537.36 (compatible; Googlebot/2.1; +http://www.google.com/bot.html)"
51.89.129.151 - - [12/Jan/2026:08:26:42 +0800] "GET /wp-sitemap.xml HTTP/1.1" 404 18918 "-" "Mozilla/5.0 (compatible; AhrefsBot/7.0; +http://ahrefs.com/robot/)"
66.249.79.193 - - [12/Jan/2026:08:27:05 +0800] "GET /wp-content/cache/autoptimize/js/autoptimize_2753fa3c998958f85539910b5ab38b6b.js HTTP/1.1" 200 481819 "https://gwfencing.com.au/" "Mozilla/5.0 (Linux; Android 6.0.1; Nexus 5X Build/MMB29P) AppleWebKit/537.36 (KHTML, like Gecko) Chrome/143.0.7499.169 Mobile Safari/537.36 (compatible; Googlebot/2.1; +http://www.google.com/bot.html)"
66.249.79.206 - - [12/Jan/2026:08:27:06 +0800] "GET /wp-content/themes/blazeWP/images/placeholder.svg HTTP/1.1" 200 68 "https://gwfencing.com.au/" "Mozilla/5.0 (Linux; Android 6.0.1; Nexus 5X Build/MMB29P) AppleWebKit/537.36 (KHTML, like Gecko) Chrome/143.0.7499.169 Mobile Safari/537.36 (compatible; Googlebot/2.1; +http://www.google.com/bot.html)"
66.249.79.193 - - [12/Jan/2026:08:28:06 +0800] "GET / HTTP/1.1" 200 8308 "-" "Mozilla/5.0 (Linux; Android 6.0.1; Nexus 5X Build/MMB29P) AppleWebKit/537.36 (KHTML, like Gecko) Chrome/143.0.7499.169 Mobile Safari/537.36 (compatible; Googlebot/2.1; +http://www.google.com/bot.html)"
66.249.79.192 - - [12/Jan/2026:08:29:16 +0800] "GET /wp-content/themes/blazeWP/css/content.css?ver=20180514 HTTP/1.1" 200 2291 "https://gwfencing.com.au/" "Mozilla/5.0 (Linux; Android 6.0.1; Nexus 5X Build/MMB29P) AppleWebKit/537.36 (KHTML, like Gecko) Chrome/143.0.7499.169 Mobile Safari/537.36 (compatible; Googlebot/2.1; +http://www.google.com/bot.html)"
66.249.79.192 - - [12/Jan/2026:08:29:17 +0800] "GET /wp-includes/js/dist/hooks.min.js HTTP/1.1" 200 1941 "https://gwfencing.com.au/" "Mozilla/5.0 (Linux; Android 6.0.1; Nexus 5X Build/MMB29P) AppleWebKit/537.36 (KHTML, like Gecko) Chrome/143.0.7499.169 Mobile Safari/537.36 (compatible; Googlebot/2.1; +http://www.google.com/bot.html)"
170.106.143.6 - - [12/Jan/2026:09:06:09 +0800] "GET / HTTP/1.1" 403 199 "-" "Mozilla/5.0 (iPhone; CPU iPhone OS 13_2_3 like Mac OS X) AppleWebKit/605.1.15 (KHTML, like Gecko) Version/13.0.3 Mobile/15E148 Safari/604.1"
103.4.122.13 - - [12/Jan/2026:09:12:24 +0800] "GET /wp-cron.php HTTP/1.1" 200 - "-" "WordPress/6.9; https://wpmain.screwlooseit.com.au"
220.233.234.18 - - [12/Jan/2026:09:15:26 +0800] "GET /wp-content/uploads/2019/09/specialising-in.jpg HTTP/1.1" 200 77002 "https://www.bing.com/" "Mozilla/5.0 (Windows NT 10.0; Win64; x64) AppleWebKit/537.36 (KHTML, like Gecko) Chrome/127.0.0.0 Safari/537.36 Edg/127.0.0.0"
103.4.122.14 - - [12/Jan/2026:09:24:19 +0800] "POST /wp-cron.php?doing_wp_cron=1768181059.7035369873046875000000 HTTP/1.1" 200 - "-" "WordPress/6.9; https://gwfencing.com.au"
198.244.226.244 - - [12/Jan/2026:09:24:18 +0800] "GET /%E0%B9%80%E0%B8%A7%E0%B9%87%E0%B8%9A%E0%B8%AA%E0%B8%A5%E0%B9%87%E0%B8%AD%E0%B8%95%E0%B8%95%E0%B8%A3%E0%B8%87%20%E0%B8%97%E0%B8%B1%E0%B9%89%E0%B8%87%E0%B8%AB%E0%B8%A1%E0%B8%94.aspx HTTP/1.1" 404 20032 "-" "Mozilla/5.0 (compatible; AhrefsBot/7.0; +http://ahrefs.com/robot/)"
86.106.74.251 - - [12/Jan/2026:09:50:43 +0800] "GET / HTTP/1.0" 301 - "http://gwfencing.com.au/" "Mozilla/5.0 (Windows NT 10.0; Win64; x64) AppleWebKit/537.36 (KHTML, like Gecko) Chrome/130.0.0.0 Safari/537.36"
86.106.74.251 - - [12/Jan/2026:09:50:47 +0800] "GET / HTTP/1.0" 200 35548 "https://gwfencing.com.au/" "Mozilla/5.0 (Windows NT 10.0; Win64; x64) AppleWebKit/537.36 (KHTML, like Gecko) Chrome/130.0.0.0 Safari/537.36"
86.106.74.251 - - [12/Jan/2026:09:50:50 +0800] "GET /contacts/ HTTP/1.0" 200 24045 "https://gwfencing.com.au/contacts/" "Mozilla/5.0 (Windows NT 10.0; Win64; x64) AppleWebKit/537.36 (KHTML, like Gecko) Chrome/130.0.0.0 Safari/537.36"
86.106.74.251 - - [12/Jan/2026:09:50:53 +0800] "POST /contacts/ HTTP/1.0" 200 25067 "https://gwfencing.com.au/contacts/" "Mozilla/5.0 (Windows NT 10.0; Win64; x64) AppleWebKit/537.36 (KHTML, like Gecko) Chrome/130.0.0.0 Safari/537.36"
103.4.122.14 - - [12/Jan/2026:09:58:35 +0800] "POST /wp-cron.php?doing_wp_cron=1768183114.8411269187927246093750 HTTP/1.1" 200 - "-" "WordPress/6.9; https://gwfencing.com.au"
104.28.222.237 - - [12/Jan/2026:09:58:30 +0800] "GET /contacts/ HTTP/1.1" 200 6751 "-" "Mozilla/5.0 (Windows NT 10.0; Win64; x64) AppleWebKit/537.36 (KHTML, like Gecko) Chrome/114.0.0.0 Safari/537.36"
114.119.145.66 - - [12/Jan/2026:10:06:54 +0800] "GET /testimonials/ HTTP/1.1" 200 6623 "https://gwfencing.com.au/" "Mozilla/5.0 (Linux; Android 7.0;) AppleWebKit/537.36 (KHTML, like Gecko) Mobile Safari/537.36 (compatible; PetalBot;+https://webmaster.petalsearch.com/site/petalbot)"
103.4.122.14 - - [12/Jan/2026:10:30:53 +0800] "POST /wp-cron.php?doing_wp_cron=1768185052.8366160392761230468750 HTTP/1.1" 200 - "-" "WordPress/6.9; https://gwfencing.com.au"
114.119.133.83 - - [12/Jan/2026:10:30:51 +0800] "GET /commercial/ HTTP/1.1" 200 6424 "-" "Mozilla/5.0 (Linux; Android 7.0;) AppleWebKit/537.36 (KHTML, like Gecko) Mobile Safari/537.36 (compatible; PetalBot;+https://webmaster.petalsearch.com/site/petalbot)"
103.4.122.14 - - [12/Jan/2026:10:31:19 +0800] "POST /wp-cron.php?doing_wp_cron=1768185079.3952269554138183593750 HTTP/1.1" 200 - "-" "WordPress/6.9; https://gwfencing.com.au"
51.195.183.89 - - [12/Jan/2026:10:31:18 +0800] "GET /%E0%B8%97%E0%B8%B2%E0%B8%87%E0%B9%80%E0%B8%82%E0%B9%89%E0%B8%B2%E0%B8%A2%E0%B8%B9%E0%B8%9F%E0%B9%88%E0%B8%B2.aspx HTTP/1.1" 404 20032 "-" "Mozilla/5.0 (compatible; AhrefsBot/7.0; +http://ahrefs.com/robot/)"
114.119.146.197 - - [12/Jan/2026:10:32:10 +0800] "GET / HTTP/1.1" 200 8308 "-" "Mozilla/5.0 (Linux; Android 7.0;) AppleWebKit/537.36 (KHTML, like Gecko) Mobile Safari/537.36 (compatible; PetalBot;+https://webmaster.petalsearch.com/site/petalbot)"
43.157.50.58 - - [12/Jan/2026:10:35:30 +0800] "GET / HTTP/1.1" 403 199 "-" "Mozilla/5.0 (iPhone; CPU iPhone OS 13_2_3 like Mac OS X) AppleWebKit/605.1.15 (KHTML, like Gecko) Version/13.0.3 Mobile/15E148 Safari/604.1"
103.4.122.14 - - [12/Jan/2026:10:52:05 +0800] "POST /wp-cron.php?doing_wp_cron=1768186325.8172900676727294921875 HTTP/1.1" 200 - "-" "WordPress/6.9; https://gwfencing.com.au"
95.182.127.18 - - [12/Jan/2026:10:52:04 +0800] "GET / HTTP/1.0" 301 - "-" "Mozilla/5.0 (Windows NT 10.0; Win64; x64) AppleWebKit/537.36 (KHTML, like Gecko) Chrome/118.0.0.0 Safari/537.36"
95.182.127.18 - - [12/Jan/2026:10:52:07 +0800] "GET / HTTP/1.0" 200 35548 "-" "Mozilla/5.0 (Windows NT 10.0; Win64; x64) AppleWebKit/537.36 (KHTML, like Gecko) Chrome/118.0.0.0 Safari/537.36"
103.4.122.14 - - [12/Jan/2026:11:16:20 +0800] "POST /wp-cron.php?doing_wp_cron=1768187780.3145649433135986328125 HTTP/1.1" 200 - "-" "WordPress/6.9; https://gwfencing.com.au"
223.206.54.229 - - [12/Jan/2026:11:16:19 +0800] "GET /wp-json/wp/v2/posts HTTP/1.1" 200 2 "-" "Mozilla/5.0 (Windows NT 10.0; Win64; x64) AppleWebKit/537.36 (KHTML, like Gecko) Chrome/120.0.0.0 Safari/537.36"
103.4.122.14 - - [12/Jan/2026:11:27:38 +0800] "POST /wp-cron.php?doing_wp_cron=1768188458.3883390426635742187500 HTTP/1.1" 200 - "-" "WordPress/6.9; https://gwfencing.com.au"
220.181.51.88 - - [12/Jan/2026:11:27:37 +0800] "GET /robots.txt HTTP/1.1" 200 112 "-" "Mozilla/5.0 (Windows NT 10.0; WOW64) AppleWebKit/537.36 (KHTML, like Gecko) Chrome/48.0.2564.116 Safari/537.36"
119.249.100.53 - - [12/Jan/2026:11:27:37 +0800] "GET /robots.txt HTTP/1.1" 200 112 "-" "Mozilla/5.0 (Windows NT 10.0; WOW64) AppleWebKit/537.36 (KHTML, like Gecko) Chrome/48.0.2564.116 Safari/537.36"
220.181.108.144 - - [12/Jan/2026:11:27:37 +0800] "GET /contacts/ HTTP/1.1" 200 6751 "-" "Mozilla/5.0 (compatible; Baiduspider/2.0; +http://www.baidu.com/search/spider.html)"
103.4.122.14 - - [12/Jan/2026:11:32:39 +0800] "POST /wp-cron.php?doing_wp_cron=1768188759.0718929767608642578125 HTTP/1.1" 200 - "-" "WordPress/6.9; https://gwfencing.com.au"
220.181.51.85 - - [12/Jan/2026:11:32:37 +0800] "GET /contacts/ HTTP/1.1" 200 6751 "-" "Mozilla/5.0 (Windows NT 10.0; WOW64) AppleWebKit/537.36 (KHTML, like Gecko) Chrome/48.0.2564.116 Safari/537.36"
116.179.33.10 - - [12/Jan/2026:11:32:45 +0800] "GET /wp-content/cache/autoptimize/css/autoptimize_288d1614b3db780884de798c6a2ad11d.css HTTP/1.1" 200 38407 "https://gwfencing.com.au/contacts/" "Mozilla/5.0 (Windows NT 10.0; Win64; x64) AppleWebKit/537.36 (KHTML, like Gecko) Chrome/99.0.4844.51 Safari/537.36"
116.179.33.206 - - [12/Jan/2026:11:32:45 +0800] "GET /wp-includes/js/dist/i18n.min.js HTTP/1.1" 200 2229 "https://gwfencing.com.au/contacts/" "Mozilla/5.0 (Windows NT 10.0; Win64; x64) AppleWebKit/537.36 (KHTML, like Gecko) Chrome/99.0.4844.51 Safari/537.36"
116.179.33.75 - - [12/Jan/2026:11:32:45 +0800] "GET /wp-includes/js/dist/hooks.min.js HTTP/1.1" 200 1941 "https://gwfencing.com.au/contacts/" "Mozilla/5.0 (Windows NT 10.0; Win64; x64) AppleWebKit/537.36 (KHTML, like Gecko) Chrome/99.0.4844.51 Safari/537.36"
116.179.33.15 - - [12/Jan/2026:11:32:46 +0800] "GET /wp-includes/js/dist/vendor/wp-polyfill.min.js HTTP/1.1" 200 11852 "https://gwfencing.com.au/contacts/" "Mozilla/5.0 (Windows NT 10.0; Win64; x64) AppleWebKit/537.36 (KHTML, like Gecko) Chrome/99.0.4844.51 Safari/537.36"
116.179.33.75 - - [12/Jan/2026:11:32:47 +0800] "GET /wp-content/cache/autoptimize/js/autoptimize_c76c92add9b2e9ef2a2032c7f1e17636.js HTTP/1.1" 200 485666 "https://gwfencing.com.au/contacts/" "Mozilla/5.0 (Windows NT 10.0; Win64; x64) AppleWebKit/537.36 (KHTML, like Gecko) Chrome/99.0.4844.51 Safari/537.36"
116.179.33.136 - - [12/Jan/2026:11:32:53 +0800] "GET /wp-json/contact-form-7/v1/contact-forms/2051/feedback/schema HTTP/1.1" 200 1054 "https://gwfencing.com.au/contacts/" "Mozilla/5.0 (Windows NT 10.0; Win64; x64) AppleWebKit/537.36 (KHTML, like Gecko) Chrome/99.0.4844.51 Safari/537.36"
51.68.247.196 - - [12/Jan/2026:11:36:17 +0800] "GET /robots.txt HTTP/1.1" 200 112 "-" "Mozilla/5.0 (compatible; AhrefsBot/7.0; +http://ahrefs.com/robot/)"
103.4.122.14 - - [12/Jan/2026:11:36:23 +0800] "POST /wp-cron.php?doing_wp_cron=1768188982.8396079540252685546875 HTTP/1.1" 200 - "-" "WordPress/6.9; https://gwfencing.com.au"
51.195.244.68 - - [12/Jan/2026:11:36:22 +0800] "GET /wp-sitemap.xml HTTP/1.1" 404 18918 "-" "Mozilla/5.0 (compatible; AhrefsBot/7.0; +http://ahrefs.com/robot/)"
103.4.122.14 - - [12/Jan/2026:11:44:16 +0800] "POST /wp-cron.php?doing_wp_cron=1768189456.5486888885498046875000 HTTP/1.1" 200 - "-" "WordPress/6.9; https://gwfencing.com.au"
194.68.26.182 - - [12/Jan/2026:11:44:11 +0800] "GET / HTTP/1.1" 301 - "-" "Mozilla/5.0 (Macintosh; Intel Mac OS X 10_15_7) AppleWebKit/537.36 (KHTML, like Gecko) Chrome/142.0.0.0 Safari/537.36"
103.4.122.14 - - [12/Jan/2026:11:57:43 +0800] "POST /wp-cron.php?doing_wp_cron=1768190263.4480140209197998046875 HTTP/1.1" 200 - "-" "WordPress/6.9; https://gwfencing.com.au"
