114.119.145.66 - - [11/Jan/2026:04:02:42 +0800] "GET /%E0%B8%97%E0%B8%B2%E0%B8%87%20%E0%B9%80%E0%B8%82%E0%B9%89%E0%B8%B2%20pg%20slot.aspx HTTP/1.1" 404 20032 "https://gwfencing.com.au/%E0%B8%AA%E0%B8%A5%E0%B9%87%E0%B8%AD%E0%B8%95%20%E0%B9%81%E0%B8%88%E0%B8%81%E0%B8%97%E0%B8%B8%E0%B8%99%E0%B8%9F%E0%B8%A3%E0%B8%B5%20%E0%B9%84%E0%B8%A1%E0%B9%88%E0%B8%A1%E0%B8%B5%20%E0%B9%80%E0%B8%87%E0%B8%B7%E0%B9%88%E0%B8%AD%E0%B8%99%E0%B9%84%E0%B8%82.aspx" "Mozilla/5.0 (Linux; Android 7.0;) AppleWebKit/537.36 (KHTML, like Gecko) Mobile Safari/537.36 (compatible; PetalBot;+https://webmaster.petalsearch.com/site/petalbot)"
114.119.148.187 - - [11/Jan/2026:04:03:57 +0800] "GET /%E0%B8%97%E0%B8%94%E0%B8%A5%E0%B8%AD%E0%B8%87%E0%B9%80%E0%B8%A5%E0%B9%88%E0%B8%99%E0%B8%AA%E0%B8%A5%E0%B9%87%E0%B8%AD%E0%B8%95%E0%B9%80%E0%B8%A7%E0%B9%87%E0%B8%9A%E0%B8%95%E0%B8%A3%E0%B8%87.aspx HTTP/1.1" 404 20032 "https://gwfencing.com.au/%E0%B8%97%E0%B8%B2%E0%B8%87%E0%B9%80%E0%B8%82%E0%B9%89%E0%B8%B2%E0%B8%A2%E0%B8%B9%E0%B8%9F%E0%B9%88%E0%B8%B2.aspx" "Mozilla/5.0 (Linux; Android 7.0;) AppleWebKit/537.36 (KHTML, like Gecko) Mobile Safari/537.36 (compatible; PetalBot;+https://webmaster.petalsearch.com/site/petalbot)"
198.244.240.57 - - [11/Jan/2026:04:05:33 +0800] "GET /wp-sitemap.xml HTTP/1.1" 404 18918 "-" "Mozilla/5.0 (compatible; AhrefsBot/7.0; +http://ahrefs.com/robot/)"
114.119.137.68 - - [11/Jan/2026:04:05:33 +0800] "GET /%E0%B8%97%E0%B8%94%E0%B8%A5%E0%B8%AD%E0%B8%87%E0%B9%80%E0%B8%A5%E0%B9%88%E0%B8%99%E0%B8%AA%E0%B8%A5%E0%B9%87%E0%B8%AD%E0%B8%95%20pg.aspx HTTP/1.1" 404 20032 "https://gwfencing.com.au/ufabet%20%E0%B9%80%E0%B8%82%E0%B9%89%E0%B8%B2%E0%B8%AA%E0%B8%B9%E0%B9%88%E0%B8%A3%E0%B8%B0%E0%B8%9A%E0%B8%9A777.aspx" "Mozilla/5.0 (Linux; Android 7.0;) AppleWebKit/537.36 (KHTML, like Gecko) Mobile Safari/537.36 (compatible; PetalBot;+https://webmaster.petalsearch.com/site/petalbot)"
103.4.122.14 - - [11/Jan/2026:04:06:45 +0800] "POST /wp-cron.php?doing_wp_cron=1768075605.5980861186981201171875 HTTP/1.1" 200 - "-" "WordPress/6.9; https://gwfencing.com.au"
114.119.145.66 - - [11/Jan/2026:04:06:44 +0800] "GET /%E0%B8%97%E0%B8%94%E0%B8%A5%E0%B8%AD%E0%B8%87%E0%B9%80%E0%B8%A5%E0%B9%88%E0%B8%99%E0%B8%9A%E0%B8%B2%E0%B8%84%E0%B8%B2%E0%B8%A3%E0%B9%88%E0%B8%B2%E0%B8%9F%E0%B8%A3%E0%B8%B5%2010000.aspx HTTP/1.1" 404 20032 "https://gwfencing.com.au/%E0%B9%80%E0%B8%84%E0%B8%A3%E0%B8%94%E0%B8%B4%E0%B8%95%E0%B8%9F%E0%B8%A3%E0%B8%B5%202020%20%E0%B9%84%E0%B8%A1%E0%B9%88%20%E0%B8%9D%E0%B8%B2%E0%B8%81%20%E0%B9%84%E0%B8%A1%E0%B9%88%E0%B9%81%E0%B8%8A%E0%B8%A3%E0%B9%8C.aspx" "Mozilla/5.0 (Linux; Android 7.0;) AppleWebKit/537.36 (KHTML, like Gecko) Mobile Safari/537.36 (compatible; PetalBot;+https://webmaster.petalsearch.com/site/petalbot)"
114.119.133.83 - - [11/Jan/2026:04:08:08 +0800] "GET /%E0%B8%94%E0%B8%B2%E0%B8%A7%E0%B8%99%E0%B9%8C%E0%B9%82%E0%B8%AB%E0%B8%A5%E0%B8%94slotxoth.aspx HTTP/1.1" 404 20032 "https://gwfencing.com.au/%E0%B9%80%E0%B8%A7%E0%B9%87%E0%B8%9A%E0%B8%AA%E0%B8%A5%E0%B9%87%E0%B8%AD%E0%B8%95%20%E0%B8%97%E0%B8%B5%E0%B9%88%20%E0%B8%A1%E0%B8%B5%20%E0%B8%84%E0%B8%99%20%E0%B9%80%E0%B8%A5%E0%B9%88%E0%B8%99%20%E0%B8%A1%E0%B8%B2%E0%B8%81%20%E0%B8%97%E0%B8%B5%E0%B9%88%E0%B8%AA%E0%B8%B8%E0%B8%94.aspx" "Mozilla/5.0 (Linux; Android 7.0;) AppleWebKit/537.36 (KHTML, like Gecko) Mobile Safari/537.36 (compatible; PetalBot;+https://webmaster.petalsearch.com/site/petalbot)"
82.165.90.14 - - [11/Jan/2026:04:08:34 +0800] "GET /wp-login.php HTTP/1.1" 200 2756 "-" "GRequests/0.10"
114.119.133.83 - - [11/Jan/2026:04:09:34 +0800] "GET /%E0%B8%84%E0%B9%88%E0%B8%B2%E0%B8%A2%E0%B9%80%E0%B8%81%E0%B8%A1%E0%B8%AA%E0%B8%A5%E0%B9%87%E0%B8%AD%E0%B8%95.aspx HTTP/1.1" 404 20032 "https://gwfencing.com.au/ufa1688.aspx" "Mozilla/5.0 (Linux; Android 7.0;) AppleWebKit/537.36 (KHTML, like Gecko) Mobile Safari/537.36 (compatible; PetalBot;+https://webmaster.petalsearch.com/site/petalbot)"
114.119.137.68 - - [11/Jan/2026:04:10:56 +0800] "GET /%E0%B8%84%E0%B8%B2%E0%B8%AA%E0%B8%B4%E0%B9%82%E0%B8%99%E0%B8%AD%E0%B8%AD%E0%B8%99%E0%B9%84%E0%B8%A5%E0%B8%99%E0%B9%8C%20fafa789.aspx HTTP/1.1" 404 20032 "https://gwfencing.com.au/%E0%B8%AA%E0%B8%A5%E0%B9%87%E0%B8%AD%E0%B8%95%E0%B8%9D%E0%B8%B2%E0%B8%81%E0%B8%96%E0%B8%AD%E0%B8%99%20true%20wallet%20%E0%B9%84%E0%B8%A1%E0%B9%88%E0%B8%A1%E0%B8%B5%20%E0%B8%82%E0%B8%B1%E0%B9%89%E0%B8%99%E0%B8%95%E0%B9%88%E0%B9%8D%E0%B8%B2.aspx" "Mozilla/5.0 (Linux; Android 7.0;) AppleWebKit/537.36 (KHTML, like Gecko) Mobile Safari/537.36 (compatible; PetalBot;+https://webmaster.petalsearch.com/site/petalbot)"
103.4.122.14 - - [11/Jan/2026:04:12:20 +0800] "POST /wp-cron.php?doing_wp_cron=1768075940.5787529945373535156250 HTTP/1.1" 200 - "-" "WordPress/6.9; https://gwfencing.com.au"
114.119.137.68 - - [11/Jan/2026:04:12:19 +0800] "GET /ufabet%20%E0%B9%80%E0%B8%82%E0%B9%89%E0%B8%B2%E0%B8%AA%E0%B8%B9%E0%B9%88%E0%B8%A3%E0%B8%B0%E0%B8%9A%E0%B8%9A%E0%B9%80%E0%B8%A7%E0%B9%87%E0%B8%9A%E0%B8%95%E0%B8%A3%E0%B8%87.aspx HTTP/1.1" 404 20023 "http://gwfencing.com.au/%E0%B8%AA%E0%B8%A5%E0%B9%87%E0%B8%AD%E0%B8%95%20ufabet%20%E0%B9%80%E0%B8%A7%E0%B9%87%E0%B8%9A%E0%B8%95%E0%B8%A3%E0%B8%87.aspx" "Mozilla/5.0 (Linux; Android 7.0;) AppleWebKit/537.36 (KHTML, like Gecko) Mobile Safari/537.36 (compatible; PetalBot;+https://webmaster.petalsearch.com/site/petalbot)"
114.119.141.127 - - [11/Jan/2026:04:13:42 +0800] "GET /ufa168%20%E0%B8%97%E0%B8%B2%E0%B8%87%E0%B9%80%E0%B8%82%E0%B9%89%E0%B8%B2%20%E0%B8%A1%E0%B8%B7%E0%B8%AD%E0%B8%96%E0%B8%B7%E0%B8%AD.aspx HTTP/1.1" 404 20023 "http://gwfencing.com.au/%E0%B8%97%E0%B8%94%E0%B8%A5%E0%B8%AD%E0%B8%87%E0%B8%9A%E0%B8%B2%E0%B8%84%E0%B8%B2%E0%B8%A3%E0%B9%88%E0%B8%B2.aspx" "Mozilla/5.0 (Linux; Android 7.0;) AppleWebKit/537.36 (KHTML, like Gecko) Mobile Safari/537.36 (compatible; PetalBot;+https://webmaster.petalsearch.com/site/petalbot)"
114.119.148.187 - - [11/Jan/2026:04:15:06 +0800] "GET /superslotv9.aspx HTTP/1.1" 404 20023 "https://gwfencing.com.au/%E0%B8%97%E0%B8%B2%E0%B8%87%E0%B9%80%E0%B8%82%E0%B9%89%E0%B8%B2pg.aspx" "Mozilla/5.0 (Linux; Android 7.0;) AppleWebKit/537.36 (KHTML, like Gecko) Mobile Safari/537.36 (compatible; PetalBot;+https://webmaster.petalsearch.com/site/petalbot)"
20.4.220.122 - - [11/Jan/2026:04:16:11 +0800] "GET / HTTP/1.1" 301 - "-" "Mozilla/5.0 (Windows NT 10.0; Win64; x64) AppleWebKit/537.36 (KHTML, like Gecko) Chrome/121.0.0.0 Safari/537.36 Edg/121.0.0.0 Trailer/93.3.3695.30"
20.4.220.122 - - [11/Jan/2026:04:16:13 +0800] "GET / HTTP/1.1" 200 8308 "-" "Mozilla/5.0 (Windows NT 10.0; Win64; x64) AppleWebKit/537.36 (KHTML, like Gecko) Chrome/121.0.0.0 Safari/537.36 Edg/121.0.0.0 Trailer/93.3.3695.30"
103.4.122.14 - - [11/Jan/2026:04:16:19 +0800] "POST /wp-cron.php?doing_wp_cron=1768076179.0032670497894287109375 HTTP/1.1" 200 - "-" "WordPress/6.9; https://gwfencing.com.au"
20.4.220.122 - - [11/Jan/2026:04:16:18 +0800] "GET /about-us/ HTTP/1.1" 200 6195 "-" "Mozilla/5.0 (Windows NT 10.0; Win64; x64) AppleWebKit/537.36 (KHTML, like Gecko) Chrome/122.0.0.0 Safari/537.36"
20.4.220.122 - - [11/Jan/2026:04:16:21 +0800] "GET /security-fencing/ HTTP/1.1" 200 6120 "-" "Mozilla/5.0 (Windows NT 10.0; Win64; x64; rv:123.0) Gecko/20100101 Firefox/123.0 Config/91.2.2121.13"
20.4.220.122 - - [11/Jan/2026:04:16:23 +0800] "GET /sporting-fencing/ HTTP/1.1" 200 6363 "-" "Mozilla/5.0 (Windows NT 10.0; Win64; x64; rv:123.0) Gecko/20100101 Firefox/123.0"
20.4.220.122 - - [11/Jan/2026:04:16:26 +0800] "GET /industrial/ HTTP/1.1" 200 6024 "-" "Mozilla/5.0 (Windows NT 10.0; Win64; x64) AppleWebKit/537.36 (KHTML, like Gecko) Chrome/121.0.0.0 Safari/537.36 Edg/121.0.0.0"
20.4.220.122 - - [11/Jan/2026:04:16:28 +0800] "GET /contacts/ HTTP/1.1" 200 6751 "-" "Mozilla/5.0 (Windows NT 10.0; Win64; x64) AppleWebKit/537.36 (KHTML, like Gecko) Chrome/121.0.0.0 Safari/537.36 Edg/121.0.0.0"
20.4.220.122 - - [11/Jan/2026:04:16:30 +0800] "GET /commercial/ HTTP/1.1" 200 6424 "-" "Mozilla/5.0 (Windows NT 10.0; Win64; x64) AppleWebKit/537.36 (KHTML, like Gecko) Chrome/122.0.0.0 Safari/537.36"
20.4.220.122 - - [11/Jan/2026:04:16:31 +0800] "GET /testimonials/ HTTP/1.1" 200 6623 "-" "Mozilla/5.0 (Windows NT 10.0; Win64; x64) AppleWebKit/537.36 (KHTML, like Gecko) Chrome/122.0.0.0 Safari/537.36"
114.119.145.66 - - [11/Jan/2026:04:16:31 +0800] "GET /slot1234.aspx HTTP/1.1" 404 20023 "http://gwfencing.com.au/ruay.%20org%20%E0%B9%80%E0%B8%82%E0%B9%89%E0%B8%B2%E0%B8%AA%E0%B8%B9%E0%B9%88%E0%B8%A3%E0%B8%B0%E0%B8%9A%E0%B8%9A.aspx" "Mozilla/5.0 (Linux; Android 7.0;) AppleWebKit/537.36 (KHTML, like Gecko) Mobile Safari/537.36 (compatible; PetalBot;+https://webmaster.petalsearch.com/site/petalbot)"
20.4.220.122 - - [11/Jan/2026:04:16:33 +0800] "GET /gallery/ HTTP/1.1" 200 7082 "-" "Mozilla/5.0 (Windows NT 10.0; Win64; x64) AppleWebKit/537.36 (KHTML, like Gecko) Chrome/122.0.0.0 Safari/537.36 Agency/98.8.8175.80"
114.119.137.68 - - [11/Jan/2026:04:17:54 +0800] "GET /pg%20game.aspx HTTP/1.1" 404 20023 "http://gwfencing.com.au/%E0%B8%AA%E0%B8%A5%E0%B9%87%E0%B8%AD%E0%B8%95888%E0%B9%80%E0%B8%A7%E0%B9%87%E0%B8%9A%E0%B8%95%E0%B8%A3%E0%B8%87%E0%B8%A7%E0%B8%AD%E0%B9%80%E0%B8%A5%E0%B8%97.aspx" "Mozilla/5.0 (Linux; Android 7.0;) AppleWebKit/537.36 (KHTML, like Gecko) Mobile Safari/537.36 (compatible; PetalBot;+https://webmaster.petalsearch.com/site/petalbot)"
114.119.153.171 - - [11/Jan/2026:04:19:18 +0800] "GET /pg%20%E0%B9%80%E0%B8%84%E0%B8%A3%E0%B8%94%E0%B8%B4%E0%B8%95%E0%B8%9F%E0%B8%A3%E0%B8%B5%2050%20%E0%B8%A2%E0%B8%B7%E0%B8%99%E0%B8%A2%E0%B8%B1%E0%B8%99%E0%B9%80%E0%B8%9A%E0%B8%AD%E0%B8%A3%E0%B9%8C.aspx HTTP/1.1" 404 20023 "http://gwfencing.com.au/%E0%B8%AB%E0%B8%99%E0%B8%B1%E0%B8%87%E0%B9%82%E0%B8%9B%E0%B9%89%E0%B8%AA%E0%B8%B2%E0%B8%A7%E0%B8%AA%E0%B8%A7%E0%B8%A2.aspx" "Mozilla/5.0 (Linux; Android 7.0;) AppleWebKit/537.36 (KHTML, like Gecko) Mobile Safari/537.36 (compatible; PetalBot;+https://webmaster.petalsearch.com/site/petalbot)"
114.119.141.127 - - [11/Jan/2026:04:20:43 +0800] "GET /magnum%204d%20%E0%B8%AB%E0%B8%A7%E0%B8%A2%20%E0%B8%A1%E0%B8%B2%E0%B9%80%E0%B8%A5%20%E0%B8%A2%E0%B9%8C%20%E0%B8%A7%E0%B8%B1%E0%B8%99%E0%B8%99%E0%B8%B5%E0%B9%89.aspx HTTP/1.1" 500 2431 "http://gwfencing.com.au/%E0%B8%AA%E0%B8%A5%E0%B9%87%E0%B8%AD%E0%B8%95%20168%20%E0%B9%80%E0%B8%84%E0%B8%A3%E0%B8%94%E0%B8%B4%E0%B8%95%E0%B8%9F%E0%B8%A3%E0%B8%B5.aspx" "Mozilla/5.0 (Linux; Android 7.0;) AppleWebKit/537.36 (KHTML, like Gecko) Mobile Safari/537.36 (compatible; PetalBot;+https://webmaster.petalsearch.com/site/petalbot)"
103.4.122.14 - - [11/Jan/2026:04:22:07 +0800] "POST /wp-cron.php?doing_wp_cron=1768076527.8050799369812011718750 HTTP/1.1" 200 - "-" "WordPress/6.9; https://gwfencing.com.au"
114.119.146.197 - - [11/Jan/2026:04:22:06 +0800] "GET /jili%20slot.aspx HTTP/1.1" 404 20023 "http://gwfencing.com.au/%E0%B8%9A%E0%B8%B2%E0%B8%84%E0%B8%B2%E0%B8%A3%E0%B9%88%E0%B8%B2%E0%B8%97%E0%B8%94%E0%B8%A5%E0%B8%AD%E0%B8%87.aspx" "Mozilla/5.0 (Linux; Android 7.0;) AppleWebKit/537.36 (KHTML, like Gecko) Mobile Safari/537.36 (compatible; PetalBot;+https://webmaster.petalsearch.com/site/petalbot)"
114.119.145.66 - - [11/Jan/2026:04:23:30 +0800] "GET /fun88%20%E0%B8%97%E0%B8%B2%E0%B8%87%E0%B9%80%E0%B8%82%E0%B9%89%E0%B8%B2.aspx HTTP/1.1" 404 20023 "http://gwfencing.com.au/%E0%B8%AA%E0%B8%A5%E0%B9%87%E0%B8%AD%E0%B8%95888%E0%B9%80%E0%B8%A7%E0%B9%87%E0%B8%9A%E0%B8%95%E0%B8%A3%E0%B8%87%E0%B8%A7%E0%B8%AD%E0%B9%80%E0%B8%A5%E0%B8%97.aspx" "Mozilla/5.0 (Linux; Android 7.0;) AppleWebKit/537.36 (KHTML, like Gecko) Mobile Safari/537.36 (compatible; PetalBot;+https://webmaster.petalsearch.com/site/petalbot)"
114.119.137.68 - - [11/Jan/2026:04:24:55 +0800] "GET /cat888%20%E0%B8%AB%E0%B8%A7%E0%B8%A2%E0%B8%AD%E0%B8%AD%E0%B8%99%E0%B9%84%E0%B8%A5%E0%B8%99%E0%B9%8C.aspx HTTP/1.1" 404 20023 "http://gwfencing.com.au/allslot%20wallet%2010%E0%B8%A3%E0%B8%B1%E0%B8%9A100.aspx" "Mozilla/5.0 (Linux; Android 7.0;) AppleWebKit/537.36 (KHTML, like Gecko) Mobile Safari/537.36 (compatible; PetalBot;+https://webmaster.petalsearch.com/site/petalbot)"
103.4.122.14 - - [11/Jan/2026:04:26:20 +0800] "POST /wp-cron.php?doing_wp_cron=1768076780.0950040817260742187500 HTTP/1.1" 200 - "-" "WordPress/6.9; https://gwfencing.com.au"
114.119.133.83 - - [11/Jan/2026:04:26:19 +0800] "GET /15%E0%B8%A3%E0%B8%B1%E0%B8%9A100.aspx HTTP/1.1" 404 20023 "http://gwfencing.com.au/%E0%B8%97%E0%B8%B2%E0%B8%87%E0%B9%80%E0%B8%82%E0%B9%89%E0%B8%B2%E0%B9%82%E0%B8%88%E0%B9%8A%E0%B8%81%E0%B9%80%E0%B8%81%E0%B8%AD%E0%B8%A3%E0%B9%8C.aspx" "Mozilla/5.0 (Linux; Android 7.0;) AppleWebKit/537.36 (KHTML, like Gecko) Mobile Safari/537.36 (compatible; PetalBot;+https://webmaster.petalsearch.com/site/petalbot)"
114.119.146.197 - - [11/Jan/2026:04:27:42 +0800] "GET /%E0%B9%80%E0%B8%A7%E0%B9%87%E0%B8%9A%E0%B8%95%E0%B8%A3%E0%B8%87%20%E0%B8%AA%E0%B8%A5%E0%B9%87%E0%B8%AD%E0%B8%95%20%E0%B8%9D%E0%B8%B2%E0%B8%81%E0%B8%96%E0%B8%AD%E0%B8%99%20%E0%B9%84%E0%B8%A1%E0%B9%88%E0%B8%A1%E0%B8%B5%20%E0%B8%82%E0%B8%B1%E0%B9%89%E0%B8%99%E0%B8%95%E0%B9%88%E0%B8%B3%201%20%E0%B8%9A%E0%B8%B2%E0%B8%97%E0%B8%81%E0%B9%87%20%E0%B8%96%E0%B8%AD%E0%B8%99%E0%B9%84%E0%B8%94%E0%B9%89.aspx HTTP/1.1" 404 20023 "http://gwfencing.com.au/superslotv9.aspx" "Mozilla/5.0 (Linux; Android 7.0;) AppleWebKit/537.36 (KHTML, like Gecko) Mobile Safari/537.36 (compatible; PetalBot;+https://webmaster.petalsearch.com/site/petalbot)"
114.119.157.231 - - [11/Jan/2026:04:29:05 +0800] "GET /%E0%B9%80%E0%B8%84%E0%B8%A3%E0%B8%94%E0%B8%B4%E0%B8%95%E0%B8%9F%E0%B8%A3%E0%B8%B550%E0%B9%84%E0%B8%A1%E0%B9%88%E0%B8%95%E0%B9%89%E0%B8%AD%E0%B8%87%E0%B8%9D%E0%B8%B2%E0%B8%81%E0%B9%84%E0%B8%A1%E0%B9%88%E0%B8%95%E0%B9%89%E0%B8%AD%E0%B8%87%E0%B9%81%E0%B8%8A%E0%B8%A3%E0%B9%8C.aspx HTTP/1.1" 404 20023 "http://gwfencing.com.au/10%E0%B8%A3%E0%B8%B1%E0%B8%9A100%E0%B8%AA%E0%B8%A1%E0%B8%B2%E0%B8%8A%E0%B8%B4%E0%B8%81%E0%B9%83%E0%B8%AB%E0%B8%A1%E0%B9%88%20wallet.aspx" "Mozilla/5.0 (Linux; Android 7.0;) AppleWebKit/537.36 (KHTML, like Gecko) Mobile Safari/537.36 (compatible; PetalBot;+https://webmaster.petalsearch.com/site/petalbot)"
178.33.162.49 - - [11/Jan/2026:04:29:15 +0800] "POST /xmlrpc.php HTTP/1.1" 405 415 "-" "Mozilla/5.0 (Windows NT 10.0; Win64; x64; rv:80.0) Gecko/20100101 Firefox/80.0"
114.119.153.171 - - [11/Jan/2026:04:30:29 +0800] "GET /%E0%B8%AA%E0%B8%A5%E0%B9%87%E0%B8%AD%E0%B8%95noname%20888.aspx HTTP/1.1" 404 20023 "http://gwfencing.com.au/ufa356%20%E0%B8%97%E0%B8%B2%E0%B8%87%E0%B9%80%E0%B8%82%E0%B9%89%E0%B8%B2.aspx" "Mozilla/5.0 (Linux; Android 7.0;) AppleWebKit/537.36 (KHTML, like Gecko) Mobile Safari/537.36 (compatible; PetalBot;+https://webmaster.petalsearch.com/site/petalbot)"
103.4.122.14 - - [11/Jan/2026:04:31:55 +0800] "POST /wp-cron.php?doing_wp_cron=1768077115.0042109489440917968750 HTTP/1.1" 200 - "-" "WordPress/6.9; https://gwfencing.com.au"
114.119.137.68 - - [11/Jan/2026:04:31:53 +0800] "GET /%E0%B8%AA%E0%B8%A5%E0%B9%87%E0%B8%AD%E0%B8%95%E0%B9%81%E0%B8%88%E0%B8%81%E0%B9%80%E0%B8%84%E0%B8%A3%E0%B8%94%E0%B8%B4%E0%B8%95%E0%B8%9F%E0%B8%A3%E0%B8%B5.aspx HTTP/1.1" 404 20023 "http://gwfencing.com.au/%E0%B8%97%E0%B8%94%E0%B8%A5%E0%B8%AD%E0%B8%87%E0%B8%9A%E0%B8%B2%E0%B8%84%E0%B8%B2%E0%B8%A3%E0%B9%88%E0%B8%B2.aspx" "Mozilla/5.0 (Linux; Android 7.0;) AppleWebKit/537.36 (KHTML, like Gecko) Mobile Safari/537.36 (compatible; PetalBot;+https://webmaster.petalsearch.com/site/petalbot)"
114.119.153.171 - - [11/Jan/2026:04:33:16 +0800] "GET /%E0%B8%AA%E0%B8%A5%E0%B9%87%E0%B8%AD%E0%B8%95%20%E0%B9%80%E0%B8%A7%E0%B9%87%E0%B8%9A%E0%B8%95%E0%B8%A3%E0%B8%87.aspx HTTP/1.1" 404 20023 "http://gwfencing.com.au/%E0%B8%97%E0%B8%94%E0%B8%A5%E0%B8%AD%E0%B8%87%E0%B9%80%E0%B8%A5%E0%B9%88%E0%B8%99%E0%B8%AA%E0%B8%A5%E0%B9%87%E0%B8%AD%E0%B8%95%E0%B8%9F%E0%B8%A3%E0%B8%B5%2088.aspx" "Mozilla/5.0 (Linux; Android 7.0;) AppleWebKit/537.36 (KHTML, like Gecko) Mobile Safari/537.36 (compatible; PetalBot;+https://webmaster.petalsearch.com/site/petalbot)"
51.195.215.46 - - [11/Jan/2026:04:33:55 +0800] "GET /%E0%B8%AA%E0%B8%A5%E0%B9%87%E0%B8%AD%E0%B8%95%20168%20%E0%B9%80%E0%B8%84%E0%B8%A3%E0%B8%94%E0%B8%B4%E0%B8%95%E0%B8%9F%E0%B8%A3%E0%B8%B5.aspx HTTP/1.1" 404 20032 "-" "Mozilla/5.0 (compatible; AhrefsBot/7.0; +http://ahrefs.com/robot/)"
114.119.148.187 - - [11/Jan/2026:04:34:40 +0800] "GET /%E0%B8%97%E0%B8%B2%E0%B8%87%E0%B9%80%E0%B8%82%E0%B9%89%E0%B8%B2slotxo.aspx HTTP/1.1" 404 20023 "http://gwfencing.com.au/15%E0%B8%A3%E0%B8%B1%E0%B8%9A100.aspx" "Mozilla/5.0 (Linux; Android 7.0;) AppleWebKit/537.36 (KHTML, like Gecko) Mobile Safari/537.36 (compatible; PetalBot;+https://webmaster.petalsearch.com/site/petalbot)"
114.119.153.171 - - [11/Jan/2026:04:36:03 +0800] "GET /%E0%B8%97%E0%B8%B2%E0%B8%87%E0%B9%80%E0%B8%82%E0%B9%89%E0%B8%B2%E0%B9%80%E0%B8%A5%E0%B9%88%E0%B8%99%20slotxo.aspx HTTP/1.1" 404 20023 "http://gwfencing.com.au/%E0%B8%97%E0%B8%94%E0%B8%A5%E0%B8%AD%E0%B8%87%E0%B9%80%E0%B8%A5%E0%B9%88%E0%B8%99%E0%B8%AA%E0%B8%A5%E0%B9%87%E0%B8%AD%E0%B8%95%E0%B8%A5%E0%B9%88%E0%B8%B2%E0%B8%AA%E0%B8%B8%E0%B8%94.aspx" "Mozilla/5.0 (Linux; Android 7.0;) AppleWebKit/537.36 (KHTML, like Gecko) Mobile Safari/537.36 (compatible; PetalBot;+https://webmaster.petalsearch.com/site/petalbot)"
103.4.122.14 - - [11/Jan/2026:04:37:28 +0800] "POST /wp-cron.php?doing_wp_cron=1768077448.9399249553680419921875 HTTP/1.1" 200 - "-" "WordPress/6.9; https://gwfencing.com.au"
114.119.153.171 - - [11/Jan/2026:04:37:27 +0800] "GET /%E0%B8%97%E0%B8%B2%E0%B8%87%E0%B9%80%E0%B8%82%E0%B9%89%E0%B8%B2%E0%B8%AA%E0%B9%82%E0%B8%9A.aspx HTTP/1.1" 404 20023 "http://gwfencing.com.au/sbobet%20%E0%B8%97%E0%B8%B2%E0%B8%87%E0%B9%80%E0%B8%82%E0%B9%89%E0%B8%B2.aspx" "Mozilla/5.0 (Linux; Android 7.0;) AppleWebKit/537.36 (KHTML, like Gecko) Mobile Safari/537.36 (compatible; PetalBot;+https://webmaster.petalsearch.com/site/petalbot)"
51.68.107.157 - - [11/Jan/2026:04:38:20 +0800] "GET /robots.txt HTTP/1.1" 200 112 "-" "Mozilla/5.0 (compatible; MJ12bot/v2.0.4; http://mj12bot.com/)"
51.68.107.157 - - [11/Jan/2026:04:38:21 +0800] "GET / HTTP/1.1" 200 8308 "-" "Mozilla/5.0 (compatible; MJ12bot/v2.0.4; http://mj12bot.com/)"
114.119.146.197 - - [11/Jan/2026:04:38:51 +0800] "GET /%E0%B8%8B%E0%B8%B8%E0%B8%9B%E0%B9%80%E0%B8%9B%E0%B8%AD%E0%B8%A3%E0%B9%8C%E0%B8%AA%E0%B8%A5%E0%B9%87%E0%B8%AD%E0%B8%95777.aspx HTTP/1.1" 404 20023 "http://gwfencing.com.au/pg%20joker%20auto.aspx" "Mozilla/5.0 (Linux; Android 7.0;) AppleWebKit/537.36 (KHTML, like Gecko) Mobile Safari/537.36 (compatible; PetalBot;+https://webmaster.petalsearch.com/site/petalbot)"
114.119.145.66 - - [11/Jan/2026:04:40:15 +0800] "GET /%E0%B8%84%E0%B9%88%E0%B8%B2%E0%B8%A2%E0%B8%AA%E0%B8%A5%E0%B9%87%E0%B8%AD%E0%B8%95%20888.aspx HTTP/1.1" 404 20023 "http://gwfencing.com.au/%E0%B8%97%E0%B8%94%E0%B8%A5%E0%B8%AD%E0%B8%87%E0%B9%80%E0%B8%A5%E0%B9%88%E0%B8%99%E0%B8%AA%E0%B8%A5%E0%B9%87%E0%B8%AD%E0%B8%95%E0%B8%A5%E0%B9%88%E0%B8%B2%E0%B8%AA%E0%B8%B8%E0%B8%94.aspx" "Mozilla/5.0 (Linux; Android 7.0;) AppleWebKit/537.36 (KHTML, like Gecko) Mobile Safari/537.36 (compatible; PetalBot;+https://webmaster.petalsearch.com/site/petalbot)"
103.4.122.14 - - [11/Jan/2026:04:45:38 +0800] "POST /wp-cron.php?doing_wp_cron=1768077938.1680641174316406250000 HTTP/1.1" 200 - "-" "WordPress/6.9; https://gwfencing.com.au"
4.230.25.46 - - [11/Jan/2026:04:45:37 +0800] "GET /php.php HTTP/1.1" 404 20023 "https://duckduckgo.com/" "Mozilla/5.0 (Linux; Android 11; 21081111RG) AppleWebKit/537.36 (KHTML, like Gecko) Chrome/116.0.0.0 Mobile Safari/537.36"
4.230.25.46 - - [11/Jan/2026:04:45:38 +0800] "GET /wp-admin/js/index.php HTTP/1.1" 301 - "https://www.google.de/" "Mozilla/5.0 (Linux; Android 14; Pixel 8 Pro) AppleWebKit/537.36 (KHTML, like Gecko) Chrome/119.0.0.0 Mobile Safari/537.36"
4.230.25.46 - - [11/Jan/2026:04:45:39 +0800] "GET /wp-admin/js/ HTTP/1.1" 403 199 "https://www.google.de/" "Mozilla/5.0 (Linux; Android 14; Pixel 8 Pro) AppleWebKit/537.36 (KHTML, like Gecko) Chrome/119.0.0.0 Mobile Safari/537.36"
4.230.25.46 - - [11/Jan/2026:04:45:39 +0800] "GET /wp-content/plugins/erinyani/baxa1.php7 HTTP/1.1" 404 20023 "https://duckduckgo.com/" "Mozilla/5.0 (Linux; Android 11; CPH2251) AppleWebKit/537.36 (KHTML, like Gecko) Chrome/116.0.0.0 Mobile Safari/537.36"
4.230.25.46 - - [11/Jan/2026:04:45:40 +0800] "GET /wp-content/plugins/secure-fortress/ HTTP/1.1" 404 20023 "https://www.yahoo.com/" "Mozilla/5.g (Linux; Android 13; Pixel 7) AppleWebKit/537.36 (KHTML, like Gecko) Chrome/116.0.0.0 Mobile Safari/537.36"
4.230.25.46 - - [11/Jan/2026:04:45:41 +0800] "GET /wp-includes/themes7.php HTTP/1.1" 403 199 "https://www.bing.com/" "Mozilla/5.0 (Linux; Android 13; M2101K6G) AppleWebKit/537.36 (KHTML, like Gecko) Chrome/116.0.0.0 Mobile Safari/537.36"
4.230.25.46 - - [11/Jan/2026:04:45:41 +0800] "GET /contact.php HTTP/1.1" 404 20023 "https://duckduckgo.com/" "Mozilla/5.0 (iPad; CPU OS 17_0_3 like Mac OS X) AppleWebKit/605.1.15 (KHTML, like Gecko) Version/17.0.1 Mobile/15E148 Safari/604.1"
4.230.25.46 - - [11/Jan/2026:04:45:42 +0800] "GET /load.php HTTP/1.1" 404 20023 "https://www.yahoo.com/" "Mozilla/5.0 (Linux; Android 14; Pixel 8 Pro) AppleWebKit/537.36 (KHTML, like Gecko) Chrome/119.0.0.0 Mobile Safari/537.36"
4.230.25.46 - - [11/Jan/2026:04:45:43 +0800] "GET /wp-content/plugins/janusv2/janus.php HTTP/1.1" 404 20023 "https://www.google.com/" "Mozilla/5.0 (Linux; Android 14; Pixel 8 Pro) AppleWebKit/537.36 (KHTML, like Gecko) Chrome/119.0.0.0 Mobile Safari/537.36"
4.230.25.46 - - [11/Jan/2026:04:45:43 +0800] "GET /wp-login.php HTTP/1.1" 302 - "https://www.yahoo.com/" "Mozilla/5.0 (Linux; Android 12; 2201116SG) AppleWebKit/537.36 (KHTML, like Gecko) Chrome/116.0.0.0 Mobile Safari/537.36"
4.230.25.46 - - [11/Jan/2026:04:45:45 +0800] "GET /wp-login.php HTTP/1.1" 200 9993 "https://www.yahoo.com/" "Mozilla/5.0 (Linux; Android 12; 2201116SG) AppleWebKit/537.36 (KHTML, like Gecko) Chrome/116.0.0.0 Mobile Safari/537.36"
4.230.25.46 - - [11/Jan/2026:04:45:45 +0800] "GET /mah/function.php HTTP/1.1" 404 20023 "https://www.google.co.uk/" "Mozilla/5.0 (iPhone; CPU iPhone OS 17_0_3 like Mac OS X) AppleWebKit/605.1.15 (KHTML, like Gecko) Version/17.0.1 Mobile/15E148 Safari/604.1"
4.230.25.46 - - [11/Jan/2026:04:45:46 +0800] "GET /wp-Owl.php HTTP/1.1" 404 20023 "https://www.google.com/" "Mozilla/5.0 (Linux; Android 14; Pixel 8 Pro) AppleWebKit/537.36 (KHTML, like Gecko) Chrome/119.0.0.0 Mobile Safari/537.36"
4.230.25.46 - - [11/Jan/2026:04:45:47 +0800] "GET /classsmtps.php HTTP/1.1" 404 20023 "https://www.google.com/" "Mozilla/5.0 (iPhone; CPU iPhone OS 17_1_1 like Mac OS X) AppleWebKit/605.1.15 (KHTML, like Gecko) Version/17.1 Mobile/15E148 Safari/604.1"
4.230.25.46 - - [11/Jan/2026:04:45:48 +0800] "GET /wp-admin/css/colors HTTP/1.1" 301 252 "https://www.yahoo.com/" "Mozilla/5.0 (Linux; Android 12; V2134) AppleWebKit/537.36 (KHTML, like Gecko) Chrome/116.0.0.0 Mobile Safari/537.36"
4.230.25.46 - - [11/Jan/2026:04:45:48 +0800] "GET /wp-admin/css/colors/ HTTP/1.1" 403 199 "https://www.yahoo.com/" "Mozilla/5.0 (Linux; Android 12; V2134) AppleWebKit/537.36 (KHTML, like Gecko) Chrome/116.0.0.0 Mobile Safari/537.36"
4.230.25.46 - - [11/Jan/2026:04:45:48 +0800] "GET /wp-content/plugins/core/include.php HTTP/1.1" 404 20023 "https://www.bing.com/" "Mozilla/5.0 (Linux; Android 11; 21081111RG) AppleWebKit/537.36 (KHTML, like Gecko) Chrome/116.0.0.0 Mobile Safari/537.36"
4.230.25.46 - - [11/Jan/2026:04:45:49 +0800] "GET /wp-content/themes HTTP/1.1" 301 250 "https://www.yahoo.com/" "Mozilla/5.0 (Linux; Android 14; Pixel 8 Pro) AppleWebKit/537.36 (KHTML, like Gecko) Chrome/119.0.0.0 Mobile Safari/537.36"
4.230.25.46 - - [11/Jan/2026:04:45:49 +0800] "GET /wp-content/themes/ HTTP/1.1" 200 - "https://www.yahoo.com/" "Mozilla/5.0 (Linux; Android 14; Pixel 8 Pro) AppleWebKit/537.36 (KHTML, like Gecko) Chrome/119.0.0.0 Mobile Safari/537.36"
4.230.25.46 - - [11/Jan/2026:04:45:49 +0800] "GET /wp-includes/about.php HTTP/1.1" 403 199 "https://www.google.co.uk/" "Mozilla/5.0 (Linux; Android 12; 2201116SG) AppleWebKit/537.36 (KHTML, like Gecko) Chrome/116.0.0.0 Mobile Safari/537.36"
4.230.25.46 - - [11/Jan/2026:04:45:50 +0800] "GET /wp-admin/includes/nav.php HTTP/1.1" 404 20023 "https://www.bing.com/" "Mozilla/5.0 (iPhone; CPU iPhone OS 17_1_1 like Mac OS X) AppleWebKit/605.1.15 (KHTML, like Gecko) Version/17.1 Mobile/15E148 Safari/604.1"
4.230.25.46 - - [11/Jan/2026:04:45:51 +0800] "GET /wp-admin/maint/users.php HTTP/1.1" 404 20023 "https://www.google.de/" "Mozilla/5.0 (Linux; Android 10; LM-Q720) AppleWebKit/537.36 (KHTML, like Gecko) Chrome/116.0.0.0 Mobile Safari/537.36"
4.230.25.46 - - [11/Jan/2026:04:45:51 +0800] "GET /wp-content/plugins/view-more/ioxi.php HTTP/1.1" 404 20023 "https://www.yahoo.com/" "Mozilla/5.0 (iPhone; CPU iPhone OS 16_6_1 like Mac OS X) AppleWebKit/605.1.15 (KHTML, like Gecko) Version/16.6 Mobile/15E148 Safari/604.1"
4.230.25.46 - - [11/Jan/2026:04:45:52 +0800] "GET /wp-admin/css HTTP/1.1" 301 245 "https://www.google.co.uk/" "Mozilla/5.0 (iPad; CPU OS 17_0_3 like Mac OS X) AppleWebKit/605.1.15 (KHTML, like Gecko) Version/17.0.1 Mobile/15E148 Safari/604.1"
4.230.25.46 - - [11/Jan/2026:04:45:52 +0800] "GET /wp-admin/css/ HTTP/1.1" 403 199 "https://www.google.co.uk/" "Mozilla/5.0 (iPad; CPU OS 17_0_3 like Mac OS X) AppleWebKit/605.1.15 (KHTML, like Gecko) Version/17.0.1 Mobile/15E148 Safari/604.1"
4.230.25.46 - - [11/Jan/2026:04:45:52 +0800] "GET /moon.php HTTP/1.1" 404 20023 "https://www.google.co.uk/" "Mozilla/5.0 (iPad; CPU OS 17_0_3 like Mac OS X) AppleWebKit/605.1.15 (KHTML, like Gecko) Version/17.0.1 Mobile/15E148 Safari/604.1"
4.230.25.46 - - [11/Jan/2026:04:45:53 +0800] "GET /wp-blog.php HTTP/1.1" 404 20023 "https://www.google.fr/" "Mozilla/5.0 (Linux; Android 11; CPH2251) AppleWebKit/537.36 (KHTML, like Gecko) Chrome/116.0.0.0 Mobile Safari/537.36"
4.230.25.46 - - [11/Jan/2026:04:45:54 +0800] "GET /wp-content/plugins/about.php HTTP/1.1" 404 20023 "https://duckduckgo.com/" "Mozilla/5.0 (Linux; Android 10; LM-Q720) AppleWebKit/537.36 (KHTML, like Gecko) Chrome/116.0.0.0 Mobile Safari/537.36"
4.230.25.46 - - [11/Jan/2026:04:45:55 +0800] "GET /wp-content/themes/pridmag/db.php HTTP/1.1" 404 20023 "https://www.google.com/" "Mozilla/5.0 (Linux; Android 13; SM-S908E) AppleWebKit/537.36 (KHTML, like Gecko) Chrome/116.0.0.0 Mobile Safari/537.36"
4.230.25.46 - - [11/Jan/2026:04:45:56 +0800] "GET /wp-includes/css/index.php HTTP/1.1" 403 199 "https://www.google.com/" "Mozilla/5.0 (iPhone; CPU iPhone OS 17_0_3 like Mac OS X) AppleWebKit/605.1.15 (KHTML, like Gecko) Version/17.0.1 Mobile/15E148 Safari/604.1"
4.230.25.46 - - [11/Jan/2026:04:45:56 +0800] "GET /about/function.php HTTP/1.1" 404 20023 "https://www.google.de/" "Mozilla/5.0 (iPhone; CPU iPhone OS 17_0_3 like Mac OS X) AppleWebKit/605.1.15 (KHTML, like Gecko) Version/17.0.1 Mobile/15E148 Safari/604.1"
4.230.25.46 - - [11/Jan/2026:04:45:57 +0800] "GET /wp-admin/js/about.php7 HTTP/1.1" 404 20023 "https://www.google.fr/" "Mozilla/5.0 (iPhone; CPU iPhone OS 17_0_3 like Mac OS X) AppleWebKit/605.1.15 (KHTML, like Gecko) Version/17.0.1 Mobile/15E148 Safari/604.1"
4.230.25.46 - - [11/Jan/2026:04:45:58 +0800] "GET /wp-content/plugins/revslider/includes/external/page/index.php HTTP/1.1" 301 - "https://www.bing.com/" "Mozilla/5.0 (iPhone; CPU iPhone OS 17_1 like Mac OS X) AppleWebKit/605.1.15 (KHTML, like Gecko) CriOS/119.0.6045.109 Mobile/15E148 Safari/604.1"
4.230.25.46 - - [11/Jan/2026:04:45:59 +0800] "GET /wp-content/plugins/revslider/includes/external/page/ HTTP/1.1" 404 20023 "https://www.bing.com/" "Mozilla/5.0 (iPhone; CPU iPhone OS 17_1 like Mac OS X) AppleWebKit/605.1.15 (KHTML, like Gecko) CriOS/119.0.6045.109 Mobile/15E148 Safari/604.1"
4.230.25.46 - - [11/Jan/2026:04:46:00 +0800] "GET /default.php HTTP/1.1" 404 20023 "https://duckduckgo.com/" "Mozilla/5.0 (Linux; Android 13; SM-G991U) AppleWebKit/537.36 (KHTML, like Gecko) Chrome/117.0.0.0 Mobile Safari/537.36"
4.230.25.46 - - [11/Jan/2026:04:46:01 +0800] "GET /motu.php HTTP/1.1" 404 20023 "https://www.google.co.uk/" "Mozilla/5.0 (iPhone; CPU iPhone OS 15_7_9 like Mac OS X) AppleWebKit/605.1.15 (KHTML, like Gecko) Version/15.6.5 Mobile/15E148 Safari/604.1"
4.230.25.46 - - [11/Jan/2026:04:46:01 +0800] "GET /past.php HTTP/1.1" 404 20023 "https://www.google.fr/" "Mozilla/5.g (Linux; Android 13; Pixel 7) AppleWebKit/537.36 (KHTML, like Gecko) Chrome/116.0.0.0 Mobile Safari/537.36"
4.230.25.46 - - [11/Jan/2026:04:46:02 +0800] "GET /tinyfilemanager.php HTTP/1.1" 403 199 "https://duckduckgo.com/" "Mozilla/5.0 (iPhone; CPU iPhone OS 16_0 like Mac OS X) AppleWebKit/605.1.15 (KHTML, like Gecko) FxiOS/118.0 Mobile/15E148 Safari/605.1.15"
4.230.25.46 - - [11/Jan/2026:04:46:03 +0800] "GET /wp-file.php HTTP/1.1" 404 20023 "https://duckduckgo.com/" "Mozilla/5.0 (Linux; Android 13; M2101K6G) AppleWebKit/537.36 (KHTML, like Gecko) Chrome/116.0.0.0 Mobile Safari/537.36"
4.230.25.46 - - [11/Jan/2026:04:46:04 +0800] "GET /wp-trackback.php HTTP/1.1" 404 135 "https://www.yahoo.com/" "Mozilla/5.g (Linux; Android 13; Pixel 7) AppleWebKit/537.36 (KHTML, like Gecko) Chrome/116.0.0.0 Mobile Safari/537.36"
4.230.25.46 - - [11/Jan/2026:04:46:04 +0800] "GET /gecko.php HTTP/1.1" 404 20023 "https://duckduckgo.com/" "Mozilla/5.0 (iPhone; CPU iPhone OS 17_1_1 like Mac OS X) AppleWebKit/605.1.15 (KHTML, like Gecko) Version/17.1 Mobile/15E148 Safari/604.1"
4.230.25.46 - - [11/Jan/2026:04:46:05 +0800] "GET /install.php HTTP/1.1" 404 20023 "https://www.google.de/" "Mozilla/5.0 (Linux; Android 11; CPH2251) AppleWebKit/537.36 (KHTML, like Gecko) Chrome/116.0.0.0 Mobile Safari/537.36"
4.230.25.46 - - [11/Jan/2026:04:46:06 +0800] "GET /wk/index.php HTTP/1.1" 301 - "https://www.bing.com/" "Mozilla/5.0 (Linux; Android 10; K) AppleWebKit/537.36 (KHTML, like Gecko) Chrome/117.0.0.0 Mobile Safari/537.36"
4.230.25.46 - - [11/Jan/2026:04:46:07 +0800] "GET /wk/ HTTP/1.1" 404 20023 "https://www.bing.com/" "Mozilla/5.0 (Linux; Android 10; K) AppleWebKit/537.36 (KHTML, like Gecko) Chrome/117.0.0.0 Mobile Safari/537.36"
4.230.25.46 - - [11/Jan/2026:04:46:08 +0800] "GET /woh.php HTTP/1.1" 404 20023 "https://www.google.co.uk/" "Mozilla/5.0 (Linux; Android 13; SM-G991U) AppleWebKit/537.36 (KHTML, like Gecko) Chrome/117.0.0.0 Mobile Safari/537.36"
4.230.25.46 - - [11/Jan/2026:04:46:08 +0800] "GET /wp-admin/css/colors/blue HTTP/1.1" 301 257 "https://www.google.co.uk/" "Mozilla/5.0 (Linux; Android 13; M2101K6G) AppleWebKit/537.36 (KHTML, like Gecko) Chrome/116.0.0.0 Mobile Safari/537.36"
4.230.25.46 - - [11/Jan/2026:04:46:09 +0800] "GET /wp-admin/css/colors/blue/ HTTP/1.1" 403 199 "https://www.google.co.uk/" "Mozilla/5.0 (Linux; Android 13; M2101K6G) AppleWebKit/537.36 (KHTML, like Gecko) Chrome/116.0.0.0 Mobile Safari/537.36"
4.230.25.46 - - [11/Jan/2026:04:46:09 +0800] "GET /a.php HTTP/1.1" 404 20023 "https://www.bing.com/" "Mozilla/5.0 (Linux; Android 13; SM-G991U) AppleWebKit/537.36 (KHTML, like Gecko) Chrome/117.0.0.0 Mobile Safari/537.36"
4.230.25.46 - - [11/Jan/2026:04:46:10 +0800] "GET /eagle.php HTTP/1.1" 404 20023 "https://www.bing.com/" "Mozilla/5.0 (iPhone; CPU iPhone OS 17_1 like Mac OS X) AppleWebKit/605.1.15 (KHTML, like Gecko) CriOS/119.0.6045.109 Mobile/15E148 Safari/604.1"
4.230.25.46 - - [11/Jan/2026:04:46:10 +0800] "GET /files/index.php HTTP/1.1" 301 - "https://www.bing.com/" "Mozilla/5.0 (iPhone; CPU iPhone OS 17_1_1 like Mac OS X) AppleWebKit/605.1.15 (KHTML, like Gecko) Version/17.1 Mobile/15E148 Safari/604.1"
4.230.25.46 - - [11/Jan/2026:04:46:11 +0800] "GET /files/ HTTP/1.1" 404 20023 "https://www.bing.com/" "Mozilla/5.0 (iPhone; CPU iPhone OS 17_1_1 like Mac OS X) AppleWebKit/605.1.15 (KHTML, like Gecko) Version/17.1 Mobile/15E148 Safari/604.1"
4.230.25.46 - - [11/Jan/2026:04:46:12 +0800] "GET /wp-admin/network/admin.php HTTP/1.1" 302 - "https://www.bing.com/" "Mozilla/5.0 (iPhone; CPU iPhone OS 16_6_1 like Mac OS X) AppleWebKit/605.1.15 (KHTML, like Gecko) Version/16.6 Mobile/15E148 Safari/604.1"
4.230.25.46 - - [11/Jan/2026:04:46:13 +0800] "GET /wp-admin/network/admin.php HTTP/1.1" 302 - "https://www.bing.com/" "Mozilla/5.0 (iPhone; CPU iPhone OS 16_6_1 like Mac OS X) AppleWebKit/605.1.15 (KHTML, like Gecko) Version/16.6 Mobile/15E148 Safari/604.1"
4.230.25.46 - - [11/Jan/2026:04:46:14 +0800] "GET /wp-login.php?redirect_to=https%3A%2F%2Fgwfencing.com.au%2Fwp-admin%2Fnetwork%2Fadmin.php&reauth=1 HTTP/1.1" 200 10124 "https://www.bing.com/" "Mozilla/5.0 (iPhone; CPU iPhone OS 16_6_1 like Mac OS X) AppleWebKit/605.1.15 (KHTML, like Gecko) Version/16.6 Mobile/15E148 Safari/604.1"
4.230.25.46 - - [11/Jan/2026:04:46:15 +0800] "GET /wp-admin/css/colors/blue/index.php HTTP/1.1" 301 - "https://www.google.com/" "Mozilla/5.0 (iPhone; CPU iPhone OS 17_1_1 like Mac OS X) AppleWebKit/605.1.15 (KHTML, like Gecko) Version/17.1 Mobile/15E148 Safari/604.1"
4.230.25.46 - - [11/Jan/2026:04:46:16 +0800] "GET /wp-admin/css/colors/blue/ HTTP/1.1" 403 199 "https://www.google.com/" "Mozilla/5.0 (iPhone; CPU iPhone OS 17_1_1 like Mac OS X) AppleWebKit/605.1.15 (KHTML, like Gecko) Version/17.1 Mobile/15E148 Safari/604.1"
4.230.25.46 - - [11/Jan/2026:04:46:16 +0800] "GET /wp-content/plugins/pwnd/pwnd.php HTTP/1.1" 403 199 "https://www.google.de/" "Mozilla/5.0 (iPhone; CPU iPhone OS 15_7_9 like Mac OS X) AppleWebKit/605.1.15 (KHTML, like Gecko) Version/15.6.5 Mobile/15E148 Safari/604.1"
4.230.25.46 - - [11/Jan/2026:04:46:16 +0800] "GET /xc.php HTTP/1.1" 404 20023 "https://www.google.co.uk/" "Mozilla/5.0 (Linux; Android 12; V2134) AppleWebKit/537.36 (KHTML, like Gecko) Chrome/116.0.0.0 Mobile Safari/537.36"
103.4.122.14 - - [11/Jan/2026:04:46:18 +0800] "POST /wp-cron.php?doing_wp_cron=1768077978.0773019790649414062500 HTTP/1.1" 200 - "-" "WordPress/6.9; https://gwfencing.com.au"
4.230.25.46 - - [11/Jan/2026:04:46:17 +0800] "GET /ahax.php HTTP/1.1" 404 20023 "https://www.google.fr/" "Mozilla/5.0 (iPhone; CPU iPhone OS 16_0 like Mac OS X) AppleWebKit/605.1.15 (KHTML, like Gecko) FxiOS/118.0 Mobile/15E148 Safari/605.1.15"
4.230.25.46 - - [11/Jan/2026:04:46:18 +0800] "GET /server.php HTTP/1.1" 404 20023 "https://www.google.de/" "Mozilla/5.0 (Linux; Android 11; CPH2251) AppleWebKit/537.36 (KHTML, like Gecko) Chrome/116.0.0.0 Mobile Safari/537.36"
4.230.25.46 - - [11/Jan/2026:04:46:19 +0800] "GET /wp-includes/assets/ty.php HTTP/1.1" 403 199 "https://www.yahoo.com/" "Mozilla/5.0 (iPhone; CPU iPhone OS 17_0_3 like Mac OS X) AppleWebKit/605.1.15 (KHTML, like Gecko) Version/17.0.1 Mobile/15E148 Safari/604.1"
4.230.25.46 - - [11/Jan/2026:04:46:19 +0800] "GET /wp-includes/PHPMailer HTTP/1.1" 301 254 "https://www.bing.com/" "Mozilla/5.g (Linux; Android 13; Pixel 7) AppleWebKit/537.36 (KHTML, like Gecko) Chrome/116.0.0.0 Mobile Safari/537.36"
4.230.25.46 - - [11/Jan/2026:04:46:19 +0800] "GET /wp-includes/PHPMailer/ HTTP/1.1" 403 199 "https://www.bing.com/" "Mozilla/5.g (Linux; Android 13; Pixel 7) AppleWebKit/537.36 (KHTML, like Gecko) Chrome/116.0.0.0 Mobile Safari/537.36"
4.230.25.46 - - [11/Jan/2026:04:46:19 +0800] "GET /images/class-config.php HTTP/1.1" 404 20023 "https://www.bing.com/" "Mozilla/5.0 (Linux; Android 12; SM-A525F) AppleWebKit/537.36 (KHTML, like Gecko) Chrome/117.0.0.0 Mobile Safari/537.36"
4.230.25.46 - - [11/Jan/2026:04:46:20 +0800] "GET /wp-admin/admin-wolf.php HTTP/1.1" 404 20023 "https://www.google.co.uk/" "Mozilla/5.0 (iPhone; CPU iPhone OS 17_1 like Mac OS X) AppleWebKit/605.1.15 (KHTML, like Gecko) CriOS/119.0.6045.109 Mobile/15E148 Safari/604.1"
4.230.25.46 - - [11/Jan/2026:04:46:21 +0800] "GET /wp-includes/ID3/index.php HTTP/1.1" 403 199 "https://www.google.com/" "Mozilla/5.0 (Linux; Android 12; 2201116SG) AppleWebKit/537.36 (KHTML, like Gecko) Chrome/116.0.0.0 Mobile Safari/537.36"
103.4.122.14 - - [11/Jan/2026:05:01:38 +0800] "POST /wp-cron.php?doing_wp_cron=1768078898.4018580913543701171875 HTTP/1.1" 200 - "-" "WordPress/6.9; https://gwfencing.com.au"
51.195.183.23 - - [11/Jan/2026:05:01:37 +0800] "GET /%E0%B8%97%E0%B8%94%E0%B8%A5%E0%B8%AD%E0%B8%87%E0%B9%80%E0%B8%A5%E0%B9%88%E0%B8%99%E0%B8%9A%E0%B8%B2%E0%B8%84%E0%B8%B2%E0%B8%A3%E0%B9%88%E0%B8%B2%E0%B8%9F%E0%B8%A3%E0%B8%B5%201000000.aspx HTTP/1.1" 404 20032 "-" "Mozilla/5.0 (compatible; AhrefsBot/7.0; +http://ahrefs.com/robot/)"
103.4.122.14 - - [11/Jan/2026:05:31:48 +0800] "POST /wp-cron.php?doing_wp_cron=1768080708.2313311100006103515625 HTTP/1.1" 200 - "-" "WordPress/6.9; https://gwfencing.com.au"
51.195.215.53 - - [11/Jan/2026:05:31:47 +0800] "GET /about-us/ HTTP/1.1" 200 6195 "-" "Mozilla/5.0 (compatible; AhrefsBot/7.0; +http://ahrefs.com/robot/)"
198.244.168.219 - - [11/Jan/2026:05:34:13 +0800] "GET /wp-content/cache/autoptimize/css/autoptimize_8b3095ec6d1479ba36eb3f378001b73f.css HTTP/1.1" 200 37727 "-" "Mozilla/5.0 (compatible; AhrefsBot/7.0; +http://ahrefs.com/robot/)"
157.173.111.109 - - [11/Jan/2026:05:55:17 +0800] "GET /wp-admin/css/ HTTP/1.1" 403 199 "binance.com" "Mozilla/5.0 (Windows NT 10.0; Win64; x64) AppleWebKit/537.36 (KHTML, like Gecko) Chrome/90.0.4430.85 Safari/537.36"
103.4.122.14 - - [11/Jan/2026:06:01:43 +0800] "POST /wp-cron.php?doing_wp_cron=1768082503.2298579216003417968750 HTTP/1.1" 200 - "-" "WordPress/6.9; https://gwfencing.com.au"
90.156.142.31 - - [11/Jan/2026:06:01:42 +0800] "POST /xmlrpc.php HTTP/1.1" 405 415 "-" "Mozilla/5.0 (Windows NT 10.0; Win64; x64; rv:85.0) Gecko/20100101 Firefox/85.0"
103.4.122.14 - - [11/Jan/2026:06:19:49 +0800] "POST /wp-cron.php?doing_wp_cron=1768083589.3122360706329345703125 HTTP/1.1" 200 - "-" "WordPress/6.9; https://gwfencing.com.au"
198.244.242.61 - - [11/Jan/2026:06:19:48 +0800] "GET /ufa777.aspx HTTP/1.1" 404 20032 "-" "Mozilla/5.0 (compatible; AhrefsBot/7.0; +http://ahrefs.com/robot/)"
103.4.122.14 - - [11/Jan/2026:06:58:56 +0800] "POST /wp-cron.php?doing_wp_cron=1768085935.8178930282592773437500 HTTP/1.1" 200 - "-" "WordPress/6.9; https://gwfencing.com.au"
104.210.140.132 - - [11/Jan/2026:06:58:54 +0800] "GET /robots.txt HTTP/1.1" 200 112 "-" "Mozilla/5.0 (Macintosh; Intel Mac OS X 10_15_7) AppleWebKit/537.36 (KHTML, like Gecko) Chrome/131.0.0.0 Safari/537.36; compatible; OAI-SearchBot/1.0; +https://openai.com/searchbot"
51.195.215.0 - - [11/Jan/2026:06:59:25 +0800] "GET /10%E0%B8%A3%E0%B8%B1%E0%B8%9A100%E0%B8%AA%E0%B8%A1%E0%B8%B2%E0%B8%8A%E0%B8%B4%E0%B8%81%E0%B9%83%E0%B8%AB%E0%B8%A1%E0%B9%88.aspx HTTP/1.1" 404 20032 "-" "Mozilla/5.0 (compatible; AhrefsBot/7.0; +http://ahrefs.com/robot/)"
103.4.122.13 - - [11/Jan/2026:07:00:53 +0800] "GET / HTTP/1.1" 200 35548 "-" "Mozilla/5.0 (compatible; MainWP/5.4.1; +http://mainwp.com)"
103.4.122.14 - - [11/Jan/2026:07:06:34 +0800] "POST /wp-cron.php?doing_wp_cron=1768086394.4059391021728515625000 HTTP/1.1" 200 - "-" "WordPress/6.9; https://gwfencing.com.au"
103.156.17.232 - - [11/Jan/2026:07:06:33 +0800] "GET /wp-json/wp/v2/posts HTTP/1.1" 200 2 "-" "Mozilla/5.0 (Windows NT 10.0; Win64; x64) AppleWebKit/537.36 (KHTML, like Gecko) Chrome/120.0.0.0 Safari/537.36"
103.4.122.14 - - [11/Jan/2026:07:16:15 +0800] "POST /wp-cron.php?doing_wp_cron=1768086975.0991489887237548828125 HTTP/1.1" 200 - "-" "WordPress/6.9; https://gwfencing.com.au"
5.9.120.8 - - [11/Jan/2026:07:16:14 +0800] "GET /robots.txt HTTP/1.1" 200 112 "-" "Mozilla/5.0 (compatible; SERankingBacklinksBot/1.0; +https://seranking.com/backlinks-crawler)"
5.9.120.8 - - [11/Jan/2026:07:16:16 +0800] "GET /wp-sitemap.xml HTTP/1.1" 404 18918 "-" "Mozilla/5.0 (compatible; SERankingBacklinksBot/1.0; +https://seranking.com/backlinks-crawler)"
103.4.122.14 - - [11/Jan/2026:07:19:47 +0800] "POST /wp-cron.php?doing_wp_cron=1768087187.7309749126434326171875 HTTP/1.1" 200 - "-" "WordPress/6.9; https://gwfencing.com.au"
114.119.157.231 - - [11/Jan/2026:07:19:46 +0800] "GET /123betting.aspx HTTP/1.1" 404 20032 "https://gwfencing.com.au/pg%20slot%20%E0%B9%80%E0%B8%A7%E0%B9%87%E0%B8%9A%E0%B8%95%E0%B8%A3%E0%B8%87%20%E0%B8%AD%E0%B8%B1%E0%B8%99%E0%B8%94%E0%B8%B1%E0%B8%9A%201.aspx" "Mozilla/5.0 (Linux; Android 7.0;) AppleWebKit/537.36 (KHTML, like Gecko) Mobile Safari/537.36 (compatible; PetalBot;+https://webmaster.petalsearch.com/site/petalbot)"
103.4.122.13 - - [11/Jan/2026:07:31:45 +0800] "GET /wp-cron.php HTTP/1.1" 200 - "-" "WordPress/6.9; https://wpmain.screwlooseit.com.au"
114.119.133.83 - - [11/Jan/2026:07:36:02 +0800] "GET /%E0%B8%AA%E0%B8%A5%E0%B9%87%E0%B8%AD%E0%B8%95%E0%B8%9D%E0%B8%B2%E0%B8%81%E0%B8%96%E0%B8%AD%E0%B8%99%E0%B9%84%E0%B8%A1%E0%B9%88%E0%B8%A1%E0%B8%B5%E0%B8%82%E0%B8%B1%E0%B9%89%E0%B8%99%E0%B8%95%E0%B9%88%E0%B9%8D%E0%B8%B2.aspx HTTP/1.1" 404 20032 "https://gwfencing.com.au/%E0%B8%AA%E0%B8%A5%E0%B9%87%E0%B8%AD%E0%B8%95%E0%B8%AD%E0%B8%AD%E0%B8%99%E0%B9%84%E0%B8%A5%E0%B8%99%E0%B9%8C%E0%B8%9F%E0%B8%A3%E0%B8%B5%E0%B9%80%E0%B8%84%E0%B8%A3%E0%B8%94%E0%B8%B4%E0%B8%95.aspx" "Mozilla/5.0 (Linux; Android 7.0;) AppleWebKit/537.36 (KHTML, like Gecko) Mobile Safari/537.36 (compatible; PetalBot;+https://webmaster.petalsearch.com/site/petalbot)"
103.4.122.14 - - [11/Jan/2026:07:38:38 +0800] "POST /wp-cron.php?doing_wp_cron=1768088317.9498209953308105468750 HTTP/1.1" 200 - "-" "WordPress/6.9; https://gwfencing.com.au"
45.88.106.230 - - [11/Jan/2026:07:38:36 +0800] "POST /xmlrpc.php HTTP/1.1" 405 415 "-" "Mozilla/5.0 (Windows NT 10.0; Win64; x64; rv:69.0) Gecko/20100101 Firefox/69.0"
103.4.122.14 - - [11/Jan/2026:07:45:21 +0800] "POST /wp-cron.php?doing_wp_cron=1768088721.5383570194244384765625 HTTP/1.1" 200 - "-" "WordPress/6.9; https://gwfencing.com.au"
51.195.215.131 - - [11/Jan/2026:07:45:20 +0800] "GET /wp-sitemap.xml HTTP/1.1" 404 18918 "-" "Mozilla/5.0 (compatible; AhrefsBot/7.0; +http://ahrefs.com/robot/)"
103.4.122.14 - - [11/Jan/2026:07:58:29 +0800] "POST /wp-cron.php?doing_wp_cron=1768089509.6292889118194580078125 HTTP/1.1" 200 - "-" "WordPress/6.9; https://gwfencing.com.au"
114.119.133.83 - - [11/Jan/2026:07:58:28 +0800] "GET /%E0%B9%80%E0%B8%A7%E0%B9%87%E0%B8%9A%E0%B8%AA%E0%B8%A5%E0%B9%87%E0%B8%AD%E0%B8%95%20168%20%E0%B8%9D%E0%B8%B2%E0%B8%81%E0%B8%96%E0%B8%AD%E0%B8%99%20true%20wallet.aspx HTTP/1.1" 404 20032 "https://gwfencing.com.au/55%20superslot%20%E0%B9%80%E0%B8%84%E0%B8%A3%E0%B8%94%E0%B8%B4%E0%B8%95%E0%B8%9F%E0%B8%A3%E0%B8%B550.aspx" "Mozilla/5.0 (Linux; Android 7.0;) AppleWebKit/537.36 (KHTML, like Gecko) Mobile Safari/537.36 (compatible; PetalBot;+https://webmaster.petalsearch.com/site/petalbot)"
103.4.122.14 - - [11/Jan/2026:08:30:29 +0800] "POST /wp-cron.php?doing_wp_cron=1768091429.3761041164398193359375 HTTP/1.1" 200 - "-" "WordPress/6.9; https://gwfencing.com.au"
82.165.90.14 - - [11/Jan/2026:08:30:27 +0800] "GET /wp-login.php HTTP/1.1" 200 2755 "-" "GRequests/0.10"
103.4.122.14 - - [11/Jan/2026:08:36:00 +0800] "POST /wp-cron.php?doing_wp_cron=1768091760.3802869319915771484375 HTTP/1.1" 200 - "-" "WordPress/6.9; https://gwfencing.com.au"
114.119.153.171 - - [11/Jan/2026:08:35:59 +0800] "GET /%E0%B8%AA%E0%B8%A5%E0%B9%87%E0%B8%AD%E0%B8%95%20%E0%B9%80%E0%B8%A7%E0%B9%87%E0%B8%9A%E0%B9%84%E0%B8%AB%E0%B8%99%E0%B8%94%E0%B8%B5%20%E0%B9%81%E0%B8%95%E0%B8%81%E0%B8%87%E0%B9%88%E0%B8%B2%E0%B8%A2.aspx HTTP/1.1" 404 20032 "https://gwfencing.com.au/superslot%20%E0%B9%80%E0%B8%84%E0%B8%A3%E0%B8%94%E0%B8%B4%E0%B8%95%E0%B8%9F%E0%B8%A3%E0%B8%B5.aspx" "Mozilla/5.0 (Linux; Android 7.0;) AppleWebKit/537.36 (KHTML, like Gecko) Mobile Safari/537.36 (compatible; PetalBot;+https://webmaster.petalsearch.com/site/petalbot)"
103.4.122.14 - - [11/Jan/2026:08:37:23 +0800] "POST /wp-cron.php?doing_wp_cron=1768091843.0773320198059082031250 HTTP/1.1" 200 - "-" "WordPress/6.9; https://gwfencing.com.au"
114.119.153.171 - - [11/Jan/2026:08:37:21 +0800] "GET /pg%E0%B8%97%E0%B8%94%E0%B8%A5%E0%B8%AD%E0%B8%87%E0%B9%80%E0%B8%A5%E0%B9%88%E0%B8%99.aspx HTTP/1.1" 404 20032 "https://gwfencing.com.au/%E0%B8%A3%E0%B8%B1%E0%B8%9A%E0%B9%80%E0%B8%84%E0%B8%A3%E0%B8%94%E0%B8%B4%E0%B8%95%E0%B8%9F%E0%B8%A3%E0%B8%B5.aspx" "Mozilla/5.0 (Linux; Android 7.0;) AppleWebKit/537.36 (KHTML, like Gecko) Mobile Safari/537.36 (compatible; PetalBot;+https://webmaster.petalsearch.com/site/petalbot)"
114.119.141.127 - - [11/Jan/2026:08:38:46 +0800] "GET /lottovip.com%20%E0%B9%80%E0%B8%82%E0%B9%89%E0%B8%B2%E0%B8%AA%E0%B8%B9%E0%B9%88%E0%B8%A3%E0%B8%B0%E0%B8%9A%E0%B8%9A.aspx HTTP/1.1" 404 20032 "https://gwfencing.com.au/%E0%B8%AA%E0%B8%A5%E0%B9%87%E0%B8%AD%E0%B8%95%E0%B9%82%E0%B8%9B%E0%B8%A310%E0%B8%A3%E0%B8%B1%E0%B8%9A100.aspx" "Mozilla/5.0 (Linux; Android 7.0;) AppleWebKit/537.36 (KHTML, like Gecko) Mobile Safari/537.36 (compatible; PetalBot;+https://webmaster.petalsearch.com/site/petalbot)"
114.119.146.197 - - [11/Jan/2026:08:40:09 +0800] "GET /%E0%B9%80%E0%B8%A7%E0%B9%87%E0%B8%9B%E0%B8%AA%E0%B8%A5%E0%B9%87%E0%B8%AD%E0%B8%95%E0%B9%80%E0%B8%A7%E0%B9%87%E0%B8%9B%E0%B8%95%E0%B8%A3%E0%B8%87.aspx HTTP/1.1" 404 20032 "http://gwfencing.com.au/%E0%B8%AA%E0%B8%A1%E0%B8%B1%E0%B8%84%E0%B8%A3slotxo.aspx" "Mozilla/5.0 (Linux; Android 7.0;) AppleWebKit/537.36 (KHTML, like Gecko) Mobile Safari/537.36 (compatible; PetalBot;+https://webmaster.petalsearch.com/site/petalbot)"
103.4.122.14 - - [11/Jan/2026:08:41:35 +0800] "POST /wp-cron.php?doing_wp_cron=1768092095.6052560806274414062500 HTTP/1.1" 200 - "-" "WordPress/6.9; https://gwfencing.com.au"
114.119.137.68 - - [11/Jan/2026:08:41:34 +0800] "GET /%E0%B9%80%E0%B8%84%E0%B8%A3%E0%B8%94%E0%B8%B4%E0%B8%95%E0%B8%9F%E0%B8%A3%E0%B8%B5%E0%B8%81%E0%B8%94%E0%B8%A3%E0%B8%B1%E0%B8%9A%E0%B9%80%E0%B8%AD%E0%B8%87.aspx HTTP/1.1" 404 20032 "https://gwfencing.com.au/%E0%B9%80%E0%B8%81%E0%B8%A1%E0%B8%AA%E0%B8%A5%E0%B9%87%E0%B8%AD%E0%B8%95%20k9win.aspx" "Mozilla/5.0 (Linux; Android 7.0;) AppleWebKit/537.36 (KHTML, like Gecko) Mobile Safari/537.36 (compatible; PetalBot;+https://webmaster.petalsearch.com/site/petalbot)"
114.119.133.83 - - [11/Jan/2026:08:42:57 +0800] "GET /%E0%B8%AA%E0%B8%A5%E0%B9%87%E0%B8%AD%E0%B8%9588.aspx HTTP/1.1" 404 20032 "https://gwfencing.com.au/%E0%B9%80%E0%B8%A7%E0%B9%87%E0%B8%9B%E0%B8%AA%E0%B8%A5%E0%B9%87%E0%B8%AD%E0%B8%95%E0%B9%80%E0%B8%A7%E0%B9%87%E0%B8%9B%E0%B8%95%E0%B8%A3%E0%B8%87.aspx" "Mozilla/5.0 (Linux; Android 7.0;) AppleWebKit/537.36 (KHTML, like Gecko) Mobile Safari/537.36 (compatible; PetalBot;+https://webmaster.petalsearch.com/site/petalbot)"
103.4.122.14 - - [11/Jan/2026:08:44:22 +0800] "POST /wp-cron.php?doing_wp_cron=1768092262.7315061092376708984375 HTTP/1.1" 200 - "-" "WordPress/6.9; https://gwfencing.com.au"
114.119.133.83 - - [11/Jan/2026:08:44:21 +0800] "GET /betflik%20net%20%E0%B9%80%E0%B8%82%E0%B9%89%E0%B8%B2%E0%B8%AA%E0%B8%B9%E0%B9%88%E0%B8%A3%E0%B8%B0%E0%B8%9A%E0%B8%9A.aspx HTTP/1.1" 404 20032 "https://gwfencing.com.au/%E0%B8%97%E0%B8%B2%E0%B8%87%E0%B9%80%E0%B8%82%E0%B9%89%E0%B8%B2superslot.aspx" "Mozilla/5.0 (Linux; Android 7.0;) AppleWebKit/537.36 (KHTML, like Gecko) Mobile Safari/537.36 (compatible; PetalBot;+https://webmaster.petalsearch.com/site/petalbot)"
66.249.70.196 - - [11/Jan/2026:08:45:02 +0800] "GET /embed/ HTTP/1.1" 301 - "-" "Mozilla/5.0 (Linux; Android 6.0.1; Nexus 5X Build/MMB29P) AppleWebKit/537.36 (KHTML, like Gecko) Chrome/143.0.7499.169 Mobile Safari/537.36 (compatible; Googlebot/2.1; +http://www.google.com/bot.html)"
66.249.70.195 - - [11/Jan/2026:08:45:10 +0800] "GET / HTTP/1.1" 200 8308 "-" "Mozilla/5.0 (Linux; Android 6.0.1; Nexus 5X Build/MMB29P) AppleWebKit/537.36 (KHTML, like Gecko) Chrome/143.0.7499.169 Mobile Safari/537.36 (compatible; Googlebot/2.1; +http://www.google.com/bot.html)"
66.249.70.194 - - [11/Jan/2026:08:45:17 +0800] "GET /wp-content/cache/autoptimize/css/autoptimize_4d7011b311f9e8262052429b5603fad4.css HTTP/1.1" 200 43205 "https://gwfencing.com.au/" "Mozilla/5.0 (Linux; Android 6.0.1; Nexus 5X Build/MMB29P) AppleWebKit/537.36 (KHTML, like Gecko) Chrome/143.0.7499.169 Mobile Safari/537.36 (compatible; Googlebot/2.1; +http://www.google.com/bot.html)"
66.249.70.194 - - [11/Jan/2026:08:45:20 +0800] "GET /wp-content/themes/blazeWP/css/front-page.css?ver=20180514 HTTP/1.1" 200 548 "https://gwfencing.com.au/" "Mozilla/5.0 (Linux; Android 6.0.1; Nexus 5X Build/MMB29P) AppleWebKit/537.36 (KHTML, like Gecko) Chrome/143.0.7499.169 Mobile Safari/537.36 (compatible; Googlebot/2.1; +http://www.google.com/bot.html)"
66.249.70.194 - - [11/Jan/2026:08:45:21 +0800] "GET /wp-includes/js/dist/hooks.min.js HTTP/1.1" 200 1941 "https://gwfencing.com.au/" "Mozilla/5.0 (Linux; Android 6.0.1; Nexus 5X Build/MMB29P) AppleWebKit/537.36 (KHTML, like Gecko) Chrome/143.0.7499.169 Mobile Safari/537.36 (compatible; Googlebot/2.1; +http://www.google.com/bot.html)"
114.119.148.187 - - [11/Jan/2026:08:45:44 +0800] "GET /%E0%B8%AA%E0%B8%A5%E0%B9%87%E0%B8%AD%E0%B8%95%20%E0%B9%80%E0%B8%84%E0%B8%A3%E0%B8%94%E0%B8%B4%E0%B8%95%E0%B8%9F%E0%B8%A3%E0%B8%B5.aspx HTTP/1.1" 404 20032 "https://gwfencing.com.au/%E0%B8%AA%E0%B8%A5%E0%B9%87%E0%B8%AD%E0%B8%95%E0%B9%80%E0%B8%A7%E0%B9%87%E0%B8%9A%E0%B8%95%E0%B8%A3%E0%B8%87%20%E0%B9%81%E0%B8%95%E0%B8%81%E0%B8%87%E0%B9%88%E0%B8%B2%E0%B8%A2%20%E0%B9%84%E0%B8%A1%E0%B9%88%E0%B8%A1%E0%B8%B5%20%E0%B8%82%E0%B8%B1%E0%B9%89%E0%B8%99%E0%B8%95%E0%B9%88%E0%B8%B3.aspx" "Mozilla/5.0 (Linux; Android 7.0;) AppleWebKit/537.36 (KHTML, like Gecko) Mobile Safari/537.36 (compatible; PetalBot;+https://webmaster.petalsearch.com/site/petalbot)"
103.4.122.14 - - [11/Jan/2026:08:47:11 +0800] "POST /wp-cron.php?doing_wp_cron=1768092431.0391540527343750000000 HTTP/1.1" 200 - "-" "WordPress/6.9; https://gwfencing.com.au"
114.119.145.66 - - [11/Jan/2026:08:47:09 +0800] "GET /%E0%B8%AA%E0%B8%A5%E0%B9%87%E0%B8%AD%E0%B8%95%20%E0%B9%80%E0%B8%84%E0%B8%A3%E0%B8%94%E0%B8%B4%E0%B8%95%E0%B8%9F%E0%B8%A3%E0%B8%B5%20100%20%E0%B9%84%E0%B8%A1%E0%B9%88%E0%B8%95%E0%B9%89%E0%B8%AD%E0%B8%87%E0%B8%9D%E0%B8%B2%E0%B8%81%20%E0%B9%84%E0%B8%A1%E0%B9%88%E0%B8%95%E0%B9%89%E0%B8%AD%E0%B8%87%E0%B9%81%E0%B8%8A%E0%B8%A3%E0%B9%8C%202020.aspx HTTP/1.1" 404 20032 "https://gwfencing.com.au/%E0%B8%AA%E0%B8%A5%E0%B9%87%E0%B8%AD%E0%B8%95%20777%20%E0%B9%80%E0%B8%A7%E0%B9%87%E0%B8%9A%E0%B8%95%E0%B8%A3%E0%B8%87%20%E0%B8%A7%E0%B8%AD%E0%B9%80%E0%B8%A5%E0%B8%97.aspx" "Mozilla/5.0 (Linux; Android 7.0;) AppleWebKit/537.36 (KHTML, like Gecko) Mobile Safari/537.36 (compatible; PetalBot;+https://webmaster.petalsearch.com/site/petalbot)"
