91.239.157.219 - - [09/Jan/2026:22:20:41 +0800] "GET /system/ HTTP/1.1" 404 20023 "-" "-"
91.239.157.219 - - [09/Jan/2026:22:20:42 +0800] "GET /template/ HTTP/1.1" 404 20023 "-" "-"
91.239.157.219 - - [09/Jan/2026:22:20:44 +0800] "GET /shop/ HTTP/1.1" 403 199 "-" "-"
91.239.157.219 - - [09/Jan/2026:22:20:47 +0800] "GET /shop/ HTTP/1.1" 403 199 "-" "-"
91.239.157.219 - - [09/Jan/2026:22:20:48 +0800] "GET /shop/ HTTP/1.1" 403 199 "-" "-"
91.239.157.219 - - [09/Jan/2026:22:20:51 +0800] "GET /shop/ HTTP/1.1" 403 199 "-" "-"
91.239.157.219 - - [09/Jan/2026:22:20:54 +0800] "GET /files/ HTTP/1.1" 403 199 "-" "-"
91.239.157.219 - - [09/Jan/2026:22:20:58 +0800] "GET /files/ HTTP/1.1" 403 199 "-" "-"
91.239.157.219 - - [09/Jan/2026:22:21:01 +0800] "GET /files/ HTTP/1.1" 403 199 "-" "-"
91.239.157.219 - - [09/Jan/2026:22:21:03 +0800] "GET /admin/editor/ HTTP/1.1" 403 199 "-" "-"
91.239.157.219 - - [09/Jan/2026:22:21:04 +0800] "GET /admin/editor/ HTTP/1.1" 403 199 "-" "-"
91.239.157.219 - - [09/Jan/2026:22:21:07 +0800] "GET /admin/editor/ HTTP/1.1" 403 199 "-" "-"
91.239.157.219 - - [09/Jan/2026:22:21:09 +0800] "GET /admin/editor/ HTTP/1.1" 403 199 "-" "-"
91.239.157.219 - - [09/Jan/2026:22:21:11 +0800] "GET /include/ HTTP/1.1" 403 199 "-" "-"
91.239.157.219 - - [09/Jan/2026:22:21:12 +0800] "GET /include/ HTTP/1.1" 403 199 "-" "-"
91.239.157.219 - - [09/Jan/2026:22:21:14 +0800] "GET /include/ HTTP/1.1" 403 199 "-" "-"
91.239.157.219 - - [09/Jan/2026:22:21:16 +0800] "GET /include/ HTTP/1.1" 403 199 "-" "-"
91.239.157.219 - - [09/Jan/2026:22:21:18 +0800] "GET /Assets/ HTTP/1.1" 403 199 "-" "-"
91.239.157.219 - - [09/Jan/2026:22:21:20 +0800] "GET /Assets/ HTTP/1.1" 403 199 "-" "-"
91.239.157.219 - - [09/Jan/2026:22:21:21 +0800] "GET /Assets/ HTTP/1.1" 403 199 "-" "-"
91.239.157.219 - - [09/Jan/2026:22:21:23 +0800] "GET /Assets/ HTTP/1.1" 403 199 "-" "-"
91.239.157.219 - - [09/Jan/2026:22:21:25 +0800] "GET /images/stories/ HTTP/1.1" 403 199 "-" "-"
91.239.157.219 - - [09/Jan/2026:22:21:27 +0800] "GET /images/stories/ HTTP/1.1" 403 199 "-" "-"
91.239.157.219 - - [09/Jan/2026:22:21:29 +0800] "GET /images/stories/ HTTP/1.1" 403 199 "-" "-"
91.239.157.219 - - [09/Jan/2026:22:21:31 +0800] "GET /images/stories/ HTTP/1.1" 403 199 "-" "-"
91.239.157.219 - - [09/Jan/2026:22:21:33 +0800] "GET /plugins/ HTTP/1.1" 403 199 "-" "-"
91.239.157.219 - - [09/Jan/2026:22:21:35 +0800] "GET /plugins/ HTTP/1.1" 403 199 "-" "-"
91.239.157.219 - - [09/Jan/2026:22:21:37 +0800] "GET /plugins/ HTTP/1.1" 403 199 "-" "-"
91.239.157.219 - - [09/Jan/2026:22:21:38 +0800] "GET /plugins/ HTTP/1.1" 403 199 "-" "-"
91.239.157.219 - - [09/Jan/2026:22:21:39 +0800] "GET /php/ HTTP/1.1" 403 199 "-" "-"
91.239.157.219 - - [09/Jan/2026:22:21:41 +0800] "GET /php/ HTTP/1.1" 403 199 "-" "-"
103.4.122.14 - - [09/Jan/2026:22:21:43 +0800] "POST /wp-cron.php?doing_wp_cron=1767968503.9132680892944335937500 HTTP/1.1" 200 - "-" "WordPress/6.9; https://gwfencing.com.au"
91.239.157.219 - - [09/Jan/2026:22:21:43 +0800] "GET /php/ HTTP/1.1" 404 20023 "-" "-"
91.239.157.219 - - [09/Jan/2026:22:21:44 +0800] "GET /wp-admin/css/ HTTP/1.1" 403 199 "-" "-"
91.239.157.219 - - [09/Jan/2026:22:21:44 +0800] "GET /wp-content/themes/twentytwenty/ HTTP/1.1" 404 20023 "-" "-"
91.239.157.219 - - [09/Jan/2026:22:21:45 +0800] "GET /wp-content/cache/ HTTP/1.1" 403 199 "-" "-"
91.239.157.219 - - [09/Jan/2026:22:21:46 +0800] "GET /wp-admin/maint/ HTTP/1.1" 403 199 "-" "-"
91.239.157.219 - - [09/Jan/2026:22:21:46 +0800] "GET /wp-content/plugins/akismet/ HTTP/1.1" 404 20023 "-" "-"
91.239.157.219 - - [09/Jan/2026:22:21:47 +0800] "GET /wp-includes/assets/ HTTP/1.1" 403 199 "-" "-"
91.239.157.219 - - [09/Jan/2026:22:21:48 +0800] "GET /wp-includes/block-patterns/ HTTP/1.1" 403 199 "-" "-"
91.239.157.219 - - [09/Jan/2026:22:21:48 +0800] "GET /wp-includes/block-supports/ HTTP/1.1" 403 199 "-" "-"
91.239.157.219 - - [09/Jan/2026:22:21:48 +0800] "GET /wp-includes/html-api/ HTTP/1.1" 403 199 "-" "-"
91.239.157.219 - - [09/Jan/2026:22:21:49 +0800] "GET /wp-includes/js/ HTTP/1.1" 403 199 "-" "-"
91.239.157.219 - - [09/Jan/2026:22:21:49 +0800] "GET /wp-includes/php-compat/ HTTP/1.1" 403 199 "-" "-"
91.239.157.219 - - [09/Jan/2026:22:21:49 +0800] "GET /wp-includes/PHPMailer/ HTTP/1.1" 403 199 "-" "-"
91.239.157.219 - - [09/Jan/2026:22:21:50 +0800] "GET /wp-includes/pomo/ HTTP/1.1" 403 199 "-" "-"
91.239.157.219 - - [09/Jan/2026:22:21:50 +0800] "GET /wp-includes/random_compat/ HTTP/1.1" 404 20023 "-" "-"
91.239.157.219 - - [09/Jan/2026:22:21:51 +0800] "GET /wp-includes/rest-api/ HTTP/1.1" 403 199 "-" "-"
91.239.157.219 - - [09/Jan/2026:22:21:51 +0800] "GET /wp-includes/sitemaps/ HTTP/1.1" 403 199 "-" "-"
91.239.157.219 - - [09/Jan/2026:22:21:52 +0800] "GET /wp-includes/sodium_compat/ HTTP/1.1" 403 199 "-" "-"
91.239.157.219 - - [09/Jan/2026:22:21:52 +0800] "GET /wp-includes/style-engine/ HTTP/1.1" 403 199 "-" "-"
91.239.157.219 - - [09/Jan/2026:22:21:52 +0800] "GET /wp-includes/theme-compat/ HTTP/1.1" 403 199 "-" "-"
91.239.157.219 - - [09/Jan/2026:22:21:53 +0800] "GET /wp-includes/widgets/ HTTP/1.1" 403 199 "-" "-"
91.239.157.219 - - [09/Jan/2026:22:21:53 +0800] "GET /wp-admin/css/colors/ectoplasm/ HTTP/1.1" 403 199 "-" "-"
91.239.157.219 - - [09/Jan/2026:22:21:53 +0800] "GET /wp-admin/css/colors/ HTTP/1.1" 403 199 "-" "-"
91.239.157.219 - - [09/Jan/2026:22:21:54 +0800] "GET /admin/images/slider/ HTTP/1.1" 404 20023 "-" "-"
91.239.157.219 - - [09/Jan/2026:22:21:55 +0800] "GET /admin/fckeditor/editor/filemanager/ HTTP/1.1" 404 20023 "-" "-"
91.239.157.219 - - [09/Jan/2026:22:21:56 +0800] "GET /sites/default/files/ HTTP/1.1" 404 20023 "-" "-"
91.239.157.219 - - [09/Jan/2026:22:21:57 +0800] "GET /admin/controller/extension/extension/ HTTP/1.1" 404 20023 "-" "-"
91.239.157.219 - - [09/Jan/2026:22:21:58 +0800] "GET /modules/mod_simplefileuploadv1.3/elements/ HTTP/1.1" 404 20023 "-" "-"
91.239.157.219 - - [09/Jan/2026:22:21:59 +0800] "GET /components/ HTTP/1.1" 404 20023 "-" "-"
91.239.157.219 - - [09/Jan/2026:22:22:00 +0800] "GET /admin/uploads/images/ HTTP/1.1" 404 20023 "-" "-"
91.239.157.219 - - [09/Jan/2026:22:22:01 +0800] "GET /wp-content/plugins/classic-editor/ HTTP/1.1" 403 199 "-" "-"
91.239.157.219 - - [09/Jan/2026:22:22:02 +0800] "GET /wp-content/plugins/classic-editor/ HTTP/1.1" 403 199 "-" "-"
91.239.157.219 - - [09/Jan/2026:22:22:04 +0800] "GET /wp-content/plugins/classic-editor/ HTTP/1.1" 403 199 "-" "-"
91.239.157.219 - - [09/Jan/2026:22:22:06 +0800] "GET /wp-content/plugins/classic-editor/ HTTP/1.1" 403 199 "-" "-"
91.239.157.219 - - [09/Jan/2026:22:22:07 +0800] "GET /wp-content/fonts/ HTTP/1.1" 403 199 "-" "-"
91.239.157.219 - - [09/Jan/2026:22:22:09 +0800] "GET /wp-content/fonts/ HTTP/1.1" 403 199 "-" "-"
91.239.157.219 - - [09/Jan/2026:22:22:10 +0800] "GET /wp-content/fonts/ HTTP/1.1" 403 199 "-" "-"
91.239.157.219 - - [09/Jan/2026:22:22:12 +0800] "GET /wp-content/fonts/ HTTP/1.1" 403 199 "-" "-"
91.239.157.219 - - [09/Jan/2026:22:22:14 +0800] "GET /wp-content/plugins/contact-form-7/admin/js/ HTTP/1.1" 403 199 "-" "-"
91.239.157.219 - - [09/Jan/2026:22:22:15 +0800] "GET /wp-content/plugins/contact-form-7/admin/js/ HTTP/1.1" 403 199 "-" "-"
91.239.157.219 - - [09/Jan/2026:22:22:17 +0800] "GET /wp-content/plugins/contact-form-7/admin/js/ HTTP/1.1" 403 199 "-" "-"
91.239.157.219 - - [09/Jan/2026:22:22:19 +0800] "GET /wp-content/plugins/contact-form-7/admin/js/ HTTP/1.1" 403 199 "-" "-"
91.239.157.219 - - [09/Jan/2026:22:22:20 +0800] "GET /wp-content/plugins/contact-form-7/ HTTP/1.1" 403 199 "-" "-"
91.239.157.219 - - [09/Jan/2026:22:22:21 +0800] "GET /wp-content/plugins/contact-form-7/ HTTP/1.1" 403 199 "-" "-"
91.239.157.219 - - [09/Jan/2026:22:22:23 +0800] "GET /wp-content/plugins/contact-form-7/ HTTP/1.1" 403 199 "-" "-"
91.239.157.219 - - [09/Jan/2026:22:22:24 +0800] "GET /wp-content/plugins/contact-form-7/ HTTP/1.1" 403 199 "-" "-"
91.239.157.219 - - [09/Jan/2026:22:22:26 +0800] "GET /wordpress/ HTTP/1.1" 403 199 "-" "-"
91.239.157.219 - - [09/Jan/2026:22:22:27 +0800] "GET /wordpress/ HTTP/1.1" 403 199 "-" "-"
91.239.157.219 - - [09/Jan/2026:22:22:28 +0800] "GET /wordpress/ HTTP/1.1" 403 199 "-" "-"
91.239.157.219 - - [09/Jan/2026:22:22:30 +0800] "GET /wordpress/ HTTP/1.1" 403 199 "-" "-"
91.239.157.219 - - [09/Jan/2026:22:22:31 +0800] "GET /wp-admin/images/ HTTP/1.1" 403 199 "-" "-"
91.239.157.219 - - [09/Jan/2026:22:22:32 +0800] "GET /wp-admin/images/ HTTP/1.1" 403 199 "-" "-"
91.239.157.219 - - [09/Jan/2026:22:22:33 +0800] "GET /wp-admin/images/ HTTP/1.1" 403 199 "-" "-"
91.239.157.219 - - [09/Jan/2026:22:22:35 +0800] "GET /wp-admin/images/ HTTP/1.1" 403 199 "-" "-"
91.239.157.219 - - [09/Jan/2026:22:22:36 +0800] "GET /wp-content/plugins/wordpress-seo/js/dist/ HTTP/1.1" 403 199 "-" "-"
91.239.157.219 - - [09/Jan/2026:22:22:37 +0800] "GET /wp-content/plugins/wordpress-seo/js/dist/ HTTP/1.1" 403 199 "-" "-"
91.239.157.219 - - [09/Jan/2026:22:22:39 +0800] "GET /wp-content/plugins/wordpress-seo/js/dist/ HTTP/1.1" 403 199 "-" "-"
91.239.157.219 - - [09/Jan/2026:22:22:41 +0800] "GET /wp-content/plugins/wordpress-seo/js/dist/ HTTP/1.1" 403 199 "-" "-"
91.239.157.219 - - [09/Jan/2026:22:22:42 +0800] "GET /wp-content/plugins/wordpress-seo/ HTTP/1.1" 403 199 "-" "-"
91.239.157.219 - - [09/Jan/2026:22:22:44 +0800] "GET /wp-content/plugins/wordpress-seo/ HTTP/1.1" 403 199 "-" "-"
91.239.157.219 - - [09/Jan/2026:22:22:45 +0800] "GET /wp-content/plugins/wordpress-seo/ HTTP/1.1" 403 199 "-" "-"
91.239.157.219 - - [09/Jan/2026:22:22:47 +0800] "GET /wp-content/plugins/wordpress-seo/ HTTP/1.1" 403 199 "-" "-"
91.239.157.219 - - [09/Jan/2026:22:22:48 +0800] "GET /js/ HTTP/1.1" 403 199 "-" "-"
91.239.157.219 - - [09/Jan/2026:22:22:50 +0800] "GET /js/ HTTP/1.1" 403 199 "-" "-"
91.239.157.219 - - [09/Jan/2026:22:22:52 +0800] "GET /js/ HTTP/1.1" 403 199 "-" "-"
91.239.157.219 - - [09/Jan/2026:22:22:51 +0800] "GET /js/ HTTP/1.1" 403 199 "-" "-"
91.239.157.219 - - [09/Jan/2026:22:22:53 +0800] "GET /wp-content/plugins/woocommerce/assets/js/ HTTP/1.1" 403 199 "-" "-"
91.239.157.219 - - [09/Jan/2026:22:22:54 +0800] "GET /wp-content/plugins/woocommerce/assets/js/ HTTP/1.1" 403 199 "-" "-"
91.239.157.219 - - [09/Jan/2026:22:22:56 +0800] "GET /wp-content/plugins/woocommerce/assets/js/ HTTP/1.1" 403 199 "-" "-"
91.239.157.219 - - [09/Jan/2026:22:22:57 +0800] "GET /wp-content/plugins/woocommerce/assets/js/ HTTP/1.1" 403 199 "-" "-"
91.239.157.219 - - [09/Jan/2026:22:22:58 +0800] "GET /wp-content/plugins/woocommerce/ HTTP/1.1" 403 199 "-" "-"
91.239.157.219 - - [09/Jan/2026:22:22:59 +0800] "GET /wp-content/plugins/woocommerce/ HTTP/1.1" 403 199 "-" "-"
91.239.157.219 - - [09/Jan/2026:22:23:00 +0800] "GET /wp-content/plugins/woocommerce/ HTTP/1.1" 404 20023 "-" "-"
91.239.157.219 - - [09/Jan/2026:22:23:02 +0800] "GET /wp-admin/meta/ HTTP/1.1" 404 20023 "-" "-"
91.239.157.219 - - [09/Jan/2026:22:23:03 +0800] "GET /wp-admin/network/ HTTP/1.1" 302 - "-" "-"
91.239.157.219 - - [09/Jan/2026:22:23:05 +0800] "GET /wp-admin/network/ HTTP/1.1" 302 - "-" "-"
91.239.157.219 - - [09/Jan/2026:22:23:06 +0800] "GET /wp-login.php?redirect_to=https%3A%2F%2Fgwfencing.com.au%2Fwp-admin%2Fnetwork%2F&reauth=1 HTTP/1.1" 200 10106 "-" "-"
91.239.157.219 - - [09/Jan/2026:22:23:08 +0800] "GET /wp-admin/user/ HTTP/1.1" 302 - "-" "-"
91.239.157.219 - - [09/Jan/2026:22:23:09 +0800] "GET /wp-admin/user/ HTTP/1.1" 302 - "-" "-"
91.239.157.219 - - [09/Jan/2026:22:23:10 +0800] "GET /wp-login.php?redirect_to=https%3A%2F%2Fgwfencing.com.au%2Fwp-admin%2Fuser%2F&reauth=1 HTTP/1.1" 200 10100 "-" "-"
91.239.157.219 - - [09/Jan/2026:22:23:11 +0800] "GET /wp-content/ HTTP/1.1" 200 - "-" "-"
91.239.157.219 - - [09/Jan/2026:22:23:12 +0800] "GET /wp-content/plugins/ HTTP/1.1" 200 - "-" "-"
91.239.157.219 - - [09/Jan/2026:22:23:12 +0800] "GET /wp-content/themes/ HTTP/1.1" 200 - "-" "-"
91.239.157.219 - - [09/Jan/2026:22:23:12 +0800] "GET /wp-admin/includes/ HTTP/1.1" 403 199 "-" "-"
91.239.157.219 - - [09/Jan/2026:22:23:13 +0800] "GET /wp-admin/ HTTP/1.1" 302 - "-" "-"
91.239.157.219 - - [09/Jan/2026:22:23:14 +0800] "GET /wp-admin/ HTTP/1.1" 302 - "-" "-"
91.239.157.219 - - [09/Jan/2026:22:23:15 +0800] "GET /wp-login.php?redirect_to=https%3A%2F%2Fgwfencing.com.au%2Fwp-admin%2F&reauth=1 HTTP/1.1" 200 10090 "-" "-"
91.239.157.219 - - [09/Jan/2026:22:23:16 +0800] "GET /wp-content/upgrade/ HTTP/1.1" 403 199 "-" "-"
103.4.122.14 - - [09/Jan/2026:22:29:39 +0800] "POST /wp-cron.php?doing_wp_cron=1767968979.2785120010375976562500 HTTP/1.1" 200 - "-" "WordPress/6.9; https://gwfencing.com.au"
69.171.249.2 - - [09/Jan/2026:22:29:38 +0800] "GET / HTTP/1.1" 200 35548 "-" "facebookexternalhit/1.1 (+http://www.facebook.com/externalhit_uatext.php)"
103.4.122.14 - - [09/Jan/2026:22:32:10 +0800] "POST /wp-cron.php?doing_wp_cron=1767969130.0293610095977783203125 HTTP/1.1" 200 - "-" "WordPress/6.9; https://gwfencing.com.au"
54.39.0.232 - - [09/Jan/2026:22:32:09 +0800] "GET /wp-sitemap.xml HTTP/1.1" 404 18918 "-" "Mozilla/5.0 (compatible; AhrefsBot/7.0; +http://ahrefs.com/robot/)"
182.44.9.147 - - [09/Jan/2026:22:42:21 +0800] "GET / HTTP/1.1" 403 199 "-" "Mozilla/5.0 (iPhone; CPU iPhone OS 13_2_3 like Mac OS X) AppleWebKit/605.1.15 (KHTML, like Gecko) Version/13.0.3 Mobile/15E148 Safari/604.1"
74.7.227.15 - - [09/Jan/2026:22:44:39 +0800] "GET / HTTP/1.1" 301 - "-" "Mozilla/5.0 AppleWebKit/537.36 (KHTML, like Gecko; compatible; GPTBot/1.3; +https://openai.com/gptbot)"
103.4.122.14 - - [09/Jan/2026:22:44:40 +0800] "POST /wp-cron.php?doing_wp_cron=1767969879.9606120586395263671875 HTTP/1.1" 200 - "-" "WordPress/6.9; https://gwfencing.com.au"
74.7.244.63 - - [09/Jan/2026:22:44:39 +0800] "GET /robots.txt HTTP/1.1" 301 - "-" "Mozilla/5.0 (Macintosh; Intel Mac OS X 10_15_7) AppleWebKit/537.36 (KHTML, like Gecko) Chrome/131.0.0.0 Safari/537.36; compatible; OAI-SearchBot/1.3; robots.txt; +https://openai.com/searchbot"
74.7.244.63 - - [09/Jan/2026:22:44:40 +0800] "GET /robots.txt HTTP/1.1" 200 112 "https://www.gwfencing.com.au/robots.txt" "Mozilla/5.0 (Macintosh; Intel Mac OS X 10_15_7) AppleWebKit/537.36 (KHTML, like Gecko) Chrome/131.0.0.0 Safari/537.36; compatible; OAI-SearchBot/1.3; robots.txt; +https://openai.com/searchbot"
103.4.122.14 - - [09/Jan/2026:22:48:41 +0800] "POST /wp-cron.php?doing_wp_cron=1767970120.9894840717315673828125 HTTP/1.1" 200 - "-" "WordPress/6.9; https://gwfencing.com.au"
78.135.82.3 - - [09/Jan/2026:22:48:40 +0800] "POST /xmlrpc.php HTTP/1.1" 405 415 "-" "Mozilla/4.0 (compatible; MSIE 7.0; Windows NT 6.1; WOW64; Trident/7.0; SLCC2; .NET CLR 2.0.50727; .NET4.0C; .NET4.0E; .NET CLR 3.5.30729; .NET CLR 3.0.30729)"
78.135.82.3 - - [09/Jan/2026:22:48:42 +0800] "POST /xmlrpc.php HTTP/1.1" 405 415 "-" "Mozilla/4.0 (compatible; MSIE 7.0; Windows NT 6.1; WOW64; Trident/7.0; SLCC2; .NET CLR 2.0.50727; .NET4.0C; .NET4.0E; .NET CLR 3.5.30729; .NET CLR 3.0.30729)"
78.135.82.3 - - [09/Jan/2026:22:48:45 +0800] "POST /xmlrpc.php HTTP/1.1" 405 415 "-" "Mozilla/4.0 (compatible; MSIE 7.0; Windows NT 6.1; WOW64; Trident/7.0; SLCC2; .NET CLR 2.0.50727; .NET4.0C; .NET4.0E; .NET CLR 3.5.30729; .NET CLR 3.0.30729)"
78.135.82.3 - - [09/Jan/2026:22:48:47 +0800] "POST /xmlrpc.php HTTP/1.1" 405 415 "-" "Mozilla/4.0 (compatible; MSIE 7.0; Windows NT 6.1; WOW64; Trident/7.0; SLCC2; .NET CLR 2.0.50727; .NET4.0C; .NET4.0E; .NET CLR 3.5.30729; .NET CLR 3.0.30729)"
49.13.90.242 - - [09/Jan/2026:22:50:49 +0800] "POST /xmlrpc.php HTTP/1.1" 405 415 "-" "Mozilla/5.0 (Windows NT 6.3) AppleWebKit/537.36 (KHTML, like Gecko) Chrome/65.0.3325.181 Safari/537.36"
49.13.90.242 - - [09/Jan/2026:22:50:51 +0800] "POST /xmlrpc.php HTTP/1.1" 405 415 "-" "Mozilla/5.0 (Windows NT 6.3) AppleWebKit/537.36 (KHTML, like Gecko) Chrome/65.0.3325.181 Safari/537.36"
49.13.90.242 - - [09/Jan/2026:22:50:53 +0800] "POST /xmlrpc.php HTTP/1.1" 405 415 "-" "Mozilla/5.0 (Windows NT 6.3) AppleWebKit/537.36 (KHTML, like Gecko) Chrome/65.0.3325.181 Safari/537.36"
49.13.90.242 - - [09/Jan/2026:22:50:55 +0800] "POST /xmlrpc.php HTTP/1.1" 405 415 "-" "Mozilla/5.0 (Windows NT 6.3) AppleWebKit/537.36 (KHTML, like Gecko) Chrome/65.0.3325.181 Safari/537.36"
129.152.12.94 - - [09/Jan/2026:22:51:01 +0800] "POST /xmlrpc.php HTTP/1.1" 405 415 "-" "Mozilla/5.0 (Windows NT 10.0; Win64; x64) AppleWebKit/537.36 (KHTML, like Gecko) Chrome/65.0.3325.146 Safari/537.36"
129.152.12.94 - - [09/Jan/2026:22:51:03 +0800] "POST /xmlrpc.php HTTP/1.1" 405 415 "-" "Mozilla/5.0 (Windows NT 10.0; Win64; x64) AppleWebKit/537.36 (KHTML, like Gecko) Chrome/65.0.3325.146 Safari/537.36"
129.152.12.94 - - [09/Jan/2026:22:51:05 +0800] "POST /xmlrpc.php HTTP/1.1" 405 415 "-" "Mozilla/5.0 (Windows NT 10.0; Win64; x64) AppleWebKit/537.36 (KHTML, like Gecko) Chrome/65.0.3325.146 Safari/537.36"
43.135.142.7 - - [09/Jan/2026:23:06:45 +0800] "GET / HTTP/1.1" 403 199 "-" "Mozilla/5.0 (iPhone; CPU iPhone OS 13_2_3 like Mac OS X) AppleWebKit/605.1.15 (KHTML, like Gecko) Version/13.0.3 Mobile/15E148 Safari/604.1"
103.4.122.14 - - [09/Jan/2026:23:14:30 +0800] "POST /wp-cron.php?doing_wp_cron=1767971670.2073929309844970703125 HTTP/1.1" 200 - "-" "WordPress/6.9; https://gwfencing.com.au"
54.161.130.153 - - [09/Jan/2026:23:14:29 +0800] "GET /security-fencing/ HTTP/1.1" 200 20978 "-" "TerraCotta https://github.com/CeramicTeam/CeramicTerracotta"
103.4.122.14 - - [09/Jan/2026:23:29:05 +0800] "POST /wp-cron.php?doing_wp_cron=1767972544.8740808963775634765625 HTTP/1.1" 200 - "-" "WordPress/6.9; https://gwfencing.com.au"
178.212.148.253 - - [09/Jan/2026:23:29:03 +0800] "POST /xmlrpc.php HTTP/1.1" 405 415 "-" "Mozilla/5.0 (Windows NT 10.0; Win64; x64; rv:96.0) Gecko/20100101 Firefox/96.0"
103.4.122.14 - - [09/Jan/2026:23:38:37 +0800] "POST /wp-cron.php?doing_wp_cron=1767973117.6663029193878173828125 HTTP/1.1" 200 - "-" "WordPress/6.9; https://gwfencing.com.au"
5.9.120.8 - - [09/Jan/2026:23:38:36 +0800] "GET /robots.txt HTTP/1.1" 200 112 "-" "Mozilla/5.0 (compatible; SERankingBacklinksBot/1.0; +https://seranking.com/backlinks-crawler)"
5.9.120.8 - - [09/Jan/2026:23:38:38 +0800] "GET / HTTP/1.1" 301 - "-" "Mozilla/5.0 (compatible; SERankingBacklinksBot/1.0; +https://seranking.com/backlinks-crawler)"
5.9.120.8 - - [09/Jan/2026:23:38:39 +0800] "GET /robots.txt HTTP/1.1" 200 112 "-" "Mozilla/5.0 (compatible; SERankingBacklinksBot/1.0; +https://seranking.com/backlinks-crawler)"
5.9.120.8 - - [09/Jan/2026:23:38:41 +0800] "GET / HTTP/1.1" 200 8308 "-" "Mozilla/5.0 (compatible; SERankingBacklinksBot/1.0; +https://seranking.com/backlinks-crawler)"
5.9.120.8 - - [09/Jan/2026:23:38:46 +0800] "GET /robots.txt HTTP/1.1" 200 112 "-" "Mozilla/5.0 (compatible; SERankingBacklinksBot/1.0; +https://seranking.com/backlinks-crawler)"
5.9.120.8 - - [09/Jan/2026:23:38:47 +0800] "GET /robots.txt HTTP/1.1" 200 112 "-" "Mozilla/5.0 (compatible; SERankingBacklinksBot/1.0; +https://seranking.com/backlinks-crawler)"
5.9.120.8 - - [09/Jan/2026:23:38:48 +0800] "GET /robots.txt HTTP/1.1" 200 112 "-" "Mozilla/5.0 (compatible; SERankingBacklinksBot/1.0; +https://seranking.com/backlinks-crawler)"
5.9.120.8 - - [09/Jan/2026:23:38:49 +0800] "GET /robots.txt HTTP/1.1" 200 112 "-" "Mozilla/5.0 (compatible; SERankingBacklinksBot/1.0; +https://seranking.com/backlinks-crawler)"
5.9.120.8 - - [09/Jan/2026:23:38:50 +0800] "GET /robots.txt HTTP/1.1" 200 112 "-" "Mozilla/5.0 (compatible; SERankingBacklinksBot/1.0; +https://seranking.com/backlinks-crawler)"
5.9.120.8 - - [09/Jan/2026:23:38:51 +0800] "GET / HTTP/1.1" 200 8308 "-" "Mozilla/5.0 (compatible; SERankingBacklinksBot/1.0; +https://seranking.com/backlinks-crawler)"
103.4.122.14 - - [10/Jan/2026:00:03:29 +0800] "POST /wp-cron.php?doing_wp_cron=1767974609.0470709800720214843750 HTTP/1.1" 200 - "-" "WordPress/6.9; https://gwfencing.com.au"
54.39.89.123 - - [10/Jan/2026:00:03:27 +0800] "GET / HTTP/1.1" 200 8308 "-" "Mozilla/5.0 (compatible; AhrefsBot/7.0; +http://ahrefs.com/robot/)"
40.77.167.187 - - [10/Jan/2026:00:05:36 +0800] "GET /robots.txt HTTP/1.1" 301 - "-" "Mozilla/5.0 AppleWebKit/537.36 (KHTML, like Gecko; compatible; bingbot/2.0; +http://www.bing.com/bingbot.htm) Chrome/116.0.1938.76 Safari/537.36"
40.77.167.187 - - [10/Jan/2026:00:05:38 +0800] "GET /robots.txt HTTP/1.1" 200 112 "-" "Mozilla/5.0 AppleWebKit/537.36 (KHTML, like Gecko; compatible; bingbot/2.0; +http://www.bing.com/bingbot.htm) Chrome/116.0.1938.76 Safari/537.36"
40.77.167.18 - - [10/Jan/2026:00:05:50 +0800] "GET /sitemap_index.xml HTTP/1.1" 200 303 "-" "Mozilla/5.0 AppleWebKit/537.36 (KHTML, like Gecko; compatible; bingbot/2.0; +http://www.bing.com/bingbot.htm) Chrome/116.0.1938.76 Safari/537.36"
170.106.113.235 - - [10/Jan/2026:00:13:49 +0800] "GET / HTTP/1.1" 403 199 "-" "Mozilla/5.0 (iPhone; CPU iPhone OS 13_2_3 like Mac OS X) AppleWebKit/605.1.15 (KHTML, like Gecko) Version/13.0.3 Mobile/15E148 Safari/604.1"
103.4.122.14 - - [10/Jan/2026:00:20:34 +0800] "POST /wp-cron.php?doing_wp_cron=1767975634.1204400062561035156250 HTTP/1.1" 200 - "-" "WordPress/6.9; https://gwfencing.com.au"
54.161.130.153 - - [10/Jan/2026:00:20:31 +0800] "GET /sporting-fencing/ HTTP/1.1" 200 21453 "-" "TerraCotta https://github.com/CeramicTeam/CeramicTerracotta"
103.4.122.14 - - [10/Jan/2026:00:30:37 +0800] "POST /wp-cron.php?doing_wp_cron=1767976237.2782430648803710937500 HTTP/1.1" 200 - "-" "WordPress/6.9; https://gwfencing.com.au"
38.46.47.221 - - [10/Jan/2026:00:30:35 +0800] "GET / HTTP/1.1" 200 8308 "-" "Mozilla/5.0 (Macintosh; Intel Mac OS X 10_15_7) AppleWebKit/537.36 (KHTML, like Gecko) Chrome/131.0.0.0 Safari/537.36"
38.46.47.221 - - [10/Jan/2026:00:30:37 +0800] "GET /about-us/ HTTP/1.1" 200 6195 "-" "Mozilla/5.0 (Macintosh; Intel Mac OS X 10_15_7) AppleWebKit/537.36 (KHTML, like Gecko) Chrome/131.0.0.0 Safari/537.36"
38.46.47.221 - - [10/Jan/2026:00:30:38 +0800] "GET /commercial/ HTTP/1.1" 200 6424 "-" "Mozilla/5.0 (Macintosh; Intel Mac OS X 10_15_7) AppleWebKit/537.36 (KHTML, like Gecko) Chrome/131.0.0.0 Safari/537.36"
38.46.47.221 - - [10/Jan/2026:00:30:39 +0800] "GET /contacts/ HTTP/1.1" 200 6751 "-" "Mozilla/5.0 (Macintosh; Intel Mac OS X 10_15_7) AppleWebKit/537.36 (KHTML, like Gecko) Chrome/131.0.0.0 Safari/537.36"
38.46.47.221 - - [10/Jan/2026:00:30:41 +0800] "GET /wp-content/cache/autoptimize/js/autoptimize_c76c92add9b2e9ef2a2032c7f1e17636.js HTTP/1.1" 200 485666 "-" "Mozilla/5.0 (Macintosh; Intel Mac OS X 10_15_7) AppleWebKit/537.36 (KHTML, like Gecko) Chrome/131.0.0.0 Safari/537.36"
38.46.47.221 - - [10/Jan/2026:00:30:42 +0800] "GET /wp-content/cache/autoptimize/js/autoptimize_2753fa3c998958f85539910b5ab38b6b.js HTTP/1.1" 200 481819 "-" "Mozilla/5.0 (Macintosh; Intel Mac OS X 10_15_7) AppleWebKit/537.36 (KHTML, like Gecko) Chrome/131.0.0.0 Safari/537.36"
103.4.122.14 - - [10/Jan/2026:00:36:53 +0800] "POST /wp-cron.php?doing_wp_cron=1767976612.9435989856719970703125 HTTP/1.1" 200 - "-" "WordPress/6.9; https://gwfencing.com.au"
216.244.66.248 - - [10/Jan/2026:00:36:44 +0800] "GET /robots.txt HTTP/1.1" 200 117 "-" "Mozilla/5.0 (compatible; DotBot/1.2; +https://opensiteexplorer.org/dotbot; help@moz.com)"
54.161.130.153 - - [10/Jan/2026:00:36:45 +0800] "GET /about-us/ HTTP/1.1" 200 20960 "-" "TerraCotta https://github.com/CeramicTeam/CeramicTerracotta"
103.4.122.14 - - [10/Jan/2026:00:47:36 +0800] "POST /wp-cron.php?doing_wp_cron=1767977256.5870020389556884765625 HTTP/1.1" 200 - "-" "WordPress/6.9; https://gwfencing.com.au"
216.244.66.248 - - [10/Jan/2026:00:47:29 +0800] "GET /wp-content/cache/autoptimize/css/autoptimize_b84739f7a59756b462a359ab7d22a42b.css HTTP/1.1" 302 19015 "-" "Mozilla/5.0 (compatible; DotBot/1.2; +https://opensiteexplorer.org/dotbot; help@moz.com)"
103.4.122.14 - - [10/Jan/2026:00:51:20 +0800] "POST /wp-cron.php?doing_wp_cron=1767977480.5717110633850097656250 HTTP/1.1" 200 - "-" "WordPress/6.9; https://gwfencing.com.au"
34.79.117.1 - - [10/Jan/2026:00:51:19 +0800] "GET / HTTP/1.1" 301 - "-" "Mozilla/5.0 (compatible; CMS-Checker/1.0; +https://example.com)"
34.79.117.1 - - [10/Jan/2026:00:51:22 +0800] "GET / HTTP/1.1" 200 8308 "http://gwfencing.com.au" "Mozilla/5.0 (compatible; CMS-Checker/1.0; +https://example.com)"
213.199.54.199 - - [10/Jan/2026:00:55:39 +0800] "POST /xmlrpc.php HTTP/1.1" 405 415 "-" "Mozilla/5.0 (Windows NT 10.0; Win64; x64; rv:79.0) Gecko/20100101 Firefox/79.0"
43.166.136.202 - - [10/Jan/2026:01:00:12 +0800] "GET / HTTP/1.1" 403 199 "-" "Mozilla/5.0 (iPhone; CPU iPhone OS 13_2_3 like Mac OS X) AppleWebKit/605.1.15 (KHTML, like Gecko) Version/13.0.3 Mobile/15E148 Safari/604.1"
103.4.122.14 - - [10/Jan/2026:01:03:15 +0800] "POST /wp-cron.php?doing_wp_cron=1767978195.1601738929748535156250 HTTP/1.1" 200 - "-" "WordPress/6.9; https://gwfencing.com.au"
148.113.130.208 - - [10/Jan/2026:01:03:14 +0800] "GET /%E0%B8%AA%E0%B8%A5%E0%B9%87%E0%B8%AD%E0%B8%95%E0%B8%AD%E0%B8%AD%E0%B8%99%E0%B9%84%E0%B8%A5%E0%B8%99%E0%B9%8C.aspx HTTP/1.1" 404 20032 "-" "Mozilla/5.0 (compatible; AhrefsBot/7.0; +http://ahrefs.com/robot/)"
103.4.122.14 - - [10/Jan/2026:01:06:12 +0800] "POST /wp-cron.php?doing_wp_cron=1767978372.4339330196380615234375 HTTP/1.1" 200 - "-" "WordPress/6.9; https://gwfencing.com.au"
114.119.141.127 - - [10/Jan/2026:01:06:11 +0800] "GET /commercial/ HTTP/1.1" 200 6424 "-" "Mozilla/5.0 (Linux; Android 7.0;) AppleWebKit/537.36 (KHTML, like Gecko) Mobile Safari/537.36 (compatible; PetalBot;+https://webmaster.petalsearch.com/site/petalbot)"
103.4.122.14 - - [10/Jan/2026:01:07:35 +0800] "POST /wp-cron.php?doing_wp_cron=1767978455.7432088851928710937500 HTTP/1.1" 200 - "-" "WordPress/6.9; https://gwfencing.com.au"
114.119.146.197 - - [10/Jan/2026:01:07:34 +0800] "GET /security-fencing HTTP/1.1" 301 - "https://gwfencing.com.au/sporting-fencing" "Mozilla/5.0 (Linux; Android 7.0;) AppleWebKit/537.36 (KHTML, like Gecko) Mobile Safari/537.36 (compatible; PetalBot;+https://webmaster.petalsearch.com/site/petalbot)"
114.119.146.197 - - [10/Jan/2026:01:07:36 +0800] "GET /security-fencing/ HTTP/1.1" 200 6120 "https://gwfencing.com.au/sporting-fencing" "Mozilla/5.0 (Linux; Android 7.0;) AppleWebKit/537.36 (KHTML, like Gecko) Mobile Safari/537.36 (compatible; PetalBot;+https://webmaster.petalsearch.com/site/petalbot)"
103.4.122.14 - - [10/Jan/2026:01:16:32 +0800] "POST /wp-cron.php?doing_wp_cron=1767978992.7012100219726562500000 HTTP/1.1" 200 - "-" "WordPress/6.9; https://gwfencing.com.au"
163.223.115.150 - - [10/Jan/2026:01:16:31 +0800] "POST / HTTP/1.1" 200 8308 "-" "Mozilla/5.0 (Windows NT 10.0; Win64; x64) AppleWebKit/537.36 (KHTML, like Gecko) Chrome/60.0.3112.113 Safari/537.36 Assetnote/1.0.0"
80.239.207.207 - - [10/Jan/2026:01:18:23 +0800] "POST /xmlrpc.php HTTP/1.1" 405 415 "-" "Mozilla/5.0 (Windows NT 10.0; Win64; x64; rv:75.0) Gecko/20100101 Firefox/75.0"
103.4.122.14 - - [10/Jan/2026:01:22:02 +0800] "POST /wp-cron.php?doing_wp_cron=1767979321.8438100814819335937500 HTTP/1.1" 200 - "-" "WordPress/6.9; https://gwfencing.com.au"
114.119.137.68 - - [10/Jan/2026:01:22:00 +0800] "GET /commercial HTTP/1.1" 301 - "-" "Mozilla/5.0 (Linux; Android 7.0;) AppleWebKit/537.36 (KHTML, like Gecko) Mobile Safari/537.36 (compatible; PetalBot;+https://webmaster.petalsearch.com/site/petalbot)"
114.119.137.68 - - [10/Jan/2026:01:22:02 +0800] "GET /commercial/ HTTP/1.1" 200 6424 "-" "Mozilla/5.0 (Linux; Android 7.0;) AppleWebKit/537.36 (KHTML, like Gecko) Mobile Safari/537.36 (compatible; PetalBot;+https://webmaster.petalsearch.com/site/petalbot)"
114.119.157.231 - - [10/Jan/2026:01:23:22 +0800] "GET / HTTP/1.1" 200 8308 "-" "Mozilla/5.0 (Linux; Android 7.0;) AppleWebKit/537.36 (KHTML, like Gecko) Mobile Safari/537.36 (compatible; PetalBot;+https://webmaster.petalsearch.com/site/petalbot)"
103.4.122.14 - - [10/Jan/2026:01:36:27 +0800] "POST /wp-cron.php?doing_wp_cron=1767980187.4540350437164306640625 HTTP/1.1" 200 - "-" "WordPress/6.9; https://gwfencing.com.au"
34.125.189.232 - - [10/Jan/2026:01:36:26 +0800] "GET / HTTP/1.1" 301 - "-" "Mozilla/5.0 (compatible; CMS-Checker/1.0; +https://example.com)"
34.125.189.232 - - [10/Jan/2026:01:36:29 +0800] "GET / HTTP/1.1" 200 8308 "http://www.gwfencing.com.au" "Mozilla/5.0 (compatible; CMS-Checker/1.0; +https://example.com)"
103.4.122.14 - - [10/Jan/2026:01:41:38 +0800] "POST /wp-cron.php?doing_wp_cron=1767980498.0421319007873535156250 HTTP/1.1" 200 - "-" "WordPress/6.9; https://gwfencing.com.au"
34.79.117.1 - - [10/Jan/2026:01:41:37 +0800] "GET / HTTP/1.1" 301 - "-" "Mozilla/5.0 (Windows NT 10.0; Win64; x64) AppleWebKit/537.36 (KHTML, like Gecko) Chrome/78.0.3904.108 Safari/537.36"
34.79.117.1 - - [10/Jan/2026:01:41:39 +0800] "GET / HTTP/1.1" 200 35548 "-" "Mozilla/5.0 (Windows NT 10.0; Win64; x64) AppleWebKit/537.36 (KHTML, like Gecko) Chrome/78.0.3904.108 Safari/537.36"
18.222.134.65 - - [10/Jan/2026:01:41:40 +0800] "GET /.git/config HTTP/1.1" 403 199 "-" "python-httpx/0.28.1"
34.79.117.1 - - [10/Jan/2026:01:41:40 +0800] "GET //wp-includes/wlwmanifest.xml HTTP/1.1" 301 - "-" "Mozilla/5.0 (Windows NT 10.0; Win64; x64) AppleWebKit/537.36 (KHTML, like Gecko) Chrome/78.0.3904.108 Safari/537.36"
18.222.134.65 - - [10/Jan/2026:01:41:41 +0800] "GET /.env HTTP/1.1" 403 199 "-" "python-httpx/0.28.1"
34.79.117.1 - - [10/Jan/2026:01:41:41 +0800] "GET //xmlrpc.php?rsd HTTP/1.1" 200 810 "-" "Mozilla/5.0 (Windows NT 10.0; Win64; x64) AppleWebKit/537.36 (KHTML, like Gecko) Chrome/78.0.3904.108 Safari/537.36"
34.79.117.1 - - [10/Jan/2026:01:41:42 +0800] "GET //?author=1 HTTP/1.1" 200 - "-" "Mozilla/5.0 (Windows NT 10.0; Win64; x64) AppleWebKit/537.36 (KHTML, like Gecko) Chrome/78.0.3904.108 Safari/537.36"
18.222.134.65 - - [10/Jan/2026:01:41:42 +0800] "GET /index.js HTTP/1.1" 404 20032 "-" "python-httpx/0.28.1"
34.79.117.1 - - [10/Jan/2026:01:41:43 +0800] "GET //?author=2 HTTP/1.1" 200 - "-" "Mozilla/5.0 (Windows NT 10.0; Win64; x64) AppleWebKit/537.36 (KHTML, like Gecko) Chrome/78.0.3904.108 Safari/537.36"
18.222.134.65 - - [10/Jan/2026:01:41:44 +0800] "GET /backup.sql HTTP/1.1" 403 199 "-" "python-httpx/0.28.1"
34.79.117.1 - - [10/Jan/2026:01:41:44 +0800] "GET //wp-json/wp/v2/users/ HTTP/1.1" 403 199 "-" "Mozilla/5.0 (Windows NT 10.0; Win64; x64) AppleWebKit/537.36 (KHTML, like Gecko) Chrome/78.0.3904.108 Safari/537.36"
18.222.134.65 - - [10/Jan/2026:01:41:44 +0800] "GET /debug.log HTTP/1.1" 403 199 "-" "python-httpx/0.28.1"
34.79.117.1 - - [10/Jan/2026:01:41:44 +0800] "GET //wp-json/oembed/1.0/embed?url=https://gwfencing.com.au/ HTTP/1.1" 200 2159 "-" "Mozilla/5.0 (Windows NT 10.0; Win64; x64) AppleWebKit/537.36 (KHTML, like Gecko) Chrome/78.0.3904.108 Safari/537.36"
18.222.134.65 - - [10/Jan/2026:01:41:45 +0800] "GET /database.sql HTTP/1.1" 403 199 "-" "python-httpx/0.28.1"
34.79.117.1 - - [10/Jan/2026:01:41:45 +0800] "POST //xmlrpc.php HTTP/1.1" 200 413 "-" "Mozilla/5.0 (Windows NT 10.0; Win64; x64) AppleWebKit/537.36 (KHTML, like Gecko) Chrome/78.0.3904.108 Safari/537.36"
18.222.134.65 - - [10/Jan/2026:01:41:46 +0800] "GET /storage/logs/laravel.log HTTP/1.1" 403 199 "-" "python-httpx/0.28.1"
18.222.134.65 - - [10/Jan/2026:01:41:47 +0800] "GET /auth.json HTTP/1.1" 404 20032 "-" "python-httpx/0.28.1"
18.222.134.65 - - [10/Jan/2026:01:41:48 +0800] "GET /music.js HTTP/1.1" 404 20032 "-" "python-httpx/0.28.1"
18.222.134.65 - - [10/Jan/2026:01:41:50 +0800] "GET /phpinfo HTTP/1.1" 404 20032 "-" "python-httpx/0.28.1"
18.222.134.65 - - [10/Jan/2026:01:41:52 +0800] "GET /_profiler/phpinfo HTTP/1.1" 404 20032 "-" "python-httpx/0.28.1"
18.222.134.65 - - [10/Jan/2026:01:41:53 +0800] "GET /dump.sql HTTP/1.1" 403 199 "-" "python-httpx/0.28.1"
18.222.134.65 - - [10/Jan/2026:01:41:54 +0800] "GET /YK_KZ_Base.js HTTP/1.1" 404 20032 "-" "python-httpx/0.28.1"
18.222.134.65 - - [10/Jan/2026:01:41:56 +0800] "GET /api/.env HTTP/1.1" 403 199 "-" "python-httpx/0.28.1"
18.222.134.65 - - [10/Jan/2026:01:41:57 +0800] "GET /log/error.log HTTP/1.1" 403 199 "-" "python-httpx/0.28.1"
18.222.134.65 - - [10/Jan/2026:01:41:57 +0800] "GET /backend/.env HTTP/1.1" 403 199 "-" "python-httpx/0.28.1"
18.222.134.65 - - [10/Jan/2026:01:41:58 +0800] "GET /main.js HTTP/1.1" 404 20032 "-" "python-httpx/0.28.1"
18.222.134.65 - - [10/Jan/2026:01:42:00 +0800] "GET /phpinfo.php HTTP/1.1" 404 20032 "-" "python-httpx/0.28.1"
18.222.134.65 - - [10/Jan/2026:01:42:02 +0800] "GET /js HTTP/1.1" 404 20032 "-" "python-httpx/0.28.1"
18.222.134.65 - - [10/Jan/2026:01:42:03 +0800] "GET /.env.local HTTP/1.1" 403 199 "-" "python-httpx/0.28.1"
18.222.134.65 - - [10/Jan/2026:01:42:04 +0800] "GET /info.php HTTP/1.1" 404 20032 "-" "python-httpx/0.28.1"
18.222.134.65 - - [10/Jan/2026:01:42:06 +0800] "GET /.env.production HTTP/1.1" 403 199 "-" "python-httpx/0.28.1"
18.222.134.65 - - [10/Jan/2026:01:42:07 +0800] "GET /admin/.env HTTP/1.1" 403 199 "-" "python-httpx/0.28.1"
18.222.134.65 - - [10/Jan/2026:01:42:07 +0800] "GET /core/.env HTTP/1.1" 403 199 "-" "python-httpx/0.28.1"
18.222.134.65 - - [10/Jan/2026:01:42:08 +0800] "GET /laravel/.env HTTP/1.1" 403 199 "-" "python-httpx/0.28.1"
18.222.134.65 - - [10/Jan/2026:01:42:09 +0800] "GET /test.php HTTP/1.1" 404 20032 "-" "python-httpx/0.28.1"
161.118.211.239 - - [10/Jan/2026:01:45:21 +0800] "GET / HTTP/1.1" 301 - "-" "Mozilla/5.0 (iPad; CPU OS 17_4 like Mac OS X) AppleWebKit/605.1.15 Mobile/15E148"
103.4.122.14 - - [10/Jan/2026:01:52:34 +0800] "POST /wp-cron.php?doing_wp_cron=1767981154.8757019042968750000000 HTTP/1.1" 200 - "-" "WordPress/6.9; https://gwfencing.com.au"
74.225.193.147 - - [10/Jan/2026:01:52:33 +0800] "GET /.tresh/index.php HTTP/1.1" 301 - "https://www.google.de/" "Mozilla/5.0 (Linux; Android 10; LM-Q720) AppleWebKit/537.36 (KHTML, like Gecko) Chrome/116.0.0.0 Mobile Safari/537.36"
74.225.193.147 - - [10/Jan/2026:01:52:35 +0800] "GET /.tresh/ HTTP/1.1" 404 20023 "https://www.google.de/" "Mozilla/5.0 (Linux; Android 10; LM-Q720) AppleWebKit/537.36 (KHTML, like Gecko) Chrome/116.0.0.0 Mobile Safari/537.36"
74.225.193.147 - - [10/Jan/2026:01:52:36 +0800] "GET /.well-known/ HTTP/1.1" 404 20023 "https://www.google.co.uk/" "Mozilla/5.g (Linux; Android 13; Pixel 7) AppleWebKit/537.36 (KHTML, like Gecko) Chrome/116.0.0.0 Mobile Safari/537.36"
74.225.193.147 - - [10/Jan/2026:01:52:36 +0800] "GET /.well-known/acme-challenge/index.php HTTP/1.1" 404 16 "https://www.yahoo.com/" "Mozilla/5.0 (Linux; Android 12; 2201116SG) AppleWebKit/537.36 (KHTML, like Gecko) Chrome/116.0.0.0 Mobile Safari/537.36"
74.225.193.147 - - [10/Jan/2026:01:52:37 +0800] "GET /.well-known/error.php HTTP/1.1" 404 20023 "https://www.google.com/" "Mozilla/5.0 (Linux; Android 14; Pixel 8 Pro) AppleWebKit/537.36 (KHTML, like Gecko) Chrome/119.0.0.0 Mobile Safari/537.36"
74.225.193.147 - - [10/Jan/2026:01:52:37 +0800] "GET /.well-known/gecko-litespeed.php HTTP/1.1" 404 20023 "https://www.bing.com/" "Mozilla/5.0 (iPhone; CPU iPhone OS 16_6_1 like Mac OS X) AppleWebKit/605.1.15 (KHTML, like Gecko) Version/16.6 Mobile/15E148 Safari/604.1"
74.225.193.147 - - [10/Jan/2026:01:52:38 +0800] "GET //wp-includes/fonts/ HTTP/1.1" 403 199 "https://www.google.de/" "Mozilla/5.0 (iPhone; CPU iPhone OS 16_6_1 like Mac OS X) AppleWebKit/605.1.15 (KHTML, like Gecko) Version/16.6 Mobile/15E148 Safari/604.1"
74.225.193.147 - - [10/Jan/2026:01:52:38 +0800] "GET /ALFA_DATA/alfacgiapi/ HTTP/1.1" 404 20023 "https://duckduckgo.com/" "Mozilla/5.0 (Linux; Android 11; 21081111RG) AppleWebKit/537.36 (KHTML, like Gecko) Chrome/116.0.0.0 Mobile Safari/537.36"
74.225.193.147 - - [10/Jan/2026:01:52:39 +0800] "GET /about/function.php HTTP/1.1" 404 20023 "https://www.google.de/" "Mozilla/5.0 (Linux; Android 11; 21081111RG) AppleWebKit/537.36 (KHTML, like Gecko) Chrome/116.0.0.0 Mobile Safari/537.36"
74.225.193.147 - - [10/Jan/2026:01:52:40 +0800] "GET /admin/controller/extension/extension/ HTTP/1.1" 404 20023 "https://www.google.com/" "Mozilla/5.g (Linux; Android 13; Pixel 7) AppleWebKit/537.36 (KHTML, like Gecko) Chrome/116.0.0.0 Mobile Safari/537.36"
74.225.193.147 - - [10/Jan/2026:01:52:41 +0800] "GET /admin/controller/extension/extension/ultra.php HTTP/1.1" 404 20023 "https://duckduckgo.com/" "Mozilla/5.0 (Linux; Android 12; SM-A525F) AppleWebKit/537.36 (KHTML, like Gecko) Chrome/117.0.0.0 Mobile Safari/537.36"
74.225.193.147 - - [10/Jan/2026:01:52:42 +0800] "GET /admin/controller/extension/extension/vx.php HTTP/1.1" 404 20023 "https://www.google.de/" "Mozilla/5.0 (iPhone; CPU iPhone OS 15_7_9 like Mac OS X) AppleWebKit/605.1.15 (KHTML, like Gecko) Version/15.6.5 Mobile/15E148 Safari/604.1"
74.225.193.147 - - [10/Jan/2026:01:52:42 +0800] "GET /admin/function.php HTTP/1.1" 404 20023 "https://duckduckgo.com/" "Mozilla/5.g (Linux; Android 13; Pixel 7) AppleWebKit/537.36 (KHTML, like Gecko) Chrome/116.0.0.0 Mobile Safari/537.36"
74.225.193.147 - - [10/Jan/2026:01:52:43 +0800] "GET /adminfuns.php/.well-known/acme-challenge/file.php HTTP/1.1" 404 20023 "https://www.google.de/" "Mozilla/5.0 (Linux; Android 13; SM-G991U) AppleWebKit/537.36 (KHTML, like Gecko) Chrome/117.0.0.0 Mobile Safari/537.36"
74.225.193.147 - - [10/Jan/2026:01:52:44 +0800] "GET /assets/ HTTP/1.1" 404 20023 "https://duckduckgo.com/" "Mozilla/5.0 (Linux; Android 10; K) AppleWebKit/537.36 (KHTML, like Gecko) Chrome/117.0.0.0 Mobile Safari/537.36"
74.225.193.147 - - [10/Jan/2026:01:52:45 +0800] "GET /assets/images/ HTTP/1.1" 404 20023 "https://www.google.fr/" "Mozilla/5.0 (iPad; CPU OS 16_7_2 like Mac OS X) AppleWebKit/605.1.15 (KHTML, like Gecko) Version/16.6 Mobile/15E148 Safari/604.1"
74.225.193.147 - - [10/Jan/2026:01:52:46 +0800] "GET /assets/vx.php HTTP/1.1" 404 20023 "https://www.yahoo.com/" "Mozilla/5.0 (iPhone; CPU iPhone OS 17_1 like Mac OS X) AppleWebKit/605.1.15 (KHTML, like Gecko) CriOS/119.0.6045.109 Mobile/15E148 Safari/604.1"
74.225.193.147 - - [10/Jan/2026:01:52:47 +0800] "GET /autoload_classmap/function.php HTTP/1.1" 404 20023 "https://www.google.fr/" "Mozilla/5.0 (iPhone; CPU iPhone OS 15_7_9 like Mac OS X) AppleWebKit/605.1.15 (KHTML, like Gecko) Version/15.6.5 Mobile/15E148 Safari/604.1"
74.225.193.147 - - [10/Jan/2026:01:52:47 +0800] "GET /bk/index.php HTTP/1.1" 301 - "https://www.google.com/" "Mozilla/5.0 (Linux; Android 10; K) AppleWebKit/537.36 (KHTML, like Gecko) Chrome/117.0.0.0 Mobile Safari/537.36"
74.225.193.147 - - [10/Jan/2026:01:52:48 +0800] "GET /bk/ HTTP/1.1" 404 20023 "https://www.google.com/" "Mozilla/5.0 (Linux; Android 10; K) AppleWebKit/537.36 (KHTML, like Gecko) Chrome/117.0.0.0 Mobile Safari/537.36"
74.225.193.147 - - [10/Jan/2026:01:52:49 +0800] "GET /cgi-bin/ HTTP/1.1" 404 20023 "https://www.yahoo.com/" "Mozilla/5.0 (Linux; Android 10; K) AppleWebKit/537.36 (KHTML, like Gecko) Chrome/117.0.0.0 Mobile Safari/537.36"
74.225.193.147 - - [10/Jan/2026:01:52:50 +0800] "GET /css/admin.php HTTP/1.1" 404 20023 "https://www.google.fr/" "Mozilla/5.0 (Linux; Android 13; M2101K6G) AppleWebKit/537.36 (KHTML, like Gecko) Chrome/116.0.0.0 Mobile Safari/537.36"
74.225.193.147 - - [10/Jan/2026:01:52:51 +0800] "GET /css/index.php HTTP/1.1" 301 - "https://www.yahoo.com/" "Mozilla/5.0 (Linux; Android 10; LM-Q720) AppleWebKit/537.36 (KHTML, like Gecko) Chrome/116.0.0.0 Mobile Safari/537.36"
74.225.193.147 - - [10/Jan/2026:01:52:51 +0800] "GET /css/ HTTP/1.1" 404 20023 "https://www.yahoo.com/" "Mozilla/5.0 (Linux; Android 10; LM-Q720) AppleWebKit/537.36 (KHTML, like Gecko) Chrome/116.0.0.0 Mobile Safari/537.36"
74.225.193.147 - - [10/Jan/2026:01:52:52 +0800] "GET /function/function.php HTTP/1.1" 404 20023 "https://www.yahoo.com/" "Mozilla/5.0 (iPhone; CPU iPhone OS 16_0 like Mac OS X) AppleWebKit/605.1.15 (KHTML, like Gecko) FxiOS/118.0 Mobile/15E148 Safari/605.1.15"
74.225.193.147 - - [10/Jan/2026:01:52:53 +0800] "GET /images/index.php HTTP/1.1" 301 - "https://duckduckgo.com/" "Mozilla/5.0 (Linux; Android 12; V2134) AppleWebKit/537.36 (KHTML, like Gecko) Chrome/116.0.0.0 Mobile Safari/537.36"
74.225.193.147 - - [10/Jan/2026:01:52:54 +0800] "GET /images/ HTTP/1.1" 404 20023 "https://duckduckgo.com/" "Mozilla/5.0 (Linux; Android 12; V2134) AppleWebKit/537.36 (KHTML, like Gecko) Chrome/116.0.0.0 Mobile Safari/537.36"
74.225.193.147 - - [10/Jan/2026:01:52:54 +0800] "GET /images/install.php HTTP/1.1" 404 20023 "https://www.google.co.uk/" "Mozilla/5.0 (iPhone; CPU iPhone OS 17_1 like Mac OS X) AppleWebKit/605.1.15 (KHTML, like Gecko) CriOS/119.0.6045.109 Mobile/15E148 Safari/604.1"
74.225.193.147 - - [10/Jan/2026:01:52:55 +0800] "GET /index.php/feed/atom/ HTTP/1.1" 301 - "https://www.yahoo.com/" "Mozilla/5.0 (Linux; Android 14; Pixel 8 Pro) AppleWebKit/537.36 (KHTML, like Gecko) Chrome/119.0.0.0 Mobile Safari/537.36"
74.225.193.147 - - [10/Jan/2026:01:52:56 +0800] "GET /feed/atom/ HTTP/1.1" 200 693 "https://www.yahoo.com/" "Mozilla/5.0 (Linux; Android 14; Pixel 8 Pro) AppleWebKit/537.36 (KHTML, like Gecko) Chrome/119.0.0.0 Mobile Safari/537.36"
74.225.193.147 - - [10/Jan/2026:01:52:57 +0800] "GET /index/function.php HTTP/1.1" 404 20023 "https://www.yahoo.com/" "Mozilla/5.0 (Linux; Android 10; LM-Q720) AppleWebKit/537.36 (KHTML, like Gecko) Chrome/116.0.0.0 Mobile Safari/537.36"
74.225.193.147 - - [10/Jan/2026:01:52:58 +0800] "GET /mah/function.php HTTP/1.1" 404 20023 "https://www.google.com/" "Mozilla/5.0 (Linux; Android 14; Pixel 8 Pro) AppleWebKit/537.36 (KHTML, like Gecko) Chrome/119.0.0.0 Mobile Safari/537.36"
74.225.193.147 - - [10/Jan/2026:01:52:58 +0800] "GET /update/gely.php HTTP/1.1" 404 20023 "https://www.google.fr/" "Mozilla/5.0 (Linux; Android 13; M2101K6G) AppleWebKit/537.36 (KHTML, like Gecko) Chrome/116.0.0.0 Mobile Safari/537.36"
74.225.193.147 - - [10/Jan/2026:01:52:59 +0800] "GET /wp-admin/ HTTP/1.1" 302 - "https://www.yahoo.com/" "Mozilla/5.0 (iPhone; CPU iPhone OS 16_6_1 like Mac OS X) AppleWebKit/605.1.15 (KHTML, like Gecko) Version/16.6 Mobile/15E148 Safari/604.1"
74.225.193.147 - - [10/Jan/2026:01:53:01 +0800] "GET /wp-admin/ HTTP/1.1" 302 - "https://www.yahoo.com/" "Mozilla/5.0 (iPhone; CPU iPhone OS 16_6_1 like Mac OS X) AppleWebKit/605.1.15 (KHTML, like Gecko) Version/16.6 Mobile/15E148 Safari/604.1"
74.225.193.147 - - [10/Jan/2026:01:53:01 +0800] "GET /wp-login.php?redirect_to=https%3A%2F%2Fgwfencing.com.au%2Fwp-admin%2F&reauth=1 HTTP/1.1" 200 10090 "https://www.yahoo.com/" "Mozilla/5.0 (iPhone; CPU iPhone OS 16_6_1 like Mac OS X) AppleWebKit/605.1.15 (KHTML, like Gecko) Version/16.6 Mobile/15E148 Safari/604.1"
74.225.193.147 - - [10/Jan/2026:01:53:03 +0800] "GET /wp-admin/css/ HTTP/1.1" 403 199 "https://www.google.co.uk/" "Mozilla/5.0 (iPhone; CPU iPhone OS 17_1 like Mac OS X) AppleWebKit/605.1.15 (KHTML, like Gecko) CriOS/119.0.6045.109 Mobile/15E148 Safari/604.1"
74.225.193.147 - - [10/Jan/2026:01:53:03 +0800] "GET /wp-admin/css/colors/ HTTP/1.1" 403 199 "https://www.bing.com/" "Mozilla/5.0 (iPhone; CPU iPhone OS 17_1 like Mac OS X) AppleWebKit/605.1.15 (KHTML, like Gecko) CriOS/119.0.6045.109 Mobile/15E148 Safari/604.1"
74.225.193.147 - - [10/Jan/2026:01:53:03 +0800] "GET /wp-admin/css/colors/blue/ HTTP/1.1" 403 199 "https://duckduckgo.com/" "Mozilla/5.0 (Linux; Android 14; Pixel 8 Pro) AppleWebKit/537.36 (KHTML, like Gecko) Chrome/119.0.0.0 Mobile Safari/537.36"
74.225.193.147 - - [10/Jan/2026:01:53:04 +0800] "GET /wp-admin/css/colors/coffee/ HTTP/1.1" 403 199 "https://www.google.com/" "Mozilla/5.0 (iPad; CPU OS 16_7_2 like Mac OS X) AppleWebKit/605.1.15 (KHTML, like Gecko) Version/16.6 Mobile/15E148 Safari/604.1"
74.225.193.147 - - [10/Jan/2026:01:53:04 +0800] "GET /wp-admin/css/colors/midnight/ HTTP/1.1" 403 199 "https://duckduckgo.com/" "Mozilla/5.0 (Linux; Android 12; SM-A525F) AppleWebKit/537.36 (KHTML, like Gecko) Chrome/117.0.0.0 Mobile Safari/537.36"
74.225.193.147 - - [10/Jan/2026:01:53:04 +0800] "GET /wp-admin/images/ HTTP/1.1" 403 199 "https://www.bing.com/" "Mozilla/5.0 (iPhone; CPU iPhone OS 15_7_9 like Mac OS X) AppleWebKit/605.1.15 (KHTML, like Gecko) Version/15.6.5 Mobile/15E148 Safari/604.1"
74.225.193.147 - - [10/Jan/2026:01:53:04 +0800] "GET /wp-admin/includes/ HTTP/1.1" 403 199 "https://www.google.de/" "Mozilla/5.0 (Linux; Android 13; SM-S908E) AppleWebKit/537.36 (KHTML, like Gecko) Chrome/116.0.0.0 Mobile Safari/537.36"
74.225.193.147 - - [10/Jan/2026:01:53:04 +0800] "GET /wp-admin/js/ HTTP/1.1" 403 199 "https://www.google.de/" "Mozilla/5.0 (Linux; Android 11; 21081111RG) AppleWebKit/537.36 (KHTML, like Gecko) Chrome/116.0.0.0 Mobile Safari/537.36"
74.225.193.147 - - [10/Jan/2026:01:53:04 +0800] "GET /wp-admin/maint/ HTTP/1.1" 403 199 "https://www.google.de/" "Mozilla/5.0 (Linux; Android 14; Pixel 8 Pro) AppleWebKit/537.36 (KHTML, like Gecko) Chrome/119.0.0.0 Mobile Safari/537.36"
74.225.193.147 - - [10/Jan/2026:01:53:04 +0800] "GET /wp-admin/network/ HTTP/1.1" 302 - "https://www.yahoo.com/" "Mozilla/5.0 (Linux; Android 12; V2134) AppleWebKit/537.36 (KHTML, like Gecko) Chrome/116.0.0.0 Mobile Safari/537.36"
74.225.193.147 - - [10/Jan/2026:01:53:05 +0800] "GET /wp-admin/network/ HTTP/1.1" 302 - "https://www.yahoo.com/" "Mozilla/5.0 (Linux; Android 12; V2134) AppleWebKit/537.36 (KHTML, like Gecko) Chrome/116.0.0.0 Mobile Safari/537.36"
74.225.193.147 - - [10/Jan/2026:01:53:07 +0800] "GET /wp-content/ HTTP/1.1" 200 - "https://www.google.com/" "Mozilla/5.g (Linux; Android 13; Pixel 7) AppleWebKit/537.36 (KHTML, like Gecko) Chrome/116.0.0.0 Mobile Safari/537.36"
74.225.193.147 - - [10/Jan/2026:01:53:07 +0800] "GET /wp-content/plugins/ HTTP/1.1" 200 - "https://www.google.fr/" "Mozilla/5.0 (iPhone; CPU iPhone OS 17_1 like Mac OS X) AppleWebKit/605.1.15 (KHTML, like Gecko) CriOS/119.0.6045.109 Mobile/15E148 Safari/604.1"
74.225.193.147 - - [10/Jan/2026:01:53:07 +0800] "GET /wp-content/themes/ HTTP/1.1" 200 - "https://www.yahoo.com/" "Mozilla/5.0 (iPhone; CPU iPhone OS 17_1_1 like Mac OS X) AppleWebKit/605.1.15 (KHTML, like Gecko) Version/17.1 Mobile/15E148 Safari/604.1"
74.225.193.147 - - [10/Jan/2026:01:53:07 +0800] "GET /wp-content/uploads/ HTTP/1.1" 403 13 "https://www.google.de/" "Mozilla/5.0 (Linux; Android 10; K) AppleWebKit/537.36 (KHTML, like Gecko) Chrome/117.0.0.0 Mobile Safari/537.36"
74.225.193.147 - - [10/Jan/2026:01:53:08 +0800] "GET /wp-includes/ HTTP/1.1" 403 199 "https://www.google.fr/" "Mozilla/5.0 (Linux; Android 12; V2134) AppleWebKit/537.36 (KHTML, like Gecko) Chrome/116.0.0.0 Mobile Safari/537.36"
74.225.193.147 - - [10/Jan/2026:01:53:06 +0800] "GET /wp-login.php?redirect_to=https%3A%2F%2Fgwfencing.com.au%2Fwp-admin%2Fnetwork%2F&reauth=1 HTTP/1.1" 200 10106 "https://www.yahoo.com/" "Mozilla/5.0 (Linux; Android 12; V2134) AppleWebKit/537.36 (KHTML, like Gecko) Chrome/116.0.0.0 Mobile Safari/537.36"
74.225.193.147 - - [10/Jan/2026:01:53:08 +0800] "GET /wp-includes/ID3/ HTTP/1.1" 403 199 "https://www.google.de/" "Mozilla/5.0 (iPhone; CPU iPhone OS 17_0_3 like Mac OS X) AppleWebKit/605.1.15 (KHTML, like Gecko) Version/17.0.1 Mobile/15E148 Safari/604.1"
74.225.193.147 - - [10/Jan/2026:01:53:08 +0800] "GET /wp-includes/IXR/ HTTP/1.1" 403 199 "https://duckduckgo.com/" "Mozilla/5.0 (iPhone; CPU iPhone OS 15_7_9 like Mac OS X) AppleWebKit/605.1.15 (KHTML, like Gecko) Version/15.6.5 Mobile/15E148 Safari/604.1"
74.225.193.147 - - [10/Jan/2026:01:53:08 +0800] "GET /wp-includes/PHPMailer/ HTTP/1.1" 403 199 "https://duckduckgo.com/" "Mozilla/5.0 (Linux; Android 13; SM-S908E) AppleWebKit/537.36 (KHTML, like Gecko) Chrome/116.0.0.0 Mobile Safari/537.36"
74.225.193.147 - - [10/Jan/2026:01:53:08 +0800] "GET /wp-includes/Requests/ HTTP/1.1" 403 199 "https://www.google.com/" "Mozilla/5.0 (iPad; CPU OS 16_7_2 like Mac OS X) AppleWebKit/605.1.15 (KHTML, like Gecko) Version/16.6 Mobile/15E148 Safari/604.1"
74.225.193.147 - - [10/Jan/2026:01:53:08 +0800] "GET /wp-includes/Text/ HTTP/1.1" 403 199 "https://www.yahoo.com/" "Mozilla/5.0 (Linux; Android 12; SM-A525F) AppleWebKit/537.36 (KHTML, like Gecko) Chrome/117.0.0.0 Mobile Safari/537.36"
74.225.193.147 - - [10/Jan/2026:01:53:08 +0800] "GET /wp-includes/js/ HTTP/1.1" 403 199 "https://www.yahoo.com/" "Mozilla/5.0 (iPhone; CPU iPhone OS 17_1 like Mac OS X) AppleWebKit/605.1.15 (KHTML, like Gecko) CriOS/119.0.6045.109 Mobile/15E148 Safari/604.1"
74.225.193.147 - - [10/Jan/2026:01:53:09 +0800] "GET /wp-includes/sodium_compat/ HTTP/1.1" 403 199 "https://www.google.com/" "Mozilla/5.0 (Linux; Android 13; SM-S908E) AppleWebKit/537.36 (KHTML, like Gecko) Chrome/116.0.0.0 Mobile Safari/537.36"
74.225.193.147 - - [10/Jan/2026:01:53:09 +0800] "GET /wp-includes/block-bindings/index.php HTTP/1.1" 403 199 "https://www.yahoo.com/" "Mozilla/5.0 (iPhone; CPU iPhone OS 17_1_1 like Mac OS X) AppleWebKit/605.1.15 (KHTML, like Gecko) Version/17.1 Mobile/15E148 Safari/604.1"
103.4.122.14 - - [10/Jan/2026:01:59:28 +0800] "POST /wp-cron.php?doing_wp_cron=1767981568.1028261184692382812500 HTTP/1.1" 200 - "-" "WordPress/6.9; https://gwfencing.com.au"
114.119.146.197 - - [10/Jan/2026:01:59:27 +0800] "GET /industrial/ HTTP/1.1" 200 6024 "-" "Mozilla/5.0 (Linux; Android 7.0;) AppleWebKit/537.36 (KHTML, like Gecko) Mobile Safari/537.36 (compatible; PetalBot;+https://webmaster.petalsearch.com/site/petalbot)"
114.119.148.187 - - [10/Jan/2026:02:00:46 +0800] "GET /industrial HTTP/1.1" 301 - "-" "Mozilla/5.0 (Linux; Android 7.0;) AppleWebKit/537.36 (KHTML, like Gecko) Mobile Safari/537.36 (compatible; PetalBot;+https://webmaster.petalsearch.com/site/petalbot)"
114.119.148.187 - - [10/Jan/2026:02:00:49 +0800] "GET /industrial/ HTTP/1.1" 200 6024 "-" "Mozilla/5.0 (Linux; Android 7.0;) AppleWebKit/537.36 (KHTML, like Gecko) Mobile Safari/537.36 (compatible; PetalBot;+https://webmaster.petalsearch.com/site/petalbot)"
103.4.122.14 - - [10/Jan/2026:02:02:11 +0800] "POST /wp-cron.php?doing_wp_cron=1767981730.8519771099090576171875 HTTP/1.1" 200 - "-" "WordPress/6.9; https://gwfencing.com.au"
114.119.157.231 - - [10/Jan/2026:02:02:09 +0800] "GET /commercial/ HTTP/1.1" 200 6424 "-" "Mozilla/5.0 (Linux; Android 7.0;) AppleWebKit/537.36 (KHTML, like Gecko) Mobile Safari/537.36 (compatible; PetalBot;+https://webmaster.petalsearch.com/site/petalbot)"
