114.119.157.231 - - [02/Jan/2026:00:05:42 +0800] "GET /%E0%B8%97%E0%B8%94%E0%B8%A5%E0%B8%AD%E0%B8%87%E0%B9%80%E0%B8%A5%E0%B9%88%E0%B8%99%E0%B8%AA%E0%B8%A5%E0%B9%87%E0%B8%AD%E0%B8%95%E0%B8%9F%E0%B8%A3%E0%B8%B5%20%E0%B9%84%E0%B8%A1%E0%B9%88%20%E0%B8%AA%E0%B8%B0%E0%B8%94%E0%B8%B8%E0%B8%94.aspx HTTP/1.1" 404 20032 "https://gwfencing.com.au/%E0%B8%AA%E0%B8%A5%E0%B9%87%E0%B8%AD%E0%B8%95%20%E0%B9%80%E0%B8%84%E0%B8%A3%E0%B8%94%E0%B8%B4%E0%B8%95%E0%B8%9F%E0%B8%A3%E0%B8%B5%2050%20%E0%B9%84%E0%B8%A1%E0%B9%88%E0%B8%95%E0%B9%89%E0%B8%AD%E0%B8%87%E0%B8%9D%E0%B8%B2%E0%B8%81%E0%B8%81%E0%B9%88%E0%B8%AD%E0%B8%99%20%E0%B9%84%E0%B8%A1%E0%B9%88%E0%B8%95%E0%B9%89%E0%B8%AD%E0%B8%87%E0%B9%81%E0%B8%8A%E0%B8%A3%E0%B9%8C%20%E0%B8%A2%E0%B8%B7%E0%B8%99%E0%B8%A2%E0%B8%B1%E0%B8%99%E0%B9%80%E0%B8%9A%E0%B8%AD%E0%B8%A3%E0%B9%8C%E0%B9%82%E0%B8%97%E0%B8%A3%E0%B8%A8%E0%B8%B1%E0%B8%9E%E0%B8%97%E0%B9%8C.aspx" "Mozilla/5.0 (Linux; Android 7.0;) AppleWebKit/537.36 (KHTML, like Gecko) Mobile Safari/537.36 (compatible; PetalBot;+https://webmaster.petalsearch.com/site/petalbot)"
103.4.122.14 - - [02/Jan/2026:00:07:06 +0800] "POST /wp-cron.php?doing_wp_cron=1767283626.7019100189208984375000 HTTP/1.1" 200 - "-" "WordPress/6.9; https://gwfencing.com.au"
114.119.146.197 - - [02/Jan/2026:00:07:05 +0800] "GET /%E0%B8%97%E0%B8%94%E0%B8%A5%E0%B8%AD%E0%B8%87%E0%B9%80%E0%B8%A5%E0%B9%88%E0%B8%99%E0%B8%AA%E0%B8%A5%E0%B9%87%E0%B8%AD%E0%B8%95%20pp%20%E0%B8%8B%E0%B8%B7%E0%B9%89%E0%B8%AD%E0%B8%9F%E0%B8%A3%E0%B8%B5%E0%B8%AA%E0%B8%9B%E0%B8%B4%E0%B8%99.aspx HTTP/1.1" 404 20032 "https://gwfencing.com.au/%E0%B8%97%E0%B8%94%E0%B8%A5%E0%B8%AD%E0%B8%87%E0%B9%80%E0%B8%A5%E0%B9%88%E0%B8%99%E0%B8%AA%E0%B8%A5%E0%B9%87%E0%B8%AD%E0%B8%95%20pg%20%E0%B8%8B%E0%B8%B7%E0%B9%89%E0%B8%AD%E0%B8%9F%E0%B8%A3%E0%B8%B5%E0%B8%AA%E0%B8%9B%E0%B8%B4%E0%B8%99%E0%B9%84%E0%B8%94%E0%B9%89%202024.aspx" "Mozilla/5.0 (Linux; Android 7.0;) AppleWebKit/537.36 (KHTML, like Gecko) Mobile Safari/537.36 (compatible; PetalBot;+https://webmaster.petalsearch.com/site/petalbot)"
114.119.137.68 - - [02/Jan/2026:00:08:28 +0800] "GET /%E0%B8%97%E0%B8%94%E0%B8%A5%E0%B8%AD%E0%B8%87%E0%B9%80%E0%B8%A5%E0%B9%88%E0%B8%99%E0%B8%AA%E0%B8%A5%E0%B9%87%E0%B8%AD%E0%B8%95%20pg%20%E0%B9%84%E0%B8%A1%E0%B9%88%20%E0%B9%80%E0%B8%94%E0%B9%89%E0%B8%87%202023.aspx HTTP/1.1" 404 20032 "https://gwfencing.com.au/pay69%20%E0%B8%AA%E0%B8%A5%E0%B9%87%E0%B8%AD%E0%B8%95.aspx" "Mozilla/5.0 (Linux; Android 7.0;) AppleWebKit/537.36 (KHTML, like Gecko) Mobile Safari/537.36 (compatible; PetalBot;+https://webmaster.petalsearch.com/site/petalbot)"
114.119.137.68 - - [02/Jan/2026:00:09:53 +0800] "GET /%E0%B8%97%E0%B8%94%E0%B8%A5%E0%B8%AD%E0%B8%87%E0%B9%80%E0%B8%A5%E0%B9%88%E0%B8%99%E0%B8%AA%E0%B8%A5%E0%B9%87%E0%B8%AD%E0%B8%95%20pg%20%E0%B8%97%E0%B8%B1%E0%B9%89%E0%B8%87%E0%B8%AB%E0%B8%A1%E0%B8%94.aspx HTTP/1.1" 404 20032 "https://gwfencing.com.au/%E0%B9%80%E0%B8%81%E0%B8%A1%E0%B8%AA%E0%B8%A5%E0%B9%87%E0%B8%AD%E0%B8%95777.aspx" "Mozilla/5.0 (Linux; Android 7.0;) AppleWebKit/537.36 (KHTML, like Gecko) Mobile Safari/537.36 (compatible; PetalBot;+https://webmaster.petalsearch.com/site/petalbot)"
103.4.122.14 - - [02/Jan/2026:00:11:19 +0800] "POST /wp-cron.php?doing_wp_cron=1767283879.6542899608612060546875 HTTP/1.1" 200 - "-" "WordPress/6.9; https://gwfencing.com.au"
114.119.137.68 - - [02/Jan/2026:00:11:18 +0800] "GET /%E0%B8%97%E0%B8%94%E0%B8%A5%E0%B8%AD%E0%B8%87%E0%B9%80%E0%B8%A5%E0%B9%88%E0%B8%99%E0%B8%9A%E0%B8%B2%E0%B8%84%E0%B8%B2%E0%B8%A3%E0%B9%88%E0%B8%B2%E0%B9%80%E0%B8%8A%E0%B9%87%E0%B8%81%E0%B8%8A%E0%B8%B5%E0%B9%88.aspx HTTP/1.1" 404 20032 "https://gwfencing.com.au/betflik%20%E0%B8%97%E0%B8%B2%E0%B8%87%E0%B9%80%E0%B8%82%E0%B9%89%E0%B8%B2.aspx" "Mozilla/5.0 (Linux; Android 7.0;) AppleWebKit/537.36 (KHTML, like Gecko) Mobile Safari/537.36 (compatible; PetalBot;+https://webmaster.petalsearch.com/site/petalbot)"
103.4.122.14 - - [02/Jan/2026:00:12:45 +0800] "POST /wp-cron.php?doing_wp_cron=1767283965.1487889289855957031250 HTTP/1.1" 200 - "-" "WordPress/6.9; https://gwfencing.com.au"
114.119.141.127 - - [02/Jan/2026:00:12:44 +0800] "GET /%E0%B8%97%E0%B8%94%E0%B8%A5%E0%B8%AD%E0%B8%87%E0%B9%80%E0%B8%A5%E0%B9%88%E0%B8%99%E0%B8%9A%E0%B8%B2%E0%B8%84%E0%B8%B2%E0%B8%A3%E0%B9%88%E0%B8%B2%E0%B8%9F%E0%B8%A3%E0%B8%B5%2050000.aspx HTTP/1.1" 404 20032 "https://gwfencing.com.au/rocket%20878%20%E0%B8%AA%E0%B8%A5%E0%B9%87%E0%B8%AD%E0%B8%95.aspx" "Mozilla/5.0 (Linux; Android 7.0;) AppleWebKit/537.36 (KHTML, like Gecko) Mobile Safari/537.36 (compatible; PetalBot;+https://webmaster.petalsearch.com/site/petalbot)"
114.119.146.197 - - [02/Jan/2026:00:14:04 +0800] "GET /%E0%B8%88%E0%B8%B5%E0%B8%84%E0%B8%A5%E0%B8%B1%E0%B8%9A.aspx HTTP/1.1" 404 20032 "https://gwfencing.com.au/ufa365%20%E0%B8%97%E0%B8%B2%E0%B8%87%E0%B9%80%E0%B8%82%E0%B9%89%E0%B8%B2.aspx" "Mozilla/5.0 (Linux; Android 7.0;) AppleWebKit/537.36 (KHTML, like Gecko) Mobile Safari/537.36 (compatible; PetalBot;+https://webmaster.petalsearch.com/site/petalbot)"
114.119.137.68 - - [02/Jan/2026:00:15:26 +0800] "GET /wp-json/contact-form-7/v1/contact-forms/2051/feedback HTTP/1.1" 404 114 "http://www.gwfencing.com.au/stats/usage_202211.html" "Mozilla/5.0 (Linux; Android 7.0;) AppleWebKit/537.36 (KHTML, like Gecko) Mobile Safari/537.36 (compatible; PetalBot;+https://webmaster.petalsearch.com/site/petalbot)"
103.4.122.14 - - [02/Jan/2026:00:16:53 +0800] "POST /wp-cron.php?doing_wp_cron=1767284213.6502408981323242187500 HTTP/1.1" 200 - "-" "WordPress/6.9; https://gwfencing.com.au"
114.119.153.171 - - [02/Jan/2026:00:16:51 +0800] "GET /u31%20%E0%B9%80%E0%B8%84%E0%B8%A3%E0%B8%94%E0%B8%B4%E0%B8%95%E0%B8%9F%E0%B8%A3%E0%B8%B5%2031%20%E0%B8%9A%E0%B8%B2%E0%B8%97.aspx HTTP/1.1" 404 20023 "http://gwfencing.com.au/15%E0%B8%A3%E0%B8%B1%E0%B8%9A100.aspx" "Mozilla/5.0 (Linux; Android 7.0;) AppleWebKit/537.36 (KHTML, like Gecko) Mobile Safari/537.36 (compatible; PetalBot;+https://webmaster.petalsearch.com/site/petalbot)"
114.119.137.68 - - [02/Jan/2026:00:18:17 +0800] "GET /sbobet%20%E0%B8%97%E0%B8%B2%E0%B8%87%E0%B9%80%E0%B8%82%E0%B9%89%E0%B8%B2%20%E0%B8%A1%E0%B8%B7%E0%B8%AD%E0%B8%96%E0%B8%B7%E0%B8%AD.aspx HTTP/1.1" 404 20023 "http://gwfencing.com.au/%E0%B8%97%E0%B8%94%E0%B8%A5%E0%B8%AD%E0%B8%87%E0%B9%80%E0%B8%A5%E0%B9%88%E0%B8%99%E0%B8%AA%E0%B8%A5%E0%B9%87%E0%B8%AD%E0%B8%95%E0%B8%9F%E0%B8%A3%E0%B8%B5%20%E0%B8%96%E0%B8%AD%E0%B8%99%E0%B9%84%E0%B8%94%E0%B9%89.aspx" "Mozilla/5.0 (Linux; Android 7.0;) AppleWebKit/537.36 (KHTML, like Gecko) Mobile Safari/537.36 (compatible; PetalBot;+https://webmaster.petalsearch.com/site/petalbot)"
103.4.122.14 - - [02/Jan/2026:00:19:39 +0800] "POST /wp-cron.php?doing_wp_cron=1767284379.1400749683380126953125 HTTP/1.1" 200 - "-" "WordPress/6.9; https://gwfencing.com.au"
114.119.141.127 - - [02/Jan/2026:00:19:38 +0800] "GET /lsm99%20%E0%B8%97%E0%B8%B2%E0%B8%87%E0%B9%80%E0%B8%82%E0%B9%89%E0%B8%B2.aspx HTTP/1.1" 404 20023 "http://gwfencing.com.au/xmlrpc.php" "Mozilla/5.0 (Linux; Android 7.0;) AppleWebKit/537.36 (KHTML, like Gecko) Mobile Safari/537.36 (compatible; PetalBot;+https://webmaster.petalsearch.com/site/petalbot)"
114.119.141.127 - - [02/Jan/2026:00:21:01 +0800] "GET /l86.com%20%E0%B8%AA%E0%B8%A5%E0%B9%87%E0%B8%AD%E0%B8%95.aspx HTTP/1.1" 404 20023 "http://gwfencing.com.au/%E0%B8%AA%E0%B8%A5%E0%B9%87%E0%B8%AD%E0%B8%95888%E0%B9%80%E0%B8%A7%E0%B9%87%E0%B8%9A%E0%B8%95%E0%B8%A3%E0%B8%87%E0%B8%A7%E0%B8%AD%E0%B9%80%E0%B8%A5%E0%B8%97.aspx" "Mozilla/5.0 (Linux; Android 7.0;) AppleWebKit/537.36 (KHTML, like Gecko) Mobile Safari/537.36 (compatible; PetalBot;+https://webmaster.petalsearch.com/site/petalbot)"
114.119.133.83 - - [02/Jan/2026:00:22:24 +0800] "GET /gclub%20%E0%B8%9C%E0%B9%88%E0%B8%B2%E0%B8%99%E0%B9%80%E0%B8%A7%E0%B9%87%E0%B8%9A.aspx HTTP/1.1" 404 20023 "http://gwfencing.com.au/%E0%B8%97%E0%B8%94%E0%B8%A5%E0%B8%AD%E0%B8%87%E0%B9%80%E0%B8%A5%E0%B9%88%E0%B8%99%E0%B8%AA%E0%B8%A5%E0%B9%87%E0%B8%AD%E0%B8%95%20pg%20%E0%B8%97%E0%B8%B1%E0%B9%89%E0%B8%87%E0%B8%AB%E0%B8%A1%E0%B8%94.aspx" "Mozilla/5.0 (Linux; Android 7.0;) AppleWebKit/537.36 (KHTML, like Gecko) Mobile Safari/537.36 (compatible; PetalBot;+https://webmaster.petalsearch.com/site/petalbot)"
103.4.122.14 - - [02/Jan/2026:00:22:25 +0800] "POST /wp-cron.php?doing_wp_cron=1767284545.9052240848541259765625 HTTP/1.1" 200 - "-" "WordPress/6.9; https://gwfencing.com.au"
114.119.153.171 - - [02/Jan/2026:00:23:48 +0800] "GET /autoslot.aspx HTTP/1.1" 404 20023 "http://gwfencing.com.au/%E0%B8%AA%E0%B8%A5%E0%B9%87%E0%B8%AD%E0%B8%95%E0%B9%80%E0%B8%A7%E0%B9%87%E0%B8%9A%E0%B8%95%E0%B8%A3%E0%B8%87168.aspx" "Mozilla/5.0 (Linux; Android 7.0;) AppleWebKit/537.36 (KHTML, like Gecko) Mobile Safari/537.36 (compatible; PetalBot;+https://webmaster.petalsearch.com/site/petalbot)"
114.119.145.66 - - [02/Jan/2026:00:25:12 +0800] "GET /apollo%20slot%20pg.aspx HTTP/1.1" 404 20023 "http://gwfencing.com.au/10%E0%B8%A3%E0%B8%B1%E0%B8%9A100%E0%B8%AA%E0%B8%A1%E0%B8%B2%E0%B8%8A%E0%B8%B4%E0%B8%81%E0%B9%83%E0%B8%AB%E0%B8%A1%E0%B9%88.aspx" "Mozilla/5.0 (Linux; Android 7.0;) AppleWebKit/537.36 (KHTML, like Gecko) Mobile Safari/537.36 (compatible; PetalBot;+https://webmaster.petalsearch.com/site/petalbot)"
103.4.122.14 - - [02/Jan/2026:00:26:37 +0800] "POST /wp-cron.php?doing_wp_cron=1767284797.7225399017333984375000 HTTP/1.1" 200 - "-" "WordPress/6.9; https://gwfencing.com.au"
114.119.153.171 - - [02/Jan/2026:00:26:36 +0800] "GET /allslot%20wallet%2010%E0%B8%A3%E0%B8%B1%E0%B8%9A100.aspx HTTP/1.1" 404 20023 "https://gwfencing.com.au/%E0%B8%AA%E0%B8%A5%E0%B9%87%E0%B8%AD%E0%B8%95%20888.aspx" "Mozilla/5.0 (Linux; Android 7.0;) AppleWebKit/537.36 (KHTML, like Gecko) Mobile Safari/537.36 (compatible; PetalBot;+https://webmaster.petalsearch.com/site/petalbot)"
114.119.157.231 - - [02/Jan/2026:00:28:02 +0800] "GET /460bet%20%E0%B9%80%E0%B8%82%E0%B9%89%E0%B8%B2%E0%B8%AA%E0%B8%B9%E0%B9%88%E0%B8%A3%E0%B8%B0%E0%B8%9A%E0%B8%9A.aspx HTTP/1.1" 404 20023 "http://gwfencing.com.au/%E0%B8%97%E0%B8%94%E0%B8%A5%E0%B8%AD%E0%B8%87%E0%B9%80%E0%B8%A5%E0%B9%88%E0%B8%99%E0%B8%AA%E0%B8%A5%E0%B9%87%E0%B8%AD%E0%B8%95%20pg%20%E0%B9%84%E0%B8%94%E0%B9%89%E0%B9%80%E0%B8%87%E0%B8%B4%E0%B8%99%E0%B8%88%E0%B8%A3%E0%B8%B4%E0%B8%87.aspx" "Mozilla/5.0 (Linux; Android 7.0;) AppleWebKit/537.36 (KHTML, like Gecko) Mobile Safari/537.36 (compatible; PetalBot;+https://webmaster.petalsearch.com/site/petalbot)"
114.119.133.83 - - [02/Jan/2026:00:29:22 +0800] "GET /%E0%B9%80%E0%B8%A7%E0%B9%87%E0%B8%9A%E0%B8%AA%E0%B8%A5%E0%B9%87%E0%B8%AD%E0%B8%95%E0%B8%AD%E0%B8%B1%E0%B8%99%E0%B8%94%E0%B8%B1%E0%B8%9A%201%20%E0%B8%82%E0%B8%AD%E0%B8%87%E0%B9%82%E0%B8%A5%E0%B8%81.aspx HTTP/1.1" 404 20023 "http://gwfencing.com.au/%E0%B8%AA%E0%B8%A1%E0%B8%B1%E0%B8%84%E0%B8%A3slotxo.aspx" "Mozilla/5.0 (Linux; Android 7.0;) AppleWebKit/537.36 (KHTML, like Gecko) Mobile Safari/537.36 (compatible; PetalBot;+https://webmaster.petalsearch.com/site/petalbot)"
114.119.137.68 - - [02/Jan/2026:00:30:46 +0800] "GET /%E0%B9%80%E0%B8%A7%E0%B9%87%E0%B8%9A%E0%B8%AA%E0%B8%A5%E0%B9%87%E0%B8%AD%E0%B8%95%20%E0%B8%97%E0%B8%B5%E0%B9%88%20%E0%B8%A1%E0%B8%B5%20%E0%B8%84%E0%B8%99%20%E0%B9%80%E0%B8%A5%E0%B9%88%E0%B8%99%20%E0%B8%A1%E0%B8%B2%E0%B8%81%20%E0%B8%97%E0%B8%B5%E0%B9%88%E0%B8%AA%E0%B8%B8%E0%B8%94.aspx HTTP/1.1" 404 20023 "http://gwfencing.com.au/%E0%B8%AA%E0%B8%A5%E0%B9%87%E0%B8%AD%E0%B8%95%20wallet%20%E0%B9%80%E0%B8%84%E0%B8%A3%E0%B8%94%E0%B8%B4%E0%B8%95%E0%B8%9F%E0%B8%A3%E0%B8%B550.aspx" "Mozilla/5.0 (Linux; Android 7.0;) AppleWebKit/537.36 (KHTML, like Gecko) Mobile Safari/537.36 (compatible; PetalBot;+https://webmaster.petalsearch.com/site/petalbot)"
103.4.122.14 - - [02/Jan/2026:00:32:10 +0800] "POST /wp-cron.php?doing_wp_cron=1767285130.7274379730224609375000 HTTP/1.1" 200 - "-" "WordPress/6.9; https://gwfencing.com.au"
114.119.141.127 - - [02/Jan/2026:00:32:09 +0800] "GET /%E0%B9%80%E0%B8%84%E0%B8%A3%E0%B8%94%E0%B8%B4%E0%B8%95%E0%B8%9F%E0%B8%A3%E0%B8%B5%20%E0%B9%84%E0%B8%A1%E0%B9%88%E0%B8%95%E0%B9%89%E0%B8%AD%E0%B8%87%E0%B8%9D%E0%B8%B2%E0%B8%81%20%E0%B9%84%E0%B8%A1%E0%B9%88%E0%B8%95%E0%B9%89%E0%B8%AD%E0%B8%87%E0%B9%81%E0%B8%8A%E0%B8%A3%E0%B9%8C%202022%20%E0%B8%81%E0%B8%94%E0%B8%A3%E0%B8%B1%E0%B8%9A%E0%B9%80%E0%B8%AD%E0%B8%87.aspx HTTP/1.1" 404 20023 "http://gwfencing.com.au/allslot%20wallet%2010%E0%B8%A3%E0%B8%B1%E0%B8%9A100.aspx" "Mozilla/5.0 (Linux; Android 7.0;) AppleWebKit/537.36 (KHTML, like Gecko) Mobile Safari/537.36 (compatible; PetalBot;+https://webmaster.petalsearch.com/site/petalbot)"
114.119.157.231 - - [02/Jan/2026:00:33:33 +0800] "GET /%E0%B8%AA%E0%B8%A5%E0%B9%87%E0%B8%AD%E0%B8%95.aspx HTTP/1.1" 404 20023 "http://gwfencing.com.au/%E0%B8%AA%E0%B8%A5%E0%B9%87%E0%B8%AD%E0%B8%95%E0%B9%80%E0%B8%A7%E0%B9%87%E0%B8%9A%E0%B8%95%E0%B8%A3%E0%B8%87168.aspx" "Mozilla/5.0 (Linux; Android 7.0;) AppleWebKit/537.36 (KHTML, like Gecko) Mobile Safari/537.36 (compatible; PetalBot;+https://webmaster.petalsearch.com/site/petalbot)"
114.119.145.66 - - [02/Jan/2026:00:34:57 +0800] "GET /%E0%B8%AA%E0%B8%A5%E0%B9%87%E0%B8%AD%E0%B8%95%E0%B9%80%E0%B8%A7%E0%B9%87%E0%B8%9A%E0%B8%99%E0%B8%AD%E0%B8%81.aspx HTTP/1.1" 404 20023 "http://gwfencing.com.au/%E0%B8%AA%E0%B8%A5%E0%B9%87%E0%B8%AD%E0%B8%95%20ufabet%20%E0%B9%80%E0%B8%A7%E0%B9%87%E0%B8%9A%E0%B8%95%E0%B8%A3%E0%B8%87.aspx" "Mozilla/5.0 (Linux; Android 7.0;) AppleWebKit/537.36 (KHTML, like Gecko) Mobile Safari/537.36 (compatible; PetalBot;+https://webmaster.petalsearch.com/site/petalbot)"
103.4.122.14 - - [02/Jan/2026:00:36:22 +0800] "POST /wp-cron.php?doing_wp_cron=1767285382.5535879135131835937500 HTTP/1.1" 200 - "-" "WordPress/6.9; https://gwfencing.com.au"
114.119.145.66 - - [02/Jan/2026:00:36:21 +0800] "GET /%E0%B8%AA%E0%B8%A5%E0%B9%87%E0%B8%AD%E0%B8%95%E0%B8%97%E0%B8%94%E0%B8%A5%E0%B8%AD%E0%B8%8799.aspx HTTP/1.1" 404 20023 "http://gwfencing.com.au/%E0%B9%80%E0%B8%A7%E0%B9%87%E0%B8%9A%E0%B8%AA%E0%B8%A5%E0%B9%87%E0%B8%AD%E0%B8%95%E0%B9%80%E0%B8%84%E0%B8%A3%E0%B8%94%E0%B8%B4%E0%B8%95%E0%B8%9F%E0%B8%A3%E0%B8%B5.aspx" "Mozilla/5.0 (Linux; Android 7.0;) AppleWebKit/537.36 (KHTML, like Gecko) Mobile Safari/537.36 (compatible; PetalBot;+https://webmaster.petalsearch.com/site/petalbot)"
114.119.145.66 - - [02/Jan/2026:00:37:43 +0800] "GET /%E0%B8%AA%E0%B8%A5%E0%B9%87%E0%B8%AD%E0%B8%95%20%E0%B9%80%E0%B8%84%E0%B8%A3%E0%B8%94%E0%B8%B4%E0%B8%95%E0%B8%9F%E0%B8%A3%E0%B8%B5%20100%20%E0%B9%84%E0%B8%A1%E0%B9%88%E0%B8%95%E0%B9%89%E0%B8%AD%E0%B8%87%E0%B9%81%E0%B8%8A%E0%B8%A3%E0%B9%8C.aspx HTTP/1.1" 404 20023 "http://gwfencing.com.au/ruay.%20org%20%E0%B9%80%E0%B8%82%E0%B9%89%E0%B8%B2%E0%B8%AA%E0%B8%B9%E0%B9%88%E0%B8%A3%E0%B8%B0%E0%B8%9A%E0%B8%9A.aspx" "Mozilla/5.0 (Linux; Android 7.0;) AppleWebKit/537.36 (KHTML, like Gecko) Mobile Safari/537.36 (compatible; PetalBot;+https://webmaster.petalsearch.com/site/petalbot)"
114.119.145.66 - - [02/Jan/2026:00:39:07 +0800] "GET /%E0%B8%AA%E0%B8%A5%E0%B9%87%E0%B8%AD%E0%B8%95%20%E0%B8%9D%E0%B8%B2%E0%B8%81%E0%B8%96%E0%B8%AD%E0%B8%99%20true%20wallet%20%E0%B9%80%E0%B8%A7%E0%B9%87%E0%B8%9A%E0%B8%95%E0%B8%A3%E0%B8%87.aspx HTTP/1.1" 404 20023 "https://gwfencing.com.au/%E0%B9%80%E0%B8%81%E0%B8%A1%E0%B8%AA%E0%B8%A5%E0%B9%87%E0%B8%AD%E0%B8%95%E0%B8%AD%E0%B8%AD%E0%B8%99%E0%B9%84%E0%B8%A5%E0%B8%99%E0%B9%8C.aspx" "Mozilla/5.0 (Linux; Android 7.0;) AppleWebKit/537.36 (KHTML, like Gecko) Mobile Safari/537.36 (compatible; PetalBot;+https://webmaster.petalsearch.com/site/petalbot)"
114.119.146.197 - - [02/Jan/2026:00:40:31 +0800] "GET /%E0%B8%9D%E0%B8%B2%E0%B8%81%2010%20%E0%B8%A3%E0%B8%B1%E0%B8%9A100%20%E0%B8%97%E0%B9%8D%E0%B8%B2%20%E0%B8%A2%E0%B8%AD%E0%B8%94%20300%20%E0%B8%96%E0%B8%AD%E0%B8%99%E0%B9%84%E0%B8%94%E0%B9%89%20100.aspx HTTP/1.1" 404 20023 "http://gwfencing.com.au/%E0%B8%AA%E0%B8%A5%E0%B9%87%E0%B8%AD%E0%B8%95%20168%20%E0%B9%80%E0%B8%84%E0%B8%A3%E0%B8%94%E0%B8%B4%E0%B8%95%E0%B8%9F%E0%B8%A3%E0%B8%B5.aspx" "Mozilla/5.0 (Linux; Android 7.0;) AppleWebKit/537.36 (KHTML, like Gecko) Mobile Safari/537.36 (compatible; PetalBot;+https://webmaster.petalsearch.com/site/petalbot)"
103.4.122.14 - - [02/Jan/2026:00:41:55 +0800] "POST /wp-cron.php?doing_wp_cron=1767285715.3882339000701904296875 HTTP/1.1" 200 - "-" "WordPress/6.9; https://gwfencing.com.au"
114.119.157.231 - - [02/Jan/2026:00:41:54 +0800] "GET /%E0%B8%97%E0%B8%B2%E0%B8%87%E0%B9%80%E0%B8%82%E0%B9%89%E0%B8%B2slotxo.aspx HTTP/1.1" 404 20023 "http://gwfencing.com.au/15%E0%B8%A3%E0%B8%B1%E0%B8%9A100.aspx" "Mozilla/5.0 (Linux; Android 7.0;) AppleWebKit/537.36 (KHTML, like Gecko) Mobile Safari/537.36 (compatible; PetalBot;+https://webmaster.petalsearch.com/site/petalbot)"
114.119.141.127 - - [02/Jan/2026:00:43:17 +0800] "GET /%E0%B8%97%E0%B8%B2%E0%B8%87%E0%B9%80%E0%B8%82%E0%B9%89%E0%B8%B2%E0%B9%80%E0%B8%A5%E0%B9%88%E0%B8%99%20slotxo.aspx HTTP/1.1" 404 20023 "http://gwfencing.com.au/%E0%B8%97%E0%B8%94%E0%B8%A5%E0%B8%AD%E0%B8%87%E0%B9%80%E0%B8%A5%E0%B9%88%E0%B8%99%E0%B8%AA%E0%B8%A5%E0%B9%87%E0%B8%AD%E0%B8%95%E0%B8%A5%E0%B9%88%E0%B8%B2%E0%B8%AA%E0%B8%B8%E0%B8%94.aspx" "Mozilla/5.0 (Linux; Android 7.0;) AppleWebKit/537.36 (KHTML, like Gecko) Mobile Safari/537.36 (compatible; PetalBot;+https://webmaster.petalsearch.com/site/petalbot)"
114.119.137.68 - - [02/Jan/2026:00:44:42 +0800] "GET /%E0%B8%97%E0%B8%B2%E0%B8%87%E0%B9%80%E0%B8%82%E0%B9%89%E0%B8%B2%E0%B9%80%E0%B8%A5%E0%B9%88%E0%B8%99%20pg%20slot.aspx HTTP/1.1" 404 20023 "http://gwfencing.com.au/369%E0%B8%AA%E0%B8%A5%E0%B9%87%E0%B8%AD%E0%B8%95.aspx" "Mozilla/5.0 (Linux; Android 7.0;) AppleWebKit/537.36 (KHTML, like Gecko) Mobile Safari/537.36 (compatible; PetalBot;+https://webmaster.petalsearch.com/site/petalbot)"
103.4.122.14 - - [02/Jan/2026:01:11:53 +0800] "POST /wp-cron.php?doing_wp_cron=1767287512.9643509387969970703125 HTTP/1.1" 200 - "-" "WordPress/6.9; https://gwfencing.com.au"
149.28.156.221 - - [02/Jan/2026:01:11:52 +0800] "POST /xmlrpc.php HTTP/1.1" 405 415 "-" "Mozilla/5.0 (Windows NT 10.0; Win64; x64; rv:90.0) Gecko/20100101 Firefox/90.0"
103.4.122.14 - - [02/Jan/2026:01:34:47 +0800] "POST /wp-cron.php?doing_wp_cron=1767288886.6083478927612304687500 HTTP/1.1" 200 - "-" "WordPress/6.9; https://gwfencing.com.au"
103.174.195.87 - - [02/Jan/2026:01:34:45 +0800] "POST /xmlrpc.php HTTP/1.1" 405 415 "-" "Mozilla/5.0 (Windows NT 6.2; x64) AppleWebKit/537.36 (KHTML, like Gecko) Safari/14.0.0.0 Safari/537.36"
103.174.195.87 - - [02/Jan/2026:01:37:49 +0800] "GET /wp-json/wp/v2/users HTTP/1.1" 403 199 "-" "Mozilla/4.0 (compatible; Win32; WinHttp.WinHttpRequest.5)"
103.4.122.14 - - [02/Jan/2026:01:39:37 +0800] "POST /wp-cron.php?doing_wp_cron=1767289177.4028000831604003906250 HTTP/1.1" 200 - "-" "WordPress/6.9; https://gwfencing.com.au"
103.174.195.87 - - [02/Jan/2026:01:39:36 +0800] "POST /xmlrpc.php HTTP/1.1" 405 415 "-" "Mozilla/5.0 (Windows NT 10.0; arm64) AppleWebKit/537.36 (KHTML, like Gecko) Firefox/77.0.0.0 Safari/537.36"
103.174.195.87 - - [02/Jan/2026:01:41:13 +0800] "POST /xmlrpc.php HTTP/1.1" 405 415 "-" "Mozilla/5.0 (Macintosh; Intel Mac OS X 10_15_7; x64) AppleWebKit/537.36 (KHTML, like Gecko) Edge/80.0.0.0 Safari/537.36"
103.4.122.14 - - [02/Jan/2026:01:42:33 +0800] "POST /wp-cron.php?doing_wp_cron=1767289353.4934680461883544921875 HTTP/1.1" 200 - "-" "WordPress/6.9; https://gwfencing.com.au"
103.174.195.87 - - [02/Jan/2026:01:42:32 +0800] "POST /xmlrpc.php HTTP/1.1" 405 415 "-" "Mozilla/5.0 (Windows NT 10.0; arm64) AppleWebKit/537.36 (KHTML, like Gecko) Safari/12.0.0.0 Safari/537.36"
103.174.195.87 - - [02/Jan/2026:01:43:44 +0800] "POST /xmlrpc.php HTTP/1.1" 405 415 "-" "Mozilla/5.0 (Linux; Android 10; arm64) AppleWebKit/537.36 (KHTML, like Gecko) Firefox/85.0.0.0 Safari/537.36"
103.4.122.14 - - [02/Jan/2026:02:08:25 +0800] "POST /wp-cron.php?doing_wp_cron=1767290905.5878219604492187500000 HTTP/1.1" 200 - "-" "WordPress/6.9; https://gwfencing.com.au"
216.73.216.180 - - [02/Jan/2026:02:08:24 +0800] "GET /robots.txt HTTP/1.1" 200 112 "-" "Mozilla/5.0 AppleWebKit/537.36 (KHTML, like Gecko; compatible; ClaudeBot/1.0; +claudebot@anthropic.com)"
216.73.216.180 - - [02/Jan/2026:02:08:25 +0800] "GET /wp-sitemap.xml HTTP/1.1" 404 18918 "-" "Mozilla/5.0 AppleWebKit/537.36 (KHTML, like Gecko; compatible; ClaudeBot/1.0; +claudebot@anthropic.com)"
103.4.122.14 - - [02/Jan/2026:02:14:23 +0800] "POST /wp-cron.php?doing_wp_cron=1767291262.9732429981231689453125 HTTP/1.1" 200 - "-" "WordPress/6.9; https://gwfencing.com.au"
114.119.133.108 - - [02/Jan/2026:02:14:22 +0800] "GET /robots.txt HTTP/1.1" 200 112 "-" "Mozilla/5.0 (compatible;PetalBot;+https://webmaster.petalsearch.com/site/petalbot)"
103.4.122.14 - - [02/Jan/2026:02:34:05 +0800] "POST /wp-cron.php?doing_wp_cron=1767292445.5738399028778076171875 HTTP/1.1" 200 - "-" "WordPress/6.9; https://gwfencing.com.au"
34.124.134.84 - - [02/Jan/2026:02:34:04 +0800] "GET / HTTP/1.1" 301 - "-" "Mozilla/5.0 (Linux; Android 12) Chrome/111.0 Mobile Safari/537.36"
34.124.134.84 - - [02/Jan/2026:02:34:08 +0800] "GET / HTTP/1.1" 200 8308 "-" "Mozilla/5.0 (Linux; Android 12) Chrome/111.0 Mobile Safari/537.36"
34.124.134.84 - - [02/Jan/2026:02:34:12 +0800] "GET /wordpress/ HTTP/1.1" 404 20023 "-" "Mozilla/5.0 (Windows NT 10.0; Win64; x64) Chrome/120.0 Safari/537.36"
43.155.188.157 - - [02/Jan/2026:02:34:37 +0800] "GET / HTTP/1.1" 403 199 "-" "Mozilla/5.0 (iPhone; CPU iPhone OS 13_2_3 like Mac OS X) AppleWebKit/605.1.15 (KHTML, like Gecko) Version/13.0.3 Mobile/15E148 Safari/604.1"
103.4.122.14 - - [02/Jan/2026:02:39:33 +0800] "POST /wp-cron.php?doing_wp_cron=1767292772.9364480972290039062500 HTTP/1.1" 200 - "-" "WordPress/6.9; https://gwfencing.com.au"
66.249.70.196 - - [02/Jan/2026:02:39:31 +0800] "GET / HTTP/1.1" 200 8308 "-" "Mozilla/5.0 (Linux; Android 6.0.1; Nexus 5X Build/MMB29P) AppleWebKit/537.36 (KHTML, like Gecko) Chrome/141.0.7390.122 Mobile Safari/537.36 (compatible; Googlebot/2.1; +http://www.google.com/bot.html)"
66.249.70.194 - - [02/Jan/2026:02:39:39 +0800] "GET /wp-content/themes/blazeWP/images/placeholder.svg HTTP/1.1" 200 68 "https://gwfencing.com.au/" "Mozilla/5.0 (Linux; Android 6.0.1; Nexus 5X Build/MMB29P) AppleWebKit/537.36 (KHTML, like Gecko) Chrome/141.0.7390.122 Mobile Safari/537.36 (compatible; Googlebot/2.1; +http://www.google.com/bot.html)"
66.249.70.195 - - [02/Jan/2026:02:39:39 +0800] "GET /wp-content/themes/blazeWP/css/content.css?ver=20180514 HTTP/1.1" 200 2291 "https://gwfencing.com.au/" "Mozilla/5.0 (Linux; Android 6.0.1; Nexus 5X Build/MMB29P) AppleWebKit/537.36 (KHTML, like Gecko) Chrome/141.0.7390.122 Mobile Safari/537.36 (compatible; Googlebot/2.1; +http://www.google.com/bot.html)"
66.249.70.194 - - [02/Jan/2026:02:39:39 +0800] "GET /wp-content/themes/blazeWP/css/front-page.css?ver=20180514 HTTP/1.1" 200 548 "https://gwfencing.com.au/" "Mozilla/5.0 (Linux; Android 6.0.1; Nexus 5X Build/MMB29P) AppleWebKit/537.36 (KHTML, like Gecko) Chrome/141.0.7390.122 Mobile Safari/537.36 (compatible; Googlebot/2.1; +http://www.google.com/bot.html)"
66.249.70.195 - - [02/Jan/2026:02:39:40 +0800] "GET /wp-includes/js/dist/hooks.min.js HTTP/1.1" 200 1941 "https://gwfencing.com.au/" "Mozilla/5.0 (Linux; Android 6.0.1; Nexus 5X Build/MMB29P) AppleWebKit/537.36 (KHTML, like Gecko) Chrome/141.0.7390.122 Mobile Safari/537.36 (compatible; Googlebot/2.1; +http://www.google.com/bot.html)"
66.249.70.194 - - [02/Jan/2026:02:39:40 +0800] "GET /wp-includes/js/dist/i18n.min.js HTTP/1.1" 200 2229 "https://gwfencing.com.au/" "Mozilla/5.0 (Linux; Android 6.0.1; Nexus 5X Build/MMB29P) AppleWebKit/537.36 (KHTML, like Gecko) Chrome/141.0.7390.122 Mobile Safari/537.36 (compatible; Googlebot/2.1; +http://www.google.com/bot.html)"
66.249.70.194 - - [02/Jan/2026:02:39:41 +0800] "GET /wp-includes/js/dist/vendor/wp-polyfill.min.js HTTP/1.1" 200 11852 "https://gwfencing.com.au/" "Mozilla/5.0 (Linux; Android 6.0.1; Nexus 5X Build/MMB29P) AppleWebKit/537.36 (KHTML, like Gecko) Chrome/141.0.7390.122 Mobile Safari/537.36 (compatible; Googlebot/2.1; +http://www.google.com/bot.html)"
66.249.70.195 - - [02/Jan/2026:02:39:40 +0800] "GET /wp-content/cache/autoptimize/js/autoptimize_2753fa3c998958f85539910b5ab38b6b.js HTTP/1.1" 200 481819 "https://gwfencing.com.au/" "Mozilla/5.0 (Linux; Android 6.0.1; Nexus 5X Build/MMB29P) AppleWebKit/537.36 (KHTML, like Gecko) Chrome/141.0.7390.122 Mobile Safari/537.36 (compatible; Googlebot/2.1; +http://www.google.com/bot.html)"
103.4.122.14 - - [02/Jan/2026:02:41:18 +0800] "POST /wp-cron.php?doing_wp_cron=1767292878.5112159252166748046875 HTTP/1.1" 200 - "-" "WordPress/6.9; https://gwfencing.com.au"
52.164.246.234 - - [02/Jan/2026:02:41:17 +0800] "GET /wp-content/plugins/hellopress/wp_filemanager.php HTTP/1.1" 404 20023 "-" "-"
52.164.246.234 - - [02/Jan/2026:02:41:19 +0800] "GET /lisa.php HTTP/1.1" 404 20023 "-" "-"
52.164.246.234 - - [02/Jan/2026:02:41:19 +0800] "GET /000.php HTTP/1.1" 404 20023 "-" "-"
52.164.246.234 - - [02/Jan/2026:02:41:20 +0800] "GET /xxxx.php HTTP/1.1" 404 20023 "-" "-"
52.164.246.234 - - [02/Jan/2026:02:41:21 +0800] "GET /bless14.php HTTP/1.1" 404 20023 "-" "-"
52.164.246.234 - - [02/Jan/2026:02:41:22 +0800] "GET /ws35.php HTTP/1.1" 404 20023 "-" "-"
52.164.246.234 - - [02/Jan/2026:02:41:23 +0800] "GET /87.php HTTP/1.1" 404 20023 "-" "-"
52.164.246.234 - - [02/Jan/2026:02:41:24 +0800] "GET /nox.php HTTP/1.1" 404 20023 "-" "-"
52.164.246.234 - - [02/Jan/2026:02:41:25 +0800] "GET /mini.php HTTP/1.1" 404 20023 "-" "-"
52.164.246.234 - - [02/Jan/2026:02:41:26 +0800] "GET /acwfihfh.php HTTP/1.1" 404 20023 "-" "-"
52.164.246.234 - - [02/Jan/2026:02:41:27 +0800] "GET /f8.php HTTP/1.1" 404 20023 "-" "-"
52.164.246.234 - - [02/Jan/2026:02:41:28 +0800] "GET /bras.php HTTP/1.1" 403 199 "-" "-"
52.164.246.234 - - [02/Jan/2026:02:41:28 +0800] "GET /bras.php HTTP/1.1" 403 199 "-" "-"
52.164.246.234 - - [02/Jan/2026:02:41:29 +0800] "GET /bras.php HTTP/1.1" 403 199 "-" "-"
52.164.246.234 - - [02/Jan/2026:02:41:29 +0800] "GET /out.php HTTP/1.1" 403 199 "-" "-"
52.164.246.234 - - [02/Jan/2026:02:41:30 +0800] "GET /out.php HTTP/1.1" 403 199 "-" "-"
52.164.246.234 - - [02/Jan/2026:02:41:30 +0800] "GET /s1.php HTTP/1.1" 403 199 "-" "-"
52.164.246.234 - - [02/Jan/2026:02:41:31 +0800] "GET /s1.php HTTP/1.1" 403 199 "-" "-"
52.164.246.234 - - [02/Jan/2026:02:41:31 +0800] "GET /s1.php HTTP/1.1" 403 199 "-" "-"
52.164.246.234 - - [02/Jan/2026:02:41:32 +0800] "GET /s1.php HTTP/1.1" 403 199 "-" "-"
52.164.246.234 - - [02/Jan/2026:02:41:32 +0800] "GET /ma.php HTTP/1.1" 403 199 "-" "-"
52.164.246.234 - - [02/Jan/2026:02:41:33 +0800] "GET /asf.php HTTP/1.1" 403 199 "-" "-"
52.164.246.234 - - [02/Jan/2026:02:41:33 +0800] "GET /asf.php HTTP/1.1" 403 199 "-" "-"
52.164.246.234 - - [02/Jan/2026:02:41:34 +0800] "GET /asf.php HTTP/1.1" 403 199 "-" "-"
52.164.246.234 - - [02/Jan/2026:02:41:34 +0800] "GET /amax.php HTTP/1.1" 403 199 "-" "-"
52.164.246.234 - - [02/Jan/2026:02:41:35 +0800] "GET /amax.php HTTP/1.1" 403 199 "-" "-"
52.164.246.234 - - [02/Jan/2026:02:41:36 +0800] "GET /amax.php HTTP/1.1" 403 199 "-" "-"
52.164.246.234 - - [02/Jan/2026:02:41:36 +0800] "GET /990.php HTTP/1.1" 403 199 "-" "-"
52.164.246.234 - - [02/Jan/2026:02:41:35 +0800] "GET /amax.php HTTP/1.1" 403 199 "-" "-"
52.164.246.234 - - [02/Jan/2026:02:41:37 +0800] "GET /990.php HTTP/1.1" 403 199 "-" "-"
52.164.246.234 - - [02/Jan/2026:02:41:37 +0800] "GET /990.php HTTP/1.1" 403 199 "-" "-"
52.164.246.234 - - [02/Jan/2026:02:41:38 +0800] "GET /990.php HTTP/1.1" 403 199 "-" "-"
52.164.246.234 - - [02/Jan/2026:02:41:38 +0800] "GET /d996699999.php HTTP/1.1" 403 199 "-" "-"
52.164.246.234 - - [02/Jan/2026:02:41:39 +0800] "GET /xde.php HTTP/1.1" 403 199 "-" "-"
52.164.246.234 - - [02/Jan/2026:02:41:39 +0800] "GET /xde.php HTTP/1.1" 403 199 "-" "-"
52.164.246.234 - - [02/Jan/2026:02:41:40 +0800] "GET /xde.php HTTP/1.1" 403 199 "-" "-"
52.164.246.234 - - [02/Jan/2026:02:41:41 +0800] "GET /1yade.php HTTP/1.1" 403 199 "-" "-"
52.164.246.234 - - [02/Jan/2026:02:41:42 +0800] "GET /1yade.php HTTP/1.1" 403 199 "-" "-"
52.164.246.234 - - [02/Jan/2026:02:41:41 +0800] "GET /xde.php HTTP/1.1" 403 199 "-" "-"
52.164.246.234 - - [02/Jan/2026:02:41:42 +0800] "GET /1yade.php HTTP/1.1" 403 199 "-" "-"
103.4.122.14 - - [02/Jan/2026:02:51:14 +0800] "POST /wp-cron.php?doing_wp_cron=1767293474.4665310382843017578125 HTTP/1.1" 200 - "-" "WordPress/6.9; https://gwfencing.com.au"
66.249.70.194 - - [02/Jan/2026:02:51:13 +0800] "GET / HTTP/1.1" 200 8308 "-" "Mozilla/5.0 (Linux; Android 6.0.1; Nexus 5X Build/MMB29P) AppleWebKit/537.36 (KHTML, like Gecko) Chrome/141.0.7390.122 Mobile Safari/537.36 (compatible; Googlebot/2.1; +http://www.google.com/bot.html)"
103.4.122.14 - - [02/Jan/2026:02:56:11 +0800] "POST /wp-cron.php?doing_wp_cron=1767293770.9686560630798339843750 HTTP/1.1" 200 - "-" "WordPress/6.9; https://gwfencing.com.au"
66.249.70.195 - - [02/Jan/2026:02:56:10 +0800] "GET /contacts/ HTTP/1.1" 200 6751 "-" "Mozilla/5.0 (Linux; Android 6.0.1; Nexus 5X Build/MMB29P) AppleWebKit/537.36 (KHTML, like Gecko) Chrome/141.0.7390.122 Mobile Safari/537.36 (compatible; Googlebot/2.1; +http://www.google.com/bot.html)"
43.159.152.187 - - [02/Jan/2026:03:09:34 +0800] "GET / HTTP/1.1" 403 199 "-" "Mozilla/5.0 (iPhone; CPU iPhone OS 13_2_3 like Mac OS X) AppleWebKit/605.1.15 (KHTML, like Gecko) Version/13.0.3 Mobile/15E148 Safari/604.1"
103.4.122.14 - - [02/Jan/2026:03:28:43 +0800] "POST /wp-cron.php?doing_wp_cron=1767295722.7972559928894042968750 HTTP/1.1" 200 - "-" "WordPress/6.9; https://gwfencing.com.au"
142.44.233.188 - - [02/Jan/2026:03:28:41 +0800] "GET /wp-sitemap.xml HTTP/1.1" 404 18918 "-" "Mozilla/5.0 (compatible; AhrefsBot/7.0; +http://ahrefs.com/robot/)"
103.4.122.14 - - [02/Jan/2026:03:48:32 +0800] "POST /wp-cron.php?doing_wp_cron=1767296912.0014190673828125000000 HTTP/1.1" 200 - "-" "WordPress/6.9; https://gwfencing.com.au"
177.228.104.72 - - [02/Jan/2026:03:48:31 +0800] "GET / HTTP/1.1" 301 - "-" "Mozilla/5.0 (Windows; U; Windows NT 6.1; en-US) AppleWebKit/534.3 (KHTML, like Gecko) Chrome/6.0.460.0 Safari/534.3"
78.100.225.214 - - [02/Jan/2026:03:48:35 +0800] "GET / HTTP/1.1" 200 8308 "-" "Mozilla/5.0 (Windows; U; Windows NT 6.1; en-US) AppleWebKit/534.3 (KHTML, like Gecko) Chrome/6.0.460.0 Safari/534.3"
103.4.122.14 - - [02/Jan/2026:03:56:03 +0800] "POST /wp-cron.php?doing_wp_cron=1767297363.4289619922637939453125 HTTP/1.1" 200 - "-" "WordPress/6.9; https://gwfencing.com.au"
216.73.216.180 - - [02/Jan/2026:03:56:02 +0800] "GET /robots.txt HTTP/1.1" 200 112 "-" "Mozilla/5.0 AppleWebKit/537.36 (KHTML, like Gecko; compatible; ClaudeBot/1.0; +claudebot@anthropic.com)"
216.73.216.180 - - [02/Jan/2026:03:56:03 +0800] "GET /wp-sitemap.xml HTTP/1.1" 404 18918 "-" "Mozilla/5.0 AppleWebKit/537.36 (KHTML, like Gecko; compatible; ClaudeBot/1.0; +claudebot@anthropic.com)"
103.4.122.14 - - [02/Jan/2026:04:03:04 +0800] "POST /wp-cron.php?doing_wp_cron=1767297784.5117440223693847656250 HTTP/1.1" 200 - "-" "WordPress/6.9; https://gwfencing.com.au"
178.121.11.3 - - [02/Jan/2026:04:03:03 +0800] "GET / HTTP/1.1" 200 8308 "-" "Mozilla/5.0 (Windows; U; Windows NT 6.0; en-US) AppleWebKit/532.4 (KHTML, like Gecko) Chrome/4.0.241.0 Safari/532.4"
103.4.122.14 - - [02/Jan/2026:04:15:31 +0800] "POST /wp-cron.php?doing_wp_cron=1767298531.7855188846588134765625 HTTP/1.1" 200 - "-" "WordPress/6.9; https://gwfencing.com.au"
43.173.182.20 - - [02/Jan/2026:04:15:30 +0800] "GET /?utm_source=localsearch_online&utm_medium=referral&utm_campaign=localsearch_advertising HTTP/1.1" 200 8308 "-" "Mozilla/5.0 (Windows NT 10.0; Win64; x64) AppleWebKit/537.36 (KHTML, like Gecko) Chrome/106.0.5249.119 Safari/537.36"
40.77.167.154 - - [02/Jan/2026:04:39:54 +0800] "GET /wp-content/uploads/2021/05/IMG_1150-1536x1152.jpg HTTP/1.1" 200 374073 "-" "Mozilla/5.0 AppleWebKit/537.36 (KHTML, like Gecko; compatible; bingbot/2.0; +http://www.bing.com/bingbot.htm) Chrome/116.0.1938.76 Safari/537.36"
103.4.122.14 - - [02/Jan/2026:04:40:26 +0800] "POST /wp-cron.php?doing_wp_cron=1767300025.8535170555114746093750 HTTP/1.1" 200 - "-" "WordPress/6.9; https://gwfencing.com.au"
194.163.178.52 - - [02/Jan/2026:04:40:24 +0800] "POST /xmlrpc.php HTTP/1.1" 405 415 "-" "Mozilla/5.0 (Windows NT 10.0; Win64; x64; rv:82.0) Gecko/20100101 Firefox/82.0"
103.4.122.14 - - [02/Jan/2026:04:52:46 +0800] "POST /wp-cron.php?doing_wp_cron=1767300765.8524899482727050781250 HTTP/1.1" 200 - "-" "WordPress/6.9; https://gwfencing.com.au"
114.119.133.83 - - [02/Jan/2026:04:52:44 +0800] "GET /%E0%B8%AA%E0%B8%A5%E0%B9%87%E0%B8%AD%E0%B8%95%E0%B8%9F%E0%B8%A3%E0%B8%B5%E0%B9%80%E0%B8%84%E0%B8%A3%E0%B8%94%E0%B8%B4%E0%B8%95100.aspx HTTP/1.1" 404 20032 "https://gwfencing.com.au/pg%20slot%20168.aspx" "Mozilla/5.0 (Linux; Android 7.0;) AppleWebKit/537.36 (KHTML, like Gecko) Mobile Safari/537.36 (compatible; PetalBot;+https://webmaster.petalsearch.com/site/petalbot)"
103.4.122.14 - - [02/Jan/2026:05:15:59 +0800] "POST /wp-cron.php?doing_wp_cron=1767302158.9479649066925048828125 HTTP/1.1" 200 - "-" "WordPress/6.9; https://gwfencing.com.au"
114.119.137.68 - - [02/Jan/2026:05:15:57 +0800] "GET /superslot%20%E0%B9%80%E0%B8%A5%E0%B9%88%E0%B8%99%E0%B8%9C%E0%B9%88%E0%B8%B2%E0%B8%99%E0%B9%80%E0%B8%A7%E0%B9%87%E0%B8%9A.aspx HTTP/1.1" 404 20032 "https://gwfencing.com.au/%E0%B8%AA%E0%B8%A5%E0%B9%87%E0%B8%AD%E0%B8%95%E0%B8%97%E0%B8%94%E0%B8%A5%E0%B8%AD%E0%B8%87%E0%B9%80%E0%B8%A5%E0%B9%88%E0%B8%99%E0%B8%9F%E0%B8%A3%E0%B8%B5.aspx" "Mozilla/5.0 (Linux; Android 7.0;) AppleWebKit/537.36 (KHTML, like Gecko) Mobile Safari/537.36 (compatible; PetalBot;+https://webmaster.petalsearch.com/site/petalbot)"
103.4.122.14 - - [02/Jan/2026:05:34:43 +0800] "POST /wp-cron.php?doing_wp_cron=1767303283.6839010715484619140625 HTTP/1.1" 200 - "-" "WordPress/6.9; https://gwfencing.com.au"
142.44.220.73 - - [02/Jan/2026:05:34:42 +0800] "GET /robots.txt HTTP/1.1" 200 112 "-" "Mozilla/5.0 (compatible; AhrefsBot/7.0; +http://ahrefs.com/robot/)"
148.113.128.168 - - [02/Jan/2026:05:34:47 +0800] "GET /wp-sitemap.xml HTTP/1.1" 404 18918 "-" "Mozilla/5.0 (compatible; AhrefsBot/7.0; +http://ahrefs.com/robot/)"
103.4.122.14 - - [02/Jan/2026:05:43:44 +0800] "POST /wp-cron.php?doing_wp_cron=1767303823.8343250751495361328125 HTTP/1.1" 200 - "-" "WordPress/6.9; https://gwfencing.com.au"
114.119.157.231 - - [02/Jan/2026:05:43:42 +0800] "GET /%E0%B8%AA%E0%B8%A5%E0%B9%87%E0%B8%AD%E0%B8%95%20%E0%B8%A2%E0%B8%B9%20%E0%B8%9F%E0%B9%88%E0%B8%B2%20888%20%E0%B8%A7%E0%B8%AD%20%E0%B9%80%E0%B8%A5%E0%B8%97.aspx HTTP/1.1" 404 20032 "https://gwfencing.com.au/%E0%B8%AD%E0%B8%B2%E0%B8%A3%E0%B9%8C%E0%B9%80%E0%B8%99%E0%B9%88%20%E0%B8%AA%E0%B8%A5%E0%B9%87%E0%B8%AD%E0%B8%95.aspx" "Mozilla/5.0 (Linux; Android 7.0;) AppleWebKit/537.36 (KHTML, like Gecko) Mobile Safari/537.36 (compatible; PetalBot;+https://webmaster.petalsearch.com/site/petalbot)"
103.4.122.14 - - [02/Jan/2026:06:06:00 +0800] "POST /wp-cron.php?doing_wp_cron=1767305160.5494649410247802734375 HTTP/1.1" 200 - "-" "WordPress/6.9; https://gwfencing.com.au"
114.119.133.83 - - [02/Jan/2026:06:05:59 +0800] "GET /allslot%20wallet%20%E0%B8%9F%E0%B8%A3%E0%B8%B5%2050.aspx HTTP/1.1" 404 20032 "https://gwfencing.com.au/%E0%B8%AA%E0%B8%A5%E0%B9%87%E0%B8%AD%E0%B8%95%20%E0%B9%80%E0%B8%A7%E0%B9%87%E0%B8%9A%E0%B8%95%E0%B8%A3%E0%B8%87%E0%B9%84%E0%B8%A1%E0%B9%88%E0%B8%9C%E0%B9%88%E0%B8%B2%E0%B8%99%E0%B9%80%E0%B8%AD%E0%B9%80%E0%B8%A2%E0%B9%88%E0%B8%99%E0%B8%95%E0%B9%8C%E0%B9%84%E0%B8%A1%E0%B9%88%E0%B8%A1%E0%B8%B5%E0%B8%82%E0%B8%B1%E0%B9%89%E0%B8%99%E0%B8%95%E0%B9%88%E0%B8%B3.aspx" "Mozilla/5.0 (Linux; Android 7.0;) AppleWebKit/537.36 (KHTML, like Gecko) Mobile Safari/537.36 (compatible; PetalBot;+https://webmaster.petalsearch.com/site/petalbot)"
103.4.122.14 - - [02/Jan/2026:06:21:54 +0800] "POST /wp-cron.php?doing_wp_cron=1767306114.1115050315856933593750 HTTP/1.1" 200 - "-" "WordPress/6.9; https://gwfencing.com.au"
5.255.231.48 - - [02/Jan/2026:06:21:53 +0800] "GET /robots.txt HTTP/1.1" 200 117 "-" "Mozilla/5.0 (compatible; YandexBot/3.0; +http://yandex.com/bots)"
5.255.231.129 - - [02/Jan/2026:06:21:56 +0800] "GET /favicon.ico HTTP/1.1" 302 - "-" "Mozilla/5.0 (compatible; YandexFavicons/1.0; +http://yandex.com/bots)"
87.250.224.40 - - [02/Jan/2026:06:21:58 +0800] "GET /wp-content/uploads/2019/09/cropped-favicon-32x32.png HTTP/1.1" 200 1000 "-" "Mozilla/5.0 (compatible; YandexFavicons/1.0; +http://yandex.com/bots)"
87.250.224.243 - - [02/Jan/2026:06:23:53 +0800] "GET /wp-content/uploads/2019/09/cropped-favicon-32x32.png HTTP/1.1" 200 1000 "-" "Mozilla/5.0 (compatible; YandexFavicons/1.0; +http://yandex.com/bots)"
103.4.122.14 - - [02/Jan/2026:06:28:59 +0800] "POST /wp-cron.php?doing_wp_cron=1767306539.6446850299835205078125 HTTP/1.1" 200 - "-" "WordPress/6.9; https://gwfencing.com.au"
100.50.77.146 - - [02/Jan/2026:06:28:58 +0800] "GET / HTTP/1.1" 301 - "-" "Mozilla/5.0 (X11; Linux x86_64) AppleWebKit/537.36 (KHTML, like Gecko) Chrome/132.0.0.0 Safari/537.36"
100.50.77.146 - - [02/Jan/2026:06:29:00 +0800] "GET / HTTP/1.1" 200 8308 "-" "Mozilla/5.0 (X11; Linux x86_64) AppleWebKit/537.36 (KHTML, like Gecko) Chrome/132.0.0.0 Safari/537.36"
103.4.122.14 - - [02/Jan/2026:06:41:27 +0800] "POST /wp-cron.php?doing_wp_cron=1767307286.8441200256347656250000 HTTP/1.1" 200 - "-" "WordPress/6.9; https://gwfencing.com.au"
3.214.255.247 - - [02/Jan/2026:06:41:25 +0800] "POST /xmlrpc.php HTTP/1.1" 405 415 "-" "Mozilla/5.0 (Windows NT 10.0; Win64; x64; rv:62.0) Gecko/20100101 Firefox/62.0"
103.4.122.14 - - [02/Jan/2026:06:50:29 +0800] "POST /wp-cron.php?doing_wp_cron=1767307828.9944379329681396484375 HTTP/1.1" 200 - "-" "WordPress/6.9; https://gwfencing.com.au"
216.73.216.180 - - [02/Jan/2026:06:50:28 +0800] "GET /robots.txt HTTP/1.1" 200 112 "-" "Mozilla/5.0 AppleWebKit/537.36 (KHTML, like Gecko; compatible; ClaudeBot/1.0; +claudebot@anthropic.com)"
216.73.216.180 - - [02/Jan/2026:06:50:29 +0800] "GET /wp-sitemap.xml HTTP/1.1" 404 18918 "-" "Mozilla/5.0 AppleWebKit/537.36 (KHTML, like Gecko; compatible; ClaudeBot/1.0; +claudebot@anthropic.com)"
103.4.122.14 - - [02/Jan/2026:06:51:18 +0800] "POST /wp-cron.php?doing_wp_cron=1767307878.2217640876770019531250 HTTP/1.1" 200 - "-" "WordPress/6.9; https://gwfencing.com.au"
128.199.182.152 - - [02/Jan/2026:06:51:17 +0800] "GET / HTTP/1.1" 200 35548 "-" "-"
128.199.182.152 - - [02/Jan/2026:06:51:18 +0800] "GET / HTTP/1.1" 200 35548 "-" "Mozilla/5.0 (l9scan/2.0.4313e2232313e243e2330313; +https://leakix.net)"
128.199.182.152 - - [02/Jan/2026:06:51:20 +0800] "POST /graphql HTTP/1.1" 404 20032 "-" "Mozilla/5.0 (l9scan/2.0.4313e2232313e243e2330313; +https://leakix.net)"
128.199.182.152 - - [02/Jan/2026:06:51:21 +0800] "POST /api HTTP/1.1" 404 20032 "-" "Mozilla/5.0 (l9scan/2.0.4313e2232313e243e2330313; +https://leakix.net)"
128.199.182.152 - - [02/Jan/2026:06:51:22 +0800] "POST /api/graphql HTTP/1.1" 404 20032 "-" "Mozilla/5.0 (l9scan/2.0.4313e2232313e243e2330313; +https://leakix.net)"
128.199.182.152 - - [02/Jan/2026:06:51:24 +0800] "POST /graphql/api HTTP/1.1" 404 20032 "-" "Mozilla/5.0 (l9scan/2.0.4313e2232313e243e2330313; +https://leakix.net)"
128.199.182.152 - - [02/Jan/2026:06:51:25 +0800] "POST /api/gql HTTP/1.1" 404 20032 "-" "Mozilla/5.0 (l9scan/2.0.4313e2232313e243e2330313; +https://leakix.net)"
128.199.182.152 - - [02/Jan/2026:06:51:27 +0800] "GET /swagger-ui.html HTTP/1.1" 404 20032 "-" "Mozilla/5.0 (l9scan/2.0.4313e2232313e243e2330313; +https://leakix.net)"
128.199.182.152 - - [02/Jan/2026:06:51:28 +0800] "GET /swagger/index.html HTTP/1.1" 404 20032 "-" "Mozilla/5.0 (l9scan/2.0.4313e2232313e243e2330313; +https://leakix.net)"
128.199.182.152 - - [02/Jan/2026:06:51:30 +0800] "GET /swagger/swagger-ui.html HTTP/1.1" 404 20032 "-" "Mozilla/5.0 (l9scan/2.0.4313e2232313e243e2330313; +https://leakix.net)"
128.199.182.152 - - [02/Jan/2026:06:51:31 +0800] "GET /webjars/swagger-ui/index.html HTTP/1.1" 404 20032 "-" "Mozilla/5.0 (l9scan/2.0.4313e2232313e243e2330313; +https://leakix.net)"
128.199.182.152 - - [02/Jan/2026:06:51:33 +0800] "GET /swagger.json HTTP/1.1" 404 20032 "-" "Mozilla/5.0 (l9scan/2.0.4313e2232313e243e2330313; +https://leakix.net)"
128.199.182.152 - - [02/Jan/2026:06:51:34 +0800] "GET /swagger/v1/swagger.json HTTP/1.1" 404 20032 "-" "Mozilla/5.0 (l9scan/2.0.4313e2232313e243e2330313; +https://leakix.net)"
128.199.182.152 - - [02/Jan/2026:06:51:35 +0800] "GET /v2/api-docs HTTP/1.1" 403 199 "-" "Mozilla/5.0 (l9scan/2.0.4313e2232313e243e2330313; +https://leakix.net)"
128.199.182.152 - - [02/Jan/2026:06:51:36 +0800] "GET /v3/api-docs HTTP/1.1" 403 199 "-" "Mozilla/5.0 (l9scan/2.0.4313e2232313e243e2330313; +https://leakix.net)"
128.199.182.152 - - [02/Jan/2026:06:51:37 +0800] "GET /api-docs/swagger.json HTTP/1.1" 403 199 "-" "Mozilla/5.0 (l9scan/2.0.4313e2232313e243e2330313; +https://leakix.net)"
128.199.182.152 - - [02/Jan/2026:06:51:38 +0800] "GET /api/swagger.json HTTP/1.1" 403 199 "-" "Mozilla/5.0 (l9scan/2.0.4313e2232313e243e2330313; +https://leakix.net)"
128.199.182.152 - - [02/Jan/2026:06:51:39 +0800] "GET /@vite/env HTTP/1.1" 403 199 "-" "Mozilla/5.0 (l9scan/2.0.4313e2232313e243e2330313; +https://leakix.net)"
128.199.182.152 - - [02/Jan/2026:06:51:40 +0800] "GET /actuator/env HTTP/1.1" 403 199 "-" "Mozilla/5.0 (l9scan/2.0.4313e2232313e243e2330313; +https://leakix.net)"
128.199.182.152 - - [02/Jan/2026:06:51:41 +0800] "POST /php-cgi/php-cgi.exe?%ADd+cgi.force_redirect%3D0+%ADd+disable_functions%3D\"\"+%ADd+allow_url_include%3D1+%ADd+auto_prepend_file%3Dphp://input HTTP/1.1" 403 199 "-" "Mozilla/5.0 (l9scan/2.0.4313e2232313e243e2330313; +https://leakix.net)"
128.199.182.152 - - [02/Jan/2026:06:51:42 +0800] "GET /server HTTP/1.1" 403 199 "-" "Mozilla/5.0 (l9scan/2.0.4313e2232313e243e2330313; +https://leakix.net)"
128.199.182.152 - - [02/Jan/2026:06:51:43 +0800] "GET /.vscode/sftp.json HTTP/1.1" 403 199 "-" "Mozilla/5.0 (l9scan/2.0.4313e2232313e243e2330313; +https://leakix.net)"
128.199.182.152 - - [02/Jan/2026:06:51:45 +0800] "GET /about HTTP/1.1" 403 199 "-" "Mozilla/5.0 (l9scan/2.0.4313e2232313e243e2330313; +https://leakix.net)"
128.199.182.152 - - [02/Jan/2026:06:51:46 +0800] "GET /debug/default/view?panel=config HTTP/1.1" 403 199 "-" "Mozilla/5.0 (l9scan/2.0.4313e2232313e243e2330313; +https://leakix.net)"
128.199.182.152 - - [02/Jan/2026:06:51:47 +0800] "GET /v2/_catalog HTTP/1.1" 403 199 "-" "Mozilla/5.0 (l9scan/2.0.4313e2232313e243e2330313; +https://leakix.net)"
128.199.182.152 - - [02/Jan/2026:06:51:48 +0800] "GET /ecp/Current/exporttool/microsoft.exchange.ediscovery.exporttool.application HTTP/1.1" 403 199 "-" "Mozilla/5.0 (l9scan/2.0.4313e2232313e243e2330313; +https://leakix.net)"
128.199.182.152 - - [02/Jan/2026:06:51:49 +0800] "GET /server-status HTTP/1.1" 403 199 "-" "Mozilla/5.0 (l9scan/2.0.4313e2232313e243e2330313; +https://leakix.net)"
128.199.182.152 - - [02/Jan/2026:06:51:50 +0800] "GET /login.action HTTP/1.1" 403 199 "-" "Mozilla/5.0 (l9scan/2.0.4313e2232313e243e2330313; +https://leakix.net)"
128.199.182.152 - - [02/Jan/2026:06:51:51 +0800] "GET /_all_dbs HTTP/1.1" 403 199 "-" "Mozilla/5.0 (l9scan/2.0.4313e2232313e243e2330313; +https://leakix.net)"
128.199.182.152 - - [02/Jan/2026:06:51:52 +0800] "GET /.DS_Store HTTP/1.1" 403 199 "-" "Mozilla/5.0 (l9scan/2.0.4313e2232313e243e2330313; +https://leakix.net)"
128.199.182.152 - - [02/Jan/2026:06:51:53 +0800] "GET /.env HTTP/1.1" 403 199 "-" "Mozilla/5.0 (l9scan/2.0.4313e2232313e243e2330313; +https://leakix.net)"
128.199.182.152 - - [02/Jan/2026:06:51:55 +0800] "GET /.git/config HTTP/1.1" 403 199 "-" "Mozilla/5.0 (l9scan/2.0.4313e2232313e243e2330313; +https://leakix.net)"
128.199.182.152 - - [02/Jan/2026:06:51:56 +0800] "GET /s/4313e2232313e243e2330313/_/;/META-INF/maven/com.atlassian.jira/jira-webapp-dist/pom.properties HTTP/1.1" 403 199 "-" "Mozilla/5.0 (l9scan/2.0.4313e2232313e243e2330313; +https://leakix.net)"
128.199.182.152 - - [02/Jan/2026:06:51:57 +0800] "GET /config.json HTTP/1.1" 403 199 "-" "Mozilla/5.0 (l9scan/2.0.4313e2232313e243e2330313; +https://leakix.net)"
128.199.182.152 - - [02/Jan/2026:06:51:58 +0800] "GET /telescope/requests HTTP/1.1" 403 199 "-" "Mozilla/5.0 (l9scan/2.0.4313e2232313e243e2330313; +https://leakix.net)"
128.199.182.152 - - [02/Jan/2026:06:51:59 +0800] "GET /info.php HTTP/1.1" 403 199 "-" "Mozilla/5.0 (l9scan/2.0.4313e2232313e243e2330313; +https://leakix.net)"
128.199.182.152 - - [02/Jan/2026:06:52:00 +0800] "GET /?rest_route=/wp/v2/users/ HTTP/1.1" 403 199 "-" "Mozilla/5.0 (l9scan/2.0.4313e2232313e243e2330313; +https://leakix.net)"
103.4.122.14 - - [02/Jan/2026:07:20:24 +0800] "POST /wp-cron.php?doing_wp_cron=1767309624.0525650978088378906250 HTTP/1.1" 200 - "-" "WordPress/6.9; https://gwfencing.com.au"
43.173.178.77 - - [02/Jan/2026:07:20:23 +0800] "GET /?p=1797 HTTP/1.1" 301 - "-" "Mozilla/5.0 (Windows NT 10.0; Win64; x64) AppleWebKit/537.36 (KHTML, like Gecko) Chrome/117.0.0.0 Safari/537.36"
43.173.178.77 - - [02/Jan/2026:07:20:24 +0800] "GET /testimonials/ HTTP/1.1" 200 6623 "https://gwfencing.com.au/?p=1797" "Mozilla/5.0 (Windows NT 10.0; Win64; x64) AppleWebKit/537.36 (KHTML, like Gecko) Chrome/117.0.0.0 Safari/537.36"
103.4.122.14 - - [02/Jan/2026:07:35:28 +0800] "POST /wp-cron.php?doing_wp_cron=1767310528.2644739151000976562500 HTTP/1.1" 200 - "-" "WordPress/6.9; https://gwfencing.com.au"
74.208.82.207 - - [02/Jan/2026:07:35:27 +0800] "POST /xmlrpc.php HTTP/1.1" 405 415 "-" "Mozilla/5.0 (Windows NT 10.0; Win64; x64; rv:45.0) Gecko/20100101 Firefox/45.0"
103.4.122.14 - - [02/Jan/2026:07:53:59 +0800] "POST /wp-cron.php?doing_wp_cron=1767311639.6381530761718750000000 HTTP/1.1" 200 - "-" "WordPress/6.9; https://gwfencing.com.au"
114.119.145.66 - - [02/Jan/2026:07:53:58 +0800] "GET /slot%E0%B9%80%E0%B8%A7%E0%B9%87%E0%B8%9A%E0%B8%95%E0%B8%A3%E0%B8%87.aspx HTTP/1.1" 404 20032 "https://gwfencing.com.au/pgslot%20%E0%B9%80%E0%B8%A7%E0%B9%87%E0%B8%9A%E0%B8%95%E0%B8%A3%E0%B8%87.aspx" "Mozilla/5.0 (Linux; Android 7.0;) AppleWebKit/537.36 (KHTML, like Gecko) Mobile Safari/537.36 (compatible; PetalBot;+https://webmaster.petalsearch.com/site/petalbot)"
114.119.146.197 - - [02/Jan/2026:07:55:42 +0800] "GET /slot%2099.aspx HTTP/1.1" 404 20032 "https://gwfencing.com.au/%E0%B8%AA%E0%B8%A5%E0%B9%87%E0%B8%AD%E0%B8%95%20%E0%B9%80%E0%B8%84%E0%B8%A3%E0%B8%94%E0%B8%B4%E0%B8%95%E0%B8%9F%E0%B8%A3%E0%B8%B5%2050%20%E0%B9%84%E0%B8%A1%E0%B9%88%E0%B8%95%E0%B9%89%E0%B8%AD%E0%B8%87%E0%B8%9D%E0%B8%B2%E0%B8%81%E0%B8%81%E0%B9%88%E0%B8%AD%E0%B8%99%20%E0%B9%84%E0%B8%A1%E0%B9%88%E0%B8%95%E0%B9%89%E0%B8%AD%E0%B8%87%E0%B9%81%E0%B8%8A%E0%B8%A3%E0%B9%8C%20%E0%B8%A2%E0%B8%B7%E0%B8%99%E0%B8%A2%E0%B8%B1%E0%B8%99%E0%B9%80%E0%B8%9A%E0%B8%AD%E0%B8%A3%E0%B9%8C%E0%B9%82%E0%B8%97%E0%B8%A3%E0%B8%A8%E0%B8%B1%E0%B8%9E%E0%B8%97%E0%B9%8C.aspx" "Mozilla/5.0 (Linux; Android 7.0;) AppleWebKit/537.36 (KHTML, like Gecko) Mobile Safari/537.36 (compatible; PetalBot;+https://webmaster.petalsearch.com/site/petalbot)"
148.113.128.9 - - [02/Jan/2026:07:56:14 +0800] "GET /wp-sitemap.xml HTTP/1.1" 404 18918 "-" "Mozilla/5.0 (compatible; AhrefsBot/7.0; +http://ahrefs.com/robot/)"
103.4.122.14 - - [02/Jan/2026:07:56:52 +0800] "POST /wp-cron.php?doing_wp_cron=1767311811.9094231128692626953125 HTTP/1.1" 200 - "-" "WordPress/6.9; https://gwfencing.com.au"
114.119.148.187 - - [02/Jan/2026:07:56:50 +0800] "GET /slot%20%E0%B9%80%E0%B8%84%E0%B8%A3%E0%B8%94%E0%B8%B4%E0%B8%95%E0%B8%9F%E0%B8%A3%E0%B8%B5.aspx HTTP/1.1" 404 20032 "https://gwfencing.com.au/%E0%B8%AA%E0%B8%A5%E0%B9%87%E0%B8%AD%E0%B8%9524.aspx" "Mozilla/5.0 (Linux; Android 7.0;) AppleWebKit/537.36 (KHTML, like Gecko) Mobile Safari/537.36 (compatible; PetalBot;+https://webmaster.petalsearch.com/site/petalbot)"
114.119.157.231 - - [02/Jan/2026:07:58:12 +0800] "GET /pgslot%20login.aspx HTTP/1.1" 404 20032 "https://gwfencing.com.au/allslot%20wallet%20%E0%B8%9F%E0%B8%A3%E0%B8%B5%2050.aspx" "Mozilla/5.0 (Linux; Android 7.0;) AppleWebKit/537.36 (KHTML, like Gecko) Mobile Safari/537.36 (compatible; PetalBot;+https://webmaster.petalsearch.com/site/petalbot)"
114.119.148.187 - - [02/Jan/2026:07:59:34 +0800] "GET /%E0%B9%80%E0%B8%A7%E0%B9%87%E0%B8%9A%20%E0%B8%AA%E0%B8%A5%E0%B9%87%E0%B8%AD%E0%B8%95.aspx HTTP/1.1" 404 20032 "https://gwfencing.com.au/pg888th%E0%B9%80%E0%B8%84%E0%B8%A3%E0%B8%94%E0%B8%B4%E0%B8%95%E0%B8%9F%E0%B8%A3%E0%B8%B550.aspx" "Mozilla/5.0 (Linux; Android 7.0;) AppleWebKit/537.36 (KHTML, like Gecko) Mobile Safari/537.36 (compatible; PetalBot;+https://webmaster.petalsearch.com/site/petalbot)"
114.119.157.231 - - [02/Jan/2026:08:00:46 +0800] "GET /%E0%B8%AB%E0%B8%A7%E0%B8%A2%E0%B8%AE%E0%B8%B2%E0%B8%99%E0%B8%AD%E0%B8%A2%E0%B8%9E%E0%B8%B4%E0%B9%80%E0%B8%A8%E0%B8%A9%20ruay.aspx HTTP/1.1" 404 20032 "https://gwfencing.com.au/%E0%B8%97%E0%B8%B2%E0%B8%87%E0%B9%80%E0%B8%82%E0%B9%89%E0%B8%B2pg%20%E0%B8%A1%E0%B8%B7%E0%B8%AD%E0%B8%96%E0%B8%B7%E0%B8%AD.aspx" "Mozilla/5.0 (Linux; Android 7.0;) AppleWebKit/537.36 (KHTML, like Gecko) Mobile Safari/537.36 (compatible; PetalBot;+https://webmaster.petalsearch.com/site/petalbot)"
103.4.122.14 - - [02/Jan/2026:08:02:10 +0800] "POST /wp-cron.php?doing_wp_cron=1767312130.7587039470672607421875 HTTP/1.1" 200 - "-" "WordPress/6.9; https://gwfencing.com.au"
114.119.153.171 - - [02/Jan/2026:08:02:09 +0800] "GET /%E0%B8%AA%E0%B8%A5%E0%B9%87%E0%B8%AD%E0%B8%95%20789.aspx HTTP/1.1" 404 20032 "https://gwfencing.com.au/g2g%20%E0%B8%AA%E0%B8%A5%E0%B9%87%E0%B8%AD%E0%B8%95.aspx" "Mozilla/5.0 (Linux; Android 7.0;) AppleWebKit/537.36 (KHTML, like Gecko) Mobile Safari/537.36 (compatible; PetalBot;+https://webmaster.petalsearch.com/site/petalbot)"
114.119.133.83 - - [02/Jan/2026:08:03:27 +0800] "GET /ufabet789.aspx HTTP/1.1" 404 20032 "https://gwfencing.com.au/%E0%B8%AA%E0%B8%A5%E0%B9%87%E0%B8%AD%E0%B8%95%E0%B8%97%E0%B8%94%E0%B8%A5%E0%B8%AD%E0%B8%87%E0%B9%80%E0%B8%A5%E0%B9%88%E0%B8%99%E0%B8%9F%E0%B8%A3%E0%B8%B5.aspx" "Mozilla/5.0 (Linux; Android 7.0;) AppleWebKit/537.36 (KHTML, like Gecko) Mobile Safari/537.36 (compatible; PetalBot;+https://webmaster.petalsearch.com/site/petalbot)"
