114.119.141.127 - - [10/Jan/2026:02:03:34 +0800] "GET /commercial HTTP/1.1" 301 - "-" "Mozilla/5.0 (Linux; Android 7.0;) AppleWebKit/537.36 (KHTML, like Gecko) Mobile Safari/537.36 (compatible; PetalBot;+https://webmaster.petalsearch.com/site/petalbot)"
114.119.141.127 - - [10/Jan/2026:02:03:36 +0800] "GET /commercial/ HTTP/1.1" 200 6424 "-" "Mozilla/5.0 (Linux; Android 7.0;) AppleWebKit/537.36 (KHTML, like Gecko) Mobile Safari/537.36 (compatible; PetalBot;+https://webmaster.petalsearch.com/site/petalbot)"
114.119.153.171 - - [10/Jan/2026:02:04:57 +0800] "GET / HTTP/1.1" 200 8308 "-" "Mozilla/5.0 (Linux; Android 7.0;) AppleWebKit/537.36 (KHTML, like Gecko) Mobile Safari/537.36 (compatible; PetalBot;+https://webmaster.petalsearch.com/site/petalbot)"
34.106.24.70 - - [10/Jan/2026:02:05:38 +0800] "HEAD /wordpress/ HTTP/1.1" 404 - "-" "Mozilla/5.0 (iPad; CPU OS 17_4 like Mac OS X) AppleWebKit/605.1.15 (KHTML, like Gecko) Version/17.4 Mobile/15E148 Safari/604.1"
34.106.24.70 - - [10/Jan/2026:02:05:39 +0800] "HEAD / HTTP/1.1" 301 - "-" "Mozilla/5.0 (Linux; Android 13; Pixel 7a) AppleWebKit/537.36 (KHTML, like Gecko) Chrome/124.0.6367.82 Mobile Safari/537.36"
34.106.24.70 - - [10/Jan/2026:02:05:40 +0800] "HEAD / HTTP/1.1" 200 - "http://gwfencing.com.au/" "Mozilla/5.0 (Linux; Android 13; Pixel 7a) AppleWebKit/537.36 (KHTML, like Gecko) Chrome/124.0.6367.82 Mobile Safari/537.36"
34.106.24.70 - - [10/Jan/2026:02:05:41 +0800] "HEAD /backup/ HTTP/1.1" 404 - "-" "Mozilla/5.0 (Windows NT 10.0; Win64; x64) AppleWebKit/537.36 (KHTML, like Gecko) Chrome/126.0.6478.70 Safari/537.36 Vivaldi/6.7.3200.25"
34.106.24.70 - - [10/Jan/2026:02:05:42 +0800] "HEAD /old/ HTTP/1.1" 404 - "-" "Mozilla/5.0 (X11; Fedora; Linux x86_64; rv:125.0) Gecko/20100101 Firefox/125.0"
34.106.24.70 - - [10/Jan/2026:02:05:42 +0800] "HEAD /new/ HTTP/1.1" 404 - "-" "Mozilla/5.0 (Linux; Android 14; OnePlus 12) AppleWebKit/537.36 (KHTML, like Gecko) Chrome/125.0.6422.102 Mobile Safari/537.36"
34.106.24.70 - - [10/Jan/2026:02:05:43 +0800] "HEAD /blog/ HTTP/1.1" 410 - "-" "Mozilla/5.0 (Windows NT 10.0; Win64; x64; rv:127.0) Gecko/20100101 Firefox/127.0"
34.106.24.70 - - [10/Jan/2026:02:05:44 +0800] "HEAD /wp/ HTTP/1.1" 404 - "-" "Mozilla/5.0 (X11; Linux x86_64; rv:127.0) Gecko/20100101 Firefox/127.0"
103.4.122.14 - - [10/Jan/2026:02:09:28 +0800] "POST /wp-cron.php?doing_wp_cron=1767982168.6293470859527587890625 HTTP/1.1" 200 - "-" "WordPress/6.9; https://gwfencing.com.au"
54.39.6.194 - - [10/Jan/2026:02:09:27 +0800] "GET /wp-sitemap.xml HTTP/1.1" 404 18918 "-" "Mozilla/5.0 (compatible; AhrefsBot/7.0; +http://ahrefs.com/robot/)"
4.197.168.41 - - [10/Jan/2026:02:09:46 +0800] "GET /wp-content/plugins/hellopress/wp_filemanager.php HTTP/1.1" 404 20023 "-" "-"
4.197.168.41 - - [10/Jan/2026:02:09:47 +0800] "GET /x1na.php HTTP/1.1" 404 20023 "-" "-"
4.197.168.41 - - [10/Jan/2026:02:09:48 +0800] "GET /ss.php HTTP/1.1" 404 20023 "-" "-"
4.197.168.41 - - [10/Jan/2026:02:09:49 +0800] "GET /56c53.php HTTP/1.1" 404 20023 "-" "-"
4.197.168.41 - - [10/Jan/2026:02:09:50 +0800] "GET /wps.php HTTP/1.1" 404 20023 "-" "-"
4.197.168.41 - - [10/Jan/2026:02:09:51 +0800] "GET /wp-sid.php HTTP/1.1" 404 20023 "-" "-"
4.197.168.41 - - [10/Jan/2026:02:09:51 +0800] "GET /wp-Blogs.php HTTP/1.1" 404 20023 "-" "-"
4.197.168.41 - - [10/Jan/2026:02:09:52 +0800] "GET /wp-blog.php HTTP/1.1" 404 20023 "-" "-"
4.197.168.41 - - [10/Jan/2026:02:09:53 +0800] "GET /nucqsqeg.php HTTP/1.1" 404 20023 "-" "-"
4.197.168.41 - - [10/Jan/2026:02:09:54 +0800] "GET /jdlqi.php HTTP/1.1" 404 20023 "-" "-"
4.197.168.41 - - [10/Jan/2026:02:09:55 +0800] "GET /sx.php HTTP/1.1" 404 20023 "-" "-"
4.197.168.41 - - [10/Jan/2026:02:09:56 +0800] "GET /wp-blog-front.php HTTP/1.1" 403 199 "-" "-"
4.197.168.41 - - [10/Jan/2026:02:09:59 +0800] "GET /wp-blog-front.php HTTP/1.1" 403 199 "-" "-"
4.197.168.41 - - [10/Jan/2026:02:10:00 +0800] "GET /wp-blog-front.php HTTP/1.1" 403 199 "-" "-"
4.197.168.41 - - [10/Jan/2026:02:10:04 +0800] "GET /wp-blog-front.php HTTP/1.1" 403 199 "-" "-"
4.197.168.41 - - [10/Jan/2026:02:10:07 +0800] "GET /xenium4.php HTTP/1.1" 403 199 "-" "-"
4.197.168.41 - - [10/Jan/2026:02:10:12 +0800] "GET /xenium4.php HTTP/1.1" 403 199 "-" "-"
4.197.168.41 - - [10/Jan/2026:02:10:14 +0800] "GET /xenium4.php HTTP/1.1" 403 199 "-" "-"
4.197.168.41 - - [10/Jan/2026:02:10:15 +0800] "GET /xenium4.php HTTP/1.1" 403 199 "-" "-"
4.197.168.41 - - [10/Jan/2026:02:10:21 +0800] "GET /sid-file.php HTTP/1.1" 403 199 "-" "-"
4.197.168.41 - - [10/Jan/2026:02:10:24 +0800] "GET /sid-file.php HTTP/1.1" 403 199 "-" "-"
4.197.168.41 - - [10/Jan/2026:02:10:27 +0800] "GET /sid-file.php HTTP/1.1" 403 199 "-" "-"
4.197.168.41 - - [10/Jan/2026:02:10:29 +0800] "GET /sid-file.php HTTP/1.1" 403 199 "-" "-"
4.197.168.41 - - [10/Jan/2026:02:10:29 +0800] "GET /wp-user.php HTTP/1.1" 403 199 "-" "-"
4.197.168.41 - - [10/Jan/2026:02:10:31 +0800] "GET /wp-user.php HTTP/1.1" 403 199 "-" "-"
4.197.168.41 - - [10/Jan/2026:02:10:33 +0800] "GET /wp-user.php HTTP/1.1" 403 199 "-" "-"
4.197.168.41 - - [10/Jan/2026:02:10:35 +0800] "GET /wp-user.php HTTP/1.1" 403 199 "-" "-"
4.197.168.41 - - [10/Jan/2026:02:10:38 +0800] "GET /gecko.php HTTP/1.1" 403 199 "-" "-"
4.197.168.41 - - [10/Jan/2026:02:10:40 +0800] "GET /gecko.php HTTP/1.1" 403 199 "-" "-"
4.197.168.41 - - [10/Jan/2026:02:10:41 +0800] "GET /gecko.php HTTP/1.1" 403 199 "-" "-"
4.197.168.41 - - [10/Jan/2026:02:10:42 +0800] "GET /gecko.php HTTP/1.1" 403 199 "-" "-"
4.197.168.41 - - [10/Jan/2026:02:10:44 +0800] "GET /green.php HTTP/1.1" 403 199 "-" "-"
4.197.168.41 - - [10/Jan/2026:02:10:45 +0800] "GET /green.php HTTP/1.1" 403 199 "-" "-"
4.197.168.41 - - [10/Jan/2026:02:10:48 +0800] "GET /green.php HTTP/1.1" 403 199 "-" "-"
4.197.168.41 - - [10/Jan/2026:02:10:49 +0800] "GET /green.php HTTP/1.1" 403 199 "-" "-"
4.197.168.41 - - [10/Jan/2026:02:10:51 +0800] "GET /lm15.php HTTP/1.1" 403 199 "-" "-"
4.197.168.41 - - [10/Jan/2026:02:10:51 +0800] "GET /lm15.php HTTP/1.1" 403 199 "-" "-"
4.197.168.41 - - [10/Jan/2026:02:10:53 +0800] "GET /lm15.php HTTP/1.1" 403 199 "-" "-"
4.197.168.41 - - [10/Jan/2026:02:10:55 +0800] "GET /lm15.php HTTP/1.1" 404 20023 "-" "-"
4.197.168.41 - - [10/Jan/2026:02:10:56 +0800] "GET /cc.php HTTP/1.1" 404 20023 "-" "-"
4.197.168.41 - - [10/Jan/2026:02:10:57 +0800] "GET /qaez.php HTTP/1.1" 404 20023 "-" "-"
4.197.168.41 - - [10/Jan/2026:02:10:58 +0800] "GET /shell.php HTTP/1.1" 404 20023 "-" "-"
4.197.168.41 - - [10/Jan/2026:02:10:59 +0800] "GET /gg.php HTTP/1.1" 404 20023 "-" "-"
4.197.168.41 - - [10/Jan/2026:02:11:00 +0800] "GET /ox8xhkkw.php HTTP/1.1" 404 20023 "-" "-"
4.197.168.41 - - [10/Jan/2026:02:11:01 +0800] "GET /wp-advaced.php HTTP/1.1" 404 20023 "-" "-"
4.197.168.41 - - [10/Jan/2026:02:11:01 +0800] "GET /s.php HTTP/1.1" 404 20023 "-" "-"
4.197.168.41 - - [10/Jan/2026:02:11:02 +0800] "GET /ww3.php HTTP/1.1" 404 20023 "-" "-"
4.197.168.41 - - [10/Jan/2026:02:11:03 +0800] "GET /dout.php HTTP/1.1" 404 20023 "-" "-"
4.197.168.41 - - [10/Jan/2026:02:11:04 +0800] "GET /admin836.php HTTP/1.1" 404 20023 "-" "-"
4.197.168.41 - - [10/Jan/2026:02:11:04 +0800] "GET /z60.php HTTP/1.1" 403 199 "-" "-"
4.197.168.41 - - [10/Jan/2026:02:11:08 +0800] "GET /z60.php HTTP/1.1" 403 199 "-" "-"
4.197.168.41 - - [10/Jan/2026:02:11:10 +0800] "GET /z60.php HTTP/1.1" 403 199 "-" "-"
4.197.168.41 - - [10/Jan/2026:02:11:11 +0800] "GET /z60.php HTTP/1.1" 403 199 "-" "-"
4.197.168.41 - - [10/Jan/2026:02:11:23 +0800] "GET /222.php HTTP/1.1" 403 199 "-" "-"
4.197.168.41 - - [10/Jan/2026:02:11:24 +0800] "GET /222.php HTTP/1.1" 403 199 "-" "-"
4.197.168.41 - - [10/Jan/2026:02:11:25 +0800] "GET /222.php HTTP/1.1" 403 199 "-" "-"
4.197.168.41 - - [10/Jan/2026:02:11:29 +0800] "GET /file48.php HTTP/1.1" 403 199 "-" "-"
4.197.168.41 - - [10/Jan/2026:02:11:34 +0800] "GET /file48.php HTTP/1.1" 403 199 "-" "-"
4.197.168.41 - - [10/Jan/2026:02:11:37 +0800] "GET /file48.php HTTP/1.1" 403 199 "-" "-"
4.197.168.41 - - [10/Jan/2026:02:11:45 +0800] "GET /vx.php HTTP/1.1" 403 199 "-" "-"
4.197.168.41 - - [10/Jan/2026:02:11:45 +0800] "GET /vx.php HTTP/1.1" 403 199 "-" "-"
4.197.168.41 - - [10/Jan/2026:02:11:47 +0800] "GET /vx.php HTTP/1.1" 403 199 "-" "-"
4.197.168.41 - - [10/Jan/2026:02:11:50 +0800] "GET /vx.php HTTP/1.1" 403 199 "-" "-"
4.197.168.41 - - [10/Jan/2026:02:11:52 +0800] "GET /ww3.php HTTP/1.1" 403 199 "-" "-"
4.197.168.41 - - [10/Jan/2026:02:11:52 +0800] "GET /ww3.php HTTP/1.1" 403 199 "-" "-"
4.197.168.41 - - [10/Jan/2026:02:12:01 +0800] "GET /ww3.php HTTP/1.1" 403 199 "-" "-"
4.197.168.41 - - [10/Jan/2026:02:12:02 +0800] "GET /ww3.php HTTP/1.1" 403 199 "-" "-"
103.4.122.14 - - [10/Jan/2026:02:12:06 +0800] "POST /wp-cron.php?doing_wp_cron=1767982326.6948609352111816406250 HTTP/1.1" 200 - "-" "WordPress/6.9; https://gwfencing.com.au"
4.197.168.41 - - [10/Jan/2026:02:12:05 +0800] "GET /s.php HTTP/1.1" 404 20023 "-" "-"
4.197.168.41 - - [10/Jan/2026:02:12:06 +0800] "GET /sid3.php HTTP/1.1" 404 20023 "-" "-"
4.197.168.41 - - [10/Jan/2026:02:12:07 +0800] "GET /re.php HTTP/1.1" 404 20023 "-" "-"
103.4.122.14 - - [10/Jan/2026:02:26:37 +0800] "POST /wp-cron.php?doing_wp_cron=1767983197.5316290855407714843750 HTTP/1.1" 200 - "-" "WordPress/6.9; https://gwfencing.com.au"
152.53.37.34 - - [10/Jan/2026:02:26:36 +0800] "POST /xmlrpc.php HTTP/1.1" 405 415 "-" "Mozilla/5.0 (Windows NT 10.0; Win64; x64; rv:42.0) Gecko/20100101 Firefox/42.0"
103.4.122.14 - - [10/Jan/2026:02:32:16 +0800] "POST /wp-cron.php?doing_wp_cron=1767983536.7027978897094726562500 HTTP/1.1" 200 - "-" "WordPress/6.9; https://gwfencing.com.au"
81.88.52.201 - - [10/Jan/2026:02:32:15 +0800] "POST /xmlrpc.php HTTP/1.1" 405 415 "-" "Mozilla/4.0 (compatible; MSIE 7.0; Windows NT 6.1; Trident/7.0; SLCC2; .NET CLR 2.0.50727; .NET CLR 3.5.30729; .NET CLR 3.0.30729; .NET4.0C; .NET4.0E)"
81.88.52.201 - - [10/Jan/2026:02:32:18 +0800] "POST /xmlrpc.php HTTP/1.1" 405 415 "-" "Mozilla/4.0 (compatible; MSIE 7.0; Windows NT 6.1; Trident/7.0; SLCC2; .NET CLR 2.0.50727; .NET CLR 3.5.30729; .NET CLR 3.0.30729; .NET4.0C; .NET4.0E)"
81.88.52.201 - - [10/Jan/2026:02:32:20 +0800] "POST /xmlrpc.php HTTP/1.1" 405 415 "-" "Mozilla/4.0 (compatible; MSIE 7.0; Windows NT 6.1; Trident/7.0; SLCC2; .NET CLR 2.0.50727; .NET CLR 3.5.30729; .NET CLR 3.0.30729; .NET4.0C; .NET4.0E)"
81.88.52.201 - - [10/Jan/2026:02:32:22 +0800] "POST /xmlrpc.php HTTP/1.1" 405 415 "-" "Mozilla/4.0 (compatible; MSIE 7.0; Windows NT 6.1; Trident/7.0; SLCC2; .NET CLR 2.0.50727; .NET CLR 3.5.30729; .NET CLR 3.0.30729; .NET4.0C; .NET4.0E)"
132.148.185.13 - - [10/Jan/2026:02:32:37 +0800] "POST /xmlrpc.php HTTP/1.1" 405 415 "-" "Mozilla/5.0 (Windows NT 10.0; WOW64; Trident/7.0; MDDCJS; rv:11.0) like Gecko"
132.148.185.13 - - [10/Jan/2026:02:32:39 +0800] "POST /xmlrpc.php HTTP/1.1" 405 415 "-" "Mozilla/5.0 (Windows NT 10.0; WOW64; Trident/7.0; MDDCJS; rv:11.0) like Gecko"
132.148.185.13 - - [10/Jan/2026:02:32:41 +0800] "POST /xmlrpc.php HTTP/1.1" 405 415 "-" "Mozilla/5.0 (Windows NT 10.0; WOW64; Trident/7.0; MDDCJS; rv:11.0) like Gecko"
132.148.185.13 - - [10/Jan/2026:02:32:42 +0800] "POST /xmlrpc.php HTTP/1.1" 405 415 "-" "Mozilla/5.0 (Windows NT 10.0; WOW64; Trident/7.0; MDDCJS; rv:11.0) like Gecko"
195.88.82.88 - - [10/Jan/2026:02:32:49 +0800] "POST /xmlrpc.php HTTP/1.1" 405 415 "-" "Mozilla/5.0 (Windows NT 6.3; WOW64; Trident/7.0; LCJB; rv:11.0) like Gecko"
195.88.82.88 - - [10/Jan/2026:02:32:51 +0800] "POST /xmlrpc.php HTTP/1.1" 405 415 "-" "Mozilla/5.0 (Windows NT 6.3; WOW64; Trident/7.0; LCJB; rv:11.0) like Gecko"
195.88.82.88 - - [10/Jan/2026:02:32:53 +0800] "POST /xmlrpc.php HTTP/1.1" 405 415 "-" "Mozilla/5.0 (Windows NT 6.3; WOW64; Trident/7.0; LCJB; rv:11.0) like Gecko"
195.88.82.88 - - [10/Jan/2026:02:32:55 +0800] "POST /xmlrpc.php HTTP/1.1" 405 415 "-" "Mozilla/5.0 (Windows NT 6.3; WOW64; Trident/7.0; LCJB; rv:11.0) like Gecko"
103.4.122.14 - - [10/Jan/2026:02:41:01 +0800] "POST /wp-cron.php?doing_wp_cron=1767984061.2383880615234375000000 HTTP/1.1" 200 - "-" "WordPress/6.9; https://gwfencing.com.au"
5.9.120.8 - - [10/Jan/2026:02:41:00 +0800] "GET /robots.txt HTTP/1.1" 200 112 "-" "Mozilla/5.0 (compatible; SERankingBacklinksBot/1.0; +https://seranking.com/backlinks-crawler)"
5.9.120.8 - - [10/Jan/2026:02:41:01 +0800] "GET / HTTP/1.1" 301 - "-" "Mozilla/5.0 (compatible; SERankingBacklinksBot/1.0; +https://seranking.com/backlinks-crawler)"
5.9.120.8 - - [10/Jan/2026:02:41:03 +0800] "GET /robots.txt HTTP/1.1" 200 112 "-" "Mozilla/5.0 (compatible; SERankingBacklinksBot/1.0; +https://seranking.com/backlinks-crawler)"
5.9.120.8 - - [10/Jan/2026:02:41:05 +0800] "GET / HTTP/1.1" 200 8308 "-" "Mozilla/5.0 (compatible; SERankingBacklinksBot/1.0; +https://seranking.com/backlinks-crawler)"
5.9.120.8 - - [10/Jan/2026:02:41:10 +0800] "GET /robots.txt HTTP/1.1" 200 112 "-" "Mozilla/5.0 (compatible; SERankingBacklinksBot/1.0; +https://seranking.com/backlinks-crawler)"
5.9.120.8 - - [10/Jan/2026:02:41:11 +0800] "GET /robots.txt HTTP/1.1" 200 112 "-" "Mozilla/5.0 (compatible; SERankingBacklinksBot/1.0; +https://seranking.com/backlinks-crawler)"
5.9.120.8 - - [10/Jan/2026:02:41:12 +0800] "GET /robots.txt HTTP/1.1" 200 112 "-" "Mozilla/5.0 (compatible; SERankingBacklinksBot/1.0; +https://seranking.com/backlinks-crawler)"
5.9.120.8 - - [10/Jan/2026:02:41:12 +0800] "GET /robots.txt HTTP/1.1" 200 112 "-" "Mozilla/5.0 (compatible; SERankingBacklinksBot/1.0; +https://seranking.com/backlinks-crawler)"
5.9.120.8 - - [10/Jan/2026:02:41:13 +0800] "GET /robots.txt HTTP/1.1" 200 112 "-" "Mozilla/5.0 (compatible; SERankingBacklinksBot/1.0; +https://seranking.com/backlinks-crawler)"
5.9.120.8 - - [10/Jan/2026:02:41:15 +0800] "GET / HTTP/1.1" 200 8308 "-" "Mozilla/5.0 (compatible; SERankingBacklinksBot/1.0; +https://seranking.com/backlinks-crawler)"
103.4.122.14 - - [10/Jan/2026:03:04:32 +0800] "POST /wp-cron.php?doing_wp_cron=1767985472.6209840774536132812500 HTTP/1.1" 200 - "-" "WordPress/6.9; https://gwfencing.com.au"
15.235.96.1 - - [10/Jan/2026:03:04:31 +0800] "GET /%E0%B9%80%E0%B8%A7%E0%B9%87%E0%B8%9A%E0%B8%95%E0%B8%A3%E0%B8%87%E0%B8%AA%E0%B8%A5%E0%B9%87%E0%B8%AD%E0%B8%95%E0%B8%9D%E0%B8%B2%E0%B8%81%E0%B8%96%E0%B8%AD%E0%B8%99%E0%B9%84%E0%B8%A1%E0%B9%88%E0%B8%A1%E0%B8%B5%E0%B8%82%E0%B8%B1%E0%B9%89%E0%B8%99%E0%B8%95%E0%B9%88%E0%B9%8D%E0%B8%B2%201%20%E0%B8%9A%E0%B8%B2%E0%B8%97%E0%B8%81%E0%B9%87%E0%B8%96%E0%B8%AD%E0%B8%99%E0%B9%84%E0%B8%94%E0%B9%89%E0%B8%A7%E0%B8%AD%E0%B9%80%E0%B8%A5%E0%B8%97.aspx HTTP/1.1" 404 20032 "-" "Mozilla/5.0 (compatible; AhrefsBot/7.0; +http://ahrefs.com/robot/)"
103.4.122.14 - - [10/Jan/2026:03:22:04 +0800] "POST /wp-cron.php?doing_wp_cron=1767986524.4492061138153076171875 HTTP/1.1" 200 - "-" "WordPress/6.9; https://gwfencing.com.au"
93.158.90.34 - - [10/Jan/2026:03:22:03 +0800] "GET / HTTP/1.1" 301 - "-" "Mozilla/5.0 (Linux; Android 12; SAMSUNG SM-A415F) AppleWebKit/537.36 (KHTML, like Gecko) SamsungBrowser/23.0 Chrome/115.0.0.0 Mobile Safari/537.3"
93.158.90.40 - - [10/Jan/2026:03:22:05 +0800] "GET / HTTP/1.1" 200 8308 "http://gwfencing.com.au/" "Mozilla/5.0 (Linux; Android 12; SAMSUNG SM-A415F) AppleWebKit/537.36 (KHTML, like Gecko) SamsungBrowser/23.0 Chrome/115.0.0.0 Mobile Safari/537.3"
93.158.91.34 - - [10/Jan/2026:03:22:07 +0800] "GET /security-fencing/ HTTP/1.1" 200 6120 "-" "Mozilla/5.0 (Linux; Android 12; SAMSUNG SM-A415F) AppleWebKit/537.36 (KHTML, like Gecko) SamsungBrowser/23.0 Chrome/115.0.0.0 Mobile Safari/537.3"
93.158.90.43 - - [10/Jan/2026:03:22:09 +0800] "GET /sporting-fencing/ HTTP/1.1" 200 6363 "-" "Mozilla/5.0 (Linux; Android 12; SAMSUNG SM-A415F) AppleWebKit/537.36 (KHTML, like Gecko) SamsungBrowser/23.0 Chrome/115.0.0.0 Mobile Safari/537.3"
93.158.90.33 - - [10/Jan/2026:03:22:11 +0800] "GET /testimonials/ HTTP/1.1" 200 6623 "-" "Mozilla/5.0 (Linux; Android 12; SAMSUNG SM-A415F) AppleWebKit/537.36 (KHTML, like Gecko) SamsungBrowser/23.0 Chrome/115.0.0.0 Mobile Safari/537.3"
54.161.130.153 - - [10/Jan/2026:03:23:58 +0800] "GET /testimonials/ HTTP/1.1" 200 23177 "-" "TerraCotta https://github.com/CeramicTeam/CeramicTerracotta"
103.4.122.14 - - [10/Jan/2026:03:38:31 +0800] "POST /wp-cron.php?doing_wp_cron=1767987510.8124389648437500000000 HTTP/1.1" 200 - "-" "WordPress/6.9; https://gwfencing.com.au"
103.200.22.140 - - [10/Jan/2026:03:38:29 +0800] "GET /wp-login.php HTTP/1.1" 200 2754 "-" "GRequests/0.10"
40.77.167.75 - - [10/Jan/2026:03:38:31 +0800] "GET /wp-content/uploads/2019/10/cropped-GW-Fencing-REV-300x93.png HTTP/1.1" 200 11591 "-" "Mozilla/5.0 AppleWebKit/537.36 (KHTML, like Gecko; compatible; bingbot/2.0; +http://www.bing.com/bingbot.htm) Chrome/116.0.1938.76 Safari/537.36"
103.200.22.140 - - [10/Jan/2026:03:38:31 +0800] "POST /wp-login.php HTTP/1.1" 200 2884 "-" "GRequests/0.10"
103.4.122.14 - - [10/Jan/2026:04:00:57 +0800] "POST /wp-cron.php?doing_wp_cron=1767988857.6564259529113769531250 HTTP/1.1" 200 - "-" "WordPress/6.9; https://gwfencing.com.au"
94.23.67.129 - - [10/Jan/2026:04:00:56 +0800] "POST /xmlrpc.php HTTP/1.1" 405 415 "-" "Mozilla/5.0 (Windows NT 10.0; Win64; x64; rv:52.0) Gecko/20100101 Firefox/52.0"
103.4.122.14 - - [10/Jan/2026:04:11:02 +0800] "POST /wp-cron.php?doing_wp_cron=1767989462.4119160175323486328125 HTTP/1.1" 200 - "-" "WordPress/6.9; https://gwfencing.com.au"
148.113.130.0 - - [10/Jan/2026:04:11:01 +0800] "GET /industrial/ HTTP/1.1" 200 6024 "-" "Mozilla/5.0 (compatible; AhrefsBot/7.0; +http://ahrefs.com/robot/)"
103.4.122.14 - - [10/Jan/2026:04:39:14 +0800] "POST /wp-cron.php?doing_wp_cron=1767991154.9206039905548095703125 HTTP/1.1" 200 - "-" "WordPress/6.9; https://gwfencing.com.au"
216.244.66.248 - - [10/Jan/2026:04:39:14 +0800] "GET /robots.txt HTTP/1.1" 200 117 "-" "Mozilla/5.0 (compatible; DotBot/1.2; +https://opensiteexplorer.org/dotbot; help@moz.com)"
103.4.122.14 - - [10/Jan/2026:04:58:26 +0800] "POST /wp-cron.php?doing_wp_cron=1767992306.8491029739379882812500 HTTP/1.1" 200 - "-" "WordPress/6.9; https://gwfencing.com.au"
216.244.66.248 - - [10/Jan/2026:04:58:25 +0800] "GET /?C=M;O=D HTTP/1.1" 301 - "-" "Mozilla/5.0 (compatible; DotBot/1.2; +https://opensiteexplorer.org/dotbot; help@moz.com)"
89.117.61.39 - - [10/Jan/2026:05:14:16 +0800] "GET /wp-admin/css/ HTTP/1.1" 403 199 "binance.com" "Mozilla/5.0 (Windows NT 10.0; Win64; x64) AppleWebKit/537.36 (KHTML, like Gecko) Chrome/90.0.4430.85 Safari/537.36"
103.4.122.14 - - [10/Jan/2026:05:16:14 +0800] "POST /wp-cron.php?doing_wp_cron=1767993374.5917708873748779296875 HTTP/1.1" 200 - "-" "WordPress/6.9; https://gwfencing.com.au"
185.199.223.27 - - [10/Jan/2026:05:16:13 +0800] "POST /xmlrpc.php HTTP/1.1" 405 415 "-" "Mozilla/5.0 (Windows NT 10.0; Win64; x64; rv:62.0) Gecko/20100101 Firefox/62.0"
103.4.122.14 - - [10/Jan/2026:05:39:02 +0800] "POST /wp-cron.php?doing_wp_cron=1767994742.3039278984069824218750 HTTP/1.1" 200 - "-" "WordPress/6.9; https://gwfencing.com.au"
34.106.51.203 - - [10/Jan/2026:05:39:01 +0800] "HEAD /wp/ HTTP/1.1" 301 - "-" "Mozilla/5.0 (Linux; Android 11; moto g31) AppleWebKit/537.36 (KHTML, like Gecko) Chrome/122.0.6261.96 Mobile Safari/537.36"
34.106.51.203 - - [10/Jan/2026:05:39:02 +0800] "HEAD /wp/ HTTP/1.1" 404 - "http://www.gwfencing.com.au/wp/" "Mozilla/5.0 (Linux; Android 11; moto g31) AppleWebKit/537.36 (KHTML, like Gecko) Chrome/122.0.6261.96 Mobile Safari/537.36"
34.106.51.203 - - [10/Jan/2026:05:39:03 +0800] "HEAD / HTTP/1.1" 301 - "-" "Mozilla/5.0 (Linux; Android 11; RMX2195) AppleWebKit/537.36 (KHTML, like Gecko) Chrome/120.0.6099.210 Mobile Safari/537.36 OPR/75.2.3995.72468"
34.106.51.203 - - [10/Jan/2026:05:39:04 +0800] "HEAD / HTTP/1.1" 200 - "http://www.gwfencing.com.au/" "Mozilla/5.0 (Linux; Android 11; RMX2195) AppleWebKit/537.36 (KHTML, like Gecko) Chrome/120.0.6099.210 Mobile Safari/537.36 OPR/75.2.3995.72468"
34.106.51.203 - - [10/Jan/2026:05:39:05 +0800] "HEAD /wordpress/ HTTP/1.1" 301 - "-" "Mozilla/5.0 (Windows NT 10.0; Win64; x64) AppleWebKit/537.36 (KHTML, like Gecko) Chrome/125.0.6422.112 Safari/537.36 Brave/1.63.120"
34.106.51.203 - - [10/Jan/2026:05:39:06 +0800] "HEAD /wordpress/ HTTP/1.1" 404 - "http://www.gwfencing.com.au/wordpress/" "Mozilla/5.0 (Windows NT 10.0; Win64; x64) AppleWebKit/537.36 (KHTML, like Gecko) Chrome/125.0.6422.112 Safari/537.36 Brave/1.63.120"
34.106.51.203 - - [10/Jan/2026:05:39:07 +0800] "HEAD /new/ HTTP/1.1" 301 - "-" "Mozilla/5.0 (Windows NT 10.0; WOW64) AppleWebKit/537.36 (KHTML, like Gecko) Chrome/118.0.5993.90 Safari/537.36"
34.106.51.203 - - [10/Jan/2026:05:39:08 +0800] "HEAD /new/ HTTP/1.1" 404 - "http://www.gwfencing.com.au/new/" "Mozilla/5.0 (Windows NT 10.0; WOW64) AppleWebKit/537.36 (KHTML, like Gecko) Chrome/118.0.5993.90 Safari/537.36"
34.106.51.203 - - [10/Jan/2026:05:39:08 +0800] "HEAD /old/ HTTP/1.1" 301 - "-" "Mozilla/5.0 (Linux; Android 14; Xiaomi 14 Pro) AppleWebKit/537.36 (KHTML, like Gecko) Chrome/126.0.6478.33 Mobile Safari/537.36"
34.106.51.203 - - [10/Jan/2026:05:39:09 +0800] "HEAD /old/ HTTP/1.1" 404 - "http://www.gwfencing.com.au/old/" "Mozilla/5.0 (Linux; Android 14; Xiaomi 14 Pro) AppleWebKit/537.36 (KHTML, like Gecko) Chrome/126.0.6478.33 Mobile Safari/537.36"
34.106.51.203 - - [10/Jan/2026:05:39:10 +0800] "HEAD /blog/ HTTP/1.1" 301 - "-" "Mozilla/5.0 (iPad; CPU OS 17_4 like Mac OS X) AppleWebKit/605.1.15 (KHTML, like Gecko) Version/17.4 Mobile/15E148 Safari/604.1"
34.106.51.203 - - [10/Jan/2026:05:39:11 +0800] "HEAD /blog/ HTTP/1.1" 410 - "http://www.gwfencing.com.au/blog/" "Mozilla/5.0 (iPad; CPU OS 17_4 like Mac OS X) AppleWebKit/605.1.15 (KHTML, like Gecko) Version/17.4 Mobile/15E148 Safari/604.1"
34.106.51.203 - - [10/Jan/2026:05:39:12 +0800] "HEAD /backup/ HTTP/1.1" 301 - "-" "Mozilla/5.0 (Linux; Android 14; Samsung SM-A546B) AppleWebKit/537.36 (KHTML, like Gecko) Chrome/126.0.6478.14 Mobile Safari/537.36"
34.106.51.203 - - [10/Jan/2026:05:39:12 +0800] "HEAD /backup/ HTTP/1.1" 404 - "http://www.gwfencing.com.au/backup/" "Mozilla/5.0 (Linux; Android 14; Samsung SM-A546B) AppleWebKit/537.36 (KHTML, like Gecko) Chrome/126.0.6478.14 Mobile Safari/537.36"
103.4.122.14 - - [10/Jan/2026:05:52:31 +0800] "POST /wp-cron.php?doing_wp_cron=1767995551.1925330162048339843750 HTTP/1.1" 200 - "-" "WordPress/6.9; https://gwfencing.com.au"
5.9.120.8 - - [10/Jan/2026:05:52:30 +0800] "GET /robots.txt HTTP/1.1" 200 112 "-" "Mozilla/5.0 (compatible; SERankingBacklinksBot/1.0; +https://seranking.com/backlinks-crawler)"
5.9.120.8 - - [10/Jan/2026:05:52:32 +0800] "GET /wp-sitemap.xml HTTP/1.1" 404 18918 "-" "Mozilla/5.0 (compatible; SERankingBacklinksBot/1.0; +https://seranking.com/backlinks-crawler)"
103.4.122.14 - - [10/Jan/2026:06:04:40 +0800] "POST /wp-cron.php?doing_wp_cron=1767996280.3155159950256347656250 HTTP/1.1" 200 - "-" "WordPress/6.9; https://gwfencing.com.au"
114.119.137.68 - - [10/Jan/2026:06:04:39 +0800] "GET /xmlrpc.php HTTP/1.1" 405 42 "-" "Mozilla/5.0 (Linux; Android 7.0;) AppleWebKit/537.36 (KHTML, like Gecko) Mobile Safari/537.36 (compatible; PetalBot;+https://webmaster.petalsearch.com/site/petalbot)"
40.77.167.61 - - [10/Jan/2026:06:04:46 +0800] "GET /wp-content/uploads/2021/05/IMG_0802-300x225.jpg HTTP/1.1" 200 15704 "-" "Mozilla/5.0 AppleWebKit/537.36 (KHTML, like Gecko; compatible; bingbot/2.0; +http://www.bing.com/bingbot.htm) Chrome/116.0.1938.76 Safari/537.36"
103.4.122.14 - - [10/Jan/2026:06:10:33 +0800] "POST /wp-cron.php?doing_wp_cron=1767996632.9973540306091308593750 HTTP/1.1" 200 - "-" "WordPress/6.9; https://gwfencing.com.au"
35.196.241.141 - - [10/Jan/2026:06:10:32 +0800] "GET /robots.txt HTTP/1.0" 301 - "-" "ZoominfoBot (zoominfobot at zoominfo dot com)"
35.196.241.141 - - [10/Jan/2026:06:10:33 +0800] "GET /robots.txt HTTP/1.1" 200 112 "-" "ZoominfoBot (zoominfobot at zoominfo dot com)"
35.196.241.141 - - [10/Jan/2026:06:10:34 +0800] "GET / HTTP/1.0" 301 - "-" "ZoominfoBot (zoominfobot at zoominfo dot com)"
103.4.122.14 - - [10/Jan/2026:06:24:09 +0800] "POST /wp-cron.php?doing_wp_cron=1767997449.5727961063385009765625 HTTP/1.1" 200 - "-" "WordPress/6.9; https://gwfencing.com.au"
51.68.247.219 - - [10/Jan/2026:06:24:08 +0800] "GET /robots.txt HTTP/1.1" 301 - "-" "Mozilla/5.0 (compatible; AhrefsBot/7.0; +http://ahrefs.com/robot/)"
51.68.247.219 - - [10/Jan/2026:06:24:10 +0800] "GET /robots.txt HTTP/1.1" 200 112 "-" "Mozilla/5.0 (compatible; AhrefsBot/7.0; +http://ahrefs.com/robot/)"
51.161.65.218 - - [10/Jan/2026:06:24:14 +0800] "GET / HTTP/1.1" 301 - "-" "Mozilla/5.0 (compatible; AhrefsBot/7.0; +http://ahrefs.com/robot/)"
38.107.84.234 - - [10/Jan/2026:06:25:37 +0800] "GET / HTTP/1.1" 301 - "-" "Mozilla/5.0 (Macintosh; Intel Mac OS X 10_14_2) AppleWebKit/605.1.15 (KHTML, like Gecko) Version/12.0.2 Safari/605.1.15"
38.107.84.234 - - [10/Jan/2026:06:25:41 +0800] "GET / HTTP/1.1" 200 8308 "-" "Mozilla/5.0 (Macintosh; Intel Mac OS X 10_14_2) AppleWebKit/605.1.15 (KHTML, like Gecko) Version/12.0.2 Safari/605.1.15"
38.107.84.234 - - [10/Jan/2026:06:25:44 +0800] "GET / HTTP/1.1" 301 - "https://gwfencing.com.au/" "Mozilla/5.0 (Macintosh; Intel Mac OS X 10_14_2) AppleWebKit/605.1.15 (KHTML, like Gecko) Version/12.0.2 Safari/605.1.15"
38.107.84.234 - - [10/Jan/2026:06:25:45 +0800] "GET / HTTP/1.1" 200 8308 "https://gwfencing.com.au/" "Mozilla/5.0 (Macintosh; Intel Mac OS X 10_14_2) AppleWebKit/605.1.15 (KHTML, like Gecko) Version/12.0.2 Safari/605.1.15"
103.4.122.14 - - [10/Jan/2026:06:34:48 +0800] "POST /wp-cron.php?doing_wp_cron=1767998088.1973459720611572265625 HTTP/1.1" 200 - "-" "WordPress/6.9; https://gwfencing.com.au"
103.4.122.13 - - [10/Jan/2026:06:34:47 +0800] "GET / HTTP/1.1" 200 35548 "-" "Mozilla/5.0 (compatible; MainWP/5.4.1; +http://mainwp.com)"
103.4.122.14 - - [10/Jan/2026:06:37:49 +0800] "POST /wp-cron.php?doing_wp_cron=1767998269.7690260410308837890625 HTTP/1.1" 200 - "-" "WordPress/6.9; https://gwfencing.com.au"
38.107.87.40 - - [10/Jan/2026:06:37:48 +0800] "GET / HTTP/1.1" 301 - "-" "Mozilla/5.0 (Macintosh; Intel Mac OS X 10_14_2) AppleWebKit/605.1.15 (KHTML, like Gecko) Version/12.0.2 Safari/605.1.15"
38.107.87.40 - - [10/Jan/2026:06:37:51 +0800] "GET / HTTP/1.1" 200 8308 "-" "Mozilla/5.0 (Macintosh; Intel Mac OS X 10_14_2) AppleWebKit/605.1.15 (KHTML, like Gecko) Version/12.0.2 Safari/605.1.15"
38.107.87.40 - - [10/Jan/2026:06:37:52 +0800] "GET / HTTP/1.1" 301 - "https://gwfencing.com.au/" "Mozilla/5.0 (Macintosh; Intel Mac OS X 10_14_2) AppleWebKit/605.1.15 (KHTML, like Gecko) Version/12.0.2 Safari/605.1.15"
38.107.87.40 - - [10/Jan/2026:06:37:53 +0800] "GET / HTTP/1.1" 200 8308 "https://gwfencing.com.au/" "Mozilla/5.0 (Macintosh; Intel Mac OS X 10_14_2) AppleWebKit/605.1.15 (KHTML, like Gecko) Version/12.0.2 Safari/605.1.15"
103.4.122.14 - - [10/Jan/2026:06:45:51 +0800] "POST /wp-cron.php?doing_wp_cron=1767998751.0927770137786865234375 HTTP/1.1" 200 - "-" "WordPress/6.9; https://gwfencing.com.au"
217.160.225.18 - - [10/Jan/2026:06:45:50 +0800] "POST /xmlrpc.php HTTP/1.1" 405 415 "-" "Mozilla/5.0 (Windows NT 10.0; Win64; x64; rv:49.0) Gecko/20100101 Firefox/49.0"
103.4.122.14 - - [10/Jan/2026:06:50:07 +0800] "POST /wp-cron.php?doing_wp_cron=1767999007.7463109493255615234375 HTTP/1.1" 200 - "-" "WordPress/6.9; https://gwfencing.com.au"
91.213.99.91 - - [10/Jan/2026:06:50:05 +0800] "GET /wp-login.php HTTP/1.1" 200 2754 "-" "GRequests/0.10"
91.213.99.91 - - [10/Jan/2026:06:50:09 +0800] "POST /wp-login.php HTTP/1.1" 200 2884 "-" "GRequests/0.10"
103.4.122.14 - - [10/Jan/2026:06:52:27 +0800] "POST /wp-cron.php?doing_wp_cron=1767999146.8389689922332763671875 HTTP/1.1" 200 - "-" "WordPress/6.9; https://gwfencing.com.au"
54.161.130.153 - - [10/Jan/2026:06:52:25 +0800] "GET /contacts/ HTTP/1.1" 200 24045 "-" "TerraCotta https://github.com/CeramicTeam/CeramicTerracotta"
103.4.122.14 - - [10/Jan/2026:07:11:42 +0800] "POST /wp-cron.php?doing_wp_cron=1768000302.8689520359039306640625 HTTP/1.1" 200 - "-" "WordPress/6.9; https://gwfencing.com.au"
216.244.66.248 - - [10/Jan/2026:07:11:42 +0800] "GET /robots.txt HTTP/1.1" 200 117 "-" "Mozilla/5.0 (compatible; DotBot/1.2; +https://opensiteexplorer.org/dotbot; help@moz.com)"
103.4.122.14 - - [10/Jan/2026:07:23:54 +0800] "POST /wp-cron.php?doing_wp_cron=1768001034.0842618942260742187500 HTTP/1.1" 200 - "-" "WordPress/6.9; https://gwfencing.com.au"
216.244.66.248 - - [10/Jan/2026:07:23:53 +0800] "GET /xmlrpc.php HTTP/1.1" 405 42 "-" "Mozilla/5.0 (compatible; DotBot/1.2; +https://opensiteexplorer.org/dotbot; help@moz.com)"
103.4.122.14 - - [10/Jan/2026:07:32:24 +0800] "POST /wp-cron.php?doing_wp_cron=1768001544.6277320384979248046875 HTTP/1.1" 200 - "-" "WordPress/6.9; https://gwfencing.com.au"
40.77.167.27 - - [10/Jan/2026:07:32:23 +0800] "GET /post-sitemap.xml HTTP/1.1" 200 308 "-" "Mozilla/5.0 AppleWebKit/537.36 (KHTML, like Gecko; compatible; bingbot/2.0; +http://www.bing.com/bingbot.htm) Chrome/116.0.1938.76 Safari/537.36"
40.77.167.57 - - [10/Jan/2026:07:34:32 +0800] "GET /page-sitemap.xml HTTP/1.1" 200 880 "-" "Mozilla/5.0 AppleWebKit/537.36 (KHTML, like Gecko; compatible; bingbot/2.0; +http://www.bing.com/bingbot.htm) Chrome/116.0.1938.76 Safari/537.36"
54.161.130.153 - - [10/Jan/2026:07:38:14 +0800] "GET /industrial/ HTTP/1.1" 200 20664 "-" "TerraCotta https://github.com/CeramicTeam/CeramicTerracotta"
103.4.122.14 - - [10/Jan/2026:07:54:32 +0800] "POST /wp-cron.php?doing_wp_cron=1768002872.2637560367584228515625 HTTP/1.1" 200 - "-" "WordPress/6.9; https://gwfencing.com.au"
35.196.241.141 - - [10/Jan/2026:07:54:31 +0800] "GET /robots.txt HTTP/1.0" 200 112 "-" "ZoominfoBot (zoominfobot at zoominfo dot com)"
35.196.241.141 - - [10/Jan/2026:07:54:32 +0800] "GET / HTTP/1.0" 301 - "-" "ZoominfoBot (zoominfobot at zoominfo dot com)"
35.196.241.141 - - [10/Jan/2026:07:54:34 +0800] "GET /robots.txt HTTP/1.0" 200 112 "-" "ZoominfoBot (zoominfobot at zoominfo dot com)"
35.196.241.141 - - [10/Jan/2026:07:54:35 +0800] "GET / HTTP/1.0" 200 8308 "-" "ZoominfoBot (zoominfobot at zoominfo dot com)"
103.4.122.14 - - [10/Jan/2026:07:58:10 +0800] "POST /wp-cron.php?doing_wp_cron=1768003089.8372199535369873046875 HTTP/1.1" 200 - "-" "WordPress/6.9; https://gwfencing.com.au"
176.31.139.14 - - [10/Jan/2026:07:58:08 +0800] "GET /robots.txt HTTP/1.1" 200 112 "-" "Mozilla/5.0 (compatible; AhrefsBot/7.0; +http://ahrefs.com/robot/)"
51.222.168.70 - - [10/Jan/2026:07:58:14 +0800] "GET / HTTP/1.1" 200 8308 "-" "Mozilla/5.0 (compatible; AhrefsBot/7.0; +http://ahrefs.com/robot/)"
103.4.122.14 - - [10/Jan/2026:08:01:31 +0800] "POST /wp-cron.php?doing_wp_cron=1768003290.9791300296783447265625 HTTP/1.1" 200 - "-" "WordPress/6.9; https://gwfencing.com.au"
178.62.32.109 - - [10/Jan/2026:08:01:29 +0800] "POST /xmlrpc.php HTTP/1.1" 405 415 "-" "Mozilla/5.0 (Windows NT 10.0; Win64; x64; rv:94.0) Gecko/20100101 Firefox/94.0"
103.4.122.14 - - [10/Jan/2026:08:17:56 +0800] "POST /wp-cron.php?doing_wp_cron=1768004276.7170429229736328125000 HTTP/1.1" 200 - "-" "WordPress/6.9; https://gwfencing.com.au"
104.210.140.137 - - [10/Jan/2026:08:17:55 +0800] "GET /robots.txt HTTP/1.1" 200 112 "-" "Mozilla/5.0 (Macintosh; Intel Mac OS X 10_15_7) AppleWebKit/537.36 (KHTML, like Gecko) Chrome/131.0.0.0 Safari/537.36; compatible; OAI-SearchBot/1.0; +https://openai.com/searchbot"
103.4.122.14 - - [10/Jan/2026:08:22:10 +0800] "POST /wp-cron.php?doing_wp_cron=1768004530.4604349136352539062500 HTTP/1.1" 200 - "-" "WordPress/6.9; https://gwfencing.com.au"
116.179.32.35 - - [10/Jan/2026:08:22:09 +0800] "GET /security-fencing/ HTTP/1.1" 200 6120 "-" "Mozilla/5.0 (compatible; Baiduspider/2.0; +http://www.baidu.com/search/spider.html)"
116.179.37.34 - - [10/Jan/2026:08:22:15 +0800] "GET /wp-content/cache/autoptimize/css/autoptimize_64ef0cf1e6558da9363f3443f6e10157.css HTTP/1.1" 200 37653 "https://gwfencing.com.au/security-fencing/" "Mozilla/5.0 (compatible; Baiduspider-render/2.0; +http://www.baidu.com/search/spider.html)"
116.179.37.168 - - [10/Jan/2026:08:22:15 +0800] "GET /wp-includes/js/dist/i18n.min.js HTTP/1.1" 200 2229 "https://gwfencing.com.au/security-fencing/" "Mozilla/5.0 (compatible; Baiduspider-render/2.0; +http://www.baidu.com/search/spider.html)"
116.179.37.247 - - [10/Jan/2026:08:22:16 +0800] "GET /wp-includes/js/dist/hooks.min.js HTTP/1.1" 200 1941 "https://gwfencing.com.au/security-fencing/" "Mozilla/5.0 (compatible; Baiduspider-render/2.0; +http://www.baidu.com/search/spider.html)"
116.179.37.158 - - [10/Jan/2026:08:22:18 +0800] "GET /wp-includes/js/dist/vendor/wp-polyfill.min.js HTTP/1.1" 200 11852 "https://gwfencing.com.au/security-fencing/" "Mozilla/5.0 (compatible; Baiduspider-render/2.0; +http://www.baidu.com/search/spider.html)"
116.179.37.150 - - [10/Jan/2026:08:22:18 +0800] "GET /wp-content/cache/autoptimize/js/autoptimize_2753fa3c998958f85539910b5ab38b6b.js HTTP/1.1" 200 481819 "https://gwfencing.com.au/security-fencing/" "Mozilla/5.0 (compatible; Baiduspider-render/2.0; +http://www.baidu.com/search/spider.html)"
103.4.122.13 - - [10/Jan/2026:08:27:51 +0800] "GET /wp-cron.php HTTP/1.1" 200 - "-" "WordPress/6.9; https://wpmain.screwlooseit.com.au"
103.4.122.14 - - [10/Jan/2026:08:44:40 +0800] "POST /wp-cron.php?doing_wp_cron=1768005880.4986240863800048828125 HTTP/1.1" 200 - "-" "WordPress/6.9; https://gwfencing.com.au"
5.9.120.8 - - [10/Jan/2026:08:44:39 +0800] "GET /robots.txt HTTP/1.1" 200 112 "-" "Mozilla/5.0 (compatible; SERankingBacklinksBot/1.0; +https://seranking.com/backlinks-crawler)"
5.9.120.8 - - [10/Jan/2026:08:44:41 +0800] "GET /gallery/ HTTP/1.1" 200 7082 "-" "Mozilla/5.0 (compatible; SERankingBacklinksBot/1.0; +https://seranking.com/backlinks-crawler)"
5.9.120.8 - - [10/Jan/2026:08:44:46 +0800] "GET /robots.txt HTTP/1.1" 200 112 "-" "Mozilla/5.0 (compatible; SERankingBacklinksBot/1.0; +https://seranking.com/backlinks-crawler)"
5.9.120.8 - - [10/Jan/2026:08:44:47 +0800] "GET /robots.txt HTTP/1.1" 200 112 "-" "Mozilla/5.0 (compatible; SERankingBacklinksBot/1.0; +https://seranking.com/backlinks-crawler)"
5.9.120.8 - - [10/Jan/2026:08:44:48 +0800] "GET /robots.txt HTTP/1.1" 200 112 "-" "Mozilla/5.0 (compatible; SERankingBacklinksBot/1.0; +https://seranking.com/backlinks-crawler)"
5.9.120.8 - - [10/Jan/2026:08:44:49 +0800] "GET /robots.txt HTTP/1.1" 200 112 "-" "Mozilla/5.0 (compatible; SERankingBacklinksBot/1.0; +https://seranking.com/backlinks-crawler)"
5.9.120.8 - - [10/Jan/2026:08:44:50 +0800] "GET /robots.txt HTTP/1.1" 200 112 "-" "Mozilla/5.0 (compatible; SERankingBacklinksBot/1.0; +https://seranking.com/backlinks-crawler)"
5.9.120.8 - - [10/Jan/2026:08:44:51 +0800] "GET /about-us/ HTTP/1.1" 200 6195 "-" "Mozilla/5.0 (compatible; SERankingBacklinksBot/1.0; +https://seranking.com/backlinks-crawler)"
5.9.120.8 - - [10/Jan/2026:08:44:55 +0800] "GET /contacts/ HTTP/1.1" 200 6751 "-" "Mozilla/5.0 (compatible; SERankingBacklinksBot/1.0; +https://seranking.com/backlinks-crawler)"
5.9.120.8 - - [10/Jan/2026:08:44:59 +0800] "GET /commercial/ HTTP/1.1" 200 6424 "-" "Mozilla/5.0 (compatible; SERankingBacklinksBot/1.0; +https://seranking.com/backlinks-crawler)"
5.9.120.8 - - [10/Jan/2026:08:45:04 +0800] "GET /industrial/ HTTP/1.1" 200 6024 "-" "Mozilla/5.0 (compatible; SERankingBacklinksBot/1.0; +https://seranking.com/backlinks-crawler)"
5.9.120.8 - - [10/Jan/2026:08:45:08 +0800] "GET /testimonials/ HTTP/1.1" 200 6623 "-" "Mozilla/5.0 (compatible; SERankingBacklinksBot/1.0; +https://seranking.com/backlinks-crawler)"
5.9.120.8 - - [10/Jan/2026:08:45:11 +0800] "GET /security-fencing/ HTTP/1.1" 200 6120 "-" "Mozilla/5.0 (compatible; SERankingBacklinksBot/1.0; +https://seranking.com/backlinks-crawler)"
5.9.120.8 - - [10/Jan/2026:08:45:16 +0800] "GET /sporting-fencing/ HTTP/1.1" 200 6363 "-" "Mozilla/5.0 (compatible; SERankingBacklinksBot/1.0; +https://seranking.com/backlinks-crawler)"
5.9.120.8 - - [10/Jan/2026:08:45:19 +0800] "GET /wp-sitemap.xml HTTP/1.1" 404 18918 "-" "Mozilla/5.0 (compatible; SERankingBacklinksBot/1.0; +https://seranking.com/backlinks-crawler)"
17.241.219.22 - - [10/Jan/2026:08:46:05 +0800] "GET /robots.txt HTTP/1.1" 301 - "-" "Mozilla/5.0 (Macintosh; Intel Mac OS X 10_15_7) AppleWebKit/605.1.15 (KHTML, like Gecko) Version/17.4 Safari/605.1.15 (Applebot/0.1; +http://www.apple.com/go/applebot)"
17.241.219.135 - - [10/Jan/2026:08:46:07 +0800] "GET /robots.txt HTTP/1.1" 200 112 "-" "Mozilla/5.0 (Macintosh; Intel Mac OS X 10_15_7) AppleWebKit/605.1.15 (KHTML, like Gecko) Version/17.4 Safari/605.1.15 (Applebot/0.1; +http://www.apple.com/go/applebot)"
17.241.219.22 - - [10/Jan/2026:08:46:08 +0800] "GET / HTTP/1.1" 301 - "-" "Mozilla/5.0 (Macintosh; Intel Mac OS X 10_15_7) AppleWebKit/605.1.15 (KHTML, like Gecko) Version/17.4 Safari/605.1.15 (Applebot/0.1; +http://www.apple.com/go/applebot)"
17.241.75.241 - - [10/Jan/2026:08:46:09 +0800] "GET / HTTP/1.1" 200 8308 "-" "Mozilla/5.0 (Macintosh; Intel Mac OS X 10_15_7) AppleWebKit/605.1.15 (KHTML, like Gecko) Version/17.4 Safari/605.1.15 (Applebot/0.1; +http://www.apple.com/go/applebot)"
17.241.75.241 - - [10/Jan/2026:08:46:10 +0800] "GET /robots.txt HTTP/1.1" 200 112 "-" "Mozilla/5.0 (Macintosh; Intel Mac OS X 10_15_7) AppleWebKit/605.1.15 (KHTML, like Gecko) Version/17.4 Safari/605.1.15 (Applebot/0.1; +http://www.apple.com/go/applebot)"
17.241.219.117 - - [10/Jan/2026:08:46:11 +0800] "GET /robots.txt HTTP/1.1" 200 112 "-" "Mozilla/5.0 (Macintosh; Intel Mac OS X 10_15_7) AppleWebKit/605.1.15 (KHTML, like Gecko) Version/17.4 Safari/605.1.15 (Applebot/0.1; +http://www.apple.com/go/applebot)"
17.241.75.241 - - [10/Jan/2026:08:46:11 +0800] "GET /robots.txt HTTP/1.1" 200 112 "-" "Mozilla/5.0 (Macintosh; Intel Mac OS X 10_15_7) AppleWebKit/605.1.15 (KHTML, like Gecko) Version/17.4 Safari/605.1.15 (Applebot/0.1; +http://www.apple.com/go/applebot)"
17.241.219.191 - - [10/Jan/2026:08:46:12 +0800] "GET /robots.txt HTTP/1.1" 200 112 "-" "Mozilla/5.0 (Macintosh; Intel Mac OS X 10_15_7) AppleWebKit/605.1.15 (KHTML, like Gecko) Version/17.4 Safari/605.1.15 (Applebot/0.1; +http://www.apple.com/go/applebot)"
17.241.75.241 - - [10/Jan/2026:08:46:12 +0800] "GET /robots.txt HTTP/1.1" 200 112 "-" "Mozilla/5.0 (Macintosh; Intel Mac OS X 10_15_7) AppleWebKit/605.1.15 (KHTML, like Gecko) Version/17.4 Safari/605.1.15 (Applebot/0.1; +http://www.apple.com/go/applebot)"
17.241.219.117 - - [10/Jan/2026:08:46:13 +0800] "GET /robots.txt HTTP/1.1" 200 112 "-" "Mozilla/5.0 (Macintosh; Intel Mac OS X 10_15_7) AppleWebKit/605.1.15 (KHTML, like Gecko) Version/17.4 Safari/605.1.15 (Applebot/0.1; +http://www.apple.com/go/applebot)"
17.241.75.241 - - [10/Jan/2026:08:46:13 +0800] "GET /robots.txt HTTP/1.1" 200 112 "-" "Mozilla/5.0 (Macintosh; Intel Mac OS X 10_15_7) AppleWebKit/605.1.15 (KHTML, like Gecko) Version/17.4 Safari/605.1.15 (Applebot/0.1; +http://www.apple.com/go/applebot)"
103.4.122.14 - - [10/Jan/2026:09:06:22 +0800] "POST /wp-cron.php?doing_wp_cron=1768007182.6626799106597900390625 HTTP/1.1" 200 - "-" "WordPress/6.9; https://gwfencing.com.au"
34.23.194.54 - - [10/Jan/2026:09:06:21 +0800] "GET /robots.txt HTTP/1.0" 301 - "-" "ZoominfoBot (zoominfobot at zoominfo dot com)"
34.23.194.54 - - [10/Jan/2026:09:06:23 +0800] "GET /robots.txt HTTP/1.1" 200 112 "-" "ZoominfoBot (zoominfobot at zoominfo dot com)"
34.23.194.54 - - [10/Jan/2026:09:06:24 +0800] "GET / HTTP/1.0" 301 - "-" "ZoominfoBot (zoominfobot at zoominfo dot com)"
103.4.122.14 - - [10/Jan/2026:09:27:04 +0800] "POST /wp-cron.php?doing_wp_cron=1768008424.3047618865966796875000 HTTP/1.1" 200 - "-" "WordPress/6.9; https://gwfencing.com.au"
83.166.133.91 - - [10/Jan/2026:09:27:03 +0800] "POST /xmlrpc.php HTTP/1.1" 405 415 "-" "Mozilla/5.0 (Windows NT 10.0; Win64; x64; rv:51.0) Gecko/20100101 Firefox/51.0"
54.39.0.28 - - [10/Jan/2026:09:27:58 +0800] "GET /wp-sitemap.xml HTTP/1.1" 404 18918 "-" "Mozilla/5.0 (compatible; AhrefsBot/7.0; +http://ahrefs.com/robot/)"
5.188.87.40 - - [10/Jan/2026:09:30:56 +0800] "GET /wp-content/plugins/wc-designer-pro/assets/css/wcdp-design.min.css HTTP/1.1" 404 20032 "-" "Mozilla/5.0 (Windows NT 10.0; Win64; x64) AppleWebKit/537.36"
103.4.122.14 - - [10/Jan/2026:09:37:38 +0800] "POST /wp-cron.php?doing_wp_cron=1768009058.7413930892944335937500 HTTP/1.1" 200 - "-" "WordPress/6.9; https://gwfencing.com.au"
216.244.66.248 - - [10/Jan/2026:09:37:37 +0800] "GET /robots.txt HTTP/1.1" 200 117 "-" "Mozilla/5.0 (compatible; DotBot/1.2; +https://opensiteexplorer.org/dotbot; help@moz.com)"
170.187.237.84 - - [10/Jan/2026:09:40:53 +0800] "POST / HTTP/1.1" 200 8308 "-" "Mozilla/5.0 (Windows NT 10.0; Win64; x64) AppleWebKit/537.36 (KHTML, like Gecko) Chrome/60.0.3112.113 Safari/537.36 Assetnote/1.0.0"
170.187.237.84 - - [10/Jan/2026:09:40:56 +0800] "HEAD / HTTP/1.1" 200 - "-" "python-requests/2.32.5"
103.4.122.14 - - [10/Jan/2026:09:52:14 +0800] "POST /wp-cron.php?doing_wp_cron=1768009934.5139639377593994140625 HTTP/1.1" 200 - "-" "WordPress/6.9; https://gwfencing.com.au"
216.244.66.248 - - [10/Jan/2026:09:52:13 +0800] "GET /wp-content/cache/autoptimize/js/autoptimize_0d7d5086a935ea42549a80c63ce197fa.js HTTP/1.1" 302 19015 "-" "Mozilla/5.0 (compatible; DotBot/1.2; +https://opensiteexplorer.org/dotbot; help@moz.com)"
103.4.122.14 - - [10/Jan/2026:10:43:21 +0800] "POST /wp-cron.php?doing_wp_cron=1768013001.5883638858795166015625 HTTP/1.1" 200 - "-" "WordPress/6.9; https://gwfencing.com.au"
51.89.38.21 - - [10/Jan/2026:10:43:20 +0800] "GET /ss.php?c_c HTTP/1.1" 404 20032 "-" "Mozilla/5.0 (Windows NT 10.0; Win64; x64) AppleWebKit/537.36 (KHTML, like Gecko) Chrome/127.0.0.0 Safari/537.36"
51.89.38.21 - - [10/Jan/2026:10:43:31 +0800] "GET /assets/images/accesson.php HTTP/1.1" 404 20032 "-" "Mozilla/5.0 (Windows NT 10.0; Win64; x64) AppleWebKit/537.36 (KHTML, like Gecko) Chrome/127.0.0.0 Safari/537.36"
103.4.122.14 - - [10/Jan/2026:10:47:54 +0800] "POST /wp-cron.php?doing_wp_cron=1768013274.2299840450286865234375 HTTP/1.1" 200 - "-" "WordPress/6.9; https://gwfencing.com.au"
5.161.113.246 - - [10/Jan/2026:10:47:53 +0800] "POST /xmlrpc.php HTTP/1.1" 405 415 "-" "Mozilla/5.0 (Windows NT 10.0; Win64; x64; rv:93.0) Gecko/20100101 Firefox/93.0"
34.23.194.54 - - [10/Jan/2026:10:49:56 +0800] "GET /robots.txt HTTP/1.0" 200 112 "-" "ZoominfoBot (zoominfobot at zoominfo dot com)"
34.23.194.54 - - [10/Jan/2026:10:49:58 +0800] "GET / HTTP/1.0" 301 - "-" "ZoominfoBot (zoominfobot at zoominfo dot com)"
34.23.194.54 - - [10/Jan/2026:10:49:59 +0800] "GET /robots.txt HTTP/1.0" 200 112 "-" "ZoominfoBot (zoominfobot at zoominfo dot com)"
34.23.194.54 - - [10/Jan/2026:10:50:01 +0800] "GET / HTTP/1.0" 200 8308 "-" "ZoominfoBot (zoominfobot at zoominfo dot com)"
103.4.122.14 - - [10/Jan/2026:10:55:50 +0800] "POST /wp-cron.php?doing_wp_cron=1768013750.3859729766845703125000 HTTP/1.1" 200 - "-" "WordPress/6.9; https://gwfencing.com.au"
15.235.27.101 - - [10/Jan/2026:10:55:49 +0800] "GET /pxj.com%20%E0%B9%80%E0%B8%84%E0%B8%A3%E0%B8%94%E0%B8%B4%E0%B8%95%E0%B8%9F%E0%B8%A3%E0%B8%B5%20188.aspx HTTP/1.1" 404 20032 "-" "Mozilla/5.0 (compatible; AhrefsBot/7.0; +http://ahrefs.com/robot/)"
103.4.122.14 - - [10/Jan/2026:11:00:21 +0800] "POST /wp-cron.php?doing_wp_cron=1768014021.3049240112304687500000 HTTP/1.1" 200 - "-" "WordPress/6.9; https://gwfencing.com.au"
66.249.70.195 - - [10/Jan/2026:11:00:20 +0800] "GET /robots.txt HTTP/1.1" 200 112 "-" "Mozilla/5.0 (compatible; Googlebot/2.1; +http://www.google.com/bot.html)"
66.249.70.195 - - [10/Jan/2026:11:00:22 +0800] "GET /feed/ HTTP/1.1" 200 524 "-" "Mozilla/5.0 (Linux; Android 6.0.1; Nexus 5X Build/MMB29P) AppleWebKit/537.36 (KHTML, like Gecko) Chrome/143.0.7499.169 Mobile Safari/537.36 (compatible; Googlebot/2.1; +http://www.google.com/bot.html)"
103.4.122.14 - - [10/Jan/2026:11:03:25 +0800] "POST /wp-cron.php?doing_wp_cron=1768014205.2096979618072509765625 HTTP/1.1" 200 - "-" "WordPress/6.9; https://gwfencing.com.au"
114.119.148.187 - - [10/Jan/2026:11:03:24 +0800] "GET /%E0%B9%80%E0%B8%AE%E0%B8%87%20666.aspx HTTP/1.1" 404 20023 "http://gwfencing.com.au/betflix%20wallet.aspx" "Mozilla/5.0 (Linux; Android 7.0;) AppleWebKit/537.36 (KHTML, like Gecko) Mobile Safari/537.36 (compatible; PetalBot;+https://webmaster.petalsearch.com/site/petalbot)"
103.4.122.14 - - [10/Jan/2026:11:20:26 +0800] "POST /wp-cron.php?doing_wp_cron=1768015226.6763849258422851562500 HTTP/1.1" 200 - "-" "WordPress/6.9; https://gwfencing.com.au"
114.119.141.127 - - [10/Jan/2026:11:20:25 +0800] "GET /superslot%20444%20%E0%B9%80%E0%B8%84%E0%B8%A3%E0%B8%94%E0%B8%B4%E0%B8%95%E0%B8%9F%E0%B8%A3%E0%B8%B5%2050%20%E0%B8%A2%E0%B8%B7%E0%B8%99%E0%B8%A2%E0%B8%B1%E0%B8%99%E0%B9%80%E0%B8%9A%E0%B8%AD%E0%B8%A3%E0%B9%8C.aspx HTTP/1.1" 404 20032 "https://gwfencing.com.au/%E0%B9%80%E0%B8%A7%E0%B9%87%E0%B8%9A%E0%B8%97%E0%B8%94%E0%B8%A5%E0%B8%AD%E0%B8%87.aspx" "Mozilla/5.0 (Linux; Android 7.0;) AppleWebKit/537.36 (KHTML, like Gecko) Mobile Safari/537.36 (compatible; PetalBot;+https://webmaster.petalsearch.com/site/petalbot)"
103.4.122.14 - - [10/Jan/2026:11:31:08 +0800] "POST /wp-cron.php?doing_wp_cron=1768015868.3996028900146484375000 HTTP/1.1" 200 - "-" "WordPress/6.9; https://gwfencing.com.au"
191.219.230.125 - - [10/Jan/2026:11:31:07 +0800] "GET / HTTP/1.1" 301 - "-" "Mozilla/5.0 (Linux; Android 12; SM-G975F Build/SP1A.210812.016; wv) AppleWebKit/537.36 (KHTML, like Gecko) Version/4.0 Chrome/131.0.6778.136 Mobile Safari/537.36 Instagram 361.0.0.46.88 Android (31/12; 420dpi; 1080x2047; samsung; SM-G975F; beyond2; exynos9820; es_ES; 674675147)"
157.100.198.119 - - [10/Jan/2026:11:31:11 +0800] "GET / HTTP/1.1" 200 8308 "-" "Mozilla/5.0 (Linux; Android 12; SM-G975F Build/SP1A.210812.016; wv) AppleWebKit/537.36 (KHTML, like Gecko) Version/4.0 Chrome/131.0.6778.136 Mobile Safari/537.36 Instagram 361.0.0.46.88 Android (31/12; 420dpi; 1080x2047; samsung; SM-G975F; beyond2; exynos9820; es_ES; 674675147)"
103.4.122.14 - - [10/Jan/2026:11:41:23 +0800] "POST /wp-cron.php?doing_wp_cron=1768016483.3711469173431396484375 HTTP/1.1" 200 - "-" "WordPress/6.9; https://gwfencing.com.au"
114.119.137.68 - - [10/Jan/2026:11:41:22 +0800] "GET /m24%20wallet%20%E0%B9%80%E0%B8%82%E0%B9%89%E0%B8%B2%E0%B8%AA%E0%B8%B9%E0%B9%88%E0%B8%A3%E0%B8%B0%E0%B8%9A%E0%B8%9A.aspx HTTP/1.1" 404 20032 "https://gwfencing.com.au/%E0%B9%80%E0%B8%A7%E0%B9%87%E0%B8%9A%E0%B8%AA%E0%B8%A5%E0%B9%87%E0%B8%AD%E0%B8%95%E0%B8%AD%E0%B8%B1%E0%B8%99%E0%B8%94%E0%B8%B1%E0%B8%9A%201%20%E0%B8%82%E0%B8%AD%E0%B8%87%E0%B9%82%E0%B8%A5%E0%B8%81.aspx" "Mozilla/5.0 (Linux; Android 7.0;) AppleWebKit/537.36 (KHTML, like Gecko) Mobile Safari/537.36 (compatible; PetalBot;+https://webmaster.petalsearch.com/site/petalbot)"
114.119.148.187 - - [10/Jan/2026:11:42:45 +0800] "GET /%E0%B8%AA%E0%B8%A5%E0%B9%87%E0%B8%AD%E0%B8%95%E0%B8%9D%E0%B8%B2%E0%B8%81%E0%B8%96%E0%B8%AD%E0%B8%99%E0%B8%A7%E0%B8%AD%E0%B9%80%E0%B8%A5%E0%B8%97.aspx HTTP/1.1" 404 20032 "https://gwfencing.com.au/55%20superslot%20%E0%B9%80%E0%B8%84%E0%B8%A3%E0%B8%94%E0%B8%B4%E0%B8%95%E0%B8%9F%E0%B8%A3%E0%B8%B550.aspx" "Mozilla/5.0 (Linux; Android 7.0;) AppleWebKit/537.36 (KHTML, like Gecko) Mobile Safari/537.36 (compatible; PetalBot;+https://webmaster.petalsearch.com/site/petalbot)"
43.157.156.190 - - [10/Jan/2026:12:06:44 +0800] "GET / HTTP/1.1" 403 199 "-" "Mozilla/5.0 (iPhone; CPU iPhone OS 13_2_3 like Mac OS X) AppleWebKit/605.1.15 (KHTML, like Gecko) Version/13.0.3 Mobile/15E148 Safari/604.1"
103.4.122.14 - - [10/Jan/2026:12:08:46 +0800] "POST /wp-cron.php?doing_wp_cron=1768018126.5787260532379150390625 HTTP/1.1" 200 - "-" "WordPress/6.9; https://gwfencing.com.au"
142.44.228.147 - - [10/Jan/2026:12:08:45 +0800] "GET /wp-sitemap.xml HTTP/1.1" 404 18918 "-" "Mozilla/5.0 (compatible; AhrefsBot/7.0; +http://ahrefs.com/robot/)"
103.4.122.14 - - [10/Jan/2026:12:17:31 +0800] "POST /wp-cron.php?doing_wp_cron=1768018650.8407769203186035156250 HTTP/1.1" 200 - "-" "WordPress/6.9; https://gwfencing.com.au"
114.119.137.68 - - [10/Jan/2026:12:17:29 +0800] "GET /ufa356%20%E0%B8%97%E0%B8%B2%E0%B8%87%E0%B9%80%E0%B8%82%E0%B9%89%E0%B8%B2.aspx HTTP/1.1" 404 20032 "https://gwfencing.com.au/%E0%B8%AA%E0%B8%A5%E0%B9%87%E0%B8%AD%E0%B8%95%E0%B9%80%E0%B8%A7%E0%B9%87%E0%B8%9A%E0%B8%95%E0%B8%A3%E0%B8%87%20168.aspx" "Mozilla/5.0 (Linux; Android 7.0;) AppleWebKit/537.36 (KHTML, like Gecko) Mobile Safari/537.36 (compatible; PetalBot;+https://webmaster.petalsearch.com/site/petalbot)"
114.119.157.231 - - [10/Jan/2026:12:18:49 +0800] "GET /%E0%B9%80%E0%B8%84%E0%B8%A3%E0%B8%94%E0%B8%B4%E0%B8%95%E0%B8%9F%E0%B8%A3%E0%B8%B5%E0%B9%84%E0%B8%A1%E0%B9%88%E0%B8%95%E0%B9%89%E0%B8%AD%E0%B8%87%E0%B8%9D%E0%B8%B2%E0%B8%81%E0%B9%84%E0%B8%A1%E0%B9%88%E0%B8%95%E0%B9%89%E0%B8%AD%E0%B8%87%E0%B9%81%E0%B8%8A%E0%B8%A3%E0%B9%8C2021.aspx HTTP/1.1" 404 20032 "https://gwfencing.com.au/commercial/" "Mozilla/5.0 (Linux; Android 7.0;) AppleWebKit/537.36 (KHTML, like Gecko) Mobile Safari/537.36 (compatible; PetalBot;+https://webmaster.petalsearch.com/site/petalbot)"
103.4.122.14 - - [10/Jan/2026:12:20:14 +0800] "POST /wp-cron.php?doing_wp_cron=1768018814.4420449733734130859375 HTTP/1.1" 200 - "-" "WordPress/6.9; https://gwfencing.com.au"
114.119.133.83 - - [10/Jan/2026:12:20:13 +0800] "GET /%E0%B8%AA%E0%B8%A5%E0%B9%87%E0%B8%AD%E0%B8%95%E0%B9%80%E0%B8%A7%E0%B9%87%E0%B8%9A%E0%B8%95%E0%B8%A3%E0%B8%87%20168.aspx HTTP/1.1" 404 20032 "https://gwfencing.com.au/%E0%B8%AA%E0%B8%A5%E0%B9%87%E0%B8%AD%E0%B8%95%E0%B8%97%E0%B8%94%E0%B8%A5%E0%B8%AD%E0%B8%87%E0%B9%80%E0%B8%A5%E0%B9%88%E0%B8%99%E0%B8%9F%E0%B8%A3%E0%B8%B5.aspx" "Mozilla/5.0 (Linux; Android 7.0;) AppleWebKit/537.36 (KHTML, like Gecko) Mobile Safari/537.36 (compatible; PetalBot;+https://webmaster.petalsearch.com/site/petalbot)"
103.4.122.14 - - [10/Jan/2026:12:21:28 +0800] "POST /wp-cron.php?doing_wp_cron=1768018888.6800940036773681640625 HTTP/1.1" 200 - "-" "WordPress/6.9; https://gwfencing.com.au"
51.79.166.146 - - [10/Jan/2026:12:21:27 +0800] "POST /xmlrpc.php HTTP/1.1" 405 415 "-" "Mozilla/5.0 (Windows NT 10.0; Win64; x64; rv:47.0) Gecko/20100101 Firefox/47.0"
