114.119.145.66 - - [01/Jan/2026:13:47:47 +0800] "GET /%E0%B8%AA%E0%B8%A5%E0%B9%87%E0%B8%AD%E0%B8%95%20%E0%B8%A7%E0%B8%AD%20%E0%B8%A5%20%E0%B9%80%E0%B8%A5%E0%B9%87%20%E0%B8%95.aspx HTTP/1.1" 404 20023 "http://gwfencing.com.au/%E0%B8%97%E0%B8%94%E0%B8%A5%E0%B8%AD%E0%B8%87%E0%B9%80%E0%B8%A5%E0%B9%88%E0%B8%99%E0%B8%AA%E0%B8%A5%E0%B9%87%E0%B8%AD%E0%B8%95%20pg%20%E0%B8%97%E0%B8%B1%E0%B9%89%E0%B8%87%E0%B8%AB%E0%B8%A1%E0%B8%94.aspx" "Mozilla/5.0 (Linux; Android 7.0;) AppleWebKit/537.36 (KHTML, like Gecko) Mobile Safari/537.36 (compatible; PetalBot;+https://webmaster.petalsearch.com/site/petalbot)"
114.119.145.66 - - [01/Jan/2026:13:49:10 +0800] "GET /%E0%B8%9D%E0%B8%B2%E0%B8%81%2010%20%E0%B8%A3%E0%B8%B1%E0%B8%9A100%20%E0%B8%97%E0%B9%8D%E0%B8%B2%20%E0%B8%A2%E0%B8%AD%E0%B8%94%20300%20%E0%B8%96%E0%B8%AD%E0%B8%99%E0%B9%84%E0%B8%94%E0%B9%89%20100.aspx HTTP/1.1" 404 20023 "http://gwfencing.com.au/%E0%B8%AA%E0%B8%A5%E0%B9%87%E0%B8%AD%E0%B8%95%20168%20%E0%B9%80%E0%B8%84%E0%B8%A3%E0%B8%94%E0%B8%B4%E0%B8%95%E0%B8%9F%E0%B8%A3%E0%B8%B5.aspx" "Mozilla/5.0 (Linux; Android 7.0;) AppleWebKit/537.36 (KHTML, like Gecko) Mobile Safari/537.36 (compatible; PetalBot;+https://webmaster.petalsearch.com/site/petalbot)"
114.119.153.171 - - [01/Jan/2026:13:50:35 +0800] "GET /%E0%B8%AA%E0%B8%A5%E0%B9%87%E0%B8%AD%E0%B8%95%E0%B8%9F%E0%B8%A3%E0%B8%B5.aspx HTTP/1.1" 404 20032 "https://gwfencing.com.au/fun88%20%E0%B9%80%E0%B8%82%E0%B9%89%E0%B8%B2%E0%B8%A3%E0%B8%B0%E0%B8%9A%E0%B8%9A.aspx" "Mozilla/5.0 (Linux; Android 7.0;) AppleWebKit/537.36 (KHTML, like Gecko) Mobile Safari/537.36 (compatible; PetalBot;+https://webmaster.petalsearch.com/site/petalbot)"
103.4.122.14 - - [01/Jan/2026:13:51:59 +0800] "POST /wp-cron.php?doing_wp_cron=1767246719.0336799621582031250000 HTTP/1.1" 200 - "-" "WordPress/6.9; https://gwfencing.com.au"
114.119.146.197 - - [01/Jan/2026:13:51:58 +0800] "GET /888%20slot.aspx HTTP/1.1" 404 20023 "http://gwfencing.com.au/%E0%B8%97%E0%B8%B2%E0%B8%87%E0%B9%80%E0%B8%82%E0%B9%89%E0%B8%B2%E0%B9%82%E0%B8%88%E0%B9%8A%E0%B8%81%E0%B9%80%E0%B8%81%E0%B8%AD%E0%B8%A3%E0%B9%8C.aspx" "Mozilla/5.0 (Linux; Android 7.0;) AppleWebKit/537.36 (KHTML, like Gecko) Mobile Safari/537.36 (compatible; PetalBot;+https://webmaster.petalsearch.com/site/petalbot)"
114.119.148.187 - - [01/Jan/2026:13:53:21 +0800] "GET /%E0%B8%97%E0%B8%B2%E0%B8%87%E0%B9%80%E0%B8%82%E0%B9%89%E0%B8%B2%E0%B9%80%E0%B8%A5%E0%B9%88%E0%B8%99%20pg%20slot.aspx HTTP/1.1" 404 20023 "http://gwfencing.com.au/369%E0%B8%AA%E0%B8%A5%E0%B9%87%E0%B8%AD%E0%B8%95.aspx" "Mozilla/5.0 (Linux; Android 7.0;) AppleWebKit/537.36 (KHTML, like Gecko) Mobile Safari/537.36 (compatible; PetalBot;+https://webmaster.petalsearch.com/site/petalbot)"
49.51.183.220 - - [01/Jan/2026:13:57:27 +0800] "GET / HTTP/1.1" 403 199 "-" "Mozilla/5.0 (iPhone; CPU iPhone OS 13_2_3 like Mac OS X) AppleWebKit/605.1.15 (KHTML, like Gecko) Version/13.0.3 Mobile/15E148 Safari/604.1"
103.4.122.14 - - [01/Jan/2026:14:11:09 +0800] "POST /wp-cron.php?doing_wp_cron=1767247869.4592449665069580078125 HTTP/1.1" 200 - "-" "WordPress/6.9; https://gwfencing.com.au"
41.56.229.128 - - [01/Jan/2026:14:11:08 +0800] "GET /commercial/ HTTP/1.1" 200 6424 "-" "Mozilla/5.0 (Macintosh; U; Intel Mac OS X 10_6_3; en-US) AppleWebKit/534.2 (KHTML, like Gecko) Chrome/6.0.453.1 Safari/534.2"
103.4.122.14 - - [01/Jan/2026:14:16:01 +0800] "POST /wp-cron.php?doing_wp_cron=1767248161.1817359924316406250000 HTTP/1.1" 200 - "-" "WordPress/6.9; https://gwfencing.com.au"
114.119.157.231 - - [01/Jan/2026:14:16:00 +0800] "GET /ufabet%207777.aspx HTTP/1.1" 404 20032 "https://gwfencing.com.au/betflik%20thailand.aspx" "Mozilla/5.0 (Linux; Android 7.0;) AppleWebKit/537.36 (KHTML, like Gecko) Mobile Safari/537.36 (compatible; PetalBot;+https://webmaster.petalsearch.com/site/petalbot)"
103.4.122.14 - - [01/Jan/2026:14:17:23 +0800] "POST /wp-cron.php?doing_wp_cron=1767248243.3693180084228515625000 HTTP/1.1" 200 - "-" "WordPress/6.9; https://gwfencing.com.au"
114.119.133.83 - - [01/Jan/2026:14:17:22 +0800] "GET /betflix%20%E0%B9%80%E0%B8%A7%E0%B9%87%E0%B8%9A%E0%B8%95%E0%B8%A3%E0%B8%87.aspx HTTP/1.1" 404 20032 "https://gwfencing.com.au/%E0%B8%9A%E0%B8%AD%E0%B8%A5%2069.aspx" "Mozilla/5.0 (Linux; Android 7.0;) AppleWebKit/537.36 (KHTML, like Gecko) Mobile Safari/537.36 (compatible; PetalBot;+https://webmaster.petalsearch.com/site/petalbot)"
114.119.133.83 - - [01/Jan/2026:14:18:45 +0800] "GET /allslot789.aspx HTTP/1.1" 404 20032 "https://gwfencing.com.au/galaxy%20auto%20slot.aspx" "Mozilla/5.0 (Linux; Android 7.0;) AppleWebKit/537.36 (KHTML, like Gecko) Mobile Safari/537.36 (compatible; PetalBot;+https://webmaster.petalsearch.com/site/petalbot)"
103.4.122.14 - - [01/Jan/2026:14:20:11 +0800] "POST /wp-cron.php?doing_wp_cron=1767248411.0927710533142089843750 HTTP/1.1" 200 - "-" "WordPress/6.9; https://gwfencing.com.au"
114.119.157.231 - - [01/Jan/2026:14:20:10 +0800] "GET /789%20%E0%B8%AA%E0%B8%A5%E0%B9%87%E0%B8%AD%E0%B8%95.aspx HTTP/1.1" 404 20032 "https://gwfencing.com.au/pxj%20slot%20%E0%B8%97%E0%B8%B2%E0%B8%87%E0%B9%80%E0%B8%82%E0%B9%89%E0%B8%B2.aspx" "Mozilla/5.0 (Linux; Android 7.0;) AppleWebKit/537.36 (KHTML, like Gecko) Mobile Safari/537.36 (compatible; PetalBot;+https://webmaster.petalsearch.com/site/petalbot)"
103.4.122.14 - - [01/Jan/2026:14:21:33 +0800] "POST /wp-cron.php?doing_wp_cron=1767248493.7650279998779296875000 HTTP/1.1" 200 - "-" "WordPress/6.9; https://gwfencing.com.au"
114.119.141.127 - - [01/Jan/2026:14:21:32 +0800] "GET /10%E0%B8%A3%E0%B8%B1%E0%B8%9A100%20wallet.aspx HTTP/1.1" 404 20032 "https://gwfencing.com.au/%E0%B9%80%E0%B8%A7%E0%B9%87%E0%B8%9B%E0%B8%AA%E0%B8%A5%E0%B9%87%E0%B8%AD%E0%B8%95%E0%B9%80%E0%B8%A7%E0%B9%87%E0%B8%9B%E0%B8%95%E0%B8%A3%E0%B8%87.aspx" "Mozilla/5.0 (Linux; Android 7.0;) AppleWebKit/537.36 (KHTML, like Gecko) Mobile Safari/537.36 (compatible; PetalBot;+https://webmaster.petalsearch.com/site/petalbot)"
114.119.141.127 - - [01/Jan/2026:14:22:56 +0800] "GET /%E0%B9%80%E0%B8%84%E0%B8%A3%E0%B8%94%E0%B8%B4%E0%B8%95%E0%B8%9F%E0%B8%A3%E0%B8%B5%2050%20%E0%B9%81%E0%B8%84%E0%B9%88%E0%B8%AA%E0%B8%A1%E0%B8%B1%E0%B8%84%E0%B8%A3%E0%B8%A5%E0%B9%88%E0%B8%B2%E0%B8%AA%E0%B8%B8%E0%B8%94.aspx HTTP/1.1" 404 20032 "https://gwfencing.com.au/slot%20joker.aspx" "Mozilla/5.0 (Linux; Android 7.0;) AppleWebKit/537.36 (KHTML, like Gecko) Mobile Safari/537.36 (compatible; PetalBot;+https://webmaster.petalsearch.com/site/petalbot)"
136.227.185.47 - - [01/Jan/2026:14:23:06 +0800] "GET / HTTP/1.1" 200 8308 "-" "Mozilla/5.0 (Macintosh; PPC Mac OS X 10_12_7 rv:3.0; si-LK) AppleWebKit/531.33.1 (KHTML, like Gecko) Version/5.0.5 Safari/531.33.1"
185.66.138.164 - - [01/Jan/2026:14:23:11 +0800] "GET /contacts/ HTTP/1.1" 200 6751 "https://gwfencing.com.au/" "Mozilla/5.0 (iPhone; CPU iPhone OS 5_1_1 like Mac OS X) AppleWebKit/534.0 (KHTML, like Gecko) CriOS/52.0.897.0 Mobile/60Y013 Safari/534.0"
185.36.254.44 - - [01/Jan/2026:14:23:11 +0800] "GET /about-us/ HTTP/1.1" 200 6195 "https://gwfencing.com.au/" "Mozilla/5.0 (Macintosh; U; PPC Mac OS X 10_9_1 rv:4.0; hi-IN) AppleWebKit/534.17.3 (KHTML, like Gecko) Version/4.0.2 Safari/534.17.3"
114.119.148.187 - - [01/Jan/2026:14:24:20 +0800] "GET /%E0%B8%AA%E0%B8%A5%E0%B9%87%E0%B8%AD%E0%B8%95%E0%B8%9D%E0%B8%B2%E0%B8%81%E0%B8%96%E0%B8%AD%E0%B8%99%20true%20wallet%20%E0%B9%84%E0%B8%A1%E0%B9%88%E0%B8%A1%E0%B8%B5%20%E0%B8%82%E0%B8%B1%E0%B9%89%E0%B8%99%E0%B8%95%E0%B9%88%E0%B9%8D%E0%B8%B2.aspx HTTP/1.1" 404 20032 "https://gwfencing.com.au/riches888%20pg%20%E0%B9%80%E0%B8%82%E0%B9%89%E0%B8%B2%E0%B8%AA%E0%B8%B9%E0%B9%88%E0%B8%A3%E0%B8%B0%E0%B8%9A%E0%B8%9A.aspx" "Mozilla/5.0 (Linux; Android 7.0;) AppleWebKit/537.36 (KHTML, like Gecko) Mobile Safari/537.36 (compatible; PetalBot;+https://webmaster.petalsearch.com/site/petalbot)"
114.119.137.68 - - [01/Jan/2026:14:25:43 +0800] "GET /%E0%B8%AA%E0%B8%A1%E0%B8%B1%E0%B8%84%E0%B8%A3%E0%B8%AA%E0%B8%A5%E0%B9%87%E0%B8%AD%E0%B8%95.aspx HTTP/1.1" 404 20032 "https://gwfencing.com.au/%E0%B8%97%E0%B8%B2%E0%B8%87%E0%B9%80%E0%B8%82%E0%B9%89%E0%B8%B2slotxo%20joker123.aspx" "Mozilla/5.0 (Linux; Android 7.0;) AppleWebKit/537.36 (KHTML, like Gecko) Mobile Safari/537.36 (compatible; PetalBot;+https://webmaster.petalsearch.com/site/petalbot)"
43.157.170.126 - - [01/Jan/2026:14:26:03 +0800] "GET / HTTP/1.1" 403 199 "-" "Mozilla/5.0 (iPhone; CPU iPhone OS 13_2_3 like Mac OS X) AppleWebKit/605.1.15 (KHTML, like Gecko) Version/13.0.3 Mobile/15E148 Safari/604.1"
103.4.122.14 - - [01/Jan/2026:14:27:07 +0800] "POST /wp-cron.php?doing_wp_cron=1767248827.1222879886627197265625 HTTP/1.1" 200 - "-" "WordPress/6.9; https://gwfencing.com.au"
114.119.145.66 - - [01/Jan/2026:14:27:06 +0800] "GET /%E0%B8%9D%E0%B8%B2%E0%B8%81%201%20%E0%B8%9A%E0%B8%B2%E0%B8%97%20%E0%B8%A3%E0%B8%B1%E0%B8%9A%2050%20%E0%B8%A5%E0%B9%88%E0%B8%B2%E0%B8%AA%E0%B8%B8%E0%B8%94%20%E0%B9%84%E0%B8%94%E0%B9%89%E0%B8%88%E0%B8%A3%E0%B8%B4%E0%B8%87.aspx HTTP/1.1" 404 20032 "https://gwfencing.com.au/%E0%B8%AA%E0%B8%A5%E0%B9%87%E0%B8%AD%E0%B8%95%20%E0%B8%97%E0%B8%94%E0%B8%A5%E0%B8%AD%E0%B8%87%E0%B9%80%E0%B8%A5%E0%B9%88%E0%B8%99%E0%B8%9F%E0%B8%A3%E0%B8%B5%20%E0%B8%96%E0%B8%AD%E0%B8%99%E0%B9%84%E0%B8%94%E0%B9%89%20%E0%B8%A7%E0%B8%AD%20%E0%B9%80%E0%B8%A5%E0%B8%97.aspx" "Mozilla/5.0 (Linux; Android 7.0;) AppleWebKit/537.36 (KHTML, like Gecko) Mobile Safari/537.36 (compatible; PetalBot;+https://webmaster.petalsearch.com/site/petalbot)"
114.119.145.66 - - [01/Jan/2026:14:28:29 +0800] "GET /%E0%B8%97%E0%B8%94%E0%B8%A5%E0%B8%AD%E0%B8%87%E0%B9%80%E0%B8%A5%E0%B9%88%E0%B8%99%E0%B8%AA%E0%B8%A5%E0%B9%87%E0%B8%AD%E0%B8%95%E0%B8%9F%E0%B8%A3%E0%B8%B5%202020.aspx HTTP/1.1" 404 20032 "https://gwfencing.com.au/%E0%B9%80%E0%B8%84%E0%B8%A3%E0%B8%94%E0%B8%B4%E0%B8%95%E0%B8%9F%E0%B8%A3%E0%B8%B5%E0%B9%81%E0%B8%84%E0%B9%88%E0%B8%AA%E0%B8%A1%E0%B8%B1%E0%B8%84%E0%B8%A3.aspx" "Mozilla/5.0 (Linux; Android 7.0;) AppleWebKit/537.36 (KHTML, like Gecko) Mobile Safari/537.36 (compatible; PetalBot;+https://webmaster.petalsearch.com/site/petalbot)"
114.119.157.231 - - [01/Jan/2026:14:29:54 +0800] "GET /jili%20slot.aspx HTTP/1.1" 404 20023 "http://gwfencing.com.au/%E0%B8%9A%E0%B8%B2%E0%B8%84%E0%B8%B2%E0%B8%A3%E0%B9%88%E0%B8%B2%E0%B8%97%E0%B8%94%E0%B8%A5%E0%B8%AD%E0%B8%87.aspx" "Mozilla/5.0 (Linux; Android 7.0;) AppleWebKit/537.36 (KHTML, like Gecko) Mobile Safari/537.36 (compatible; PetalBot;+https://webmaster.petalsearch.com/site/petalbot)"
103.4.122.14 - - [01/Jan/2026:14:31:18 +0800] "POST /wp-cron.php?doing_wp_cron=1767249078.1226809024810791015625 HTTP/1.1" 200 - "-" "WordPress/6.9; https://gwfencing.com.au"
114.119.141.127 - - [01/Jan/2026:14:31:17 +0800] "GET /1%E0%B8%A3%E0%B8%B1%E0%B8%9A100.aspx HTTP/1.1" 404 20032 "https://gwfencing.com.au/%E0%B8%97%E0%B8%94%E0%B8%A5%E0%B8%AD%E0%B8%87pg.aspx" "Mozilla/5.0 (Linux; Android 7.0;) AppleWebKit/537.36 (KHTML, like Gecko) Mobile Safari/537.36 (compatible; PetalBot;+https://webmaster.petalsearch.com/site/petalbot)"
114.119.141.127 - - [01/Jan/2026:14:32:40 +0800] "GET /%E0%B9%80%E0%B8%A7%E0%B9%87%E0%B8%9A%E0%B8%95%E0%B8%A3%E0%B8%87%E0%B8%AA%E0%B8%A5%E0%B9%87%E0%B8%AD%E0%B8%95%E0%B8%9D%E0%B8%B2%E0%B8%81%E0%B8%96%E0%B8%AD%E0%B8%99%E0%B9%84%E0%B8%A1%E0%B9%88%E0%B8%A1%E0%B8%B5%E0%B8%82%E0%B8%B1%E0%B9%89%E0%B8%99%E0%B8%95%E0%B9%88%E0%B9%8D%E0%B8%B2%201%20%E0%B8%9A%E0%B8%B2%E0%B8%97%E0%B8%81%E0%B9%87%E0%B8%96%E0%B8%AD%E0%B8%99%E0%B9%84%E0%B8%94%E0%B9%89.aspx HTTP/1.1" 404 20023 "http://gwfencing.com.au/15%E0%B8%A3%E0%B8%B1%E0%B8%9A100.aspx" "Mozilla/5.0 (Linux; Android 7.0;) AppleWebKit/537.36 (KHTML, like Gecko) Mobile Safari/537.36 (compatible; PetalBot;+https://webmaster.petalsearch.com/site/petalbot)"
114.119.146.197 - - [01/Jan/2026:14:34:06 +0800] "GET /ufabet%20wallet%20777.aspx HTTP/1.1" 404 20032 "https://gwfencing.com.au/w69%20slot.aspx" "Mozilla/5.0 (Linux; Android 7.0;) AppleWebKit/537.36 (KHTML, like Gecko) Mobile Safari/537.36 (compatible; PetalBot;+https://webmaster.petalsearch.com/site/petalbot)"
114.119.153.171 - - [01/Jan/2026:14:35:27 +0800] "GET /%E0%B8%AA%E0%B8%A5%E0%B9%87%E0%B8%AD%E0%B8%95%E0%B9%80%E0%B8%A7%E0%B9%87%E0%B8%9A%E0%B8%95%E0%B8%A3%E0%B8%87%20k9win.aspx HTTP/1.1" 404 20023 "http://gwfencing.com.au/%E0%B9%80%E0%B8%9A%20%E0%B8%97%20365.aspx" "Mozilla/5.0 (Linux; Android 7.0;) AppleWebKit/537.36 (KHTML, like Gecko) Mobile Safari/537.36 (compatible; PetalBot;+https://webmaster.petalsearch.com/site/petalbot)"
103.4.122.14 - - [01/Jan/2026:14:36:56 +0800] "POST /wp-cron.php?doing_wp_cron=1767249416.7422530651092529296875 HTTP/1.1" 200 - "-" "WordPress/6.9; https://gwfencing.com.au"
114.119.145.66 - - [01/Jan/2026:14:36:55 +0800] "GET /%E0%B8%AA%E0%B8%A5%E0%B9%87%E0%B8%AD%E0%B8%95%20pg%20%E0%B9%80%E0%B8%A7%E0%B9%87%E0%B8%9A%E0%B8%95%E0%B8%A3%E0%B8%87%20%E0%B9%81%E0%B8%95%E0%B8%81%E0%B8%AB%E0%B8%99%E0%B8%B1%E0%B8%81%20%E0%B8%A7%E0%B8%AD%20%E0%B9%80%E0%B8%A5%E0%B8%97.aspx HTTP/1.1" 404 20023 "http://gwfencing.com.au/15%E0%B8%A3%E0%B8%B1%E0%B8%9A100.aspx" "Mozilla/5.0 (Linux; Android 7.0;) AppleWebKit/537.36 (KHTML, like Gecko) Mobile Safari/537.36 (compatible; PetalBot;+https://webmaster.petalsearch.com/site/petalbot)"
114.119.153.171 - - [01/Jan/2026:14:38:16 +0800] "GET /%E0%B9%80%E0%B8%A7%E0%B9%87%E0%B8%9A%E0%B8%9E%E0%B8%99%E0%B8%B1%E0%B8%99%E0%B8%AD%E0%B8%AD%E0%B8%99%E0%B9%84%E0%B8%A5%E0%B8%99%E0%B9%8C.aspx HTTP/1.1" 404 20032 "https://gwfencing.com.au/%E0%B8%AD%E0%B8%B2%E0%B8%A3%E0%B9%8C%E0%B9%80%E0%B8%99%E0%B9%88%20%E0%B8%AA%E0%B8%A5%E0%B9%87%E0%B8%AD%E0%B8%95.aspx" "Mozilla/5.0 (Linux; Android 7.0;) AppleWebKit/537.36 (KHTML, like Gecko) Mobile Safari/537.36 (compatible; PetalBot;+https://webmaster.petalsearch.com/site/petalbot)"
103.4.122.14 - - [01/Jan/2026:14:41:29 +0800] "POST /wp-cron.php?doing_wp_cron=1767249689.5436758995056152343750 HTTP/1.1" 200 - "-" "WordPress/6.9; https://gwfencing.com.au"
114.119.146.197 - - [01/Jan/2026:14:41:28 +0800] "GET /%E0%B9%80%E0%B8%A7%E0%B9%87%E0%B8%9A%20365bet.aspx HTTP/1.1" 404 20032 "https://gwfencing.com.au/ambbet.aspx" "Mozilla/5.0 (Linux; Android 7.0;) AppleWebKit/537.36 (KHTML, like Gecko) Mobile Safari/537.36 (compatible; PetalBot;+https://webmaster.petalsearch.com/site/petalbot)"
114.119.148.187 - - [01/Jan/2026:14:42:53 +0800] "GET /ufabet%20%E0%B9%80%E0%B8%82%E0%B9%89%E0%B8%B2%E0%B8%AA%E0%B8%B9%E0%B9%88%E0%B8%A3%E0%B8%B0%E0%B8%9A%E0%B8%9A.aspx HTTP/1.1" 404 20032 "https://gwfencing.com.au/%E0%B8%AA%E0%B8%A5%E0%B9%87%E0%B8%AD%E0%B8%95%20%E0%B9%80%E0%B8%A7%E0%B9%87%E0%B8%9A%E0%B8%95%E0%B8%A3%E0%B8%87%E0%B9%84%E0%B8%A1%E0%B9%88%E0%B8%9C%E0%B9%88%E0%B8%B2%E0%B8%99%E0%B9%80%E0%B8%AD%E0%B9%80%E0%B8%A2%E0%B9%88%E0%B8%99%E0%B8%95%E0%B9%8C%E0%B9%84%E0%B8%A1%E0%B9%88%E0%B8%A1%E0%B8%B5%E0%B8%82%E0%B8%B1%E0%B9%89%E0%B8%99%E0%B8%95%E0%B9%88%E0%B8%B3.aspx" "Mozilla/5.0 (Linux; Android 7.0;) AppleWebKit/537.36 (KHTML, like Gecko) Mobile Safari/537.36 (compatible; PetalBot;+https://webmaster.petalsearch.com/site/petalbot)"
114.119.133.83 - - [01/Jan/2026:14:44:13 +0800] "GET /%E0%B8%97%E0%B8%94%E0%B8%A5%E0%B8%AD%E0%B8%87%E0%B8%AA%E0%B8%A5%E0%B9%87%E0%B8%AD%E0%B8%95.aspx HTTP/1.1" 404 20032 "https://gwfencing.com.au/%E0%B9%80%E0%B8%A7%E0%B9%87%E0%B8%9A%E0%B8%AA%E0%B8%A5%E0%B9%87%E0%B8%AD%E0%B8%95%E0%B9%81%E0%B8%95%E0%B8%81%E0%B8%87%E0%B9%88%E0%B8%B2%E0%B8%A2.aspx" "Mozilla/5.0 (Linux; Android 7.0;) AppleWebKit/537.36 (KHTML, like Gecko) Mobile Safari/537.36 (compatible; PetalBot;+https://webmaster.petalsearch.com/site/petalbot)"
103.4.122.14 - - [01/Jan/2026:14:53:39 +0800] "POST /wp-cron.php?doing_wp_cron=1767250419.0047891139984130859375 HTTP/1.1" 200 - "-" "WordPress/6.9; https://gwfencing.com.au"
114.119.153.171 - - [01/Jan/2026:14:53:38 +0800] "GET /pg%20slot%20wallet%20%E0%B9%84%E0%B8%A1%E0%B9%88%E0%B8%A1%E0%B8%B5%E0%B8%82%E0%B8%B1%E0%B9%89%E0%B8%99%E0%B8%95%E0%B9%88%E0%B8%B3.aspx HTTP/1.1" 404 20032 "https://gwfencing.com.au/%E0%B8%AA%E0%B8%A5%E0%B9%87%E0%B8%AD%E0%B8%95%20%E0%B9%80%E0%B8%A7%E0%B9%87%E0%B8%9A%E0%B8%95%E0%B8%A3%E0%B8%87%E0%B9%84%E0%B8%A1%E0%B9%88%E0%B8%9C%E0%B9%88%E0%B8%B2%E0%B8%99%E0%B9%80%E0%B8%AD%E0%B9%80%E0%B8%A2%E0%B9%88%E0%B8%99%E0%B8%95%E0%B9%8C%E0%B9%84%E0%B8%A1%E0%B9%88%E0%B8%A1%E0%B8%B5%E0%B8%82%E0%B8%B1%E0%B9%89%E0%B8%99%E0%B8%95%E0%B9%88%E0%B8%B3.aspx" "Mozilla/5.0 (Linux; Android 7.0;) AppleWebKit/537.36 (KHTML, like Gecko) Mobile Safari/537.36 (compatible; PetalBot;+https://webmaster.petalsearch.com/site/petalbot)"
114.119.146.197 - - [01/Jan/2026:14:55:01 +0800] "GET /warpufa.aspx HTTP/1.1" 404 20032 "https://gwfencing.com.au/slot%20pg%20vip.aspx" "Mozilla/5.0 (Linux; Android 7.0;) AppleWebKit/537.36 (KHTML, like Gecko) Mobile Safari/537.36 (compatible; PetalBot;+https://webmaster.petalsearch.com/site/petalbot)"
51.159.214.31 - - [01/Jan/2026:14:55:19 +0800] "POST /xmlrpc.php HTTP/1.1" 405 415 "-" "Mozilla/5.0 (Windows NT 10.0; Win64; x64; rv:95.0) Gecko/20100101 Firefox/95.0"
103.4.122.14 - - [01/Jan/2026:14:56:25 +0800] "POST /wp-cron.php?doing_wp_cron=1767250584.9578940868377685546875 HTTP/1.1" 200 - "-" "WordPress/6.9; https://gwfencing.com.au"
114.119.153.171 - - [01/Jan/2026:14:56:24 +0800] "GET /%E0%B8%97%E0%B8%B2%E0%B8%87%20%E0%B9%80%E0%B8%82%E0%B9%89%E0%B8%B2%20pg%20slot.aspx HTTP/1.1" 404 20032 "https://gwfencing.com.au/%E0%B8%AA%E0%B8%A5%E0%B9%87%E0%B8%AD%E0%B8%95%20%E0%B9%81%E0%B8%88%E0%B8%81%E0%B8%97%E0%B8%B8%E0%B8%99%E0%B8%9F%E0%B8%A3%E0%B8%B5%20%E0%B9%84%E0%B8%A1%E0%B9%88%E0%B8%A1%E0%B8%B5%20%E0%B9%80%E0%B8%87%E0%B8%B7%E0%B9%88%E0%B8%AD%E0%B8%99%E0%B9%84%E0%B8%82.aspx" "Mozilla/5.0 (Linux; Android 7.0;) AppleWebKit/537.36 (KHTML, like Gecko) Mobile Safari/537.36 (compatible; PetalBot;+https://webmaster.petalsearch.com/site/petalbot)"
114.119.146.197 - - [01/Jan/2026:14:57:51 +0800] "GET /%E0%B8%AA%E0%B8%A5%E0%B9%87%E0%B8%AD%E0%B8%95%20%E0%B8%9D%E0%B8%B2%E0%B8%81%E0%B8%96%E0%B8%AD%E0%B8%99%20true%20wallet%20%E0%B9%80%E0%B8%A7%E0%B9%87%E0%B8%9A%E0%B8%95%E0%B8%A3%E0%B8%87.aspx HTTP/1.1" 404 20023 "https://gwfencing.com.au/%E0%B9%80%E0%B8%81%E0%B8%A1%E0%B8%AA%E0%B8%A5%E0%B9%87%E0%B8%AD%E0%B8%95%E0%B8%AD%E0%B8%AD%E0%B8%99%E0%B9%84%E0%B8%A5%E0%B8%99%E0%B9%8C.aspx" "Mozilla/5.0 (Linux; Android 7.0;) AppleWebKit/537.36 (KHTML, like Gecko) Mobile Safari/537.36 (compatible; PetalBot;+https://webmaster.petalsearch.com/site/petalbot)"
114.119.141.127 - - [01/Jan/2026:14:59:12 +0800] "GET /super%20pg%201688.aspx HTTP/1.1" 404 20032 "https://gwfencing.com.au/%E0%B9%80%E0%B8%A5%E0%B9%88%E0%B8%99%E0%B8%AA%E0%B8%A5%E0%B9%87%E0%B8%AD%E0%B8%95%E0%B9%80%E0%B8%A7%E0%B9%87%E0%B8%9A%E0%B9%84%E0%B8%AB%E0%B8%99%E0%B8%94%E0%B8%B5.aspx" "Mozilla/5.0 (Linux; Android 7.0;) AppleWebKit/537.36 (KHTML, like Gecko) Mobile Safari/537.36 (compatible; PetalBot;+https://webmaster.petalsearch.com/site/petalbot)"
114.119.146.197 - - [01/Jan/2026:15:00:34 +0800] "GET /ufa168%20%E0%B8%97%E0%B8%B2%E0%B8%87%E0%B9%80%E0%B8%82%E0%B9%89%E0%B8%B2%20%E0%B8%A1%E0%B8%B7%E0%B8%AD%E0%B8%96%E0%B8%B7%E0%B8%AD.aspx HTTP/1.1" 404 20023 "http://gwfencing.com.au/%E0%B8%97%E0%B8%94%E0%B8%A5%E0%B8%AD%E0%B8%87%E0%B8%9A%E0%B8%B2%E0%B8%84%E0%B8%B2%E0%B8%A3%E0%B9%88%E0%B8%B2.aspx" "Mozilla/5.0 (Linux; Android 7.0;) AppleWebKit/537.36 (KHTML, like Gecko) Mobile Safari/537.36 (compatible; PetalBot;+https://webmaster.petalsearch.com/site/petalbot)"
103.4.122.14 - - [01/Jan/2026:15:03:40 +0800] "POST /wp-cron.php?doing_wp_cron=1767251020.4754800796508789062500 HTTP/1.1" 200 - "-" "WordPress/6.9; https://gwfencing.com.au"
100.29.107.38 - - [01/Jan/2026:15:03:39 +0800] "GET /robots.txt HTTP/1.1" 200 112 "-" "Mozilla/5.0 AppleWebKit/537.36 (KHTML, like Gecko; compatible; Amazonbot/0.1; +https://developer.amazon.com/support/amazonbot) Chrome/119.0.6045.214 Safari/537.36"
44.213.36.21 - - [01/Jan/2026:15:03:42 +0800] "GET /gallery/ HTTP/1.1" 200 7082 "-" "Mozilla/5.0 AppleWebKit/537.36 (KHTML, like Gecko; compatible; Amazonbot/0.1; +https://developer.amazon.com/support/amazonbot) Chrome/119.0.6045.214 Safari/537.36"
103.4.122.14 - - [01/Jan/2026:15:14:03 +0800] "POST /wp-cron.php?doing_wp_cron=1767251643.5657210350036621093750 HTTP/1.1" 200 - "-" "WordPress/6.9; https://gwfencing.com.au"
114.119.148.187 - - [01/Jan/2026:15:14:02 +0800] "GET /%E0%B8%AA%E0%B8%B9%E0%B8%95%E0%B8%A3%E0%B8%AA%E0%B8%A5%E0%B9%87%E0%B8%AD%E0%B8%95%20pg%20%E0%B8%9F%E0%B8%A3%E0%B8%B5%20%E0%B9%83%E0%B8%8A%E0%B9%89%E0%B9%84%E0%B8%94%E0%B9%89%20%E0%B8%88%E0%B8%A3%E0%B8%B4%E0%B8%87.aspx HTTP/1.1" 404 20032 "https://gwfencing.com.au/188bet%20%E0%B8%A1%E0%B8%B7%E0%B8%AD%20%E0%B8%96%E0%B8%B7%E0%B8%AD.aspx" "Mozilla/5.0 (Linux; Android 7.0;) AppleWebKit/537.36 (KHTML, like Gecko) Mobile Safari/537.36 (compatible; PetalBot;+https://webmaster.petalsearch.com/site/petalbot)"
114.119.137.68 - - [01/Jan/2026:15:15:27 +0800] "GET /%E0%B8%AA%E0%B8%A5%E0%B9%87%E0%B8%AD%E0%B8%95678.aspx HTTP/1.1" 404 20032 "https://gwfencing.com.au/%E0%B8%97%E0%B8%B2%E0%B8%87%E0%B9%80%E0%B8%82%E0%B9%89%E0%B8%B2%20slot%20joker123%20%E0%B9%80%E0%B8%A7%E0%B9%87%E0%B8%9A%E0%B8%95%E0%B8%A3%E0%B8%87.aspx" "Mozilla/5.0 (Linux; Android 7.0;) AppleWebKit/537.36 (KHTML, like Gecko) Mobile Safari/537.36 (compatible; PetalBot;+https://webmaster.petalsearch.com/site/petalbot)"
103.4.122.14 - - [01/Jan/2026:15:24:10 +0800] "POST /wp-cron.php?doing_wp_cron=1767252250.2718100547790527343750 HTTP/1.1" 200 - "-" "WordPress/6.9; https://gwfencing.com.au"
114.119.133.83 - - [01/Jan/2026:15:24:09 +0800] "GET /superslot%20wallet.aspx HTTP/1.1" 404 20032 "https://gwfencing.com.au/%E0%B8%9B%E0%B8%B1%E0%B9%88%E0%B8%99%E0%B8%AA%E0%B8%A5%E0%B9%87%E0%B8%AD%E0%B8%95%E0%B8%9F%E0%B8%A3%E0%B8%B5.aspx" "Mozilla/5.0 (Linux; Android 7.0;) AppleWebKit/537.36 (KHTML, like Gecko) Mobile Safari/537.36 (compatible; PetalBot;+https://webmaster.petalsearch.com/site/petalbot)"
114.119.146.197 - - [01/Jan/2026:15:25:27 +0800] "GET /slot666.aspx HTTP/1.1" 404 20023 "http://gwfencing.com.au/xmlrpc.php" "Mozilla/5.0 (Linux; Android 7.0;) AppleWebKit/537.36 (KHTML, like Gecko) Mobile Safari/537.36 (compatible; PetalBot;+https://webmaster.petalsearch.com/site/petalbot)"
103.4.122.14 - - [01/Jan/2026:15:30:23 +0800] "POST /wp-cron.php?doing_wp_cron=1767252622.9267768859863281250000 HTTP/1.1" 200 - "-" "WordPress/6.9; https://gwfencing.com.au"
202.76.189.225 - - [01/Jan/2026:15:30:21 +0800] "GET /security-fencing/ HTTP/1.1" 200 6120 "-" "Mozilla/4.0 (compatible; MSIE 5.01; Windows NT 5.0; YComp 5.0.2.6; MSIECrawler)"
114.119.146.197 - - [01/Jan/2026:15:30:43 +0800] "GET /%E0%B8%97%E0%B8%94%E0%B8%A5%E0%B8%AD%E0%B8%87%E0%B9%80%E0%B8%A5%E0%B9%88%E0%B8%99%E0%B8%AA%E0%B8%A5%E0%B9%87%E0%B8%AD%E0%B8%95%E0%B9%80%E0%B8%A7%E0%B9%87%E0%B8%9A%E0%B8%95%E0%B8%A3%E0%B8%87.aspx HTTP/1.1" 404 20032 "https://gwfencing.com.au/%E0%B8%97%E0%B8%B2%E0%B8%87%E0%B9%80%E0%B8%82%E0%B9%89%E0%B8%B2%E0%B8%A2%E0%B8%B9%E0%B8%9F%E0%B9%88%E0%B8%B2.aspx" "Mozilla/5.0 (Linux; Android 7.0;) AppleWebKit/537.36 (KHTML, like Gecko) Mobile Safari/537.36 (compatible; PetalBot;+https://webmaster.petalsearch.com/site/petalbot)"
103.4.122.14 - - [01/Jan/2026:15:49:29 +0800] "POST /wp-cron.php?doing_wp_cron=1767253769.5078649520874023437500 HTTP/1.1" 200 - "-" "WordPress/6.9; https://gwfencing.com.au"
114.119.148.187 - - [01/Jan/2026:15:49:28 +0800] "GET /%E0%B8%9F%E0%B8%A3%E0%B8%B5%E0%B9%80%E0%B8%84%E0%B8%A3%E0%B8%94%E0%B8%B4%E0%B8%95.aspx HTTP/1.1" 404 20032 "https://gwfencing.com.au/spg%20slot.aspx" "Mozilla/5.0 (Linux; Android 7.0;) AppleWebKit/537.36 (KHTML, like Gecko) Mobile Safari/537.36 (compatible; PetalBot;+https://webmaster.petalsearch.com/site/petalbot)"
114.119.137.68 - - [01/Jan/2026:15:50:50 +0800] "GET /%E0%B8%97%E0%B8%94%E0%B8%A5%E0%B8%AD%E0%B8%87%E0%B8%9A%E0%B8%B2%E0%B8%84%E0%B8%B2%E0%B8%A3%E0%B9%88%E0%B8%B2.aspx HTTP/1.1" 404 20032 "https://gwfencing.com.au/ufabet168%20%E0%B9%80%E0%B8%82%E0%B9%89%E0%B8%B2%E0%B8%AA%E0%B8%B9%E0%B9%88%E0%B8%A3%E0%B8%B0%E0%B8%9A%E0%B8%9A.aspx" "Mozilla/5.0 (Linux; Android 7.0;) AppleWebKit/537.36 (KHTML, like Gecko) Mobile Safari/537.36 (compatible; PetalBot;+https://webmaster.petalsearch.com/site/petalbot)"
103.4.122.14 - - [01/Jan/2026:15:52:14 +0800] "POST /wp-cron.php?doing_wp_cron=1767253934.8683500289916992187500 HTTP/1.1" 200 - "-" "WordPress/6.9; https://gwfencing.com.au"
114.119.145.66 - - [01/Jan/2026:15:52:13 +0800] "GET /pxj.com%20%E0%B9%80%E0%B8%84%E0%B8%A3%E0%B8%94%E0%B8%B4%E0%B8%95%E0%B8%9F%E0%B8%A3%E0%B8%B5%20188.aspx HTTP/1.1" 404 20023 "http://gwfencing.com.au/%E0%B8%AA%E0%B8%A5%E0%B9%87%E0%B8%AD%E0%B8%95%20wallet%20%E0%B9%80%E0%B8%84%E0%B8%A3%E0%B8%94%E0%B8%B4%E0%B8%95%E0%B8%9F%E0%B8%A3%E0%B8%B550.aspx" "Mozilla/5.0 (Linux; Android 7.0;) AppleWebKit/537.36 (KHTML, like Gecko) Mobile Safari/537.36 (compatible; PetalBot;+https://webmaster.petalsearch.com/site/petalbot)"
114.119.148.187 - - [01/Jan/2026:15:53:36 +0800] "GET /apollo%20slot%20pg.aspx HTTP/1.1" 404 20023 "http://gwfencing.com.au/10%E0%B8%A3%E0%B8%B1%E0%B8%9A100%E0%B8%AA%E0%B8%A1%E0%B8%B2%E0%B8%8A%E0%B8%B4%E0%B8%81%E0%B9%83%E0%B8%AB%E0%B8%A1%E0%B9%88.aspx" "Mozilla/5.0 (Linux; Android 7.0;) AppleWebKit/537.36 (KHTML, like Gecko) Mobile Safari/537.36 (compatible; PetalBot;+https://webmaster.petalsearch.com/site/petalbot)"
103.4.122.14 - - [01/Jan/2026:16:03:15 +0800] "POST /wp-cron.php?doing_wp_cron=1767254595.5376040935516357421875 HTTP/1.1" 200 - "-" "WordPress/6.9; https://gwfencing.com.au"
54.39.89.42 - - [01/Jan/2026:16:03:14 +0800] "GET /wp-sitemap.xml HTTP/1.1" 404 18918 "-" "Mozilla/5.0 (compatible; AhrefsBot/7.0; +http://ahrefs.com/robot/)"
114.119.133.83 - - [01/Jan/2026:16:05:01 +0800] "GET /%E0%B8%88%E0%B8%B5%E0%B8%84%E0%B8%A5%E0%B8%B1%E0%B8%9A.aspx HTTP/1.1" 404 20032 "https://gwfencing.com.au/ufa365%20%E0%B8%97%E0%B8%B2%E0%B8%87%E0%B9%80%E0%B8%82%E0%B9%89%E0%B8%B2.aspx" "Mozilla/5.0 (Linux; Android 7.0;) AppleWebKit/537.36 (KHTML, like Gecko) Mobile Safari/537.36 (compatible; PetalBot;+https://webmaster.petalsearch.com/site/petalbot)"
103.4.122.14 - - [01/Jan/2026:16:06:21 +0800] "POST /wp-cron.php?doing_wp_cron=1767254781.7153170108795166015625 HTTP/1.1" 200 - "-" "WordPress/6.9; https://gwfencing.com.au"
114.119.157.231 - - [01/Jan/2026:16:06:20 +0800] "GET /lsm99%20%E0%B8%97%E0%B8%B2%E0%B8%87%E0%B9%80%E0%B8%82%E0%B9%89%E0%B8%B2.aspx HTTP/1.1" 404 20023 "http://gwfencing.com.au/xmlrpc.php" "Mozilla/5.0 (Linux; Android 7.0;) AppleWebKit/537.36 (KHTML, like Gecko) Mobile Safari/537.36 (compatible; PetalBot;+https://webmaster.petalsearch.com/site/petalbot)"
114.119.146.197 - - [01/Jan/2026:16:07:44 +0800] "GET /%E0%B8%84%E0%B9%88%E0%B8%B2%E0%B8%A2%E0%B8%AA%E0%B8%A5%E0%B9%87%E0%B8%AD%E0%B8%95%20888.aspx HTTP/1.1" 404 20023 "http://gwfencing.com.au/%E0%B8%97%E0%B8%94%E0%B8%A5%E0%B8%AD%E0%B8%87%E0%B9%80%E0%B8%A5%E0%B9%88%E0%B8%99%E0%B8%AA%E0%B8%A5%E0%B9%87%E0%B8%AD%E0%B8%95%E0%B8%A5%E0%B9%88%E0%B8%B2%E0%B8%AA%E0%B8%B8%E0%B8%94.aspx" "Mozilla/5.0 (Linux; Android 7.0;) AppleWebKit/537.36 (KHTML, like Gecko) Mobile Safari/537.36 (compatible; PetalBot;+https://webmaster.petalsearch.com/site/petalbot)"
103.4.122.14 - - [01/Jan/2026:16:29:40 +0800] "POST /wp-cron.php?doing_wp_cron=1767256180.5567018985748291015625 HTTP/1.1" 200 - "-" "WordPress/6.9; https://gwfencing.com.au"
114.119.148.187 - - [01/Jan/2026:16:29:39 +0800] "GET /%E0%B9%80%E0%B8%82%E0%B9%89%E0%B8%B2%20%E0%B9%80%E0%B8%A7%E0%B9%87%E0%B8%9A%E0%B8%AA%E0%B8%A5%E0%B9%87%E0%B8%AD%E0%B8%95%20777.aspx HTTP/1.1" 404 20032 "https://gwfencing.com.au/%E0%B9%80%E0%B8%A5%E0%B9%88%E0%B8%99%E0%B8%AA%E0%B8%A5%E0%B9%87%E0%B8%AD%E0%B8%95%E0%B9%80%E0%B8%A7%E0%B9%87%E0%B8%9A%E0%B9%84%E0%B8%AB%E0%B8%99%E0%B8%94%E0%B8%B5.aspx" "Mozilla/5.0 (Linux; Android 7.0;) AppleWebKit/537.36 (KHTML, like Gecko) Mobile Safari/537.36 (compatible; PetalBot;+https://webmaster.petalsearch.com/site/petalbot)"
114.119.137.68 - - [01/Jan/2026:16:31:07 +0800] "GET /%E0%B8%97%E0%B8%B2%E0%B8%87%E0%B9%80%E0%B8%82%E0%B9%89%E0%B8%B2superslot.aspx HTTP/1.1" 404 20032 "https://gwfencing.com.au/%E0%B8%AA%E0%B8%A5%E0%B9%87%E0%B8%AD%E0%B8%95678.aspx" "Mozilla/5.0 (Linux; Android 7.0;) AppleWebKit/537.36 (KHTML, like Gecko) Mobile Safari/537.36 (compatible; PetalBot;+https://webmaster.petalsearch.com/site/petalbot)"
103.4.122.14 - - [01/Jan/2026:16:32:27 +0800] "POST /wp-cron.php?doing_wp_cron=1767256347.4732370376586914062500 HTTP/1.1" 200 - "-" "WordPress/6.9; https://gwfencing.com.au"
114.119.137.68 - - [01/Jan/2026:16:32:26 +0800] "GET /%E0%B8%97%E0%B8%94%E0%B8%A5%E0%B8%AD%E0%B8%87%E0%B8%A2%E0%B8%B4%E0%B8%87%E0%B8%9B%E0%B8%A5%E0%B8%B2.aspx HTTP/1.1" 404 20023 "http://gwfencing.com.au/%E0%B8%97%E0%B8%94%E0%B8%A5%E0%B8%AD%E0%B8%87%E0%B9%80%E0%B8%A5%E0%B9%88%E0%B8%99%E0%B8%AA%E0%B8%A5%E0%B9%87%E0%B8%AD%E0%B8%95%E0%B8%9F%E0%B8%A3%E0%B8%B5%20%E0%B8%96%E0%B8%AD%E0%B8%99%E0%B9%84%E0%B8%94%E0%B9%89.aspx" "Mozilla/5.0 (Linux; Android 7.0;) AppleWebKit/537.36 (KHTML, like Gecko) Mobile Safari/537.36 (compatible; PetalBot;+https://webmaster.petalsearch.com/site/petalbot)"
103.4.122.14 - - [01/Jan/2026:16:38:40 +0800] "POST /wp-cron.php?doing_wp_cron=1767256720.2402820587158203125000 HTTP/1.1" 200 - "-" "WordPress/6.9; https://gwfencing.com.au"
52.164.246.234 - - [01/Jan/2026:16:38:39 +0800] "GET /wp-content/plugins/hellopress/wp_filemanager.php HTTP/1.1" 404 20023 "-" "-"
52.164.246.234 - - [01/Jan/2026:16:38:40 +0800] "GET /lisa.php HTTP/1.1" 404 20023 "-" "-"
52.164.246.234 - - [01/Jan/2026:16:38:41 +0800] "GET /000.php HTTP/1.1" 404 20023 "-" "-"
52.164.246.234 - - [01/Jan/2026:16:38:42 +0800] "GET /xxxx.php HTTP/1.1" 404 20023 "-" "-"
52.164.246.234 - - [01/Jan/2026:16:38:43 +0800] "GET /bless14.php HTTP/1.1" 404 20023 "-" "-"
52.164.246.234 - - [01/Jan/2026:16:38:44 +0800] "GET /ws35.php HTTP/1.1" 404 20023 "-" "-"
52.164.246.234 - - [01/Jan/2026:16:38:45 +0800] "GET /87.php HTTP/1.1" 404 20023 "-" "-"
52.164.246.234 - - [01/Jan/2026:16:38:46 +0800] "GET /nox.php HTTP/1.1" 404 20023 "-" "-"
52.164.246.234 - - [01/Jan/2026:16:38:48 +0800] "GET /mini.php HTTP/1.1" 404 20023 "-" "-"
52.164.246.234 - - [01/Jan/2026:16:38:49 +0800] "GET /acwfihfh.php HTTP/1.1" 404 20023 "-" "-"
52.164.246.234 - - [01/Jan/2026:16:38:50 +0800] "GET /f8.php HTTP/1.1" 404 20023 "-" "-"
52.164.246.234 - - [01/Jan/2026:16:38:51 +0800] "GET /bras.php HTTP/1.1" 403 199 "-" "-"
52.164.246.234 - - [01/Jan/2026:16:38:52 +0800] "GET /bras.php HTTP/1.1" 403 199 "-" "-"
52.164.246.234 - - [01/Jan/2026:16:38:52 +0800] "GET /bras.php HTTP/1.1" 403 199 "-" "-"
52.164.246.234 - - [01/Jan/2026:16:38:53 +0800] "GET /bras.php HTTP/1.1" 403 199 "-" "-"
52.164.246.234 - - [01/Jan/2026:16:38:53 +0800] "GET /s1.php HTTP/1.1" 403 199 "-" "-"
52.164.246.234 - - [01/Jan/2026:16:38:54 +0800] "GET /s1.php HTTP/1.1" 403 199 "-" "-"
52.164.246.234 - - [01/Jan/2026:16:38:54 +0800] "GET /s1.php HTTP/1.1" 403 199 "-" "-"
52.164.246.234 - - [01/Jan/2026:16:38:55 +0800] "GET /s1.php HTTP/1.1" 403 199 "-" "-"
52.164.246.234 - - [01/Jan/2026:16:38:55 +0800] "GET /lanz.php HTTP/1.1" 403 199 "-" "-"
52.164.246.234 - - [01/Jan/2026:16:38:56 +0800] "GET /xeeex.php HTTP/1.1" 403 199 "-" "-"
52.164.246.234 - - [01/Jan/2026:16:38:56 +0800] "GET /xeeex.php HTTP/1.1" 403 199 "-" "-"
52.164.246.234 - - [01/Jan/2026:16:38:57 +0800] "GET /xeeex.php HTTP/1.1" 403 199 "-" "-"
52.164.246.234 - - [01/Jan/2026:16:38:57 +0800] "GET /tons.php HTTP/1.1" 403 199 "-" "-"
52.164.246.234 - - [01/Jan/2026:16:38:58 +0800] "GET /f2f.php HTTP/1.1" 403 199 "-" "-"
52.164.246.234 - - [01/Jan/2026:16:38:58 +0800] "GET /ths.php HTTP/1.1" 403 199 "-" "-"
52.164.246.234 - - [01/Jan/2026:16:38:59 +0800] "GET /ths.php HTTP/1.1" 403 199 "-" "-"
52.164.246.234 - - [01/Jan/2026:16:38:59 +0800] "GET /ths.php HTTP/1.1" 403 199 "-" "-"
52.164.246.234 - - [01/Jan/2026:16:39:00 +0800] "GET /ths.php HTTP/1.1" 403 199 "-" "-"
52.164.246.234 - - [01/Jan/2026:16:39:00 +0800] "GET /amax.php HTTP/1.1" 403 199 "-" "-"
52.164.246.234 - - [01/Jan/2026:16:39:01 +0800] "GET /amax.php HTTP/1.1" 403 199 "-" "-"
52.164.246.234 - - [01/Jan/2026:16:39:01 +0800] "GET /amax.php HTTP/1.1" 403 199 "-" "-"
52.164.246.234 - - [01/Jan/2026:16:39:02 +0800] "GET /amax.php HTTP/1.1" 403 199 "-" "-"
52.164.246.234 - - [01/Jan/2026:16:39:02 +0800] "GET /990.php HTTP/1.1" 403 199 "-" "-"
52.164.246.234 - - [01/Jan/2026:16:39:03 +0800] "GET /990.php HTTP/1.1" 403 199 "-" "-"
52.164.246.234 - - [01/Jan/2026:16:39:03 +0800] "GET /990.php HTTP/1.1" 403 199 "-" "-"
52.164.246.234 - - [01/Jan/2026:16:39:04 +0800] "GET /990.php HTTP/1.1" 403 199 "-" "-"
52.164.246.234 - - [01/Jan/2026:16:39:04 +0800] "GET /d996699999.php HTTP/1.1" 403 199 "-" "-"
52.164.246.234 - - [01/Jan/2026:16:39:05 +0800] "GET /d996699999.php HTTP/1.1" 403 199 "-" "-"
52.164.246.234 - - [01/Jan/2026:16:39:05 +0800] "GET /ierne.php HTTP/1.1" 403 199 "-" "-"
52.164.246.234 - - [01/Jan/2026:16:39:06 +0800] "GET /ierne.php HTTP/1.1" 403 199 "-" "-"
52.164.246.234 - - [01/Jan/2026:16:39:06 +0800] "GET /ierne.php HTTP/1.1" 403 199 "-" "-"
52.164.246.234 - - [01/Jan/2026:16:39:07 +0800] "GET /ierne.php HTTP/1.1" 403 199 "-" "-"
52.164.246.234 - - [01/Jan/2026:16:39:07 +0800] "GET /xde.php HTTP/1.1" 403 199 "-" "-"
52.164.246.234 - - [01/Jan/2026:16:39:08 +0800] "GET /xde.php HTTP/1.1" 403 199 "-" "-"
52.164.246.234 - - [01/Jan/2026:16:39:08 +0800] "GET /1yade.php HTTP/1.1" 403 199 "-" "-"
52.164.246.234 - - [01/Jan/2026:16:39:09 +0800] "GET /1yade.php HTTP/1.1" 403 199 "-" "-"
52.164.246.234 - - [01/Jan/2026:16:39:09 +0800] "GET /bjfl.php HTTP/1.1" 403 199 "-" "-"
52.164.246.234 - - [01/Jan/2026:16:39:10 +0800] "GET /bjfl.php HTTP/1.1" 403 199 "-" "-"
52.164.246.234 - - [01/Jan/2026:16:39:10 +0800] "GET /bjfl.php HTTP/1.1" 403 199 "-" "-"
52.164.246.234 - - [01/Jan/2026:16:39:11 +0800] "GET /bjfl.php HTTP/1.1" 403 199 "-" "-"
103.4.122.14 - - [01/Jan/2026:16:45:41 +0800] "POST /wp-cron.php?doing_wp_cron=1767257141.5061659812927246093750 HTTP/1.1" 200 - "-" "WordPress/6.9; https://gwfencing.com.au"
114.119.157.231 - - [01/Jan/2026:16:45:40 +0800] "GET /lava%20slot.aspx HTTP/1.1" 404 20032 "https://gwfencing.com.au/superslot%20wallet.aspx" "Mozilla/5.0 (Linux; Android 7.0;) AppleWebKit/537.36 (KHTML, like Gecko) Mobile Safari/537.36 (compatible; PetalBot;+https://webmaster.petalsearch.com/site/petalbot)"
103.4.122.14 - - [01/Jan/2026:16:47:05 +0800] "POST /wp-cron.php?doing_wp_cron=1767257225.1917490959167480468750 HTTP/1.1" 200 - "-" "WordPress/6.9; https://gwfencing.com.au"
114.119.146.197 - - [01/Jan/2026:16:47:04 +0800] "GET /%E0%B9%80%E0%B8%82%E0%B9%89%E0%B8%B2%E0%B8%AA%E0%B8%B9%E0%B9%88%E0%B8%A3%E0%B8%B0%E0%B8%9A%E0%B8%9Ajoker888.aspx HTTP/1.1" 404 20032 "https://gwfencing.com.au/%E0%B8%AA%E0%B8%A5%E0%B9%87%E0%B8%AD%E0%B8%95369.aspx" "Mozilla/5.0 (Linux; Android 7.0;) AppleWebKit/537.36 (KHTML, like Gecko) Mobile Safari/537.36 (compatible; PetalBot;+https://webmaster.petalsearch.com/site/petalbot)"
114.119.145.66 - - [01/Jan/2026:16:48:27 +0800] "GET /allslot%20wallet%2010%E0%B8%A3%E0%B8%B1%E0%B8%9A100.aspx HTTP/1.1" 404 20023 "https://gwfencing.com.au/%E0%B8%AA%E0%B8%A5%E0%B9%87%E0%B8%AD%E0%B8%95%20888.aspx" "Mozilla/5.0 (Linux; Android 7.0;) AppleWebKit/537.36 (KHTML, like Gecko) Mobile Safari/537.36 (compatible; PetalBot;+https://webmaster.petalsearch.com/site/petalbot)"
103.4.122.14 - - [01/Jan/2026:17:10:27 +0800] "POST /wp-cron.php?doing_wp_cron=1767258627.7462029457092285156250 HTTP/1.1" 200 - "-" "WordPress/6.9; https://gwfencing.com.au"
114.119.157.231 - - [01/Jan/2026:17:10:26 +0800] "GET /%E0%B8%9D%E0%B8%B2%E0%B8%81%2010%20%E0%B8%A3%E0%B8%B1%E0%B8%9A100%20%E0%B9%83%E0%B8%AB%E0%B8%A1%E0%B9%88%E0%B8%A5%E0%B9%88%E0%B8%B2%E0%B8%AA%E0%B8%B8%E0%B8%94.aspx HTTP/1.1" 404 20032 "https://gwfencing.com.au/%E0%B8%97%E0%B8%B2%E0%B8%87%E0%B9%80%E0%B8%82%E0%B9%89%E0%B8%B2ufabet.aspx" "Mozilla/5.0 (Linux; Android 7.0;) AppleWebKit/537.36 (KHTML, like Gecko) Mobile Safari/537.36 (compatible; PetalBot;+https://webmaster.petalsearch.com/site/petalbot)"
40.77.167.9 - - [01/Jan/2026:17:15:31 +0800] "GET /wp-content/uploads/2016/10/Futsal_56494a556292a-1-e1477355488818-300x75.jpg HTTP/1.1" 200 4508 "-" "Mozilla/5.0 AppleWebKit/537.36 (KHTML, like Gecko; compatible; bingbot/2.0; +http://www.bing.com/bingbot.htm) Chrome/116.0.1938.76 Safari/537.36"
103.4.122.14 - - [01/Jan/2026:17:23:59 +0800] "POST /wp-cron.php?doing_wp_cron=1767259439.5678839683532714843750 HTTP/1.1" 200 - "-" "WordPress/6.9; https://gwfencing.com.au"
114.119.157.231 - - [01/Jan/2026:17:23:58 +0800] "GET /galaxy%20bet%20slot.aspx HTTP/1.1" 404 20032 "https://gwfencing.com.au/ambbet.aspx" "Mozilla/5.0 (Linux; Android 7.0;) AppleWebKit/537.36 (KHTML, like Gecko) Mobile Safari/537.36 (compatible; PetalBot;+https://webmaster.petalsearch.com/site/petalbot)"
114.119.137.68 - - [01/Jan/2026:17:25:14 +0800] "GET /%E0%B9%80%E0%B8%A7%E0%B9%87%E0%B8%9A%E0%B8%AA%E0%B8%A5%E0%B9%87%E0%B8%AD%E0%B8%95%E0%B8%95%E0%B8%A3%E0%B8%87%E0%B8%97%E0%B8%B1%E0%B9%89%E0%B8%87%E0%B8%AB%E0%B8%A1%E0%B8%94.aspx HTTP/1.1" 404 20032 "https://gwfencing.com.au/%E0%B8%97%E0%B8%94%E0%B8%A5%E0%B8%AD%E0%B8%87%E0%B8%AA%E0%B8%A5%E0%B9%87%E0%B8%AD%E0%B8%95.aspx" "Mozilla/5.0 (Linux; Android 7.0;) AppleWebKit/537.36 (KHTML, like Gecko) Mobile Safari/537.36 (compatible; PetalBot;+https://webmaster.petalsearch.com/site/petalbot)"
103.4.122.14 - - [01/Jan/2026:17:40:21 +0800] "POST /wp-cron.php?doing_wp_cron=1767260421.6470439434051513671875 HTTP/1.1" 200 - "-" "WordPress/6.9; https://gwfencing.com.au"
91.245.210.195 - - [01/Jan/2026:17:40:20 +0800] "POST /xmlrpc.php HTTP/1.1" 405 415 "-" "Mozilla/5.0 (Windows NT 10.0; Win64; x64; rv:42.0) Gecko/20100101 Firefox/42.0"
114.119.146.197 - - [01/Jan/2026:17:40:36 +0800] "GET /las%20vegas%20auto%20%E0%B8%AA%E0%B8%A5%E0%B9%87%E0%B8%AD%E0%B8%95.aspx HTTP/1.1" 404 20032 "https://gwfencing.com.au/h25%20com.aspx" "Mozilla/5.0 (Linux; Android 7.0;) AppleWebKit/537.36 (KHTML, like Gecko) Mobile Safari/537.36 (compatible; PetalBot;+https://webmaster.petalsearch.com/site/petalbot)"
103.4.122.14 - - [01/Jan/2026:18:00:20 +0800] "POST /wp-cron.php?doing_wp_cron=1767261619.8131330013275146484375 HTTP/1.1" 200 - "-" "WordPress/6.9; https://gwfencing.com.au"
114.119.157.231 - - [01/Jan/2026:18:00:18 +0800] "GET /betflix%20co.aspx HTTP/1.1" 404 20032 "https://gwfencing.com.au/%E0%B8%AA%E0%B8%B9%E0%B8%95%E0%B8%A3%E0%B8%AA%E0%B8%A5%E0%B9%87%E0%B8%AD%E0%B8%95.aspx" "Mozilla/5.0 (Linux; Android 7.0;) AppleWebKit/537.36 (KHTML, like Gecko) Mobile Safari/537.36 (compatible; PetalBot;+https://webmaster.petalsearch.com/site/petalbot)"
103.4.122.14 - - [01/Jan/2026:18:01:45 +0800] "POST /wp-cron.php?doing_wp_cron=1767261705.5506548881530761718750 HTTP/1.1" 200 - "-" "WordPress/6.9; https://gwfencing.com.au"
114.119.148.187 - - [01/Jan/2026:18:01:44 +0800] "GET /%E0%B8%AA%E0%B8%A5%E0%B9%87%E0%B8%AD%E0%B8%95%E0%B8%97%E0%B8%94%E0%B8%A5%E0%B8%AD%E0%B8%87%E0%B9%80%E0%B8%A5%E0%B9%88%E0%B8%99%E0%B8%9F%E0%B8%A3%E0%B8%B5%20pg.aspx HTTP/1.1" 404 20032 "https://gwfencing.com.au/ufa888%20%E0%B8%97%E0%B8%B2%E0%B8%87%E0%B9%80%E0%B8%82%E0%B9%89%E0%B8%B2%20ufabet%20%E0%B8%A1%E0%B8%B7%E0%B8%AD%E0%B8%96%E0%B8%B7%E0%B8%AD.aspx" "Mozilla/5.0 (Linux; Android 7.0;) AppleWebKit/537.36 (KHTML, like Gecko) Mobile Safari/537.36 (compatible; PetalBot;+https://webmaster.petalsearch.com/site/petalbot)"
114.119.137.68 - - [01/Jan/2026:18:03:05 +0800] "GET /galaxy%20slot.aspx HTTP/1.1" 404 20023 "http://gwfencing.com.au/h25%20com%20%E0%B8%AA%E0%B8%A5%E0%B9%87%E0%B8%AD%E0%B8%95.aspx" "Mozilla/5.0 (Linux; Android 7.0;) AppleWebKit/537.36 (KHTML, like Gecko) Mobile Safari/537.36 (compatible; PetalBot;+https://webmaster.petalsearch.com/site/petalbot)"
114.119.153.171 - - [01/Jan/2026:18:04:29 +0800] "GET /%E0%B8%AB%E0%B8%A7%E0%B8%A2%2024.aspx HTTP/1.1" 404 20023 "http://gwfencing.com.au/%E0%B8%97%E0%B8%94%E0%B8%A5%E0%B8%AD%E0%B8%87%E0%B9%80%E0%B8%A5%E0%B9%88%E0%B8%99%E0%B8%AA%E0%B8%A5%E0%B9%87%E0%B8%AD%E0%B8%95%E0%B8%A5%E0%B9%88%E0%B8%B2%E0%B8%AA%E0%B8%B8%E0%B8%94.aspx" "Mozilla/5.0 (Linux; Android 7.0;) AppleWebKit/537.36 (KHTML, like Gecko) Mobile Safari/537.36 (compatible; PetalBot;+https://webmaster.petalsearch.com/site/petalbot)"
181.41.206.205 - - [01/Jan/2026:18:05:10 +0800] "GET / HTTP/1.1" 200 8308 "-" "Mozilla/5.0 (X11; Linux x86_64; rv:103.0) Gecko/20100101 Firefox/103.0"
74.7.227.139 - - [01/Jan/2026:18:07:49 +0800] "GET / HTTP/1.1" 200 8308 "-" "Mozilla/5.0 AppleWebKit/537.36 (KHTML, like Gecko; compatible; GPTBot/1.3; +https://openai.com/gptbot)"
103.4.122.14 - - [01/Jan/2026:18:07:50 +0800] "POST /wp-cron.php?doing_wp_cron=1767262070.3663339614868164062500 HTTP/1.1" 200 - "-" "WordPress/6.9; https://gwfencing.com.au"
74.7.244.31 - - [01/Jan/2026:18:07:49 +0800] "GET /robots.txt HTTP/1.1" 200 112 "-" "Mozilla/5.0 (Macintosh; Intel Mac OS X 10_15_7) AppleWebKit/537.36 (KHTML, like Gecko) Chrome/131.0.0.0 Safari/537.36; compatible; OAI-SearchBot/1.3; robots.txt; +https://openai.com/searchbot"
103.4.122.14 - - [01/Jan/2026:18:12:25 +0800] "POST /wp-cron.php?doing_wp_cron=1767262345.7122499942779541015625 HTTP/1.1" 200 - "-" "WordPress/6.9; https://gwfencing.com.au"
107.175.109.42 - - [01/Jan/2026:18:12:24 +0800] "GET /robots.txt HTTP/1.1" 200 112 "-" "Mozilla/5.0 (X11; Linux x86_64; Storebot-Google/1.0) AppleWebKit/537.36 (KHTML, like Gecko) Chrome/79.0.3945.88 Safari/537.36"
107.175.109.42 - - [01/Jan/2026:18:12:34 +0800] "GET / HTTP/1.1" 301 - "-" "Mozilla/5.0 (X11; Linux x86_64; Storebot-Google/1.0) AppleWebKit/537.36 (KHTML, like Gecko) Chrome/79.0.3945.88 Safari/537.36"
107.175.109.42 - - [01/Jan/2026:18:12:35 +0800] "GET / HTTP/1.1" 200 8308 "-" "Mozilla/5.0 (X11; Linux x86_64; Storebot-Google/1.0) AppleWebKit/537.36 (KHTML, like Gecko) Chrome/79.0.3945.88 Safari/537.36"
107.175.109.42 - - [01/Jan/2026:18:12:36 +0800] "GET /wp-includes/js/dist/hooks.min.js HTTP/1.1" 200 1941 "https://gwfencing.com.au/" "Mozilla/5.0 (X11; Linux x86_64; Storebot-Google/1.0) AppleWebKit/537.36 (KHTML, like Gecko) Chrome/79.0.3945.88 Safari/537.36"
107.175.109.42 - - [01/Jan/2026:18:12:36 +0800] "GET /wp-includes/js/dist/i18n.min.js HTTP/1.1" 200 2229 "https://gwfencing.com.au/" "Mozilla/5.0 (X11; Linux x86_64; Storebot-Google/1.0) AppleWebKit/537.36 (KHTML, like Gecko) Chrome/79.0.3945.88 Safari/537.36"
107.175.109.42 - - [01/Jan/2026:18:12:36 +0800] "GET /wp-includes/js/dist/vendor/wp-polyfill.min.js HTTP/1.1" 200 11852 "https://gwfencing.com.au/" "Mozilla/5.0 (X11; Linux x86_64; Storebot-Google/1.0) AppleWebKit/537.36 (KHTML, like Gecko) Chrome/79.0.3945.88 Safari/537.36"
107.175.109.42 - - [01/Jan/2026:18:12:37 +0800] "GET /wp-content/cache/autoptimize/js/autoptimize_2753fa3c998958f85539910b5ab38b6b.js HTTP/1.1" 200 481819 "https://gwfencing.com.au/" "Mozilla/5.0 (X11; Linux x86_64; Storebot-Google/1.0) AppleWebKit/537.36 (KHTML, like Gecko) Chrome/79.0.3945.88 Safari/537.36"
142.111.170.43 - - [01/Jan/2026:18:12:47 +0800] "GET /about-us/ HTTP/1.1" 200 6195 "-" "Mozilla/5.0 (Windows NT 10.0; Win64; x64; Valve Steam Client/default/1690583737) AppleWebKit/537.36 (KHTML, like Gecko) Chrome/85.0.4183.121 Safari/537.36"
64.140.136.154 - - [01/Jan/2026:18:12:48 +0800] "GET /commercial/ HTTP/1.1" 200 6424 "-" "Mozilla/5.0 (Windows NT 10.0; Win64; x64) AppleWebKit/537.36 (KHTML, like Gecko) Chrome/115.0.0.0 Safari/537.36"
64.140.136.154 - - [01/Jan/2026:18:12:49 +0800] "GET /wp-includes/js/dist/hooks.min.js HTTP/1.1" 200 1941 "https://gwfencing.com.au/commercial/" "Mozilla/5.0 (Windows NT 10.0; Win64; x64) AppleWebKit/537.36 (KHTML, like Gecko) Chrome/115.0.0.0 Safari/537.36"
64.140.136.154 - - [01/Jan/2026:18:12:49 +0800] "GET /wp-includes/js/dist/i18n.min.js HTTP/1.1" 200 2229 "https://gwfencing.com.au/commercial/" "Mozilla/5.0 (Windows NT 10.0; Win64; x64) AppleWebKit/537.36 (KHTML, like Gecko) Chrome/115.0.0.0 Safari/537.36"
64.140.136.154 - - [01/Jan/2026:18:12:49 +0800] "GET /wp-includes/js/dist/vendor/wp-polyfill.min.js HTTP/1.1" 200 11852 "https://gwfencing.com.au/commercial/" "Mozilla/5.0 (Windows NT 10.0; Win64; x64) AppleWebKit/537.36 (KHTML, like Gecko) Chrome/115.0.0.0 Safari/537.36"
64.140.136.154 - - [01/Jan/2026:18:12:50 +0800] "GET /wp-content/cache/autoptimize/js/autoptimize_2753fa3c998958f85539910b5ab38b6b.js HTTP/1.1" 200 481819 "https://gwfencing.com.au/commercial/" "Mozilla/5.0 (Windows NT 10.0; Win64; x64) AppleWebKit/537.36 (KHTML, like Gecko) Chrome/115.0.0.0 Safari/537.36"
107.174.109.177 - - [01/Jan/2026:18:12:53 +0800] "GET /industrial/ HTTP/1.1" 200 6024 "-" "Mozilla/5.0 (Windows NT 10.0; Win64; x64) AppleWebKit/537.36 (KHTML, like Gecko) Chrome/109.0.0.0 Safari/537.36"
107.174.109.177 - - [01/Jan/2026:18:12:54 +0800] "GET /wp-includes/js/dist/hooks.min.js HTTP/1.1" 200 1941 "https://gwfencing.com.au/industrial/" "Mozilla/5.0 (Windows NT 10.0; Win64; x64) AppleWebKit/537.36 (KHTML, like Gecko) Chrome/109.0.0.0 Safari/537.36"
107.174.109.177 - - [01/Jan/2026:18:12:55 +0800] "GET /wp-includes/js/dist/i18n.min.js HTTP/1.1" 200 2229 "https://gwfencing.com.au/industrial/" "Mozilla/5.0 (Windows NT 10.0; Win64; x64) AppleWebKit/537.36 (KHTML, like Gecko) Chrome/109.0.0.0 Safari/537.36"
107.174.109.177 - - [01/Jan/2026:18:12:55 +0800] "GET /wp-includes/js/dist/vendor/wp-polyfill.min.js HTTP/1.1" 200 11852 "https://gwfencing.com.au/industrial/" "Mozilla/5.0 (Windows NT 10.0; Win64; x64) AppleWebKit/537.36 (KHTML, like Gecko) Chrome/109.0.0.0 Safari/537.36"
107.174.109.177 - - [01/Jan/2026:18:12:55 +0800] "GET /wp-content/cache/autoptimize/js/autoptimize_2753fa3c998958f85539910b5ab38b6b.js HTTP/1.1" 200 481819 "https://gwfencing.com.au/industrial/" "Mozilla/5.0 (Windows NT 10.0; Win64; x64) AppleWebKit/537.36 (KHTML, like Gecko) Chrome/109.0.0.0 Safari/537.36"
205.169.39.14 - - [01/Jan/2026:18:12:55 +0800] "GET / HTTP/1.1" 301 - "-" "Mozilla/5.0 (Windows NT 10.0) AppleWebKit/537.36 (KHTML, like Gecko) Chrome/106.0.0.0 Safari/537.36"
84.32.105.150 - - [01/Jan/2026:18:12:55 +0800] "GET /security-fencing/ HTTP/1.1" 200 6120 "-" "Mozilla/5.0 (Windows NT 10.0; Win64; x64) AppleWebKit/537.36 (KHTML, like Gecko) Chrome/115.0.0.0 Safari/537.36"
84.32.105.150 - - [01/Jan/2026:18:12:56 +0800] "GET /wp-includes/js/dist/hooks.min.js HTTP/1.1" 200 1941 "https://gwfencing.com.au/security-fencing/" "Mozilla/5.0 (Windows NT 10.0; Win64; x64) AppleWebKit/537.36 (KHTML, like Gecko) Chrome/115.0.0.0 Safari/537.36"
84.32.105.150 - - [01/Jan/2026:18:12:56 +0800] "GET /wp-includes/js/dist/i18n.min.js HTTP/1.1" 200 2229 "https://gwfencing.com.au/security-fencing/" "Mozilla/5.0 (Windows NT 10.0; Win64; x64) AppleWebKit/537.36 (KHTML, like Gecko) Chrome/115.0.0.0 Safari/537.36"
84.32.105.150 - - [01/Jan/2026:18:12:57 +0800] "GET /wp-includes/js/dist/vendor/wp-polyfill.min.js HTTP/1.1" 200 11852 "https://gwfencing.com.au/security-fencing/" "Mozilla/5.0 (Windows NT 10.0; Win64; x64) AppleWebKit/537.36 (KHTML, like Gecko) Chrome/115.0.0.0 Safari/537.36"
84.32.105.150 - - [01/Jan/2026:18:12:57 +0800] "GET /wp-content/cache/autoptimize/js/autoptimize_2753fa3c998958f85539910b5ab38b6b.js HTTP/1.1" 200 481819 "https://gwfencing.com.au/security-fencing/" "Mozilla/5.0 (Windows NT 10.0; Win64; x64) AppleWebKit/537.36 (KHTML, like Gecko) Chrome/115.0.0.0 Safari/537.36"
84.32.105.174 - - [01/Jan/2026:18:12:57 +0800] "GET /sporting-fencing/ HTTP/1.1" 200 6363 "-" "Mozilla/5.0 (X11; Linux x86_64; Storebot-Google/1.0) AppleWebKit/537.36 (KHTML, like Gecko) Chrome/79.0.3945.88 Safari/537.36"
84.32.105.174 - - [01/Jan/2026:18:12:58 +0800] "GET /wp-includes/js/dist/hooks.min.js HTTP/1.1" 200 1941 "https://gwfencing.com.au/sporting-fencing/" "Mozilla/5.0 (X11; Linux x86_64; Storebot-Google/1.0) AppleWebKit/537.36 (KHTML, like Gecko) Chrome/79.0.3945.88 Safari/537.36"
84.32.105.174 - - [01/Jan/2026:18:12:58 +0800] "GET /wp-includes/js/dist/i18n.min.js HTTP/1.1" 200 2229 "https://gwfencing.com.au/sporting-fencing/" "Mozilla/5.0 (X11; Linux x86_64; Storebot-Google/1.0) AppleWebKit/537.36 (KHTML, like Gecko) Chrome/79.0.3945.88 Safari/537.36"
84.32.105.174 - - [01/Jan/2026:18:12:58 +0800] "GET /wp-includes/js/dist/vendor/wp-polyfill.min.js HTTP/1.1" 200 11852 "https://gwfencing.com.au/sporting-fencing/" "Mozilla/5.0 (X11; Linux x86_64; Storebot-Google/1.0) AppleWebKit/537.36 (KHTML, like Gecko) Chrome/79.0.3945.88 Safari/537.36"
205.169.39.14 - - [01/Jan/2026:18:12:59 +0800] "GET / HTTP/1.1" 200 8308 "http://gwfencing.com.au" "Mozilla/5.0 (Windows NT 10.0) AppleWebKit/537.36 (KHTML, like Gecko) Chrome/106.0.0.0 Safari/537.36"
84.32.105.174 - - [01/Jan/2026:18:12:59 +0800] "GET /wp-content/cache/autoptimize/js/autoptimize_2753fa3c998958f85539910b5ab38b6b.js HTTP/1.1" 200 481819 "https://gwfencing.com.au/sporting-fencing/" "Mozilla/5.0 (X11; Linux x86_64; Storebot-Google/1.0) AppleWebKit/537.36 (KHTML, like Gecko) Chrome/79.0.3945.88 Safari/537.36"
45.41.143.51 - - [01/Jan/2026:18:12:59 +0800] "GET /gallery/ HTTP/1.1" 200 7082 "-" "Mozilla/5.0 (Macintosh; Intel Mac OS X 10_15_7) AppleWebKit/537.36 (KHTML, like Gecko) Chrome/113.0.0.0 Safari/537.36"
142.111.170.43 - - [01/Jan/2026:18:13:00 +0800] "GET /wp-includes/js/dist/hooks.min.js HTTP/1.1" 200 1941 "https://gwfencing.com.au/about-us/" "Mozilla/5.0 (Windows NT 10.0; Win64; x64; Valve Steam Client/default/1690583737) AppleWebKit/537.36 (KHTML, like Gecko) Chrome/85.0.4183.121 Safari/537.36"
45.41.143.51 - - [01/Jan/2026:18:13:00 +0800] "GET /wp-includes/js/dist/hooks.min.js HTTP/1.1" 200 1941 "https://gwfencing.com.au/gallery/" "Mozilla/5.0 (Macintosh; Intel Mac OS X 10_15_7) AppleWebKit/537.36 (KHTML, like Gecko) Chrome/113.0.0.0 Safari/537.36"
64.140.130.97 - - [01/Jan/2026:18:12:59 +0800] "GET /contacts/ HTTP/1.1" 200 6751 "-" "Mozilla/5.0 (Windows NT 10.0; Win64; x64; Valve Steam Client/default/1690583737) AppleWebKit/537.36 (KHTML, like Gecko) Chrome/85.0.4183.121 Safari/537.36"
45.41.143.51 - - [01/Jan/2026:18:13:00 +0800] "GET /wp-includes/js/dist/i18n.min.js HTTP/1.1" 200 2229 "https://gwfencing.com.au/gallery/" "Mozilla/5.0 (Macintosh; Intel Mac OS X 10_15_7) AppleWebKit/537.36 (KHTML, like Gecko) Chrome/113.0.0.0 Safari/537.36"
