64.140.130.97 - - [01/Jan/2026:18:13:00 +0800] "GET /wp-includes/js/dist/hooks.min.js HTTP/1.1" 200 1941 "https://gwfencing.com.au/contacts/" "Mozilla/5.0 (Windows NT 10.0; Win64; x64; Valve Steam Client/default/1690583737) AppleWebKit/537.36 (KHTML, like Gecko) Chrome/85.0.4183.121 Safari/537.36"
45.41.143.51 - - [01/Jan/2026:18:13:01 +0800] "GET /wp-includes/js/dist/vendor/wp-polyfill.min.js HTTP/1.1" 200 11852 "https://gwfencing.com.au/gallery/" "Mozilla/5.0 (Macintosh; Intel Mac OS X 10_15_7) AppleWebKit/537.36 (KHTML, like Gecko) Chrome/113.0.0.0 Safari/537.36"
64.140.130.97 - - [01/Jan/2026:18:13:01 +0800] "GET /wp-includes/js/dist/i18n.min.js HTTP/1.1" 200 2229 "https://gwfencing.com.au/contacts/" "Mozilla/5.0 (Windows NT 10.0; Win64; x64; Valve Steam Client/default/1690583737) AppleWebKit/537.36 (KHTML, like Gecko) Chrome/85.0.4183.121 Safari/537.36"
64.140.130.97 - - [01/Jan/2026:18:13:01 +0800] "GET /wp-includes/js/dist/vendor/wp-polyfill.min.js HTTP/1.1" 200 11852 "https://gwfencing.com.au/contacts/" "Mozilla/5.0 (Windows NT 10.0; Win64; x64; Valve Steam Client/default/1690583737) AppleWebKit/537.36 (KHTML, like Gecko) Chrome/85.0.4183.121 Safari/537.36"
142.111.170.43 - - [01/Jan/2026:18:13:01 +0800] "GET /wp-includes/js/dist/i18n.min.js HTTP/1.1" 200 2229 "https://gwfencing.com.au/about-us/" "Mozilla/5.0 (Windows NT 10.0; Win64; x64; Valve Steam Client/default/1690583737) AppleWebKit/537.36 (KHTML, like Gecko) Chrome/85.0.4183.121 Safari/537.36"
45.41.143.51 - - [01/Jan/2026:18:13:01 +0800] "GET /wp-content/cache/autoptimize/js/autoptimize_2753fa3c998958f85539910b5ab38b6b.js HTTP/1.1" 200 481819 "https://gwfencing.com.au/gallery/" "Mozilla/5.0 (Macintosh; Intel Mac OS X 10_15_7) AppleWebKit/537.36 (KHTML, like Gecko) Chrome/113.0.0.0 Safari/537.36"
64.140.130.97 - - [01/Jan/2026:18:13:01 +0800] "GET /wp-content/cache/autoptimize/js/autoptimize_c76c92add9b2e9ef2a2032c7f1e17636.js HTTP/1.1" 200 485666 "https://gwfencing.com.au/contacts/" "Mozilla/5.0 (Windows NT 10.0; Win64; x64; Valve Steam Client/default/1690583737) AppleWebKit/537.36 (KHTML, like Gecko) Chrome/85.0.4183.121 Safari/537.36"
67.22.62.184 - - [01/Jan/2026:18:13:01 +0800] "GET /testimonials/ HTTP/1.1" 200 6623 "-" "Mozilla/5.0 (Windows NT 10.0; Win64; x64) AppleWebKit/537.36 (KHTML, like Gecko) Chrome/109.0.0.0 Safari/537.36"
67.22.62.184 - - [01/Jan/2026:18:13:02 +0800] "GET /wp-includes/js/dist/hooks.min.js HTTP/1.1" 200 1941 "https://gwfencing.com.au/testimonials/" "Mozilla/5.0 (Windows NT 10.0; Win64; x64) AppleWebKit/537.36 (KHTML, like Gecko) Chrome/109.0.0.0 Safari/537.36"
67.22.62.184 - - [01/Jan/2026:18:13:03 +0800] "GET /wp-includes/js/dist/i18n.min.js HTTP/1.1" 200 2229 "https://gwfencing.com.au/testimonials/" "Mozilla/5.0 (Windows NT 10.0; Win64; x64) AppleWebKit/537.36 (KHTML, like Gecko) Chrome/109.0.0.0 Safari/537.36"
67.22.62.184 - - [01/Jan/2026:18:13:03 +0800] "GET /wp-includes/js/dist/vendor/wp-polyfill.min.js HTTP/1.1" 200 11852 "https://gwfencing.com.au/testimonials/" "Mozilla/5.0 (Windows NT 10.0; Win64; x64) AppleWebKit/537.36 (KHTML, like Gecko) Chrome/109.0.0.0 Safari/537.36"
64.140.130.97 - - [01/Jan/2026:18:13:03 +0800] "GET /wp-json/contact-form-7/v1/contact-forms/2051/feedback/schema HTTP/1.1" 200 1054 "https://gwfencing.com.au/contacts/" "Mozilla/5.0 (Windows NT 10.0; Win64; x64; Valve Steam Client/default/1690583737) AppleWebKit/537.36 (KHTML, like Gecko) Chrome/85.0.4183.121 Safari/537.36"
67.22.62.184 - - [01/Jan/2026:18:13:03 +0800] "GET /wp-content/cache/autoptimize/js/autoptimize_2753fa3c998958f85539910b5ab38b6b.js HTTP/1.1" 200 481819 "https://gwfencing.com.au/testimonials/" "Mozilla/5.0 (Windows NT 10.0; Win64; x64) AppleWebKit/537.36 (KHTML, like Gecko) Chrome/109.0.0.0 Safari/537.36"
142.111.170.43 - - [01/Jan/2026:18:13:51 +0800] "GET /wp-includes/js/dist/vendor/wp-polyfill.min.js HTTP/1.1" 200 11852 "https://gwfencing.com.au/about-us/" "Mozilla/5.0 (Windows NT 10.0; Win64; x64; Valve Steam Client/default/1690583737) AppleWebKit/537.36 (KHTML, like Gecko) Chrome/85.0.4183.121 Safari/537.36"
142.111.170.43 - - [01/Jan/2026:18:13:16 +0800] "GET /wp-content/cache/autoptimize/js/autoptimize_2753fa3c998958f85539910b5ab38b6b.js HTTP/1.1" 200 267178 "https://gwfencing.com.au/about-us/" "Mozilla/5.0 (Windows NT 10.0; Win64; x64; Valve Steam Client/default/1690583737) AppleWebKit/537.36 (KHTML, like Gecko) Chrome/85.0.4183.121 Safari/537.36"
85.208.96.206 - - [01/Jan/2026:18:15:52 +0800] "GET /robots.txt HTTP/1.1" 200 112 "-" "Mozilla/5.0 (compatible; SemrushBot/7~bl; +http://www.semrush.com/bot.html)"
85.208.96.209 - - [01/Jan/2026:18:15:54 +0800] "GET /about-us/ HTTP/1.1" 200 6195 "-" "Mozilla/5.0 (compatible; SemrushBot/7~bl; +http://www.semrush.com/bot.html)"
103.4.122.14 - - [01/Jan/2026:18:17:09 +0800] "POST /wp-cron.php?doing_wp_cron=1767262628.8255639076232910156250 HTTP/1.1" 200 - "-" "WordPress/6.9; https://gwfencing.com.au"
114.119.141.127 - - [01/Jan/2026:18:17:07 +0800] "GET /pg%20slot.aspx HTTP/1.1" 404 20032 "https://gwfencing.com.au/%E0%B8%97%E0%B8%B2%E0%B8%87%E0%B9%80%E0%B8%82%E0%B9%89%E0%B8%B2%20slot%20joker123%20%E0%B9%80%E0%B8%A7%E0%B9%87%E0%B8%9A%E0%B8%95%E0%B8%A3%E0%B8%87.aspx" "Mozilla/5.0 (Linux; Android 7.0;) AppleWebKit/537.36 (KHTML, like Gecko) Mobile Safari/537.36 (compatible; PetalBot;+https://webmaster.petalsearch.com/site/petalbot)"
114.119.153.171 - - [01/Jan/2026:18:18:30 +0800] "GET /allslot%20wallet.aspx HTTP/1.1" 404 20032 "https://gwfencing.com.au/%E0%B9%80%E0%B8%81%E0%B8%A1%E0%B8%AA%E0%B8%A5%E0%B9%87%E0%B8%AD%E0%B8%95.aspx" "Mozilla/5.0 (Linux; Android 7.0;) AppleWebKit/537.36 (KHTML, like Gecko) Mobile Safari/537.36 (compatible; PetalBot;+https://webmaster.petalsearch.com/site/petalbot)"
103.4.122.14 - - [01/Jan/2026:18:35:11 +0800] "POST /wp-cron.php?doing_wp_cron=1767263711.4599010944366455078125 HTTP/1.1" 200 - "-" "WordPress/6.9; https://gwfencing.com.au"
114.119.137.68 - - [01/Jan/2026:18:35:10 +0800] "GET /%E0%B8%AA%E0%B8%A5%E0%B9%87%E0%B8%AD%E0%B8%95%E0%B8%97%E0%B8%94%E0%B8%A5%E0%B8%AD%E0%B8%87%E0%B9%80%E0%B8%A5%E0%B9%88%E0%B8%99.aspx HTTP/1.1" 404 20032 "https://gwfencing.com.au/mafia%20slot%20%E0%B9%83%E0%B8%AB%E0%B8%A1%E0%B9%88%E0%B8%A5%E0%B9%88%E0%B8%B2%E0%B8%AA%E0%B8%B8%E0%B8%94.aspx" "Mozilla/5.0 (Linux; Android 7.0;) AppleWebKit/537.36 (KHTML, like Gecko) Mobile Safari/537.36 (compatible; PetalBot;+https://webmaster.petalsearch.com/site/petalbot)"
103.4.122.14 - - [01/Jan/2026:18:39:26 +0800] "POST /wp-cron.php?doing_wp_cron=1767263966.2088739871978759765625 HTTP/1.1" 200 - "-" "WordPress/6.9; https://gwfencing.com.au"
202.76.143.253 - - [01/Jan/2026:18:39:25 +0800] "GET /contacts/ HTTP/1.1" 200 6751 "-" "Mozilla/5.0 (Macintosh; U; Intel Mac OS X 10_6_6; en-US) AppleWebKit/534.18 (KHTML, like Gecko) Chrome/11.0.660.0 Safari/534.18"
103.4.122.14 - - [01/Jan/2026:18:49:32 +0800] "POST /wp-cron.php?doing_wp_cron=1767264572.0522379875183105468750 HTTP/1.1" 200 - "-" "WordPress/6.9; https://gwfencing.com.au"
114.119.133.83 - - [01/Jan/2026:18:49:31 +0800] "GET /%E0%B8%97%E0%B8%B2%E0%B8%87%E0%B9%80%E0%B8%82%E0%B9%89%E0%B8%B2s%20joker.aspx HTTP/1.1" 404 20032 "https://gwfencing.com.au/%E0%B8%8B%E0%B8%B8%E0%B8%9B%E0%B9%80%E0%B8%9B%E0%B8%AD%E0%B8%A3%E0%B9%8C%20%E0%B8%AA%E0%B8%A5%E0%B9%87%E0%B8%AD%E0%B8%95.aspx" "Mozilla/5.0 (Linux; Android 7.0;) AppleWebKit/537.36 (KHTML, like Gecko) Mobile Safari/537.36 (compatible; PetalBot;+https://webmaster.petalsearch.com/site/petalbot)"
114.119.141.127 - - [01/Jan/2026:18:50:53 +0800] "GET /%E0%B9%80%E0%B8%A7%E0%B9%87%E0%B8%9A%E0%B8%AA%E0%B8%A5%E0%B9%87%E0%B8%AD%E0%B8%95%20168%20%E0%B8%9D%E0%B8%B2%E0%B8%81%20%E0%B8%96%E0%B8%AD%E0%B8%99%20true%20wallet.aspx HTTP/1.1" 404 20032 "https://gwfencing.com.au/%E0%B8%97%E0%B8%94%E0%B8%A5%E0%B8%AD%E0%B8%87%E0%B9%80%E0%B8%A5%E0%B9%88%E0%B8%99pp.aspx" "Mozilla/5.0 (Linux; Android 7.0;) AppleWebKit/537.36 (KHTML, like Gecko) Mobile Safari/537.36 (compatible; PetalBot;+https://webmaster.petalsearch.com/site/petalbot)"
103.4.122.14 - - [01/Jan/2026:18:52:17 +0800] "POST /wp-cron.php?doing_wp_cron=1767264736.9826459884643554687500 HTTP/1.1" 200 - "-" "WordPress/6.9; https://gwfencing.com.au"
114.119.133.83 - - [01/Jan/2026:18:52:16 +0800] "GET /%E0%B8%AA%E0%B8%A5%E0%B9%87%E0%B8%AD%E0%B8%95%E0%B9%80%E0%B8%A7%E0%B9%87%E0%B8%9A%E0%B8%99%E0%B8%AD%E0%B8%81%20%E0%B8%A5%E0%B8%B4%E0%B8%82%E0%B8%AA%E0%B8%B4%E0%B8%97%E0%B8%98%E0%B8%B4%E0%B9%8C%E0%B9%81%E0%B8%97%E0%B9%89.aspx HTTP/1.1" 404 20023 "http://gwfencing.com.au/%E0%B8%AA%E0%B8%A5%E0%B9%87%E0%B8%AD%E0%B8%95888%E0%B9%80%E0%B8%A7%E0%B9%87%E0%B8%9A%E0%B8%95%E0%B8%A3%E0%B8%87%E0%B8%A7%E0%B8%AD%E0%B9%80%E0%B8%A5%E0%B8%97.aspx" "Mozilla/5.0 (Linux; Android 7.0;) AppleWebKit/537.36 (KHTML, like Gecko) Mobile Safari/537.36 (compatible; PetalBot;+https://webmaster.petalsearch.com/site/petalbot)"
114.119.145.66 - - [01/Jan/2026:18:53:39 +0800] "GET /ufabet%20%E0%B9%80%E0%B8%82%E0%B9%89%E0%B8%B2%E0%B8%AA%E0%B8%B9%E0%B9%88%E0%B8%A3%E0%B8%B0%E0%B8%9A%E0%B8%9A%20%E0%B9%80%E0%B8%A7%E0%B9%87%E0%B8%9A%E0%B8%95%E0%B8%A3%E0%B8%87100.aspx HTTP/1.1" 404 20032 "https://gwfencing.com.au/spg%20slot.aspx" "Mozilla/5.0 (Linux; Android 7.0;) AppleWebKit/537.36 (KHTML, like Gecko) Mobile Safari/537.36 (compatible; PetalBot;+https://webmaster.petalsearch.com/site/petalbot)"
103.4.122.14 - - [01/Jan/2026:19:00:39 +0800] "POST /wp-cron.php?doing_wp_cron=1767265239.4584848880767822265625 HTTP/1.1" 200 - "-" "WordPress/6.9; https://gwfencing.com.au"
66.249.70.194 - - [01/Jan/2026:19:00:38 +0800] "GET /robots.txt HTTP/1.1" 200 112 "-" "Mozilla/5.0 (compatible; Googlebot/2.1; +http://www.google.com/bot.html)"
66.249.70.196 - - [01/Jan/2026:19:00:40 +0800] "GET /contacts/ HTTP/1.1" 200 6751 "-" "Mozilla/5.0 (Linux; Android 6.0.1; Nexus 5X Build/MMB29P) AppleWebKit/537.36 (KHTML, like Gecko) Chrome/141.0.7390.122 Mobile Safari/537.36 (compatible; Googlebot/2.1; +http://www.google.com/bot.html)"
66.249.70.194 - - [01/Jan/2026:19:00:43 +0800] "GET /wp-content/themes/blazeWP/images/placeholder.svg HTTP/1.1" 200 68 "https://gwfencing.com.au/contacts/" "Mozilla/5.0 (Linux; Android 6.0.1; Nexus 5X Build/MMB29P) AppleWebKit/537.36 (KHTML, like Gecko) Chrome/141.0.7390.122 Mobile Safari/537.36 (compatible; Googlebot/2.1; +http://www.google.com/bot.html)"
66.249.70.195 - - [01/Jan/2026:19:00:44 +0800] "GET /wp-content/cache/autoptimize/css/autoptimize_288d1614b3db780884de798c6a2ad11d.css HTTP/1.1" 200 38407 "https://gwfencing.com.au/contacts/" "Mozilla/5.0 (Linux; Android 6.0.1; Nexus 5X Build/MMB29P) AppleWebKit/537.36 (KHTML, like Gecko) Chrome/141.0.7390.122 Mobile Safari/537.36 (compatible; Googlebot/2.1; +http://www.google.com/bot.html)"
66.249.70.195 - - [01/Jan/2026:19:00:44 +0800] "GET /wp-content/cache/autoptimize/js/autoptimize_c76c92add9b2e9ef2a2032c7f1e17636.js HTTP/1.1" 200 485666 "https://gwfencing.com.au/contacts/" "Mozilla/5.0 (Linux; Android 6.0.1; Nexus 5X Build/MMB29P) AppleWebKit/537.36 (KHTML, like Gecko) Chrome/141.0.7390.122 Mobile Safari/537.36 (compatible; Googlebot/2.1; +http://www.google.com/bot.html)"
66.249.70.194 - - [01/Jan/2026:19:00:46 +0800] "GET /wp-json/contact-form-7/v1/contact-forms/2051/feedback/schema HTTP/1.1" 200 1054 "https://gwfencing.com.au/contacts/" "Mozilla/5.0 (Linux; Android 6.0.1; Nexus 5X Build/MMB29P) AppleWebKit/537.36 (KHTML, like Gecko) Chrome/141.0.7390.122 Mobile Safari/537.36 (compatible; Googlebot/2.1; +http://www.google.com/bot.html)"
103.4.122.14 - - [01/Jan/2026:19:11:41 +0800] "POST /wp-cron.php?doing_wp_cron=1767265901.1387000083923339843750 HTTP/1.1" 200 - "-" "WordPress/6.9; https://gwfencing.com.au"
114.119.137.68 - - [01/Jan/2026:19:11:40 +0800] "GET /%E0%B9%82%E0%B8%9B%E0%B8%A3%E0%B8%AA%E0%B8%A5%E0%B9%87%E0%B8%AD%E0%B8%95.aspx HTTP/1.1" 404 20032 "https://gwfencing.com.au/%E0%B9%80%E0%B8%A7%E0%B9%87%E0%B8%9A%E0%B8%AA%E0%B8%A5%E0%B9%87%E0%B8%AD%E0%B8%95pg.aspx" "Mozilla/5.0 (Linux; Android 7.0;) AppleWebKit/537.36 (KHTML, like Gecko) Mobile Safari/537.36 (compatible; PetalBot;+https://webmaster.petalsearch.com/site/petalbot)"
103.4.122.14 - - [01/Jan/2026:19:13:04 +0800] "POST /wp-cron.php?doing_wp_cron=1767265983.7518529891967773437500 HTTP/1.1" 200 - "-" "WordPress/6.9; https://gwfencing.com.au"
114.119.133.83 - - [01/Jan/2026:19:13:02 +0800] "GET /%E0%B9%80%E0%B8%A7%E0%B9%87%E0%B8%9A%E0%B8%AA%E0%B8%A5%E0%B9%87%E0%B8%AD%E0%B8%95%E0%B9%83%E0%B8%AB%E0%B8%A1%E0%B9%88%E0%B8%A5%E0%B9%88%E0%B8%B2%E0%B8%AA%E0%B8%B8%E0%B8%94%E0%B9%80%E0%B8%A7%E0%B9%87%E0%B8%9A%E0%B8%95%E0%B8%A3%E0%B8%87.aspx HTTP/1.1" 404 20032 "https://gwfencing.com.au/%E0%B8%AA%E0%B8%A5%E0%B9%87%E0%B8%AD%E0%B8%95%20789.aspx" "Mozilla/5.0 (Linux; Android 7.0;) AppleWebKit/537.36 (KHTML, like Gecko) Mobile Safari/537.36 (compatible; PetalBot;+https://webmaster.petalsearch.com/site/petalbot)"
114.119.146.197 - - [01/Jan/2026:19:14:28 +0800] "GET /%E0%B8%AA%E0%B8%A5%E0%B9%87%E0%B8%AD%E0%B8%95%E0%B9%80%E0%B8%A7%E0%B9%87%E0%B8%9A%E0%B8%95%E0%B8%A3%E0%B8%87pg.aspx HTTP/1.1" 404 20032 "https://gwfencing.com.au/%E0%B9%80%E0%B8%A7%E0%B9%87%E0%B8%9B%E0%B8%AA%E0%B8%A5%E0%B9%87%E0%B8%AD%E0%B8%95%E0%B9%80%E0%B8%A7%E0%B9%87%E0%B8%9B%E0%B8%95%E0%B8%A3%E0%B8%87.aspx" "Mozilla/5.0 (Linux; Android 7.0;) AppleWebKit/537.36 (KHTML, like Gecko) Mobile Safari/537.36 (compatible; PetalBot;+https://webmaster.petalsearch.com/site/petalbot)"
114.119.137.68 - - [01/Jan/2026:19:15:49 +0800] "GET /%E0%B8%AA%E0%B8%A5%E0%B9%87%E0%B8%AD%E0%B8%95%E0%B9%80%E0%B8%A7%E0%B9%87%E0%B8%9A%E0%B8%95%E0%B8%A3%E0%B8%87%E0%B9%84%E0%B8%A1%E0%B9%88%E0%B8%9C%E0%B9%88%E0%B8%B2%E0%B8%99%E0%B9%80%E0%B8%AD%E0%B9%80%E0%B8%A2%E0%B9%88%E0%B8%99%E0%B8%95%E0%B9%8C%20777.aspx HTTP/1.1" 404 20032 "https://gwfencing.com.au/%E0%B8%AD%E0%B8%B1%E0%B8%9E%E0%B8%97%E0%B8%B9%E0%B8%A2%E0%B8%B9%E0%B8%AA%E0%B8%A5%E0%B9%87%E0%B8%AD%E0%B8%95.aspx" "Mozilla/5.0 (Linux; Android 7.0;) AppleWebKit/537.36 (KHTML, like Gecko) Mobile Safari/537.36 (compatible; PetalBot;+https://webmaster.petalsearch.com/site/petalbot)"
103.4.122.14 - - [01/Jan/2026:19:17:16 +0800] "POST /wp-cron.php?doing_wp_cron=1767266236.0821480751037597656250 HTTP/1.1" 200 - "-" "WordPress/6.9; https://gwfencing.com.au"
114.119.148.187 - - [01/Jan/2026:19:17:15 +0800] "GET /wp-json/contact-form-7/v1/contact-forms/2051/feedback HTTP/1.1" 404 114 "http://www.gwfencing.com.au/stats/usage_202211.html" "Mozilla/5.0 (Linux; Android 7.0;) AppleWebKit/537.36 (KHTML, like Gecko) Mobile Safari/537.36 (compatible; PetalBot;+https://webmaster.petalsearch.com/site/petalbot)"
114.119.153.171 - - [01/Jan/2026:19:18:38 +0800] "GET /stats/usage_202211.html HTTP/1.1" 404 20023 "http://www.gwfencing.com.au/stats/usage_202211.html" "Mozilla/5.0 (Linux; Android 7.0;) AppleWebKit/537.36 (KHTML, like Gecko) Mobile Safari/537.36 (compatible; PetalBot;+https://webmaster.petalsearch.com/site/petalbot)"
103.4.122.14 - - [01/Jan/2026:19:32:58 +0800] "POST /wp-cron.php?doing_wp_cron=1767267178.2560870647430419921875 HTTP/1.1" 200 - "-" "WordPress/6.9; https://gwfencing.com.au"
114.119.146.197 - - [01/Jan/2026:19:32:57 +0800] "GET /allslot888.aspx HTTP/1.1" 404 20032 "https://gwfencing.com.au/ufabet%20%E0%B8%97%E0%B8%B2%E0%B8%87%E0%B9%80%E0%B8%82%E0%B9%89%E0%B8%B2.aspx" "Mozilla/5.0 (Linux; Android 7.0;) AppleWebKit/537.36 (KHTML, like Gecko) Mobile Safari/537.36 (compatible; PetalBot;+https://webmaster.petalsearch.com/site/petalbot)"
81.169.226.163 - - [01/Jan/2026:19:33:33 +0800] "POST /xmlrpc.php HTTP/1.1" 405 415 "-" "Mozilla/5.0 (Windows NT 10.0; Win64; x64; rv:81.0) Gecko/20100101 Firefox/81.0"
114.119.153.171 - - [01/Jan/2026:19:34:18 +0800] "GET /%E0%B8%AA%E0%B8%A5%E0%B9%87%E0%B8%AD%E0%B8%95%E0%B9%80%E0%B8%A7%E0%B9%87%E0%B8%9A%E0%B8%95%E0%B8%A3%E0%B8%87%E0%B8%AD%E0%B8%B1%E0%B8%99%E0%B8%94%E0%B8%B1%E0%B8%9A%201.aspx HTTP/1.1" 404 20032 "https://gwfencing.com.au/pg%20%E0%B8%97%E0%B8%94%E0%B8%A5%E0%B8%AD%E0%B8%87.aspx" "Mozilla/5.0 (Linux; Android 7.0;) AppleWebKit/537.36 (KHTML, like Gecko) Mobile Safari/537.36 (compatible; PetalBot;+https://webmaster.petalsearch.com/site/petalbot)"
114.119.137.68 - - [01/Jan/2026:19:35:43 +0800] "GET /%E0%B8%94%E0%B8%B2%E0%B8%A7%E0%B8%99%E0%B9%8C%E0%B9%82%E0%B8%AB%E0%B8%A5%E0%B8%94%20918kiss%20%E0%B9%80%E0%B8%A7%E0%B8%AD%E0%B8%A3%E0%B9%8C%E0%B8%8A%E0%B8%B1%E0%B9%88%E0%B8%99%20%E0%B8%A5%E0%B9%88%E0%B8%B2%E0%B8%AA%E0%B8%B8%E0%B8%942020%20%E0%B8%A5%E0%B9%88%E0%B8%B2%E0%B8%AA%E0%B8%B8%E0%B8%94.aspx HTTP/1.1" 404 20032 "https://gwfencing.com.au/%E0%B9%80%E0%B8%A7%E0%B9%87%E0%B8%9A%20%E0%B8%AA%E0%B8%A5%E0%B9%87%E0%B8%AD%E0%B8%95%20888%20%E0%B8%9F%E0%B8%A3%E0%B8%B5%E0%B9%80%E0%B8%84%E0%B8%A3%E0%B8%94%E0%B8%B4%E0%B8%95.aspx" "Mozilla/5.0 (Linux; Android 7.0;) AppleWebKit/537.36 (KHTML, like Gecko) Mobile Safari/537.36 (compatible; PetalBot;+https://webmaster.petalsearch.com/site/petalbot)"
103.4.122.14 - - [01/Jan/2026:19:48:30 +0800] "POST /wp-cron.php?doing_wp_cron=1767268109.9532608985900878906250 HTTP/1.1" 200 - "-" "WordPress/6.9; https://gwfencing.com.au"
114.119.146.197 - - [01/Jan/2026:19:48:28 +0800] "GET /riches888%20pg.aspx HTTP/1.1" 404 20032 "https://gwfencing.com.au/%E0%B8%97%E0%B8%94%E0%B8%A5%E0%B8%AD%E0%B8%87%E0%B9%80%E0%B8%A5%E0%B9%88%E0%B8%99pg.aspx" "Mozilla/5.0 (Linux; Android 7.0;) AppleWebKit/537.36 (KHTML, like Gecko) Mobile Safari/537.36 (compatible; PetalBot;+https://webmaster.petalsearch.com/site/petalbot)"
114.119.153.171 - - [01/Jan/2026:19:49:53 +0800] "GET /%E0%B8%AA%E0%B8%A5%E0%B9%87%E0%B8%AD%E0%B8%95%20%E0%B8%97%E0%B8%94%E0%B8%A5%E0%B8%AD%E0%B8%87.aspx HTTP/1.1" 404 20032 "https://gwfencing.com.au/joker%20vip.aspx" "Mozilla/5.0 (Linux; Android 7.0;) AppleWebKit/537.36 (KHTML, like Gecko) Mobile Safari/537.36 (compatible; PetalBot;+https://webmaster.petalsearch.com/site/petalbot)"
114.119.145.66 - - [01/Jan/2026:19:51:15 +0800] "GET /%E0%B8%97%E0%B8%B2%E0%B8%87%E0%B9%80%E0%B8%82%E0%B9%89%E0%B8%B2%20slot%20joker123%20%E0%B9%80%E0%B8%A7%E0%B9%87%E0%B8%9A%E0%B8%95%E0%B8%A3%E0%B8%87.aspx HTTP/1.1" 404 20032 "https://gwfencing.com.au/fun88%20%E0%B9%80%E0%B8%82%E0%B9%89%E0%B8%B2%E0%B8%A3%E0%B8%B0%E0%B8%9A%E0%B8%9A.aspx" "Mozilla/5.0 (Linux; Android 7.0;) AppleWebKit/537.36 (KHTML, like Gecko) Mobile Safari/537.36 (compatible; PetalBot;+https://webmaster.petalsearch.com/site/petalbot)"
103.4.122.14 - - [01/Jan/2026:19:52:42 +0800] "POST /wp-cron.php?doing_wp_cron=1767268362.0857560634613037109375 HTTP/1.1" 200 - "-" "WordPress/6.9; https://gwfencing.com.au"
114.119.141.127 - - [01/Jan/2026:19:52:41 +0800] "GET /1xbet%20%E0%B9%84%E0%B8%97%E0%B8%A2.aspx HTTP/1.1" 404 20032 "https://gwfencing.com.au/www.lotto.com%20%E0%B9%80%E0%B8%82%E0%B9%89%E0%B8%B2%E0%B8%AA%E0%B8%B9%E0%B9%88%E0%B8%A3%E0%B8%B0%E0%B8%9A%E0%B8%9A.aspx" "Mozilla/5.0 (Linux; Android 7.0;) AppleWebKit/537.36 (KHTML, like Gecko) Mobile Safari/537.36 (compatible; PetalBot;+https://webmaster.petalsearch.com/site/petalbot)"
114.119.137.68 - - [01/Jan/2026:19:54:01 +0800] "GET /wp-content/themes/blazeWP/css/content.css HTTP/1.1" 200 2291 "http://www.gwfencing.com.au/stats/usage_202211.html" "Mozilla/5.0 (Linux; Android 7.0;) AppleWebKit/537.36 (KHTML, like Gecko) Mobile Safari/537.36 (compatible; PetalBot;+https://webmaster.petalsearch.com/site/petalbot)"
103.4.122.14 - - [01/Jan/2026:20:00:53 +0800] "POST /wp-cron.php?doing_wp_cron=1767268852.8820209503173828125000 HTTP/1.1" 200 - "-" "WordPress/6.9; https://gwfencing.com.au"
198.244.226.240 - - [01/Jan/2026:20:00:52 +0800] "GET /robots.txt HTTP/1.1" 200 112 "-" "Mozilla/5.0 (compatible; AhrefsBot/7.0; +http://ahrefs.com/robot/)"
15.235.98.20 - - [01/Jan/2026:20:00:57 +0800] "GET /wp-sitemap.xml HTTP/1.1" 404 18918 "-" "Mozilla/5.0 (compatible; AhrefsBot/7.0; +http://ahrefs.com/robot/)"
114.96.103.33 - - [01/Jan/2026:20:01:52 +0800] "GET / HTTP/1.1" 403 199 "-" "Mozilla/5.0 (iPhone; CPU iPhone OS 13_2_3 like Mac OS X) AppleWebKit/605.1.15 (KHTML, like Gecko) Version/13.0.3 Mobile/15E148 Safari/604.1"
103.4.122.14 - - [01/Jan/2026:20:04:42 +0800] "POST /wp-cron.php?doing_wp_cron=1767269082.8770580291748046875000 HTTP/1.1" 200 - "-" "WordPress/6.9; https://gwfencing.com.au"
66.249.64.129 - - [01/Jan/2026:20:04:42 +0800] "GET /robots.txt HTTP/1.1" 301 - "-" "Mozilla/5.0 (compatible; Googlebot/2.1; +http://www.google.com/bot.html)"
66.249.70.200 - - [01/Jan/2026:20:04:43 +0800] "GET /robots.txt HTTP/1.1" 200 112 "-" "Mozilla/5.0 (compatible; Googlebot/2.1; +http://www.google.com/bot.html)"
66.249.64.130 - - [01/Jan/2026:20:06:02 +0800] "GET /robots.txt HTTP/1.1" 301 - "-" "Mozilla/5.0 (compatible; Googlebot/2.1; +http://www.google.com/bot.html)"
66.249.70.195 - - [01/Jan/2026:20:06:03 +0800] "GET /robots.txt HTTP/1.1" 200 112 "-" "Mozilla/5.0 (compatible; Googlebot/2.1; +http://www.google.com/bot.html)"
103.4.122.14 - - [01/Jan/2026:20:06:19 +0800] "POST /wp-cron.php?doing_wp_cron=1767269179.2685298919677734375000 HTTP/1.1" 200 - "-" "WordPress/6.9; https://gwfencing.com.au"
114.119.148.187 - - [01/Jan/2026:20:06:18 +0800] "GET /slot%20pg%20vip.aspx HTTP/1.1" 404 20032 "https://gwfencing.com.au/%E0%B9%80%E0%B8%A7%E0%B9%87%E0%B8%9A%E0%B8%97%E0%B8%94%E0%B8%A5%E0%B8%AD%E0%B8%87.aspx" "Mozilla/5.0 (Linux; Android 7.0;) AppleWebKit/537.36 (KHTML, like Gecko) Mobile Safari/537.36 (compatible; PetalBot;+https://webmaster.petalsearch.com/site/petalbot)"
114.119.133.83 - - [01/Jan/2026:20:07:43 +0800] "GET /sbobet%20auto.aspx HTTP/1.1" 404 20032 "https://gwfencing.com.au/ufabet289.aspx" "Mozilla/5.0 (Linux; Android 7.0;) AppleWebKit/537.36 (KHTML, like Gecko) Mobile Safari/537.36 (compatible; PetalBot;+https://webmaster.petalsearch.com/site/petalbot)"
114.119.141.127 - - [01/Jan/2026:20:09:06 +0800] "GET /%E0%B8%AA%E0%B8%A5%E0%B9%87%E0%B8%AD%E0%B8%95%E0%B9%80%E0%B8%A7%E0%B9%87%E0%B8%9A%E0%B8%95%E0%B8%A3%E0%B8%87%20g2g%20vip.aspx HTTP/1.1" 404 20032 "https://gwfencing.com.au/%E0%B8%AA%E0%B8%A5%E0%B9%87%E0%B8%AD%E0%B8%95%20777%20%E0%B9%80%E0%B8%A7%E0%B9%87%E0%B8%9A%E0%B8%95%E0%B8%A3%E0%B8%87%20%E0%B8%A7%E0%B8%AD%E0%B9%80%E0%B8%A5%E0%B8%97.aspx" "Mozilla/5.0 (Linux; Android 7.0;) AppleWebKit/537.36 (KHTML, like Gecko) Mobile Safari/537.36 (compatible; PetalBot;+https://webmaster.petalsearch.com/site/petalbot)"
150.109.46.88 - - [01/Jan/2026:20:10:26 +0800] "GET / HTTP/1.1" 403 199 "-" "Mozilla/5.0 (iPhone; CPU iPhone OS 13_2_3 like Mac OS X) AppleWebKit/605.1.15 (KHTML, like Gecko) Version/13.0.3 Mobile/15E148 Safari/604.1"
114.119.133.83 - - [01/Jan/2026:20:10:29 +0800] "GET /%E0%B8%A7%E0%B8%AD%20%E0%B9%80%E0%B8%A5%E0%B8%97.aspx HTTP/1.1" 404 20032 "https://gwfencing.com.au/%E0%B8%97%E0%B8%B2%E0%B8%87%E0%B9%80%E0%B8%82%E0%B9%89%E0%B8%B2%E0%B8%AA%E0%B8%A5%E0%B9%87%E0%B8%AD%E0%B8%95168.aspx" "Mozilla/5.0 (Linux; Android 7.0;) AppleWebKit/537.36 (KHTML, like Gecko) Mobile Safari/537.36 (compatible; PetalBot;+https://webmaster.petalsearch.com/site/petalbot)"
114.119.148.187 - - [01/Jan/2026:20:11:53 +0800] "GET /fafa168%20%E0%B8%AA%E0%B8%A5%E0%B9%87%E0%B8%AD%E0%B8%95%E0%B9%80%E0%B8%A7%E0%B9%87%E0%B8%9A%E0%B8%95%E0%B8%A3%E0%B8%87.aspx HTTP/1.1" 404 20032 "https://gwfencing.com.au/ufa168bet.aspx" "Mozilla/5.0 (Linux; Android 7.0;) AppleWebKit/537.36 (KHTML, like Gecko) Mobile Safari/537.36 (compatible; PetalBot;+https://webmaster.petalsearch.com/site/petalbot)"
103.4.122.14 - - [01/Jan/2026:20:11:54 +0800] "POST /wp-cron.php?doing_wp_cron=1767269514.5046670436859130859375 HTTP/1.1" 200 - "-" "WordPress/6.9; https://gwfencing.com.au"
103.4.122.14 - - [01/Jan/2026:20:12:32 +0800] "POST /wp-cron.php?doing_wp_cron=1767269552.7676079273223876953125 HTTP/1.1" 200 - "-" "WordPress/6.9; https://gwfencing.com.au"
104.210.140.133 - - [01/Jan/2026:20:12:31 +0800] "GET /robots.txt HTTP/1.1" 200 112 "-" "Mozilla/5.0 (Macintosh; Intel Mac OS X 10_15_7) AppleWebKit/537.36 (KHTML, like Gecko) Chrome/131.0.0.0 Safari/537.36; compatible; OAI-SearchBot/1.0; +https://openai.com/searchbot"
114.119.141.127 - - [01/Jan/2026:20:13:17 +0800] "GET /%E0%B8%97%E0%B8%94%E0%B8%A5%E0%B8%AD%E0%B8%87%E0%B9%80%E0%B8%A5%E0%B9%88%E0%B8%99%E0%B8%AA%E0%B8%A5%E0%B9%87%E0%B8%AD%E0%B8%9599.aspx HTTP/1.1" 404 20032 "https://gwfencing.com.au/pay69%20%E0%B8%AA%E0%B8%A5%E0%B9%87%E0%B8%AD%E0%B8%95.aspx" "Mozilla/5.0 (Linux; Android 7.0;) AppleWebKit/537.36 (KHTML, like Gecko) Mobile Safari/537.36 (compatible; PetalBot;+https://webmaster.petalsearch.com/site/petalbot)"
103.4.122.14 - - [01/Jan/2026:20:26:17 +0800] "POST /wp-cron.php?doing_wp_cron=1767270377.9517610073089599609375 HTTP/1.1" 200 - "-" "WordPress/6.9; https://gwfencing.com.au"
114.119.133.83 - - [01/Jan/2026:20:26:17 +0800] "GET /%E0%B8%AA%E0%B8%A5%E0%B9%87%E0%B8%AD%E0%B8%95%20pg%20%E0%B9%80%E0%B8%A7%E0%B9%87%E0%B8%9A%E0%B8%95%E0%B8%A3%E0%B8%87%20%E0%B9%84%E0%B8%A1%E0%B9%88%E0%B8%9C%E0%B9%88%E0%B8%B2%E0%B8%99%E0%B9%80%E0%B8%AD%E0%B9%80%E0%B8%A2%E0%B9%88%E0%B8%99%E0%B8%95%E0%B9%8C%E0%B8%9D%E0%B8%B2%E0%B8%81%E0%B8%96%E0%B8%AD%E0%B8%99%E0%B9%84%E0%B8%A1%E0%B9%88%E0%B8%A1%E0%B8%B5%E0%B8%82%E0%B8%B1%E0%B9%89%E0%B8%99%E0%B8%95%E0%B9%88%E0%B9%8D%E0%B8%B2.aspx HTTP/1.1" 404 20023 "http://gwfencing.com.au/%E0%B8%97%E0%B8%94%E0%B8%A5%E0%B8%AD%E0%B8%87%E0%B9%80%E0%B8%A5%E0%B9%88%E0%B8%99%E0%B8%AA%E0%B8%A5%E0%B9%87%E0%B8%AD%E0%B8%95%E0%B8%9F%E0%B8%A3%E0%B8%B5%20%E0%B8%96%E0%B8%AD%E0%B8%99%E0%B9%84%E0%B8%94%E0%B9%89.aspx" "Mozilla/5.0 (Linux; Android 7.0;) AppleWebKit/537.36 (KHTML, like Gecko) Mobile Safari/537.36 (compatible; PetalBot;+https://webmaster.petalsearch.com/site/petalbot)"
103.4.122.14 - - [01/Jan/2026:20:29:30 +0800] "POST /wp-cron.php?doing_wp_cron=1767270569.9803049564361572265625 HTTP/1.1" 200 - "-" "WordPress/6.9; https://gwfencing.com.au"
209.38.127.38 - - [01/Jan/2026:20:29:29 +0800] "GET / HTTP/1.1" 301 - "-" "Mozilla/5.0 (Windows; U; Windows NT 6.1; cs; rv:1.9.2.4) Gecko/20100513 Firefox/3.6.4 (.NET CLR 3.5.30729)"
14.240.98.199 - - [01/Jan/2026:20:29:31 +0800] "GET / HTTP/1.1" 200 8308 "-" "Mozilla/5.0 (Windows; U; Windows NT 6.1; cs; rv:1.9.2.4) Gecko/20100513 Firefox/3.6.4 (.NET CLR 3.5.30729)"
103.4.122.14 - - [01/Jan/2026:20:31:46 +0800] "POST /wp-cron.php?doing_wp_cron=1767270706.7663500308990478515625 HTTP/1.1" 200 - "-" "WordPress/6.9; https://gwfencing.com.au"
114.119.145.66 - - [01/Jan/2026:20:31:45 +0800] "GET /%E0%B8%97%E0%B8%B2%E0%B8%87%E0%B9%80%E0%B8%82%E0%B9%89%E0%B8%B2pg%20%E0%B8%A1%E0%B8%B7%E0%B8%AD%E0%B8%96%E0%B8%B7%E0%B8%AD.aspx HTTP/1.1" 404 20032 "https://gwfencing.com.au/%E0%B8%AA%E0%B8%A5%E0%B9%87%E0%B8%AD%E0%B8%95%20%E0%B8%97%E0%B8%94%E0%B8%A5%E0%B8%AD%E0%B8%87%E0%B9%80%E0%B8%A5%E0%B9%88%E0%B8%99%E0%B8%9F%E0%B8%A3%E0%B8%B5%20pg.aspx" "Mozilla/5.0 (Linux; Android 7.0;) AppleWebKit/537.36 (KHTML, like Gecko) Mobile Safari/537.36 (compatible; PetalBot;+https://webmaster.petalsearch.com/site/petalbot)"
43.133.91.48 - - [01/Jan/2026:20:41:24 +0800] "GET / HTTP/1.1" 403 199 "-" "Mozilla/5.0 (iPhone; CPU iPhone OS 13_2_3 like Mac OS X) AppleWebKit/605.1.15 (KHTML, like Gecko) Version/13.0.3 Mobile/15E148 Safari/604.1"
103.4.122.14 - - [01/Jan/2026:20:45:54 +0800] "POST /wp-cron.php?doing_wp_cron=1767271554.2620389461517333984375 HTTP/1.1" 200 - "-" "WordPress/6.9; https://gwfencing.com.au"
52.167.144.169 - - [01/Jan/2026:20:45:53 +0800] "GET /commercial HTTP/1.1" 301 - "-" "Mozilla/5.0 AppleWebKit/537.36 (KHTML, like Gecko; compatible; bingbot/2.0; +http://www.bing.com/bingbot.htm) Chrome/116.0.1938.76 Safari/537.36"
52.167.144.169 - - [01/Jan/2026:20:45:55 +0800] "GET /commercial/ HTTP/1.1" 200 6424 "-" "Mozilla/5.0 AppleWebKit/537.36 (KHTML, like Gecko; compatible; bingbot/2.0; +http://www.bing.com/bingbot.htm) Chrome/116.0.1938.76 Safari/537.36"
103.4.122.14 - - [01/Jan/2026:20:48:20 +0800] "POST /wp-cron.php?doing_wp_cron=1767271700.0498650074005126953125 HTTP/1.1" 200 - "-" "WordPress/6.9; https://gwfencing.com.au"
114.119.157.231 - - [01/Jan/2026:20:48:19 +0800] "GET /?C=N%3BO%3DD HTTP/1.1" 200 8308 "https://gwfencing.com.au/?C=D%3BO%3DA" "Mozilla/5.0 (Linux; Android 7.0;) AppleWebKit/537.36 (KHTML, like Gecko) Mobile Safari/537.36 (compatible; PetalBot;+https://webmaster.petalsearch.com/site/petalbot)"
114.119.148.187 - - [01/Jan/2026:20:49:42 +0800] "GET /%E0%B8%AA%E0%B8%A5%E0%B9%87%E0%B8%AD%E0%B8%95777%20pg.aspx HTTP/1.1" 404 20032 "https://gwfencing.com.au/%E0%B9%80%E0%B8%A7%E0%B9%87%E0%B8%9A%E0%B8%AA%E0%B8%A5%E0%B9%87%E0%B8%AD%E0%B8%95%E0%B8%AD%E0%B8%B1%E0%B8%99%E0%B8%94%E0%B8%B1%E0%B8%9A%201%20%E0%B8%82%E0%B8%AD%E0%B8%87%E0%B9%82%E0%B8%A5%E0%B8%81.aspx" "Mozilla/5.0 (Linux; Android 7.0;) AppleWebKit/537.36 (KHTML, like Gecko) Mobile Safari/537.36 (compatible; PetalBot;+https://webmaster.petalsearch.com/site/petalbot)"
114.119.157.231 - - [01/Jan/2026:20:51:08 +0800] "GET /%E0%B8%97%E0%B8%94%E0%B8%A5%E0%B8%AD%E0%B8%87%E0%B9%80%E0%B8%A5%E0%B9%88%E0%B8%99%E0%B8%AA%E0%B8%A5%E0%B9%87%E0%B8%AD%E0%B8%95%20pg%20%E0%B8%8B%E0%B8%B7%E0%B9%89%E0%B8%AD%E0%B8%9F%E0%B8%B5%E0%B9%80%E0%B8%88%E0%B8%AD%E0%B8%A3%E0%B9%8C.aspx HTTP/1.1" 404 20032 "https://gwfencing.com.au/%E0%B8%AD%E0%B8%B2%E0%B8%A3%E0%B9%8C%E0%B9%80%E0%B8%99%E0%B9%88%20%E0%B8%AA%E0%B8%A5%E0%B9%87%E0%B8%AD%E0%B8%95.aspx" "Mozilla/5.0 (Linux; Android 7.0;) AppleWebKit/537.36 (KHTML, like Gecko) Mobile Safari/537.36 (compatible; PetalBot;+https://webmaster.petalsearch.com/site/petalbot)"
103.4.122.14 - - [01/Jan/2026:20:52:30 +0800] "POST /wp-cron.php?doing_wp_cron=1767271949.7913379669189453125000 HTTP/1.1" 200 - "-" "WordPress/6.9; https://gwfencing.com.au"
114.119.141.127 - - [01/Jan/2026:20:52:28 +0800] "GET /miami%20club%20%E0%B8%AA%E0%B8%A5%E0%B9%87%E0%B8%AD%E0%B8%95.aspx HTTP/1.1" 404 20032 "https://gwfencing.com.au/%E0%B8%AA%E0%B8%A5%E0%B9%87%E0%B8%AD%E0%B8%95%20789.aspx" "Mozilla/5.0 (Linux; Android 7.0;) AppleWebKit/537.36 (KHTML, like Gecko) Mobile Safari/537.36 (compatible; PetalBot;+https://webmaster.petalsearch.com/site/petalbot)"
114.119.146.197 - - [01/Jan/2026:20:53:53 +0800] "GET /%E0%B8%97%E0%B8%94%E0%B8%A5%E0%B8%AD%E0%B8%87%E0%B9%80%E0%B8%A5%E0%B9%88%E0%B8%99%E0%B8%9A%E0%B8%B2%E0%B8%84%E0%B8%B2%E0%B8%A3%E0%B9%88%E0%B8%B2%E0%B9%80%E0%B8%8A%E0%B9%87%E0%B8%81%E0%B8%8A%E0%B8%B5%E0%B9%88.aspx HTTP/1.1" 404 20032 "https://gwfencing.com.au/betflik%20%E0%B8%97%E0%B8%B2%E0%B8%87%E0%B9%80%E0%B8%82%E0%B9%89%E0%B8%B2.aspx" "Mozilla/5.0 (Linux; Android 7.0;) AppleWebKit/537.36 (KHTML, like Gecko) Mobile Safari/537.36 (compatible; PetalBot;+https://webmaster.petalsearch.com/site/petalbot)"
114.119.145.66 - - [01/Jan/2026:20:55:18 +0800] "GET /www.ufabet.com%20%E0%B8%A5%E0%B8%B4%E0%B9%89%E0%B8%87%E0%B9%80%E0%B8%82%E0%B9%89%E0%B8%B2%E0%B8%A3%E0%B8%B0%E0%B8%9A%E0%B8%9A24.aspx HTTP/1.1" 404 20032 "https://gwfencing.com.au/%E0%B8%AA%E0%B8%A5%E0%B9%87%E0%B8%AD%E0%B8%95%20888%20%E0%B8%9F%E0%B8%A3%E0%B8%B5%E0%B9%80%E0%B8%84%E0%B8%A3%E0%B8%94%E0%B8%B4%E0%B8%95%2050.aspx" "Mozilla/5.0 (Linux; Android 7.0;) AppleWebKit/537.36 (KHTML, like Gecko) Mobile Safari/537.36 (compatible; PetalBot;+https://webmaster.petalsearch.com/site/petalbot)"
103.4.122.14 - - [01/Jan/2026:20:56:39 +0800] "POST /wp-cron.php?doing_wp_cron=1767272199.6084480285644531250000 HTTP/1.1" 200 - "-" "WordPress/6.9; https://gwfencing.com.au"
114.119.145.66 - - [01/Jan/2026:20:56:38 +0800] "GET /u31%20%E0%B9%80%E0%B8%84%E0%B8%A3%E0%B8%94%E0%B8%B4%E0%B8%95%E0%B8%9F%E0%B8%A3%E0%B8%B5%2031%20%E0%B8%9A%E0%B8%B2%E0%B8%97.aspx HTTP/1.1" 404 20023 "http://gwfencing.com.au/15%E0%B8%A3%E0%B8%B1%E0%B8%9A100.aspx" "Mozilla/5.0 (Linux; Android 7.0;) AppleWebKit/537.36 (KHTML, like Gecko) Mobile Safari/537.36 (compatible; PetalBot;+https://webmaster.petalsearch.com/site/petalbot)"
114.119.137.68 - - [01/Jan/2026:20:58:02 +0800] "GET /slot1234.aspx HTTP/1.1" 404 20023 "http://gwfencing.com.au/ruay.%20org%20%E0%B9%80%E0%B8%82%E0%B9%89%E0%B8%B2%E0%B8%AA%E0%B8%B9%E0%B9%88%E0%B8%A3%E0%B8%B0%E0%B8%9A%E0%B8%9A.aspx" "Mozilla/5.0 (Linux; Android 7.0;) AppleWebKit/537.36 (KHTML, like Gecko) Mobile Safari/537.36 (compatible; PetalBot;+https://webmaster.petalsearch.com/site/petalbot)"
114.119.141.127 - - [01/Jan/2026:20:59:30 +0800] "GET /slot%E0%B9%80%E0%B8%84%E0%B8%A3%E0%B8%94%E0%B8%B4%E0%B8%95%E0%B8%9F%E0%B8%A3%E0%B8%B5.aspx HTTP/1.1" 404 20032 "https://gwfencing.com.au/%E0%B8%AA%E0%B8%A5%E0%B9%87%E0%B8%AD%E0%B8%95%20888.aspx" "Mozilla/5.0 (Linux; Android 7.0;) AppleWebKit/537.36 (KHTML, like Gecko) Mobile Safari/537.36 (compatible; PetalBot;+https://webmaster.petalsearch.com/site/petalbot)"
103.4.122.14 - - [01/Jan/2026:21:02:19 +0800] "POST /wp-cron.php?doing_wp_cron=1767272539.0483739376068115234375 HTTP/1.1" 200 - "-" "WordPress/6.9; https://gwfencing.com.au"
114.119.157.231 - - [01/Jan/2026:21:02:18 +0800] "GET /ufa%20vip.aspx HTTP/1.1" 404 20032 "https://gwfencing.com.au/galaxy%20auto%20slot.aspx" "Mozilla/5.0 (Linux; Android 7.0;) AppleWebKit/537.36 (KHTML, like Gecko) Mobile Safari/537.36 (compatible; PetalBot;+https://webmaster.petalsearch.com/site/petalbot)"
114.119.148.187 - - [01/Jan/2026:21:02:54 +0800] "GET /%E0%B8%AA%E0%B8%A5%E0%B9%87%E0%B8%AD%E0%B8%95%E0%B9%80%E0%B8%84%E0%B8%A3%E0%B8%94%E0%B8%B4%E0%B8%95%E0%B8%9F%E0%B8%A3%E0%B8%B5%20100%20%E0%B9%84%E0%B8%A1%E0%B9%88%E0%B8%95%E0%B9%89%E0%B8%AD%E0%B8%87%E0%B9%81%E0%B8%8A%E0%B8%A3%E0%B9%8C%202024.aspx HTTP/1.1" 404 20032 "https://gwfencing.com.au/%E0%B8%9A%E0%B8%B2%E0%B8%84%E0%B8%B2%E0%B8%A3%E0%B9%88%E0%B8%B2%E0%B9%80%E0%B8%A7%E0%B9%87%E0%B8%9A%E0%B8%95%E0%B8%A3%E0%B8%87.aspx" "Mozilla/5.0 (Linux; Android 7.0;) AppleWebKit/537.36 (KHTML, like Gecko) Mobile Safari/537.36 (compatible; PetalBot;+https://webmaster.petalsearch.com/site/petalbot)"
114.119.141.127 - - [01/Jan/2026:21:03:38 +0800] "GET /%E0%B8%A3%E0%B8%A7%E0%B8%A1%E0%B9%80%E0%B8%A7%E0%B9%87%E0%B8%9A%20betflix.aspx HTTP/1.1" 404 20032 "https://gwfencing.com.au/%E0%B9%80%E0%B8%84%E0%B8%A3%E0%B8%94%E0%B8%B4%E0%B8%95%E0%B8%9F%E0%B8%A3%E0%B8%B5188.aspx" "Mozilla/5.0 (Linux; Android 7.0;) AppleWebKit/537.36 (KHTML, like Gecko) Mobile Safari/537.36 (compatible; PetalBot;+https://webmaster.petalsearch.com/site/petalbot)"
114.119.145.66 - - [01/Jan/2026:21:05:03 +0800] "GET /h25%20com%20%E0%B8%AA%E0%B8%A5%E0%B9%87%E0%B8%AD%E0%B8%95.aspx HTTP/1.1" 404 20032 "https://gwfencing.com.au/%E0%B9%80%E0%B8%A7%E0%B9%87%E0%B8%9A%E0%B8%AA%E0%B8%A5%E0%B9%87%E0%B8%AD%E0%B8%95%20%E0%B8%97%E0%B8%B5%E0%B9%88%20%E0%B8%A1%E0%B8%B5%20%E0%B8%84%E0%B8%99%20%E0%B9%80%E0%B8%A5%E0%B9%88%E0%B8%99%20%E0%B8%A1%E0%B8%B2%E0%B8%81%20%E0%B8%97%E0%B8%B5%E0%B9%88%E0%B8%AA%E0%B8%B8%E0%B8%94.aspx" "Mozilla/5.0 (Linux; Android 7.0;) AppleWebKit/537.36 (KHTML, like Gecko) Mobile Safari/537.36 (compatible; PetalBot;+https://webmaster.petalsearch.com/site/petalbot)"
103.4.122.14 - - [01/Jan/2026:21:06:26 +0800] "POST /wp-cron.php?doing_wp_cron=1767272786.1755089759826660156250 HTTP/1.1" 200 - "-" "WordPress/6.9; https://gwfencing.com.au"
114.119.141.127 - - [01/Jan/2026:21:06:25 +0800] "GET /pg%20slot%20vip.aspx HTTP/1.1" 404 20032 "https://gwfencing.com.au/%E0%B8%97%E0%B8%B2%E0%B8%87%E0%B9%80%E0%B8%82%E0%B9%89%E0%B8%B2pg%20%E0%B8%A1%E0%B8%B7%E0%B8%AD%E0%B8%96%E0%B8%B7%E0%B8%AD.aspx" "Mozilla/5.0 (Linux; Android 7.0;) AppleWebKit/537.36 (KHTML, like Gecko) Mobile Safari/537.36 (compatible; PetalBot;+https://webmaster.petalsearch.com/site/petalbot)"
114.119.157.231 - - [01/Jan/2026:21:07:48 +0800] "GET /%E0%B8%AA%E0%B8%A5%E0%B9%87%E0%B8%AD%E0%B8%9588.aspx HTTP/1.1" 404 20032 "https://gwfencing.com.au/%E0%B9%80%E0%B8%A7%E0%B9%87%E0%B8%9B%E0%B8%AA%E0%B8%A5%E0%B9%87%E0%B8%AD%E0%B8%95%E0%B9%80%E0%B8%A7%E0%B9%87%E0%B8%9B%E0%B8%95%E0%B8%A3%E0%B8%87.aspx" "Mozilla/5.0 (Linux; Android 7.0;) AppleWebKit/537.36 (KHTML, like Gecko) Mobile Safari/537.36 (compatible; PetalBot;+https://webmaster.petalsearch.com/site/petalbot)"
114.119.157.231 - - [01/Jan/2026:21:09:11 +0800] "GET /%E0%B8%A3%E0%B8%A7%E0%B8%A1%E0%B9%80%E0%B8%A7%E0%B9%87%E0%B8%9A%E0%B8%AA%E0%B8%A5%E0%B9%87%E0%B8%AD%E0%B8%95%20888.aspx HTTP/1.1" 404 20032 "https://gwfencing.com.au/99mb%20%E0%B8%AA%E0%B8%A5%E0%B9%87%E0%B8%AD%E0%B8%95.aspx" "Mozilla/5.0 (Linux; Android 7.0;) AppleWebKit/537.36 (KHTML, like Gecko) Mobile Safari/537.36 (compatible; PetalBot;+https://webmaster.petalsearch.com/site/petalbot)"
114.119.145.66 - - [01/Jan/2026:21:10:35 +0800] "GET /slot%20pg%20wallet.aspx HTTP/1.1" 404 20023 "http://gwfencing.com.au/%E0%B8%9B%E0%B8%B1%E0%B9%88%E0%B8%99%E0%B8%AA%E0%B8%A5%E0%B9%87%E0%B8%AD%E0%B8%95%20%E0%B9%80%E0%B8%A7%E0%B9%87%E0%B8%9A%E0%B9%84%E0%B8%AB%E0%B8%99%E0%B8%94%E0%B8%B5.aspx" "Mozilla/5.0 (Linux; Android 7.0;) AppleWebKit/537.36 (KHTML, like Gecko) Mobile Safari/537.36 (compatible; PetalBot;+https://webmaster.petalsearch.com/site/petalbot)"
103.4.122.14 - - [01/Jan/2026:21:12:01 +0800] "POST /wp-cron.php?doing_wp_cron=1767273121.1616370677947998046875 HTTP/1.1" 200 - "-" "WordPress/6.9; https://gwfencing.com.au"
114.119.146.197 - - [01/Jan/2026:21:12:00 +0800] "GET /%E0%B9%80%E0%B8%A7%E0%B9%87%E0%B8%9A%E0%B8%AA%E0%B8%A5%E0%B9%87%E0%B8%AD%E0%B8%95%E0%B8%97%E0%B8%94%E0%B8%A5%E0%B8%AD%E0%B8%87.aspx HTTP/1.1" 404 20023 "http://gwfencing.com.au/%E0%B8%AA%E0%B8%A5%E0%B9%87%E0%B8%AD%E0%B8%95%20wallet%20%E0%B9%80%E0%B8%84%E0%B8%A3%E0%B8%94%E0%B8%B4%E0%B8%95%E0%B8%9F%E0%B8%A3%E0%B8%B550.aspx" "Mozilla/5.0 (Linux; Android 7.0;) AppleWebKit/537.36 (KHTML, like Gecko) Mobile Safari/537.36 (compatible; PetalBot;+https://webmaster.petalsearch.com/site/petalbot)"
74.7.175.159 - - [01/Jan/2026:21:12:13 +0800] "GET /robots.txt HTTP/1.1" 301 - "-" "Mozilla/5.0 (Macintosh; Intel Mac OS X 10_15_7) AppleWebKit/537.36 (KHTML, like Gecko) Chrome/131.0.0.0 Safari/537.36; compatible; OAI-SearchBot/1.3; robots.txt; +https://openai.com/searchbot"
74.7.242.4 - - [01/Jan/2026:21:12:12 +0800] "GET / HTTP/1.1" 301 - "-" "Mozilla/5.0 AppleWebKit/537.36 (KHTML, like Gecko; compatible; GPTBot/1.3; +https://openai.com/gptbot)"
74.7.175.159 - - [01/Jan/2026:21:12:14 +0800] "GET /robots.txt HTTP/1.1" 200 112 "https://www.gwfencing.com.au/robots.txt" "Mozilla/5.0 (Macintosh; Intel Mac OS X 10_15_7) AppleWebKit/537.36 (KHTML, like Gecko) Chrome/131.0.0.0 Safari/537.36; compatible; OAI-SearchBot/1.3; robots.txt; +https://openai.com/searchbot"
114.119.133.83 - - [01/Jan/2026:21:13:26 +0800] "GET /%E0%B8%AA%E0%B8%A5%E0%B9%87%E0%B8%AD%E0%B8%95noname%20888.aspx HTTP/1.1" 404 20023 "http://gwfencing.com.au/ufa356%20%E0%B8%97%E0%B8%B2%E0%B8%87%E0%B9%80%E0%B8%82%E0%B9%89%E0%B8%B2.aspx" "Mozilla/5.0 (Linux; Android 7.0;) AppleWebKit/537.36 (KHTML, like Gecko) Mobile Safari/537.36 (compatible; PetalBot;+https://webmaster.petalsearch.com/site/petalbot)"
114.119.141.127 - - [01/Jan/2026:21:14:50 +0800] "GET /%E0%B8%9A%E0%B8%B2%E0%B8%84%E0%B8%B2%E0%B8%A3%E0%B9%88%E0%B8%B2%E0%B9%80%E0%B8%A7%E0%B9%87%E0%B8%9A%E0%B8%95%E0%B8%A3%E0%B8%87%E0%B9%84%E0%B8%A1%E0%B9%88%E0%B8%9C%E0%B9%88%E0%B8%B2%E0%B8%99%E0%B9%80%E0%B8%AD%E0%B9%80%E0%B8%A2%E0%B9%88%E0%B8%99%E0%B8%95%E0%B9%8C.aspx HTTP/1.1" 404 20023 "http://gwfencing.com.au/%E0%B8%AA%E0%B8%A5%E0%B9%87%E0%B8%AD%E0%B8%95%E0%B8%97%E0%B8%94%E0%B8%A5%E0%B8%AD%E0%B8%8799.aspx" "Mozilla/5.0 (Linux; Android 7.0;) AppleWebKit/537.36 (KHTML, like Gecko) Mobile Safari/537.36 (compatible; PetalBot;+https://webmaster.petalsearch.com/site/petalbot)"
114.119.133.83 - - [01/Jan/2026:21:16:10 +0800] "GET /%E0%B8%97%E0%B8%94%E0%B8%A5%E0%B8%AD%E0%B8%87%E0%B9%80%E0%B8%A5%E0%B9%88%E0%B8%99%E0%B8%AA%E0%B8%A5%E0%B9%87%E0%B8%AD%E0%B8%95%20pg%20%E0%B9%84%E0%B8%94%E0%B9%89%E0%B9%80%E0%B8%87%E0%B8%B4%E0%B8%99%E0%B8%88%E0%B8%A3%E0%B8%B4%E0%B8%87.aspx HTTP/1.1" 404 20032 "https://gwfencing.com.au/%E0%B8%97%E0%B8%B2%E0%B8%87%E0%B9%80%E0%B8%82%E0%B9%89%E0%B8%B2%20slot%20joker123%20%E0%B9%80%E0%B8%A7%E0%B9%87%E0%B8%9A%E0%B8%95%E0%B8%A3%E0%B8%87.aspx" "Mozilla/5.0 (Linux; Android 7.0;) AppleWebKit/537.36 (KHTML, like Gecko) Mobile Safari/537.36 (compatible; PetalBot;+https://webmaster.petalsearch.com/site/petalbot)"
103.4.122.14 - - [01/Jan/2026:21:17:33 +0800] "POST /wp-cron.php?doing_wp_cron=1767273453.6954319477081298828125 HTTP/1.1" 200 - "-" "WordPress/6.9; https://gwfencing.com.au"
114.119.146.197 - - [01/Jan/2026:21:17:32 +0800] "GET /%E0%B8%97%E0%B8%B2%E0%B8%87%E0%B9%80%E0%B8%82%E0%B9%89%E0%B8%B2%E0%B8%AA%E0%B8%A5%E0%B9%87%E0%B8%AD%E0%B8%95168.aspx HTTP/1.1" 404 20023 "http://gwfencing.com.au/%E0%B8%AA%E0%B8%A1%E0%B8%B1%E0%B8%84%E0%B8%A3slotxo.aspx" "Mozilla/5.0 (Linux; Android 7.0;) AppleWebKit/537.36 (KHTML, like Gecko) Mobile Safari/537.36 (compatible; PetalBot;+https://webmaster.petalsearch.com/site/petalbot)"
103.4.122.14 - - [01/Jan/2026:21:23:22 +0800] "POST /wp-cron.php?doing_wp_cron=1767273801.9258599281311035156250 HTTP/1.1" 200 - "-" "WordPress/6.9; https://gwfencing.com.au"
40.77.167.155 - - [01/Jan/2026:21:23:20 +0800] "GET /about-us/ HTTP/1.1" 200 6195 "-" "Mozilla/5.0 AppleWebKit/537.36 (KHTML, like Gecko; compatible; bingbot/2.0; +http://www.bing.com/bingbot.htm) Chrome/116.0.1938.76 Safari/537.36"
66.29.147.6 - - [01/Jan/2026:21:25:04 +0800] "POST /xmlrpc.php HTTP/1.1" 405 415 "-" "Mozilla/5.0 (Windows NT 10.0; Win64; x64; rv:66.0) Gecko/20100101 Firefox/66.0"
103.4.122.14 - - [01/Jan/2026:21:54:43 +0800] "POST /wp-cron.php?doing_wp_cron=1767275683.4048988819122314453125 HTTP/1.1" 200 - "-" "WordPress/6.9; https://gwfencing.com.au"
114.119.157.231 - - [01/Jan/2026:21:54:42 +0800] "GET /1xbet%20%E0%B9%84%E0%B8%97%E0%B8%A2.aspx HTTP/1.1" 404 20032 "https://gwfencing.com.au/www.lotto.com%20%E0%B9%80%E0%B8%82%E0%B9%89%E0%B8%B2%E0%B8%AA%E0%B8%B9%E0%B9%88%E0%B8%A3%E0%B8%B0%E0%B8%9A%E0%B8%9A.aspx" "Mozilla/5.0 (Linux; Android 7.0;) AppleWebKit/537.36 (KHTML, like Gecko) Mobile Safari/537.36 (compatible; PetalBot;+https://webmaster.petalsearch.com/site/petalbot)"
114.119.133.83 - - [01/Jan/2026:21:56:06 +0800] "GET /warpufa.aspx HTTP/1.1" 404 20032 "https://gwfencing.com.au/slot%20pg%20vip.aspx" "Mozilla/5.0 (Linux; Android 7.0;) AppleWebKit/537.36 (KHTML, like Gecko) Mobile Safari/537.36 (compatible; PetalBot;+https://webmaster.petalsearch.com/site/petalbot)"
114.119.137.68 - - [01/Jan/2026:21:57:33 +0800] "GET /wp-content/uploads/2019/09/norfolk-wilston-052_orig-1024x768.jpg HTTP/1.1" 200 149275 "https://gwfencing.com.au/gallery/" "Mozilla/5.0 (Linux; Android 7.0;) AppleWebKit/537.36 (KHTML, like Gecko) Mobile Safari/537.36 (compatible; PetalBot;+https://webmaster.petalsearch.com/site/petalbot)"
103.4.122.14 - - [01/Jan/2026:21:58:55 +0800] "POST /wp-cron.php?doing_wp_cron=1767275935.6099200248718261718750 HTTP/1.1" 200 - "-" "WordPress/6.9; https://gwfencing.com.au"
114.119.153.171 - - [01/Jan/2026:21:58:54 +0800] "GET /ufabet%20wallet.aspx HTTP/1.1" 404 20032 "https://gwfencing.com.au/%E0%B8%AA%E0%B8%A5%E0%B9%87%E0%B8%AD%E0%B8%95%E0%B8%A7%E0%B8%AD%E0%B9%80%E0%B8%A5%E0%B8%97%E0%B9%80%E0%B8%A7%E0%B9%87%E0%B8%9A%E0%B8%95%E0%B8%A3%E0%B8%87.aspx" "Mozilla/5.0 (Linux; Android 7.0;) AppleWebKit/537.36 (KHTML, like Gecko) Mobile Safari/537.36 (compatible; PetalBot;+https://webmaster.petalsearch.com/site/petalbot)"
114.119.145.66 - - [01/Jan/2026:22:00:17 +0800] "GET /ufaauto.aspx HTTP/1.1" 404 20032 "https://gwfencing.com.au/gallery" "Mozilla/5.0 (Linux; Android 7.0;) AppleWebKit/537.36 (KHTML, like Gecko) Mobile Safari/537.36 (compatible; PetalBot;+https://webmaster.petalsearch.com/site/petalbot)"
98.84.99.63 - - [01/Jan/2026:22:00:33 +0800] "GET / HTTP/1.1" 200 8308 "-" "Mozilla/5.0 (Windows NT 10.0; Win64; x64) AppleWebKit/537.36 (KHTML, like Gecko) Chrome/86.0.4240.75 Safari/537.36"
103.4.122.14 - - [01/Jan/2026:22:01:50 +0800] "POST /wp-cron.php?doing_wp_cron=1767276110.4147689342498779296875 HTTP/1.1" 200 - "-" "WordPress/6.9; https://gwfencing.com.au"
114.119.153.171 - - [01/Jan/2026:22:01:49 +0800] "GET /ufa168bet.aspx HTTP/1.1" 404 20032 "https://gwfencing.com.au/w69%20slot%20%E0%B9%80%E0%B8%84%E0%B8%A3%E0%B8%94%E0%B8%B4%E0%B8%95%E0%B8%9F%E0%B8%A3%E0%B8%B5%20188%20%E0%B8%9A%E0%B8%B2%E0%B8%97.aspx" "Mozilla/5.0 (Linux; Android 7.0;) AppleWebKit/537.36 (KHTML, like Gecko) Mobile Safari/537.36 (compatible; PetalBot;+https://webmaster.petalsearch.com/site/petalbot)"
114.119.157.231 - - [01/Jan/2026:22:03:09 +0800] "GET /superslot%20%E0%B9%80%E0%B8%84%E0%B8%A3%E0%B8%94%E0%B8%B4%E0%B8%95%E0%B8%9F%E0%B8%A3%E0%B8%B550%20%E0%B8%A2%E0%B8%B7%E0%B8%99%E0%B8%A2%E0%B8%B1%E0%B8%99%E0%B9%80%E0%B8%9A%E0%B8%AD%E0%B8%A3%E0%B9%8C.aspx HTTP/1.1" 404 20032 "https://gwfencing.com.au/%E0%B8%8B%E0%B8%B8%E0%B8%9B%E0%B9%80%E0%B8%9B%E0%B8%AD%E0%B8%A3%E0%B9%8C%E0%B8%AA%E0%B8%A5%E0%B9%87%E0%B8%AD%E0%B8%95168.aspx" "Mozilla/5.0 (Linux; Android 7.0;) AppleWebKit/537.36 (KHTML, like Gecko) Mobile Safari/537.36 (compatible; PetalBot;+https://webmaster.petalsearch.com/site/petalbot)"
114.119.137.68 - - [01/Jan/2026:22:04:29 +0800] "GET /superslot%20%E0%B9%80%E0%B8%84%E0%B8%A3%E0%B8%94%E0%B8%B4%E0%B8%95%E0%B8%9F%E0%B8%A3%E0%B8%B5.aspx HTTP/1.1" 404 20032 "https://gwfencing.com.au/%E0%B9%80%E0%B8%A7%E0%B9%87%E0%B8%9A%E0%B8%9A%E0%B8%B2%E0%B8%84%E0%B8%B2%E0%B8%A3%E0%B9%88%E0%B8%B2%E0%B8%97%E0%B8%B5%E0%B9%88%E0%B8%84%E0%B8%99%E0%B9%80%E0%B8%A5%E0%B9%88%E0%B8%99%E0%B9%80%E0%B8%A2%E0%B8%AD%E0%B8%B0%E0%B8%97%E0%B8%B5%E0%B9%88%E0%B8%AA%E0%B8%B8%E0%B8%94.aspx" "Mozilla/5.0 (Linux; Android 7.0;) AppleWebKit/537.36 (KHTML, like Gecko) Mobile Safari/537.36 (compatible; PetalBot;+https://webmaster.petalsearch.com/site/petalbot)"
114.119.146.197 - - [01/Jan/2026:22:05:53 +0800] "GET /xoslotz.aspx HTTP/1.1" 404 20032 "https://gwfencing.com.au/ufa1688.aspx" "Mozilla/5.0 (Linux; Android 7.0;) AppleWebKit/537.36 (KHTML, like Gecko) Mobile Safari/537.36 (compatible; PetalBot;+https://webmaster.petalsearch.com/site/petalbot)"
103.4.122.14 - - [01/Jan/2026:22:07:17 +0800] "POST /wp-cron.php?doing_wp_cron=1767276437.0998029708862304687500 HTTP/1.1" 200 - "-" "WordPress/6.9; https://gwfencing.com.au"
114.119.141.127 - - [01/Jan/2026:22:07:16 +0800] "GET /w69%20slot.aspx HTTP/1.1" 404 20032 "https://gwfencing.com.au/%E0%B8%97%E0%B8%B2%E0%B8%87%E0%B9%80%E0%B8%82%E0%B9%89%E0%B8%B2superslot.aspx" "Mozilla/5.0 (Linux; Android 7.0;) AppleWebKit/537.36 (KHTML, like Gecko) Mobile Safari/537.36 (compatible; PetalBot;+https://webmaster.petalsearch.com/site/petalbot)"
114.119.157.231 - - [01/Jan/2026:22:08:46 +0800] "GET /ufa700.aspx HTTP/1.1" 404 20032 "https://gwfencing.com.au/%E0%B8%AA%E0%B8%A5%E0%B9%87%E0%B8%AD%E0%B8%95%20%E0%B9%80%E0%B8%A7%E0%B9%87%E0%B8%9A%E0%B8%95%E0%B8%A3%E0%B8%87%20%E0%B8%82%E0%B8%B1%E0%B9%89%E0%B8%99%E0%B8%95%E0%B9%88%E0%B8%B3%201%20%E0%B8%9A%E0%B8%B2%E0%B8%97.aspx" "Mozilla/5.0 (Linux; Android 7.0;) AppleWebKit/537.36 (KHTML, like Gecko) Mobile Safari/537.36 (compatible; PetalBot;+https://webmaster.petalsearch.com/site/petalbot)"
114.119.133.83 - - [01/Jan/2026:22:10:14 +0800] "GET /ufa369.aspx HTTP/1.1" 404 20032 "https://gwfencing.com.au/mafia%20slot%20%E0%B9%83%E0%B8%AB%E0%B8%A1%E0%B9%88%E0%B8%A5%E0%B9%88%E0%B8%B2%E0%B8%AA%E0%B8%B8%E0%B8%94.aspx" "Mozilla/5.0 (Linux; Android 7.0;) AppleWebKit/537.36 (KHTML, like Gecko) Mobile Safari/537.36 (compatible; PetalBot;+https://webmaster.petalsearch.com/site/petalbot)"
103.4.122.14 - - [01/Jan/2026:22:11:27 +0800] "POST /wp-cron.php?doing_wp_cron=1767276687.3750679492950439453125 HTTP/1.1" 200 - "-" "WordPress/6.9; https://gwfencing.com.au"
114.119.146.197 - - [01/Jan/2026:22:11:26 +0800] "GET /ufa369%20%E0%B8%97%E0%B8%B2%E0%B8%87%E0%B9%80%E0%B8%82%E0%B9%89%E0%B8%B2.aspx HTTP/1.1" 404 20032 "https://gwfencing.com.au/slotxo%20wallet.aspx" "Mozilla/5.0 (Linux; Android 7.0;) AppleWebKit/537.36 (KHTML, like Gecko) Mobile Safari/537.36 (compatible; PetalBot;+https://webmaster.petalsearch.com/site/petalbot)"
103.4.122.14 - - [01/Jan/2026:22:12:51 +0800] "POST /wp-cron.php?doing_wp_cron=1767276771.4491200447082519531250 HTTP/1.1" 200 - "-" "WordPress/6.9; https://gwfencing.com.au"
114.119.141.127 - - [01/Jan/2026:22:12:50 +0800] "GET /u31%20game%20%E0%B9%80%E0%B8%82%E0%B9%89%E0%B8%B2%E0%B8%AA%E0%B8%B9%E0%B9%88%E0%B8%A3%E0%B8%B0%E0%B8%9A%E0%B8%9A.aspx HTTP/1.1" 404 20032 "https://gwfencing.com.au/%E0%B9%80%E0%B8%81%E0%B8%A1%E0%B8%AA%E0%B8%A5%E0%B9%87%E0%B8%AD%E0%B8%95%E0%B8%AD%E0%B8%AD%E0%B8%99%E0%B9%84%E0%B8%A5%E0%B8%99%E0%B9%8C.aspx" "Mozilla/5.0 (Linux; Android 7.0;) AppleWebKit/537.36 (KHTML, like Gecko) Mobile Safari/537.36 (compatible; PetalBot;+https://webmaster.petalsearch.com/site/petalbot)"
114.119.137.68 - - [01/Jan/2026:22:14:21 +0800] "GET /testimonials/ HTTP/1.1" 200 6623 "https://gwfencing.com.au/?C=D%3BO%3DA" "Mozilla/5.0 (Linux; Android 7.0;) AppleWebKit/537.36 (KHTML, like Gecko) Mobile Safari/537.36 (compatible; PetalBot;+https://webmaster.petalsearch.com/site/petalbot)"
114.119.145.66 - - [01/Jan/2026:22:15:39 +0800] "GET /superslot168.aspx HTTP/1.1" 404 20032 "https://gwfencing.com.au/slot%20joker.aspx" "Mozilla/5.0 (Linux; Android 7.0;) AppleWebKit/537.36 (KHTML, like Gecko) Mobile Safari/537.36 (compatible; PetalBot;+https://webmaster.petalsearch.com/site/petalbot)"
103.4.122.14 - - [01/Jan/2026:22:17:06 +0800] "POST /wp-cron.php?doing_wp_cron=1767277026.3842320442199707031250 HTTP/1.1" 200 - "-" "WordPress/6.9; https://gwfencing.com.au"
114.119.157.231 - - [01/Jan/2026:22:17:05 +0800] "GET /superslot%20444%20%E0%B9%80%E0%B8%84%E0%B8%A3%E0%B8%94%E0%B8%B4%E0%B8%95%E0%B8%9F%E0%B8%A3%E0%B8%B5%2050%20%E0%B8%A2%E0%B8%B7%E0%B8%99%E0%B8%A2%E0%B8%B1%E0%B8%99%E0%B9%80%E0%B8%9A%E0%B8%AD%E0%B8%A3%E0%B9%8C.aspx HTTP/1.1" 404 20032 "https://gwfencing.com.au/%E0%B9%80%E0%B8%A7%E0%B9%87%E0%B8%9A%E0%B8%97%E0%B8%94%E0%B8%A5%E0%B8%AD%E0%B8%87.aspx" "Mozilla/5.0 (Linux; Android 7.0;) AppleWebKit/537.36 (KHTML, like Gecko) Mobile Safari/537.36 (compatible; PetalBot;+https://webmaster.petalsearch.com/site/petalbot)"
54.39.203.161 - - [01/Jan/2026:22:17:20 +0800] "GET /sporting-fencing/ HTTP/1.1" 200 6363 "-" "Mozilla/5.0 (compatible; AhrefsBot/7.0; +http://ahrefs.com/robot/)"
114.119.141.127 - - [01/Jan/2026:22:18:25 +0800] "GET /sporting-fencing/ HTTP/1.1" 200 6363 "https://gwfencing.com.au/industrial/" "Mozilla/5.0 (Linux; Android 7.0;) AppleWebKit/537.36 (KHTML, like Gecko) Mobile Safari/537.36 (compatible; PetalBot;+https://webmaster.petalsearch.com/site/petalbot)"
103.4.122.14 - - [01/Jan/2026:22:19:48 +0800] "POST /wp-cron.php?doing_wp_cron=1767277188.7148981094360351562500 HTTP/1.1" 200 - "-" "WordPress/6.9; https://gwfencing.com.au"
