66.249.82.2 - - [01/Jan/2026:12:18:36 +0800] "GET /wp-includes/js/dist/vendor/wp-polyfill.min.js HTTP/1.1" 200 11852 "https://gwfencing.com.au/" "Mozilla/5.0 (Linux; Android 11; moto g power (2022)) AppleWebKit/537.36 (KHTML, like Gecko) Chrome/136.0.0.0 Mobile Safari/537.36 Chrome-Lighthouse"
66.249.82.15 - - [01/Jan/2026:12:18:37 +0800] "GET /wp-includes/js/dist/hooks.min.js HTTP/1.1" 200 1941 "https://gwfencing.com.au/" "Mozilla/5.0 (Linux; Android 11; moto g power (2022)) AppleWebKit/537.36 (KHTML, like Gecko) Chrome/136.0.0.0 Mobile Safari/537.36 Chrome-Lighthouse"
66.249.82.15 - - [01/Jan/2026:12:18:37 +0800] "GET /wp-content/uploads/2019/10/GW-Web-Sports-icon-yellow-80x61.png HTTP/1.1" 200 2811 "https://gwfencing.com.au/" "Mozilla/5.0 (Linux; Android 11; moto g power (2022)) AppleWebKit/537.36 (KHTML, like Gecko) Chrome/136.0.0.0 Mobile Safari/537.36 Chrome-Lighthouse"
66.249.82.15 - - [01/Jan/2026:12:18:37 +0800] "GET /wp-content/cache/autoptimize/js/autoptimize_2753fa3c998958f85539910b5ab38b6b.js HTTP/1.1" 200 481819 "https://gwfencing.com.au/" "Mozilla/5.0 (Linux; Android 11; moto g power (2022)) AppleWebKit/537.36 (KHTML, like Gecko) Chrome/136.0.0.0 Mobile Safari/537.36 Chrome-Lighthouse"
66.249.82.15 - - [01/Jan/2026:12:18:38 +0800] "GET /wp-content/uploads/2019/10/cropped-GW-Fencing-REV.png HTTP/1.1" 200 13149 "https://gwfencing.com.au/" "Mozilla/5.0 (Linux; Android 11; moto g power (2022)) AppleWebKit/537.36 (KHTML, like Gecko) Chrome/136.0.0.0 Mobile Safari/537.36 Chrome-Lighthouse"
66.249.82.1 - - [01/Jan/2026:12:18:37 +0800] "GET /wp-content/uploads/2019/10/GW-Web-Industrial-icon-yellow-80x61.png HTTP/1.1" 200 2817 "https://gwfencing.com.au/" "Mozilla/5.0 (Linux; Android 11; moto g power (2022)) AppleWebKit/537.36 (KHTML, like Gecko) Chrome/136.0.0.0 Mobile Safari/537.36 Chrome-Lighthouse"
66.249.82.15 - - [01/Jan/2026:12:18:43 +0800] "GET / HTTP/1.1" 200 8308 "-" "Mozilla/5.0 (Linux; Android 11; moto g power (2022)) AppleWebKit/537.36 (KHTML, like Gecko) Chrome/136.0.0.0 Mobile Safari/537.36 Chrome-Lighthouse"
66.249.82.1 - - [01/Jan/2026:12:18:45 +0800] "GET /robots.txt HTTP/1.1" 200 112 "http://ghost-rider/" "Mozilla/5.0 (Linux; Android 11; moto g power (2022)) AppleWebKit/537.36 (KHTML, like Gecko) Chrome/136.0.0.0 Mobile Safari/537.36 Chrome-Lighthouse"
66.249.82.1 - - [01/Jan/2026:12:18:47 +0800] "GET /wp-content/uploads/2021/05/Tennis-court-Fencing-768x576.jpg HTTP/1.1" 200 133462 "https://gwfencing.com.au/" "Mozilla/5.0 (Linux; Android 11; moto g power (2022)) AppleWebKit/537.36 (KHTML, like Gecko) Chrome/136.0.0.0 Mobile Safari/537.36 Chrome-Lighthouse"
66.249.82.2 - - [01/Jan/2026:12:18:47 +0800] "GET /wp-content/uploads/2019/10/GW-Web-Sports-icon-yellow.png HTTP/1.1" 200 1513 "https://gwfencing.com.au/" "Mozilla/5.0 (Linux; Android 11; moto g power (2022)) AppleWebKit/537.36 (KHTML, like Gecko) Chrome/136.0.0.0 Mobile Safari/537.36 Chrome-Lighthouse"
66.249.82.1 - - [01/Jan/2026:12:18:48 +0800] "GET /wp-content/uploads/2019/10/GW-Web-Industrial-icon-yellow.png HTTP/1.1" 200 1524 "https://gwfencing.com.au/" "Mozilla/5.0 (Linux; Android 11; moto g power (2022)) AppleWebKit/537.36 (KHTML, like Gecko) Chrome/136.0.0.0 Mobile Safari/537.36 Chrome-Lighthouse"
66.249.82.2 - - [01/Jan/2026:12:18:48 +0800] "GET /wp-content/uploads/2019/09/GW-Web-Sports-icon-yellow.png HTTP/1.1" 200 1513 "https://gwfencing.com.au/" "Mozilla/5.0 (Linux; Android 11; moto g power (2022)) AppleWebKit/537.36 (KHTML, like Gecko) Chrome/136.0.0.0 Mobile Safari/537.36 Chrome-Lighthouse"
66.249.82.2 - - [01/Jan/2026:12:18:49 +0800] "GET /wp-content/uploads/2021/05/Tennis-court-Fencing-300x225.jpg HTTP/1.1" 200 33723 "https://gwfencing.com.au/" "Mozilla/5.0 (Linux; Android 11; moto g power (2022)) AppleWebKit/537.36 (KHTML, like Gecko) Chrome/136.0.0.0 Mobile Safari/537.36 Chrome-Lighthouse"
66.249.82.1 - - [01/Jan/2026:12:18:49 +0800] "GET /wp-content/uploads/2019/10/GW-Web-Security-icon-yellow-80x61.png HTTP/1.1" 200 2832 "https://gwfencing.com.au/" "Mozilla/5.0 (Linux; Android 11; moto g power (2022)) AppleWebKit/537.36 (KHTML, like Gecko) Chrome/136.0.0.0 Mobile Safari/537.36 Chrome-Lighthouse"
66.249.82.15 - - [01/Jan/2026:12:18:49 +0800] "GET /wp-content/uploads/2019/09/GW-Web-Sports-icon-yellow-80x61.png HTTP/1.1" 200 2811 "https://gwfencing.com.au/" "Mozilla/5.0 (Linux; Android 11; moto g power (2022)) AppleWebKit/537.36 (KHTML, like Gecko) Chrome/136.0.0.0 Mobile Safari/537.36 Chrome-Lighthouse"
66.249.82.1 - - [01/Jan/2026:12:18:49 +0800] "GET /wp-content/uploads/2019/10/GW-Web-Security-icon-yellow.png HTTP/1.1" 200 1620 "https://gwfencing.com.au/" "Mozilla/5.0 (Linux; Android 11; moto g power (2022)) AppleWebKit/537.36 (KHTML, like Gecko) Chrome/136.0.0.0 Mobile Safari/537.36 Chrome-Lighthouse"
66.249.82.2 - - [01/Jan/2026:12:18:49 +0800] "GET /wp-content/uploads/2019/10/GW-Web-Industrial-icon-yellow-80x61.png HTTP/1.1" 200 2817 "https://gwfencing.com.au/" "Mozilla/5.0 (Linux; Android 11; moto g power (2022)) AppleWebKit/537.36 (KHTML, like Gecko) Chrome/136.0.0.0 Mobile Safari/537.36 Chrome-Lighthouse"
103.4.122.14 - - [01/Jan/2026:12:19:36 +0800] "POST /wp-cron.php?doing_wp_cron=1767241176.7699329853057861328125 HTTP/1.1" 200 - "-" "WordPress/6.9; https://gwfencing.com.au"
114.119.137.68 - - [01/Jan/2026:12:19:35 +0800] "GET /%E0%B9%80%E0%B8%A7%E0%B9%87%E0%B8%9A%E0%B8%AA%E0%B8%A5%E0%B9%87%E0%B8%AD%E0%B8%95%E0%B8%9D%E0%B8%B2%E0%B8%81%E0%B8%96%E0%B8%AD%E0%B8%99%20true%20wallet.aspx HTTP/1.1" 404 20032 "https://gwfencing.com.au/%E0%B8%AA%E0%B8%A5%E0%B9%87%E0%B8%AD%E0%B8%95%20%E0%B9%80%E0%B8%84%E0%B8%A3%E0%B8%94%E0%B8%B4%E0%B8%95%E0%B8%9F%E0%B8%A3%E0%B8%B5%2050%20%E0%B9%84%E0%B8%A1%E0%B9%88%E0%B8%95%E0%B9%89%E0%B8%AD%E0%B8%87%E0%B8%9D%E0%B8%B2%E0%B8%81%E0%B8%81%E0%B9%88%E0%B8%AD%E0%B8%99%20%E0%B9%84%E0%B8%A1%E0%B9%88%E0%B8%95%E0%B9%89%E0%B8%AD%E0%B8%87%E0%B9%81%E0%B8%8A%E0%B8%A3%E0%B9%8C%20%E0%B8%A2%E0%B8%B7%E0%B8%99%E0%B8%A2%E0%B8%B1%E0%B8%99%E0%B9%80%E0%B8%9A%E0%B8%AD%E0%B8%A3%E0%B9%8C%E0%B9%82%E0%B8%97%E0%B8%A3%E0%B8%A8%E0%B8%B1%E0%B8%9E%E0%B8%97%E0%B9%8C.aspx" "Mozilla/5.0 (Linux; Android 7.0;) AppleWebKit/537.36 (KHTML, like Gecko) Mobile Safari/537.36 (compatible; PetalBot;+https://webmaster.petalsearch.com/site/petalbot)"
114.119.146.197 - - [01/Jan/2026:12:20:58 +0800] "GET /%E0%B8%AA%E0%B8%A5%E0%B9%87%E0%B8%AD%E0%B8%95%E0%B8%A1%E0%B8%B2%E0%B9%80%E0%B8%9F%E0%B8%B5%E0%B8%A2%20%E0%B8%97%E0%B8%B1%E0%B9%89%E0%B8%87%E0%B8%AB%E0%B8%A1%E0%B8%94.aspx HTTP/1.1" 404 20032 "https://gwfencing.com.au/%E0%B8%AA%E0%B8%A5%E0%B9%87%E0%B8%AD%E0%B8%95678.aspx" "Mozilla/5.0 (Linux; Android 7.0;) AppleWebKit/537.36 (KHTML, like Gecko) Mobile Safari/537.36 (compatible; PetalBot;+https://webmaster.petalsearch.com/site/petalbot)"
103.4.122.14 - - [01/Jan/2026:12:22:23 +0800] "POST /wp-cron.php?doing_wp_cron=1767241343.6662609577178955078125 HTTP/1.1" 200 - "-" "WordPress/6.9; https://gwfencing.com.au"
114.119.133.83 - - [01/Jan/2026:12:22:22 +0800] "GET /%E0%B8%AA%E0%B8%A5%E0%B9%87%E0%B8%AD%E0%B8%95%E0%B8%9D%E0%B8%B2%E0%B8%81%E0%B8%96%E0%B8%AD%E0%B8%99%E0%B9%84%E0%B8%A1%E0%B9%88%E0%B8%A1%E0%B8%B5%E0%B8%82%E0%B8%B1%E0%B9%89%E0%B8%99%E0%B8%95%E0%B9%88%E0%B9%8D%E0%B8%B2.aspx HTTP/1.1" 404 20032 "https://gwfencing.com.au/%E0%B8%AA%E0%B8%A5%E0%B9%87%E0%B8%AD%E0%B8%95%E0%B8%AD%E0%B8%AD%E0%B8%99%E0%B9%84%E0%B8%A5%E0%B8%99%E0%B9%8C%E0%B8%9F%E0%B8%A3%E0%B8%B5%E0%B9%80%E0%B8%84%E0%B8%A3%E0%B8%94%E0%B8%B4%E0%B8%95.aspx" "Mozilla/5.0 (Linux; Android 7.0;) AppleWebKit/537.36 (KHTML, like Gecko) Mobile Safari/537.36 (compatible; PetalBot;+https://webmaster.petalsearch.com/site/petalbot)"
66.249.82.15 - - [01/Jan/2026:12:22:52 +0800] "GET / HTTP/1.1" 200 8308 "-" "Mozilla/5.0 (Linux; Android 11; moto g power (2022)) AppleWebKit/537.36 (KHTML, like Gecko) Chrome/136.0.0.0 Mobile Safari/537.36 Chrome-Lighthouse"
66.249.82.15 - - [01/Jan/2026:12:22:54 +0800] "GET /wp-content/cache/autoptimize/css/autoptimize_4d7011b311f9e8262052429b5603fad4.css HTTP/1.1" 200 43205 "https://gwfencing.com.au/" "Mozilla/5.0 (Linux; Android 11; moto g power (2022)) AppleWebKit/537.36 (KHTML, like Gecko) Chrome/136.0.0.0 Mobile Safari/537.36 Chrome-Lighthouse"
66.249.82.1 - - [01/Jan/2026:12:22:54 +0800] "GET /wp-content/themes/blazeWP/images/placeholder.svg HTTP/1.1" 200 68 "https://gwfencing.com.au/" "Mozilla/5.0 (Linux; Android 11; moto g power (2022)) AppleWebKit/537.36 (KHTML, like Gecko) Chrome/136.0.0.0 Mobile Safari/537.36 Chrome-Lighthouse"
66.249.82.15 - - [01/Jan/2026:12:22:54 +0800] "GET /wp-content/themes/blazeWP/css/front-page.css?ver=20180514 HTTP/1.1" 200 548 "https://gwfencing.com.au/" "Mozilla/5.0 (Linux; Android 11; moto g power (2022)) AppleWebKit/537.36 (KHTML, like Gecko) Chrome/136.0.0.0 Mobile Safari/537.36 Chrome-Lighthouse"
66.249.82.2 - - [01/Jan/2026:12:22:54 +0800] "GET /wp-content/uploads/2019/09/GW-Web-Sports-icon-yellow-80x61.png HTTP/1.1" 200 2811 "https://gwfencing.com.au/" "Mozilla/5.0 (Linux; Android 11; moto g power (2022)) AppleWebKit/537.36 (KHTML, like Gecko) Chrome/136.0.0.0 Mobile Safari/537.36 Chrome-Lighthouse"
66.249.82.2 - - [01/Jan/2026:12:22:54 +0800] "GET /wp-content/themes/blazeWP/css/content.css?ver=20180514 HTTP/1.1" 200 2291 "https://gwfencing.com.au/" "Mozilla/5.0 (Linux; Android 11; moto g power (2022)) AppleWebKit/537.36 (KHTML, like Gecko) Chrome/136.0.0.0 Mobile Safari/537.36 Chrome-Lighthouse"
66.249.82.15 - - [01/Jan/2026:12:22:54 +0800] "GET /wp-content/uploads/2021/05/Tennis-court-Fencing-80x60.jpg HTTP/1.1" 200 18138 "https://gwfencing.com.au/" "Mozilla/5.0 (Linux; Android 11; moto g power (2022)) AppleWebKit/537.36 (KHTML, like Gecko) Chrome/136.0.0.0 Mobile Safari/537.36 Chrome-Lighthouse"
66.249.82.1 - - [01/Jan/2026:12:22:54 +0800] "GET /wp-content/uploads/2019/09/homepage-banner-1.jpg HTTP/1.1" 200 70479 "https://gwfencing.com.au/" "Mozilla/5.0 (Linux; Android 11; moto g power (2022)) AppleWebKit/537.36 (KHTML, like Gecko) Chrome/136.0.0.0 Mobile Safari/537.36 Chrome-Lighthouse"
66.249.82.15 - - [01/Jan/2026:12:22:54 +0800] "GET /wp-content/uploads/2019/10/GW-Web-Sports-icon-yellow-80x61.png HTTP/1.1" 200 2811 "https://gwfencing.com.au/" "Mozilla/5.0 (Linux; Android 11; moto g power (2022)) AppleWebKit/537.36 (KHTML, like Gecko) Chrome/136.0.0.0 Mobile Safari/537.36 Chrome-Lighthouse"
66.249.82.2 - - [01/Jan/2026:12:22:54 +0800] "GET /wp-includes/js/dist/i18n.min.js HTTP/1.1" 200 2229 "https://gwfencing.com.au/" "Mozilla/5.0 (Linux; Android 11; moto g power (2022)) AppleWebKit/537.36 (KHTML, like Gecko) Chrome/136.0.0.0 Mobile Safari/537.36 Chrome-Lighthouse"
66.249.82.2 - - [01/Jan/2026:12:22:54 +0800] "GET /wp-includes/js/dist/vendor/wp-polyfill.min.js HTTP/1.1" 200 11852 "https://gwfencing.com.au/" "Mozilla/5.0 (Linux; Android 11; moto g power (2022)) AppleWebKit/537.36 (KHTML, like Gecko) Chrome/136.0.0.0 Mobile Safari/537.36 Chrome-Lighthouse"
66.249.82.1 - - [01/Jan/2026:12:22:55 +0800] "GET /wp-content/uploads/2019/10/GW-Web-Industrial-icon-yellow-80x61.png HTTP/1.1" 200 2817 "https://gwfencing.com.au/" "Mozilla/5.0 (Linux; Android 11; moto g power (2022)) AppleWebKit/537.36 (KHTML, like Gecko) Chrome/136.0.0.0 Mobile Safari/537.36 Chrome-Lighthouse"
66.249.82.1 - - [01/Jan/2026:12:22:55 +0800] "GET /wp-includes/js/dist/hooks.min.js HTTP/1.1" 200 1941 "https://gwfencing.com.au/" "Mozilla/5.0 (Linux; Android 11; moto g power (2022)) AppleWebKit/537.36 (KHTML, like Gecko) Chrome/136.0.0.0 Mobile Safari/537.36 Chrome-Lighthouse"
66.249.82.1 - - [01/Jan/2026:12:22:55 +0800] "GET /wp-content/uploads/2019/10/GW-Web-Security-icon-yellow-80x61.png HTTP/1.1" 200 2832 "https://gwfencing.com.au/" "Mozilla/5.0 (Linux; Android 11; moto g power (2022)) AppleWebKit/537.36 (KHTML, like Gecko) Chrome/136.0.0.0 Mobile Safari/537.36 Chrome-Lighthouse"
66.249.82.1 - - [01/Jan/2026:12:22:55 +0800] "GET /wp-content/cache/autoptimize/js/autoptimize_2753fa3c998958f85539910b5ab38b6b.js HTTP/1.1" 200 481819 "https://gwfencing.com.au/" "Mozilla/5.0 (Linux; Android 11; moto g power (2022)) AppleWebKit/537.36 (KHTML, like Gecko) Chrome/136.0.0.0 Mobile Safari/537.36 Chrome-Lighthouse"
66.249.82.15 - - [01/Jan/2026:12:22:56 +0800] "GET /wp-content/uploads/2019/10/cropped-GW-Fencing-REV.png HTTP/1.1" 200 13149 "https://gwfencing.com.au/" "Mozilla/5.0 (Linux; Android 11; moto g power (2022)) AppleWebKit/537.36 (KHTML, like Gecko) Chrome/136.0.0.0 Mobile Safari/537.36 Chrome-Lighthouse"
66.249.82.15 - - [01/Jan/2026:12:23:00 +0800] "GET / HTTP/1.1" 200 8308 "-" "Mozilla/5.0 (Linux; Android 11; moto g power (2022)) AppleWebKit/537.36 (KHTML, like Gecko) Chrome/136.0.0.0 Mobile Safari/537.36 Chrome-Lighthouse"
66.249.82.15 - - [01/Jan/2026:12:23:02 +0800] "GET /robots.txt HTTP/1.1" 200 112 "http://ghost-rider/" "Mozilla/5.0 (Linux; Android 11; moto g power (2022)) AppleWebKit/537.36 (KHTML, like Gecko) Chrome/136.0.0.0 Mobile Safari/537.36 Chrome-Lighthouse"
66.249.82.15 - - [01/Jan/2026:12:23:04 +0800] "GET /wp-content/uploads/2019/10/GW-Web-Sports-icon-yellow.png HTTP/1.1" 200 1513 "https://gwfencing.com.au/" "Mozilla/5.0 (Linux; Android 11; moto g power (2022)) AppleWebKit/537.36 (KHTML, like Gecko) Chrome/136.0.0.0 Mobile Safari/537.36 Chrome-Lighthouse"
66.249.82.1 - - [01/Jan/2026:12:23:04 +0800] "GET /wp-content/uploads/2021/05/Tennis-court-Fencing-768x576.jpg HTTP/1.1" 200 133462 "https://gwfencing.com.au/" "Mozilla/5.0 (Linux; Android 11; moto g power (2022)) AppleWebKit/537.36 (KHTML, like Gecko) Chrome/136.0.0.0 Mobile Safari/537.36 Chrome-Lighthouse"
66.249.82.2 - - [01/Jan/2026:12:23:05 +0800] "GET /wp-content/uploads/2021/05/Tennis-court-Fencing-300x225.jpg HTTP/1.1" 200 33723 "https://gwfencing.com.au/" "Mozilla/5.0 (Linux; Android 11; moto g power (2022)) AppleWebKit/537.36 (KHTML, like Gecko) Chrome/136.0.0.0 Mobile Safari/537.36 Chrome-Lighthouse"
114.119.145.66 - - [01/Jan/2026:12:23:42 +0800] "GET /%E0%B8%AA%E0%B8%A5%E0%B9%87%E0%B8%AD%E0%B8%95%20%E0%B8%A7%E0%B8%AD%E0%B9%80%E0%B8%A5%E0%B8%97.aspx HTTP/1.1" 404 20032 "https://gwfencing.com.au/spg%20slot.aspx" "Mozilla/5.0 (Linux; Android 7.0;) AppleWebKit/537.36 (KHTML, like Gecko) Mobile Safari/537.36 (compatible; PetalBot;+https://webmaster.petalsearch.com/site/petalbot)"
114.119.146.197 - - [01/Jan/2026:12:25:07 +0800] "GET /kingslot.aspx HTTP/1.1" 404 20023 "http://gwfencing.com.au/betflik%20%E0%B9%80%E0%B8%84%E0%B8%A3%E0%B8%94%E0%B8%B4%E0%B8%95%E0%B8%9F%E0%B8%A3%E0%B8%B5%2050.aspx" "Mozilla/5.0 (Linux; Android 7.0;) AppleWebKit/537.36 (KHTML, like Gecko) Mobile Safari/537.36 (compatible; PetalBot;+https://webmaster.petalsearch.com/site/petalbot)"
103.4.122.14 - - [01/Jan/2026:12:30:56 +0800] "POST /wp-cron.php?doing_wp_cron=1767241856.3750660419464111328125 HTTP/1.1" 200 - "-" "WordPress/6.9; https://gwfencing.com.au"
66.249.82.2 - - [01/Jan/2026:12:30:55 +0800] "GET / HTTP/1.1" 200 8308 "-" "Mozilla/5.0 (Linux; Android 11; moto g power (2022)) AppleWebKit/537.36 (KHTML, like Gecko) Chrome/136.0.0.0 Mobile Safari/537.36 Chrome-Lighthouse"
66.249.82.2 - - [01/Jan/2026:12:30:57 +0800] "GET /wp-content/themes/blazeWP/images/placeholder.svg HTTP/1.1" 200 68 "https://gwfencing.com.au/" "Mozilla/5.0 (Linux; Android 11; moto g power (2022)) AppleWebKit/537.36 (KHTML, like Gecko) Chrome/136.0.0.0 Mobile Safari/537.36 Chrome-Lighthouse"
66.249.82.15 - - [01/Jan/2026:12:30:57 +0800] "GET /wp-content/themes/blazeWP/css/front-page.css?ver=20180514 HTTP/1.1" 200 548 "https://gwfencing.com.au/" "Mozilla/5.0 (Linux; Android 11; moto g power (2022)) AppleWebKit/537.36 (KHTML, like Gecko) Chrome/136.0.0.0 Mobile Safari/537.36 Chrome-Lighthouse"
66.249.82.1 - - [01/Jan/2026:12:30:57 +0800] "GET /wp-content/uploads/2019/09/GW-Web-Sports-icon-yellow-80x61.png HTTP/1.1" 200 2811 "https://gwfencing.com.au/" "Mozilla/5.0 (Linux; Android 11; moto g power (2022)) AppleWebKit/537.36 (KHTML, like Gecko) Chrome/136.0.0.0 Mobile Safari/537.36 Chrome-Lighthouse"
66.249.82.1 - - [01/Jan/2026:12:30:57 +0800] "GET /wp-content/cache/autoptimize/css/autoptimize_4d7011b311f9e8262052429b5603fad4.css HTTP/1.1" 200 43205 "https://gwfencing.com.au/" "Mozilla/5.0 (Linux; Android 11; moto g power (2022)) AppleWebKit/537.36 (KHTML, like Gecko) Chrome/136.0.0.0 Mobile Safari/537.36 Chrome-Lighthouse"
66.249.82.1 - - [01/Jan/2026:12:30:57 +0800] "GET /wp-content/themes/blazeWP/css/content.css?ver=20180514 HTTP/1.1" 200 2291 "https://gwfencing.com.au/" "Mozilla/5.0 (Linux; Android 11; moto g power (2022)) AppleWebKit/537.36 (KHTML, like Gecko) Chrome/136.0.0.0 Mobile Safari/537.36 Chrome-Lighthouse"
66.249.82.15 - - [01/Jan/2026:12:30:57 +0800] "GET /wp-content/uploads/2019/10/GW-Web-Industrial-icon-yellow-80x61.png HTTP/1.1" 200 2817 "https://gwfencing.com.au/" "Mozilla/5.0 (Linux; Android 11; moto g power (2022)) AppleWebKit/537.36 (KHTML, like Gecko) Chrome/136.0.0.0 Mobile Safari/537.36 Chrome-Lighthouse"
66.249.82.1 - - [01/Jan/2026:12:30:57 +0800] "GET /wp-content/uploads/2019/10/GW-Web-Security-icon-yellow-80x61.png HTTP/1.1" 200 2832 "https://gwfencing.com.au/" "Mozilla/5.0 (Linux; Android 11; moto g power (2022)) AppleWebKit/537.36 (KHTML, like Gecko) Chrome/136.0.0.0 Mobile Safari/537.36 Chrome-Lighthouse"
66.249.82.2 - - [01/Jan/2026:12:30:58 +0800] "GET /wp-content/uploads/2019/09/homepage-banner-1.jpg HTTP/1.1" 200 70479 "https://gwfencing.com.au/" "Mozilla/5.0 (Linux; Android 11; moto g power (2022)) AppleWebKit/537.36 (KHTML, like Gecko) Chrome/136.0.0.0 Mobile Safari/537.36 Chrome-Lighthouse"
66.249.82.15 - - [01/Jan/2026:12:30:58 +0800] "GET /wp-includes/js/dist/vendor/wp-polyfill.min.js HTTP/1.1" 200 11852 "https://gwfencing.com.au/" "Mozilla/5.0 (Linux; Android 11; moto g power (2022)) AppleWebKit/537.36 (KHTML, like Gecko) Chrome/136.0.0.0 Mobile Safari/537.36 Chrome-Lighthouse"
66.249.82.1 - - [01/Jan/2026:12:30:58 +0800] "GET /wp-content/uploads/2019/10/GW-Web-Sports-icon-yellow-80x61.png HTTP/1.1" 200 2811 "https://gwfencing.com.au/" "Mozilla/5.0 (Linux; Android 11; moto g power (2022)) AppleWebKit/537.36 (KHTML, like Gecko) Chrome/136.0.0.0 Mobile Safari/537.36 Chrome-Lighthouse"
66.249.82.1 - - [01/Jan/2026:12:30:58 +0800] "GET /wp-includes/js/dist/i18n.min.js HTTP/1.1" 200 2229 "https://gwfencing.com.au/" "Mozilla/5.0 (Linux; Android 11; moto g power (2022)) AppleWebKit/537.36 (KHTML, like Gecko) Chrome/136.0.0.0 Mobile Safari/537.36 Chrome-Lighthouse"
66.249.82.2 - - [01/Jan/2026:12:30:58 +0800] "GET /wp-includes/js/dist/hooks.min.js HTTP/1.1" 200 1941 "https://gwfencing.com.au/" "Mozilla/5.0 (Linux; Android 11; moto g power (2022)) AppleWebKit/537.36 (KHTML, like Gecko) Chrome/136.0.0.0 Mobile Safari/537.36 Chrome-Lighthouse"
66.249.82.2 - - [01/Jan/2026:12:30:58 +0800] "GET /wp-content/uploads/2021/05/Tennis-court-Fencing-80x60.jpg HTTP/1.1" 200 18138 "https://gwfencing.com.au/" "Mozilla/5.0 (Linux; Android 11; moto g power (2022)) AppleWebKit/537.36 (KHTML, like Gecko) Chrome/136.0.0.0 Mobile Safari/537.36 Chrome-Lighthouse"
66.249.82.1 - - [01/Jan/2026:12:30:58 +0800] "GET /wp-content/cache/autoptimize/js/autoptimize_2753fa3c998958f85539910b5ab38b6b.js HTTP/1.1" 200 481819 "https://gwfencing.com.au/" "Mozilla/5.0 (Linux; Android 11; moto g power (2022)) AppleWebKit/537.36 (KHTML, like Gecko) Chrome/136.0.0.0 Mobile Safari/537.36 Chrome-Lighthouse"
66.249.82.1 - - [01/Jan/2026:12:30:59 +0800] "GET /wp-content/uploads/2019/10/cropped-GW-Fencing-REV.png HTTP/1.1" 200 13149 "https://gwfencing.com.au/" "Mozilla/5.0 (Linux; Android 11; moto g power (2022)) AppleWebKit/537.36 (KHTML, like Gecko) Chrome/136.0.0.0 Mobile Safari/537.36 Chrome-Lighthouse"
66.249.82.2 - - [01/Jan/2026:12:31:04 +0800] "GET / HTTP/1.1" 200 8308 "-" "Mozilla/5.0 (Linux; Android 11; moto g power (2022)) AppleWebKit/537.36 (KHTML, like Gecko) Chrome/136.0.0.0 Mobile Safari/537.36 Chrome-Lighthouse"
66.249.82.1 - - [01/Jan/2026:12:31:06 +0800] "GET /robots.txt HTTP/1.1" 200 112 "http://ghost-rider/" "Mozilla/5.0 (Linux; Android 11; moto g power (2022)) AppleWebKit/537.36 (KHTML, like Gecko) Chrome/136.0.0.0 Mobile Safari/537.36 Chrome-Lighthouse"
66.249.82.2 - - [01/Jan/2026:12:31:08 +0800] "GET /wp-content/uploads/2019/10/GW-Web-Sports-icon-yellow.png HTTP/1.1" 200 1513 "https://gwfencing.com.au/" "Mozilla/5.0 (Linux; Android 11; moto g power (2022)) AppleWebKit/537.36 (KHTML, like Gecko) Chrome/136.0.0.0 Mobile Safari/537.36 Chrome-Lighthouse"
66.249.82.1 - - [01/Jan/2026:12:31:08 +0800] "GET /wp-content/uploads/2021/05/Tennis-court-Fencing-768x576.jpg HTTP/1.1" 200 133462 "https://gwfencing.com.au/" "Mozilla/5.0 (Linux; Android 11; moto g power (2022)) AppleWebKit/537.36 (KHTML, like Gecko) Chrome/136.0.0.0 Mobile Safari/537.36 Chrome-Lighthouse"
66.249.82.1 - - [01/Jan/2026:12:31:10 +0800] "GET /wp-content/uploads/2019/10/GW-Web-Security-icon-yellow.png HTTP/1.1" 200 1620 "https://gwfencing.com.au/" "Mozilla/5.0 (Linux; Android 11; moto g power (2022)) AppleWebKit/537.36 (KHTML, like Gecko) Chrome/136.0.0.0 Mobile Safari/537.36 Chrome-Lighthouse"
66.249.82.2 - - [01/Jan/2026:12:31:10 +0800] "GET /wp-content/uploads/2019/10/GW-Web-Industrial-icon-yellow-80x61.png HTTP/1.1" 200 2817 "https://gwfencing.com.au/" "Mozilla/5.0 (Linux; Android 11; moto g power (2022)) AppleWebKit/537.36 (KHTML, like Gecko) Chrome/136.0.0.0 Mobile Safari/537.36 Chrome-Lighthouse"
66.249.82.15 - - [01/Jan/2026:12:31:10 +0800] "GET /wp-content/uploads/2019/10/GW-Web-Industrial-icon-yellow.png HTTP/1.1" 200 1524 "https://gwfencing.com.au/" "Mozilla/5.0 (Linux; Android 11; moto g power (2022)) AppleWebKit/537.36 (KHTML, like Gecko) Chrome/136.0.0.0 Mobile Safari/537.36 Chrome-Lighthouse"
66.249.82.1 - - [01/Jan/2026:12:31:10 +0800] "GET /wp-content/uploads/2019/09/GW-Web-Sports-icon-yellow.png HTTP/1.1" 200 1513 "https://gwfencing.com.au/" "Mozilla/5.0 (Linux; Android 11; moto g power (2022)) AppleWebKit/537.36 (KHTML, like Gecko) Chrome/136.0.0.0 Mobile Safari/537.36 Chrome-Lighthouse"
66.249.82.15 - - [01/Jan/2026:12:31:10 +0800] "GET /wp-content/uploads/2019/10/GW-Web-Security-icon-yellow-80x61.png HTTP/1.1" 200 2832 "https://gwfencing.com.au/" "Mozilla/5.0 (Linux; Android 11; moto g power (2022)) AppleWebKit/537.36 (KHTML, like Gecko) Chrome/136.0.0.0 Mobile Safari/537.36 Chrome-Lighthouse"
66.249.82.2 - - [01/Jan/2026:12:31:10 +0800] "GET /wp-content/uploads/2021/05/Tennis-court-Fencing-300x225.jpg HTTP/1.1" 200 33723 "https://gwfencing.com.au/" "Mozilla/5.0 (Linux; Android 11; moto g power (2022)) AppleWebKit/537.36 (KHTML, like Gecko) Chrome/136.0.0.0 Mobile Safari/537.36 Chrome-Lighthouse"
66.249.82.1 - - [01/Jan/2026:12:31:10 +0800] "GET /wp-content/uploads/2019/09/GW-Web-Sports-icon-yellow-80x61.png HTTP/1.1" 200 2811 "https://gwfencing.com.au/" "Mozilla/5.0 (Linux; Android 11; moto g power (2022)) AppleWebKit/537.36 (KHTML, like Gecko) Chrome/136.0.0.0 Mobile Safari/537.36 Chrome-Lighthouse"
103.4.122.14 - - [01/Jan/2026:12:33:45 +0800] "POST /wp-cron.php?doing_wp_cron=1767242025.4636979103088378906250 HTTP/1.1" 200 - "-" "WordPress/6.9; https://gwfencing.com.au"
114.119.133.83 - - [01/Jan/2026:12:33:44 +0800] "GET /ufabet168.aspx HTTP/1.1" 404 20032 "https://gwfencing.com.au/gclub%20%E0%B8%9C%E0%B9%88%E0%B8%B2%E0%B8%99%E0%B9%80%E0%B8%A7%E0%B9%87%E0%B8%9A.aspx" "Mozilla/5.0 (Linux; Android 7.0;) AppleWebKit/537.36 (KHTML, like Gecko) Mobile Safari/537.36 (compatible; PetalBot;+https://webmaster.petalsearch.com/site/petalbot)"
114.119.137.68 - - [01/Jan/2026:12:35:07 +0800] "GET /puss888%20%E0%B9%80%E0%B8%82%E0%B9%89%E0%B8%B2%E0%B8%AA%E0%B8%B9%E0%B9%88%E0%B8%A3%E0%B8%B0%E0%B8%9A%E0%B8%9A.aspx HTTP/1.1" 404 20032 "https://gwfencing.com.au/betflik%20net%20%E0%B9%80%E0%B8%82%E0%B9%89%E0%B8%B2%E0%B8%AA%E0%B8%B9%E0%B9%88%E0%B8%A3%E0%B8%B0%E0%B8%9A%E0%B8%9A.aspx" "Mozilla/5.0 (Linux; Android 7.0;) AppleWebKit/537.36 (KHTML, like Gecko) Mobile Safari/537.36 (compatible; PetalBot;+https://webmaster.petalsearch.com/site/petalbot)"
103.4.122.14 - - [01/Jan/2026:12:36:33 +0800] "POST /wp-cron.php?doing_wp_cron=1767242192.8981580734252929687500 HTTP/1.1" 200 - "-" "WordPress/6.9; https://gwfencing.com.au"
114.119.133.83 - - [01/Jan/2026:12:36:31 +0800] "GET /%E0%B9%80%E0%B8%A7%E0%B9%87%E0%B8%9A%E0%B8%AA%E0%B8%A5%E0%B9%87%E0%B8%AD%E0%B8%95%E0%B9%83%E0%B8%AB%E0%B8%A1%E0%B9%88%E0%B8%A5%E0%B9%88%E0%B8%B2%E0%B8%AA%E0%B8%B8%E0%B8%94%20%E0%B9%80%E0%B8%A7%E0%B9%87%E0%B8%9A%E0%B8%95%E0%B8%A3%E0%B8%87.aspx HTTP/1.1" 404 20032 "https://gwfencing.com.au/%E0%B8%97%E0%B8%B2%E0%B8%87%E0%B9%80%E0%B8%82%E0%B9%89%E0%B8%B2superslot.aspx" "Mozilla/5.0 (Linux; Android 7.0;) AppleWebKit/537.36 (KHTML, like Gecko) Mobile Safari/537.36 (compatible; PetalBot;+https://webmaster.petalsearch.com/site/petalbot)"
114.119.153.171 - - [01/Jan/2026:12:37:54 +0800] "GET /%E0%B9%80%E0%B8%A7%E0%B9%87%E0%B8%9A%E0%B8%9A%E0%B8%B2%E0%B8%84%E0%B8%B2%E0%B8%A3%E0%B9%88%E0%B8%B2.aspx HTTP/1.1" 404 20032 "https://gwfencing.com.au/%E0%B8%97%E0%B8%94%E0%B8%A5%E0%B8%AD%E0%B8%87%E0%B9%80%E0%B8%A5%E0%B9%88%E0%B8%99%E0%B8%AA%E0%B8%A5%E0%B9%87%E0%B8%AD%E0%B8%95%20pg%20%E0%B8%9F%E0%B8%A3%E0%B8%B5.aspx" "Mozilla/5.0 (Linux; Android 7.0;) AppleWebKit/537.36 (KHTML, like Gecko) Mobile Safari/537.36 (compatible; PetalBot;+https://webmaster.petalsearch.com/site/petalbot)"
114.119.141.127 - - [01/Jan/2026:12:39:20 +0800] "GET /%E0%B8%AA%E0%B8%A5%E0%B9%87%E0%B8%AD%E0%B8%95%20%E0%B8%9D%E0%B8%B2%E0%B8%81%2010%20%E0%B8%A3%E0%B8%B1%E0%B8%9A%20100%20%E0%B8%97%E0%B8%B3%E0%B8%A2%E0%B8%AD%E0%B8%94%20200.aspx HTTP/1.1" 404 20032 "https://gwfencing.com.au/pg888th%E0%B9%80%E0%B8%84%E0%B8%A3%E0%B8%94%E0%B8%B4%E0%B8%95%E0%B8%9F%E0%B8%A3%E0%B8%B550.aspx" "Mozilla/5.0 (Linux; Android 7.0;) AppleWebKit/537.36 (KHTML, like Gecko) Mobile Safari/537.36 (compatible; PetalBot;+https://webmaster.petalsearch.com/site/petalbot)"
103.4.122.14 - - [01/Jan/2026:12:42:19 +0800] "POST /wp-cron.php?doing_wp_cron=1767242538.8762009143829345703125 HTTP/1.1" 200 - "-" "WordPress/6.9; https://gwfencing.com.au"
114.119.141.127 - - [01/Jan/2026:12:42:17 +0800] "GET /pgslot%20%E0%B9%80%E0%B8%A7%E0%B9%87%E0%B8%9A%E0%B8%95%E0%B8%A3%E0%B8%87.aspx HTTP/1.1" 404 20032 "https://gwfencing.com.au/ufa700.aspx" "Mozilla/5.0 (Linux; Android 7.0;) AppleWebKit/537.36 (KHTML, like Gecko) Mobile Safari/537.36 (compatible; PetalBot;+https://webmaster.petalsearch.com/site/petalbot)"
114.119.137.68 - - [01/Jan/2026:12:42:52 +0800] "GET /%E0%B8%88%E0%B8%B5%E0%B8%84%E0%B8%A5%E0%B8%B1%E0%B8%9A%E0%B8%AA%E0%B8%A5%E0%B9%87%E0%B8%AD%E0%B8%95.aspx HTTP/1.1" 404 20032 "https://gwfencing.com.au/pg%20soft.aspx" "Mozilla/5.0 (Linux; Android 7.0;) AppleWebKit/537.36 (KHTML, like Gecko) Mobile Safari/537.36 (compatible; PetalBot;+https://webmaster.petalsearch.com/site/petalbot)"
114.119.148.187 - - [01/Jan/2026:12:54:52 +0800] "GET /wp-content/uploads/2019/09/various-206_orig-1024x765.jpg HTTP/1.1" 200 169306 "https://gwfencing.com.au/gallery/" "Mozilla/5.0 (Linux; Android 7.0;) AppleWebKit/537.36 (KHTML, like Gecko) Mobile Safari/537.36 (compatible; PetalBot;+https://webmaster.petalsearch.com/site/petalbot)"
103.4.122.14 - - [01/Jan/2026:12:56:16 +0800] "POST /wp-cron.php?doing_wp_cron=1767243375.8240981101989746093750 HTTP/1.1" 200 - "-" "WordPress/6.9; https://gwfencing.com.au"
114.119.146.197 - - [01/Jan/2026:12:56:14 +0800] "GET /ufabet%20100.aspx HTTP/1.1" 404 20032 "https://gwfencing.com.au/superslotclub.aspx" "Mozilla/5.0 (Linux; Android 7.0;) AppleWebKit/537.36 (KHTML, like Gecko) Mobile Safari/537.36 (compatible; PetalBot;+https://webmaster.petalsearch.com/site/petalbot)"
103.4.122.14 - - [01/Jan/2026:12:57:38 +0800] "POST /wp-cron.php?doing_wp_cron=1767243458.7260670661926269531250 HTTP/1.1" 200 - "-" "WordPress/6.9; https://gwfencing.com.au"
114.119.133.83 - - [01/Jan/2026:12:57:37 +0800] "GET /ufabet%20%E0%B8%97%E0%B8%B2%E0%B8%87%E0%B9%80%E0%B8%82%E0%B9%89%E0%B8%B2%20%E0%B8%A5%E0%B9%88%E0%B8%B2%E0%B8%AA%E0%B8%B8%E0%B8%94.aspx HTTP/1.1" 404 20032 "https://gwfencing.com.au/%E0%B8%AA%E0%B8%A5%E0%B9%87%E0%B8%AD%E0%B8%95%20xo.aspx" "Mozilla/5.0 (Linux; Android 7.0;) AppleWebKit/537.36 (KHTML, like Gecko) Mobile Safari/537.36 (compatible; PetalBot;+https://webmaster.petalsearch.com/site/petalbot)"
114.119.133.83 - - [01/Jan/2026:12:59:02 +0800] "GET /ufa700.aspx HTTP/1.1" 404 20032 "https://gwfencing.com.au/%E0%B8%AA%E0%B8%A5%E0%B9%87%E0%B8%AD%E0%B8%95%20%E0%B9%80%E0%B8%A7%E0%B9%87%E0%B8%9A%E0%B8%95%E0%B8%A3%E0%B8%87%20%E0%B8%82%E0%B8%B1%E0%B9%89%E0%B8%99%E0%B8%95%E0%B9%88%E0%B8%B3%201%20%E0%B8%9A%E0%B8%B2%E0%B8%97.aspx" "Mozilla/5.0 (Linux; Android 7.0;) AppleWebKit/537.36 (KHTML, like Gecko) Mobile Safari/537.36 (compatible; PetalBot;+https://webmaster.petalsearch.com/site/petalbot)"
114.119.141.127 - - [01/Jan/2026:13:00:25 +0800] "GET /ufabet%20%E0%B9%80%E0%B8%82%E0%B9%89%E0%B8%B2%E0%B8%AA%E0%B8%B9%E0%B9%88%E0%B8%A3%E0%B8%B0%E0%B8%9A%E0%B8%9A%20168.aspx HTTP/1.1" 404 20032 "https://gwfencing.com.au/%E0%B8%AA%E0%B8%A5%E0%B9%87%E0%B8%AD%E0%B8%95678.aspx" "Mozilla/5.0 (Linux; Android 7.0;) AppleWebKit/537.36 (KHTML, like Gecko) Mobile Safari/537.36 (compatible; PetalBot;+https://webmaster.petalsearch.com/site/petalbot)"
103.4.122.14 - - [01/Jan/2026:13:01:51 +0800] "POST /wp-cron.php?doing_wp_cron=1767243711.6313068866729736328125 HTTP/1.1" 200 - "-" "WordPress/6.9; https://gwfencing.com.au"
114.119.145.66 - - [01/Jan/2026:13:01:50 +0800] "GET /ufa369%20%E0%B8%97%E0%B8%B2%E0%B8%87%E0%B9%80%E0%B8%82%E0%B9%89%E0%B8%B2.aspx HTTP/1.1" 404 20032 "https://gwfencing.com.au/slotxo%20wallet.aspx" "Mozilla/5.0 (Linux; Android 7.0;) AppleWebKit/537.36 (KHTML, like Gecko) Mobile Safari/537.36 (compatible; PetalBot;+https://webmaster.petalsearch.com/site/petalbot)"
114.119.146.197 - - [01/Jan/2026:13:03:20 +0800] "GET /slot%20joker.aspx HTTP/1.1" 404 20032 "https://gwfencing.com.au/ufabet289.aspx" "Mozilla/5.0 (Linux; Android 7.0;) AppleWebKit/537.36 (KHTML, like Gecko) Mobile Safari/537.36 (compatible; PetalBot;+https://webmaster.petalsearch.com/site/petalbot)"
114.119.141.127 - - [01/Jan/2026:13:04:37 +0800] "GET /pg%20slot%20%E0%B9%80%E0%B8%A7%E0%B9%87%E0%B8%9A%E0%B8%95%E0%B8%A3%E0%B8%87%20%E0%B9%80%E0%B8%84%E0%B8%A3%E0%B8%94%E0%B8%B4%E0%B8%95%E0%B8%9F%E0%B8%A3%E0%B8%B5.aspx HTTP/1.1" 404 20032 "https://gwfencing.com.au/slot1234%20pg.aspx" "Mozilla/5.0 (Linux; Android 7.0;) AppleWebKit/537.36 (KHTML, like Gecko) Mobile Safari/537.36 (compatible; PetalBot;+https://webmaster.petalsearch.com/site/petalbot)"
103.4.122.14 - - [01/Jan/2026:13:06:01 +0800] "POST /wp-cron.php?doing_wp_cron=1767243961.0200819969177246093750 HTTP/1.1" 200 - "-" "WordPress/6.9; https://gwfencing.com.au"
114.119.141.127 - - [01/Jan/2026:13:06:00 +0800] "GET /superslot168%20wallet.aspx HTTP/1.1" 404 20032 "https://gwfencing.com.au/h25%20com.aspx" "Mozilla/5.0 (Linux; Android 7.0;) AppleWebKit/537.36 (KHTML, like Gecko) Mobile Safari/537.36 (compatible; PetalBot;+https://webmaster.petalsearch.com/site/petalbot)"
103.4.122.14 - - [01/Jan/2026:13:07:25 +0800] "POST /wp-cron.php?doing_wp_cron=1767244045.6713850498199462890625 HTTP/1.1" 200 - "-" "WordPress/6.9; https://gwfencing.com.au"
114.119.146.197 - - [01/Jan/2026:13:07:24 +0800] "GET /%E0%B9%82%E0%B8%9B%E0%B8%A3%E0%B8%AA%E0%B8%A5%E0%B9%87%E0%B8%AD%E0%B8%95%20%E0%B8%9D%E0%B8%B2%E0%B8%81%205%20%E0%B8%A3%E0%B8%B1%E0%B8%9A%2050%20%E0%B8%A5%E0%B9%88%E0%B8%B2%E0%B8%AA%E0%B8%B8%E0%B8%94%202566.aspx HTTP/1.1" 404 20032 "https://gwfencing.com.au/%E0%B8%AA%E0%B8%A5%E0%B9%87%E0%B8%AD%E0%B8%95%E0%B8%9D%E0%B8%B2%E0%B8%811%E0%B8%A3%E0%B8%B1%E0%B8%9A50.aspx" "Mozilla/5.0 (Linux; Android 7.0;) AppleWebKit/537.36 (KHTML, like Gecko) Mobile Safari/537.36 (compatible; PetalBot;+https://webmaster.petalsearch.com/site/petalbot)"
114.119.133.83 - - [01/Jan/2026:13:08:47 +0800] "GET /slot%20pg%20%E0%B8%97%E0%B8%94%E0%B8%A5%E0%B8%AD%E0%B8%87%E0%B9%80%E0%B8%A5%E0%B9%88%E0%B8%99.aspx HTTP/1.1" 404 20032 "https://gwfencing.com.au/%E0%B8%AA%E0%B8%A5%E0%B9%87%E0%B8%AD%E0%B8%95%E0%B8%9D%E0%B8%B2%E0%B8%81%E0%B8%96%E0%B8%AD%E0%B8%99%E0%B9%84%E0%B8%A1%E0%B9%88%E0%B8%A1%E0%B8%B5%E0%B8%82%E0%B8%B1%E0%B9%89%E0%B8%99%E0%B8%95%E0%B9%88%E0%B9%8D%E0%B8%B2.aspx" "Mozilla/5.0 (Linux; Android 7.0;) AppleWebKit/537.36 (KHTML, like Gecko) Mobile Safari/537.36 (compatible; PetalBot;+https://webmaster.petalsearch.com/site/petalbot)"
114.119.137.68 - - [01/Jan/2026:13:10:12 +0800] "GET /kingkong%20joker.aspx HTTP/1.1" 404 20032 "https://gwfencing.com.au/%E0%B8%AA%E0%B8%A5%E0%B9%87%E0%B8%AD%E0%B8%95%20888.aspx" "Mozilla/5.0 (Linux; Android 7.0;) AppleWebKit/537.36 (KHTML, like Gecko) Mobile Safari/537.36 (compatible; PetalBot;+https://webmaster.petalsearch.com/site/petalbot)"
103.4.122.14 - - [01/Jan/2026:13:11:36 +0800] "POST /wp-cron.php?doing_wp_cron=1767244296.1794760227203369140625 HTTP/1.1" 200 - "-" "WordPress/6.9; https://gwfencing.com.au"
114.119.141.127 - - [01/Jan/2026:13:11:35 +0800] "GET /joker888.aspx HTTP/1.1" 404 20032 "https://gwfencing.com.au/slot%20joker.aspx" "Mozilla/5.0 (Linux; Android 7.0;) AppleWebKit/537.36 (KHTML, like Gecko) Mobile Safari/537.36 (compatible; PetalBot;+https://webmaster.petalsearch.com/site/petalbot)"
103.4.122.14 - - [01/Jan/2026:13:12:25 +0800] "POST /wp-cron.php?doing_wp_cron=1767244345.0297939777374267578125 HTTP/1.1" 200 - "-" "WordPress/6.9; https://gwfencing.com.au"
103.4.122.13 - - [01/Jan/2026:13:12:23 +0800] "GET / HTTP/1.1" 200 35548 "-" "Mozilla/5.0 (compatible; MainWP/5.4.1; +http://mainwp.com)"
114.119.146.197 - - [01/Jan/2026:13:12:58 +0800] "GET /%E0%B9%80%E0%B8%A7%E0%B9%87%E0%B8%9A%E0%B8%AA%E0%B8%A5%E0%B9%87%E0%B8%AD%E0%B8%95%E0%B8%95%E0%B8%A3%E0%B8%87%E0%B9%84%E0%B8%A1%E0%B9%88%E0%B8%9C%E0%B9%88%E0%B8%B2%E0%B8%99%E0%B9%80%E0%B8%AD%E0%B9%80%E0%B8%A2%E0%B9%88%E0%B8%99%E0%B8%95%E0%B9%8C.aspx HTTP/1.1" 404 20032 "https://gwfencing.com.au/%E0%B8%AA%E0%B8%A5%E0%B9%87%E0%B8%AD%E0%B8%95%E0%B8%97%E0%B8%A3%E0%B8%B9%E0%B8%A7%E0%B8%AD%E0%B9%80%E0%B8%A5%E0%B8%97.aspx" "Mozilla/5.0 (Linux; Android 7.0;) AppleWebKit/537.36 (KHTML, like Gecko) Mobile Safari/537.36 (compatible; PetalBot;+https://webmaster.petalsearch.com/site/petalbot)"
103.4.122.13 - - [01/Jan/2026:13:14:19 +0800] "GET /wp-cron.php HTTP/1.1" 200 - "-" "WordPress/6.9; https://wpmain.screwlooseit.com.au"
114.119.133.83 - - [01/Jan/2026:13:14:22 +0800] "GET /%E0%B9%80%E0%B8%A7%E0%B9%87%E0%B8%9A%E0%B8%AA%E0%B8%A5%E0%B9%87%E0%B8%AD%E0%B8%95%20456%20%E0%B9%80%E0%B8%82%E0%B9%89%E0%B8%B2%E0%B8%AA%E0%B8%B9%E0%B9%88%E0%B8%A3%E0%B8%B0%E0%B8%9A%E0%B8%9A.aspx HTTP/1.1" 404 20032 "https://gwfencing.com.au/%E0%B8%AA%E0%B8%A5%E0%B9%87%E0%B8%AD%E0%B8%95%E0%B8%9D%E0%B8%B2%E0%B8%81%E0%B8%96%E0%B8%AD%E0%B8%99%E0%B9%84%E0%B8%A1%E0%B9%88%E0%B8%A1%E0%B8%B5%E0%B8%82%E0%B8%B1%E0%B9%89%E0%B8%99%E0%B8%95%E0%B9%88%E0%B9%8D%E0%B8%B2.aspx" "Mozilla/5.0 (Linux; Android 7.0;) AppleWebKit/537.36 (KHTML, like Gecko) Mobile Safari/537.36 (compatible; PetalBot;+https://webmaster.petalsearch.com/site/petalbot)"
114.119.153.171 - - [01/Jan/2026:13:15:48 +0800] "GET /pgslot99.aspx HTTP/1.1" 404 20032 "https://gwfencing.com.au/%E0%B8%97%E0%B8%B2%E0%B8%87%20%E0%B9%80%E0%B8%82%E0%B9%89%E0%B8%B2%20pg%20slot.aspx" "Mozilla/5.0 (Linux; Android 7.0;) AppleWebKit/537.36 (KHTML, like Gecko) Mobile Safari/537.36 (compatible; PetalBot;+https://webmaster.petalsearch.com/site/petalbot)"
103.4.122.14 - - [01/Jan/2026:13:17:09 +0800] "POST /wp-cron.php?doing_wp_cron=1767244629.4728729724884033203125 HTTP/1.1" 200 - "-" "WordPress/6.9; https://gwfencing.com.au"
114.119.148.187 - - [01/Jan/2026:13:17:08 +0800] "GET /%E0%B9%80%E0%B8%A7%E0%B9%87%E0%B8%9A%E0%B8%95%E0%B8%A3%E0%B8%87.aspx HTTP/1.1" 404 20032 "https://gwfencing.com.au/%E0%B9%81%E0%B8%97%E0%B9%88%E0%B8%87%E0%B8%AB%E0%B8%A7%E0%B8%A224%20net%20%E0%B9%80%E0%B8%82%E0%B9%89%E0%B8%B2%E0%B8%AA%E0%B8%B9%E0%B9%88%E0%B8%A3%E0%B8%B0%E0%B8%9A%E0%B8%9A.aspx" "Mozilla/5.0 (Linux; Android 7.0;) AppleWebKit/537.36 (KHTML, like Gecko) Mobile Safari/537.36 (compatible; PetalBot;+https://webmaster.petalsearch.com/site/petalbot)"
114.119.137.68 - - [01/Jan/2026:13:18:32 +0800] "GET /%E0%B9%80%E0%B8%81%E0%B8%A1%E0%B8%AA%E0%B8%A5%E0%B9%87%E0%B8%AD%E0%B8%95%E0%B9%80%E0%B8%84%E0%B8%A3%E0%B8%94%E0%B8%B4%E0%B8%95%E0%B8%9F%E0%B8%A3%E0%B8%B5.aspx HTTP/1.1" 404 20032 "https://gwfencing.com.au/%E0%B9%80%E0%B8%A7%E0%B9%87%E0%B8%9A%E0%B8%AA%E0%B8%A5%E0%B9%87%E0%B8%AD%E0%B8%95.aspx" "Mozilla/5.0 (Linux; Android 7.0;) AppleWebKit/537.36 (KHTML, like Gecko) Mobile Safari/537.36 (compatible; PetalBot;+https://webmaster.petalsearch.com/site/petalbot)"
103.4.122.14 - - [01/Jan/2026:13:19:56 +0800] "POST /wp-cron.php?doing_wp_cron=1767244796.6389820575714111328125 HTTP/1.1" 200 - "-" "WordPress/6.9; https://gwfencing.com.au"
114.119.137.68 - - [01/Jan/2026:13:19:55 +0800] "GET /slot%20pg%20soft.aspx HTTP/1.1" 404 20032 "https://gwfencing.com.au/%E0%B9%80%E0%B8%9A%E0%B8%97%E0%B8%9F%E0%B8%B4%E0%B8%81.aspx" "Mozilla/5.0 (Linux; Android 7.0;) AppleWebKit/537.36 (KHTML, like Gecko) Mobile Safari/537.36 (compatible; PetalBot;+https://webmaster.petalsearch.com/site/petalbot)"
103.4.122.14 - - [01/Jan/2026:13:21:20 +0800] "POST /wp-cron.php?doing_wp_cron=1767244880.2608940601348876953125 HTTP/1.1" 200 - "-" "WordPress/6.9; https://gwfencing.com.au"
114.119.148.187 - - [01/Jan/2026:13:21:19 +0800] "GET /%E0%B8%AB%E0%B8%99%E0%B8%B1%E0%B8%87%E0%B9%82%E0%B8%9B%E0%B9%89%E0%B8%AA%E0%B8%B2%E0%B8%A7%E0%B8%AA%E0%B8%A7%E0%B8%A2.aspx HTTP/1.1" 404 20032 "https://gwfencing.com.au/%E0%B9%82%E0%B8%9B%E0%B8%A3%E0%B8%AA%E0%B8%A5%E0%B9%87%E0%B8%AD%E0%B8%95%E0%B8%AA%E0%B8%A1%E0%B8%B2%E0%B8%8A%E0%B8%B4%E0%B8%81%E0%B9%83%E0%B8%AB%E0%B8%A1%E0%B9%88%E0%B8%9D%E0%B8%B2%E0%B8%8110%E0%B8%A3%E0%B8%B1%E0%B8%9A100.aspx" "Mozilla/5.0 (Linux; Android 7.0;) AppleWebKit/537.36 (KHTML, like Gecko) Mobile Safari/537.36 (compatible; PetalBot;+https://webmaster.petalsearch.com/site/petalbot)"
114.119.146.197 - - [01/Jan/2026:13:22:43 +0800] "GET /%E0%B8%AA%E0%B8%A5%E0%B9%87%E0%B8%AD%E0%B8%95xo%E0%B9%80%E0%B8%A7%E0%B9%87%E0%B8%9A%E0%B8%95%E0%B8%A3%E0%B8%87.aspx HTTP/1.1" 404 20032 "https://gwfencing.com.au/%E0%B8%AA%E0%B8%A5%E0%B9%87%E0%B8%AD%E0%B8%95%E0%B9%80%E0%B8%A7%E0%B9%87%E0%B8%9A%E0%B8%95%E0%B8%A3%E0%B8%87%20168.aspx" "Mozilla/5.0 (Linux; Android 7.0;) AppleWebKit/537.36 (KHTML, like Gecko) Mobile Safari/537.36 (compatible; PetalBot;+https://webmaster.petalsearch.com/site/petalbot)"
114.119.133.83 - - [01/Jan/2026:13:24:12 +0800] "GET /%E0%B8%AA%E0%B8%A5%E0%B9%87%E0%B8%AD%E0%B8%95%20%E0%B8%97%E0%B8%94%E0%B8%A5%E0%B8%AD%E0%B8%87%E0%B9%80%E0%B8%A5%E0%B9%88%E0%B8%99%E0%B8%9F%E0%B8%A3%E0%B8%B5.aspx HTTP/1.1" 404 20032 "https://gwfencing.com.au/%E0%B9%80%E0%B8%A7%E0%B9%87%E0%B8%9A%E0%B8%AA%E0%B8%A5%E0%B9%87%E0%B8%AD%E0%B8%95%E0%B9%81%E0%B8%95%E0%B8%81%E0%B8%87%E0%B9%88%E0%B8%B2%E0%B8%A2%20%E0%B8%AD%E0%B8%B1%E0%B8%99%E0%B8%94%E0%B8%B1%E0%B8%9A%201.aspx" "Mozilla/5.0 (Linux; Android 7.0;) AppleWebKit/537.36 (KHTML, like Gecko) Mobile Safari/537.36 (compatible; PetalBot;+https://webmaster.petalsearch.com/site/petalbot)"
114.119.157.231 - - [01/Jan/2026:13:25:29 +0800] "GET /%E0%B8%9D%E0%B8%B2%E0%B8%81%2010%20%E0%B8%A3%E0%B8%B1%E0%B8%9A%20100%20%E0%B8%97%E0%B8%B3%E0%B8%A2%E0%B8%AD%E0%B8%94%20200%20%E0%B8%96%E0%B8%AD%E0%B8%99%E0%B9%84%E0%B8%94%E0%B9%89%E0%B9%80%E0%B8%A5%E0%B8%A2.aspx HTTP/1.1" 404 20032 "https://gwfencing.com.au/superslot%E0%B8%97%E0%B8%94%E0%B8%A5%E0%B8%AD%E0%B8%87%E0%B9%80%E0%B8%A5%E0%B9%88%E0%B8%99.aspx" "Mozilla/5.0 (Linux; Android 7.0;) AppleWebKit/537.36 (KHTML, like Gecko) Mobile Safari/537.36 (compatible; PetalBot;+https://webmaster.petalsearch.com/site/petalbot)"
103.4.122.14 - - [01/Jan/2026:13:26:54 +0800] "POST /wp-cron.php?doing_wp_cron=1767245214.0764551162719726562500 HTTP/1.1" 200 - "-" "WordPress/6.9; https://gwfencing.com.au"
114.119.141.127 - - [01/Jan/2026:13:26:53 +0800] "GET /%E0%B8%AA%E0%B8%A5%E0%B9%87%E0%B8%AD%E0%B8%95%E0%B9%80%E0%B8%A7%E0%B9%87%E0%B8%9A%E0%B8%95%E0%B8%A3%E0%B8%87%20%E0%B9%81%E0%B8%95%E0%B8%81%E0%B8%87%E0%B9%88%E0%B8%B2%E0%B8%A2.aspx HTTP/1.1" 404 20032 "https://gwfencing.com.au/%E0%B8%97%E0%B8%B2%E0%B8%87%20%E0%B9%80%E0%B8%82%E0%B9%89%E0%B8%B2%20pg%20slot.aspx" "Mozilla/5.0 (Linux; Android 7.0;) AppleWebKit/537.36 (KHTML, like Gecko) Mobile Safari/537.36 (compatible; PetalBot;+https://webmaster.petalsearch.com/site/petalbot)"
103.4.122.14 - - [01/Jan/2026:13:28:17 +0800] "POST /wp-cron.php?doing_wp_cron=1767245297.7511610984802246093750 HTTP/1.1" 200 - "-" "WordPress/6.9; https://gwfencing.com.au"
114.119.153.171 - - [01/Jan/2026:13:28:16 +0800] "GET /ufacash%20%E0%B9%80%E0%B8%82%E0%B9%89%E0%B8%B2%E0%B8%AA%E0%B8%B9%E0%B9%88%E0%B8%A3%E0%B8%B0%E0%B8%9A%E0%B8%9A.aspx HTTP/1.1" 404 20032 "https://gwfencing.com.au/metal%20slot.aspx" "Mozilla/5.0 (Linux; Android 7.0;) AppleWebKit/537.36 (KHTML, like Gecko) Mobile Safari/537.36 (compatible; PetalBot;+https://webmaster.petalsearch.com/site/petalbot)"
142.44.228.115 - - [01/Jan/2026:13:29:21 +0800] "GET /wp-sitemap.xml HTTP/1.1" 404 18918 "-" "Mozilla/5.0 (compatible; AhrefsBot/7.0; +http://ahrefs.com/robot/)"
114.119.146.197 - - [01/Jan/2026:13:29:41 +0800] "GET /%E0%B8%AA%E0%B8%A5%E0%B9%87%E0%B8%AD%E0%B8%95%E0%B8%9D%E0%B8%B2%E0%B8%81%E0%B8%96%E0%B8%AD%E0%B8%99%20true%20wallet.aspx HTTP/1.1" 404 20032 "https://gwfencing.com.au/slot%20pg%20vip.aspx" "Mozilla/5.0 (Linux; Android 7.0;) AppleWebKit/537.36 (KHTML, like Gecko) Mobile Safari/537.36 (compatible; PetalBot;+https://webmaster.petalsearch.com/site/petalbot)"
114.119.153.171 - - [01/Jan/2026:13:31:04 +0800] "GET /%E0%B8%AA%E0%B8%A5%E0%B9%87%E0%B8%AD%E0%B8%95%20xo%20%E0%B9%80%E0%B8%A7%E0%B9%87%E0%B8%9A%E0%B8%95%E0%B8%A3%E0%B8%87%20%E0%B8%9D%E0%B8%B2%E0%B8%81%E0%B8%96%E0%B8%AD%E0%B8%99%20%E0%B9%84%E0%B8%A1%E0%B9%88%E0%B8%A1%E0%B8%B5%20%E0%B8%82%E0%B8%B1%E0%B9%89%E0%B8%99%E0%B8%95%E0%B9%88%E0%B8%B3.aspx HTTP/1.1" 404 20032 "https://gwfencing.com.au/%E0%B8%97%E0%B8%B2%E0%B8%87%E0%B9%80%E0%B8%82%E0%B9%89%E0%B8%B2%20ufabet%20%E0%B8%A1%E0%B8%B7%E0%B8%AD%E0%B8%96%E0%B8%B7%E0%B8%AD.aspx" "Mozilla/5.0 (Linux; Android 7.0;) AppleWebKit/537.36 (KHTML, like Gecko) Mobile Safari/537.36 (compatible; PetalBot;+https://webmaster.petalsearch.com/site/petalbot)"
103.4.122.14 - - [01/Jan/2026:13:32:29 +0800] "POST /wp-cron.php?doing_wp_cron=1767245549.1026930809020996093750 HTTP/1.1" 200 - "-" "WordPress/6.9; https://gwfencing.com.au"
114.119.157.231 - - [01/Jan/2026:13:32:28 +0800] "GET /%E0%B8%97%E0%B8%B2%E0%B8%87%E0%B9%80%E0%B8%82%E0%B9%89%E0%B8%B2pg%20slot%20auto%20%E0%B8%A1%E0%B8%B7%E0%B8%AD%E0%B8%96%E0%B8%B7%E0%B8%AD.aspx HTTP/1.1" 404 20032 "https://gwfencing.com.au/%E0%B8%97%E0%B8%B2%E0%B8%87%E0%B9%80%E0%B8%82%E0%B9%89%E0%B8%B2pg%20%E0%B8%A1%E0%B8%B7%E0%B8%AD%E0%B8%96%E0%B8%B7%E0%B8%AD.aspx" "Mozilla/5.0 (Linux; Android 7.0;) AppleWebKit/537.36 (KHTML, like Gecko) Mobile Safari/537.36 (compatible; PetalBot;+https://webmaster.petalsearch.com/site/petalbot)"
114.119.137.68 - - [01/Jan/2026:13:33:52 +0800] "GET /%E0%B8%97%E0%B8%B2%E0%B8%87%E0%B9%80%E0%B8%82%E0%B9%89%E0%B8%B2%E0%B9%80%E0%B8%A5%E0%B9%88%E0%B8%99superslot.aspx HTTP/1.1" 404 20032 "https://gwfencing.com.au/%E0%B8%97%E0%B8%94%E0%B8%A5%E0%B8%AD%E0%B8%87%E0%B9%80%E0%B8%A5%E0%B9%88%E0%B8%99pp.aspx" "Mozilla/5.0 (Linux; Android 7.0;) AppleWebKit/537.36 (KHTML, like Gecko) Mobile Safari/537.36 (compatible; PetalBot;+https://webmaster.petalsearch.com/site/petalbot)"
114.119.148.187 - - [01/Jan/2026:13:35:16 +0800] "GET /%E0%B8%97%E0%B8%B2%E0%B8%87%E0%B9%80%E0%B8%82%E0%B9%89%E0%B8%B2%20ufabet%20%E0%B8%A1%E0%B8%B7%E0%B8%AD%E0%B8%96%E0%B8%B7%E0%B8%AD.aspx HTTP/1.1" 404 20032 "https://gwfencing.com.au/%E0%B8%97%E0%B8%B2%E0%B8%87%E0%B9%80%E0%B8%82%E0%B9%89%E0%B8%B2%20pg.aspx" "Mozilla/5.0 (Linux; Android 7.0;) AppleWebKit/537.36 (KHTML, like Gecko) Mobile Safari/537.36 (compatible; PetalBot;+https://webmaster.petalsearch.com/site/petalbot)"
103.4.122.14 - - [01/Jan/2026:13:36:40 +0800] "POST /wp-cron.php?doing_wp_cron=1767245799.8176670074462890625000 HTTP/1.1" 200 - "-" "WordPress/6.9; https://gwfencing.com.au"
114.119.145.66 - - [01/Jan/2026:13:36:38 +0800] "GET /%E0%B8%97%E0%B8%94%E0%B8%A5%E0%B8%AD%E0%B8%87%E0%B9%80%E0%B8%A5%E0%B9%88%E0%B8%99%E0%B8%AA%E0%B8%A5%E0%B9%87%E0%B8%AD%E0%B8%95%20joker.aspx HTTP/1.1" 404 20032 "https://gwfencing.com.au/%E0%B8%9A%E0%B8%B2%E0%B8%84%E0%B8%B2%E0%B8%A3%E0%B9%88%E0%B8%B2%E0%B9%80%E0%B8%A7%E0%B9%87%E0%B8%9A%E0%B8%95%E0%B8%A3%E0%B8%87.aspx" "Mozilla/5.0 (Linux; Android 7.0;) AppleWebKit/537.36 (KHTML, like Gecko) Mobile Safari/537.36 (compatible; PetalBot;+https://webmaster.petalsearch.com/site/petalbot)"
114.119.157.231 - - [01/Jan/2026:13:38:03 +0800] "GET /pg%20slot%20%E0%B8%97%E0%B8%B2%E0%B8%87%E0%B9%80%E0%B8%82%E0%B9%89%E0%B8%B2%20%E0%B8%A1%E0%B8%B7%E0%B8%AD%E0%B8%96%E0%B8%B7%E0%B8%AD.aspx HTTP/1.1" 404 20032 "https://gwfencing.com.au/%E0%B8%97%E0%B8%94%E0%B8%A5%E0%B8%AD%E0%B8%87%E0%B9%80%E0%B8%A5%E0%B9%88%E0%B8%99%E0%B8%AA%E0%B8%A5%E0%B9%87%E0%B8%AD%E0%B8%95%20roma.aspx" "Mozilla/5.0 (Linux; Android 7.0;) AppleWebKit/537.36 (KHTML, like Gecko) Mobile Safari/537.36 (compatible; PetalBot;+https://webmaster.petalsearch.com/site/petalbot)"
103.151.125.97 - - [01/Jan/2026:13:39:16 +0800] "GET / HTTP/1.1" 200 8308 "-" "Mozilla/5.0 (Windows NT 10.0; Win64; x64) AppleWebKit/537.36 (KHTML, like Gecko) Chrome/93.0.4577.63 Safari/537.36"
103.151.125.97 - - [01/Jan/2026:13:39:18 +0800] "GET / HTTP/1.1" 200 8308 "-" "Mozilla/5.0 (Windows NT 10.0; Win64; x64) AppleWebKit/537.36 (KHTML, like Gecko) Chrome/93.0.4577.63 Safari/537.36"
103.151.125.97 - - [01/Jan/2026:13:39:19 +0800] "GET //contact HTTP/1.1" 301 - "-" "Mozilla/5.0 (Windows NT 10.0; Win64; x64) AppleWebKit/537.36 (KHTML, like Gecko) Chrome/93.0.4577.63 Safari/537.36"
103.151.125.97 - - [01/Jan/2026:13:39:20 +0800] "GET /contacts/ HTTP/1.1" 200 6751 "-" "Mozilla/5.0 (Windows NT 10.0; Win64; x64) AppleWebKit/537.36 (KHTML, like Gecko) Chrome/93.0.4577.63 Safari/537.36"
114.119.133.83 - - [01/Jan/2026:13:39:29 +0800] "GET /%E0%B8%AA%E0%B8%A5%E0%B9%87%E0%B8%AD%E0%B8%95%20%E0%B8%97%E0%B8%94%E0%B8%A5%E0%B8%AD%E0%B8%87%E0%B9%80%E0%B8%A5%E0%B9%88%E0%B8%99%E0%B8%9F%E0%B8%A3%E0%B8%B5%20100.aspx HTTP/1.1" 404 20032 "https://gwfencing.com.au/%E0%B8%97%E0%B8%B2%E0%B8%87%E0%B9%80%E0%B8%82%E0%B9%89%E0%B8%B2%E0%B8%8B%E0%B8%B8%E0%B8%9B%E0%B9%80%E0%B8%9B%E0%B8%AD%E0%B8%A3%E0%B9%8C%E0%B8%AA%E0%B8%A5%E0%B9%87%E0%B8%AD%E0%B8%95.aspx" "Mozilla/5.0 (Linux; Android 7.0;) AppleWebKit/537.36 (KHTML, like Gecko) Mobile Safari/537.36 (compatible; PetalBot;+https://webmaster.petalsearch.com/site/petalbot)"
114.119.137.68 - - [01/Jan/2026:13:40:49 +0800] "GET /%E0%B8%97%E0%B8%94%E0%B8%A5%E0%B8%AD%E0%B8%87%E0%B9%80%E0%B8%A5%E0%B9%88%E0%B8%99%E0%B8%9A%E0%B8%B2%E0%B8%84%E0%B8%B2%E0%B8%A3%E0%B9%88%E0%B8%B2.aspx HTTP/1.1" 404 20032 "https://gwfencing.com.au/%E0%B8%A3%E0%B8%A7%E0%B8%A1%E0%B9%80%E0%B8%A7%E0%B9%87%E0%B8%9A%20betflix.aspx" "Mozilla/5.0 (Linux; Android 7.0;) AppleWebKit/537.36 (KHTML, like Gecko) Mobile Safari/537.36 (compatible; PetalBot;+https://webmaster.petalsearch.com/site/petalbot)"
103.4.122.14 - - [01/Jan/2026:13:42:13 +0800] "POST /wp-cron.php?doing_wp_cron=1767246133.4552369117736816406250 HTTP/1.1" 200 - "-" "WordPress/6.9; https://gwfencing.com.au"
114.119.153.171 - - [01/Jan/2026:13:42:12 +0800] "GET /%E0%B8%97%E0%B8%94%E0%B8%A5%E0%B8%AD%E0%B8%87%E0%B9%80%E0%B8%A5%E0%B9%88%E0%B8%99%E0%B8%9A%E0%B8%B2%E0%B8%84%E0%B8%B2%E0%B8%A3%E0%B9%88%E0%B8%B2%E0%B8%9F%E0%B8%A3%E0%B8%B5%2050000.aspx HTTP/1.1" 404 20032 "https://gwfencing.com.au/rocket%20878%20%E0%B8%AA%E0%B8%A5%E0%B9%87%E0%B8%AD%E0%B8%95.aspx" "Mozilla/5.0 (Linux; Android 7.0;) AppleWebKit/537.36 (KHTML, like Gecko) Mobile Safari/537.36 (compatible; PetalBot;+https://webmaster.petalsearch.com/site/petalbot)"
103.4.122.14 - - [01/Jan/2026:13:43:39 +0800] "POST /wp-cron.php?doing_wp_cron=1767246219.3991560935974121093750 HTTP/1.1" 200 - "-" "WordPress/6.9; https://gwfencing.com.au"
114.119.141.127 - - [01/Jan/2026:13:43:38 +0800] "GET /%E0%B9%80%E0%B8%A7%E0%B9%87%E0%B8%9A%E0%B8%9A%E0%B8%B2%E0%B8%84%E0%B8%B2%E0%B8%A3%E0%B9%88%E0%B8%B2%E0%B8%97%E0%B8%B5%E0%B9%88%E0%B8%84%E0%B8%99%E0%B9%80%E0%B8%A5%E0%B9%88%E0%B8%99%E0%B9%80%E0%B8%A2%E0%B8%AD%E0%B8%B0%E0%B8%97%E0%B8%B5%E0%B9%88%E0%B8%AA%E0%B8%B8%E0%B8%94.aspx HTTP/1.1" 404 20032 "https://gwfencing.com.au/%E0%B8%AA%E0%B8%A5%E0%B9%87%E0%B8%AD%E0%B8%95%E0%B8%A3%E0%B8%B1%E0%B8%9A%E0%B9%82%E0%B8%9B%E0%B8%A3.aspx" "Mozilla/5.0 (Linux; Android 7.0;) AppleWebKit/537.36 (KHTML, like Gecko) Mobile Safari/537.36 (compatible; PetalBot;+https://webmaster.petalsearch.com/site/petalbot)"
103.4.122.14 - - [01/Jan/2026:13:45:07 +0800] "POST /wp-cron.php?doing_wp_cron=1767246307.6554789543151855468750 HTTP/1.1" 200 - "-" "WordPress/6.9; https://gwfencing.com.au"
114.119.137.68 - - [01/Jan/2026:13:45:06 +0800] "GET /%E0%B8%8B%E0%B8%B8%E0%B8%9B%E0%B9%80%E0%B8%9B%E0%B8%AD%E0%B8%A3%E0%B9%8C%E0%B8%AA%E0%B8%A5%E0%B9%87%E0%B8%AD%E0%B8%95%E0%B8%9F%E0%B8%A3%E0%B8%B550.aspx HTTP/1.1" 404 20032 "https://gwfencing.com.au/%E0%B8%AA%E0%B8%A5%E0%B9%87%E0%B8%AD%E0%B8%9588.aspx" "Mozilla/5.0 (Linux; Android 7.0;) AppleWebKit/537.36 (KHTML, like Gecko) Mobile Safari/537.36 (compatible; PetalBot;+https://webmaster.petalsearch.com/site/petalbot)"
103.4.122.14 - - [01/Jan/2026:13:46:24 +0800] "POST /wp-cron.php?doing_wp_cron=1767246384.5295779705047607421875 HTTP/1.1" 200 - "-" "WordPress/6.9; https://gwfencing.com.au"
114.119.157.231 - - [01/Jan/2026:13:46:23 +0800] "GET /%E0%B8%9C%E0%B8%A5%20%E0%B8%9A%E0%B8%AD%E0%B8%A5%20%E0%B8%A0%E0%B8%B2%E0%B8%A9%E0%B8%B2%20%E0%B9%84%E0%B8%97%E0%B8%A2%20thscore.aspx HTTP/1.1" 404 20032 "https://gwfencing.com.au/%E0%B9%80%E0%B8%A7%E0%B9%87%E0%B8%9A%E0%B8%AA%E0%B8%A5%E0%B9%87%E0%B8%AD%E0%B8%95%E0%B8%95%E0%B8%A3%E0%B8%87%20%E0%B8%97%E0%B8%B1%E0%B9%89%E0%B8%87%E0%B8%AB%E0%B8%A1%E0%B8%94.aspx" "Mozilla/5.0 (Linux; Android 7.0;) AppleWebKit/537.36 (KHTML, like Gecko) Mobile Safari/537.36 (compatible; PetalBot;+https://webmaster.petalsearch.com/site/petalbot)"
