213.163.195.66 - - [03/Jan/2026:01:52:00 +0800] "GET /wp-includes/blocks/query/ HTTP/1.1" 403 199 "-" "Mozilla/5.0 (Windows NT 10.0) AppleWebKit/537.36 (KHTML, like Gecko) Chrome/72.0.3626.121 Safari/537.36"
213.163.195.66 - - [03/Jan/2026:01:52:00 +0800] "GET /wp-includes/js/tinymce/langs/ HTTP/1.1" 403 199 "-" "Mozilla/5.0 (Windows NT 10.0; Win64; x64; rv:66.0) Gecko/20100101 Firefox/66.0"
213.163.195.66 - - [03/Jan/2026:01:52:00 +0800] "GET /wp-admin/css/colors/ectoplasm/ HTTP/1.1" 403 199 "-" "Mozilla/5.0 (Windows NT 10.0; Win64; x64) AppleWebKit/537.36 (KHTML, like Gecko) Chrome/83.0.4103.61 Safari/537.36"
213.163.195.66 - - [03/Jan/2026:01:52:01 +0800] "GET /wp-includes/blocks/group/ HTTP/1.1" 403 199 "-" "Mozilla/5.0 (X11; Linux x86_64) AppleWebKit/537.36 (KHTML, like Gecko) Chrome/84.0.4147.105 Safari/537.36"
213.163.195.66 - - [03/Jan/2026:01:52:01 +0800] "GET /blog/ HTTP/1.1" 410 20023 "-" "Mozilla/5.0 (Linux x86_64; rv:79.0) Gecko/20100101 Firefox/79.0"
213.163.195.66 - - [03/Jan/2026:01:52:04 +0800] "GET /wp-content/themes/twentytwentyfour/ HTTP/1.1" 404 20023 "-" "Mozilla/5.0 (Windows NT 6.1; Win64; x64) AppleWebKit/537.36 (KHTML, like Gecko) Chrome/78.0.3904.108 Safari/537.36"
213.163.195.66 - - [03/Jan/2026:01:52:06 +0800] "GET /wp-includes/interactivity-api/ HTTP/1.1" 403 199 "-" "Mozilla/5.0 (Windows NT 10.0) AppleWebKit/537.36 (KHTML, like Gecko) Chrome/72.0.3626.121 Safari/537.36"
213.163.195.66 - - [03/Jan/2026:01:52:07 +0800] "GET /wp-includes/wp-class.php/wp-content/themes/travelscape/ HTTP/1.1" 404 20023 "-" "Mozilla/5.0 (Macintosh; Intel Mac OS X 10_12_6) AppleWebKit/537.36 (KHTML, like Gecko) Chrome/58.0.3029.110 Safari/537.3"
213.163.195.66 - - [03/Jan/2026:01:52:08 +0800] "GET /wp-content/upgrade/ HTTP/1.1" 403 199 "-" "Mozilla/5.0 (Windows NT 10.0; Win64; x64; rv:66.0) Gecko/20100101 Firefox/66.0"
213.163.195.66 - - [03/Jan/2026:01:52:09 +0800] "GET /wp-admin/js/dist/ HTTP/1.1" 404 20023 "-" "Mozilla/5.0 (Windows NT 10.0; Win64; x64) AppleWebKit/537.36 (KHTML, like Gecko) Chrome/79.0.3945.79 Safari/537.36"
213.163.195.66 - - [03/Jan/2026:01:52:10 +0800] "GET /assets/css/dist/ HTTP/1.1" 404 20023 "-" "Mozilla/5.0 (Windows NT 10.0; Win64; x64) AppleWebKit/537.36 (KHTML, like Gecko) Chrome/83.0.4103.61 Safari/537.36"
213.163.195.66 - - [03/Jan/2026:01:52:12 +0800] "GET /wp-includes/js/jquery/ HTTP/1.1" 403 199 "-" "Mozilla/5.0 (Windows NT 10.0; Win64; x64) AppleWebKit/537.36 (KHTML, like Gecko) Chrome/70.0.3538.77 Safari/537.36"
213.163.195.66 - - [03/Jan/2026:01:52:13 +0800] "GET /wp-includes/Requests/ HTTP/1.1" 403 199 "-" "Mozilla/5.0 (Windows NT 10.0; Win64; x64; rv:77.0) Gecko/20100101 Firefox/77.0"
213.163.195.66 - - [03/Jan/2026:01:52:16 +0800] "GET /wp-admin/js/widgets/ HTTP/1.1" 403 199 "-" "Mozilla/5.0 (X11; Fedora; Linux x86_64; rv:79.0) Gecko/20100101 Firefox/79.0"
213.163.195.66 - - [03/Jan/2026:01:52:17 +0800] "GET /wp-content/plugins/wp-file-manager/admin/ HTTP/1.1" 404 20023 "-" "Mozilla/5.0 (Windows NT 10.0; Win64; x64; rv:71.0) Gecko/20100101 Firefox/71.0"
213.163.195.66 - - [03/Jan/2026:01:52:18 +0800] "GET /wp-admin/js/widget/ HTTP/1.1" 404 20023 "-" "Mozilla/5.0 (Windows NT 10.0; Win64; x64) AppleWebKit/537.36 (KHTML, like Gecko) Chrome/84.0.4147.105 Safari/537.36 OPR/70.0.3728.95"
213.163.195.66 - - [03/Jan/2026:01:52:22 +0800] "GET /vendor/phpunit/phpunit/src/Util/PHP/ HTTP/1.1" 404 20023 "-" "Mozilla/5.0 (Windows NT 6.1; Win64; x64) AppleWebKit/537.36 (KHTML, like Gecko) Chrome/78.0.3904.108 Safari/537.36"
213.163.195.66 - - [03/Jan/2026:01:52:24 +0800] "GET /wp-content/uploads/ HTTP/1.1" 403 13 "-" "Mozilla/5.0 (Macintosh; Intel Mac OS X 10_15_6) AppleWebKit/537.36 (KHTML, like Gecko) Chrome/84.0.4147.125 Safari/537.36"
213.163.195.66 - - [03/Jan/2026:01:52:24 +0800] "GET /wp-content/themes/tflow/ HTTP/1.1" 404 20023 "-" "Mozilla/5.0 (Macintosh; Intel Mac OS X 10_10_1) AppleWebKit/537.36 (KHTML, like Gecko) Chrome/39.0.2171.95 Safari/537.36"
213.163.195.66 - - [03/Jan/2026:01:52:26 +0800] "GET /wp-admin/ HTTP/1.1" 302 - "-" "Mozilla/5.0 (Windows NT 6.1; Win64; x64) AppleWebKit/537.36 (KHTML, like Gecko) Chrome/74.0.3729.169 Safari/537.36"
213.163.195.66 - - [03/Jan/2026:01:52:27 +0800] "GET /wordpress/wp-admin/includes HTTP/1.1" 404 20023 "-" "Mozilla/5.0 (Windows NT 10.0; Win64; x64) AppleWebKit/537.36 (KHTML, like Gecko) Chrome/70.0.3538.77 Safari/537.36"
213.163.195.66 - - [03/Jan/2026:01:52:31 +0800] "GET /wp-admin/js/ HTTP/1.1" 403 199 "-" "Mozilla/5.0 (compatible; MSIE 10.0; Windows NT 6.1; Trident/6.0)"
213.163.195.66 - - [03/Jan/2026:01:52:31 +0800] "GET /ALFA_DATA/ HTTP/1.1" 404 20023 "-" "Mozilla/5.0 (Windows NT 10.0; Win64; x64) AppleWebKit/537.36 (KHTML, like Gecko) Chrome/75.0.3770.100 Safari/537.36"
213.163.195.66 - - [03/Jan/2026:01:52:34 +0800] "GET /wp-admin/css/colors/ HTTP/1.1" 403 199 "-" "Mozilla/5.0 (Macintosh; Intel Mac OS X 10_15_6) AppleWebKit/537.36 (KHTML, like Gecko) Chrome/84.0.4147.125 Safari/537.36"
213.163.195.66 - - [03/Jan/2026:01:52:34 +0800] "GET /wp-includes/css/ HTTP/1.1" 403 199 "-" "Mozilla/5.0 (Windows NT 6.1; Win64; x64) AppleWebKit/537.36 (KHTML, like Gecko) Chrome/58.0.3029.110 Safari/537.3"
213.163.195.66 - - [03/Jan/2026:01:52:34 +0800] "GET /wp-includes/ID3 HTTP/1.1" 301 248 "-" "Mozilla/5.0 (Windows NT 10.0; WOW64; x64) AppleWebKit/537.36 (KHTML, like Gecko) Chrome/84.0.4147.105 Safari/537.36 OPR/70.0.3728.95"
213.163.195.66 - - [03/Jan/2026:01:52:35 +0800] "GET /wp-includes/blocks/ HTTP/1.1" 200 2 "-" "Mozilla/5.0 (Windows NT 10.0) AppleWebKit/537.36 (KHTML, like Gecko) Chrome/72.0.3626.121 Safari/537.36"
213.163.195.66 - - [03/Jan/2026:01:52:35 +0800] "GET /wp-includes/certificates/ HTTP/1.1" 403 199 "-" "Mozilla/5.0 (Windows NT 10.0; Win64; x64; rv:71.0) Gecko/20100101 Firefox/71.0"
213.163.195.66 - - [03/Jan/2026:01:52:35 +0800] "GET /wp-admin/images/ HTTP/1.1" 403 199 "-" "Mozilla/5.0 (Windows NT 6.1; Win64; x64) AppleWebKit/537.36 (KHTML, like Gecko) Chrome/80.0.3987.149 Safari/537.36"
213.163.195.66 - - [03/Jan/2026:01:52:35 +0800] "GET /wp-admin/maint/ HTTP/1.1" 403 199 "-" "Mozilla/5.0 (Windows NT 6.1; Win64; x64) AppleWebKit/537.36 (KHTML, like Gecko) Chrome/79.0.3945.130 Safari/537.36"
213.163.195.66 - - [03/Jan/2026:01:52:35 +0800] "GET /wp-admin/meta/ HTTP/1.1" 404 20023 "-" "Mozilla/5.0 (Windows NT 10.0; Win64; x64) AppleWebKit/537.36 (KHTML, like Gecko) Chrome/70.0.3538.77 Safari/537.36"
213.163.195.66 - - [03/Jan/2026:01:52:38 +0800] "GET /wp-admin/user/ HTTP/1.1" 302 - "-" "Mozilla/5.0 (Windows NT 10.0; Win64; x64) AppleWebKit/537.36 (KHTML, like Gecko) Chrome/77.0.3865.90 Safari/537.36"
213.163.195.66 - - [03/Jan/2026:01:52:39 +0800] "GET /wp-content/uploads/ao_ccss/ HTTP/1.1" 403 199 "-" "Mozilla/5.0 (Windows NT 10.0; WOW64) AppleWebKit/537.36 (KHTML, like Gecko) Chrome/72.0.3626.121 Safari/537.36"
213.163.195.66 - - [03/Jan/2026:01:52:39 +0800] "GET /wp-content/uploads/2021/ HTTP/1.1" 403 199 "-" "Mozilla/5.0 (Windows NT 10.0) AppleWebKit/537.36 (KHTML, like Gecko) Chrome/84.0.4147.105 Safari/537.36"
213.163.195.66 - - [03/Jan/2026:01:52:39 +0800] "GET /wp-content/plugins/elementor/ HTTP/1.1" 404 20023 "-" "Mozilla/5.0 (Windows NT 10.0; Win64; x64) AppleWebKit/537.36 (KHTML, like Gecko) Chrome/70.0.3538.110 Safari/537.36"
213.163.195.66 - - [03/Jan/2026:01:52:43 +0800] "GET /wp-content/mu-plugins/ HTTP/1.1" 404 20023 "-" "Mozilla/5.0 (Windows NT 10.0; Win64; x64) AppleWebKit/537.36 (KHTML, like Gecko) Chrome/84.0.4147.105 Safari/537.36 OPR/70.0.3728.95"
213.163.195.66 - - [03/Jan/2026:01:52:45 +0800] "GET /upload/image/ HTTP/1.1" 404 20023 "-" "Mozilla/5.0 (Windows NT 6.1; Win64; x64) AppleWebKit/537.36 (KHTML, like Gecko) Chrome/74.0.3729.169 Safari/537.36"
213.163.195.66 - - [03/Jan/2026:01:52:47 +0800] "GET /wordpress/wp-content/uploads/ HTTP/1.1" 404 20023 "-" "Mozilla/5.0 (Windows NT 10.0; Win64; x64) AppleWebKit/537.36 (KHTML, like Gecko) Chrome/80.0.3987.149 Safari/537.36"
213.163.195.66 - - [03/Jan/2026:01:52:57 +0800] "GET /wordpress/wp-includes/ HTTP/1.1" 404 20023 "-" "Mozilla/5.0 (X11; Fedora; Linux x86_64; rv:79.0) Gecko/20100101 Firefox/79.0"
213.163.195.66 - - [03/Jan/2026:01:53:00 +0800] "GET /blog/wp-includes/ HTTP/1.1" 404 20023 "-" "Mozilla/5.0 (Windows NT 10.0; Win64; x64; rv:74.0) Gecko/20100101 Firefox/74.0"
213.163.195.66 - - [03/Jan/2026:01:53:02 +0800] "GET /sites/default/files/ HTTP/1.1" 404 20023 "-" "Mozilla/5.0 (Windows NT 10.0; Win64; x64) AppleWebKit/537.36 (KHTML, like Gecko) Chrome/70.0.3538.77 Safari/537.36"
213.163.195.66 - - [03/Jan/2026:01:53:03 +0800] "GET /admin/controller/extension/extension/ HTTP/1.1" 404 20023 "-" "Mozilla/5.0 (Windows NT 6.3; Win64; x64; rv:73.0) Gecko/20100101 Firefox/73.0"
213.163.195.66 - - [03/Jan/2026:01:53:04 +0800] "GET /admin/editor/ HTTP/1.1" 404 20023 "-" "Mozilla/5.0 (Windows NT 10.0; Win64; x64) AppleWebKit/537.36 (KHTML, like Gecko) Chrome/81.0.4044.129 Safari/537.36"
213.163.195.66 - - [03/Jan/2026:01:53:06 +0800] "GET /admin/images/slider/ HTTP/1.1" 404 20023 "-" "Mozilla/5.0 (Windows NT 10.0; WOW64; Trident/7.0; .NET4.0C; .NET4.0E; .NET CLR 2.0.50727; .NET CLR 3.0.30729; .NET CLR 3.5.30729; rv:11.0) like Gecko"
213.163.195.66 - - [03/Jan/2026:01:53:07 +0800] "GET /admin/tmp/ HTTP/1.1" 404 20023 "-" "Mozilla/5.0 (X11; Linux x86_64) AppleWebKit/537.36 (KHTML, like Gecko) Chrome/84.0.4147.105 Safari/537.36"
161.35.183.115 - - [03/Jan/2026:02:03:49 +0800] "GET /wp-admin/css/ HTTP/1.1" 403 199 "binance.com" "Mozilla/5.0 (Windows NT 10.0; Win64; x64) AppleWebKit/537.36 (KHTML, like Gecko) Chrome/90.0.4430.85 Safari/537.36"
103.4.122.14 - - [03/Jan/2026:02:08:29 +0800] "POST /wp-cron.php?doing_wp_cron=1767377309.5004839897155761718750 HTTP/1.1" 200 - "-" "WordPress/6.9; https://gwfencing.com.au"
187.161.143.209 - - [03/Jan/2026:02:08:28 +0800] "GET /security-fencing/ HTTP/1.1" 200 6120 "-" "Mozilla/5.0 (Macintosh; Intel Mac OS X 10_11) AppleWebKit/537.36 (KHTML, like Gecko) Chrome/99.0.4886.93 Safari/537.36"
103.4.122.14 - - [03/Jan/2026:02:25:12 +0800] "POST /wp-cron.php?doing_wp_cron=1767378312.7402830123901367187500 HTTP/1.1" 200 - "-" "WordPress/6.9; https://gwfencing.com.au"
43.167.160.46 - - [03/Jan/2026:02:25:11 +0800] "GET /wp-json/wp/v2/posts HTTP/1.1" 200 2 "-" "Mozilla/5.0 (Windows NT 10.0; Win64; x64) AppleWebKit/537.36 (KHTML, like Gecko) Chrome/120.0.0.0 Safari/537.36"
103.4.122.14 - - [03/Jan/2026:02:28:12 +0800] "POST /wp-cron.php?doing_wp_cron=1767378492.7000899314880371093750 HTTP/1.1" 200 - "-" "WordPress/6.9; https://gwfencing.com.au"
134.122.71.153 - - [03/Jan/2026:02:28:11 +0800] "POST /xmlrpc.php HTTP/1.1" 405 415 "-" "Mozilla/5.0 (Windows NT 10.0; Win64; x64; rv:75.0) Gecko/20100101 Firefox/75.0"
157.55.39.13 - - [03/Jan/2026:02:28:58 +0800] "GET /wp-content/uploads/2019/09/various-206_orig-300x224.jpg HTTP/1.1" 200 19119 "-" "Mozilla/5.0 AppleWebKit/537.36 (KHTML, like Gecko; compatible; bingbot/2.0; +http://www.bing.com/bingbot.htm) Chrome/116.0.1938.76 Safari/537.36"
103.4.122.14 - - [03/Jan/2026:02:33:29 +0800] "POST /wp-cron.php?doing_wp_cron=1767378809.3064188957214355468750 HTTP/1.1" 200 - "-" "WordPress/6.9; https://gwfencing.com.au"
114.119.153.171 - - [03/Jan/2026:02:33:28 +0800] "GET / HTTP/1.1" 200 8308 "-" "Mozilla/5.0 (Linux; Android 7.0;) AppleWebKit/537.36 (KHTML, like Gecko) Mobile Safari/537.36 (compatible; PetalBot;+https://webmaster.petalsearch.com/site/petalbot)"
114.119.148.187 - - [03/Jan/2026:02:34:52 +0800] "GET / HTTP/1.1" 301 - "-" "Mozilla/5.0 (Linux; Android 7.0;) AppleWebKit/537.36 (KHTML, like Gecko) Mobile Safari/537.36 (compatible; PetalBot;+https://webmaster.petalsearch.com/site/petalbot)"
114.119.148.187 - - [03/Jan/2026:02:34:53 +0800] "GET / HTTP/1.1" 200 8308 "-" "Mozilla/5.0 (Linux; Android 7.0;) AppleWebKit/537.36 (KHTML, like Gecko) Mobile Safari/537.36 (compatible; PetalBot;+https://webmaster.petalsearch.com/site/petalbot)"
114.119.137.68 - - [03/Jan/2026:02:36:14 +0800] "GET /security-fencing HTTP/1.1" 301 - "https://gwfencing.com.au/sporting-fencing" "Mozilla/5.0 (Linux; Android 7.0;) AppleWebKit/537.36 (KHTML, like Gecko) Mobile Safari/537.36 (compatible; PetalBot;+https://webmaster.petalsearch.com/site/petalbot)"
114.119.137.68 - - [03/Jan/2026:02:36:16 +0800] "GET /security-fencing/ HTTP/1.1" 200 6120 "https://gwfencing.com.au/sporting-fencing" "Mozilla/5.0 (Linux; Android 7.0;) AppleWebKit/537.36 (KHTML, like Gecko) Mobile Safari/537.36 (compatible; PetalBot;+https://webmaster.petalsearch.com/site/petalbot)"
103.4.122.14 - - [03/Jan/2026:02:43:57 +0800] "POST /wp-cron.php?doing_wp_cron=1767379437.2378311157226562500000 HTTP/1.1" 200 - "-" "WordPress/6.9; https://gwfencing.com.au"
4.194.208.111 - - [03/Jan/2026:02:43:56 +0800] "GET / HTTP/1.1" 301 - "-" "Mozlila/5.0 (Linux; Android 7.0; SM-G892A Bulid/NRD90M; wv) AppleWebKit/537.36 (KHTML, like Gecko) Version/4.0 Chrome/60.0.3112.107 Moblie Safari/537.36"
4.194.208.111 - - [03/Jan/2026:02:43:56 +0800] "POST /wp-plain.php HTTP/1.1" 404 20023 "www.google.com" "Mozilla/5.0 (Linux; Android 7.0; SM-G892A Bulid/NRD90M; wv) AppleWebKit/537.36 (KHTML, like Gecko) Version/4.0 Chrome/60.0.3112.107 Moblie Safari/537.36"
4.194.208.111 - - [03/Jan/2026:02:43:56 +0800] "GET /wp-content/themes/seotheme/db.php?u HTTP/1.1" 404 20023 "www.google.com" "Mozlila/5.0 (Linux; Android 7.0; SM-G892A Bulid/NRD90M; wv) AppleWebKit/537.36 (KHTML, like Gecko) Version/4.0 Chrome/60.0.3112.107 Moblie Safari/537.36"
4.194.208.111 - - [03/Jan/2026:02:43:57 +0800] "GET /elnyeaoh.php?Fox=d3wL7 HTTP/1.1" 404 20023 "www.google.com" "Mozilla/5.0 (Linux; Android 7.0; SM-G892A Bulid/NRD90M; wv) AppleWebKit/537.36 (KHTML, like Gecko) Version/4.0 Chrome/60.0.3112.107 Moblie Safari/537.36"
4.194.208.111 - - [03/Jan/2026:02:44:00 +0800] "GET /wp-content/themes/seotheme/db.php?u HTTP/1.1" 404 20032 "www.google.com" "Mozlila/5.0 (Linux; Android 7.0; SM-G892A Bulid/NRD90M; wv) AppleWebKit/537.36 (KHTML, like Gecko) Version/4.0 Chrome/60.0.3112.107 Moblie Safari/537.36"
4.194.208.111 - - [03/Jan/2026:02:44:00 +0800] "GET / HTTP/1.1" 200 35548 "-" "Mozlila/5.0 (Linux; Android 7.0; SM-G892A Bulid/NRD90M; wv) AppleWebKit/537.36 (KHTML, like Gecko) Version/4.0 Chrome/60.0.3112.107 Moblie Safari/537.36"
4.194.208.111 - - [03/Jan/2026:02:44:01 +0800] "POST /wp-plain.php HTTP/1.1" 404 20032 "www.google.com" "Mozilla/5.0 (Linux; Android 7.0; SM-G892A Bulid/NRD90M; wv) AppleWebKit/537.36 (KHTML, like Gecko) Version/4.0 Chrome/60.0.3112.107 Moblie Safari/537.36"
4.194.208.111 - - [03/Jan/2026:02:44:01 +0800] "GET /wp-content/plugins/apikey/apikey.php?test=hello HTTP/1.1" 404 20032 "-" "Mozlila/5.0 (Linux; Android 7.0; SM-G892A Bulid/NRD90M; wv) AppleWebKit/537.36 (KHTML, like Gecko) Version/4.0 Chrome/60.0.3112.107 Moblie Safari/537.36"
4.194.208.111 - - [03/Jan/2026:02:44:02 +0800] "GET /zcujdcan.php?Fox=d3wL7 HTTP/1.1" 404 20032 "www.google.com" "Mozilla/5.0 (Linux; Android 7.0; SM-G892A Bulid/NRD90M; wv) AppleWebKit/537.36 (KHTML, like Gecko) Version/4.0 Chrome/60.0.3112.107 Moblie Safari/537.36"
4.194.208.111 - - [03/Jan/2026:02:44:02 +0800] "GET /plugins/content/apismtp/apismtp.php?test=hello HTTP/1.1" 404 20032 "-" "Mozlila/5.0 (Linux; Android 7.0; SM-G892A Bulid/NRD90M; wv) AppleWebKit/537.36 (KHTML, like Gecko) Version/4.0 Chrome/60.0.3112.107 Moblie Safari/537.36"
4.194.208.111 - - [03/Jan/2026:02:44:03 +0800] "GET /wp-content/plugins/apikey/apikey.php.suspected?test=hello HTTP/1.1" 404 20032 "-" "Mozlila/5.0 (Linux; Android 7.0; SM-G892A Bulid/NRD90M; wv) AppleWebKit/537.36 (KHTML, like Gecko) Version/4.0 Chrome/60.0.3112.107 Moblie Safari/537.36"
4.194.208.111 - - [03/Jan/2026:02:44:04 +0800] "GET /plugins/content/apismtp/apismtp.php.suspected?test=hello HTTP/1.1" 404 20032 "-" "Mozlila/5.0 (Linux; Android 7.0; SM-G892A Bulid/NRD90M; wv) AppleWebKit/537.36 (KHTML, like Gecko) Version/4.0 Chrome/60.0.3112.107 Moblie Safari/537.36"
103.4.122.14 - - [03/Jan/2026:02:49:42 +0800] "POST /wp-cron.php?doing_wp_cron=1767379782.5935881137847900390625 HTTP/1.1" 200 - "-" "WordPress/6.9; https://gwfencing.com.au"
66.249.70.195 - - [03/Jan/2026:02:49:41 +0800] "GET /robots.txt HTTP/1.1" 200 112 "-" "Mozilla/5.0 (compatible; Googlebot/2.1; +http://www.google.com/bot.html)"
66.249.70.195 - - [03/Jan/2026:02:49:43 +0800] "GET / HTTP/1.1" 200 8308 "-" "Mozilla/5.0 (compatible; Googlebot/2.1; +http://www.google.com/bot.html)"
66.249.70.195 - - [03/Jan/2026:02:49:43 +0800] "GET / HTTP/1.1" 200 8308 "-" "Mozilla/5.0 (Linux; Android 6.0.1; Nexus 5X Build/MMB29P) AppleWebKit/537.36 (KHTML, like Gecko) Chrome/99.0.4844.84 Mobile Safari/537.36 (compatible; Googlebot/2.1; +http://www.google.com/bot.html)"
66.249.70.194 - - [03/Jan/2026:02:49:46 +0800] "GET /wp-content/themes/blazeWP/css/content.css?ver=20180514 HTTP/1.1" 200 2291 "https://gwfencing.com.au/" "Mozilla/5.0 AppleWebKit/537.36 (KHTML, like Gecko; compatible; Googlebot/2.1; +http://www.google.com/bot.html) Chrome/141.0.7390.122 Safari/537.36"
66.249.70.194 - - [03/Jan/2026:02:49:46 +0800] "GET /wp-content/themes/blazeWP/css/content.css?ver=20180514 HTTP/1.1" 200 2291 "https://gwfencing.com.au/" "Mozilla/5.0 (Linux; Android 6.0.1; Nexus 5X Build/MMB29P) AppleWebKit/537.36 (KHTML, like Gecko) Chrome/141.0.7390.122 Mobile Safari/537.36 (compatible; Googlebot/2.1; +http://www.google.com/bot.html)"
114.119.148.187 - - [03/Jan/2026:02:50:32 +0800] "GET /sporting-fencing/ HTTP/1.1" 200 6363 "-" "Mozilla/5.0 (Linux; Android 7.0;) AppleWebKit/537.36 (KHTML, like Gecko) Mobile Safari/537.36 (compatible; PetalBot;+https://webmaster.petalsearch.com/site/petalbot)"
103.4.122.14 - - [03/Jan/2026:02:51:51 +0800] "POST /wp-cron.php?doing_wp_cron=1767379911.7241020202636718750000 HTTP/1.1" 200 - "-" "WordPress/6.9; https://gwfencing.com.au"
114.119.145.66 - - [03/Jan/2026:02:51:50 +0800] "GET /industrial/ HTTP/1.1" 200 6024 "-" "Mozilla/5.0 (Linux; Android 7.0;) AppleWebKit/537.36 (KHTML, like Gecko) Mobile Safari/537.36 (compatible; PetalBot;+https://webmaster.petalsearch.com/site/petalbot)"
114.119.148.187 - - [03/Jan/2026:02:53:15 +0800] "GET /industrial HTTP/1.1" 301 - "-" "Mozilla/5.0 (Linux; Android 7.0;) AppleWebKit/537.36 (KHTML, like Gecko) Mobile Safari/537.36 (compatible; PetalBot;+https://webmaster.petalsearch.com/site/petalbot)"
114.119.148.187 - - [03/Jan/2026:02:53:17 +0800] "GET /industrial/ HTTP/1.1" 200 6024 "-" "Mozilla/5.0 (Linux; Android 7.0;) AppleWebKit/537.36 (KHTML, like Gecko) Mobile Safari/537.36 (compatible; PetalBot;+https://webmaster.petalsearch.com/site/petalbot)"
114.119.148.187 - - [03/Jan/2026:02:54:38 +0800] "GET /contacts HTTP/1.1" 301 - "-" "Mozilla/5.0 (Linux; Android 7.0;) AppleWebKit/537.36 (KHTML, like Gecko) Mobile Safari/537.36 (compatible; PetalBot;+https://webmaster.petalsearch.com/site/petalbot)"
114.119.148.187 - - [03/Jan/2026:02:54:40 +0800] "GET /contacts/ HTTP/1.1" 200 6751 "-" "Mozilla/5.0 (Linux; Android 7.0;) AppleWebKit/537.36 (KHTML, like Gecko) Mobile Safari/537.36 (compatible; PetalBot;+https://webmaster.petalsearch.com/site/petalbot)"
114.119.133.83 - - [03/Jan/2026:02:56:01 +0800] "GET /commercial HTTP/1.1" 301 - "-" "Mozilla/5.0 (Linux; Android 7.0;) AppleWebKit/537.36 (KHTML, like Gecko) Mobile Safari/537.36 (compatible; PetalBot;+https://webmaster.petalsearch.com/site/petalbot)"
114.119.133.83 - - [03/Jan/2026:02:56:03 +0800] "GET /commercial/ HTTP/1.1" 200 6424 "-" "Mozilla/5.0 (Linux; Android 7.0;) AppleWebKit/537.36 (KHTML, like Gecko) Mobile Safari/537.36 (compatible; PetalBot;+https://webmaster.petalsearch.com/site/petalbot)"
103.4.122.14 - - [03/Jan/2026:02:57:26 +0800] "POST /wp-cron.php?doing_wp_cron=1767380246.4865200519561767578125 HTTP/1.1" 200 - "-" "WordPress/6.9; https://gwfencing.com.au"
114.119.157.231 - - [03/Jan/2026:02:57:25 +0800] "GET /about-us/ HTTP/1.1" 200 6195 "-" "Mozilla/5.0 (Linux; Android 7.0;) AppleWebKit/537.36 (KHTML, like Gecko) Mobile Safari/537.36 (compatible; PetalBot;+https://webmaster.petalsearch.com/site/petalbot)"
136.117.132.25 - - [03/Jan/2026:02:58:54 +0800] "HEAD /wp/ HTTP/1.1" 301 - "-" "Mozilla/5.0 (Macintosh; Intel Mac OS X 14_5) AppleWebKit/605.1.15 (KHTML, like Gecko) Version/17.5 Safari/605.1.15"
136.117.132.25 - - [03/Jan/2026:02:58:55 +0800] "HEAD /wp/ HTTP/1.1" 404 - "http://www.gwfencing.com.au/wp/" "Mozilla/5.0 (Macintosh; Intel Mac OS X 14_5) AppleWebKit/605.1.15 (KHTML, like Gecko) Version/17.5 Safari/605.1.15"
136.117.132.25 - - [03/Jan/2026:02:58:56 +0800] "HEAD / HTTP/1.1" 301 - "-" "Mozilla/5.0 (Windows NT 11.0; Win64; x64) AppleWebKit/537.36 (KHTML, like Gecko) Edg/128.0.2790.25 Chrome/128.0.6540.22 Safari/537.36"
136.117.132.25 - - [03/Jan/2026:02:58:57 +0800] "HEAD / HTTP/1.1" 200 - "http://www.gwfencing.com.au/" "Mozilla/5.0 (Windows NT 11.0; Win64; x64) AppleWebKit/537.36 (KHTML, like Gecko) Edg/128.0.2790.25 Chrome/128.0.6540.22 Safari/537.36"
136.117.132.25 - - [03/Jan/2026:02:58:58 +0800] "HEAD /new/ HTTP/1.1" 301 - "-" "Mozilla/5.0 (Windows NT 11.0; Win64; x64) AppleWebKit/537.36 (KHTML, like Gecko) Chrome/128.0.6540.18 Safari/537.36"
136.117.132.25 - - [03/Jan/2026:02:58:59 +0800] "HEAD /new/ HTTP/1.1" 404 - "http://www.gwfencing.com.au/new/" "Mozilla/5.0 (Windows NT 11.0; Win64; x64) AppleWebKit/537.36 (KHTML, like Gecko) Chrome/128.0.6540.18 Safari/537.36"
136.117.132.25 - - [03/Jan/2026:02:58:59 +0800] "HEAD /old/ HTTP/1.1" 301 - "-" "Mozilla/5.0 (Linux; U; Android 10; en-US; CPH2015) AppleWebKit/537.36 (KHTML, like Gecko) UCBrowser/13.5.8.1311 Mobile Safari/537.36"
136.117.132.25 - - [03/Jan/2026:02:59:00 +0800] "HEAD /old/ HTTP/1.1" 404 - "http://www.gwfencing.com.au/old/" "Mozilla/5.0 (Linux; U; Android 10; en-US; CPH2015) AppleWebKit/537.36 (KHTML, like Gecko) UCBrowser/13.5.8.1311 Mobile Safari/537.36"
136.117.132.25 - - [03/Jan/2026:02:59:01 +0800] "HEAD /wordpress/ HTTP/1.1" 301 - "-" "Mozilla/5.0 (Windows NT 10.0; Win64; x64) AppleWebKit/537.36 (KHTML, like Gecko) Chrome/127.0.6534.42 Safari/537.36"
136.117.132.25 - - [03/Jan/2026:02:59:02 +0800] "HEAD /wordpress/ HTTP/1.1" 404 - "http://www.gwfencing.com.au/wordpress/" "Mozilla/5.0 (Windows NT 10.0; Win64; x64) AppleWebKit/537.36 (KHTML, like Gecko) Chrome/127.0.6534.42 Safari/537.36"
136.117.132.25 - - [03/Jan/2026:02:59:02 +0800] "HEAD /backup/ HTTP/1.1" 301 - "-" "Mozilla/5.0 (Linux; Android 12; Redmi Note 11) AppleWebKit/537.36 (KHTML, like Gecko) Chrome/123.0.6312.112 Mobile Safari/537.36"
136.117.132.25 - - [03/Jan/2026:02:59:03 +0800] "HEAD /backup/ HTTP/1.1" 404 - "http://www.gwfencing.com.au/backup/" "Mozilla/5.0 (Linux; Android 12; Redmi Note 11) AppleWebKit/537.36 (KHTML, like Gecko) Chrome/123.0.6312.112 Mobile Safari/537.36"
136.117.132.25 - - [03/Jan/2026:02:59:04 +0800] "HEAD /blog/ HTTP/1.1" 301 - "-" "Mozilla/5.0 (Windows NT 10.0; Win64; x64) AppleWebKit/537.36 (KHTML, like Gecko) Chrome/126.0.6478.70 Safari/537.36 Vivaldi/6.7.3200.25"
136.117.132.25 - - [03/Jan/2026:02:59:05 +0800] "HEAD /blog/ HTTP/1.1" 410 - "http://www.gwfencing.com.au/blog/" "Mozilla/5.0 (Windows NT 10.0; Win64; x64) AppleWebKit/537.36 (KHTML, like Gecko) Chrome/126.0.6478.70 Safari/537.36 Vivaldi/6.7.3200.25"
103.4.122.14 - - [03/Jan/2026:03:02:47 +0800] "POST /wp-cron.php?doing_wp_cron=1767380567.5646069049835205078125 HTTP/1.1" 200 - "-" "WordPress/6.9; https://gwfencing.com.au"
34.221.21.250 - - [03/Jan/2026:03:02:46 +0800] "GET / HTTP/1.1" 200 8308 "-" "Mozilla/5.0 (X11; Linux i686; rv:124.0) Gecko/20100101 Firefox/124.0"
34.221.21.250 - - [03/Jan/2026:03:02:48 +0800] "GET /wp-includes/js/dist/hooks.min.js HTTP/1.1" 200 1941 "-" "Mozilla/5.0"
34.221.21.250 - - [03/Jan/2026:03:02:48 +0800] "GET /wp-includes/js/dist/i18n.min.js HTTP/1.1" 200 2229 "-" "Mozilla/5.0"
34.221.21.250 - - [03/Jan/2026:03:02:48 +0800] "GET /wp-includes/js/dist/vendor/wp-polyfill.min.js HTTP/1.1" 200 11852 "-" "Mozilla/5.0"
103.4.122.14 - - [03/Jan/2026:03:23:17 +0800] "POST /wp-cron.php?doing_wp_cron=1767381797.5031559467315673828125 HTTP/1.1" 200 - "-" "WordPress/6.9; https://gwfencing.com.au"
217.160.225.18 - - [03/Jan/2026:03:23:16 +0800] "POST /xmlrpc.php HTTP/1.1" 405 415 "-" "Mozilla/5.0 (Windows NT 10.0; Win64; x64; rv:60.0) Gecko/20100101 Firefox/60.0"
103.4.122.14 - - [03/Jan/2026:03:29:32 +0800] "POST /wp-cron.php?doing_wp_cron=1767382172.4715929031372070312500 HTTP/1.1" 200 - "-" "WordPress/6.9; https://gwfencing.com.au"
45.33.23.125 - - [03/Jan/2026:03:29:31 +0800] "GET // HTTP/1.1" 301 - "-" "Mozilla/5.0 (Macintosh; Intel Mac OS X 10_15_7) AppleWebKit/537.36 (KHTML, like Gecko) Chrome/140.0.0.0 Safari/537.36"
45.33.23.125 - - [03/Jan/2026:03:29:33 +0800] "GET / HTTP/1.1" 200 8308 "https://gwfencing.com.au//" "Mozilla/5.0 (Macintosh; Intel Mac OS X 10_15_7) AppleWebKit/537.36 (KHTML, like Gecko) Chrome/140.0.0.0 Safari/537.36"
45.33.23.125 - - [03/Jan/2026:03:29:42 +0800] "GET / HTTP/1.1" 200 8308 "-" "Mozilla/5.0 (Macintosh; Intel Mac OS X 10_15_7) AppleWebKit/537.36 (KHTML, like Gecko) Chrome/140.0.0.0 Safari/537.36"
45.33.23.125 - - [03/Jan/2026:03:29:43 +0800] "GET /about-us/ HTTP/1.1" 200 6195 "-" "Mozilla/5.0 (Macintosh; Intel Mac OS X 10_15_7) AppleWebKit/537.36 (KHTML, like Gecko) Chrome/140.0.0.0 Safari/537.36"
45.33.23.125 - - [03/Jan/2026:03:29:44 +0800] "GET /commercial/ HTTP/1.1" 200 6424 "-" "Mozilla/5.0 (Macintosh; Intel Mac OS X 10_15_7) AppleWebKit/537.36 (KHTML, like Gecko) Chrome/140.0.0.0 Safari/537.36"
45.33.23.125 - - [03/Jan/2026:03:29:45 +0800] "GET /industrial/ HTTP/1.1" 200 6024 "-" "Mozilla/5.0 (Macintosh; Intel Mac OS X 10_15_7) AppleWebKit/537.36 (KHTML, like Gecko) Chrome/140.0.0.0 Safari/537.36"
45.33.23.125 - - [03/Jan/2026:03:29:46 +0800] "GET /security-fencing/ HTTP/1.1" 200 6120 "-" "Mozilla/5.0 (Macintosh; Intel Mac OS X 10_15_7) AppleWebKit/537.36 (KHTML, like Gecko) Chrome/140.0.0.0 Safari/537.36"
45.33.23.125 - - [03/Jan/2026:03:29:48 +0800] "GET /sporting-fencing/ HTTP/1.1" 200 6363 "-" "Mozilla/5.0 (Macintosh; Intel Mac OS X 10_15_7) AppleWebKit/537.36 (KHTML, like Gecko) Chrome/140.0.0.0 Safari/537.36"
45.33.23.125 - - [03/Jan/2026:03:29:49 +0800] "GET /gallery/ HTTP/1.1" 200 7082 "-" "Mozilla/5.0 (Macintosh; Intel Mac OS X 10_15_7) AppleWebKit/537.36 (KHTML, like Gecko) Chrome/140.0.0.0 Safari/537.36"
45.33.23.125 - - [03/Jan/2026:03:29:50 +0800] "GET /contacts/ HTTP/1.1" 200 6751 "-" "Mozilla/5.0 (Macintosh; Intel Mac OS X 10_15_7) AppleWebKit/537.36 (KHTML, like Gecko) Chrome/140.0.0.0 Safari/537.36"
45.33.23.125 - - [03/Jan/2026:03:29:51 +0800] "GET /testimonials/ HTTP/1.1" 200 6623 "-" "Mozilla/5.0 (Macintosh; Intel Mac OS X 10_15_7) AppleWebKit/537.36 (KHTML, like Gecko) Chrome/140.0.0.0 Safari/537.36"
45.33.23.125 - - [03/Jan/2026:03:29:52 +0800] "GET /?p=2795 HTTP/1.1" 301 - "-" "Mozilla/5.0 (Macintosh; Intel Mac OS X 10_15_7) AppleWebKit/537.36 (KHTML, like Gecko) Chrome/140.0.0.0 Safari/537.36"
45.33.23.125 - - [03/Jan/2026:03:29:53 +0800] "GET /about-us/ HTTP/1.1" 200 6195 "https://gwfencing.com.au/?p=2795" "Mozilla/5.0 (Macintosh; Intel Mac OS X 10_15_7) AppleWebKit/537.36 (KHTML, like Gecko) Chrome/140.0.0.0 Safari/537.36"
45.33.23.125 - - [03/Jan/2026:03:29:54 +0800] "GET /?p=2887 HTTP/1.1" 301 - "-" "Mozilla/5.0 (Macintosh; Intel Mac OS X 10_15_7) AppleWebKit/537.36 (KHTML, like Gecko) Chrome/140.0.0.0 Safari/537.36"
45.33.23.125 - - [03/Jan/2026:03:29:55 +0800] "GET /commercial/ HTTP/1.1" 200 6424 "https://gwfencing.com.au/?p=2887" "Mozilla/5.0 (Macintosh; Intel Mac OS X 10_15_7) AppleWebKit/537.36 (KHTML, like Gecko) Chrome/140.0.0.0 Safari/537.36"
45.33.23.125 - - [03/Jan/2026:03:29:56 +0800] "GET /?p=2889 HTTP/1.1" 301 - "-" "Mozilla/5.0 (Macintosh; Intel Mac OS X 10_15_7) AppleWebKit/537.36 (KHTML, like Gecko) Chrome/140.0.0.0 Safari/537.36"
45.33.23.125 - - [03/Jan/2026:03:29:57 +0800] "GET /industrial/ HTTP/1.1" 200 6024 "https://gwfencing.com.au/?p=2889" "Mozilla/5.0 (Macintosh; Intel Mac OS X 10_15_7) AppleWebKit/537.36 (KHTML, like Gecko) Chrome/140.0.0.0 Safari/537.36"
45.33.23.125 - - [03/Jan/2026:03:29:57 +0800] "GET /?p=2767 HTTP/1.1" 301 - "-" "Mozilla/5.0 (Macintosh; Intel Mac OS X 10_15_7) AppleWebKit/537.36 (KHTML, like Gecko) Chrome/140.0.0.0 Safari/537.36"
45.33.23.125 - - [03/Jan/2026:03:29:58 +0800] "GET /security-fencing/ HTTP/1.1" 200 6120 "https://gwfencing.com.au/?p=2767" "Mozilla/5.0 (Macintosh; Intel Mac OS X 10_15_7) AppleWebKit/537.36 (KHTML, like Gecko) Chrome/140.0.0.0 Safari/537.36"
45.33.23.125 - - [03/Jan/2026:03:29:59 +0800] "GET /?p=2892 HTTP/1.1" 301 - "-" "Mozilla/5.0 (Macintosh; Intel Mac OS X 10_15_7) AppleWebKit/537.36 (KHTML, like Gecko) Chrome/140.0.0.0 Safari/537.36"
45.33.23.125 - - [03/Jan/2026:03:30:00 +0800] "GET /sporting-fencing/ HTTP/1.1" 200 6363 "https://gwfencing.com.au/?p=2892" "Mozilla/5.0 (Macintosh; Intel Mac OS X 10_15_7) AppleWebKit/537.36 (KHTML, like Gecko) Chrome/140.0.0.0 Safari/537.36"
45.33.23.125 - - [03/Jan/2026:03:30:01 +0800] "GET /?p=2753 HTTP/1.1" 301 - "-" "Mozilla/5.0 (Macintosh; Intel Mac OS X 10_15_7) AppleWebKit/537.36 (KHTML, like Gecko) Chrome/140.0.0.0 Safari/537.36"
45.33.23.125 - - [03/Jan/2026:03:30:02 +0800] "GET /gallery/ HTTP/1.1" 200 7082 "https://gwfencing.com.au/?p=2753" "Mozilla/5.0 (Macintosh; Intel Mac OS X 10_15_7) AppleWebKit/537.36 (KHTML, like Gecko) Chrome/140.0.0.0 Safari/537.36"
45.33.23.125 - - [03/Jan/2026:03:30:03 +0800] "GET /?p=14 HTTP/1.1" 301 - "-" "Mozilla/5.0 (Macintosh; Intel Mac OS X 10_15_7) AppleWebKit/537.36 (KHTML, like Gecko) Chrome/140.0.0.0 Safari/537.36"
45.33.23.125 - - [03/Jan/2026:03:30:07 +0800] "GET /contacts/ HTTP/1.1" 200 6751 "https://gwfencing.com.au/?p=14" "Mozilla/5.0 (Macintosh; Intel Mac OS X 10_15_7) AppleWebKit/537.36 (KHTML, like Gecko) Chrome/140.0.0.0 Safari/537.36"
45.33.23.125 - - [03/Jan/2026:03:30:08 +0800] "GET /?p=1797 HTTP/1.1" 301 - "-" "Mozilla/5.0 (Macintosh; Intel Mac OS X 10_15_7) AppleWebKit/537.36 (KHTML, like Gecko) Chrome/140.0.0.0 Safari/537.36"
45.33.23.125 - - [03/Jan/2026:03:30:08 +0800] "GET /testimonials/ HTTP/1.1" 200 6623 "https://gwfencing.com.au/?p=1797" "Mozilla/5.0 (Macintosh; Intel Mac OS X 10_15_7) AppleWebKit/537.36 (KHTML, like Gecko) Chrome/140.0.0.0 Safari/537.36"
103.4.122.14 - - [03/Jan/2026:04:10:01 +0800] "POST /wp-cron.php?doing_wp_cron=1767384601.9528419971466064453125 HTTP/1.1" 200 - "-" "WordPress/6.9; https://gwfencing.com.au"
192.3.138.29 - - [03/Jan/2026:04:10:01 +0800] "GET / HTTP/1.1" 301 - "-" "Mozilla/5.0"
103.4.122.14 - - [03/Jan/2026:04:12:38 +0800] "POST /wp-cron.php?doing_wp_cron=1767384758.3088819980621337890625 HTTP/1.1" 200 - "-" "WordPress/6.9; https://gwfencing.com.au"
35.196.222.134 - - [03/Jan/2026:04:12:37 +0800] "HEAD /backup/ HTTP/1.1" 404 - "-" "Mozilla/5.0 (Linux; U; Android 10; en-US; CPH2015) AppleWebKit/537.36 (KHTML, like Gecko) UCBrowser/13.5.8.1311 Mobile Safari/537.36"
35.196.222.134 - - [03/Jan/2026:04:12:38 +0800] "HEAD /old/ HTTP/1.1" 404 - "-" "Mozilla/5.0 (Linux; U; Android 10; en-US; CPH2015) AppleWebKit/537.36 (KHTML, like Gecko) UCBrowser/13.5.8.1311 Mobile Safari/537.36"
35.196.222.134 - - [03/Jan/2026:04:12:39 +0800] "HEAD /blog/ HTTP/1.1" 410 - "-" "Mozilla/5.0 (Windows NT 10.0; Win64; x64) AppleWebKit/537.36 (KHTML, like Gecko) Chrome/125.0.6422.112 Safari/537.36 Brave/1.63.120"
35.196.222.134 - - [03/Jan/2026:04:12:40 +0800] "HEAD / HTTP/1.1" 301 - "-" "Mozilla/5.0 (Macintosh; Intel Mac OS X 14_5) AppleWebKit/605.1.15 (KHTML, like Gecko) Version/17.5 Safari/605.1.15"
35.196.222.134 - - [03/Jan/2026:04:12:41 +0800] "HEAD / HTTP/1.1" 200 - "http://gwfencing.com.au/" "Mozilla/5.0 (Macintosh; Intel Mac OS X 14_5) AppleWebKit/605.1.15 (KHTML, like Gecko) Version/17.5 Safari/605.1.15"
35.196.222.134 - - [03/Jan/2026:04:12:42 +0800] "HEAD /wordpress/ HTTP/1.1" 404 - "-" "Mozilla/5.0 (Linux; Android 10; vivo 1904) AppleWebKit/537.36 (KHTML, like Gecko) Chrome/117.0.5938.60 Mobile Safari/537.36"
35.196.222.134 - - [03/Jan/2026:04:12:43 +0800] "HEAD /wp/ HTTP/1.1" 404 - "-" "Mozilla/5.0 (Linux; Android 14; RMX3842) AppleWebKit/537.36 (KHTML, like Gecko) Chrome/126.0.6478.44 Mobile Safari/537.36"
35.196.222.134 - - [03/Jan/2026:04:12:44 +0800] "HEAD /new/ HTTP/1.1" 404 - "-" "Mozilla/5.0 (iPhone; CPU iPhone OS 17_5 like Mac OS X) AppleWebKit/605.1.15 (KHTML, like Gecko) Version/17.5 Mobile/15E148 Safari/604.1"
103.4.122.14 - - [03/Jan/2026:04:30:32 +0800] "POST /wp-cron.php?doing_wp_cron=1767385832.3423979282379150390625 HTTP/1.1" 200 - "-" "WordPress/6.9; https://gwfencing.com.au"
216.73.216.180 - - [03/Jan/2026:04:30:31 +0800] "GET /robots.txt HTTP/1.1" 200 112 "-" "Mozilla/5.0 AppleWebKit/537.36 (KHTML, like Gecko; compatible; ClaudeBot/1.0; +claudebot@anthropic.com)"
216.73.216.180 - - [03/Jan/2026:04:30:32 +0800] "GET /wp-sitemap.xml HTTP/1.1" 404 18918 "-" "Mozilla/5.0 AppleWebKit/537.36 (KHTML, like Gecko; compatible; ClaudeBot/1.0; +claudebot@anthropic.com)"
103.4.122.14 - - [03/Jan/2026:04:44:11 +0800] "POST /wp-cron.php?doing_wp_cron=1767386650.9705650806427001953125 HTTP/1.1" 200 - "-" "WordPress/6.9; https://gwfencing.com.au"
74.7.244.36 - - [03/Jan/2026:04:44:10 +0800] "GET /robots.txt HTTP/1.1" 200 112 "-" "Mozilla/5.0 (Macintosh; Intel Mac OS X 10_15_7) AppleWebKit/537.36 (KHTML, like Gecko) Chrome/131.0.0.0 Safari/537.36; compatible; OAI-SearchBot/1.3; robots.txt; +https://openai.com/searchbot"
103.4.122.14 - - [03/Jan/2026:04:56:16 +0800] "POST /wp-cron.php?doing_wp_cron=1767387376.6760048866271972656250 HTTP/1.1" 200 - "-" "WordPress/6.9; https://gwfencing.com.au"
123.25.218.55 - - [03/Jan/2026:04:56:15 +0800] "GET /testimonials/ HTTP/1.1" 200 6623 "-" "Mozilla/5.0 (Windows; U; Windows NT 6.1; en-US) AppleWebKit/532.3 (KHTML, like Gecko) Chrome/4.0.223.5 Safari/532.3"
103.4.122.14 - - [03/Jan/2026:04:56:47 +0800] "POST /wp-cron.php?doing_wp_cron=1767387407.7076070308685302734375 HTTP/1.1" 200 - "-" "WordPress/6.9; https://gwfencing.com.au"
114.119.133.83 - - [03/Jan/2026:04:56:46 +0800] "GET /?C=M%3BO%3DA HTTP/1.1" 200 8308 "-" "Mozilla/5.0 (Linux; Android 7.0;) AppleWebKit/537.36 (KHTML, like Gecko) Mobile Safari/537.36 (compatible; PetalBot;+https://webmaster.petalsearch.com/site/petalbot)"
167.99.240.84 - - [03/Jan/2026:05:10:34 +0800] "POST /xmlrpc.php HTTP/1.1" 405 415 "-" "Mozilla/5.0 (Windows NT 10.0; Win64; x64; rv:63.0) Gecko/20100101 Firefox/63.0"
103.4.122.14 - - [03/Jan/2026:05:30:29 +0800] "POST /wp-cron.php?doing_wp_cron=1767389429.4464139938354492187500 HTTP/1.1" 200 - "-" "WordPress/6.9; https://gwfencing.com.au"
114.119.133.83 - - [03/Jan/2026:05:30:28 +0800] "GET /xmlrpc.php HTTP/1.1" 405 42 "-" "Mozilla/5.0 (Linux; Android 7.0;) AppleWebKit/537.36 (KHTML, like Gecko) Mobile Safari/537.36 (compatible; PetalBot;+https://webmaster.petalsearch.com/site/petalbot)"
103.4.122.14 - - [03/Jan/2026:05:50:47 +0800] "POST /wp-cron.php?doing_wp_cron=1767390647.6120240688323974609375 HTTP/1.1" 200 - "-" "WordPress/6.9; https://gwfencing.com.au"
51.222.168.63 - - [03/Jan/2026:05:50:46 +0800] "GET /wp-sitemap.xml HTTP/1.1" 404 18918 "-" "Mozilla/5.0 (compatible; AhrefsBot/7.0; +http://ahrefs.com/robot/)"
103.4.122.14 - - [03/Jan/2026:05:54:39 +0800] "POST /wp-cron.php?doing_wp_cron=1767390879.3228530883789062500000 HTTP/1.1" 200 - "-" "WordPress/6.9; https://gwfencing.com.au"
216.244.66.248 - - [03/Jan/2026:05:54:38 +0800] "GET /robots.txt HTTP/1.1" 301 - "-" "Mozilla/5.0 (compatible; DotBot/1.2; +https://opensiteexplorer.org/dotbot; help@moz.com)"
216.244.66.248 - - [03/Jan/2026:05:54:39 +0800] "GET /robots.txt HTTP/1.1" 200 117 "-" "Mozilla/5.0 (compatible; DotBot/1.2; +https://opensiteexplorer.org/dotbot; help@moz.com)"
103.4.122.14 - - [03/Jan/2026:06:17:34 +0800] "POST /wp-cron.php?doing_wp_cron=1767392254.7360150814056396484375 HTTP/1.1" 200 - "-" "WordPress/6.9; https://gwfencing.com.au"
216.244.66.248 - - [03/Jan/2026:06:17:33 +0800] "GET /about-us.html HTTP/1.1" 301 - "-" "Mozilla/5.0 (compatible; DotBot/1.2; +https://opensiteexplorer.org/dotbot; help@moz.com)"
103.4.122.14 - - [03/Jan/2026:06:56:31 +0800] "POST /wp-cron.php?doing_wp_cron=1767394591.0614418983459472656250 HTTP/1.1" 200 - "-" "WordPress/6.9; https://gwfencing.com.au"
167.235.255.92 - - [03/Jan/2026:06:56:30 +0800] "POST /xmlrpc.php HTTP/1.1" 405 415 "-" "Mozilla/5.0 (Windows NT 10.0; Win64; x64; rv:46.0) Gecko/20100101 Firefox/46.0"
103.4.122.14 - - [03/Jan/2026:07:01:49 +0800] "POST /wp-cron.php?doing_wp_cron=1767394909.0707900524139404296875 HTTP/1.1" 200 - "-" "WordPress/6.9; https://gwfencing.com.au"
185.36.254.159 - - [03/Jan/2026:07:01:48 +0800] "GET / HTTP/1.1" 301 - "-" "Mozilla/5.0 (iPhone; CPU iPhone OS 1_1_5 like Mac OS X) AppleWebKit/531.1 (KHTML, like Gecko) FxiOS/14.4y8231.0 Mobile/58J354 Safari/531.1"
134.199.92.253 - - [03/Jan/2026:07:01:50 +0800] "GET / HTTP/1.1" 200 8308 "-" "Mozilla/5.0 (iPhone; CPU iPhone OS 1_1_5 like Mac OS X) AppleWebKit/531.1 (KHTML, like Gecko) FxiOS/14.4y8231.0 Mobile/58J354 Safari/531.1"
94.176.62.150 - - [03/Jan/2026:07:01:54 +0800] "GET /about-us/ HTTP/1.1" 200 6195 "https://gwfencing.com.au/" "Mozilla/5.0 (Windows; U; Windows NT 5.1) AppleWebKit/535.42.6 (KHTML, like Gecko) Version/4.0.5 Safari/535.42.6"
103.4.122.14 - - [03/Jan/2026:07:01:55 +0800] "POST /wp-cron.php?doing_wp_cron=1767394915.0594139099121093750000 HTTP/1.1" 200 - "-" "WordPress/6.9; https://gwfencing.com.au"
136.227.173.132 - - [03/Jan/2026:07:01:54 +0800] "GET /contacts/ HTTP/1.1" 200 6751 "https://gwfencing.com.au/" "Mozilla/5.0 (compatible; MSIE 9.0; Windows NT 5.1; Trident/5.1)"
103.4.122.14 - - [03/Jan/2026:07:07:39 +0800] "POST /wp-cron.php?doing_wp_cron=1767395259.5388429164886474609375 HTTP/1.1" 200 - "-" "WordPress/6.9; https://gwfencing.com.au"
4.194.208.111 - - [03/Jan/2026:07:07:38 +0800] "GET / HTTP/1.1" 301 - "-" "Mozlila/5.0 (Linux; Android 7.0; SM-G892A Bulid/NRD90M; wv) AppleWebKit/537.36 (KHTML, like Gecko) Version/4.0 Chrome/60.0.3112.107 Moblie Safari/537.36"
4.194.208.111 - - [03/Jan/2026:07:07:38 +0800] "GET /wp-content/themes/seotheme/db.php?u HTTP/1.1" 404 20023 "www.google.com" "Mozlila/5.0 (Linux; Android 7.0; SM-G892A Bulid/NRD90M; wv) AppleWebKit/537.36 (KHTML, like Gecko) Version/4.0 Chrome/60.0.3112.107 Moblie Safari/537.36"
4.194.208.111 - - [03/Jan/2026:07:07:38 +0800] "POST /wp-plain.php HTTP/1.1" 404 20023 "www.google.com" "Mozilla/5.0 (Linux; Android 7.0; SM-G892A Bulid/NRD90M; wv) AppleWebKit/537.36 (KHTML, like Gecko) Version/4.0 Chrome/60.0.3112.107 Moblie Safari/537.36"
4.194.208.111 - - [03/Jan/2026:07:07:39 +0800] "GET /aavlxjys.php?Fox=d3wL7 HTTP/1.1" 404 20023 "www.google.com" "Mozilla/5.0 (Linux; Android 7.0; SM-G892A Bulid/NRD90M; wv) AppleWebKit/537.36 (KHTML, like Gecko) Version/4.0 Chrome/60.0.3112.107 Moblie Safari/537.36"
4.194.208.111 - - [03/Jan/2026:07:07:44 +0800] "GET /wp-content/themes/seotheme/db.php?u HTTP/1.1" 404 20032 "www.google.com" "Mozlila/5.0 (Linux; Android 7.0; SM-G892A Bulid/NRD90M; wv) AppleWebKit/537.36 (KHTML, like Gecko) Version/4.0 Chrome/60.0.3112.107 Moblie Safari/537.36"
4.194.208.111 - - [03/Jan/2026:07:07:44 +0800] "GET / HTTP/1.1" 200 35548 "-" "Mozlila/5.0 (Linux; Android 7.0; SM-G892A Bulid/NRD90M; wv) AppleWebKit/537.36 (KHTML, like Gecko) Version/4.0 Chrome/60.0.3112.107 Moblie Safari/537.36"
4.194.208.111 - - [03/Jan/2026:07:07:44 +0800] "POST /wp-plain.php HTTP/1.1" 404 20032 "www.google.com" "Mozilla/5.0 (Linux; Android 7.0; SM-G892A Bulid/NRD90M; wv) AppleWebKit/537.36 (KHTML, like Gecko) Version/4.0 Chrome/60.0.3112.107 Moblie Safari/537.36"
4.194.208.111 - - [03/Jan/2026:07:07:45 +0800] "GET /wp-content/plugins/apikey/apikey.php?test=hello HTTP/1.1" 404 20032 "-" "Mozlila/5.0 (Linux; Android 7.0; SM-G892A Bulid/NRD90M; wv) AppleWebKit/537.36 (KHTML, like Gecko) Version/4.0 Chrome/60.0.3112.107 Moblie Safari/537.36"
4.194.208.111 - - [03/Jan/2026:07:07:45 +0800] "GET /nzxmnerj.php?Fox=d3wL7 HTTP/1.1" 404 20032 "www.google.com" "Mozilla/5.0 (Linux; Android 7.0; SM-G892A Bulid/NRD90M; wv) AppleWebKit/537.36 (KHTML, like Gecko) Version/4.0 Chrome/60.0.3112.107 Moblie Safari/537.36"
4.194.208.111 - - [03/Jan/2026:07:07:46 +0800] "GET /plugins/content/apismtp/apismtp.php?test=hello HTTP/1.1" 404 20032 "-" "Mozlila/5.0 (Linux; Android 7.0; SM-G892A Bulid/NRD90M; wv) AppleWebKit/537.36 (KHTML, like Gecko) Version/4.0 Chrome/60.0.3112.107 Moblie Safari/537.36"
4.194.208.111 - - [03/Jan/2026:07:07:46 +0800] "GET /wp-content/plugins/apikey/apikey.php.suspected?test=hello HTTP/1.1" 404 20032 "-" "Mozlila/5.0 (Linux; Android 7.0; SM-G892A Bulid/NRD90M; wv) AppleWebKit/537.36 (KHTML, like Gecko) Version/4.0 Chrome/60.0.3112.107 Moblie Safari/537.36"
4.194.208.111 - - [03/Jan/2026:07:07:48 +0800] "GET /plugins/content/apismtp/apismtp.php.suspected?test=hello HTTP/1.1" 404 20032 "-" "Mozlila/5.0 (Linux; Android 7.0; SM-G892A Bulid/NRD90M; wv) AppleWebKit/537.36 (KHTML, like Gecko) Version/4.0 Chrome/60.0.3112.107 Moblie Safari/537.36"
103.4.122.14 - - [03/Jan/2026:07:21:13 +0800] "POST /wp-cron.php?doing_wp_cron=1767396073.2783570289611816406250 HTTP/1.1" 200 - "-" "WordPress/6.9; https://gwfencing.com.au"
4.194.56.148 - - [03/Jan/2026:07:21:12 +0800] "GET /wp-content/plugins/hellopress/wp_filemanager.php HTTP/1.1" 404 20023 "-" "-"
4.194.56.148 - - [03/Jan/2026:07:21:13 +0800] "GET /lisa.php HTTP/1.1" 404 20023 "-" "-"
4.194.56.148 - - [03/Jan/2026:07:21:14 +0800] "GET /000.php HTTP/1.1" 404 20023 "-" "-"
4.194.56.148 - - [03/Jan/2026:07:21:15 +0800] "GET /xxxx.php HTTP/1.1" 404 20023 "-" "-"
4.194.56.148 - - [03/Jan/2026:07:21:16 +0800] "GET /bless14.php HTTP/1.1" 404 20023 "-" "-"
4.194.56.148 - - [03/Jan/2026:07:21:16 +0800] "GET /ws35.php HTTP/1.1" 404 20023 "-" "-"
103.4.122.14 - - [03/Jan/2026:07:21:18 +0800] "POST /wp-cron.php?doing_wp_cron=1767396078.1936700344085693359375 HTTP/1.1" 200 - "-" "WordPress/6.9; https://gwfencing.com.au"
4.194.56.148 - - [03/Jan/2026:07:21:17 +0800] "GET /87.php HTTP/1.1" 404 20023 "-" "-"
4.194.56.148 - - [03/Jan/2026:07:21:18 +0800] "GET /nox.php HTTP/1.1" 404 20023 "-" "-"
4.194.56.148 - - [03/Jan/2026:07:21:19 +0800] "GET /mini.php HTTP/1.1" 404 20023 "-" "-"
4.194.56.148 - - [03/Jan/2026:07:21:19 +0800] "GET /acwfihfh.php HTTP/1.1" 404 20023 "-" "-"
4.194.56.148 - - [03/Jan/2026:07:21:20 +0800] "GET /f8.php HTTP/1.1" 404 20023 "-" "-"
4.194.56.148 - - [03/Jan/2026:07:21:21 +0800] "GET /bras.php HTTP/1.1" 403 199 "-" "-"
4.194.56.148 - - [03/Jan/2026:07:21:23 +0800] "GET /bras.php HTTP/1.1" 403 199 "-" "-"
4.194.56.148 - - [03/Jan/2026:07:21:25 +0800] "GET /bras.php HTTP/1.1" 403 199 "-" "-"
4.194.56.148 - - [03/Jan/2026:07:21:27 +0800] "GET /bras.php HTTP/1.1" 403 199 "-" "-"
4.194.56.148 - - [03/Jan/2026:07:21:33 +0800] "GET /an8.php HTTP/1.1" 403 199 "-" "-"
4.194.56.148 - - [03/Jan/2026:07:21:35 +0800] "GET /an8.php HTTP/1.1" 403 199 "-" "-"
4.194.56.148 - - [03/Jan/2026:07:21:38 +0800] "GET /an8.php HTTP/1.1" 403 199 "-" "-"
4.194.56.148 - - [03/Jan/2026:07:21:44 +0800] "GET /esp.php HTTP/1.1" 403 199 "-" "-"
4.194.56.148 - - [03/Jan/2026:07:21:47 +0800] "GET /esp.php HTTP/1.1" 403 199 "-" "-"
4.194.56.148 - - [03/Jan/2026:07:21:53 +0800] "GET /esp.php HTTP/1.1" 403 199 "-" "-"
4.194.56.148 - - [03/Jan/2026:07:21:55 +0800] "GET /esp.php HTTP/1.1" 403 199 "-" "-"
4.194.56.148 - - [03/Jan/2026:07:22:08 +0800] "GET /21x.php HTTP/1.1" 403 199 "-" "-"
4.194.56.148 - - [03/Jan/2026:07:22:10 +0800] "GET /21x.php HTTP/1.1" 403 199 "-" "-"
4.194.56.148 - - [03/Jan/2026:07:22:10 +0800] "GET /21x.php HTTP/1.1" 403 199 "-" "-"
4.194.56.148 - - [03/Jan/2026:07:22:21 +0800] "GET /out.php HTTP/1.1" 404 20023 "-" "-"
4.194.56.148 - - [03/Jan/2026:07:22:22 +0800] "GET /flower2.php HTTP/1.1" 404 20023 "-" "-"
4.194.56.148 - - [03/Jan/2026:07:22:23 +0800] "GET /family.php HTTP/1.1" 404 20023 "-" "-"
4.194.56.148 - - [03/Jan/2026:07:22:24 +0800] "GET /s1.php HTTP/1.1" 404 20023 "-" "-"
4.194.56.148 - - [03/Jan/2026:07:22:25 +0800] "GET /ma.php HTTP/1.1" 404 20023 "-" "-"
4.194.56.148 - - [03/Jan/2026:07:22:26 +0800] "GET /asf.php HTTP/1.1" 404 20023 "-" "-"
4.194.56.148 - - [03/Jan/2026:07:22:27 +0800] "GET /lanz.php HTTP/1.1" 404 20023 "-" "-"
4.194.56.148 - - [03/Jan/2026:07:22:27 +0800] "GET /xeeex.php HTTP/1.1" 404 20023 "-" "-"
4.194.56.148 - - [03/Jan/2026:07:22:28 +0800] "GET /tons.php HTTP/1.1" 404 20023 "-" "-"
4.194.56.148 - - [03/Jan/2026:07:22:29 +0800] "GET /wpup.php HTTP/1.1" 404 20023 "-" "-"
4.194.56.148 - - [03/Jan/2026:07:22:30 +0800] "GET /xa.php HTTP/1.1" 404 20023 "-" "-"
4.194.56.148 - - [03/Jan/2026:07:22:31 +0800] "GET /f2f.php HTTP/1.1" 403 199 "-" "-"
4.194.56.148 - - [03/Jan/2026:07:22:40 +0800] "GET /f2f.php HTTP/1.1" 403 199 "-" "-"
4.194.56.148 - - [03/Jan/2026:07:22:42 +0800] "GET /f2f.php HTTP/1.1" 403 199 "-" "-"
4.194.56.148 - - [03/Jan/2026:07:22:44 +0800] "GET /f2f.php HTTP/1.1" 403 199 "-" "-"
4.194.56.148 - - [03/Jan/2026:07:23:13 +0800] "GET /amax.php HTTP/1.1" 403 199 "-" "-"
4.194.56.148 - - [03/Jan/2026:07:23:17 +0800] "GET /amax.php HTTP/1.1" 403 199 "-" "-"
4.194.56.148 - - [03/Jan/2026:07:23:36 +0800] "GET /d996699999.php HTTP/1.1" 404 20023 "-" "-"
4.194.56.148 - - [03/Jan/2026:07:23:39 +0800] "GET /ierne.php HTTP/1.1" 404 20023 "-" "-"
4.194.56.148 - - [03/Jan/2026:07:23:39 +0800] "GET /xde.php HTTP/1.1" 404 20023 "-" "-"
4.194.56.148 - - [03/Jan/2026:07:23:40 +0800] "GET /1yade.php HTTP/1.1" 404 20023 "-" "-"
4.194.56.148 - - [03/Jan/2026:07:23:41 +0800] "GET /gettest.php HTTP/1.1" 404 20023 "-" "-"
4.194.56.148 - - [03/Jan/2026:07:23:42 +0800] "GET /bjfl.php HTTP/1.1" 404 20023 "-" "-"
103.4.122.14 - - [03/Jan/2026:07:29:07 +0800] "POST /wp-cron.php?doing_wp_cron=1767396547.5691759586334228515625 HTTP/1.1" 200 - "-" "WordPress/6.9; https://gwfencing.com.au"
132.148.176.68 - - [03/Jan/2026:07:29:06 +0800] "POST /xmlrpc.php HTTP/1.1" 200 237 "-" "Mozilla/4.0 (compatible; MSIE 7.0; Windows NT 6.1; Trident/7.0; SLCC2; .NET CLR 2.0.50727; .NET CLR 3.5.30729; .NET CLR 3.0.30729; .NET4.0C; .NET4.0E; Media Center PC 6.0; InfoPath.3; BRI/2)"
103.4.122.14 - - [03/Jan/2026:07:38:54 +0800] "POST /wp-cron.php?doing_wp_cron=1767397134.7983820438385009765625 HTTP/1.1" 200 - "-" "WordPress/6.9; https://gwfencing.com.au"
87.250.224.30 - - [03/Jan/2026:07:38:53 +0800] "GET /robots.txt HTTP/1.1" 200 117 "-" "Mozilla/5.0 (compatible; YandexBot/3.0; +http://yandex.com/bots)"
87.250.224.98 - - [03/Jan/2026:07:38:57 +0800] "GET /wp-json/ HTTP/1.1" 200 233776 "-" "Mozilla/5.0 (compatible; YandexBot/3.0; +http://yandex.com/bots)"
103.4.122.14 - - [03/Jan/2026:07:49:03 +0800] "POST /wp-cron.php?doing_wp_cron=1767397743.1355609893798828125000 HTTP/1.1" 200 - "-" "WordPress/6.9; https://gwfencing.com.au"
159.198.46.173 - - [03/Jan/2026:07:49:02 +0800] "POST /xmlrpc.php HTTP/1.1" 405 415 "-" "Mozilla/5.0 (Windows NT 10.0; Win64; x64; rv:78.0) Gecko/20100101 Firefox/78.0"
103.4.122.14 - - [03/Jan/2026:08:04:43 +0800] "POST /wp-cron.php?doing_wp_cron=1767398683.6618440151214599609375 HTTP/1.1" 200 - "-" "WordPress/6.9; https://gwfencing.com.au"
17.246.19.158 - - [03/Jan/2026:08:04:42 +0800] "GET / HTTP/1.1" 301 - "-" "Mozilla/5.0 (Macintosh; Intel Mac OS X 10_15_7) AppleWebKit/605.1.15 (KHTML, like Gecko) Version/17.4 Safari/605.1.15 (Applebot/0.1; +http://www.apple.com/go/applebot)"
17.246.23.197 - - [03/Jan/2026:08:04:44 +0800] "GET / HTTP/1.1" 200 8308 "-" "Mozilla/5.0 (Macintosh; Intel Mac OS X 10_15_7) AppleWebKit/605.1.15 (KHTML, like Gecko) Version/17.4 Safari/605.1.15 (Applebot/0.1; +http://www.apple.com/go/applebot)"
17.246.23.197 - - [03/Jan/2026:08:04:45 +0800] "GET /robots.txt HTTP/1.1" 200 112 "-" "Mozilla/5.0 (Macintosh; Intel Mac OS X 10_15_7) AppleWebKit/605.1.15 (KHTML, like Gecko) Version/17.4 Safari/605.1.15 (Applebot/0.1; +http://www.apple.com/go/applebot)"
17.246.19.70 - - [03/Jan/2026:08:04:46 +0800] "GET /robots.txt HTTP/1.1" 200 112 "-" "Mozilla/5.0 (Macintosh; Intel Mac OS X 10_15_7) AppleWebKit/605.1.15 (KHTML, like Gecko) Version/17.4 Safari/605.1.15 (Applebot/0.1; +http://www.apple.com/go/applebot)"
17.246.23.197 - - [03/Jan/2026:08:04:46 +0800] "GET /robots.txt HTTP/1.1" 200 112 "-" "Mozilla/5.0 (Macintosh; Intel Mac OS X 10_15_7) AppleWebKit/605.1.15 (KHTML, like Gecko) Version/17.4 Safari/605.1.15 (Applebot/0.1; +http://www.apple.com/go/applebot)"
17.246.15.59 - - [03/Jan/2026:08:04:47 +0800] "GET /robots.txt HTTP/1.1" 200 112 "-" "Mozilla/5.0 (Macintosh; Intel Mac OS X 10_15_7) AppleWebKit/605.1.15 (KHTML, like Gecko) Version/17.4 Safari/605.1.15 (Applebot/0.1; +http://www.apple.com/go/applebot)"
17.246.23.197 - - [03/Jan/2026:08:04:47 +0800] "GET /robots.txt HTTP/1.1" 200 112 "-" "Mozilla/5.0 (Macintosh; Intel Mac OS X 10_15_7) AppleWebKit/605.1.15 (KHTML, like Gecko) Version/17.4 Safari/605.1.15 (Applebot/0.1; +http://www.apple.com/go/applebot)"
17.246.19.70 - - [03/Jan/2026:08:04:48 +0800] "GET /robots.txt HTTP/1.1" 200 112 "-" "Mozilla/5.0 (Macintosh; Intel Mac OS X 10_15_7) AppleWebKit/605.1.15 (KHTML, like Gecko) Version/17.4 Safari/605.1.15 (Applebot/0.1; +http://www.apple.com/go/applebot)"
17.246.23.197 - - [03/Jan/2026:08:04:48 +0800] "GET /robots.txt HTTP/1.1" 200 112 "-" "Mozilla/5.0 (Macintosh; Intel Mac OS X 10_15_7) AppleWebKit/605.1.15 (KHTML, like Gecko) Version/17.4 Safari/605.1.15 (Applebot/0.1; +http://www.apple.com/go/applebot)"
103.4.122.14 - - [03/Jan/2026:08:39:07 +0800] "POST /wp-cron.php?doing_wp_cron=1767400747.1208748817443847656250 HTTP/1.1" 200 - "-" "WordPress/6.9; https://gwfencing.com.au"
74.7.241.19 - - [03/Jan/2026:08:39:06 +0800] "GET /?s={search_term_string} HTTP/1.1" 200 5658 "-" "Mozilla/5.0 AppleWebKit/537.36 (KHTML, like Gecko; compatible; GPTBot/1.3; +https://openai.com/gptbot)"
103.4.122.14 - - [03/Jan/2026:08:41:53 +0800] "POST /wp-cron.php?doing_wp_cron=1767400913.3666329383850097656250 HTTP/1.1" 200 - "-" "WordPress/6.9; https://gwfencing.com.au"
192.155.90.254 - - [03/Jan/2026:08:41:52 +0800] "POST /xmlrpc.php HTTP/1.1" 405 415 "-" "Mozilla/5.0 (Windows NT 10.0; Win64; x64; rv:67.0) Gecko/20100101 Firefox/67.0"
