4.194.208.111 - - [03/Jan/2026:02:34:30 +0800] "GET /ton.php HTTP/1.1" 403 199 "-" "-"
4.194.208.111 - - [03/Jan/2026:02:34:30 +0800] "GET /ton.php HTTP/1.1" 403 199 "-" "-"
4.194.208.111 - - [03/Jan/2026:02:34:30 +0800] "GET /ton.php HTTP/1.1" 403 199 "-" "-"
4.194.208.111 - - [03/Jan/2026:02:34:30 +0800] "GET /403.php HTTP/1.1" 403 199 "-" "-"
4.194.208.111 - - [03/Jan/2026:02:34:31 +0800] "GET /403.php HTTP/1.1" 403 199 "-" "-"
4.194.208.111 - - [03/Jan/2026:02:34:31 +0800] "GET /403.php HTTP/1.1" 403 199 "-" "-"
4.194.208.111 - - [03/Jan/2026:02:34:31 +0800] "GET /403.php HTTP/1.1" 403 199 "-" "-"
4.194.208.111 - - [03/Jan/2026:02:34:31 +0800] "GET /file9.php HTTP/1.1" 403 199 "-" "-"
4.194.208.111 - - [03/Jan/2026:02:34:32 +0800] "GET /file9.php HTTP/1.1" 403 199 "-" "-"
4.194.208.111 - - [03/Jan/2026:02:34:32 +0800] "GET /file9.php HTTP/1.1" 403 199 "-" "-"
4.194.208.111 - - [03/Jan/2026:02:34:32 +0800] "GET /file9.php HTTP/1.1" 403 199 "-" "-"
4.194.208.111 - - [03/Jan/2026:02:34:32 +0800] "GET /ac.php HTTP/1.1" 403 199 "-" "-"
4.194.208.111 - - [03/Jan/2026:02:34:32 +0800] "GET /ac.php HTTP/1.1" 403 199 "-" "-"
4.194.208.111 - - [03/Jan/2026:02:34:32 +0800] "GET /ac.php HTTP/1.1" 403 199 "-" "-"
4.194.208.111 - - [03/Jan/2026:02:34:33 +0800] "GET /ac.php HTTP/1.1" 403 199 "-" "-"
4.194.208.111 - - [03/Jan/2026:02:34:33 +0800] "GET /new4.php HTTP/1.1" 403 199 "-" "-"
4.194.208.111 - - [03/Jan/2026:02:34:33 +0800] "GET /new4.php HTTP/1.1" 403 199 "-" "-"
4.194.208.111 - - [03/Jan/2026:02:34:33 +0800] "GET /new4.php HTTP/1.1" 403 199 "-" "-"
4.194.208.111 - - [03/Jan/2026:02:34:33 +0800] "GET /new4.php HTTP/1.1" 403 199 "-" "-"
4.194.208.111 - - [03/Jan/2026:02:34:34 +0800] "GET /pop.php HTTP/1.1" 403 199 "-" "-"
4.194.208.111 - - [03/Jan/2026:02:34:34 +0800] "GET /pop.php HTTP/1.1" 403 199 "-" "-"
4.194.208.111 - - [03/Jan/2026:02:34:34 +0800] "GET /pop.php HTTP/1.1" 403 199 "-" "-"
4.194.208.111 - - [03/Jan/2026:02:34:34 +0800] "GET /pop.php HTTP/1.1" 403 199 "-" "-"
4.194.208.111 - - [03/Jan/2026:02:34:34 +0800] "GET /az.php HTTP/1.1" 403 199 "-" "-"
4.194.208.111 - - [03/Jan/2026:02:34:35 +0800] "GET /az.php HTTP/1.1" 403 199 "-" "-"
4.194.208.111 - - [03/Jan/2026:02:34:35 +0800] "GET /az.php HTTP/1.1" 403 199 "-" "-"
4.194.208.111 - - [03/Jan/2026:02:34:35 +0800] "GET /az.php HTTP/1.1" 403 199 "-" "-"
4.194.208.111 - - [03/Jan/2026:02:34:35 +0800] "GET /xaz.php HTTP/1.1" 403 199 "-" "-"
4.194.208.111 - - [03/Jan/2026:02:34:35 +0800] "GET /xaz.php HTTP/1.1" 403 199 "-" "-"
4.194.208.111 - - [03/Jan/2026:02:34:36 +0800] "GET /xaz.php HTTP/1.1" 403 199 "-" "-"
4.194.208.111 - - [03/Jan/2026:02:34:36 +0800] "GET /xaz.php HTTP/1.1" 403 199 "-" "-"
4.194.208.111 - - [03/Jan/2026:02:34:36 +0800] "GET /up4.php HTTP/1.1" 403 199 "-" "-"
4.194.208.111 - - [03/Jan/2026:02:34:36 +0800] "GET /up4.php HTTP/1.1" 403 199 "-" "-"
4.194.208.111 - - [03/Jan/2026:02:34:36 +0800] "GET /up4.php HTTP/1.1" 403 199 "-" "-"
4.194.208.111 - - [03/Jan/2026:02:34:37 +0800] "GET /up4.php HTTP/1.1" 403 199 "-" "-"
4.194.208.111 - - [03/Jan/2026:02:34:37 +0800] "GET /1aa.php HTTP/1.1" 403 199 "-" "-"
4.194.208.111 - - [03/Jan/2026:02:34:37 +0800] "GET /1aa.php HTTP/1.1" 403 199 "-" "-"
4.194.208.111 - - [03/Jan/2026:02:34:37 +0800] "GET /1aa.php HTTP/1.1" 403 199 "-" "-"
4.194.208.111 - - [03/Jan/2026:02:34:37 +0800] "GET /1aa.php HTTP/1.1" 403 199 "-" "-"
4.194.208.111 - - [03/Jan/2026:02:34:38 +0800] "GET /elp.php HTTP/1.1" 403 199 "-" "-"
4.194.208.111 - - [03/Jan/2026:02:34:38 +0800] "GET /elp.php HTTP/1.1" 403 199 "-" "-"
4.194.208.111 - - [03/Jan/2026:02:34:38 +0800] "GET /elp.php HTTP/1.1" 403 199 "-" "-"
4.194.208.111 - - [03/Jan/2026:02:34:38 +0800] "GET /elp.php HTTP/1.1" 403 199 "-" "-"
4.194.208.111 - - [03/Jan/2026:02:34:38 +0800] "GET /wtz.php HTTP/1.1" 403 199 "-" "-"
4.194.208.111 - - [03/Jan/2026:02:34:38 +0800] "GET /wtz.php HTTP/1.1" 403 199 "-" "-"
4.194.208.111 - - [03/Jan/2026:02:34:39 +0800] "GET /wtz.php HTTP/1.1" 403 199 "-" "-"
4.194.208.111 - - [03/Jan/2026:02:34:39 +0800] "GET /wtz.php HTTP/1.1" 403 199 "-" "-"
4.194.208.111 - - [03/Jan/2026:02:34:39 +0800] "GET /galex.php HTTP/1.1" 403 199 "-" "-"
4.194.208.111 - - [03/Jan/2026:02:34:39 +0800] "GET /galex.php HTTP/1.1" 403 199 "-" "-"
4.194.208.111 - - [03/Jan/2026:02:34:39 +0800] "GET /galex.php HTTP/1.1" 403 199 "-" "-"
4.194.208.111 - - [03/Jan/2026:02:34:40 +0800] "GET /galex.php HTTP/1.1" 403 199 "-" "-"
4.194.208.111 - - [03/Jan/2026:02:34:40 +0800] "GET /xb.php HTTP/1.1" 403 199 "-" "-"
4.194.208.111 - - [03/Jan/2026:02:34:40 +0800] "GET /xb.php HTTP/1.1" 403 199 "-" "-"
4.194.208.111 - - [03/Jan/2026:02:34:40 +0800] "GET /xb.php HTTP/1.1" 403 199 "-" "-"
4.194.208.111 - - [03/Jan/2026:02:34:40 +0800] "GET /xb.php HTTP/1.1" 403 199 "-" "-"
4.194.208.111 - - [03/Jan/2026:02:34:41 +0800] "GET /ova.php HTTP/1.1" 403 199 "-" "-"
4.194.208.111 - - [03/Jan/2026:02:34:41 +0800] "GET /ova.php HTTP/1.1" 403 199 "-" "-"
4.194.208.111 - - [03/Jan/2026:02:34:41 +0800] "GET /ova.php HTTP/1.1" 403 199 "-" "-"
4.194.208.111 - - [03/Jan/2026:02:34:41 +0800] "GET /ova.php HTTP/1.1" 403 199 "-" "-"
4.194.208.111 - - [03/Jan/2026:02:34:42 +0800] "GET /vx.php HTTP/1.1" 403 199 "-" "-"
4.194.208.111 - - [03/Jan/2026:02:34:42 +0800] "GET /vx.php HTTP/1.1" 403 199 "-" "-"
4.194.208.111 - - [03/Jan/2026:02:34:42 +0800] "GET /vx.php HTTP/1.1" 403 199 "-" "-"
4.194.208.111 - - [03/Jan/2026:02:34:42 +0800] "GET /vx.php HTTP/1.1" 403 199 "-" "-"
4.194.208.111 - - [03/Jan/2026:02:34:42 +0800] "GET /rh.php HTTP/1.1" 403 199 "-" "-"
4.194.208.111 - - [03/Jan/2026:02:34:43 +0800] "GET /rh.php HTTP/1.1" 403 199 "-" "-"
4.194.208.111 - - [03/Jan/2026:02:34:43 +0800] "GET /rh.php HTTP/1.1" 403 199 "-" "-"
4.194.208.111 - - [03/Jan/2026:02:34:43 +0800] "GET /rh.php HTTP/1.1" 403 199 "-" "-"
103.4.122.14 - - [03/Jan/2026:02:38:57 +0800] "POST /wp-cron.php?doing_wp_cron=1767379137.5765800476074218750000 HTTP/1.1" 200 - "-" "WordPress/6.8.3; https://impeccablerenovations.com.au"
3.77.67.4 - - [03/Jan/2026:02:38:55 +0800] "HEAD / HTTP/1.1" 200 - "https://impeccablerenovations.com.au/" "Mozilla/5.0+(compatible; UptimeRobot/2.0; http://www.uptimerobot.com/)"
103.4.122.14 - - [03/Jan/2026:02:44:06 +0800] "POST /wp-cron.php?doing_wp_cron=1767379446.6987290382385253906250 HTTP/1.1" 200 - "-" "WordPress/6.8.3; https://impeccablerenovations.com.au"
128.140.106.114 - - [03/Jan/2026:02:44:05 +0800] "HEAD / HTTP/1.1" 200 - "https://impeccablerenovations.com.au/" "Mozilla/5.0+(compatible; UptimeRobot/2.0; http://www.uptimerobot.com/)"
103.4.122.14 - - [03/Jan/2026:02:49:15 +0800] "POST /wp-cron.php?doing_wp_cron=1767379755.2948451042175292968750 HTTP/1.1" 200 - "-" "WordPress/6.8.3; https://impeccablerenovations.com.au"
168.119.53.160 - - [03/Jan/2026:02:49:13 +0800] "HEAD / HTTP/1.1" 200 - "https://impeccablerenovations.com.au/" "Mozilla/5.0+(compatible; UptimeRobot/2.0; http://www.uptimerobot.com/)"
103.4.122.14 - - [03/Jan/2026:02:49:56 +0800] "POST /wp-cron.php?doing_wp_cron=1767379796.5612568855285644531250 HTTP/1.1" 200 - "-" "WordPress/6.8.3; https://impeccablerenovations.com.au"
5.188.87.40 - - [03/Jan/2026:02:49:54 +0800] "GET /wp-content/plugins/wc-designer-pro/assets/css/wcdp-design.min.css HTTP/1.1" 404 62874 "-" "Mozilla/5.0 (Windows NT 10.0; Win64; x64) AppleWebKit/537.36"
103.4.122.14 - - [03/Jan/2026:02:54:24 +0800] "POST /wp-cron.php?doing_wp_cron=1767380064.4789280891418457031250 HTTP/1.1" 200 - "-" "WordPress/6.8.3; https://impeccablerenovations.com.au"
49.13.24.81 - - [03/Jan/2026:02:54:22 +0800] "HEAD / HTTP/1.1" 200 - "https://impeccablerenovations.com.au/" "Mozilla/5.0+(compatible; UptimeRobot/2.0; http://www.uptimerobot.com/)"
103.4.122.14 - - [03/Jan/2026:02:59:33 +0800] "POST /wp-cron.php?doing_wp_cron=1767380373.6693019866943359375000 HTTP/1.1" 200 - "-" "WordPress/6.8.3; https://impeccablerenovations.com.au"
88.99.80.227 - - [03/Jan/2026:02:59:32 +0800] "HEAD / HTTP/1.1" 200 - "https://impeccablerenovations.com.au/" "Mozilla/5.0+(compatible; UptimeRobot/2.0; http://www.uptimerobot.com/)"
103.4.122.14 - - [03/Jan/2026:03:03:49 +0800] "POST /wp-cron.php?doing_wp_cron=1767380629.2586278915405273437500 HTTP/1.1" 200 - "-" "WordPress/6.8.3; https://impeccablerenovations.com.au"
192.178.4.96 - - [03/Jan/2026:03:03:47 +0800] "GET /robots.txt HTTP/1.1" 200 124 "-" "Mozilla/5.0 (compatible; Googlebot/2.1; +http://www.google.com/bot.html)"
192.178.4.96 - - [03/Jan/2026:03:03:50 +0800] "GET / HTTP/1.1" 200 22200 "-" "Mozilla/5.0 (compatible; Googlebot/2.1; +http://www.google.com/bot.html)"
192.178.4.96 - - [03/Jan/2026:03:03:56 +0800] "GET /wp-content/plugins/contact-form-7/includes/js/index.js?ver=6.1.2 HTTP/1.1" 200 4265 "https://impeccablerenovations.com.au/" "Mozilla/5.0 (Linux; Android 6.0.1; Nexus 5X Build/MMB29P) AppleWebKit/537.36 (KHTML, like Gecko) Chrome/141.0.7390.122 Mobile Safari/537.36 (compatible; Googlebot/2.1; +http://www.google.com/bot.html)"
192.178.4.98 - - [03/Jan/2026:03:03:56 +0800] "GET /wp-content/uploads/elementor/css/global.css?ver=1728434989 HTTP/1.1" 404 62461 "https://impeccablerenovations.com.au/" "Mozilla/5.0 (Linux; Android 6.0.1; Nexus 5X Build/MMB29P) AppleWebKit/537.36 (KHTML, like Gecko) Chrome/141.0.7390.122 Mobile Safari/537.36 (compatible; Googlebot/2.1; +http://www.google.com/bot.html)"
103.4.122.14 - - [03/Jan/2026:03:04:42 +0800] "POST /wp-cron.php?doing_wp_cron=1767380681.9193871021270751953125 HTTP/1.1" 200 - "-" "WordPress/6.8.3; https://impeccablerenovations.com.au"
49.13.167.123 - - [03/Jan/2026:03:04:40 +0800] "HEAD / HTTP/1.1" 200 - "https://impeccablerenovations.com.au/" "Mozilla/5.0+(compatible; UptimeRobot/2.0; http://www.uptimerobot.com/)"
103.4.122.14 - - [03/Jan/2026:03:09:50 +0800] "POST /wp-cron.php?doing_wp_cron=1767380990.3729660511016845703125 HTTP/1.1" 200 - "-" "WordPress/6.8.3; https://impeccablerenovations.com.au"
52.59.43.236 - - [03/Jan/2026:03:09:48 +0800] "HEAD / HTTP/1.1" 200 - "https://impeccablerenovations.com.au/" "Mozilla/5.0+(compatible; UptimeRobot/2.0; http://www.uptimerobot.com/)"
103.4.122.14 - - [03/Jan/2026:03:14:57 +0800] "POST /wp-cron.php?doing_wp_cron=1767381297.5043680667877197265625 HTTP/1.1" 200 - "-" "WordPress/6.8.3; https://impeccablerenovations.com.au"
142.132.180.39 - - [03/Jan/2026:03:14:55 +0800] "HEAD / HTTP/1.1" 200 - "https://impeccablerenovations.com.au/" "Mozilla/5.0+(compatible; UptimeRobot/2.0; http://www.uptimerobot.com/)"
103.4.122.14 - - [03/Jan/2026:03:20:04 +0800] "POST /wp-cron.php?doing_wp_cron=1767381604.7172310352325439453125 HTTP/1.1" 200 - "-" "WordPress/6.8.3; https://impeccablerenovations.com.au"
18.192.166.72 - - [03/Jan/2026:03:20:03 +0800] "HEAD / HTTP/1.1" 200 - "https://impeccablerenovations.com.au/" "Mozilla/5.0+(compatible; UptimeRobot/2.0; http://www.uptimerobot.com/)"
103.4.122.14 - - [03/Jan/2026:03:22:01 +0800] "POST /wp-cron.php?doing_wp_cron=1767381721.5824360847473144531250 HTTP/1.1" 200 - "-" "WordPress/6.8.3; https://impeccablerenovations.com.au"
34.186.167.45 - - [03/Jan/2026:03:21:59 +0800] "HEAD / HTTP/1.1" 301 - "-" "Mozilla/5.0 (Linux; Android 13; Infinix X688B) AppleWebKit/537.36 (KHTML, like Gecko) Chrome/124.0.6367.48 Mobile Safari/537.36"
34.186.167.45 - - [03/Jan/2026:03:22:02 +0800] "HEAD / HTTP/1.1" 200 - "http://impeccablerenovations.com.au/" "Mozilla/5.0 (Linux; Android 13; Infinix X688B) AppleWebKit/537.36 (KHTML, like Gecko) Chrome/124.0.6367.48 Mobile Safari/537.36"
34.186.167.45 - - [03/Jan/2026:03:22:03 +0800] "HEAD /blog/ HTTP/1.1" 200 - "-" "Mozilla/5.0 (iPhone; CPU iPhone OS 16_7 like Mac OS X) AppleWebKit/605.1.15 (KHTML, like Gecko) Version/16.7 Mobile/15E148 Safari/604.1"
34.186.167.45 - - [03/Jan/2026:03:22:05 +0800] "HEAD /new/ HTTP/1.1" 404 - "-" "Mozilla/5.0 (Linux; Android 14; OnePlus 12) AppleWebKit/537.36 (KHTML, like Gecko) Chrome/125.0.6422.102 Mobile Safari/537.36"
34.186.167.45 - - [03/Jan/2026:03:22:07 +0800] "HEAD /backup/ HTTP/1.1" 404 - "-" "Mozilla/5.0 (Linux; U; Android 10; en-US; CPH2015) AppleWebKit/537.36 (KHTML, like Gecko) UCBrowser/13.5.8.1311 Mobile Safari/537.36"
34.186.167.45 - - [03/Jan/2026:03:22:08 +0800] "HEAD /wp/ HTTP/1.1" 404 - "-" "Mozilla/5.0 (Linux; Android 14; Xiaomi 14 Pro) AppleWebKit/537.36 (KHTML, like Gecko) Chrome/126.0.6478.33 Mobile Safari/537.36"
34.186.167.45 - - [03/Jan/2026:03:22:09 +0800] "HEAD /wordpress/ HTTP/1.1" 404 - "-" "Mozilla/5.0 (Linux; Android 14; OnePlus 12) AppleWebKit/537.36 (KHTML, like Gecko) Chrome/125.0.6422.102 Mobile Safari/537.36"
34.186.167.45 - - [03/Jan/2026:03:22:11 +0800] "HEAD /old/ HTTP/1.1" 404 - "-" "Mozilla/5.0 (iPhone; CPU iPhone OS 17_5 like Mac OS X) AppleWebKit/605.1.15 (KHTML, like Gecko) Version/17.5 Mobile/15E148 Safari/604.1"
103.4.122.14 - - [03/Jan/2026:03:25:37 +0800] "POST /wp-cron.php?doing_wp_cron=1767381936.8874709606170654296875 HTTP/1.1" 200 - "-" "WordPress/6.8.3; https://impeccablerenovations.com.au"
49.13.167.123 - - [03/Jan/2026:03:25:35 +0800] "GET / HTTP/1.1" 200 22200 "https://impeccablerenovations.com.au/" "Mozilla/5.0+(compatible; UptimeRobot/2.0; http://www.uptimerobot.com/)"
103.4.122.14 - - [03/Jan/2026:03:30:45 +0800] "POST /wp-cron.php?doing_wp_cron=1767382245.4450340270996093750000 HTTP/1.1" 200 - "-" "WordPress/6.8.3; https://impeccablerenovations.com.au"
49.13.134.145 - - [03/Jan/2026:03:30:43 +0800] "HEAD / HTTP/1.1" 200 - "https://impeccablerenovations.com.au/" "Mozilla/5.0+(compatible; UptimeRobot/2.0; http://www.uptimerobot.com/)"
18.193.252.127 - - [03/Jan/2026:03:35:50 +0800] "HEAD / HTTP/1.1" 200 - "https://impeccablerenovations.com.au/" "Mozilla/5.0+(compatible; UptimeRobot/2.0; http://www.uptimerobot.com/)"
103.4.122.14 - - [03/Jan/2026:03:35:51 +0800] "POST /wp-cron.php?doing_wp_cron=1767382551.5671620368957519531250 HTTP/1.1" 200 - "-" "WordPress/6.8.3; https://impeccablerenovations.com.au"
27.115.124.118 - - [03/Jan/2026:03:35:49 +0800] "GET / HTTP/1.1" 301 - "-" "Mozilla/5.0 (Linux; Android 11; CPH2185) AppleWebKit/537.36 (KHTML, like Gecko) Chrome/91.0.4472.101 Mobile Safari/537.36"
27.115.124.70 - - [03/Jan/2026:03:35:54 +0800] "GET / HTTP/1.1" 200 22033 "-" "Mozilla/5.0 (Linux; Android 11; CPH2185) AppleWebKit/537.36 (KHTML, like Gecko) Chrome/91.0.4472.101 Mobile Safari/537.36"
103.4.122.14 - - [03/Jan/2026:03:40:58 +0800] "POST /wp-cron.php?doing_wp_cron=1767382858.0584158897399902343750 HTTP/1.1" 200 - "-" "WordPress/6.8.3; https://impeccablerenovations.com.au"
49.13.167.123 - - [03/Jan/2026:03:40:56 +0800] "HEAD / HTTP/1.1" 200 - "https://impeccablerenovations.com.au/" "Mozilla/5.0+(compatible; UptimeRobot/2.0; http://www.uptimerobot.com/)"
103.4.122.14 - - [03/Jan/2026:03:46:07 +0800] "POST /wp-cron.php?doing_wp_cron=1767383167.7857530117034912109375 HTTP/1.1" 200 - "-" "WordPress/6.8.3; https://impeccablerenovations.com.au"
128.140.106.114 - - [03/Jan/2026:03:46:06 +0800] "HEAD / HTTP/1.1" 200 - "https://impeccablerenovations.com.au/" "Mozilla/5.0+(compatible; UptimeRobot/2.0; http://www.uptimerobot.com/)"
103.4.122.14 - - [03/Jan/2026:03:48:08 +0800] "POST /wp-cron.php?doing_wp_cron=1767383288.3052699565887451171875 HTTP/1.1" 200 - "-" "WordPress/6.8.3; https://impeccablerenovations.com.au"
114.119.139.220 - - [03/Jan/2026:03:48:05 +0800] "GET /category/uncategorized/ HTTP/1.1" 200 15807 "https://impeccablerenovations.com.au/category/uncategorized" "Mozilla/5.0 (Linux; Android 7.0;) AppleWebKit/537.36 (KHTML, like Gecko) Mobile Safari/537.36 (compatible; PetalBot;+https://webmaster.petalsearch.com/site/petalbot)"
103.4.122.14 - - [03/Jan/2026:03:51:15 +0800] "POST /wp-cron.php?doing_wp_cron=1767383475.4696381092071533203125 HTTP/1.1" 200 - "-" "WordPress/6.8.3; https://impeccablerenovations.com.au"
128.140.41.193 - - [03/Jan/2026:03:51:13 +0800] "HEAD / HTTP/1.1" 200 - "https://impeccablerenovations.com.au/" "Mozilla/5.0+(compatible; UptimeRobot/2.0; http://www.uptimerobot.com/)"
103.4.122.14 - - [03/Jan/2026:03:52:31 +0800] "POST /wp-cron.php?doing_wp_cron=1767383550.7425279617309570312500 HTTP/1.1" 200 - "-" "WordPress/6.8.3; https://impeccablerenovations.com.au"
54.39.136.208 - - [03/Jan/2026:03:52:28 +0800] "GET /robots.txt HTTP/1.1" 200 124 "-" "Mozilla/5.0 (compatible; AhrefsBot/7.0; +http://ahrefs.com/robot/)"
54.39.89.50 - - [03/Jan/2026:03:52:36 +0800] "GET /sitemap_index.xml HTTP/1.1" 200 346 "-" "Mozilla/5.0 (compatible; AhrefsBot/7.0; +http://ahrefs.com/robot/)"
51.161.65.42 - - [03/Jan/2026:03:52:41 +0800] "GET /post-sitemap.xml HTTP/1.1" 200 481 "-" "Mozilla/5.0 (compatible; AhrefsBot/7.0; +http://ahrefs.com/robot/)"
54.39.136.38 - - [03/Jan/2026:03:52:46 +0800] "GET /page-sitemap.xml HTTP/1.1" 200 1154 "-" "Mozilla/5.0 (compatible; AhrefsBot/7.0; +http://ahrefs.com/robot/)"
54.39.210.195 - - [03/Jan/2026:03:52:51 +0800] "GET /project-sitemap.xml HTTP/1.1" 200 445 "-" "Mozilla/5.0 (compatible; AhrefsBot/7.0; +http://ahrefs.com/robot/)"
15.235.27.90 - - [03/Jan/2026:03:52:57 +0800] "GET /category-sitemap.xml HTTP/1.1" 200 376 "-" "Mozilla/5.0 (compatible; AhrefsBot/7.0; +http://ahrefs.com/robot/)"
103.4.122.14 - - [03/Jan/2026:03:56:25 +0800] "POST /wp-cron.php?doing_wp_cron=1767383785.3066959381103515625000 HTTP/1.1" 200 - "-" "WordPress/6.8.3; https://impeccablerenovations.com.au"
128.140.106.114 - - [03/Jan/2026:03:56:23 +0800] "HEAD / HTTP/1.1" 200 - "https://impeccablerenovations.com.au/" "Mozilla/5.0+(compatible; UptimeRobot/2.0; http://www.uptimerobot.com/)"
103.4.122.14 - - [03/Jan/2026:04:01:33 +0800] "POST /wp-cron.php?doing_wp_cron=1767384093.1054921150207519531250 HTTP/1.1" 200 - "-" "WordPress/6.8.3; https://impeccablerenovations.com.au"
3.77.67.4 - - [03/Jan/2026:04:01:31 +0800] "HEAD / HTTP/1.1" 200 - "https://impeccablerenovations.com.au/" "Mozilla/5.0+(compatible; UptimeRobot/2.0; http://www.uptimerobot.com/)"
4.194.56.148 - - [03/Jan/2026:04:02:52 +0800] "GET /wp-content/plugins/hellopress/wp_filemanager.php HTTP/1.1" 403 199 "-" "-"
4.194.56.148 - - [03/Jan/2026:04:02:55 +0800] "GET /wp-content/plugins/hellopress/wp_filemanager.php HTTP/1.1" 403 199 "-" "-"
4.194.56.148 - - [03/Jan/2026:04:02:55 +0800] "GET /wp-content/plugins/hellopress/wp_filemanager.php HTTP/1.1" 403 199 "-" "-"
4.194.56.148 - - [03/Jan/2026:04:02:56 +0800] "GET /wp-content/plugins/hellopress/wp_filemanager.php HTTP/1.1" 403 199 "-" "-"
103.4.122.14 - - [03/Jan/2026:04:06:40 +0800] "POST /wp-cron.php?doing_wp_cron=1767384400.2108709812164306640625 HTTP/1.1" 200 - "-" "WordPress/6.8.3; https://impeccablerenovations.com.au"
63.178.84.147 - - [03/Jan/2026:04:06:38 +0800] "HEAD / HTTP/1.1" 200 - "https://impeccablerenovations.com.au/" "Mozilla/5.0+(compatible; UptimeRobot/2.0; http://www.uptimerobot.com/)"
103.4.122.14 - - [03/Jan/2026:04:11:48 +0800] "POST /wp-cron.php?doing_wp_cron=1767384708.0039451122283935546875 HTTP/1.1" 200 - "-" "WordPress/6.8.3; https://impeccablerenovations.com.au"
78.46.190.63 - - [03/Jan/2026:04:11:46 +0800] "HEAD / HTTP/1.1" 200 - "https://impeccablerenovations.com.au/" "Mozilla/5.0+(compatible; UptimeRobot/2.0; http://www.uptimerobot.com/)"
103.4.122.14 - - [03/Jan/2026:04:14:28 +0800] "POST /wp-cron.php?doing_wp_cron=1767384868.5108990669250488281250 HTTP/1.1" 200 - "-" "WordPress/6.8.3; https://impeccablerenovations.com.au"
198.8.84.3 - - [03/Jan/2026:04:14:26 +0800] "GET / HTTP/1.0" 301 - "http://impeccablerenovations.com.au/" "Mozilla/5.0 (Windows NT 10.0; Win64; x64) AppleWebKit/537.36 (KHTML, like Gecko) Chrome/130.0.0.0 Safari/537.36 CCleaner/130.0.0.0"
198.8.84.3 - - [03/Jan/2026:04:14:30 +0800] "GET / HTTP/1.0" 200 108894 "https://impeccablerenovations.com.au/" "Mozilla/5.0 (Windows NT 10.0; Win64; x64) AppleWebKit/537.36 (KHTML, like Gecko) Chrome/130.0.0.0 Safari/537.36 CCleaner/130.0.0.0"
103.4.122.14 - - [03/Jan/2026:04:14:35 +0800] "POST /wp-cron.php?doing_wp_cron=1767384875.4876248836517333984375 HTTP/1.1" 200 - "-" "WordPress/6.8.3; https://impeccablerenovations.com.au"
198.8.84.3 - - [03/Jan/2026:04:14:34 +0800] "GET /wp-login.php?action=register HTTP/1.0" 302 - "https://impeccablerenovations.com.au/wp-login.php?action=register" "Mozilla/5.0 (Windows NT 10.0; Win64; x64) AppleWebKit/537.36 (KHTML, like Gecko) Chrome/130.0.0.0 Safari/537.36 CCleaner/130.0.0.0"
198.8.84.3 - - [03/Jan/2026:04:14:37 +0800] "GET /wp-login.php?registration=disabled HTTP/1.0" 200 7569 "https://impeccablerenovations.com.au/wp-login.php?registration=disabled" "Mozilla/5.0 (Windows NT 10.0; Win64; x64) AppleWebKit/537.36 (KHTML, like Gecko) Chrome/130.0.0.0 Safari/537.36 CCleaner/130.0.0.0"
103.4.122.14 - - [03/Jan/2026:04:16:56 +0800] "POST /wp-cron.php?doing_wp_cron=1767385015.8412239551544189453125 HTTP/1.1" 200 - "-" "WordPress/6.8.3; https://impeccablerenovations.com.au"
63.178.84.147 - - [03/Jan/2026:04:16:54 +0800] "HEAD / HTTP/1.1" 200 - "https://impeccablerenovations.com.au/" "Mozilla/5.0+(compatible; UptimeRobot/2.0; http://www.uptimerobot.com/)"
103.4.122.14 - - [03/Jan/2026:04:20:25 +0800] "POST /wp-cron.php?doing_wp_cron=1767385225.6653170585632324218750 HTTP/1.1" 200 - "-" "WordPress/6.8.3; https://impeccablerenovations.com.au"
43.173.169.210 - - [03/Jan/2026:04:20:23 +0800] "GET /project-filter/commercial-fit-outs/ HTTP/1.1" 200 15914 "-" "Mozilla/5.0 (Windows NT 10.0; Win64; x64) AppleWebKit/537.36 (KHTML, like Gecko) Chrome/133.0.0.0 Safari/537.36"
103.4.122.14 - - [03/Jan/2026:04:22:04 +0800] "POST /wp-cron.php?doing_wp_cron=1767385324.5534110069274902343750 HTTP/1.1" 200 - "-" "WordPress/6.8.3; https://impeccablerenovations.com.au"
3.77.67.4 - - [03/Jan/2026:04:22:02 +0800] "HEAD / HTTP/1.1" 200 - "https://impeccablerenovations.com.au/" "Mozilla/5.0+(compatible; UptimeRobot/2.0; http://www.uptimerobot.com/)"
103.4.122.14 - - [03/Jan/2026:04:27:12 +0800] "POST /wp-cron.php?doing_wp_cron=1767385632.6289238929748535156250 HTTP/1.1" 200 - "-" "WordPress/6.8.3; https://impeccablerenovations.com.au"
142.132.180.39 - - [03/Jan/2026:04:27:10 +0800] "HEAD / HTTP/1.1" 200 - "https://impeccablerenovations.com.au/" "Mozilla/5.0+(compatible; UptimeRobot/2.0; http://www.uptimerobot.com/)"
103.4.122.14 - - [03/Jan/2026:04:32:21 +0800] "POST /wp-cron.php?doing_wp_cron=1767385940.9002480506896972656250 HTTP/1.1" 200 - "-" "WordPress/6.8.3; https://impeccablerenovations.com.au"
167.235.143.113 - - [03/Jan/2026:04:32:19 +0800] "HEAD / HTTP/1.1" 200 - "https://impeccablerenovations.com.au/" "Mozilla/5.0+(compatible; UptimeRobot/2.0; http://www.uptimerobot.com/)"
103.4.122.14 - - [03/Jan/2026:04:37:32 +0800] "POST /wp-cron.php?doing_wp_cron=1767386252.7524139881134033203125 HTTP/1.1" 200 - "-" "WordPress/6.8.3; https://impeccablerenovations.com.au"
3.79.134.69 - - [03/Jan/2026:04:37:31 +0800] "HEAD / HTTP/1.1" 200 - "https://impeccablerenovations.com.au/" "Mozilla/5.0+(compatible; UptimeRobot/2.0; http://www.uptimerobot.com/)"
103.4.122.14 - - [03/Jan/2026:04:37:34 +0800] "POST /wp-admin/admin-ajax.php?action=wordfence_testAjax HTTP/1.1" 200 32 "-" "WordPress/6.8.3; https://impeccablerenovations.com.au"
44.235.211.232 - - [03/Jan/2026:04:37:44 +0800] "POST /?_wfsf=detectProxy HTTP/1.1" 200 11 "-" "Wordfence API/1.0 (+https://www.wordfence.com/help/api-callbacks/)"
103.4.122.14 - - [03/Jan/2026:04:37:57 +0800] "POST /wp-cron.php?doing_wp_cron=1767386276.9748148918151855468750 HTTP/1.1" 200 - "-" "WordPress/6.8.3; https://impeccablerenovations.com.au"
103.4.122.14 - - [03/Jan/2026:04:37:36 +0800] "GET /wp-admin/admin-ajax.php?action=wordfence_doScan&isFork=0&scanMode=standard&cronKey=6beaf53c8919ad9f4e81520e11b86d10&signature=b548e13de022ec7ae2a865a3de1d695fb7a2f384c2ecec2517ab63c759505f81 HTTP/1.1" 200 - "-" "WordPress/6.8.3; https://impeccablerenovations.com.au"
103.4.122.14 - - [03/Jan/2026:04:37:55 +0800] "GET /wp-admin/admin-ajax.php?action=wordfence_doScan&isFork=1&scanMode=standard&cronKey=340c853ba83c0ef16b2da0c52a01271c&signature=c747e06948458788e3ae9ea308ad0f299c2e81bf40cf0110b883138bc13cdc62 HTTP/1.1" 200 - "-" "WordPress/6.8.3; https://impeccablerenovations.com.au"
103.4.122.14 - - [03/Jan/2026:04:38:15 +0800] "GET /.user.ini HTTP/1.1" 403 199 "-" "WordPress/6.8.3; https://impeccablerenovations.com.au"
103.4.122.14 - - [03/Jan/2026:04:38:13 +0800] "GET /wp-admin/admin-ajax.php?action=wordfence_doScan&isFork=1&scanMode=standard&cronKey=3881955c5379a8e928d6491cf57395f7&signature=5b25ba2834ef794cf3cb554ac664edc218972c2cd746a8528392985f13d854d3 HTTP/1.1" 200 - "-" "WordPress/6.8.3; https://impeccablerenovations.com.au"
103.4.122.14 - - [03/Jan/2026:04:38:33 +0800] "POST /wp-cron.php?doing_wp_cron=1767386313.2453589439392089843750 HTTP/1.1" 200 - "-" "WordPress/6.8.3; https://impeccablerenovations.com.au"
103.4.122.14 - - [03/Jan/2026:04:38:31 +0800] "GET /wp-admin/admin-ajax.php?action=wordfence_doScan&isFork=1&scanMode=standard&cronKey=c7e9d6f33a7f5d32ddbb8beec1e0a696&signature=185c91315e7466d861f53ed434015c0cebedad058091d478c569fb725890638d HTTP/1.1" 200 - "-" "WordPress/6.8.3; https://impeccablerenovations.com.au"
103.4.122.14 - - [03/Jan/2026:04:38:49 +0800] "GET /wp-admin/admin-ajax.php?action=wordfence_doScan&isFork=1&scanMode=standard&cronKey=e903fe6d21226e723844e51433787d94&signature=2748290b0916fc962561ac5b4f3773e1010c4fbec69289be6cdba9c6e642baa4 HTTP/1.1" 200 - "-" "WordPress/6.8.3; https://impeccablerenovations.com.au"
103.4.122.14 - - [03/Jan/2026:04:39:07 +0800] "GET /wp-admin/admin-ajax.php?action=wordfence_doScan&isFork=1&scanMode=standard&cronKey=0ffb32b774e0baeeec2da67b0c6695b5&signature=a6e9f62b0256572f921163ea2eda664e3f815e8d0b029cda1413d515b707232a HTTP/1.1" 200 - "-" "WordPress/6.8.3; https://impeccablerenovations.com.au"
103.4.122.14 - - [03/Jan/2026:04:39:25 +0800] "GET /wp-admin/admin-ajax.php?action=wordfence_doScan&isFork=1&scanMode=standard&cronKey=91c56e29576a56233516d2a9a51ee088&signature=c2517ca4495f65005d26a985d2ecdc58dc4cd6d018545cac842c4d225de21332 HTTP/1.1" 200 - "-" "WordPress/6.8.3; https://impeccablerenovations.com.au"
103.4.122.14 - - [03/Jan/2026:04:39:45 +0800] "POST /wp-cron.php?doing_wp_cron=1767386385.6983389854431152343750 HTTP/1.1" 200 - "-" "WordPress/6.8.3; https://impeccablerenovations.com.au"
103.4.122.14 - - [03/Jan/2026:04:39:43 +0800] "GET /wp-admin/admin-ajax.php?action=wordfence_doScan&isFork=1&scanMode=standard&cronKey=4e4ae48804bdbf717d751b3c4852433d&signature=95b4a6de53af8888855cb25eae1e4acdce304c8395064dbfb82c2308320c9082 HTTP/1.1" 200 - "-" "WordPress/6.8.3; https://impeccablerenovations.com.au"
103.4.122.14 - - [03/Jan/2026:04:40:01 +0800] "GET /wp-admin/admin-ajax.php?action=wordfence_doScan&isFork=1&scanMode=standard&cronKey=fc05037c9a3c037c8364cfa3497e7a31&signature=075382e53ce2b9e7fd540629835973fd78f0ce1eff0b004b5ec3225b231cfe2d HTTP/1.1" 200 - "-" "WordPress/6.8.3; https://impeccablerenovations.com.au"
103.4.122.14 - - [03/Jan/2026:04:40:19 +0800] "GET /wp-admin/admin-ajax.php?action=wordfence_doScan&isFork=1&scanMode=standard&cronKey=f10fce8b5d88533b3099e614d15b2e0e&signature=63ebab531a4d99218372b49581a1fc546f3420c846575c5772c0f259217218fc HTTP/1.1" 200 - "-" "WordPress/6.8.3; https://impeccablerenovations.com.au"
103.4.122.14 - - [03/Jan/2026:04:40:39 +0800] "POST /wp-cron.php?doing_wp_cron=1767386439.2015609741210937500000 HTTP/1.1" 200 - "-" "WordPress/6.8.3; https://impeccablerenovations.com.au"
103.4.122.14 - - [03/Jan/2026:04:40:37 +0800] "GET /wp-admin/admin-ajax.php?action=wordfence_doScan&isFork=1&scanMode=standard&cronKey=1995641439174472a0d06c58b07ebe9d&signature=a0e49268d218dcfc5c425730e117e5c44531e13f54c0ba5c3382aa3493ac619b HTTP/1.1" 200 - "-" "WordPress/6.8.3; https://impeccablerenovations.com.au"
103.4.122.14 - - [03/Jan/2026:04:40:55 +0800] "GET /wp-admin/admin-ajax.php?action=wordfence_doScan&isFork=1&scanMode=standard&cronKey=ad0989ff62e82b2742978470d5d53532&signature=95636bfe52009a9a66768d20f5ac13118066c2c81afe50dfe986ad457e050117 HTTP/1.1" 200 - "-" "WordPress/6.8.3; https://impeccablerenovations.com.au"
103.4.122.14 - - [03/Jan/2026:04:41:13 +0800] "GET /wp-admin/admin-ajax.php?action=wordfence_doScan&isFork=1&scanMode=standard&cronKey=e97751315e169b035d2e1201fe8d282d&signature=09f75065c2399e3d741b3e0948b7521687b4dae9f617fcf38ac2bf70550ecadf HTTP/1.1" 200 - "-" "WordPress/6.8.3; https://impeccablerenovations.com.au"
103.4.122.14 - - [03/Jan/2026:04:41:33 +0800] "POST /wp-cron.php?doing_wp_cron=1767386493.6632380485534667968750 HTTP/1.1" 200 - "-" "WordPress/6.8.3; https://impeccablerenovations.com.au"
103.4.122.14 - - [03/Jan/2026:04:41:31 +0800] "GET /wp-admin/admin-ajax.php?action=wordfence_doScan&isFork=1&scanMode=standard&cronKey=bd82238292946e60c5a607023bb9f65d&signature=258cabd2f16cff89ddcde5bb1656fc9691908d23b8418f1706f33e692b6205a9 HTTP/1.1" 200 - "-" "WordPress/6.8.3; https://impeccablerenovations.com.au"
103.4.122.14 - - [03/Jan/2026:04:41:49 +0800] "GET /wp-admin/admin-ajax.php?action=wordfence_doScan&isFork=1&scanMode=standard&cronKey=73c5fe50a5066292406ac8f43b2bb25d&signature=4e3766358161679305172eeff9204c95f566f683ba89bfe05d01f5dfdcdcee0d HTTP/1.1" 200 - "-" "WordPress/6.8.3; https://impeccablerenovations.com.au"
103.4.122.14 - - [03/Jan/2026:04:42:07 +0800] "GET /wp-admin/admin-ajax.php?action=wordfence_doScan&isFork=1&scanMode=standard&cronKey=ea1530b5204fce07ae0055be4033442d&signature=9022b187f6c2259462f34f66f0bce5a1f7ecd5780e7dded1d768063a4216bc1e HTTP/1.1" 200 - "-" "WordPress/6.8.3; https://impeccablerenovations.com.au"
103.4.122.14 - - [03/Jan/2026:04:42:40 +0800] "POST /wp-cron.php?doing_wp_cron=1767386560.2395989894866943359375 HTTP/1.1" 200 - "-" "WordPress/6.8.3; https://impeccablerenovations.com.au"
18.192.166.72 - - [03/Jan/2026:04:42:39 +0800] "HEAD / HTTP/1.1" 200 - "https://impeccablerenovations.com.au/" "Mozilla/5.0+(compatible; UptimeRobot/2.0; http://www.uptimerobot.com/)"
103.4.122.14 - - [03/Jan/2026:04:42:25 +0800] "GET /wp-admin/admin-ajax.php?action=wordfence_doScan&isFork=1&scanMode=standard&cronKey=234f9af82b2e6516f2726d4863eb8299&signature=89cc50cd694812aa78043fc80cb284023d7baec770cb726d53c81d41aca1d191 HTTP/1.1" 200 - "-" "WordPress/6.8.3; https://impeccablerenovations.com.au"
103.4.122.14 - - [03/Jan/2026:04:42:43 +0800] "GET /wp-admin/admin-ajax.php?action=wordfence_doScan&isFork=1&scanMode=standard&cronKey=7e7eae5ba7b613e24578666b847bc110&signature=4b942fe24d42e1f5dfc0c379f007356b36ffadfc16fd30db648c5cddf47c48fd HTTP/1.1" 200 - "-" "WordPress/6.8.3; https://impeccablerenovations.com.au"
103.4.122.14 - - [03/Jan/2026:04:43:01 +0800] "GET /wp-admin/admin-ajax.php?action=wordfence_doScan&isFork=1&scanMode=standard&cronKey=7dba4bf6cd0b63036f198ce3c852caf3&signature=f8e14cab18fcbee0a870008f683dc1468b467d784c6b4113378bdee105808320 HTTP/1.1" 200 - "-" "WordPress/6.8.3; https://impeccablerenovations.com.au"
103.4.122.14 - - [03/Jan/2026:04:43:19 +0800] "GET /wp-admin/admin-ajax.php?action=wordfence_doScan&isFork=1&scanMode=standard&cronKey=4b82dbea422fb38b8e903994a67b08b1&signature=9aba7cc81a131e3728b1bb2e6b521885982e1e1c3cf6f9ebf25c9271540b27c9 HTTP/1.1" 200 - "-" "WordPress/6.8.3; https://impeccablerenovations.com.au"
103.4.122.14 - - [03/Jan/2026:04:43:39 +0800] "POST /wp-cron.php?doing_wp_cron=1767386619.1858580112457275390625 HTTP/1.1" 200 - "-" "WordPress/6.8.3; https://impeccablerenovations.com.au"
103.4.122.14 - - [03/Jan/2026:04:43:37 +0800] "GET /wp-admin/admin-ajax.php?action=wordfence_doScan&isFork=1&scanMode=standard&cronKey=a808095836f311ef59d38b16d15d26aa&signature=5aa3563bcf6a9aac87fa2e693984973918399c65c018434d1b52bdb8e1933b58 HTTP/1.1" 200 - "-" "WordPress/6.8.3; https://impeccablerenovations.com.au"
103.4.122.14 - - [03/Jan/2026:04:43:55 +0800] "GET /wp-admin/admin-ajax.php?action=wordfence_doScan&isFork=1&scanMode=standard&cronKey=ca2d28a6711f718b26ae3c704853fe84&signature=4b07bd0d13b37beda37ec283f595f542d86d7ce117ee44fed1ffe0653d68e358 HTTP/1.1" 200 - "-" "WordPress/6.8.3; https://impeccablerenovations.com.au"
103.4.122.14 - - [03/Jan/2026:04:44:13 +0800] "GET /wp-admin/admin-ajax.php?action=wordfence_doScan&isFork=1&scanMode=standard&cronKey=81c36730372163a0a0d34c862f99dff4&signature=227c5ac86db8a6d2d7d7e40a4f7d9a24d14218c0e3fb9b2743dd0ef9d39f706a HTTP/1.1" 200 - "-" "WordPress/6.8.3; https://impeccablerenovations.com.au"
103.4.122.14 - - [03/Jan/2026:04:44:33 +0800] "POST /wp-cron.php?doing_wp_cron=1767386673.5214650630950927734375 HTTP/1.1" 200 - "-" "WordPress/6.8.3; https://impeccablerenovations.com.au"
103.4.122.14 - - [03/Jan/2026:04:44:31 +0800] "GET /wp-admin/admin-ajax.php?action=wordfence_doScan&isFork=1&scanMode=standard&cronKey=a726dc5373be6d14c22f07bd70f44b06&signature=7ea3ac08106a86ccc98517b50134628c13f8683ce0c5bf474fbf9e25844fac7f HTTP/1.1" 200 - "-" "WordPress/6.8.3; https://impeccablerenovations.com.au"
103.4.122.14 - - [03/Jan/2026:04:44:49 +0800] "GET /wp-admin/admin-ajax.php?action=wordfence_doScan&isFork=1&scanMode=standard&cronKey=ac164dfb56f7e70ffd6be0410dc7c1ff&signature=049f26eb845a785c3235acad55fbe3afe6d47c27c60fc86888302cb29fe48bc8 HTTP/1.1" 200 - "-" "WordPress/6.8.3; https://impeccablerenovations.com.au"
103.4.122.14 - - [03/Jan/2026:04:45:07 +0800] "GET /wp-admin/admin-ajax.php?action=wordfence_doScan&isFork=1&scanMode=standard&cronKey=bd5e4cd233c49fcc5a257449ad1e528f&signature=daa8be94680566bdc4bd733d1f67d315448ab3922f0951503ef68aa9c69811f5 HTTP/1.1" 200 - "-" "WordPress/6.8.3; https://impeccablerenovations.com.au"
103.4.122.14 - - [03/Jan/2026:04:45:25 +0800] "GET /wp-admin/admin-ajax.php?action=wordfence_doScan&isFork=1&scanMode=standard&cronKey=ad9c53f4d6a470a2bd789992bfc68b16&signature=2649a5e29a7c3c8824b7df0e24751a6f9806366a5418f3f61ef3ac34ef7b8cb9 HTTP/1.1" 200 - "-" "WordPress/6.8.3; https://impeccablerenovations.com.au"
103.4.122.14 - - [03/Jan/2026:04:45:45 +0800] "POST /wp-cron.php?doing_wp_cron=1767386745.2780110836029052734375 HTTP/1.1" 200 - "-" "WordPress/6.8.3; https://impeccablerenovations.com.au"
103.4.122.14 - - [03/Jan/2026:04:45:43 +0800] "GET /wp-admin/admin-ajax.php?action=wordfence_doScan&isFork=1&scanMode=standard&cronKey=bc4ec44c209c99d24ed2fcc5ab03cd5e&signature=271cab0317e39ac195517ac18c23451ba47f76160ef981ae28b1aaafcbb6c207 HTTP/1.1" 200 - "-" "WordPress/6.8.3; https://impeccablerenovations.com.au"
103.4.122.14 - - [03/Jan/2026:04:46:01 +0800] "GET /wp-admin/admin-ajax.php?action=wordfence_doScan&isFork=1&scanMode=standard&cronKey=7552137378f373e6a964d8bff81e5156&signature=1e633493162eaf58027463ab8410d91e58a2c206f82a79d48b1a070dd1f665fd HTTP/1.1" 200 - "-" "WordPress/6.8.3; https://impeccablerenovations.com.au"
103.4.122.14 - - [03/Jan/2026:04:46:19 +0800] "GET /wp-admin/admin-ajax.php?action=wordfence_doScan&isFork=1&scanMode=standard&cronKey=3365f05e80761f610d691972a451e835&signature=afde28ba3a48314491160bb91e8965c3db3f423f57d9c22bf264aa93ade5a5cd HTTP/1.1" 200 - "-" "WordPress/6.8.3; https://impeccablerenovations.com.au"
103.4.122.14 - - [03/Jan/2026:04:46:39 +0800] "POST /wp-cron.php?doing_wp_cron=1767386799.2269210815429687500000 HTTP/1.1" 200 - "-" "WordPress/6.8.3; https://impeccablerenovations.com.au"
103.4.122.14 - - [03/Jan/2026:04:46:37 +0800] "GET /wp-admin/admin-ajax.php?action=wordfence_doScan&isFork=1&scanMode=standard&cronKey=70dbc5f026cd3b93f566dd3d8a6f8109&signature=cb6472d7c448d05b09d5ef22c6a24385eef358e109717d67b679b91e1fa0f0ab HTTP/1.1" 200 - "-" "WordPress/6.8.3; https://impeccablerenovations.com.au"
103.4.122.14 - - [03/Jan/2026:04:46:55 +0800] "GET /wp-admin/admin-ajax.php?action=wordfence_doScan&isFork=1&scanMode=standard&cronKey=94e85961e87056384af66835489838b3&signature=148d5d038e8afc12456bc8c6b0093cf80d16358f098790bb3df42315192b94ec HTTP/1.1" 200 - "-" "WordPress/6.8.3; https://impeccablerenovations.com.au"
103.4.122.14 - - [03/Jan/2026:04:47:13 +0800] "GET /wp-admin/admin-ajax.php?action=wordfence_doScan&isFork=1&scanMode=standard&cronKey=52030f2e5f962b914700f391dbb639e1&signature=8e7ab77258ba95ce9a526d665dfeb2b30cb247fb2e5604a1c0d17b987994ceee HTTP/1.1" 200 - "-" "WordPress/6.8.3; https://impeccablerenovations.com.au"
103.4.122.14 - - [03/Jan/2026:04:47:33 +0800] "POST /wp-cron.php?doing_wp_cron=1767386853.1994979381561279296875 HTTP/1.1" 200 - "-" "WordPress/6.8.3; https://impeccablerenovations.com.au"
78.46.190.63 - - [03/Jan/2026:04:47:45 +0800] "HEAD / HTTP/1.1" 200 - "https://impeccablerenovations.com.au/" "Mozilla/5.0+(compatible; UptimeRobot/2.0; http://www.uptimerobot.com/)"
103.4.122.14 - - [03/Jan/2026:04:47:31 +0800] "GET /wp-admin/admin-ajax.php?action=wordfence_doScan&isFork=1&scanMode=standard&cronKey=02546474015390696163fab485ad5cd0&signature=42047dba58cf7e74e325e6ef4dea6174eddba1512bbafea801550d0fa4bd63f2 HTTP/1.1" 200 - "-" "WordPress/6.8.3; https://impeccablerenovations.com.au"
103.4.122.14 - - [03/Jan/2026:04:47:49 +0800] "GET /wp-admin/admin-ajax.php?action=wordfence_doScan&isFork=1&scanMode=standard&cronKey=b0055759ce69c766fb051c685e5ae648&signature=9fe2d7348c15808aaa7acb3077687fc2d5351d0bee6e429559afa38f644b399c HTTP/1.1" 200 - "-" "WordPress/6.8.3; https://impeccablerenovations.com.au"
103.4.122.14 - - [03/Jan/2026:04:48:07 +0800] "GET /wp-admin/admin-ajax.php?action=wordfence_doScan&isFork=1&scanMode=standard&cronKey=71ec404f1693a3f126ab3265b736ef75&signature=547a4764fd0f453ae8415529aca1d49780f5bc29c69c445ceddd981972e6bb64 HTTP/1.1" 200 - "-" "WordPress/6.8.3; https://impeccablerenovations.com.au"
103.4.122.14 - - [03/Jan/2026:04:48:25 +0800] "GET /wp-admin/admin-ajax.php?action=wordfence_doScan&isFork=1&scanMode=standard&cronKey=2e9f932791200781f5417b6533c772e4&signature=595223bfdc1eda24ad345d42e5b5891f4fa5d03a55dae8a4b48da0d1043d82ef HTTP/1.1" 200 - "-" "WordPress/6.8.3; https://impeccablerenovations.com.au"
103.4.122.14 - - [03/Jan/2026:04:48:45 +0800] "POST /wp-cron.php?doing_wp_cron=1767386925.1952099800109863281250 HTTP/1.1" 200 - "-" "WordPress/6.8.3; https://impeccablerenovations.com.au"
103.4.122.14 - - [03/Jan/2026:04:48:43 +0800] "GET /wp-admin/admin-ajax.php?action=wordfence_doScan&isFork=1&scanMode=standard&cronKey=8563dade51d92e1592451d41092624a1&signature=07b720b74ccf9777c8c9b32435191c28676c00a36b01bcd660b8a9e5316f5f69 HTTP/1.1" 200 - "-" "WordPress/6.8.3; https://impeccablerenovations.com.au"
103.4.122.14 - - [03/Jan/2026:04:49:01 +0800] "GET /wp-admin/admin-ajax.php?action=wordfence_doScan&isFork=1&scanMode=standard&cronKey=afd816696547f547b74670b7c90798db&signature=97ceb22f51803240e73a39587203eb5abfcb988ef1b2fbd4d76986d2f7754ebf HTTP/1.1" 200 - "-" "WordPress/6.8.3; https://impeccablerenovations.com.au"
103.4.122.14 - - [03/Jan/2026:04:49:19 +0800] "GET /wp-admin/admin-ajax.php?action=wordfence_doScan&isFork=1&scanMode=standard&cronKey=72c894e1c79e398c02b30d2c39d5732d&signature=9b4bccfe9e5225d3c84be38ac8982ac6ec9d66315d8fb1cd6ce9dc4f4f5259d9 HTTP/1.1" 200 - "-" "WordPress/6.8.3; https://impeccablerenovations.com.au"
103.4.122.14 - - [03/Jan/2026:04:49:39 +0800] "POST /wp-cron.php?doing_wp_cron=1767386979.5634529590606689453125 HTTP/1.1" 200 - "-" "WordPress/6.8.3; https://impeccablerenovations.com.au"
103.4.122.14 - - [03/Jan/2026:04:49:37 +0800] "GET /wp-admin/admin-ajax.php?action=wordfence_doScan&isFork=1&scanMode=standard&cronKey=3856ac7ae07fd2c28cd535b92f2977d3&signature=ac067fd7be1a7fb242b5d0bb9bbe5eb7e0e00b42aa17621681d03bcd1a662e38 HTTP/1.1" 200 - "-" "WordPress/6.8.3; https://impeccablerenovations.com.au"
103.4.122.14 - - [03/Jan/2026:04:49:55 +0800] "GET /wp-admin/admin-ajax.php?action=wordfence_doScan&isFork=1&scanMode=standard&cronKey=6d953801131201d337837a842b0d9ba8&signature=9e752dd86b8e41264159ce77df549d5db9358eb8158aeee7ea3bf0ab64db0a18 HTTP/1.1" 200 - "-" "WordPress/6.8.3; https://impeccablerenovations.com.au"
103.4.122.14 - - [03/Jan/2026:04:50:13 +0800] "GET /wp-admin/admin-ajax.php?action=wordfence_doScan&isFork=1&scanMode=standard&cronKey=64b57a3ca2a0ba29789bc1a553e0b57e&signature=7c87a0022e23a3dffd9186b3cfb87b3df0516434da9ab3333d182de30b25082b HTTP/1.1" 200 - "-" "WordPress/6.8.3; https://impeccablerenovations.com.au"
103.4.122.14 - - [03/Jan/2026:04:50:33 +0800] "POST /wp-cron.php?doing_wp_cron=1767387033.2775199413299560546875 HTTP/1.1" 200 - "-" "WordPress/6.8.3; https://impeccablerenovations.com.au"
103.4.122.14 - - [03/Jan/2026:04:50:31 +0800] "GET /wp-admin/admin-ajax.php?action=wordfence_doScan&isFork=1&scanMode=standard&cronKey=f890497a97ed774132cd3d0d02bccb5e&signature=569814b44ea7d66ca637c517d85a17a9b82c0e3dc54f5d6e7feb9401f7a4bc52 HTTP/1.1" 200 - "-" "WordPress/6.8.3; https://impeccablerenovations.com.au"
103.4.122.14 - - [03/Jan/2026:04:50:49 +0800] "GET /wp-admin/admin-ajax.php?action=wordfence_doScan&isFork=1&scanMode=standard&cronKey=54571404c11dab42e5fc1f76b31fce53&signature=b57aa0db02a3979b1b6d3047dfaf5812c545019dd51afd0f5c9f04a1228683eb HTTP/1.1" 200 - "-" "WordPress/6.8.3; https://impeccablerenovations.com.au"
103.4.122.14 - - [03/Jan/2026:04:51:07 +0800] "GET /wp-admin/admin-ajax.php?action=wordfence_doScan&isFork=1&scanMode=standard&cronKey=4e217d46edfb031df1a7876b185b306f&signature=29c3c3a9f2bb44cfd89546eaa12e531f1211ac739a1f803d556fbbfc00e3503b HTTP/1.1" 200 - "-" "WordPress/6.8.3; https://impeccablerenovations.com.au"
103.4.122.14 - - [03/Jan/2026:04:51:25 +0800] "GET /wp-admin/admin-ajax.php?action=wordfence_doScan&isFork=1&scanMode=standard&cronKey=45bb5e0ba70b19bad272a493ed4a3d0e&signature=981fcbc262931e3702fc9c122a7a4d0208b17637a39ff47ada92b74561077079 HTTP/1.1" 200 - "-" "WordPress/6.8.3; https://impeccablerenovations.com.au"
103.4.122.14 - - [03/Jan/2026:04:51:45 +0800] "POST /wp-cron.php?doing_wp_cron=1767387105.5595190525054931640625 HTTP/1.1" 200 - "-" "WordPress/6.8.3; https://impeccablerenovations.com.au"
103.4.122.14 - - [03/Jan/2026:04:51:43 +0800] "GET /wp-admin/admin-ajax.php?action=wordfence_doScan&isFork=1&scanMode=standard&cronKey=50a2f33f1759975278b649552e9655c9&signature=83c0daad6d8e8815470bf18c62ce264020778eee55c6951ff02aeea827437409 HTTP/1.1" 200 - "-" "WordPress/6.8.3; https://impeccablerenovations.com.au"
103.4.122.14 - - [03/Jan/2026:04:52:01 +0800] "GET /wp-admin/admin-ajax.php?action=wordfence_doScan&isFork=1&scanMode=standard&cronKey=1bb217df3523b253ec47d5f42b789485&signature=d9080c906704ad7389ab1020125c94679363b43eaf87771acb7968bf542a4224 HTTP/1.1" 200 - "-" "WordPress/6.8.3; https://impeccablerenovations.com.au"
103.4.122.14 - - [03/Jan/2026:04:52:19 +0800] "GET /wp-admin/admin-ajax.php?action=wordfence_doScan&isFork=1&scanMode=standard&cronKey=b51035fa13652657a145a06f2efcaa1d&signature=cb211711c85df3a9b7a58809f0dad278dd688ee15a5df09497d7256876b4c702 HTTP/1.1" 200 - "-" "WordPress/6.8.3; https://impeccablerenovations.com.au"
103.4.122.14 - - [03/Jan/2026:04:52:39 +0800] "POST /wp-cron.php?doing_wp_cron=1767387159.3110320568084716796875 HTTP/1.1" 200 - "-" "WordPress/6.8.3; https://impeccablerenovations.com.au"
103.4.122.14 - - [03/Jan/2026:04:52:37 +0800] "GET /wp-admin/admin-ajax.php?action=wordfence_doScan&isFork=1&scanMode=standard&cronKey=222f416e5739bab4560408ffd881e43a&signature=e35b765a7e0fcf897acf24ba16cae72f853eae085434e8d08d3fb0f168143896 HTTP/1.1" 200 - "-" "WordPress/6.8.3; https://impeccablerenovations.com.au"
49.13.24.81 - - [03/Jan/2026:04:52:55 +0800] "HEAD / HTTP/1.1" 200 - "https://impeccablerenovations.com.au/" "Mozilla/5.0+(compatible; UptimeRobot/2.0; http://www.uptimerobot.com/)"
103.4.122.14 - - [03/Jan/2026:04:52:55 +0800] "GET /wp-admin/admin-ajax.php?action=wordfence_doScan&isFork=1&scanMode=standard&cronKey=50a75f3385b6f490f6d5952208b86c8e&signature=8db7a99b081d8ee00801dd6479db016c2dbb8a49399f9b5d7de292c3804f2785 HTTP/1.1" 200 - "-" "WordPress/6.8.3; https://impeccablerenovations.com.au"
103.4.122.14 - - [03/Jan/2026:04:53:14 +0800] "GET /wp-admin/admin-ajax.php?action=wordfence_doScan&isFork=1&scanMode=standard&cronKey=858173c66dc1d8b16219e245ce100773&signature=424193387f2bebfbbe863b82765a5bc882d8a32850fd3b3fff8060e5e6e07db7 HTTP/1.1" 200 - "-" "WordPress/6.8.3; https://impeccablerenovations.com.au"
103.4.122.14 - - [03/Jan/2026:04:53:35 +0800] "POST /wp-cron.php?doing_wp_cron=1767387215.6180601119995117187500 HTTP/1.1" 200 - "-" "WordPress/6.8.3; https://impeccablerenovations.com.au"
103.4.122.14 - - [03/Jan/2026:04:53:33 +0800] "GET /wp-admin/admin-ajax.php?action=wordfence_doScan&isFork=1&scanMode=standard&cronKey=fd7c6269a30aa9685f5312935f529fb2&signature=20add32e7fdde64803fbc36838b393770c17c10d0b5ee097bfe98f8eae82874e HTTP/1.1" 200 - "-" "WordPress/6.8.3; https://impeccablerenovations.com.au"
103.4.122.14 - - [03/Jan/2026:04:56:58 +0800] "POST /wp-cron.php?doing_wp_cron=1767387418.4010989665985107421875 HTTP/1.1" 200 - "-" "WordPress/6.8.3; https://impeccablerenovations.com.au"
43.173.172.52 - - [03/Jan/2026:04:56:56 +0800] "GET /project-filter/commercial-fit-outs/ HTTP/1.1" 200 15914 "-" "Mozilla/5.0 (Windows NT 10.0; Win64; x64) AppleWebKit/537.36 (KHTML, like Gecko) Chrome/124.0.0.0 Safari/537.36"
103.4.122.14 - - [03/Jan/2026:04:58:05 +0800] "POST /wp-cron.php?doing_wp_cron=1767387485.3700509071350097656250 HTTP/1.1" 200 - "-" "WordPress/6.8.3; https://impeccablerenovations.com.au"
49.13.134.145 - - [03/Jan/2026:04:58:03 +0800] "HEAD / HTTP/1.1" 200 - "https://impeccablerenovations.com.au/" "Mozilla/5.0+(compatible; UptimeRobot/2.0; http://www.uptimerobot.com/)"
103.4.122.14 - - [03/Jan/2026:04:59:04 +0800] "POST /wp-cron.php?doing_wp_cron=1767387544.4903669357299804687500 HTTP/1.1" 200 - "-" "WordPress/6.8.3; https://impeccablerenovations.com.au"
146.174.175.247 - - [03/Jan/2026:04:59:02 +0800] "GET /services/ HTTP/1.1" 404 62812 "-" "Mozilla/5.0 (Macintosh; Intel Mac OS X 10_6_8) AppleWebKit/535.11 (KHTML, like Gecko) Chrome/17.0.963.66 Safari/535.11"
103.4.122.14 - - [03/Jan/2026:05:03:12 +0800] "POST /wp-cron.php?doing_wp_cron=1767387792.6841700077056884765625 HTTP/1.1" 200 - "-" "WordPress/6.8.3; https://impeccablerenovations.com.au"
3.77.67.4 - - [03/Jan/2026:05:03:10 +0800] "HEAD / HTTP/1.1" 200 - "https://impeccablerenovations.com.au/" "Mozilla/5.0+(compatible; UptimeRobot/2.0; http://www.uptimerobot.com/)"
114.119.155.55 - - [03/Jan/2026:05:03:12 +0800] "GET /project/sydney-eye-clinic HTTP/1.1" 301 - "https://impeccablerenovations.com.au/project/sydney-eye-clinic" "Mozilla/5.0 (Linux; Android 7.0;) AppleWebKit/537.36 (KHTML, like Gecko) Mobile Safari/537.36 (compatible; PetalBot;+https://webmaster.petalsearch.com/site/petalbot)"
114.119.155.55 - - [03/Jan/2026:05:03:14 +0800] "GET /project/sydney-eye-clinic/ HTTP/1.1" 200 15825 "https://impeccablerenovations.com.au/project/sydney-eye-clinic" "Mozilla/5.0 (Linux; Android 7.0;) AppleWebKit/537.36 (KHTML, like Gecko) Mobile Safari/537.36 (compatible; PetalBot;+https://webmaster.petalsearch.com/site/petalbot)"
103.4.122.14 - - [03/Jan/2026:05:08:21 +0800] "POST /wp-cron.php?doing_wp_cron=1767388100.8064179420471191406250 HTTP/1.1" 200 - "-" "WordPress/6.8.3; https://impeccablerenovations.com.au"
167.235.143.113 - - [03/Jan/2026:05:08:19 +0800] "HEAD / HTTP/1.1" 200 - "https://impeccablerenovations.com.au/" "Mozilla/5.0+(compatible; UptimeRobot/2.0; http://www.uptimerobot.com/)"
103.4.122.14 - - [03/Jan/2026:05:13:31 +0800] "POST /wp-cron.php?doing_wp_cron=1767388411.2274699211120605468750 HTTP/1.1" 200 - "-" "WordPress/6.8.3; https://impeccablerenovations.com.au"
168.119.96.239 - - [03/Jan/2026:05:13:29 +0800] "HEAD / HTTP/1.1" 200 - "https://impeccablerenovations.com.au/" "Mozilla/5.0+(compatible; UptimeRobot/2.0; http://www.uptimerobot.com/)"
168.119.53.160 - - [03/Jan/2026:05:18:37 +0800] "HEAD / HTTP/1.1" 200 - "https://impeccablerenovations.com.au/" "Mozilla/5.0+(compatible; UptimeRobot/2.0; http://www.uptimerobot.com/)"
103.4.122.14 - - [03/Jan/2026:05:18:39 +0800] "POST /wp-cron.php?doing_wp_cron=1767388718.9168069362640380859375 HTTP/1.1" 200 - "-" "WordPress/6.8.3; https://impeccablerenovations.com.au"
103.4.122.14 - - [03/Jan/2026:05:23:48 +0800] "POST /wp-cron.php?doing_wp_cron=1767389028.5715858936309814453125 HTTP/1.1" 200 - "-" "WordPress/6.8.3; https://impeccablerenovations.com.au"
49.13.24.81 - - [03/Jan/2026:05:23:46 +0800] "HEAD / HTTP/1.1" 200 - "https://impeccablerenovations.com.au/" "Mozilla/5.0+(compatible; UptimeRobot/2.0; http://www.uptimerobot.com/)"
103.4.122.14 - - [03/Jan/2026:05:28:36 +0800] "POST /wp-cron.php?doing_wp_cron=1767389315.9151110649108886718750 HTTP/1.1" 200 - "-" "WordPress/6.8.3; https://impeccablerenovations.com.au"
216.73.216.99 - - [03/Jan/2026:05:28:34 +0800] "GET /robots.txt HTTP/1.1" 200 124 "-" "Mozilla/5.0 AppleWebKit/537.36 (KHTML, like Gecko; compatible; ClaudeBot/1.0; +claudebot@anthropic.com)"
216.73.216.99 - - [03/Jan/2026:05:28:36 +0800] "GET /sitemap_index.xml HTTP/1.1" 200 346 "-" "Mozilla/5.0 AppleWebKit/537.36 (KHTML, like Gecko; compatible; ClaudeBot/1.0; +claudebot@anthropic.com)"
167.235.143.113 - - [03/Jan/2026:05:28:54 +0800] "HEAD / HTTP/1.1" 200 - "https://impeccablerenovations.com.au/" "Mozilla/5.0+(compatible; UptimeRobot/2.0; http://www.uptimerobot.com/)"
103.4.122.14 - - [03/Jan/2026:05:34:06 +0800] "POST /wp-cron.php?doing_wp_cron=1767389646.0244441032409667968750 HTTP/1.1" 200 - "-" "WordPress/6.8.3; https://impeccablerenovations.com.au"
52.28.162.93 - - [03/Jan/2026:05:34:04 +0800] "HEAD / HTTP/1.1" 200 - "https://impeccablerenovations.com.au/" "Mozilla/5.0+(compatible; UptimeRobot/2.0; http://www.uptimerobot.com/)"
103.4.122.14 - - [03/Jan/2026:05:39:13 +0800] "POST /wp-cron.php?doing_wp_cron=1767389953.7886679172515869140625 HTTP/1.1" 200 - "-" "WordPress/6.8.3; https://impeccablerenovations.com.au"
52.59.43.236 - - [03/Jan/2026:05:39:11 +0800] "HEAD / HTTP/1.1" 200 - "https://impeccablerenovations.com.au/" "Mozilla/5.0+(compatible; UptimeRobot/2.0; http://www.uptimerobot.com/)"
103.4.122.14 - - [03/Jan/2026:05:42:52 +0800] "POST /wp-cron.php?doing_wp_cron=1767390172.2525620460510253906250 HTTP/1.1" 200 - "-" "WordPress/6.8.3; https://impeccablerenovations.com.au"
216.73.216.99 - - [03/Jan/2026:05:42:50 +0800] "GET /sitemap_index.xml HTTP/1.1" 200 346 "-" "Mozilla/5.0 AppleWebKit/537.36 (KHTML, like Gecko; compatible; ClaudeBot/1.0; +claudebot@anthropic.com)"
