103.4.122.14 - - [01/Jan/2026:04:59:35 +0800] "POST /wp-cron.php?doing_wp_cron=1767214774.5910620689392089843750 HTTP/1.1" 200 - "-" "WordPress/6.8.3; https://impeccablerenovations.com.au"
78.46.215.1 - - [01/Jan/2026:04:59:32 +0800] "HEAD / HTTP/1.1" 200 - "https://impeccablerenovations.com.au/" "Mozilla/5.0+(compatible; UptimeRobot/2.0; http://www.uptimerobot.com/)"
103.4.122.14 - - [01/Jan/2026:05:04:43 +0800] "POST /wp-cron.php?doing_wp_cron=1767215083.4827659130096435546875 HTTP/1.1" 200 - "-" "WordPress/6.8.3; https://impeccablerenovations.com.au"
168.119.123.75 - - [01/Jan/2026:05:04:41 +0800] "HEAD / HTTP/1.1" 200 - "https://impeccablerenovations.com.au/" "Mozilla/5.0+(compatible; UptimeRobot/2.0; http://www.uptimerobot.com/)"
103.4.122.14 - - [01/Jan/2026:05:09:51 +0800] "POST /wp-cron.php?doing_wp_cron=1767215391.7292940616607666015625 HTTP/1.1" 200 - "-" "WordPress/6.8.3; https://impeccablerenovations.com.au"
88.99.80.227 - - [01/Jan/2026:05:09:50 +0800] "HEAD / HTTP/1.1" 200 - "https://impeccablerenovations.com.au/" "Mozilla/5.0+(compatible; UptimeRobot/2.0; http://www.uptimerobot.com/)"
103.4.122.14 - - [01/Jan/2026:05:15:00 +0800] "POST /wp-cron.php?doing_wp_cron=1767215700.2209839820861816406250 HTTP/1.1" 200 - "-" "WordPress/6.8.3; https://impeccablerenovations.com.au"
78.46.190.63 - - [01/Jan/2026:05:14:58 +0800] "HEAD / HTTP/1.1" 200 - "https://impeccablerenovations.com.au/" "Mozilla/5.0+(compatible; UptimeRobot/2.0; http://www.uptimerobot.com/)"
103.4.122.14 - - [01/Jan/2026:05:20:07 +0800] "POST /wp-cron.php?doing_wp_cron=1767216007.7174909114837646484375 HTTP/1.1" 200 - "-" "WordPress/6.8.3; https://impeccablerenovations.com.au"
49.13.24.81 - - [01/Jan/2026:05:20:06 +0800] "HEAD / HTTP/1.1" 200 - "https://impeccablerenovations.com.au/" "Mozilla/5.0+(compatible; UptimeRobot/2.0; http://www.uptimerobot.com/)"
103.4.122.14 - - [01/Jan/2026:05:25:16 +0800] "POST /wp-cron.php?doing_wp_cron=1767216315.9836289882659912109375 HTTP/1.1" 200 - "-" "WordPress/6.8.3; https://impeccablerenovations.com.au"
128.140.41.193 - - [01/Jan/2026:05:25:14 +0800] "HEAD / HTTP/1.1" 200 - "https://impeccablerenovations.com.au/" "Mozilla/5.0+(compatible; UptimeRobot/2.0; http://www.uptimerobot.com/)"
103.4.122.14 - - [01/Jan/2026:05:30:23 +0800] "POST /wp-cron.php?doing_wp_cron=1767216623.5751841068267822265625 HTTP/1.1" 200 - "-" "WordPress/6.8.3; https://impeccablerenovations.com.au"
18.193.252.127 - - [01/Jan/2026:05:30:21 +0800] "HEAD / HTTP/1.1" 200 - "https://impeccablerenovations.com.au/" "Mozilla/5.0+(compatible; UptimeRobot/2.0; http://www.uptimerobot.com/)"
103.4.122.14 - - [01/Jan/2026:05:35:33 +0800] "POST /wp-cron.php?doing_wp_cron=1767216933.7689421176910400390625 HTTP/1.1" 200 - "-" "WordPress/6.8.3; https://impeccablerenovations.com.au"
52.28.162.93 - - [01/Jan/2026:05:35:31 +0800] "HEAD / HTTP/1.1" 200 - "https://impeccablerenovations.com.au/" "Mozilla/5.0+(compatible; UptimeRobot/2.0; http://www.uptimerobot.com/)"
103.4.122.14 - - [01/Jan/2026:05:40:42 +0800] "POST /wp-cron.php?doing_wp_cron=1767217242.3063499927520751953125 HTTP/1.1" 200 - "-" "WordPress/6.8.3; https://impeccablerenovations.com.au"
3.79.134.69 - - [01/Jan/2026:05:40:40 +0800] "HEAD / HTTP/1.1" 200 - "https://impeccablerenovations.com.au/" "Mozilla/5.0+(compatible; UptimeRobot/2.0; http://www.uptimerobot.com/)"
103.4.122.14 - - [01/Jan/2026:05:45:52 +0800] "POST /wp-cron.php?doing_wp_cron=1767217552.2402698993682861328125 HTTP/1.1" 200 - "-" "WordPress/6.8.3; https://impeccablerenovations.com.au"
49.13.164.148 - - [01/Jan/2026:05:45:50 +0800] "HEAD / HTTP/1.1" 200 - "https://impeccablerenovations.com.au/" "Mozilla/5.0+(compatible; UptimeRobot/2.0; http://www.uptimerobot.com/)"
103.4.122.14 - - [01/Jan/2026:05:50:59 +0800] "POST /wp-cron.php?doing_wp_cron=1767217859.1384370326995849609375 HTTP/1.1" 200 - "-" "WordPress/6.8.3; https://impeccablerenovations.com.au"
142.132.180.39 - - [01/Jan/2026:05:50:57 +0800] "HEAD / HTTP/1.1" 200 - "https://impeccablerenovations.com.au/" "Mozilla/5.0+(compatible; UptimeRobot/2.0; http://www.uptimerobot.com/)"
103.4.122.14 - - [01/Jan/2026:05:56:06 +0800] "POST /wp-cron.php?doing_wp_cron=1767218166.7726600170135498046875 HTTP/1.1" 200 - "-" "WordPress/6.8.3; https://impeccablerenovations.com.au"
128.140.41.193 - - [01/Jan/2026:05:56:05 +0800] "HEAD / HTTP/1.1" 200 - "https://impeccablerenovations.com.au/" "Mozilla/5.0+(compatible; UptimeRobot/2.0; http://www.uptimerobot.com/)"
103.4.122.14 - - [01/Jan/2026:06:01:15 +0800] "POST /wp-cron.php?doing_wp_cron=1767218475.4870789051055908203125 HTTP/1.1" 200 - "-" "WordPress/6.8.3; https://impeccablerenovations.com.au"
157.90.156.63 - - [01/Jan/2026:06:01:13 +0800] "HEAD / HTTP/1.1" 200 - "https://impeccablerenovations.com.au/" "Mozilla/5.0+(compatible; UptimeRobot/2.0; http://www.uptimerobot.com/)"
103.4.122.14 - - [01/Jan/2026:06:05:16 +0800] "POST /wp-cron.php?doing_wp_cron=1767218716.1933400630950927734375 HTTP/1.1" 200 - "-" "WordPress/6.8.3; https://impeccablerenovations.com.au"
15.235.27.20 - - [01/Jan/2026:06:05:14 +0800] "GET /sitemap_index.xml HTTP/1.1" 200 346 "-" "Mozilla/5.0 (compatible; AhrefsBot/7.0; +http://ahrefs.com/robot/)"
54.39.203.153 - - [01/Jan/2026:06:05:20 +0800] "GET /post-sitemap.xml HTTP/1.1" 200 481 "-" "Mozilla/5.0 (compatible; AhrefsBot/7.0; +http://ahrefs.com/robot/)"
15.235.27.177 - - [01/Jan/2026:06:05:25 +0800] "GET /page-sitemap.xml HTTP/1.1" 200 1154 "-" "Mozilla/5.0 (compatible; AhrefsBot/7.0; +http://ahrefs.com/robot/)"
103.4.122.14 - - [01/Jan/2026:06:05:32 +0800] "POST /wp-cron.php?doing_wp_cron=1767218732.3491868972778320312500 HTTP/1.1" 200 - "-" "WordPress/6.8.3; https://impeccablerenovations.com.au"
142.44.228.68 - - [01/Jan/2026:06:05:31 +0800] "GET /project-sitemap.xml HTTP/1.1" 200 445 "-" "Mozilla/5.0 (compatible; AhrefsBot/7.0; +http://ahrefs.com/robot/)"
148.113.130.134 - - [01/Jan/2026:06:05:36 +0800] "GET /category-sitemap.xml HTTP/1.1" 200 376 "-" "Mozilla/5.0 (compatible; AhrefsBot/7.0; +http://ahrefs.com/robot/)"
157.90.155.240 - - [01/Jan/2026:06:06:21 +0800] "HEAD / HTTP/1.1" 200 - "https://impeccablerenovations.com.au/" "Mozilla/5.0+(compatible; UptimeRobot/2.0; http://www.uptimerobot.com/)"
103.4.122.14 - - [01/Jan/2026:06:11:31 +0800] "POST /wp-cron.php?doing_wp_cron=1767219091.3943319320678710937500 HTTP/1.1" 200 - "-" "WordPress/6.8.3; https://impeccablerenovations.com.au"
52.28.162.93 - - [01/Jan/2026:06:11:29 +0800] "HEAD / HTTP/1.1" 200 - "https://impeccablerenovations.com.au/" "Mozilla/5.0+(compatible; UptimeRobot/2.0; http://www.uptimerobot.com/)"
103.4.122.14 - - [01/Jan/2026:06:13:57 +0800] "POST /wp-cron.php?doing_wp_cron=1767219237.6760299205780029296875 HTTP/1.1" 200 - "-" "WordPress/6.8.3; https://impeccablerenovations.com.au"
199.250.213.243 - - [01/Jan/2026:06:13:56 +0800] "GET /wp-login.php HTTP/1.1" 200 2168 "-" "Mozilla/4.0 (compatible; MSIE 7.0; Windows NT 6.1; WOW64; Trident/7.0; SLCC2; .NET CLR 2.0.50727; .NET CLR 3.5.30729; .NET CLR 3.0.30729; Media Center PC 6.0; .NET4.0C; .NET4.0E; MS-RTC LM 8)"
199.250.213.243 - - [01/Jan/2026:06:14:01 +0800] "POST /wp-login.php HTTP/1.1" 503 18961 "https://impeccablerenovations.com.au/wp-login.php" "Mozilla/4.0 (compatible; MSIE 7.0; Windows NT 6.1; WOW64; Trident/7.0; SLCC2; .NET CLR 2.0.50727; .NET CLR 3.5.30729; .NET CLR 3.0.30729; Media Center PC 6.0; .NET4.0C; .NET4.0E; MS-RTC LM 8)"
103.4.122.14 - - [01/Jan/2026:06:15:18 +0800] "POST /wp-cron.php?doing_wp_cron=1767219317.9953660964965820312500 HTTP/1.1" 200 - "-" "WordPress/6.8.3; https://impeccablerenovations.com.au"
177.226.64.5 - - [01/Jan/2026:06:15:16 +0800] "GET /about-us/ HTTP/1.1" 404 62812 "-" "Mozilla/5.0 (Windows; U; MSIE 9.0; WIndows NT 9.0; en-US))"
103.4.122.14 - - [01/Jan/2026:06:16:40 +0800] "POST /wp-cron.php?doing_wp_cron=1767219399.9945600032806396484375 HTTP/1.1" 200 - "-" "WordPress/6.8.3; https://impeccablerenovations.com.au"
78.47.98.55 - - [01/Jan/2026:06:16:38 +0800] "HEAD / HTTP/1.1" 200 - "https://impeccablerenovations.com.au/" "Mozilla/5.0+(compatible; UptimeRobot/2.0; http://www.uptimerobot.com/)"
216.73.216.99 - - [01/Jan/2026:06:17:26 +0800] "GET /robots.txt HTTP/1.1" 200 124 "-" "Mozilla/5.0 AppleWebKit/537.36 (KHTML, like Gecko; compatible; ClaudeBot/1.0; +claudebot@anthropic.com)"
216.73.216.99 - - [01/Jan/2026:06:17:28 +0800] "GET /sitemap_index.xml HTTP/1.1" 200 346 "-" "Mozilla/5.0 AppleWebKit/537.36 (KHTML, like Gecko; compatible; ClaudeBot/1.0; +claudebot@anthropic.com)"
103.4.122.14 - - [01/Jan/2026:06:21:50 +0800] "POST /wp-cron.php?doing_wp_cron=1767219710.6206300258636474609375 HTTP/1.1" 200 - "-" "WordPress/6.8.3; https://impeccablerenovations.com.au"
49.13.130.29 - - [01/Jan/2026:06:21:48 +0800] "HEAD / HTTP/1.1" 200 - "https://impeccablerenovations.com.au/" "Mozilla/5.0+(compatible; UptimeRobot/2.0; http://www.uptimerobot.com/)"
103.4.122.14 - - [01/Jan/2026:06:26:59 +0800] "POST /wp-cron.php?doing_wp_cron=1767220019.3146369457244873046875 HTTP/1.1" 200 - "-" "WordPress/6.8.3; https://impeccablerenovations.com.au"
78.47.173.76 - - [01/Jan/2026:06:26:57 +0800] "HEAD / HTTP/1.1" 200 - "https://impeccablerenovations.com.au/" "Mozilla/5.0+(compatible; UptimeRobot/2.0; http://www.uptimerobot.com/)"
103.4.122.14 - - [01/Jan/2026:06:32:06 +0800] "POST /wp-cron.php?doing_wp_cron=1767220326.7507801055908203125000 HTTP/1.1" 200 - "-" "WordPress/6.8.3; https://impeccablerenovations.com.au"
3.79.134.69 - - [01/Jan/2026:06:32:05 +0800] "HEAD / HTTP/1.1" 200 - "https://impeccablerenovations.com.au/" "Mozilla/5.0+(compatible; UptimeRobot/2.0; http://www.uptimerobot.com/)"
103.4.122.14 - - [01/Jan/2026:06:37:14 +0800] "POST /wp-cron.php?doing_wp_cron=1767220634.6331648826599121093750 HTTP/1.1" 200 - "-" "WordPress/6.8.3; https://impeccablerenovations.com.au"
18.193.252.127 - - [01/Jan/2026:06:37:12 +0800] "HEAD / HTTP/1.1" 200 - "https://impeccablerenovations.com.au/" "Mozilla/5.0+(compatible; UptimeRobot/2.0; http://www.uptimerobot.com/)"
103.4.122.14 - - [01/Jan/2026:06:38:22 +0800] "POST /wp-cron.php?doing_wp_cron=1767220702.2075440883636474609375 HTTP/1.1" 200 - "-" "WordPress/6.8.3; https://impeccablerenovations.com.au"
122.182.131.132 - - [01/Jan/2026:06:38:19 +0800] "GET / HTTP/1.1" 301 - "-" "Mozilla/5.0 (Windows NT 10.0; Win64; x64) AppleWebKit/537.36 (KHTML, like Gecko) Chrome/121.0.0.0 Safari/537.36"
122.182.131.132 - - [01/Jan/2026:06:38:24 +0800] "GET / HTTP/1.1" 200 22199 "-" "Mozilla/5.0 (Windows NT 10.0; Win64; x64) AppleWebKit/537.36 (KHTML, like Gecko) Chrome/121.0.0.0 Safari/537.36"
103.4.122.14 - - [01/Jan/2026:06:42:21 +0800] "POST /wp-cron.php?doing_wp_cron=1767220941.5976150035858154296875 HTTP/1.1" 200 - "-" "WordPress/6.8.3; https://impeccablerenovations.com.au"
157.90.156.63 - - [01/Jan/2026:06:42:19 +0800] "HEAD / HTTP/1.1" 200 - "https://impeccablerenovations.com.au/" "Mozilla/5.0+(compatible; UptimeRobot/2.0; http://www.uptimerobot.com/)"
103.4.122.14 - - [01/Jan/2026:06:46:07 +0800] "POST /wp-cron.php?doing_wp_cron=1767221167.4519839286804199218750 HTTP/1.1" 200 - "-" "WordPress/6.8.3; https://impeccablerenovations.com.au"
51.222.168.99 - - [01/Jan/2026:06:46:05 +0800] "GET /project/home/ HTTP/1.1" 200 15872 "-" "Mozilla/5.0 (compatible; AhrefsBot/7.0; +http://ahrefs.com/robot/)"
103.4.122.14 - - [01/Jan/2026:06:46:33 +0800] "POST /wp-cron.php?doing_wp_cron=1767221193.1445219516754150390625 HTTP/1.1" 200 - "-" "WordPress/6.8.3; https://impeccablerenovations.com.au"
216.73.216.99 - - [01/Jan/2026:06:46:31 +0800] "GET /sitemap_index.xml HTTP/1.1" 200 346 "-" "Mozilla/5.0 AppleWebKit/537.36 (KHTML, like Gecko; compatible; ClaudeBot/1.0; +claudebot@anthropic.com)"
15.235.27.245 - - [01/Jan/2026:06:46:41 +0800] "GET /wp-content/uploads/2022/03/main-1024x722.jpg HTTP/1.1" 200 178636 "-" "Mozilla/5.0 (compatible; AhrefsBot/7.0; +http://ahrefs.com/robot/)"
103.4.122.14 - - [01/Jan/2026:06:47:34 +0800] "POST /wp-cron.php?doing_wp_cron=1767221254.3666250705718994140625 HTTP/1.1" 200 - "-" "WordPress/6.8.3; https://impeccablerenovations.com.au"
78.46.215.1 - - [01/Jan/2026:06:47:32 +0800] "HEAD / HTTP/1.1" 200 - "https://impeccablerenovations.com.au/" "Mozilla/5.0+(compatible; UptimeRobot/2.0; http://www.uptimerobot.com/)"
103.4.122.14 - - [01/Jan/2026:06:52:42 +0800] "POST /wp-cron.php?doing_wp_cron=1767221562.3444030284881591796875 HTTP/1.1" 200 - "-" "WordPress/6.8.3; https://impeccablerenovations.com.au"
78.47.98.55 - - [01/Jan/2026:06:52:40 +0800] "HEAD / HTTP/1.1" 200 - "https://impeccablerenovations.com.au/" "Mozilla/5.0+(compatible; UptimeRobot/2.0; http://www.uptimerobot.com/)"
51.68.111.239 - - [01/Jan/2026:06:52:50 +0800] "GET /robots.txt HTTP/1.1" 200 124 "-" "Mozilla/5.0 (compatible; MJ12bot/v2.0.4; http://mj12bot.com/)"
51.68.111.239 - - [01/Jan/2026:06:52:51 +0800] "GET / HTTP/1.1" 200 22199 "-" "Mozilla/5.0 (compatible; MJ12bot/v2.0.4; http://mj12bot.com/)"
103.4.122.14 - - [01/Jan/2026:06:57:50 +0800] "POST /wp-cron.php?doing_wp_cron=1767221870.7107949256896972656250 HTTP/1.1" 200 - "-" "WordPress/6.8.3; https://impeccablerenovations.com.au"
49.13.130.29 - - [01/Jan/2026:06:57:48 +0800] "HEAD / HTTP/1.1" 200 - "https://impeccablerenovations.com.au/" "Mozilla/5.0+(compatible; UptimeRobot/2.0; http://www.uptimerobot.com/)"
103.4.122.14 - - [01/Jan/2026:07:02:59 +0800] "POST /wp-cron.php?doing_wp_cron=1767222178.9701340198516845703125 HTTP/1.1" 200 - "-" "WordPress/6.8.3; https://impeccablerenovations.com.au"
157.90.155.240 - - [01/Jan/2026:07:02:57 +0800] "HEAD / HTTP/1.1" 200 - "https://impeccablerenovations.com.au/" "Mozilla/5.0+(compatible; UptimeRobot/2.0; http://www.uptimerobot.com/)"
103.4.122.14 - - [01/Jan/2026:07:08:06 +0800] "POST /wp-cron.php?doing_wp_cron=1767222486.6379830837249755859375 HTTP/1.1" 200 - "-" "WordPress/6.8.3; https://impeccablerenovations.com.au"
168.119.96.239 - - [01/Jan/2026:07:08:05 +0800] "HEAD / HTTP/1.1" 200 - "https://impeccablerenovations.com.au/" "Mozilla/5.0+(compatible; UptimeRobot/2.0; http://www.uptimerobot.com/)"
170.106.167.214 - - [01/Jan/2026:07:12:56 +0800] "GET / HTTP/1.1" 403 199 "-" "Mozilla/5.0 (iPhone; CPU iPhone OS 13_2_3 like Mac OS X) AppleWebKit/605.1.15 (KHTML, like Gecko) Version/13.0.3 Mobile/15E148 Safari/604.1"
103.4.122.14 - - [01/Jan/2026:07:13:15 +0800] "POST /wp-cron.php?doing_wp_cron=1767222795.1512489318847656250000 HTTP/1.1" 200 - "-" "WordPress/6.8.3; https://impeccablerenovations.com.au"
3.79.134.69 - - [01/Jan/2026:07:13:13 +0800] "HEAD / HTTP/1.1" 200 - "https://impeccablerenovations.com.au/" "Mozilla/5.0+(compatible; UptimeRobot/2.0; http://www.uptimerobot.com/)"
103.4.122.14 - - [01/Jan/2026:07:15:18 +0800] "POST /wp-cron.php?doing_wp_cron=1767222918.2348530292510986328125 HTTP/1.1" 200 - "-" "WordPress/6.8.3; https://impeccablerenovations.com.au"
107.180.116.112 - - [01/Jan/2026:07:15:15 +0800] "POST /xmlrpc.php HTTP/1.1" 503 18961 "-" "Mozilla/4.0 (compatible; MSIE 7.0; Windows NT 6.1; Trident/7.0; SLCC2; .NET CLR 2.0.50727; .NET CLR 3.5.30729; .NET CLR 3.0.30729; .NET4.0C; .NET4.0E; Tablet PC 2.0; Creative AutoUpdate v1.40.01)"
107.180.116.112 - - [01/Jan/2026:07:15:21 +0800] "POST /xmlrpc.php HTTP/1.1" 503 18048 "-" "Mozilla/4.0 (compatible; MSIE 7.0; Windows NT 6.1; Trident/7.0; SLCC2; .NET CLR 2.0.50727; .NET CLR 3.5.30729; .NET CLR 3.0.30729; .NET4.0C; .NET4.0E; Tablet PC 2.0; Creative AutoUpdate v1.40.01)"
107.180.116.112 - - [01/Jan/2026:07:15:24 +0800] "POST /xmlrpc.php HTTP/1.1" 503 18048 "-" "Mozilla/4.0 (compatible; MSIE 7.0; Windows NT 6.1; Trident/7.0; SLCC2; .NET CLR 2.0.50727; .NET CLR 3.5.30729; .NET CLR 3.0.30729; .NET4.0C; .NET4.0E; Tablet PC 2.0; Creative AutoUpdate v1.40.01)"
103.4.122.14 - - [01/Jan/2026:07:18:22 +0800] "POST /?wordfence_syncAttackData=1767223101.8812 HTTP/1.1" 200 - "-" "WordPress/6.8.3; https://impeccablerenovations.com.au"
103.4.122.14 - - [01/Jan/2026:07:18:23 +0800] "POST /wp-cron.php?doing_wp_cron=1767223103.2883388996124267578125 HTTP/1.1" 200 - "-" "WordPress/6.8.3; https://impeccablerenovations.com.au"
18.193.252.127 - - [01/Jan/2026:07:18:20 +0800] "HEAD / HTTP/1.1" 200 - "https://impeccablerenovations.com.au/" "Mozilla/5.0+(compatible; UptimeRobot/2.0; http://www.uptimerobot.com/)"
103.4.122.14 - - [01/Jan/2026:07:23:29 +0800] "POST /wp-cron.php?doing_wp_cron=1767223409.4915030002593994140625 HTTP/1.1" 200 - "-" "WordPress/6.8.3; https://impeccablerenovations.com.au"
49.13.130.29 - - [01/Jan/2026:07:23:27 +0800] "HEAD / HTTP/1.1" 200 - "https://impeccablerenovations.com.au/" "Mozilla/5.0+(compatible; UptimeRobot/2.0; http://www.uptimerobot.com/)"
103.4.122.14 - - [01/Jan/2026:07:26:24 +0800] "POST /wp-cron.php?doing_wp_cron=1767223584.3418450355529785156250 HTTP/1.1" 200 - "-" "WordPress/6.8.3; https://impeccablerenovations.com.au"
92.222.108.105 - - [01/Jan/2026:07:26:22 +0800] "GET /robots.txt HTTP/1.1" 200 124 "-" "Mozilla/5.0 (compatible; AhrefsBot/7.0; +http://ahrefs.com/robot/)"
54.39.6.68 - - [01/Jan/2026:07:26:28 +0800] "GET / HTTP/1.1" 200 22199 "-" "Mozilla/5.0 (compatible; AhrefsBot/7.0; +http://ahrefs.com/robot/)"
103.4.122.14 - - [01/Jan/2026:07:28:47 +0800] "POST /wp-cron.php?doing_wp_cron=1767223727.9252998828887939453125 HTTP/1.1" 200 - "-" "WordPress/6.8.3; https://impeccablerenovations.com.au"
128.140.41.193 - - [01/Jan/2026:07:28:36 +0800] "HEAD / HTTP/1.1" 200 - "https://impeccablerenovations.com.au/" "Mozilla/5.0+(compatible; UptimeRobot/2.0; http://www.uptimerobot.com/)"
103.4.122.14 - - [01/Jan/2026:07:33:55 +0800] "POST /wp-cron.php?doing_wp_cron=1767224035.2161109447479248046875 HTTP/1.1" 200 - "-" "WordPress/6.8.3; https://impeccablerenovations.com.au"
78.46.215.1 - - [01/Jan/2026:07:33:53 +0800] "HEAD / HTTP/1.1" 200 - "https://impeccablerenovations.com.au/" "Mozilla/5.0+(compatible; UptimeRobot/2.0; http://www.uptimerobot.com/)"
103.4.122.14 - - [01/Jan/2026:07:39:02 +0800] "POST /wp-cron.php?doing_wp_cron=1767224342.7540268898010253906250 HTTP/1.1" 200 - "-" "WordPress/6.8.3; https://impeccablerenovations.com.au"
63.178.84.147 - - [01/Jan/2026:07:39:01 +0800] "HEAD / HTTP/1.1" 200 - "https://impeccablerenovations.com.au/" "Mozilla/5.0+(compatible; UptimeRobot/2.0; http://www.uptimerobot.com/)"
103.4.122.14 - - [01/Jan/2026:07:44:11 +0800] "POST /wp-cron.php?doing_wp_cron=1767224651.2761840820312500000000 HTTP/1.1" 200 - "-" "WordPress/6.8.3; https://impeccablerenovations.com.au"
128.140.41.193 - - [01/Jan/2026:07:44:09 +0800] "HEAD / HTTP/1.1" 200 - "https://impeccablerenovations.com.au/" "Mozilla/5.0+(compatible; UptimeRobot/2.0; http://www.uptimerobot.com/)"
170.106.148.137 - - [01/Jan/2026:07:46:50 +0800] "GET / HTTP/1.1" 403 199 "-" "Mozilla/5.0 (iPhone; CPU iPhone OS 13_2_3 like Mac OS X) AppleWebKit/605.1.15 (KHTML, like Gecko) Version/13.0.3 Mobile/15E148 Safari/604.1"
103.4.122.14 - - [01/Jan/2026:07:49:18 +0800] "POST /wp-cron.php?doing_wp_cron=1767224958.5659229755401611328125 HTTP/1.1" 200 - "-" "WordPress/6.8.3; https://impeccablerenovations.com.au"
63.178.84.147 - - [01/Jan/2026:07:49:16 +0800] "HEAD / HTTP/1.1" 200 - "https://impeccablerenovations.com.au/" "Mozilla/5.0+(compatible; UptimeRobot/2.0; http://www.uptimerobot.com/)"
103.4.122.14 - - [01/Jan/2026:07:54:26 +0800] "POST /wp-cron.php?doing_wp_cron=1767225266.5998659133911132812500 HTTP/1.1" 200 - "-" "WordPress/6.8.3; https://impeccablerenovations.com.au"
49.13.167.123 - - [01/Jan/2026:07:54:24 +0800] "HEAD / HTTP/1.1" 200 - "https://impeccablerenovations.com.au/" "Mozilla/5.0+(compatible; UptimeRobot/2.0; http://www.uptimerobot.com/)"
103.4.122.14 - - [01/Jan/2026:07:59:34 +0800] "POST /wp-cron.php?doing_wp_cron=1767225574.2869060039520263671875 HTTP/1.1" 200 - "-" "WordPress/6.8.3; https://impeccablerenovations.com.au"
159.69.158.189 - - [01/Jan/2026:07:59:32 +0800] "HEAD / HTTP/1.1" 200 - "https://impeccablerenovations.com.au/" "Mozilla/5.0+(compatible; UptimeRobot/2.0; http://www.uptimerobot.com/)"
103.4.122.14 - - [01/Jan/2026:08:02:29 +0800] "POST /wp-cron.php?doing_wp_cron=1767225749.5597770214080810546875 HTTP/1.1" 200 - "-" "WordPress/6.8.3; https://impeccablerenovations.com.au"
51.222.168.113 - - [01/Jan/2026:08:02:27 +0800] "GET /sitemap_index.xml HTTP/1.1" 200 346 "-" "Mozilla/5.0 (compatible; AhrefsBot/7.0; +http://ahrefs.com/robot/)"
103.4.122.14 - - [01/Jan/2026:08:02:35 +0800] "POST /wp-cron.php?doing_wp_cron=1767225755.1739780902862548828125 HTTP/1.1" 200 - "-" "WordPress/6.8.3; https://impeccablerenovations.com.au"
142.44.233.62 - - [01/Jan/2026:08:02:34 +0800] "GET /post-sitemap.xml HTTP/1.1" 200 481 "-" "Mozilla/5.0 (compatible; AhrefsBot/7.0; +http://ahrefs.com/robot/)"
15.235.98.6 - - [01/Jan/2026:08:02:39 +0800] "GET /page-sitemap.xml HTTP/1.1" 200 1154 "-" "Mozilla/5.0 (compatible; AhrefsBot/7.0; +http://ahrefs.com/robot/)"
51.222.168.119 - - [01/Jan/2026:08:02:44 +0800] "GET /project-sitemap.xml HTTP/1.1" 200 445 "-" "Mozilla/5.0 (compatible; AhrefsBot/7.0; +http://ahrefs.com/robot/)"
148.113.130.111 - - [01/Jan/2026:08:02:49 +0800] "GET /category-sitemap.xml HTTP/1.1" 200 376 "-" "Mozilla/5.0 (compatible; AhrefsBot/7.0; +http://ahrefs.com/robot/)"
103.4.122.14 - - [01/Jan/2026:08:04:44 +0800] "POST /wp-cron.php?doing_wp_cron=1767225883.8494000434875488281250 HTTP/1.1" 200 - "-" "WordPress/6.8.3; https://impeccablerenovations.com.au"
49.13.164.148 - - [01/Jan/2026:08:04:42 +0800] "HEAD / HTTP/1.1" 200 - "https://impeccablerenovations.com.au/" "Mozilla/5.0+(compatible; UptimeRobot/2.0; http://www.uptimerobot.com/)"
103.4.122.14 - - [01/Jan/2026:08:09:51 +0800] "POST /wp-cron.php?doing_wp_cron=1767226191.4877688884735107421875 HTTP/1.1" 200 - "-" "WordPress/6.8.3; https://impeccablerenovations.com.au"
49.13.24.81 - - [01/Jan/2026:08:09:49 +0800] "HEAD / HTTP/1.1" 200 - "https://impeccablerenovations.com.au/" "Mozilla/5.0+(compatible; UptimeRobot/2.0; http://www.uptimerobot.com/)"
103.4.122.14 - - [01/Jan/2026:08:14:59 +0800] "POST /wp-cron.php?doing_wp_cron=1767226499.7085020542144775390625 HTTP/1.1" 200 - "-" "WordPress/6.8.3; https://impeccablerenovations.com.au"
18.193.252.127 - - [01/Jan/2026:08:14:58 +0800] "HEAD / HTTP/1.1" 200 - "https://impeccablerenovations.com.au/" "Mozilla/5.0+(compatible; UptimeRobot/2.0; http://www.uptimerobot.com/)"
103.4.122.14 - - [01/Jan/2026:08:16:37 +0800] "POST /wp-cron.php?doing_wp_cron=1767226596.9922270774841308593750 HTTP/1.1" 200 - "-" "WordPress/6.8.3; https://impeccablerenovations.com.au"
216.73.216.99 - - [01/Jan/2026:08:16:35 +0800] "GET /robots.txt HTTP/1.1" 200 124 "-" "Mozilla/5.0 AppleWebKit/537.36 (KHTML, like Gecko; compatible; ClaudeBot/1.0; +claudebot@anthropic.com)"
216.73.216.99 - - [01/Jan/2026:08:16:37 +0800] "GET /sitemap_index.xml HTTP/1.1" 200 346 "-" "Mozilla/5.0 AppleWebKit/537.36 (KHTML, like Gecko; compatible; ClaudeBot/1.0; +claudebot@anthropic.com)"
77.90.33.70 - - [01/Jan/2026:08:17:26 +0800] "GET / HTTP/1.0" 301 - "http://impeccablerenovations.com.au/" "Mozilla/5.0 (Windows NT 6.3; Win64; x64) AppleWebKit/537.36 (KHTML, like Gecko) Chrome/103.0.5060.66 Safari/537.36"
77.90.33.70 - - [01/Jan/2026:08:17:29 +0800] "GET / HTTP/1.0" 200 108894 "https://impeccablerenovations.com.au/" "Mozilla/5.0 (Windows NT 6.3; Win64; x64) AppleWebKit/537.36 (KHTML, like Gecko) Chrome/103.0.5060.66 Safari/537.36"
103.4.122.14 - - [01/Jan/2026:08:17:34 +0800] "POST /wp-cron.php?doing_wp_cron=1767226654.2080769538879394531250 HTTP/1.1" 200 - "-" "WordPress/6.8.3; https://impeccablerenovations.com.au"
77.90.33.70 - - [01/Jan/2026:08:17:33 +0800] "GET /commercial-fitouts/ HTTP/1.0" 200 98266 "https://impeccablerenovations.com.au/commercial-fitouts/" "Mozilla/5.0 (Windows NT 6.3; Win64; x64) AppleWebKit/537.36 (KHTML, like Gecko) Chrome/103.0.5060.66 Safari/537.36"
103.4.122.14 - - [01/Jan/2026:08:20:08 +0800] "POST /wp-cron.php?doing_wp_cron=1767226808.3510699272155761718750 HTTP/1.1" 200 - "-" "WordPress/6.8.3; https://impeccablerenovations.com.au"
49.13.134.145 - - [01/Jan/2026:08:20:06 +0800] "HEAD / HTTP/1.1" 200 - "https://impeccablerenovations.com.au/" "Mozilla/5.0+(compatible; UptimeRobot/2.0; http://www.uptimerobot.com/)"
103.4.122.14 - - [01/Jan/2026:08:25:15 +0800] "POST /wp-cron.php?doing_wp_cron=1767227114.9526939392089843750000 HTTP/1.1" 200 - "-" "WordPress/6.8.3; https://impeccablerenovations.com.au"
52.59.43.236 - - [01/Jan/2026:08:25:13 +0800] "HEAD / HTTP/1.1" 200 - "https://impeccablerenovations.com.au/" "Mozilla/5.0+(compatible; UptimeRobot/2.0; http://www.uptimerobot.com/)"
103.4.122.14 - - [01/Jan/2026:08:30:23 +0800] "POST /wp-cron.php?doing_wp_cron=1767227422.8913989067077636718750 HTTP/1.1" 200 - "-" "WordPress/6.8.3; https://impeccablerenovations.com.au"
159.69.158.189 - - [01/Jan/2026:08:30:21 +0800] "HEAD / HTTP/1.1" 200 - "https://impeccablerenovations.com.au/" "Mozilla/5.0+(compatible; UptimeRobot/2.0; http://www.uptimerobot.com/)"
103.4.122.14 - - [01/Jan/2026:08:35:31 +0800] "POST /wp-cron.php?doing_wp_cron=1767227731.2852070331573486328125 HTTP/1.1" 200 - "-" "WordPress/6.8.3; https://impeccablerenovations.com.au"
168.119.53.160 - - [01/Jan/2026:08:35:29 +0800] "HEAD / HTTP/1.1" 200 - "https://impeccablerenovations.com.au/" "Mozilla/5.0+(compatible; UptimeRobot/2.0; http://www.uptimerobot.com/)"
103.4.122.14 - - [01/Jan/2026:08:37:01 +0800] "POST /wp-cron.php?doing_wp_cron=1767227821.5639569759368896484375 HTTP/1.1" 200 - "-" "WordPress/6.8.3; https://impeccablerenovations.com.au"
100.25.198.201 - - [01/Jan/2026:08:36:59 +0800] "GET / HTTP/1.1" 301 - "-" "Mozilla/5.0 (Windows NT 6.3; Win64; x64) AppleWebKit/537.36 (KHTML, like Gecko) HeadlessChrome/77.0.3865.120 Safari/537.36"
100.25.198.201 - - [01/Jan/2026:08:37:02 +0800] "GET / HTTP/1.1" 200 22198 "-" "Mozilla/5.0 (Windows NT 6.3; Win64; x64) AppleWebKit/537.36 (KHTML, like Gecko) HeadlessChrome/77.0.3865.120 Safari/537.36"
103.4.122.14 - - [01/Jan/2026:08:40:42 +0800] "POST /wp-cron.php?doing_wp_cron=1767228042.2752330303192138671875 HTTP/1.1" 200 - "-" "WordPress/6.8.3; https://impeccablerenovations.com.au"
52.28.162.93 - - [01/Jan/2026:08:40:39 +0800] "HEAD / HTTP/1.1" 200 - "https://impeccablerenovations.com.au/" "Mozilla/5.0+(compatible; UptimeRobot/2.0; http://www.uptimerobot.com/)"
103.4.122.14 - - [01/Jan/2026:08:45:49 +0800] "POST /wp-cron.php?doing_wp_cron=1767228349.2667438983917236328125 HTTP/1.1" 200 - "-" "WordPress/6.8.3; https://impeccablerenovations.com.au"
168.119.53.160 - - [01/Jan/2026:08:45:47 +0800] "HEAD / HTTP/1.1" 200 - "https://impeccablerenovations.com.au/" "Mozilla/5.0+(compatible; UptimeRobot/2.0; http://www.uptimerobot.com/)"
103.4.122.14 - - [01/Jan/2026:08:50:57 +0800] "POST /wp-cron.php?doing_wp_cron=1767228656.8295300006866455078125 HTTP/1.1" 200 - "-" "WordPress/6.8.3; https://impeccablerenovations.com.au"
168.119.123.75 - - [01/Jan/2026:08:50:55 +0800] "HEAD / HTTP/1.1" 200 - "https://impeccablerenovations.com.au/" "Mozilla/5.0+(compatible; UptimeRobot/2.0; http://www.uptimerobot.com/)"
103.4.122.14 - - [01/Jan/2026:08:56:07 +0800] "POST /wp-cron.php?doing_wp_cron=1767228967.5355329513549804687500 HTTP/1.1" 200 - "-" "WordPress/6.8.3; https://impeccablerenovations.com.au"
49.13.164.148 - - [01/Jan/2026:08:56:05 +0800] "HEAD / HTTP/1.1" 200 - "https://impeccablerenovations.com.au/" "Mozilla/5.0+(compatible; UptimeRobot/2.0; http://www.uptimerobot.com/)"
103.4.122.14 - - [01/Jan/2026:09:01:16 +0800] "POST /wp-cron.php?doing_wp_cron=1767229276.5587840080261230468750 HTTP/1.1" 200 - "-" "WordPress/6.8.3; https://impeccablerenovations.com.au"
157.90.155.240 - - [01/Jan/2026:09:01:14 +0800] "HEAD / HTTP/1.1" 200 - "https://impeccablerenovations.com.au/" "Mozilla/5.0+(compatible; UptimeRobot/2.0; http://www.uptimerobot.com/)"
103.4.122.14 - - [01/Jan/2026:09:04:03 +0800] "POST /wp-cron.php?doing_wp_cron=1767229443.2271420955657958984375 HTTP/1.1" 200 - "-" "WordPress/6.8.3; https://impeccablerenovations.com.au"
136.144.33.230 - - [01/Jan/2026:09:04:00 +0800] "GET /wp-content/plugins/hellopress/wp_filemanager.php HTTP/1.1" 404 62820 "-" "-"
136.144.33.230 - - [01/Jan/2026:09:04:04 +0800] "GET /wp-2019.php HTTP/1.1" 404 62780 "-" "-"
136.144.33.230 - - [01/Jan/2026:09:04:08 +0800] "GET /atomlib.php HTTP/1.1" 404 62780 "-" "-"
136.144.33.230 - - [01/Jan/2026:09:04:12 +0800] "GET /css.php HTTP/1.1" 404 62776 "-" "-"
136.144.33.230 - - [01/Jan/2026:09:04:18 +0800] "GET /log.php HTTP/1.1" 404 62776 "-" "-"
103.4.122.14 - - [01/Jan/2026:09:06:25 +0800] "POST /wp-cron.php?doing_wp_cron=1767229584.8191900253295898437500 HTTP/1.1" 200 - "-" "WordPress/6.8.3; https://impeccablerenovations.com.au"
3.79.134.69 - - [01/Jan/2026:09:06:23 +0800] "HEAD / HTTP/1.1" 200 - "https://impeccablerenovations.com.au/" "Mozilla/5.0+(compatible; UptimeRobot/2.0; http://www.uptimerobot.com/)"
103.4.122.14 - - [01/Jan/2026:09:11:33 +0800] "POST /wp-cron.php?doing_wp_cron=1767229893.6967658996582031250000 HTTP/1.1" 200 - "-" "WordPress/6.8.3; https://impeccablerenovations.com.au"
52.59.43.236 - - [01/Jan/2026:09:11:31 +0800] "HEAD / HTTP/1.1" 200 - "https://impeccablerenovations.com.au/" "Mozilla/5.0+(compatible; UptimeRobot/2.0; http://www.uptimerobot.com/)"
103.4.122.14 - - [01/Jan/2026:09:16:42 +0800] "POST /wp-cron.php?doing_wp_cron=1767230202.2138609886169433593750 HTTP/1.1" 200 - "-" "WordPress/6.8.3; https://impeccablerenovations.com.au"
52.28.162.93 - - [01/Jan/2026:09:16:40 +0800] "HEAD / HTTP/1.1" 200 - "https://impeccablerenovations.com.au/" "Mozilla/5.0+(compatible; UptimeRobot/2.0; http://www.uptimerobot.com/)"
103.4.122.14 - - [01/Jan/2026:09:21:51 +0800] "POST /wp-cron.php?doing_wp_cron=1767230511.2887880802154541015625 HTTP/1.1" 200 - "-" "WordPress/6.8.3; https://impeccablerenovations.com.au"
168.119.96.239 - - [01/Jan/2026:09:21:48 +0800] "HEAD / HTTP/1.1" 200 - "https://impeccablerenovations.com.au/" "Mozilla/5.0+(compatible; UptimeRobot/2.0; http://www.uptimerobot.com/)"
103.4.122.14 - - [01/Jan/2026:09:26:59 +0800] "POST /wp-cron.php?doing_wp_cron=1767230819.0070250034332275390625 HTTP/1.1" 200 - "-" "WordPress/6.8.3; https://impeccablerenovations.com.au"
142.132.180.39 - - [01/Jan/2026:09:26:57 +0800] "HEAD / HTTP/1.1" 200 - "https://impeccablerenovations.com.au/" "Mozilla/5.0+(compatible; UptimeRobot/2.0; http://www.uptimerobot.com/)"
103.4.122.14 - - [01/Jan/2026:09:32:07 +0800] "POST /wp-cron.php?doing_wp_cron=1767231126.9105260372161865234375 HTTP/1.1" 200 - "-" "WordPress/6.8.3; https://impeccablerenovations.com.au"
128.140.41.193 - - [01/Jan/2026:09:32:05 +0800] "HEAD / HTTP/1.1" 200 - "https://impeccablerenovations.com.au/" "Mozilla/5.0+(compatible; UptimeRobot/2.0; http://www.uptimerobot.com/)"
103.4.122.14 - - [01/Jan/2026:09:33:27 +0800] "POST /wp-cron.php?doing_wp_cron=1767231206.9278829097747802734375 HTTP/1.1" 200 - "-" "WordPress/6.8.3; https://impeccablerenovations.com.au"
114.119.139.220 - - [01/Jan/2026:09:33:25 +0800] "GET /home-renovations HTTP/1.1" 301 - "https://impeccablerenovations.com.au/project/hospitality-store" "Mozilla/5.0 (Linux; Android 7.0;) AppleWebKit/537.36 (KHTML, like Gecko) Mobile Safari/537.36 (compatible; PetalBot;+https://webmaster.petalsearch.com/site/petalbot)"
114.119.139.220 - - [01/Jan/2026:09:33:28 +0800] "GET /home-renovations/ HTTP/1.1" 200 20009 "https://impeccablerenovations.com.au/project/hospitality-store" "Mozilla/5.0 (Linux; Android 7.0;) AppleWebKit/537.36 (KHTML, like Gecko) Mobile Safari/537.36 (compatible; PetalBot;+https://webmaster.petalsearch.com/site/petalbot)"
103.4.122.14 - - [01/Jan/2026:09:35:03 +0800] "POST /wp-cron.php?doing_wp_cron=1767231303.5026149749755859375000 HTTP/1.1" 200 - "-" "WordPress/6.8.3; https://impeccablerenovations.com.au"
173.252.87.7 - - [01/Jan/2026:09:35:01 +0800] "GET /robots.txt HTTP/1.1" 200 132 "-" "facebookexternalhit/1.1 (+http://www.facebook.com/externalhit_uatext.php)"
173.252.87.58 - - [01/Jan/2026:09:35:03 +0800] "GET /robots.txt HTTP/1.1" 200 132 "-" "facebookexternalhit/1.1 (+http://www.facebook.com/externalhit_uatext.php)"
57.141.14.38 - - [01/Jan/2026:09:35:06 +0800] "GET /\xe0\xb8\x9a\xe0\xb8\xb2\xe0\xb8\x84\xe0\xb8\xb2\xe0\xb8\xa3\xe0\xb9\x88\xe0\xb8\xb21688.aspx HTTP/1.1" 404 62855 "-" "meta-externalagent/1.1 (+https://developers.facebook.com/docs/sharing/webmasters/crawler)"
103.4.122.14 - - [01/Jan/2026:09:37:14 +0800] "POST /wp-cron.php?doing_wp_cron=1767231434.3901240825653076171875 HTTP/1.1" 200 - "-" "WordPress/6.8.3; https://impeccablerenovations.com.au"
49.13.167.123 - - [01/Jan/2026:09:37:12 +0800] "HEAD / HTTP/1.1" 200 - "https://impeccablerenovations.com.au/" "Mozilla/5.0+(compatible; UptimeRobot/2.0; http://www.uptimerobot.com/)"
103.4.122.14 - - [01/Jan/2026:09:42:23 +0800] "POST /wp-cron.php?doing_wp_cron=1767231742.9610159397125244140625 HTTP/1.1" 200 - "-" "WordPress/6.8.3; https://impeccablerenovations.com.au"
52.28.162.93 - - [01/Jan/2026:09:42:21 +0800] "HEAD / HTTP/1.1" 200 - "https://impeccablerenovations.com.au/" "Mozilla/5.0+(compatible; UptimeRobot/2.0; http://www.uptimerobot.com/)"
103.4.122.14 - - [01/Jan/2026:09:47:32 +0800] "POST /wp-cron.php?doing_wp_cron=1767232051.9790160655975341796875 HTTP/1.1" 200 - "-" "WordPress/6.8.3; https://impeccablerenovations.com.au"
128.140.41.193 - - [01/Jan/2026:09:47:30 +0800] "HEAD / HTTP/1.1" 200 - "https://impeccablerenovations.com.au/" "Mozilla/5.0+(compatible; UptimeRobot/2.0; http://www.uptimerobot.com/)"
103.4.122.14 - - [01/Jan/2026:09:52:40 +0800] "POST /wp-cron.php?doing_wp_cron=1767232360.6678020954132080078125 HTTP/1.1" 200 - "-" "WordPress/6.8.3; https://impeccablerenovations.com.au"
159.69.158.189 - - [01/Jan/2026:09:52:39 +0800] "HEAD / HTTP/1.1" 200 - "https://impeccablerenovations.com.au/" "Mozilla/5.0+(compatible; UptimeRobot/2.0; http://www.uptimerobot.com/)"
103.4.122.14 - - [01/Jan/2026:09:54:25 +0800] "POST /wp-cron.php?doing_wp_cron=1767232465.7802588939666748046875 HTTP/1.1" 200 - "-" "WordPress/6.8.3; https://impeccablerenovations.com.au"
69.63.184.6 - - [01/Jan/2026:09:54:24 +0800] "GET /robots.txt HTTP/1.1" 200 132 "-" "facebookexternalhit/1.1 (+http://www.facebook.com/externalhit_uatext.php)"
69.63.184.10 - - [01/Jan/2026:09:54:26 +0800] "GET /robots.txt HTTP/1.1" 200 132 "-" "facebookexternalhit/1.1 (+http://www.facebook.com/externalhit_uatext.php)"
57.141.14.66 - - [01/Jan/2026:09:54:28 +0800] "GET /\xe0\xb8\xaa\xe0\xb8\xa1\xe0\xb8\xb1\xe0\xb8\x84\xe0\xb8\xa3\xe0\xb8\x9a\xe0\xb8\xb2\xe0\xb8\x84\xe0\xb8\xb2\xe0\xb8\xa3\xe0\xb9\x88\xe0\xb8\xb2.aspx HTTP/1.1" 404 62881 "-" "meta-externalagent/1.1 (+https://developers.facebook.com/docs/sharing/webmasters/crawler)"
103.4.122.14 - - [01/Jan/2026:09:54:53 +0800] "POST /wp-cron.php?doing_wp_cron=1767232492.9764161109924316406250 HTTP/1.1" 200 - "-" "WordPress/6.8.3; https://impeccablerenovations.com.au"
173.252.69.1 - - [01/Jan/2026:09:54:51 +0800] "GET /robots.txt HTTP/1.1" 200 132 "-" "facebookexternalhit/1.1 (+http://www.facebook.com/externalhit_uatext.php)"
173.252.69.116 - - [01/Jan/2026:09:54:53 +0800] "GET /robots.txt HTTP/1.1" 200 132 "-" "facebookexternalhit/1.1 (+http://www.facebook.com/externalhit_uatext.php)"
57.141.14.54 - - [01/Jan/2026:09:54:55 +0800] "GET /\xe0\xb8\xaa\xe0\xb8\xa5\xe0\xb9\x87\xe0\xb8\xad\xe0\xb8\x95pg168\xe0\xb9\x80\xe0\xb8\xa7\xe0\xb9\x87\xe0\xb8\x9a\xe0\xb8\x95\xe0\xb8\xa3\xe0\xb8\x87.aspx HTTP/1.1" 404 62886 "-" "meta-externalagent/1.1 (+https://developers.facebook.com/docs/sharing/webmasters/crawler)"
103.4.122.14 - - [01/Jan/2026:09:57:50 +0800] "POST /wp-cron.php?doing_wp_cron=1767232670.0632290840148925781250 HTTP/1.1" 200 - "-" "WordPress/6.8.3; https://impeccablerenovations.com.au"
88.99.80.227 - - [01/Jan/2026:09:57:48 +0800] "HEAD / HTTP/1.1" 200 - "https://impeccablerenovations.com.au/" "Mozilla/5.0+(compatible; UptimeRobot/2.0; http://www.uptimerobot.com/)"
103.4.122.14 - - [01/Jan/2026:10:01:54 +0800] "POST /wp-cron.php?doing_wp_cron=1767232914.5969209671020507812500 HTTP/1.1" 200 - "-" "WordPress/6.8.3; https://impeccablerenovations.com.au"
15.235.96.195 - - [01/Jan/2026:10:01:52 +0800] "GET /project/hospitality-store/ HTTP/1.1" 200 15662 "-" "Mozilla/5.0 (compatible; AhrefsBot/7.0; +http://ahrefs.com/robot/)"
103.4.122.14 - - [01/Jan/2026:10:02:58 +0800] "POST /wp-cron.php?doing_wp_cron=1767232977.9197919368743896484375 HTTP/1.1" 200 - "-" "WordPress/6.8.3; https://impeccablerenovations.com.au"
49.13.164.148 - - [01/Jan/2026:10:02:56 +0800] "HEAD / HTTP/1.1" 200 - "https://impeccablerenovations.com.au/" "Mozilla/5.0+(compatible; UptimeRobot/2.0; http://www.uptimerobot.com/)"
103.4.122.14 - - [01/Jan/2026:10:08:05 +0800] "POST /wp-cron.php?doing_wp_cron=1767233285.6838440895080566406250 HTTP/1.1" 200 - "-" "WordPress/6.8.3; https://impeccablerenovations.com.au"
18.192.166.72 - - [01/Jan/2026:10:08:03 +0800] "HEAD / HTTP/1.1" 200 - "https://impeccablerenovations.com.au/" "Mozilla/5.0+(compatible; UptimeRobot/2.0; http://www.uptimerobot.com/)"
103.4.122.14 - - [01/Jan/2026:10:10:15 +0800] "POST /wp-cron.php?doing_wp_cron=1767233415.5648379325866699218750 HTTP/1.1" 200 - "-" "WordPress/6.8.3; https://impeccablerenovations.com.au"
69.171.249.6 - - [01/Jan/2026:10:10:13 +0800] "GET /robots.txt HTTP/1.1" 200 132 "-" "facebookexternalhit/1.1 (+http://www.facebook.com/externalhit_uatext.php)"
69.171.249.19 - - [01/Jan/2026:10:10:16 +0800] "GET /robots.txt HTTP/1.1" 200 132 "-" "facebookexternalhit/1.1 (+http://www.facebook.com/externalhit_uatext.php)"
57.141.14.48 - - [01/Jan/2026:10:10:18 +0800] "GET /\xe0\xb8\x9d\xe0\xb8\xb2\xe0\xb8\x819\xe0\xb8\x9a\xe0\xb8\xb2\xe0\xb8\x97\xe0\xb8\xa3\xe0\xb8\xb1\xe0\xb8\x9a100\xe0\xb8\xa5\xe0\xb9\x88\xe0\xb8\xb2\xe0\xb8\xaa\xe0\xb8\xb8\xe0\xb8\x94.aspx HTTP/1.1" 404 62903 "-" "meta-externalagent/1.1 (+https://developers.facebook.com/docs/sharing/webmasters/crawler)"
103.4.122.14 - - [01/Jan/2026:10:11:51 +0800] "POST /wp-cron.php?doing_wp_cron=1767233511.3943169116973876953125 HTTP/1.1" 200 - "-" "WordPress/6.8.3; https://impeccablerenovations.com.au"
69.63.184.18 - - [01/Jan/2026:10:11:49 +0800] "GET /robots.txt HTTP/1.1" 200 132 "-" "facebookexternalhit/1.1 (+http://www.facebook.com/externalhit_uatext.php)"
173.252.70.7 - - [01/Jan/2026:10:11:51 +0800] "GET /robots.txt HTTP/1.1" 200 132 "-" "facebookexternalhit/1.1 (+http://www.facebook.com/externalhit_uatext.php)"
57.141.14.13 - - [01/Jan/2026:10:11:53 +0800] "GET /\xe0\xb8\x9d\xe0\xb8\xb2\xe0\xb8\x81%201%20\xe0\xb8\x9a\xe0\xb8\xb2\xe0\xb8\x97%20\xe0\xb8\xa3\xe0\xb8\xb1\xe0\xb8\x9a%2050%20\xe0\xb8\xa5\xe0\xb9\x88\xe0\xb8\xb2\xe0\xb8\xaa\xe0\xb8\xb8\xe0\xb8\x94%20\xe0\xb9\x84\xe0\xb8\x94\xe0\xb9\x89\xe0\xb8\x88\xe0\xb8\xa3\xe0\xb8\xb4\xe0\xb8\x87.aspx HTTP/1.1" 404 62962 "-" "meta-externalagent/1.1 (+https://developers.facebook.com/docs/sharing/webmasters/crawler)"
103.4.122.14 - - [01/Jan/2026:10:13:13 +0800] "POST /wp-cron.php?doing_wp_cron=1767233593.6496169567108154296875 HTTP/1.1" 200 - "-" "WordPress/6.8.3; https://impeccablerenovations.com.au"
142.132.180.39 - - [01/Jan/2026:10:13:11 +0800] "HEAD / HTTP/1.1" 200 - "https://impeccablerenovations.com.au/" "Mozilla/5.0+(compatible; UptimeRobot/2.0; http://www.uptimerobot.com/)"
103.4.122.14 - - [01/Jan/2026:10:17:21 +0800] "POST /wp-cron.php?doing_wp_cron=1767233841.5125029087066650390625 HTTP/1.1" 200 - "-" "WordPress/6.8.3; https://impeccablerenovations.com.au"
27.46.125.98 - - [01/Jan/2026:10:17:19 +0800] "GET /robots.txt HTTP/1.1" 200 124 "-" "Mozilla/5.0 (Windows NT 10.0; Win64; x64) AppleWebKit/537.36 (KHTML, like Gecko) Chrome/92.0.3841.76 Safari/537.36 Edge/18.18362"
103.4.122.14 - - [01/Jan/2026:10:18:22 +0800] "POST /wp-cron.php?doing_wp_cron=1767233902.1541869640350341796875 HTTP/1.1" 200 - "-" "WordPress/6.8.3; https://impeccablerenovations.com.au"
18.192.166.72 - - [01/Jan/2026:10:18:20 +0800] "HEAD / HTTP/1.1" 200 - "https://impeccablerenovations.com.au/" "Mozilla/5.0+(compatible; UptimeRobot/2.0; http://www.uptimerobot.com/)"
103.4.122.14 - - [01/Jan/2026:10:23:29 +0800] "POST /wp-cron.php?doing_wp_cron=1767234208.9324769973754882812500 HTTP/1.1" 200 - "-" "WordPress/6.8.3; https://impeccablerenovations.com.au"
49.13.134.145 - - [01/Jan/2026:10:23:27 +0800] "HEAD / HTTP/1.1" 200 - "https://impeccablerenovations.com.au/" "Mozilla/5.0+(compatible; UptimeRobot/2.0; http://www.uptimerobot.com/)"
103.4.122.14 - - [01/Jan/2026:10:28:37 +0800] "POST /wp-cron.php?doing_wp_cron=1767234517.3048989772796630859375 HTTP/1.1" 200 - "-" "WordPress/6.8.3; https://impeccablerenovations.com.au"
63.178.84.147 - - [01/Jan/2026:10:28:35 +0800] "HEAD / HTTP/1.1" 200 - "https://impeccablerenovations.com.au/" "Mozilla/5.0+(compatible; UptimeRobot/2.0; http://www.uptimerobot.com/)"
103.4.122.14 - - [01/Jan/2026:10:29:51 +0800] "POST /wp-cron.php?doing_wp_cron=1767234591.5586969852447509765625 HTTP/1.1" 200 - "-" "WordPress/6.8.3; https://impeccablerenovations.com.au"
70.113.69.188 - - [01/Jan/2026:10:29:49 +0800] "GET / HTTP/1.0" 301 - "-" "Mozilla/5.0 (Windows NT 10.0; Win64; x64) AppleWebKit/537.36 (KHTML, like Gecko) Chrome/118.0.0.0 Safari/537.36"
70.113.69.188 - - [01/Jan/2026:10:29:52 +0800] "GET / HTTP/1.0" 200 108894 "-" "Mozilla/5.0 (Windows NT 10.0; Win64; x64) AppleWebKit/537.36 (KHTML, like Gecko) Chrome/118.0.0.0 Safari/537.36"
103.4.122.14 - - [01/Jan/2026:10:33:44 +0800] "POST /wp-cron.php?doing_wp_cron=1767234824.2208271026611328125000 HTTP/1.1" 200 - "-" "WordPress/6.8.3; https://impeccablerenovations.com.au"
159.69.158.189 - - [01/Jan/2026:10:33:42 +0800] "HEAD / HTTP/1.1" 200 - "https://impeccablerenovations.com.au/" "Mozilla/5.0+(compatible; UptimeRobot/2.0; http://www.uptimerobot.com/)"
103.4.122.14 - - [01/Jan/2026:10:38:51 +0800] "POST /wp-cron.php?doing_wp_cron=1767235131.7891960144042968750000 HTTP/1.1" 200 - "-" "WordPress/6.8.3; https://impeccablerenovations.com.au"
49.13.164.148 - - [01/Jan/2026:10:38:50 +0800] "HEAD / HTTP/1.1" 200 - "https://impeccablerenovations.com.au/" "Mozilla/5.0+(compatible; UptimeRobot/2.0; http://www.uptimerobot.com/)"
114.119.139.220 - - [01/Jan/2026:10:39:12 +0800] "GET /home-renovations/ HTTP/1.1" 200 20030 "https://impeccablerenovations.com.au/2022/03/08/launching-our-new-brand-and-website/" "Mozilla/5.0 (Linux; Android 7.0;) AppleWebKit/537.36 (KHTML, like Gecko) Mobile Safari/537.36 (compatible; PetalBot;+https://webmaster.petalsearch.com/site/petalbot)"
103.4.122.14 - - [01/Jan/2026:10:44:00 +0800] "POST /wp-cron.php?doing_wp_cron=1767235440.4756300449371337890625 HTTP/1.1" 200 - "-" "WordPress/6.8.3; https://impeccablerenovations.com.au"
52.59.43.236 - - [01/Jan/2026:10:43:57 +0800] "HEAD / HTTP/1.1" 200 - "https://impeccablerenovations.com.au/" "Mozilla/5.0+(compatible; UptimeRobot/2.0; http://www.uptimerobot.com/)"
103.4.122.14 - - [01/Jan/2026:10:47:23 +0800] "POST /wp-cron.php?doing_wp_cron=1767235643.3377809524536132812500 HTTP/1.1" 200 - "-" "WordPress/6.8.3; https://impeccablerenovations.com.au"
173.252.87.7 - - [01/Jan/2026:10:47:21 +0800] "GET /robots.txt HTTP/1.1" 200 132 "-" "facebookexternalhit/1.1 (+http://www.facebook.com/externalhit_uatext.php)"
173.252.87.5 - - [01/Jan/2026:10:47:23 +0800] "GET /robots.txt HTTP/1.1" 200 132 "-" "facebookexternalhit/1.1 (+http://www.facebook.com/externalhit_uatext.php)"
57.141.14.81 - - [01/Jan/2026:10:47:26 +0800] "GET /sitemap_index.xml HTTP/1.1" 200 849 "-" "meta-externalagent/1.1 (+https://developers.facebook.com/docs/sharing/webmasters/crawler)"
173.252.87.1 - - [01/Jan/2026:10:47:28 +0800] "GET /robots.txt HTTP/1.1" 200 132 "-" "facebookexternalhit/1.1 (+http://www.facebook.com/externalhit_uatext.php)"
103.4.122.14 - - [01/Jan/2026:10:49:06 +0800] "POST /wp-cron.php?doing_wp_cron=1767235746.7462100982666015625000 HTTP/1.1" 200 - "-" "WordPress/6.8.3; https://impeccablerenovations.com.au"
157.90.156.63 - - [01/Jan/2026:10:49:04 +0800] "HEAD / HTTP/1.1" 200 - "https://impeccablerenovations.com.au/" "Mozilla/5.0+(compatible; UptimeRobot/2.0; http://www.uptimerobot.com/)"
103.4.122.14 - - [01/Jan/2026:10:54:15 +0800] "POST /wp-cron.php?doing_wp_cron=1767236055.7374749183654785156250 HTTP/1.1" 200 - "-" "WordPress/6.8.3; https://impeccablerenovations.com.au"
49.13.24.81 - - [01/Jan/2026:10:54:14 +0800] "HEAD / HTTP/1.1" 200 - "https://impeccablerenovations.com.au/" "Mozilla/5.0+(compatible; UptimeRobot/2.0; http://www.uptimerobot.com/)"
103.4.122.14 - - [01/Jan/2026:10:57:07 +0800] "POST /wp-cron.php?doing_wp_cron=1767236227.0269470214843750000000 HTTP/1.1" 200 - "-" "WordPress/6.8.3; https://impeccablerenovations.com.au"
173.252.87.42 - - [01/Jan/2026:10:57:05 +0800] "GET /robots.txt HTTP/1.1" 200 132 "-" "facebookexternalhit/1.1 (+http://www.facebook.com/externalhit_uatext.php)"
173.252.87.42 - - [01/Jan/2026:10:57:07 +0800] "GET /robots.txt HTTP/1.1" 200 132 "-" "facebookexternalhit/1.1 (+http://www.facebook.com/externalhit_uatext.php)"
57.141.14.32 - - [01/Jan/2026:10:57:09 +0800] "GET /\xe0\xb8\x97\xe0\xb8\xb2\xe0\xb8\x87\xe0\xb9\x80\xe0\xb8\x82\xe0\xb9\x89\xe0\xb8\xb2pg.aspx HTTP/1.1" 404 62853 "-" "meta-externalagent/1.1 (+https://developers.facebook.com/docs/sharing/webmasters/crawler)"
103.4.122.14 - - [01/Jan/2026:10:59:23 +0800] "POST /wp-cron.php?doing_wp_cron=1767236363.5567839145660400390625 HTTP/1.1" 200 - "-" "WordPress/6.8.3; https://impeccablerenovations.com.au"
78.47.98.55 - - [01/Jan/2026:10:59:21 +0800] "HEAD / HTTP/1.1" 200 - "https://impeccablerenovations.com.au/" "Mozilla/5.0+(compatible; UptimeRobot/2.0; http://www.uptimerobot.com/)"
103.4.122.14 - - [01/Jan/2026:11:04:19 +0800] "POST /wp-cron.php?doing_wp_cron=1767236659.6094770431518554687500 HTTP/1.1" 200 - "-" "WordPress/6.8.3; https://impeccablerenovations.com.au"
69.171.249.37 - - [01/Jan/2026:11:04:17 +0800] "GET /robots.txt HTTP/1.1" 200 132 "-" "facebookexternalhit/1.1 (+http://www.facebook.com/externalhit_uatext.php)"
69.171.249.3 - - [01/Jan/2026:11:04:20 +0800] "GET /robots.txt HTTP/1.1" 200 132 "-" "facebookexternalhit/1.1 (+http://www.facebook.com/externalhit_uatext.php)"
57.141.14.21 - - [01/Jan/2026:11:04:22 +0800] "GET /sitemap.txt HTTP/1.1" 404 62815 "-" "meta-externalagent/1.1 (+https://developers.facebook.com/docs/sharing/webmasters/crawler)"
103.4.122.14 - - [01/Jan/2026:11:04:32 +0800] "POST /wp-cron.php?doing_wp_cron=1767236672.2829470634460449218750 HTTP/1.1" 200 - "-" "WordPress/6.8.3; https://impeccablerenovations.com.au"
52.28.162.93 - - [01/Jan/2026:11:04:30 +0800] "HEAD / HTTP/1.1" 200 - "https://impeccablerenovations.com.au/" "Mozilla/5.0+(compatible; UptimeRobot/2.0; http://www.uptimerobot.com/)"
103.4.122.14 - - [01/Jan/2026:11:07:00 +0800] "POST /wp-cron.php?doing_wp_cron=1767236820.0368831157684326171875 HTTP/1.1" 200 - "-" "WordPress/6.8.3; https://impeccablerenovations.com.au"
173.252.70.1 - - [01/Jan/2026:11:06:58 +0800] "GET /robots.txt HTTP/1.1" 200 132 "-" "facebookexternalhit/1.1 (+http://www.facebook.com/externalhit_uatext.php)"
69.63.184.21 - - [01/Jan/2026:11:07:00 +0800] "GET /robots.txt HTTP/1.1" 200 132 "-" "facebookexternalhit/1.1 (+http://www.facebook.com/externalhit_uatext.php)"
57.141.14.85 - - [01/Jan/2026:11:07:02 +0800] "GET /category-sitemap.xml HTTP/1.1" 200 769 "-" "meta-externalagent/1.1 (+https://developers.facebook.com/docs/sharing/webmasters/crawler)"
69.63.184.1 - - [01/Jan/2026:11:07:04 +0800] "GET /robots.txt HTTP/1.1" 200 132 "-" "facebookexternalhit/1.1 (+http://www.facebook.com/externalhit_uatext.php)"
103.4.122.14 - - [01/Jan/2026:11:09:39 +0800] "POST /wp-cron.php?doing_wp_cron=1767236979.6643071174621582031250 HTTP/1.1" 200 - "-" "WordPress/6.8.3; https://impeccablerenovations.com.au"
18.193.252.127 - - [01/Jan/2026:11:09:37 +0800] "HEAD / HTTP/1.1" 200 - "https://impeccablerenovations.com.au/" "Mozilla/5.0+(compatible; UptimeRobot/2.0; http://www.uptimerobot.com/)"
114.119.138.185 - - [01/Jan/2026:11:10:22 +0800] "GET /project/chicken-shop/ HTTP/1.1" 404 62440 "https://impeccablerenovations.com.au/commercial-fitouts/" "Mozilla/5.0 (Linux; Android 7.0;) AppleWebKit/537.36 (KHTML, like Gecko) Mobile Safari/537.36 (compatible; PetalBot;+https://webmaster.petalsearch.com/site/petalbot)"
103.4.122.14 - - [01/Jan/2026:11:13:04 +0800] "POST /wp-cron.php?doing_wp_cron=1767237184.2701139450073242187500 HTTP/1.1" 200 - "-" "WordPress/6.8.3; https://impeccablerenovations.com.au"
3.213.46.222 - - [01/Jan/2026:11:13:02 +0800] "GET /robots.txt HTTP/1.1" 301 - "-" "Mozilla/5.0 AppleWebKit/537.36 (KHTML, like Gecko; compatible; Amazonbot/0.1; +https://developer.amazon.com/support/amazonbot) Chrome/119.0.6045.214 Safari/537.36"
184.72.95.195 - - [01/Jan/2026:11:13:04 +0800] "GET /robots.txt HTTP/1.1" 200 124 "-" "Mozilla/5.0 AppleWebKit/537.36 (KHTML, like Gecko; compatible; Amazonbot/0.1; +https://developer.amazon.com/support/amazonbot) Chrome/119.0.6045.214 Safari/537.36"
44.193.115.232 - - [01/Jan/2026:11:13:08 +0800] "GET / HTTP/1.1" 301 - "-" "Mozilla/5.0 AppleWebKit/537.36 (KHTML, like Gecko; compatible; Amazonbot/0.1; +https://developer.amazon.com/support/amazonbot) Chrome/119.0.6045.214 Safari/537.36"
103.4.122.14 - - [01/Jan/2026:11:14:47 +0800] "POST /wp-cron.php?doing_wp_cron=1767237287.7491919994354248046875 HTTP/1.1" 200 - "-" "WordPress/6.8.3; https://impeccablerenovations.com.au"
49.13.24.81 - - [01/Jan/2026:11:14:46 +0800] "HEAD / HTTP/1.1" 200 - "https://impeccablerenovations.com.au/" "Mozilla/5.0+(compatible; UptimeRobot/2.0; http://www.uptimerobot.com/)"
103.4.122.14 - - [01/Jan/2026:11:19:56 +0800] "POST /wp-cron.php?doing_wp_cron=1767237596.3993089199066162109375 HTTP/1.1" 200 - "-" "WordPress/6.8.3; https://impeccablerenovations.com.au"
78.47.173.76 - - [01/Jan/2026:11:19:54 +0800] "HEAD / HTTP/1.1" 200 - "https://impeccablerenovations.com.au/" "Mozilla/5.0+(compatible; UptimeRobot/2.0; http://www.uptimerobot.com/)"
103.4.122.14 - - [01/Jan/2026:11:24:46 +0800] "POST /wp-cron.php?doing_wp_cron=1767237886.5056929588317871093750 HTTP/1.1" 200 - "-" "WordPress/6.8.3; https://impeccablerenovations.com.au"
69.171.230.19 - - [01/Jan/2026:11:24:44 +0800] "GET /robots.txt HTTP/1.1" 200 132 "-" "facebookexternalhit/1.1 (+http://www.facebook.com/externalhit_uatext.php)"
