103.4.122.14 - - [04/Jan/2026:05:56:27 +0800] "POST /wp-cron.php?doing_wp_cron=1767477387.3189399242401123046875 HTTP/1.1" 200 - "-" "WordPress/6.8.3; https://impeccablerenovations.com.au"
54.38.147.114 - - [04/Jan/2026:05:56:25 +0800] "GET /sitemap_index.xml HTTP/1.1" 200 346 "-" "Mozilla/5.0 (compatible; AhrefsBot/7.0; +http://ahrefs.com/robot/)"
103.4.122.14 - - [04/Jan/2026:05:56:32 +0800] "POST /wp-cron.php?doing_wp_cron=1767477392.8821148872375488281250 HTTP/1.1" 200 - "-" "WordPress/6.8.3; https://impeccablerenovations.com.au"
54.38.147.101 - - [04/Jan/2026:05:56:31 +0800] "GET /post-sitemap.xml HTTP/1.1" 200 481 "-" "Mozilla/5.0 (compatible; AhrefsBot/7.0; +http://ahrefs.com/robot/)"
51.195.215.78 - - [04/Jan/2026:05:56:37 +0800] "GET /page-sitemap.xml HTTP/1.1" 200 1154 "-" "Mozilla/5.0 (compatible; AhrefsBot/7.0; +http://ahrefs.com/robot/)"
51.195.183.28 - - [04/Jan/2026:05:56:42 +0800] "GET /project-sitemap.xml HTTP/1.1" 200 445 "-" "Mozilla/5.0 (compatible; AhrefsBot/7.0; +http://ahrefs.com/robot/)"
54.38.147.245 - - [04/Jan/2026:05:56:47 +0800] "GET /category-sitemap.xml HTTP/1.1" 200 376 "-" "Mozilla/5.0 (compatible; AhrefsBot/7.0; +http://ahrefs.com/robot/)"
213.176.18.82 - - [04/Jan/2026:05:57:21 +0800] "GET /wp-content/uploads/2021/03/eye-clinic-5.jpg HTTP/1.1" 200 40329 "-" "Mozilla/5.0 (Windows NT 10.0; Win64; x64) AppleWebKit/537.36 (KHTML, like Gecko) Chrome/140.0.0.0 Safari/537.36"
216.73.216.99 - - [04/Jan/2026:05:57:27 +0800] "GET /robots.txt HTTP/1.1" 200 124 "-" "Mozilla/5.0 AppleWebKit/537.36 (KHTML, like Gecko; compatible; ClaudeBot/1.0; +claudebot@anthropic.com)"
216.73.216.99 - - [04/Jan/2026:05:57:29 +0800] "GET /sitemap_index.xml HTTP/1.1" 200 346 "-" "Mozilla/5.0 AppleWebKit/537.36 (KHTML, like Gecko; compatible; ClaudeBot/1.0; +claudebot@anthropic.com)"
103.4.122.14 - - [04/Jan/2026:05:59:43 +0800] "POST /wp-cron.php?doing_wp_cron=1767477583.1094009876251220703125 HTTP/1.1" 200 - "-" "WordPress/6.8.3; https://impeccablerenovations.com.au"
3.79.134.69 - - [04/Jan/2026:05:59:41 +0800] "HEAD / HTTP/1.1" 200 - "https://impeccablerenovations.com.au/" "Mozilla/5.0+(compatible; UptimeRobot/2.0; http://www.uptimerobot.com/)"
103.4.122.14 - - [04/Jan/2026:06:04:51 +0800] "POST /wp-cron.php?doing_wp_cron=1767477891.3946731090545654296875 HTTP/1.1" 200 - "-" "WordPress/6.8.3; https://impeccablerenovations.com.au"
168.119.96.239 - - [04/Jan/2026:06:04:49 +0800] "HEAD / HTTP/1.1" 200 - "https://impeccablerenovations.com.au/" "Mozilla/5.0+(compatible; UptimeRobot/2.0; http://www.uptimerobot.com/)"
103.4.122.14 - - [04/Jan/2026:06:10:00 +0800] "POST /wp-cron.php?doing_wp_cron=1767478199.8892710208892822265625 HTTP/1.1" 200 - "-" "WordPress/6.8.3; https://impeccablerenovations.com.au"
52.59.43.236 - - [04/Jan/2026:06:09:58 +0800] "HEAD / HTTP/1.1" 200 - "https://impeccablerenovations.com.au/" "Mozilla/5.0+(compatible; UptimeRobot/2.0; http://www.uptimerobot.com/)"
103.4.122.14 - - [04/Jan/2026:06:15:07 +0800] "POST /wp-cron.php?doing_wp_cron=1767478507.3432829380035400390625 HTTP/1.1" 200 - "-" "WordPress/6.8.3; https://impeccablerenovations.com.au"
52.59.43.236 - - [04/Jan/2026:06:15:05 +0800] "HEAD / HTTP/1.1" 200 - "https://impeccablerenovations.com.au/" "Mozilla/5.0+(compatible; UptimeRobot/2.0; http://www.uptimerobot.com/)"
103.4.122.14 - - [04/Jan/2026:06:20:15 +0800] "POST /wp-cron.php?doing_wp_cron=1767478815.3506979942321777343750 HTTP/1.1" 200 - "-" "WordPress/6.8.3; https://impeccablerenovations.com.au"
52.59.43.236 - - [04/Jan/2026:06:20:12 +0800] "HEAD / HTTP/1.1" 200 - "https://impeccablerenovations.com.au/" "Mozilla/5.0+(compatible; UptimeRobot/2.0; http://www.uptimerobot.com/)"
103.4.122.14 - - [04/Jan/2026:06:25:22 +0800] "POST /wp-cron.php?doing_wp_cron=1767479122.4811270236968994140625 HTTP/1.1" 200 - "-" "WordPress/6.8.3; https://impeccablerenovations.com.au"
49.13.24.81 - - [04/Jan/2026:06:25:20 +0800] "HEAD / HTTP/1.1" 200 - "https://impeccablerenovations.com.au/" "Mozilla/5.0+(compatible; UptimeRobot/2.0; http://www.uptimerobot.com/)"
103.4.122.14 - - [04/Jan/2026:06:28:45 +0800] "POST /wp-cron.php?doing_wp_cron=1767479325.5879778861999511718750 HTTP/1.1" 200 - "-" "WordPress/6.8.3; https://impeccablerenovations.com.au"
148.72.83.206 - - [04/Jan/2026:06:28:42 +0800] "POST /xmlrpc.php HTTP/1.1" 503 18959 "-" "Mozilla/4.0 (compatible; MSIE 7.0; Windows NT 10.0; Win64; x64; Trident/7.0; .NET4.0C; .NET4.0E; .NET CLR 2.0.50727; .NET CLR 3.0.30729; .NET CLR 3.5.30729)"
103.4.122.14 - - [04/Jan/2026:06:30:30 +0800] "POST /wp-cron.php?doing_wp_cron=1767479430.2063899040222167968750 HTTP/1.1" 200 - "-" "WordPress/6.8.3; https://impeccablerenovations.com.au"
168.119.123.75 - - [04/Jan/2026:06:30:28 +0800] "HEAD / HTTP/1.1" 200 - "https://impeccablerenovations.com.au/" "Mozilla/5.0+(compatible; UptimeRobot/2.0; http://www.uptimerobot.com/)"
103.4.122.14 - - [04/Jan/2026:06:35:38 +0800] "POST /wp-cron.php?doing_wp_cron=1767479737.8950920104980468750000 HTTP/1.1" 200 - "-" "WordPress/6.8.3; https://impeccablerenovations.com.au"
88.99.80.227 - - [04/Jan/2026:06:35:36 +0800] "HEAD / HTTP/1.1" 200 - "https://impeccablerenovations.com.au/" "Mozilla/5.0+(compatible; UptimeRobot/2.0; http://www.uptimerobot.com/)"
103.4.122.14 - - [04/Jan/2026:06:40:23 +0800] "POST /wp-cron.php?doing_wp_cron=1767480023.0641829967498779296875 HTTP/1.1" 200 - "-" "WordPress/6.8.3; https://impeccablerenovations.com.au"
51.195.215.137 - - [04/Jan/2026:06:40:20 +0800] "GET /?page_id=667 HTTP/1.1" 200 15802 "-" "Mozilla/5.0 (compatible; AhrefsBot/7.0; +http://ahrefs.com/robot/)"
103.4.122.14 - - [04/Jan/2026:06:40:45 +0800] "POST /wp-cron.php?doing_wp_cron=1767480045.2085289955139160156250 HTTP/1.1" 200 - "-" "WordPress/6.8.3; https://impeccablerenovations.com.au"
63.178.84.147 - - [04/Jan/2026:06:40:43 +0800] "HEAD / HTTP/1.1" 200 - "https://impeccablerenovations.com.au/" "Mozilla/5.0+(compatible; UptimeRobot/2.0; http://www.uptimerobot.com/)"
54.242.78.223 - - [04/Jan/2026:06:41:37 +0800] "GET /wp-content/uploads/2022/05/Stairs-HR-1.png HTTP/1.1" 200 702453 "-" "Mozilla/5.0 (Windows NT 10.0; Win64; x64) AppleWebKit/537.36 (KHTML, like Gecko) Chrome/86.0.4240.75 Safari/537.36"
103.4.122.14 - - [04/Jan/2026:06:41:39 +0800] "POST /wp-cron.php?doing_wp_cron=1767480099.5178010463714599609375 HTTP/1.1" 200 - "-" "WordPress/6.8.3; https://impeccablerenovations.com.au"
54.242.78.223 - - [04/Jan/2026:06:41:37 +0800] "GET /project-filter/home-renovation/ HTTP/1.1" 200 15614 "-" "Mozilla/5.0 (Windows NT 10.0; Win64; x64) AppleWebKit/537.36 (KHTML, like Gecko) Chrome/86.0.4240.75 Safari/537.36"
103.4.122.14 - - [04/Jan/2026:06:45:52 +0800] "POST /wp-cron.php?doing_wp_cron=1767480351.9777300357818603515625 HTTP/1.1" 200 - "-" "WordPress/6.8.3; https://impeccablerenovations.com.au"
49.13.134.145 - - [04/Jan/2026:06:45:50 +0800] "HEAD / HTTP/1.1" 200 - "https://impeccablerenovations.com.au/" "Mozilla/5.0+(compatible; UptimeRobot/2.0; http://www.uptimerobot.com/)"
103.4.122.14 - - [04/Jan/2026:06:50:59 +0800] "POST /wp-cron.php?doing_wp_cron=1767480659.4177179336547851562500 HTTP/1.1" 200 - "-" "WordPress/6.8.3; https://impeccablerenovations.com.au"
128.140.106.114 - - [04/Jan/2026:06:50:57 +0800] "HEAD / HTTP/1.1" 200 - "https://impeccablerenovations.com.au/" "Mozilla/5.0+(compatible; UptimeRobot/2.0; http://www.uptimerobot.com/)"
103.4.122.14 - - [04/Jan/2026:06:56:07 +0800] "POST /wp-cron.php?doing_wp_cron=1767480967.4696829319000244140625 HTTP/1.1" 200 - "-" "WordPress/6.8.3; https://impeccablerenovations.com.au"
157.90.156.63 - - [04/Jan/2026:06:56:05 +0800] "HEAD / HTTP/1.1" 200 - "https://impeccablerenovations.com.au/" "Mozilla/5.0+(compatible; UptimeRobot/2.0; http://www.uptimerobot.com/)"
103.4.122.14 - - [04/Jan/2026:07:01:14 +0800] "POST /wp-cron.php?doing_wp_cron=1767481274.8020799160003662109375 HTTP/1.1" 200 - "-" "WordPress/6.8.3; https://impeccablerenovations.com.au"
157.90.155.240 - - [04/Jan/2026:07:01:13 +0800] "HEAD / HTTP/1.1" 200 - "https://impeccablerenovations.com.au/" "Mozilla/5.0+(compatible; UptimeRobot/2.0; http://www.uptimerobot.com/)"
103.4.122.14 - - [04/Jan/2026:07:06:23 +0800] "POST /wp-cron.php?doing_wp_cron=1767481583.6188430786132812500000 HTTP/1.1" 200 - "-" "WordPress/6.8.3; https://impeccablerenovations.com.au"
49.13.134.145 - - [04/Jan/2026:07:06:21 +0800] "HEAD / HTTP/1.1" 200 - "https://impeccablerenovations.com.au/" "Mozilla/5.0+(compatible; UptimeRobot/2.0; http://www.uptimerobot.com/)"
103.4.122.14 - - [04/Jan/2026:07:07:03 +0800] "POST /wp-cron.php?doing_wp_cron=1767481623.7820188999176025390625 HTTP/1.1" 200 - "-" "WordPress/6.8.3; https://impeccablerenovations.com.au"
173.252.70.16 - - [04/Jan/2026:07:07:02 +0800] "GET /robots.txt HTTP/1.1" 200 132 "-" "facebookexternalhit/1.1 (+http://www.facebook.com/externalhit_uatext.php)"
103.4.122.14 - - [04/Jan/2026:07:07:57 +0800] "POST /wp-cron.php?doing_wp_cron=1767481677.6018040180206298828125 HTTP/1.1" 200 - "-" "WordPress/6.8.3; https://impeccablerenovations.com.au"
146.174.170.29 - - [04/Jan/2026:07:07:55 +0800] "GET /about-us/ HTTP/1.1" 404 62812 "-" "Mozilla/5.0 (X11; U; Linux i686; en-US) AppleWebKit/532.4 (KHTML, like Gecko) Chrome/4.0.237.0 Safari/532.4 Debian"
103.4.122.14 - - [04/Jan/2026:07:10:24 +0800] "POST /wp-cron.php?doing_wp_cron=1767481824.9850320816040039062500 HTTP/1.1" 200 - "-" "WordPress/6.8.3; https://impeccablerenovations.com.au"
8.217.163.126 - - [04/Jan/2026:07:10:23 +0800] "GET / HTTP/1.1" 301 - "-" "Mozilla/5.0 (Macintosh; Intel Mac OS X 10_15_7) AppleWebKit/537.36 (KHTML, like Gecko) Chrome/141.0.0.0 Safari/537.36"
8.217.163.126 - - [04/Jan/2026:07:10:25 +0800] "GET / HTTP/1.1" 200 22199 "-" "Mozilla/5.0 (Macintosh; Intel Mac OS X 10_15_7) AppleWebKit/537.36 (KHTML, like Gecko) Chrome/141.0.0.0 Safari/537.36"
8.217.163.126 - - [04/Jan/2026:07:10:28 +0800] "GET /robots.txt HTTP/1.1" 200 124 "-" "Mozilla/5.0 (Macintosh; Intel Mac OS X 10_15_7) AppleWebKit/537.36 (KHTML, like Gecko) Chrome/141.0.0.0 Safari/537.36"
8.217.163.126 - - [04/Jan/2026:07:10:30 +0800] "GET /sitemap_index.xml HTTP/1.1" 200 346 "-" "Mozilla/5.0 (Macintosh; Intel Mac OS X 10_15_7) AppleWebKit/537.36 (KHTML, like Gecko) Chrome/141.0.0.0 Safari/537.36"
8.217.163.126 - - [04/Jan/2026:07:10:31 +0800] "GET /page-sitemap.xml HTTP/1.1" 200 1154 "-" "Mozilla/5.0 (Macintosh; Intel Mac OS X 10_15_7) AppleWebKit/537.36 (KHTML, like Gecko) Chrome/141.0.0.0 Safari/537.36"
8.217.163.126 - - [04/Jan/2026:07:10:31 +0800] "GET /project-sitemap.xml HTTP/1.1" 200 445 "-" "Mozilla/5.0 (Macintosh; Intel Mac OS X 10_15_7) AppleWebKit/537.36 (KHTML, like Gecko) Chrome/141.0.0.0 Safari/537.36"
103.4.122.14 - - [04/Jan/2026:07:10:33 +0800] "POST /wp-cron.php?doing_wp_cron=1767481832.9800019264221191406250 HTTP/1.1" 200 - "-" "WordPress/6.8.3; https://impeccablerenovations.com.au"
8.217.163.126 - - [04/Jan/2026:07:10:31 +0800] "GET /post-sitemap.xml HTTP/1.1" 200 481 "-" "Mozilla/5.0 (Macintosh; Intel Mac OS X 10_15_7) AppleWebKit/537.36 (KHTML, like Gecko) Chrome/141.0.0.0 Safari/537.36"
8.217.163.126 - - [04/Jan/2026:07:10:31 +0800] "GET /category-sitemap.xml HTTP/1.1" 200 376 "-" "Mozilla/5.0 (Macintosh; Intel Mac OS X 10_15_7) AppleWebKit/537.36 (KHTML, like Gecko) Chrome/141.0.0.0 Safari/537.36"
103.4.122.14 - - [04/Jan/2026:07:11:32 +0800] "POST /wp-cron.php?doing_wp_cron=1767481892.0332500934600830078125 HTTP/1.1" 200 - "-" "WordPress/6.8.3; https://impeccablerenovations.com.au"
52.59.43.236 - - [04/Jan/2026:07:11:30 +0800] "HEAD / HTTP/1.1" 200 - "https://impeccablerenovations.com.au/" "Mozilla/5.0+(compatible; UptimeRobot/2.0; http://www.uptimerobot.com/)"
103.4.122.14 - - [04/Jan/2026:07:16:41 +0800] "POST /wp-cron.php?doing_wp_cron=1767482201.6352090835571289062500 HTTP/1.1" 200 - "-" "WordPress/6.8.3; https://impeccablerenovations.com.au"
78.47.173.76 - - [04/Jan/2026:07:16:39 +0800] "HEAD / HTTP/1.1" 200 - "https://impeccablerenovations.com.au/" "Mozilla/5.0+(compatible; UptimeRobot/2.0; http://www.uptimerobot.com/)"
103.4.122.14 - - [04/Jan/2026:07:21:50 +0800] "POST /wp-cron.php?doing_wp_cron=1767482510.7680809497833251953125 HTTP/1.1" 200 - "-" "WordPress/6.8.3; https://impeccablerenovations.com.au"
3.79.134.69 - - [04/Jan/2026:07:21:48 +0800] "HEAD / HTTP/1.1" 200 - "https://impeccablerenovations.com.au/" "Mozilla/5.0+(compatible; UptimeRobot/2.0; http://www.uptimerobot.com/)"
148.113.130.95 - - [04/Jan/2026:07:22:07 +0800] "GET /robots.txt HTTP/1.1" 200 124 "-" "Mozilla/5.0 (compatible; AhrefsBot/7.0; +http://ahrefs.com/robot/)"
142.44.233.146 - - [04/Jan/2026:07:22:12 +0800] "GET / HTTP/1.1" 200 22199 "-" "Mozilla/5.0 (compatible; AhrefsBot/7.0; +http://ahrefs.com/robot/)"
103.4.122.14 - - [04/Jan/2026:07:26:59 +0800] "POST /wp-cron.php?doing_wp_cron=1767482819.0978519916534423828125 HTTP/1.1" 200 - "-" "WordPress/6.8.3; https://impeccablerenovations.com.au"
168.119.123.75 - - [04/Jan/2026:07:26:57 +0800] "HEAD / HTTP/1.1" 200 - "https://impeccablerenovations.com.au/" "Mozilla/5.0+(compatible; UptimeRobot/2.0; http://www.uptimerobot.com/)"
103.4.122.14 - - [04/Jan/2026:07:29:05 +0800] "POST /wp-cron.php?doing_wp_cron=1767482945.4157071113586425781250 HTTP/1.1" 200 - "-" "WordPress/6.8.3; https://impeccablerenovations.com.au"
114.119.130.12 - - [04/Jan/2026:07:29:03 +0800] "GET /contact-us/ HTTP/1.1" 200 18224 "https://impeccablerenovations.com.au/portfolio/hospitality-store/" "Mozilla/5.0 (Linux; Android 7.0;) AppleWebKit/537.36 (KHTML, like Gecko) Mobile Safari/537.36 (compatible; PetalBot;+https://webmaster.petalsearch.com/site/petalbot)"
43.155.140.157 - - [04/Jan/2026:07:31:03 +0800] "GET / HTTP/1.1" 403 199 "-" "Mozilla/5.0 (iPhone; CPU iPhone OS 13_2_3 like Mac OS X) AppleWebKit/605.1.15 (KHTML, like Gecko) Version/13.0.3 Mobile/15E148 Safari/604.1"
103.4.122.14 - - [04/Jan/2026:07:32:07 +0800] "POST /wp-cron.php?doing_wp_cron=1767483127.5953819751739501953125 HTTP/1.1" 200 - "-" "WordPress/6.8.3; https://impeccablerenovations.com.au"
128.140.41.193 - - [04/Jan/2026:07:32:05 +0800] "HEAD / HTTP/1.1" 200 - "https://impeccablerenovations.com.au/" "Mozilla/5.0+(compatible; UptimeRobot/2.0; http://www.uptimerobot.com/)"
103.4.122.14 - - [04/Jan/2026:07:37:16 +0800] "POST /wp-cron.php?doing_wp_cron=1767483436.7331240177154541015625 HTTP/1.1" 200 - "-" "WordPress/6.8.3; https://impeccablerenovations.com.au"
88.99.80.227 - - [04/Jan/2026:07:37:14 +0800] "HEAD / HTTP/1.1" 200 - "https://impeccablerenovations.com.au/" "Mozilla/5.0+(compatible; UptimeRobot/2.0; http://www.uptimerobot.com/)"
103.4.122.14 - - [04/Jan/2026:07:42:34 +0800] "POST /wp-cron.php?doing_wp_cron=1767483754.0756471157073974609375 HTTP/1.1" 200 - "-" "WordPress/6.8.3; https://impeccablerenovations.com.au"
49.13.167.123 - - [04/Jan/2026:07:42:22 +0800] "HEAD / HTTP/1.1" 200 - "https://impeccablerenovations.com.au/" "Mozilla/5.0+(compatible; UptimeRobot/2.0; http://www.uptimerobot.com/)"
54.242.78.223 - - [04/Jan/2026:07:44:27 +0800] "GET /wp-content/uploads/2022/01/Stone-Wall-HR.png HTTP/1.1" 200 1879008 "-" "Mozilla/5.0 (Windows NT 10.0; Win64; x64) AppleWebKit/537.36 (KHTML, like Gecko) Chrome/86.0.4240.75 Safari/537.36"
103.4.122.14 - - [04/Jan/2026:07:47:42 +0800] "POST /wp-cron.php?doing_wp_cron=1767484061.8806440830230712890625 HTTP/1.1" 200 - "-" "WordPress/6.8.3; https://impeccablerenovations.com.au"
167.235.143.113 - - [04/Jan/2026:07:47:40 +0800] "HEAD / HTTP/1.1" 200 - "https://impeccablerenovations.com.au/" "Mozilla/5.0+(compatible; UptimeRobot/2.0; http://www.uptimerobot.com/)"
103.4.122.14 - - [04/Jan/2026:07:52:50 +0800] "POST /wp-cron.php?doing_wp_cron=1767484369.9731459617614746093750 HTTP/1.1" 200 - "-" "WordPress/6.8.3; https://impeccablerenovations.com.au"
157.90.155.240 - - [04/Jan/2026:07:52:48 +0800] "HEAD / HTTP/1.1" 200 - "https://impeccablerenovations.com.au/" "Mozilla/5.0+(compatible; UptimeRobot/2.0; http://www.uptimerobot.com/)"
103.4.122.14 - - [04/Jan/2026:07:54:46 +0800] "POST /wp-cron.php?doing_wp_cron=1767484486.1229701042175292968750 HTTP/1.1" 200 - "-" "WordPress/6.8.3; https://impeccablerenovations.com.au"
54.242.78.223 - - [04/Jan/2026:07:54:44 +0800] "GET /home-renovations/ HTTP/1.1" 200 20155 "-" "Mozilla/5.0 (Windows NT 10.0; Win64; x64) AppleWebKit/537.36 (KHTML, like Gecko) Chrome/86.0.4240.75 Safari/537.36"
103.4.122.14 - - [04/Jan/2026:07:57:58 +0800] "POST /wp-cron.php?doing_wp_cron=1767484678.8032360076904296875000 HTTP/1.1" 200 - "-" "WordPress/6.8.3; https://impeccablerenovations.com.au"
49.13.24.81 - - [04/Jan/2026:07:57:57 +0800] "HEAD / HTTP/1.1" 200 - "https://impeccablerenovations.com.au/" "Mozilla/5.0+(compatible; UptimeRobot/2.0; http://www.uptimerobot.com/)"
103.4.122.14 - - [04/Jan/2026:08:03:06 +0800] "POST /wp-cron.php?doing_wp_cron=1767484985.9227640628814697265625 HTTP/1.1" 200 - "-" "WordPress/6.8.3; https://impeccablerenovations.com.au"
52.59.43.236 - - [04/Jan/2026:08:03:04 +0800] "HEAD / HTTP/1.1" 200 - "https://impeccablerenovations.com.au/" "Mozilla/5.0+(compatible; UptimeRobot/2.0; http://www.uptimerobot.com/)"
103.4.122.14 - - [04/Jan/2026:08:08:18 +0800] "POST /wp-cron.php?doing_wp_cron=1767485298.1842319965362548828125 HTTP/1.1" 200 - "-" "WordPress/6.8.3; https://impeccablerenovations.com.au"
168.119.96.239 - - [04/Jan/2026:08:08:12 +0800] "HEAD / HTTP/1.1" 200 - "https://impeccablerenovations.com.au/" "Mozilla/5.0+(compatible; UptimeRobot/2.0; http://www.uptimerobot.com/)"
114.119.130.12 - - [04/Jan/2026:08:08:52 +0800] "GET /wp-content/uploads/2018/11/file-2AEFE352-8484-43D2-8AD7-59BBB036B022-1025-00000155784C6B59-300x200.jpg HTTP/1.1" 404 62446 "-" "Mozilla/5.0 (Linux; Android 7.0;) AppleWebKit/537.36 (KHTML, like Gecko) Mobile Safari/537.36 (compatible; PetalBot;+https://webmaster.petalsearch.com/site/petalbot)"
103.4.122.14 - - [04/Jan/2026:08:13:25 +0800] "POST /wp-cron.php?doing_wp_cron=1767485605.5975179672241210937500 HTTP/1.1" 200 - "-" "WordPress/6.8.3; https://impeccablerenovations.com.au"
63.178.84.147 - - [04/Jan/2026:08:13:23 +0800] "HEAD / HTTP/1.1" 200 - "https://impeccablerenovations.com.au/" "Mozilla/5.0+(compatible; UptimeRobot/2.0; http://www.uptimerobot.com/)"
103.4.122.14 - - [04/Jan/2026:08:18:33 +0800] "POST /wp-cron.php?doing_wp_cron=1767485913.1140880584716796875000 HTTP/1.1" 200 - "-" "WordPress/6.8.3; https://impeccablerenovations.com.au"
168.119.96.239 - - [04/Jan/2026:08:18:31 +0800] "HEAD / HTTP/1.1" 200 - "https://impeccablerenovations.com.au/" "Mozilla/5.0+(compatible; UptimeRobot/2.0; http://www.uptimerobot.com/)"
103.4.122.14 - - [04/Jan/2026:08:22:47 +0800] "POST /wp-cron.php?doing_wp_cron=1767486167.1961779594421386718750 HTTP/1.1" 200 - "-" "WordPress/6.8.3; https://impeccablerenovations.com.au"
142.44.225.241 - - [04/Jan/2026:08:22:44 +0800] "GET /sitemap_index.xml HTTP/1.1" 200 346 "-" "Mozilla/5.0 (compatible; AhrefsBot/7.0; +http://ahrefs.com/robot/)"
142.44.233.132 - - [04/Jan/2026:08:22:51 +0800] "GET /post-sitemap.xml HTTP/1.1" 200 481 "-" "Mozilla/5.0 (compatible; AhrefsBot/7.0; +http://ahrefs.com/robot/)"
54.39.136.160 - - [04/Jan/2026:08:22:56 +0800] "GET /page-sitemap.xml HTTP/1.1" 200 1154 "-" "Mozilla/5.0 (compatible; AhrefsBot/7.0; +http://ahrefs.com/robot/)"
15.235.96.76 - - [04/Jan/2026:08:23:01 +0800] "GET /project-sitemap.xml HTTP/1.1" 200 445 "-" "Mozilla/5.0 (compatible; AhrefsBot/7.0; +http://ahrefs.com/robot/)"
54.39.136.245 - - [04/Jan/2026:08:23:07 +0800] "GET /category-sitemap.xml HTTP/1.1" 200 376 "-" "Mozilla/5.0 (compatible; AhrefsBot/7.0; +http://ahrefs.com/robot/)"
103.4.122.14 - - [04/Jan/2026:08:23:41 +0800] "POST /wp-cron.php?doing_wp_cron=1767486221.1757678985595703125000 HTTP/1.1" 200 - "-" "WordPress/6.8.3; https://impeccablerenovations.com.au"
157.90.156.63 - - [04/Jan/2026:08:23:39 +0800] "HEAD / HTTP/1.1" 200 - "https://impeccablerenovations.com.au/" "Mozilla/5.0+(compatible; UptimeRobot/2.0; http://www.uptimerobot.com/)"
103.4.122.14 - - [04/Jan/2026:08:26:24 +0800] "POST /wp-cron.php?doing_wp_cron=1767486383.8425090312957763671875 HTTP/1.1" 200 - "-" "WordPress/6.8.3; https://impeccablerenovations.com.au"
37.120.217.148 - - [04/Jan/2026:08:26:22 +0800] "GET / HTTP/1.1" 301 - "-" "Mozilla/5.0"
54.242.78.223 - - [04/Jan/2026:08:28:38 +0800] "GET /wp-content/uploads/2022/01/RoofHR.png HTTP/1.1" 200 1295891 "-" "Mozilla/5.0 (Windows NT 10.0; Win64; x64) AppleWebKit/537.36 (KHTML, like Gecko) Chrome/86.0.4240.75 Safari/537.36"
103.4.122.14 - - [04/Jan/2026:08:28:48 +0800] "POST /wp-cron.php?doing_wp_cron=1767486527.6237230300903320312500 HTTP/1.1" 200 - "-" "WordPress/6.8.3; https://impeccablerenovations.com.au"
78.47.173.76 - - [04/Jan/2026:08:28:45 +0800] "HEAD / HTTP/1.1" 200 - "https://impeccablerenovations.com.au/" "Mozilla/5.0+(compatible; UptimeRobot/2.0; http://www.uptimerobot.com/)"
103.4.122.14 - - [04/Jan/2026:08:33:55 +0800] "POST /wp-cron.php?doing_wp_cron=1767486835.7224860191345214843750 HTTP/1.1" 200 - "-" "WordPress/6.8.3; https://impeccablerenovations.com.au"
168.119.96.239 - - [04/Jan/2026:08:33:53 +0800] "HEAD / HTTP/1.1" 200 - "https://impeccablerenovations.com.au/" "Mozilla/5.0+(compatible; UptimeRobot/2.0; http://www.uptimerobot.com/)"
103.4.122.14 - - [04/Jan/2026:08:37:19 +0800] "POST /wp-cron.php?doing_wp_cron=1767487039.4433200359344482421875 HTTP/1.1" 200 - "-" "WordPress/6.8.3; https://impeccablerenovations.com.au"
54.242.78.223 - - [04/Jan/2026:08:37:17 +0800] "GET /projects/ HTTP/1.1" 200 19666 "-" "Mozilla/5.0 (Windows NT 10.0; Win64; x64) AppleWebKit/537.36 (KHTML, like Gecko) Chrome/86.0.4240.75 Safari/537.36"
103.4.122.14 - - [04/Jan/2026:08:39:05 +0800] "POST /wp-cron.php?doing_wp_cron=1767487145.1810739040374755859375 HTTP/1.1" 200 - "-" "WordPress/6.8.3; https://impeccablerenovations.com.au"
49.13.134.145 - - [04/Jan/2026:08:39:03 +0800] "HEAD / HTTP/1.1" 200 - "https://impeccablerenovations.com.au/" "Mozilla/5.0+(compatible; UptimeRobot/2.0; http://www.uptimerobot.com/)"
103.4.122.14 - - [04/Jan/2026:08:44:12 +0800] "POST /wp-cron.php?doing_wp_cron=1767487452.3483970165252685546875 HTTP/1.1" 200 - "-" "WordPress/6.8.3; https://impeccablerenovations.com.au"
168.119.123.75 - - [04/Jan/2026:08:44:10 +0800] "HEAD / HTTP/1.1" 200 - "https://impeccablerenovations.com.au/" "Mozilla/5.0+(compatible; UptimeRobot/2.0; http://www.uptimerobot.com/)"
103.4.122.14 - - [04/Jan/2026:08:45:37 +0800] "POST /wp-cron.php?doing_wp_cron=1767487537.4797749519348144531250 HTTP/1.1" 200 - "-" "WordPress/6.8.3; https://impeccablerenovations.com.au"
114.119.152.54 - - [04/Jan/2026:08:45:35 +0800] "GET /wp-content/uploads/2018/09/hospitality-store-after-300x200.jpg HTTP/1.1" 404 62406 "-" "Mozilla/5.0 (Linux; Android 7.0;) AppleWebKit/537.36 (KHTML, like Gecko) Mobile Safari/537.36 (compatible; PetalBot;+https://webmaster.petalsearch.com/site/petalbot)"
103.4.122.14 - - [04/Jan/2026:08:49:19 +0800] "POST /wp-cron.php?doing_wp_cron=1767487759.3895809650421142578125 HTTP/1.1" 200 - "-" "WordPress/6.8.3; https://impeccablerenovations.com.au"
49.13.134.145 - - [04/Jan/2026:08:49:17 +0800] "HEAD / HTTP/1.1" 200 - "https://impeccablerenovations.com.au/" "Mozilla/5.0+(compatible; UptimeRobot/2.0; http://www.uptimerobot.com/)"
103.4.122.14 - - [04/Jan/2026:08:54:26 +0800] "POST /wp-cron.php?doing_wp_cron=1767488066.7790329456329345703125 HTTP/1.1" 200 - "-" "WordPress/6.8.3; https://impeccablerenovations.com.au"
52.59.43.236 - - [04/Jan/2026:08:54:24 +0800] "HEAD / HTTP/1.1" 200 - "https://impeccablerenovations.com.au/" "Mozilla/5.0+(compatible; UptimeRobot/2.0; http://www.uptimerobot.com/)"
103.4.122.14 - - [04/Jan/2026:08:58:34 +0800] "POST /wp-cron.php?doing_wp_cron=1767488314.8264989852905273437500 HTTP/1.1" 200 - "-" "WordPress/6.8.3; https://impeccablerenovations.com.au"
223.185.133.173 - - [04/Jan/2026:08:58:33 +0800] "POST /xmlrpc.php HTTP/1.1" 503 18957 "-" "Mozilla/5.0 (X11; Ubuntu; Linux x86_64; x64) AppleWebKit/537.36 (KHTML, like Gecko) Edge/98.0.0.0 Safari/537.36"
103.4.122.14 - - [04/Jan/2026:08:59:36 +0800] "POST /wp-cron.php?doing_wp_cron=1767488375.9060399532318115234375 HTTP/1.1" 200 - "-" "WordPress/6.8.3; https://impeccablerenovations.com.au"
49.13.130.29 - - [04/Jan/2026:08:59:34 +0800] "HEAD / HTTP/1.1" 200 - "https://impeccablerenovations.com.au/" "Mozilla/5.0+(compatible; UptimeRobot/2.0; http://www.uptimerobot.com/)"
103.4.122.14 - - [04/Jan/2026:09:04:44 +0800] "POST /wp-cron.php?doing_wp_cron=1767488684.3790481090545654296875 HTTP/1.1" 200 - "-" "WordPress/6.8.3; https://impeccablerenovations.com.au"
49.13.130.29 - - [04/Jan/2026:09:04:42 +0800] "HEAD / HTTP/1.1" 200 - "https://impeccablerenovations.com.au/" "Mozilla/5.0+(compatible; UptimeRobot/2.0; http://www.uptimerobot.com/)"
103.4.122.14 - - [04/Jan/2026:09:09:15 +0800] "POST /wp-cron.php?doing_wp_cron=1767488955.1006150245666503906250 HTTP/1.1" 200 - "-" "WordPress/6.8.3; https://impeccablerenovations.com.au"
216.73.216.99 - - [04/Jan/2026:09:09:13 +0800] "GET /robots.txt HTTP/1.1" 200 124 "-" "Mozilla/5.0 AppleWebKit/537.36 (KHTML, like Gecko; compatible; ClaudeBot/1.0; +claudebot@anthropic.com)"
216.73.216.99 - - [04/Jan/2026:09:09:15 +0800] "GET /sitemap_index.xml HTTP/1.1" 200 346 "-" "Mozilla/5.0 AppleWebKit/537.36 (KHTML, like Gecko; compatible; ClaudeBot/1.0; +claudebot@anthropic.com)"
103.4.122.14 - - [04/Jan/2026:09:09:51 +0800] "POST /wp-cron.php?doing_wp_cron=1767488991.7302589416503906250000 HTTP/1.1" 200 - "-" "WordPress/6.8.3; https://impeccablerenovations.com.au"
78.47.98.55 - - [04/Jan/2026:09:09:49 +0800] "HEAD / HTTP/1.1" 200 - "https://impeccablerenovations.com.au/" "Mozilla/5.0+(compatible; UptimeRobot/2.0; http://www.uptimerobot.com/)"
103.4.122.14 - - [04/Jan/2026:09:15:00 +0800] "POST /wp-cron.php?doing_wp_cron=1767489300.3607900142669677734375 HTTP/1.1" 200 - "-" "WordPress/6.8.3; https://impeccablerenovations.com.au"
168.119.96.239 - - [04/Jan/2026:09:14:58 +0800] "HEAD / HTTP/1.1" 200 - "https://impeccablerenovations.com.au/" "Mozilla/5.0+(compatible; UptimeRobot/2.0; http://www.uptimerobot.com/)"
103.4.122.14 - - [04/Jan/2026:09:20:08 +0800] "POST /wp-cron.php?doing_wp_cron=1767489607.9226670265197753906250 HTTP/1.1" 200 - "-" "WordPress/6.8.3; https://impeccablerenovations.com.au"
167.235.143.113 - - [04/Jan/2026:09:20:06 +0800] "HEAD / HTTP/1.1" 200 - "https://impeccablerenovations.com.au/" "Mozilla/5.0+(compatible; UptimeRobot/2.0; http://www.uptimerobot.com/)"
103.4.122.14 - - [04/Jan/2026:09:23:16 +0800] "POST /wp-cron.php?doing_wp_cron=1767489796.6726191043853759765625 HTTP/1.1" 200 - "-" "WordPress/6.8.3; https://impeccablerenovations.com.au"
94.23.188.218 - - [04/Jan/2026:09:23:14 +0800] "GET /robots.txt HTTP/1.1" 301 - "-" "Mozilla/5.0 (compatible; AhrefsBot/7.0; +http://ahrefs.com/robot/)"
94.23.188.218 - - [04/Jan/2026:09:23:18 +0800] "GET /robots.txt HTTP/1.1" 200 124 "-" "Mozilla/5.0 (compatible; AhrefsBot/7.0; +http://ahrefs.com/robot/)"
54.39.0.241 - - [04/Jan/2026:09:23:23 +0800] "GET / HTTP/1.1" 301 - "-" "Mozilla/5.0 (compatible; AhrefsBot/7.0; +http://ahrefs.com/robot/)"
103.4.122.14 - - [04/Jan/2026:09:25:16 +0800] "POST /wp-cron.php?doing_wp_cron=1767489916.1241350173950195312500 HTTP/1.1" 200 - "-" "WordPress/6.8.3; https://impeccablerenovations.com.au"
49.13.134.145 - - [04/Jan/2026:09:25:14 +0800] "HEAD / HTTP/1.1" 200 - "https://impeccablerenovations.com.au/" "Mozilla/5.0+(compatible; UptimeRobot/2.0; http://www.uptimerobot.com/)"
103.4.122.14 - - [04/Jan/2026:09:30:26 +0800] "POST /wp-cron.php?doing_wp_cron=1767490226.4940459728240966796875 HTTP/1.1" 200 - "-" "WordPress/6.8.3; https://impeccablerenovations.com.au"
88.99.80.227 - - [04/Jan/2026:09:30:24 +0800] "HEAD / HTTP/1.1" 200 - "https://impeccablerenovations.com.au/" "Mozilla/5.0+(compatible; UptimeRobot/2.0; http://www.uptimerobot.com/)"
103.4.122.14 - - [04/Jan/2026:09:35:33 +0800] "POST /wp-cron.php?doing_wp_cron=1767490532.9123589992523193359375 HTTP/1.1" 200 - "-" "WordPress/6.8.3; https://impeccablerenovations.com.au"
78.47.98.55 - - [04/Jan/2026:09:35:31 +0800] "HEAD / HTTP/1.1" 200 - "https://impeccablerenovations.com.au/" "Mozilla/5.0+(compatible; UptimeRobot/2.0; http://www.uptimerobot.com/)"
103.4.122.14 - - [04/Jan/2026:09:40:42 +0800] "POST /wp-cron.php?doing_wp_cron=1767490842.5937299728393554687500 HTTP/1.1" 200 - "-" "WordPress/6.8.3; https://impeccablerenovations.com.au"
88.99.80.227 - - [04/Jan/2026:09:40:40 +0800] "HEAD / HTTP/1.1" 200 - "https://impeccablerenovations.com.au/" "Mozilla/5.0+(compatible; UptimeRobot/2.0; http://www.uptimerobot.com/)"
103.4.122.14 - - [04/Jan/2026:09:45:51 +0800] "POST /wp-cron.php?doing_wp_cron=1767491151.4924108982086181640625 HTTP/1.1" 200 - "-" "WordPress/6.8.3; https://impeccablerenovations.com.au"
3.77.67.4 - - [04/Jan/2026:09:45:49 +0800] "HEAD / HTTP/1.1" 200 - "https://impeccablerenovations.com.au/" "Mozilla/5.0+(compatible; UptimeRobot/2.0; http://www.uptimerobot.com/)"
103.4.122.14 - - [04/Jan/2026:09:50:59 +0800] "POST /wp-cron.php?doing_wp_cron=1767491459.1153080463409423828125 HTTP/1.1" 200 - "-" "WordPress/6.8.3; https://impeccablerenovations.com.au"
168.119.96.239 - - [04/Jan/2026:09:50:57 +0800] "HEAD / HTTP/1.1" 200 - "https://impeccablerenovations.com.au/" "Mozilla/5.0+(compatible; UptimeRobot/2.0; http://www.uptimerobot.com/)"
103.4.122.14 - - [04/Jan/2026:09:53:47 +0800] "POST /wp-cron.php?doing_wp_cron=1767491627.6791200637817382812500 HTTP/1.1" 200 - "-" "WordPress/6.8.3; https://impeccablerenovations.com.au"
192.185.2.32 - - [04/Jan/2026:09:53:44 +0800] "POST /xmlrpc.php HTTP/1.1" 503 18957 "-" "Mozilla/5.0 (X11; Linux x86_64) AppleWebKit/537.36 (KHTML, like Gecko) Chrome/65.0.3325.162 Safari/537.36"
192.185.2.32 - - [04/Jan/2026:09:53:51 +0800] "POST /xmlrpc.php HTTP/1.1" 503 18044 "-" "Mozilla/5.0 (X11; Linux x86_64) AppleWebKit/537.36 (KHTML, like Gecko) Chrome/65.0.3325.162 Safari/537.36"
192.185.2.32 - - [04/Jan/2026:09:53:54 +0800] "POST /xmlrpc.php HTTP/1.1" 503 18044 "-" "Mozilla/5.0 (X11; Linux x86_64) AppleWebKit/537.36 (KHTML, like Gecko) Chrome/65.0.3325.162 Safari/537.36"
192.185.2.32 - - [04/Jan/2026:09:53:57 +0800] "POST /xmlrpc.php HTTP/1.1" 503 18044 "-" "Mozilla/5.0 (X11; Linux x86_64) AppleWebKit/537.36 (KHTML, like Gecko) Chrome/65.0.3325.162 Safari/537.36"
103.4.122.14 - - [04/Jan/2026:09:56:08 +0800] "POST /?wordfence_syncAttackData=1767491768.5099 HTTP/1.1" 200 - "-" "WordPress/6.8.3; https://impeccablerenovations.com.au"
103.4.122.14 - - [04/Jan/2026:09:56:09 +0800] "POST /wp-cron.php?doing_wp_cron=1767491769.9374608993530273437500 HTTP/1.1" 200 - "-" "WordPress/6.8.3; https://impeccablerenovations.com.au"
52.28.162.93 - - [04/Jan/2026:09:56:07 +0800] "HEAD / HTTP/1.1" 200 - "https://impeccablerenovations.com.au/" "Mozilla/5.0+(compatible; UptimeRobot/2.0; http://www.uptimerobot.com/)"
54.242.78.223 - - [04/Jan/2026:09:59:07 +0800] "GET /wp-content/uploads/2022/05/Internal-Stairs-HR-1.png HTTP/1.1" 200 836097 "-" "Mozilla/5.0 (Windows NT 10.0; Win64; x64) AppleWebKit/537.36 (KHTML, like Gecko) Chrome/86.0.4240.75 Safari/537.36"
103.4.122.14 - - [04/Jan/2026:10:01:18 +0800] "POST /wp-cron.php?doing_wp_cron=1767492078.1152529716491699218750 HTTP/1.1" 200 - "-" "WordPress/6.8.3; https://impeccablerenovations.com.au"
159.69.158.189 - - [04/Jan/2026:10:01:16 +0800] "HEAD / HTTP/1.1" 200 - "https://impeccablerenovations.com.au/" "Mozilla/5.0+(compatible; UptimeRobot/2.0; http://www.uptimerobot.com/)"
103.4.122.14 - - [04/Jan/2026:10:06:27 +0800] "POST /wp-cron.php?doing_wp_cron=1767492386.9990239143371582031250 HTTP/1.1" 200 - "-" "WordPress/6.8.3; https://impeccablerenovations.com.au"
49.13.130.29 - - [04/Jan/2026:10:06:25 +0800] "HEAD / HTTP/1.1" 200 - "https://impeccablerenovations.com.au/" "Mozilla/5.0+(compatible; UptimeRobot/2.0; http://www.uptimerobot.com/)"
103.4.122.14 - - [04/Jan/2026:10:07:41 +0800] "POST /wp-cron.php?doing_wp_cron=1767492461.2319350242614746093750 HTTP/1.1" 200 - "-" "WordPress/6.8.3; https://impeccablerenovations.com.au"
114.119.146.45 - - [04/Jan/2026:10:07:39 +0800] "GET /project/specialty-carpentry HTTP/1.1" 301 - "https://impeccablerenovations.com.au/home-renovations" "Mozilla/5.0 (Linux; Android 7.0;) AppleWebKit/537.36 (KHTML, like Gecko) Mobile Safari/537.36 (compatible; PetalBot;+https://webmaster.petalsearch.com/site/petalbot)"
114.119.146.45 - - [04/Jan/2026:10:07:42 +0800] "GET /project/home/ HTTP/1.1" 200 15734 "https://impeccablerenovations.com.au/home-renovations" "Mozilla/5.0 (Linux; Android 7.0;) AppleWebKit/537.36 (KHTML, like Gecko) Mobile Safari/537.36 (compatible; PetalBot;+https://webmaster.petalsearch.com/site/petalbot)"
103.4.122.14 - - [04/Jan/2026:10:09:00 +0800] "POST /wp-cron.php?doing_wp_cron=1767492540.5742719173431396484375 HTTP/1.1" 200 - "-" "WordPress/6.8.3; https://impeccablerenovations.com.au"
114.119.152.54 - - [04/Jan/2026:10:08:58 +0800] "GET /portfolio/hospitality-store/ HTTP/1.1" 301 - "https://impeccablerenovations.com.au/" "Mozilla/5.0 (Linux; Android 7.0;) AppleWebKit/537.36 (KHTML, like Gecko) Mobile Safari/537.36 (compatible; PetalBot;+https://webmaster.petalsearch.com/site/petalbot)"
114.119.152.54 - - [04/Jan/2026:10:09:01 +0800] "GET /project/hospitality-store/ HTTP/1.1" 200 15520 "https://impeccablerenovations.com.au/" "Mozilla/5.0 (Linux; Android 7.0;) AppleWebKit/537.36 (KHTML, like Gecko) Mobile Safari/537.36 (compatible; PetalBot;+https://webmaster.petalsearch.com/site/petalbot)"
103.4.122.14 - - [04/Jan/2026:10:10:00 +0800] "POST /wp-cron.php?doing_wp_cron=1767492599.9672150611877441406250 HTTP/1.1" 200 - "-" "WordPress/6.8.3; https://impeccablerenovations.com.au"
216.73.216.99 - - [04/Jan/2026:10:09:58 +0800] "GET /robots.txt HTTP/1.1" 200 124 "-" "Mozilla/5.0 AppleWebKit/537.36 (KHTML, like Gecko; compatible; ClaudeBot/1.0; +claudebot@anthropic.com)"
216.73.216.99 - - [04/Jan/2026:10:10:00 +0800] "GET /sitemap_index.xml HTTP/1.1" 200 346 "-" "Mozilla/5.0 AppleWebKit/537.36 (KHTML, like Gecko; compatible; ClaudeBot/1.0; +claudebot@anthropic.com)"
103.4.122.14 - - [04/Jan/2026:10:11:19 +0800] "POST /wp-cron.php?doing_wp_cron=1767492679.0801310539245605468750 HTTP/1.1" 200 - "-" "WordPress/6.8.3; https://impeccablerenovations.com.au"
54.242.78.223 - - [04/Jan/2026:10:11:17 +0800] "GET /project/hospitality-store/ HTTP/1.1" 200 15662 "-" "Mozilla/5.0 (Windows NT 10.0; Win64; x64) AppleWebKit/537.36 (KHTML, like Gecko) Chrome/86.0.4240.75 Safari/537.36"
103.4.122.14 - - [04/Jan/2026:10:11:34 +0800] "POST /wp-cron.php?doing_wp_cron=1767492694.6068179607391357421875 HTTP/1.1" 200 - "-" "WordPress/6.8.3; https://impeccablerenovations.com.au"
157.90.155.240 - - [04/Jan/2026:10:11:33 +0800] "HEAD / HTTP/1.1" 200 - "https://impeccablerenovations.com.au/" "Mozilla/5.0+(compatible; UptimeRobot/2.0; http://www.uptimerobot.com/)"
103.4.122.14 - - [04/Jan/2026:10:12:32 +0800] "POST /wp-cron.php?doing_wp_cron=1767492752.2448399066925048828125 HTTP/1.1" 200 - "-" "WordPress/6.8.3; https://impeccablerenovations.com.au"
40.77.167.3 - - [04/Jan/2026:10:12:30 +0800] "GET /commercial-fitouts HTTP/1.1" 301 - "-" "Mozilla/5.0 AppleWebKit/537.36 (KHTML, like Gecko; compatible; bingbot/2.0; +http://www.bing.com/bingbot.htm) Chrome/116.0.1938.76 Safari/537.36"
40.77.167.3 - - [04/Jan/2026:10:12:33 +0800] "GET /commercial-fitouts/ HTTP/1.1" 200 20293 "-" "Mozilla/5.0 AppleWebKit/537.36 (KHTML, like Gecko; compatible; bingbot/2.0; +http://www.bing.com/bingbot.htm) Chrome/116.0.1938.76 Safari/537.36"
103.4.122.14 - - [04/Jan/2026:10:16:41 +0800] "POST /wp-cron.php?doing_wp_cron=1767493001.2213859558105468750000 HTTP/1.1" 200 - "-" "WordPress/6.8.3; https://impeccablerenovations.com.au"
78.46.215.1 - - [04/Jan/2026:10:16:39 +0800] "HEAD / HTTP/1.1" 200 - "https://impeccablerenovations.com.au/" "Mozilla/5.0+(compatible; UptimeRobot/2.0; http://www.uptimerobot.com/)"
103.4.122.14 - - [04/Jan/2026:10:21:47 +0800] "POST /wp-cron.php?doing_wp_cron=1767493307.6147840023040771484375 HTTP/1.1" 200 - "-" "WordPress/6.8.3; https://impeccablerenovations.com.au"
157.90.155.240 - - [04/Jan/2026:10:21:45 +0800] "HEAD / HTTP/1.1" 200 - "https://impeccablerenovations.com.au/" "Mozilla/5.0+(compatible; UptimeRobot/2.0; http://www.uptimerobot.com/)"
103.4.122.14 - - [04/Jan/2026:10:23:26 +0800] "POST /wp-cron.php?doing_wp_cron=1767493406.8680250644683837890625 HTTP/1.1" 200 - "-" "WordPress/6.8.3; https://impeccablerenovations.com.au"
114.119.148.233 - - [04/Jan/2026:10:23:23 +0800] "GET /robots.txt HTTP/1.1" 200 124 "-" "Mozilla/5.0 (compatible;PetalBot;+https://webmaster.petalsearch.com/site/petalbot)"
103.4.122.14 - - [04/Jan/2026:10:26:55 +0800] "POST /wp-cron.php?doing_wp_cron=1767493615.0357089042663574218750 HTTP/1.1" 200 - "-" "WordPress/6.8.3; https://impeccablerenovations.com.au"
52.59.43.236 - - [04/Jan/2026:10:26:53 +0800] "HEAD / HTTP/1.1" 200 - "https://impeccablerenovations.com.au/" "Mozilla/5.0+(compatible; UptimeRobot/2.0; http://www.uptimerobot.com/)"
103.4.122.14 - - [04/Jan/2026:10:32:03 +0800] "POST /wp-cron.php?doing_wp_cron=1767493923.1468949317932128906250 HTTP/1.1" 200 - "-" "WordPress/6.8.3; https://impeccablerenovations.com.au"
128.140.106.114 - - [04/Jan/2026:10:32:01 +0800] "HEAD / HTTP/1.1" 200 - "https://impeccablerenovations.com.au/" "Mozilla/5.0+(compatible; UptimeRobot/2.0; http://www.uptimerobot.com/)"
103.4.122.14 - - [04/Jan/2026:10:37:10 +0800] "POST /wp-cron.php?doing_wp_cron=1767494230.5427899360656738281250 HTTP/1.1" 200 - "-" "WordPress/6.8.3; https://impeccablerenovations.com.au"
3.79.134.69 - - [04/Jan/2026:10:37:08 +0800] "HEAD / HTTP/1.1" 200 - "https://impeccablerenovations.com.au/" "Mozilla/5.0+(compatible; UptimeRobot/2.0; http://www.uptimerobot.com/)"
103.4.122.14 - - [04/Jan/2026:10:42:19 +0800] "POST /wp-cron.php?doing_wp_cron=1767494539.2217719554901123046875 HTTP/1.1" 200 - "-" "WordPress/6.8.3; https://impeccablerenovations.com.au"
52.59.43.236 - - [04/Jan/2026:10:42:17 +0800] "HEAD / HTTP/1.1" 200 - "https://impeccablerenovations.com.au/" "Mozilla/5.0+(compatible; UptimeRobot/2.0; http://www.uptimerobot.com/)"
103.4.122.14 - - [04/Jan/2026:10:47:26 +0800] "POST /wp-cron.php?doing_wp_cron=1767494846.0641920566558837890625 HTTP/1.1" 200 - "-" "WordPress/6.8.3; https://impeccablerenovations.com.au"
78.46.215.1 - - [04/Jan/2026:10:47:24 +0800] "HEAD / HTTP/1.1" 200 - "https://impeccablerenovations.com.au/" "Mozilla/5.0+(compatible; UptimeRobot/2.0; http://www.uptimerobot.com/)"
103.4.122.14 - - [04/Jan/2026:10:52:33 +0800] "POST /wp-cron.php?doing_wp_cron=1767495152.9787271022796630859375 HTTP/1.1" 200 - "-" "WordPress/6.8.3; https://impeccablerenovations.com.au"
142.132.180.39 - - [04/Jan/2026:10:52:31 +0800] "HEAD / HTTP/1.1" 200 - "https://impeccablerenovations.com.au/" "Mozilla/5.0+(compatible; UptimeRobot/2.0; http://www.uptimerobot.com/)"
103.4.122.14 - - [04/Jan/2026:10:57:42 +0800] "POST /wp-cron.php?doing_wp_cron=1767495462.5459549427032470703125 HTTP/1.1" 200 - "-" "WordPress/6.8.3; https://impeccablerenovations.com.au"
168.119.123.75 - - [04/Jan/2026:10:57:40 +0800] "HEAD / HTTP/1.1" 200 - "https://impeccablerenovations.com.au/" "Mozilla/5.0+(compatible; UptimeRobot/2.0; http://www.uptimerobot.com/)"
54.242.78.223 - - [04/Jan/2026:10:58:34 +0800] "GET /wp-content/uploads/2022/01/Swimming-PoolHR.png HTTP/1.1" 200 1459837 "-" "Mozilla/5.0 (Windows NT 10.0; Win64; x64) AppleWebKit/537.36 (KHTML, like Gecko) Chrome/86.0.4240.75 Safari/537.36"
103.4.122.14 - - [04/Jan/2026:11:02:57 +0800] "POST /wp-cron.php?doing_wp_cron=1767495777.3489279747009277343750 HTTP/1.1" 200 - "-" "WordPress/6.8.3; https://impeccablerenovations.com.au"
49.13.164.148 - - [04/Jan/2026:11:02:55 +0800] "HEAD / HTTP/1.1" 200 - "https://impeccablerenovations.com.au/" "Mozilla/5.0+(compatible; UptimeRobot/2.0; http://www.uptimerobot.com/)"
103.4.122.14 - - [04/Jan/2026:11:06:56 +0800] "POST /wp-cron.php?doing_wp_cron=1767496016.3442809581756591796875 HTTP/1.1" 200 - "-" "WordPress/6.8.3; https://impeccablerenovations.com.au"
52.167.144.210 - - [04/Jan/2026:11:06:54 +0800] "GET /sitemap_index.xml HTTP/1.1" 200 346 "-" "Mozilla/5.0 AppleWebKit/537.36 (KHTML, like Gecko; compatible; bingbot/2.0; +http://www.bing.com/bingbot.htm) Chrome/116.0.1938.76 Safari/537.36"
103.4.122.14 - - [04/Jan/2026:11:08:04 +0800] "POST /wp-cron.php?doing_wp_cron=1767496084.7518169879913330078125 HTTP/1.1" 200 - "-" "WordPress/6.8.3; https://impeccablerenovations.com.au"
52.59.43.236 - - [04/Jan/2026:11:08:02 +0800] "HEAD / HTTP/1.1" 200 - "https://impeccablerenovations.com.au/" "Mozilla/5.0+(compatible; UptimeRobot/2.0; http://www.uptimerobot.com/)"
54.242.78.223 - - [04/Jan/2026:11:08:07 +0800] "GET /author/gbdev/ HTTP/1.1" 200 16122 "-" "Mozilla/5.0 (Windows NT 10.0; Win64; x64) AppleWebKit/537.36 (KHTML, like Gecko) Chrome/86.0.4240.75 Safari/537.36"
54.242.78.223 - - [04/Jan/2026:11:08:07 +0800] "GET /updates/ HTTP/1.1" 200 18266 "-" "Mozilla/5.0 (Windows NT 10.0; Win64; x64) AppleWebKit/537.36 (KHTML, like Gecko) Chrome/86.0.4240.75 Safari/537.36"
103.4.122.14 - - [04/Jan/2026:11:12:54 +0800] "POST /wp-cron.php?doing_wp_cron=1767496374.2870590686798095703125 HTTP/1.1" 200 - "-" "WordPress/6.8.3; https://impeccablerenovations.com.au"
114.119.138.185 - - [04/Jan/2026:11:12:52 +0800] "GET /project/sydney-eye-clinic/ HTTP/1.1" 200 15825 "https://impeccablerenovations.com.au/project/sydney-eye-clinic" "Mozilla/5.0 (Linux; Android 7.0;) AppleWebKit/537.36 (KHTML, like Gecko) Mobile Safari/537.36 (compatible; PetalBot;+https://webmaster.petalsearch.com/site/petalbot)"
128.140.106.114 - - [04/Jan/2026:11:13:14 +0800] "HEAD / HTTP/1.1" 200 - "https://impeccablerenovations.com.au/" "Mozilla/5.0+(compatible; UptimeRobot/2.0; http://www.uptimerobot.com/)"
104.28.235.59 - - [04/Jan/2026:11:16:20 +0800] "GET /style.php HTTP/1.1" 403 199 "-" "Go-http-client/1.1"
103.4.122.14 - - [04/Jan/2026:11:18:24 +0800] "POST /wp-cron.php?doing_wp_cron=1767496703.9818730354309082031250 HTTP/1.1" 200 - "-" "WordPress/6.8.3; https://impeccablerenovations.com.au"
3.79.134.69 - - [04/Jan/2026:11:18:22 +0800] "HEAD / HTTP/1.1" 200 - "https://impeccablerenovations.com.au/" "Mozilla/5.0+(compatible; UptimeRobot/2.0; http://www.uptimerobot.com/)"
103.4.122.14 - - [04/Jan/2026:11:23:32 +0800] "POST /wp-cron.php?doing_wp_cron=1767497012.5210759639739990234375 HTTP/1.1" 200 - "-" "WordPress/6.8.3; https://impeccablerenovations.com.au"
78.47.98.55 - - [04/Jan/2026:11:23:30 +0800] "HEAD / HTTP/1.1" 200 - "https://impeccablerenovations.com.au/" "Mozilla/5.0+(compatible; UptimeRobot/2.0; http://www.uptimerobot.com/)"
103.4.122.14 - - [04/Jan/2026:11:28:39 +0800] "POST /wp-cron.php?doing_wp_cron=1767497319.2634220123291015625000 HTTP/1.1" 200 - "-" "WordPress/6.8.3; https://impeccablerenovations.com.au"
49.13.164.148 - - [04/Jan/2026:11:28:37 +0800] "HEAD / HTTP/1.1" 200 - "https://impeccablerenovations.com.au/" "Mozilla/5.0+(compatible; UptimeRobot/2.0; http://www.uptimerobot.com/)"
54.242.78.223 - - [04/Jan/2026:11:33:38 +0800] "GET / HTTP/1.1" 200 22199 "-" "Mozilla/5.0 (Windows NT 10.0; Win64; x64) AppleWebKit/537.36 (KHTML, like Gecko) Chrome/86.0.4240.75 Safari/537.36"
54.242.78.223 - - [04/Jan/2026:11:33:38 +0800] "GET /project-filter/commercial-fit-outs/ HTTP/1.1" 200 15914 "-" "Mozilla/5.0 (Windows NT 10.0; Win64; x64) AppleWebKit/537.36 (KHTML, like Gecko) Chrome/86.0.4240.75 Safari/537.36"
103.4.122.14 - - [04/Jan/2026:11:33:40 +0800] "POST /wp-cron.php?doing_wp_cron=1767497620.3502960205078125000000 HTTP/1.1" 200 - "-" "WordPress/6.8.3; https://impeccablerenovations.com.au"
54.242.78.223 - - [04/Jan/2026:11:33:39 +0800] "GET /project/chicken-shop/ HTTP/1.1" 404 62825 "-" "Mozilla/5.0 (Windows NT 10.0; Win64; x64) AppleWebKit/537.36 (KHTML, like Gecko) Chrome/86.0.4240.75 Safari/537.36"
54.242.78.223 - - [04/Jan/2026:11:33:38 +0800] "GET / HTTP/1.1" 200 22199 "-" "Mozilla/5.0 (Windows NT 10.0; Win64; x64) AppleWebKit/537.36 (KHTML, like Gecko) Chrome/86.0.4240.75 Safari/537.36"
157.90.155.240 - - [04/Jan/2026:11:33:45 +0800] "HEAD / HTTP/1.1" 200 - "https://impeccablerenovations.com.au/" "Mozilla/5.0+(compatible; UptimeRobot/2.0; http://www.uptimerobot.com/)"
103.4.122.14 - - [04/Jan/2026:11:38:58 +0800] "POST /wp-cron.php?doing_wp_cron=1767497938.4932479858398437500000 HTTP/1.1" 200 - "-" "WordPress/6.8.3; https://impeccablerenovations.com.au"
78.47.173.76 - - [04/Jan/2026:11:38:56 +0800] "HEAD / HTTP/1.1" 200 - "https://impeccablerenovations.com.au/" "Mozilla/5.0+(compatible; UptimeRobot/2.0; http://www.uptimerobot.com/)"
103.4.122.14 - - [04/Jan/2026:11:42:02 +0800] "POST /wp-cron.php?doing_wp_cron=1767498122.6870388984680175781250 HTTP/1.1" 200 - "-" "WordPress/6.8.3; https://impeccablerenovations.com.au"
37.140.223.77 - - [04/Jan/2026:11:41:59 +0800] "GET //wp-content/plugins/hellopress/wp_filemanager.php HTTP/1.1" 301 - "-" "-"
37.140.223.77 - - [04/Jan/2026:11:42:03 +0800] "GET /wp-content/plugins/hellopress/wp_filemanager.php HTTP/1.1" 404 62855 "-" "-"
103.4.122.14 - - [04/Jan/2026:11:44:10 +0800] "POST /wp-cron.php?doing_wp_cron=1767498250.2418351173400878906250 HTTP/1.1" 200 - "-" "WordPress/6.8.3; https://impeccablerenovations.com.au"
128.140.41.193 - - [04/Jan/2026:11:44:08 +0800] "HEAD / HTTP/1.1" 200 - "https://impeccablerenovations.com.au/" "Mozilla/5.0+(compatible; UptimeRobot/2.0; http://www.uptimerobot.com/)"
103.4.122.14 - - [04/Jan/2026:11:49:17 +0800] "POST /wp-cron.php?doing_wp_cron=1767498557.3752639293670654296875 HTTP/1.1" 200 - "-" "WordPress/6.8.3; https://impeccablerenovations.com.au"
63.178.84.147 - - [04/Jan/2026:11:49:15 +0800] "HEAD / HTTP/1.1" 200 - "https://impeccablerenovations.com.au/" "Mozilla/5.0+(compatible; UptimeRobot/2.0; http://www.uptimerobot.com/)"
103.4.122.14 - - [04/Jan/2026:11:54:25 +0800] "POST /wp-cron.php?doing_wp_cron=1767498865.4226379394531250000000 HTTP/1.1" 200 - "-" "WordPress/6.8.3; https://impeccablerenovations.com.au"
3.79.134.69 - - [04/Jan/2026:11:54:23 +0800] "HEAD / HTTP/1.1" 200 - "https://impeccablerenovations.com.au/" "Mozilla/5.0+(compatible; UptimeRobot/2.0; http://www.uptimerobot.com/)"
103.4.122.14 - - [04/Jan/2026:11:59:32 +0800] "POST /wp-cron.php?doing_wp_cron=1767499172.2947480678558349609375 HTTP/1.1" 200 - "-" "WordPress/6.8.3; https://impeccablerenovations.com.au"
157.90.155.240 - - [04/Jan/2026:11:59:30 +0800] "HEAD / HTTP/1.1" 200 - "https://impeccablerenovations.com.au/" "Mozilla/5.0+(compatible; UptimeRobot/2.0; http://www.uptimerobot.com/)"
103.4.122.14 - - [04/Jan/2026:12:04:40 +0800] "POST /wp-cron.php?doing_wp_cron=1767499480.1591980457305908203125 HTTP/1.1" 200 - "-" "WordPress/6.8.3; https://impeccablerenovations.com.au"
167.235.143.113 - - [04/Jan/2026:12:04:38 +0800] "HEAD / HTTP/1.1" 200 - "https://impeccablerenovations.com.au/" "Mozilla/5.0+(compatible; UptimeRobot/2.0; http://www.uptimerobot.com/)"
103.4.122.14 - - [04/Jan/2026:12:09:51 +0800] "POST /wp-cron.php?doing_wp_cron=1767499791.1919450759887695312500 HTTP/1.1" 200 - "-" "WordPress/6.8.3; https://impeccablerenovations.com.au"
78.46.190.63 - - [04/Jan/2026:12:09:49 +0800] "HEAD / HTTP/1.1" 200 - "https://impeccablerenovations.com.au/" "Mozilla/5.0+(compatible; UptimeRobot/2.0; http://www.uptimerobot.com/)"
103.4.122.14 - - [04/Jan/2026:12:14:59 +0800] "POST /wp-cron.php?doing_wp_cron=1767500099.7039151191711425781250 HTTP/1.1" 200 - "-" "WordPress/6.8.3; https://impeccablerenovations.com.au"
78.47.173.76 - - [04/Jan/2026:12:14:57 +0800] "HEAD / HTTP/1.1" 200 - "https://impeccablerenovations.com.au/" "Mozilla/5.0+(compatible; UptimeRobot/2.0; http://www.uptimerobot.com/)"
54.242.78.223 - - [04/Jan/2026:12:17:07 +0800] "GET /wp-content/uploads/2022/05/Roof-HR-1.png HTTP/1.1" 200 1295891 "-" "Mozilla/5.0 (Windows NT 10.0; Win64; x64) AppleWebKit/537.36 (KHTML, like Gecko) Chrome/86.0.4240.75 Safari/537.36"
54.242.78.223 - - [04/Jan/2026:12:17:07 +0800] "GET /wp-content/uploads/2022/01/Swimming-Pool-1-HR.png HTTP/1.1" 200 1775255 "-" "Mozilla/5.0 (Windows NT 10.0; Win64; x64) AppleWebKit/537.36 (KHTML, like Gecko) Chrome/86.0.4240.75 Safari/537.36"
54.242.78.223 - - [04/Jan/2026:12:17:07 +0800] "GET /project/child-care-centre/ HTTP/1.1" 200 15855 "-" "Mozilla/5.0 (Windows NT 10.0; Win64; x64) AppleWebKit/537.36 (KHTML, like Gecko) Chrome/86.0.4240.75 Safari/537.36"
103.4.122.14 - - [04/Jan/2026:12:17:09 +0800] "POST /wp-cron.php?doing_wp_cron=1767500228.8856101036071777343750 HTTP/1.1" 200 - "-" "WordPress/6.8.3; https://impeccablerenovations.com.au"
54.242.78.223 - - [04/Jan/2026:12:17:07 +0800] "GET /project/sydney-eye-clinic/ HTTP/1.1" 200 15980 "-" "Mozilla/5.0 (Windows NT 10.0; Win64; x64) AppleWebKit/537.36 (KHTML, like Gecko) Chrome/86.0.4240.75 Safari/537.36"
103.4.122.14 - - [04/Jan/2026:12:20:08 +0800] "POST /wp-cron.php?doing_wp_cron=1767500408.5166358947753906250000 HTTP/1.1" 200 - "-" "WordPress/6.8.3; https://impeccablerenovations.com.au"
3.77.67.4 - - [04/Jan/2026:12:20:06 +0800] "HEAD / HTTP/1.1" 200 - "https://impeccablerenovations.com.au/" "Mozilla/5.0+(compatible; UptimeRobot/2.0; http://www.uptimerobot.com/)"
54.242.78.223 - - [04/Jan/2026:12:22:37 +0800] "GET /wp-content/uploads/2022/01/Internal-StairsHR.png HTTP/1.1" 200 836097 "-" "Mozilla/5.0 (Windows NT 10.0; Win64; x64) AppleWebKit/537.36 (KHTML, like Gecko) Chrome/86.0.4240.75 Safari/537.36"
103.4.122.14 - - [04/Jan/2026:12:22:39 +0800] "POST /wp-cron.php?doing_wp_cron=1767500559.4956779479980468750000 HTTP/1.1" 200 - "-" "WordPress/6.8.3; https://impeccablerenovations.com.au"
54.242.78.223 - - [04/Jan/2026:12:22:37 +0800] "GET /working-with-architects/ HTTP/1.1" 200 19330 "-" "Mozilla/5.0 (Windows NT 10.0; Win64; x64) AppleWebKit/537.36 (KHTML, like Gecko) Chrome/86.0.4240.75 Safari/537.36"
103.4.122.14 - - [04/Jan/2026:12:25:18 +0800] "POST /wp-cron.php?doing_wp_cron=1767500718.1412138938903808593750 HTTP/1.1" 200 - "-" "WordPress/6.8.3; https://impeccablerenovations.com.au"
