20.205.104.108 - - [04/Jan/2026:00:36:28 +0800] "GET /shoyo.php HTTP/1.1" 403 199 "-" "-"
20.205.104.108 - - [04/Jan/2026:00:36:29 +0800] "GET /shoyo.php HTTP/1.1" 403 199 "-" "-"
20.205.104.108 - - [04/Jan/2026:00:36:30 +0800] "GET /flower.php HTTP/1.1" 403 199 "-" "-"
20.205.104.108 - - [04/Jan/2026:00:36:31 +0800] "GET /flower.php HTTP/1.1" 403 199 "-" "-"
20.205.104.108 - - [04/Jan/2026:00:36:32 +0800] "GET /flower.php HTTP/1.1" 403 199 "-" "-"
20.205.104.108 - - [04/Jan/2026:00:36:35 +0800] "GET /flower.php HTTP/1.1" 403 199 "-" "-"
20.205.104.108 - - [04/Jan/2026:00:36:36 +0800] "GET /waq.php HTTP/1.1" 403 199 "-" "-"
20.205.104.108 - - [04/Jan/2026:00:36:37 +0800] "GET /waq.php HTTP/1.1" 403 199 "-" "-"
20.205.104.108 - - [04/Jan/2026:00:36:39 +0800] "GET /waq.php HTTP/1.1" 403 199 "-" "-"
20.205.104.108 - - [04/Jan/2026:00:36:39 +0800] "GET /waq.php HTTP/1.1" 403 199 "-" "-"
20.205.104.108 - - [04/Jan/2026:00:36:40 +0800] "GET /wakak.php HTTP/1.1" 403 199 "-" "-"
20.205.104.108 - - [04/Jan/2026:00:36:42 +0800] "GET /wakak.php HTTP/1.1" 403 199 "-" "-"
20.205.104.108 - - [04/Jan/2026:00:36:42 +0800] "GET /wakak.php HTTP/1.1" 403 199 "-" "-"
20.205.104.108 - - [04/Jan/2026:00:36:43 +0800] "GET /wakak.php HTTP/1.1" 403 199 "-" "-"
20.205.104.108 - - [04/Jan/2026:00:36:44 +0800] "GET /adminfuns.php HTTP/1.1" 403 199 "-" "-"
20.205.104.108 - - [04/Jan/2026:00:36:45 +0800] "GET /adminfuns.php HTTP/1.1" 403 199 "-" "-"
20.205.104.108 - - [04/Jan/2026:00:36:46 +0800] "GET /adminfuns.php HTTP/1.1" 403 199 "-" "-"
20.205.104.108 - - [04/Jan/2026:00:36:51 +0800] "GET /adminfuns.php HTTP/1.1" 403 199 "-" "-"
20.205.104.108 - - [04/Jan/2026:00:36:52 +0800] "GET /wp-includes/wp-class.php HTTP/1.1" 403 199 "-" "-"
20.205.104.108 - - [04/Jan/2026:00:36:54 +0800] "GET /wp-includes/widgets/index.php HTTP/1.1" 403 199 "-" "-"
103.4.122.14 - - [04/Jan/2026:00:37:02 +0800] "POST /wp-cron.php?doing_wp_cron=1767458222.7169489860534667968750 HTTP/1.1" 200 - "-" "WordPress/6.8.3; https://impeccablerenovations.com.au"
20.205.104.108 - - [04/Jan/2026:00:36:56 +0800] "GET /wen.php HTTP/1.1" 404 62776 "-" "-"
20.205.104.108 - - [04/Jan/2026:00:37:04 +0800] "GET /cwclass.php HTTP/1.1" 404 62780 "-" "-"
20.205.104.108 - - [04/Jan/2026:00:37:05 +0800] "GET /ah24.php HTTP/1.1" 404 62777 "-" "-"
20.205.104.108 - - [04/Jan/2026:00:37:07 +0800] "GET /rtx.php HTTP/1.1" 404 62776 "-" "-"
20.205.104.108 - - [04/Jan/2026:00:37:09 +0800] "GET /bipas.php HTTP/1.1" 404 62778 "-" "-"
20.205.104.108 - - [04/Jan/2026:00:37:11 +0800] "GET /conte.php HTTP/1.1" 404 62778 "-" "-"
20.205.104.108 - - [04/Jan/2026:00:37:12 +0800] "GET /class3.php HTTP/1.1" 404 62779 "-" "-"
20.205.104.108 - - [04/Jan/2026:00:37:14 +0800] "GET /blurbs18.php HTTP/1.1" 404 62781 "-" "-"
20.205.104.108 - - [04/Jan/2026:00:37:16 +0800] "GET /claa.php HTTP/1.1" 404 62777 "-" "-"
103.4.122.14 - - [04/Jan/2026:00:40:47 +0800] "POST /wp-cron.php?doing_wp_cron=1767458447.5251219272613525390625 HTTP/1.1" 200 - "-" "WordPress/6.8.3; https://impeccablerenovations.com.au"
52.28.162.93 - - [04/Jan/2026:00:40:45 +0800] "HEAD / HTTP/1.1" 200 - "https://impeccablerenovations.com.au/" "Mozilla/5.0+(compatible; UptimeRobot/2.0; http://www.uptimerobot.com/)"
216.244.66.233 - - [04/Jan/2026:00:41:19 +0800] "GET /robots.txt HTTP/1.1" 200 132 "-" "Mozilla/5.0 (compatible; DotBot/1.2; +https://opensiteexplorer.org/dotbot; help@moz.com)"
103.4.122.14 - - [04/Jan/2026:00:45:54 +0800] "POST /wp-cron.php?doing_wp_cron=1767458754.7669100761413574218750 HTTP/1.1" 200 - "-" "WordPress/6.8.3; https://impeccablerenovations.com.au"
3.77.67.4 - - [04/Jan/2026:00:45:53 +0800] "HEAD / HTTP/1.1" 200 - "https://impeccablerenovations.com.au/" "Mozilla/5.0+(compatible; UptimeRobot/2.0; http://www.uptimerobot.com/)"
103.4.122.14 - - [04/Jan/2026:00:51:03 +0800] "POST /wp-cron.php?doing_wp_cron=1767459063.6877648830413818359375 HTTP/1.1" 200 - "-" "WordPress/6.8.3; https://impeccablerenovations.com.au"
157.90.155.240 - - [04/Jan/2026:00:51:00 +0800] "HEAD / HTTP/1.1" 200 - "https://impeccablerenovations.com.au/" "Mozilla/5.0+(compatible; UptimeRobot/2.0; http://www.uptimerobot.com/)"
216.244.66.233 - - [04/Jan/2026:00:51:04 +0800] "GET /wp-content/uploads/2022/01/Swimming-PoolHR.png HTTP/1.1" 200 1459837 "-" "Mozilla/5.0 (compatible; DotBot/1.2; +https://opensiteexplorer.org/dotbot; help@moz.com)"
103.4.122.14 - - [04/Jan/2026:00:56:15 +0800] "POST /wp-cron.php?doing_wp_cron=1767459375.5502219200134277343750 HTTP/1.1" 200 - "-" "WordPress/6.8.3; https://impeccablerenovations.com.au"
157.90.155.240 - - [04/Jan/2026:00:56:13 +0800] "HEAD / HTTP/1.1" 200 - "https://impeccablerenovations.com.au/" "Mozilla/5.0+(compatible; UptimeRobot/2.0; http://www.uptimerobot.com/)"
103.4.122.14 - - [04/Jan/2026:01:01:24 +0800] "POST /wp-cron.php?doing_wp_cron=1767459684.1816570758819580078125 HTTP/1.1" 200 - "-" "WordPress/6.8.3; https://impeccablerenovations.com.au"
142.132.180.39 - - [04/Jan/2026:01:01:22 +0800] "HEAD / HTTP/1.1" 200 - "https://impeccablerenovations.com.au/" "Mozilla/5.0+(compatible; UptimeRobot/2.0; http://www.uptimerobot.com/)"
103.4.122.14 - - [04/Jan/2026:01:06:31 +0800] "POST /wp-cron.php?doing_wp_cron=1767459991.5609750747680664062500 HTTP/1.1" 200 - "-" "WordPress/6.8.3; https://impeccablerenovations.com.au"
142.132.180.39 - - [04/Jan/2026:01:06:29 +0800] "HEAD / HTTP/1.1" 200 - "https://impeccablerenovations.com.au/" "Mozilla/5.0+(compatible; UptimeRobot/2.0; http://www.uptimerobot.com/)"
103.4.122.14 - - [04/Jan/2026:01:11:40 +0800] "POST /wp-cron.php?doing_wp_cron=1767460300.2077360153198242187500 HTTP/1.1" 200 - "-" "WordPress/6.8.3; https://impeccablerenovations.com.au"
18.193.252.127 - - [04/Jan/2026:01:11:38 +0800] "HEAD / HTTP/1.1" 200 - "https://impeccablerenovations.com.au/" "Mozilla/5.0+(compatible; UptimeRobot/2.0; http://www.uptimerobot.com/)"
103.4.122.14 - - [04/Jan/2026:01:13:54 +0800] "POST /wp-cron.php?doing_wp_cron=1767460434.0798659324645996093750 HTTP/1.1" 200 - "-" "WordPress/6.8.3; https://impeccablerenovations.com.au"
198.244.168.140 - - [04/Jan/2026:01:13:52 +0800] "GET /sitemap_index.xml HTTP/1.1" 200 346 "-" "Mozilla/5.0 (compatible; AhrefsBot/7.0; +http://ahrefs.com/robot/)"
198.244.168.248 - - [04/Jan/2026:01:13:58 +0800] "GET /post-sitemap.xml HTTP/1.1" 200 481 "-" "Mozilla/5.0 (compatible; AhrefsBot/7.0; +http://ahrefs.com/robot/)"
198.244.226.84 - - [04/Jan/2026:01:14:03 +0800] "GET /page-sitemap.xml HTTP/1.1" 200 1154 "-" "Mozilla/5.0 (compatible; AhrefsBot/7.0; +http://ahrefs.com/robot/)"
198.244.183.19 - - [04/Jan/2026:01:14:08 +0800] "GET /project-sitemap.xml HTTP/1.1" 200 445 "-" "Mozilla/5.0 (compatible; AhrefsBot/7.0; +http://ahrefs.com/robot/)"
198.244.183.5 - - [04/Jan/2026:01:14:14 +0800] "GET /category-sitemap.xml HTTP/1.1" 200 376 "-" "Mozilla/5.0 (compatible; AhrefsBot/7.0; +http://ahrefs.com/robot/)"
103.4.122.14 - - [04/Jan/2026:01:16:48 +0800] "POST /wp-cron.php?doing_wp_cron=1767460608.2127580642700195312500 HTTP/1.1" 200 - "-" "WordPress/6.8.3; https://impeccablerenovations.com.au"
49.13.167.123 - - [04/Jan/2026:01:16:46 +0800] "HEAD / HTTP/1.1" 200 - "https://impeccablerenovations.com.au/" "Mozilla/5.0+(compatible; UptimeRobot/2.0; http://www.uptimerobot.com/)"
103.4.122.14 - - [04/Jan/2026:01:18:47 +0800] "POST /wp-cron.php?doing_wp_cron=1767460727.7046320438385009765625 HTTP/1.1" 200 - "-" "WordPress/6.8.3; https://impeccablerenovations.com.au"
31.6.17.5 - - [04/Jan/2026:01:18:45 +0800] "GET / HTTP/1.0" 301 - "http://impeccablerenovations.com.au/" "Mozilla/5.0 (Windows NT 10.0; Win64; x64) AppleWebKit/537.36 (KHTML, like Gecko) Chrome/130.0.0.0 Safari/537.36 CCleaner/130.0.0.0"
31.6.17.5 - - [04/Jan/2026:01:18:49 +0800] "GET / HTTP/1.0" 200 108894 "https://impeccablerenovations.com.au/" "Mozilla/5.0 (Windows NT 10.0; Win64; x64) AppleWebKit/537.36 (KHTML, like Gecko) Chrome/130.0.0.0 Safari/537.36 CCleaner/130.0.0.0"
31.6.17.5 - - [04/Jan/2026:01:18:54 +0800] "GET /commercial-fitouts/ HTTP/1.0" 200 98266 "https://impeccablerenovations.com.au/commercial-fitouts/" "Mozilla/5.0 (Windows NT 10.0; Win64; x64) AppleWebKit/537.36 (KHTML, like Gecko) Chrome/130.0.0.0 Safari/537.36 CCleaner/130.0.0.0"
103.4.122.14 - - [04/Jan/2026:01:21:56 +0800] "POST /wp-cron.php?doing_wp_cron=1767460916.1230490207672119140625 HTTP/1.1" 200 - "-" "WordPress/6.8.3; https://impeccablerenovations.com.au"
167.235.143.113 - - [04/Jan/2026:01:21:54 +0800] "HEAD / HTTP/1.1" 200 - "https://impeccablerenovations.com.au/" "Mozilla/5.0+(compatible; UptimeRobot/2.0; http://www.uptimerobot.com/)"
103.4.122.14 - - [04/Jan/2026:01:27:03 +0800] "POST /wp-cron.php?doing_wp_cron=1767461223.3978080749511718750000 HTTP/1.1" 200 - "-" "WordPress/6.8.3; https://impeccablerenovations.com.au"
157.90.155.240 - - [04/Jan/2026:01:27:01 +0800] "HEAD / HTTP/1.1" 200 - "https://impeccablerenovations.com.au/" "Mozilla/5.0+(compatible; UptimeRobot/2.0; http://www.uptimerobot.com/)"
103.4.122.14 - - [04/Jan/2026:01:32:10 +0800] "POST /wp-cron.php?doing_wp_cron=1767461530.2370090484619140625000 HTTP/1.1" 200 - "-" "WordPress/6.8.3; https://impeccablerenovations.com.au"
3.77.67.4 - - [04/Jan/2026:01:32:08 +0800] "HEAD / HTTP/1.1" 200 - "https://impeccablerenovations.com.au/" "Mozilla/5.0+(compatible; UptimeRobot/2.0; http://www.uptimerobot.com/)"
103.4.122.14 - - [04/Jan/2026:01:37:17 +0800] "POST /wp-cron.php?doing_wp_cron=1767461837.0513861179351806640625 HTTP/1.1" 200 - "-" "WordPress/6.8.3; https://impeccablerenovations.com.au"
128.140.106.114 - - [04/Jan/2026:01:37:15 +0800] "HEAD / HTTP/1.1" 200 - "https://impeccablerenovations.com.au/" "Mozilla/5.0+(compatible; UptimeRobot/2.0; http://www.uptimerobot.com/)"
103.4.122.14 - - [04/Jan/2026:01:42:28 +0800] "POST /wp-cron.php?doing_wp_cron=1767462147.9400908946990966796875 HTTP/1.1" 200 - "-" "WordPress/6.8.3; https://impeccablerenovations.com.au"
49.13.164.148 - - [04/Jan/2026:01:42:26 +0800] "HEAD / HTTP/1.1" 200 - "https://impeccablerenovations.com.au/" "Mozilla/5.0+(compatible; UptimeRobot/2.0; http://www.uptimerobot.com/)"
103.4.122.14 - - [04/Jan/2026:01:47:35 +0800] "POST /wp-cron.php?doing_wp_cron=1767462455.6367330551147460937500 HTTP/1.1" 200 - "-" "WordPress/6.8.3; https://impeccablerenovations.com.au"
18.192.166.72 - - [04/Jan/2026:01:47:33 +0800] "HEAD / HTTP/1.1" 200 - "https://impeccablerenovations.com.au/" "Mozilla/5.0+(compatible; UptimeRobot/2.0; http://www.uptimerobot.com/)"
103.4.122.14 - - [04/Jan/2026:01:52:45 +0800] "POST /wp-cron.php?doing_wp_cron=1767462765.4000439643859863281250 HTTP/1.1" 200 - "-" "WordPress/6.8.3; https://impeccablerenovations.com.au"
168.119.123.75 - - [04/Jan/2026:01:52:43 +0800] "HEAD / HTTP/1.1" 200 - "https://impeccablerenovations.com.au/" "Mozilla/5.0+(compatible; UptimeRobot/2.0; http://www.uptimerobot.com/)"
103.4.122.14 - - [04/Jan/2026:01:56:55 +0800] "POST /wp-cron.php?doing_wp_cron=1767463015.8165929317474365234375 HTTP/1.1" 200 - "-" "WordPress/6.8.3; https://impeccablerenovations.com.au"
8.138.223.159 - - [04/Jan/2026:01:56:53 +0800] "POST /xmlrpc.php HTTP/1.1" 503 18959 "-" "Mozilla/5.0 (Windows NT 6.1; WOW64; rv:44.0) Gecko/20100101 Firefox/44.0"
8.138.223.159 - - [04/Jan/2026:01:57:00 +0800] "POST /xmlrpc.php HTTP/1.1" 503 18046 "-" "Mozilla/5.0 (Windows NT 6.1; WOW64; rv:44.0) Gecko/20100101 Firefox/44.0"
8.138.223.159 - - [04/Jan/2026:01:57:03 +0800] "POST /xmlrpc.php HTTP/1.1" 503 18046 "-" "Mozilla/5.0 (Windows NT 6.1; WOW64; rv:44.0) Gecko/20100101 Firefox/44.0"
8.138.223.159 - - [04/Jan/2026:01:57:07 +0800] "POST /xmlrpc.php HTTP/1.1" 503 18046 "-" "Mozilla/5.0 (Windows NT 6.1; WOW64; rv:44.0) Gecko/20100101 Firefox/44.0"
8.138.223.159 - - [04/Jan/2026:01:57:11 +0800] "POST /xmlrpc.php HTTP/1.1" 503 18046 "-" "Mozilla/5.0 (Windows NT 6.1; WOW64; rv:44.0) Gecko/20100101 Firefox/44.0"
8.138.223.159 - - [04/Jan/2026:01:57:14 +0800] "POST /xmlrpc.php HTTP/1.1" 403 199 "-" "Mozilla/5.0 (Windows NT 6.1; WOW64; rv:44.0) Gecko/20100101 Firefox/44.0"
103.4.122.14 - - [04/Jan/2026:01:57:55 +0800] "POST /?wordfence_syncAttackData=1767463075.5955 HTTP/1.1" 200 - "-" "WordPress/6.8.3; https://impeccablerenovations.com.au"
103.4.122.14 - - [04/Jan/2026:01:57:57 +0800] "POST /wp-cron.php?doing_wp_cron=1767463076.9927608966827392578125 HTTP/1.1" 200 - "-" "WordPress/6.8.3; https://impeccablerenovations.com.au"
78.46.190.63 - - [04/Jan/2026:01:57:53 +0800] "HEAD / HTTP/1.1" 200 - "https://impeccablerenovations.com.au/" "Mozilla/5.0+(compatible; UptimeRobot/2.0; http://www.uptimerobot.com/)"
103.4.122.14 - - [04/Jan/2026:01:59:07 +0800] "POST /wp-cron.php?doing_wp_cron=1767463147.7930760383605957031250 HTTP/1.1" 200 - "-" "WordPress/6.8.3; https://impeccablerenovations.com.au"
104.198.237.181 - - [04/Jan/2026:01:59:05 +0800] "POST /xmlrpc.php HTTP/1.1" 200 403 "-" "Mozilla/5.0 (Windows NT 6.1; WOW64; rv:45.0) Gecko/20100101 Firefox/45.0"
104.198.237.181 - - [04/Jan/2026:01:59:10 +0800] "POST /xmlrpc.php HTTP/1.1" 200 403 "-" "Mozilla/5.0 (Windows NT 6.1; WOW64; rv:45.0) Gecko/20100101 Firefox/45.0"
104.198.237.181 - - [04/Jan/2026:01:59:12 +0800] "POST /xmlrpc.php HTTP/1.1" 200 403 "-" "Mozilla/5.0 (Windows NT 6.1; WOW64; rv:45.0) Gecko/20100101 Firefox/45.0"
104.198.237.181 - - [04/Jan/2026:01:59:15 +0800] "POST /xmlrpc.php HTTP/1.1" 200 403 "-" "Mozilla/5.0 (Windows NT 6.1; WOW64; rv:45.0) Gecko/20100101 Firefox/45.0"
104.198.237.181 - - [04/Jan/2026:01:59:17 +0800] "POST /xmlrpc.php HTTP/1.1" 200 403 "-" "Mozilla/5.0 (Windows NT 6.1; WOW64; rv:45.0) Gecko/20100101 Firefox/45.0"
104.198.237.181 - - [04/Jan/2026:01:59:20 +0800] "POST /xmlrpc.php HTTP/1.1" 403 199 "-" "Mozilla/5.0 (Windows NT 6.1; WOW64; rv:45.0) Gecko/20100101 Firefox/45.0"
104.198.237.181 - - [04/Jan/2026:01:59:21 +0800] "POST /xmlrpc.php HTTP/1.1" 403 199 "-" "Mozilla/5.0 (Windows NT 6.1; WOW64; rv:45.0) Gecko/20100101 Firefox/45.0"
103.4.122.14 - - [04/Jan/2026:01:59:56 +0800] "POST /wp-cron.php?doing_wp_cron=1767463196.9231779575347900390625 HTTP/1.1" 200 - "-" "WordPress/6.8.3; https://impeccablerenovations.com.au"
162.213.251.119 - - [04/Jan/2026:01:59:54 +0800] "POST /xmlrpc.php HTTP/1.1" 503 18959 "-" "Mozilla/5.0 (Windows NT 10.0; WOW64; rv:50.0) Gecko/20100101 Firefox/50.0"
162.213.251.119 - - [04/Jan/2026:01:59:59 +0800] "POST /xmlrpc.php HTTP/1.1" 503 18046 "-" "Mozilla/5.0 (Windows NT 10.0; WOW64; rv:50.0) Gecko/20100101 Firefox/50.0"
162.213.251.119 - - [04/Jan/2026:02:00:01 +0800] "POST /xmlrpc.php HTTP/1.1" 503 18046 "-" "Mozilla/5.0 (Windows NT 10.0; WOW64; rv:50.0) Gecko/20100101 Firefox/50.0"
162.213.251.119 - - [04/Jan/2026:02:00:03 +0800] "POST /xmlrpc.php HTTP/1.1" 503 18046 "-" "Mozilla/5.0 (Windows NT 10.0; WOW64; rv:50.0) Gecko/20100101 Firefox/50.0"
162.213.251.119 - - [04/Jan/2026:02:00:05 +0800] "POST /xmlrpc.php HTTP/1.1" 503 18046 "-" "Mozilla/5.0 (Windows NT 10.0; WOW64; rv:50.0) Gecko/20100101 Firefox/50.0"
162.213.251.119 - - [04/Jan/2026:02:00:07 +0800] "POST /xmlrpc.php HTTP/1.1" 403 199 "-" "Mozilla/5.0 (Windows NT 10.0; WOW64; rv:50.0) Gecko/20100101 Firefox/50.0"
162.213.251.119 - - [04/Jan/2026:02:00:08 +0800] "POST /xmlrpc.php HTTP/1.1" 403 199 "-" "Mozilla/5.0 (Windows NT 10.0; WOW64; rv:50.0) Gecko/20100101 Firefox/50.0"
162.213.251.119 - - [04/Jan/2026:02:00:09 +0800] "POST /xmlrpc.php HTTP/1.1" 403 199 "-" "Mozilla/5.0 (Windows NT 10.0; WOW64; rv:50.0) Gecko/20100101 Firefox/50.0"
162.213.251.119 - - [04/Jan/2026:02:00:10 +0800] "POST /xmlrpc.php HTTP/1.1" 403 199 "-" "Mozilla/5.0 (Windows NT 10.0; WOW64; rv:50.0) Gecko/20100101 Firefox/50.0"
185.138.90.154 - - [04/Jan/2026:02:01:30 +0800] "GET /wp-content/uploads/2021/03/eye-clinic-10.jpg HTTP/1.1" 200 48478 "-" "Mozilla/5.0 (Windows NT 10.0; Win64; x64) AppleWebKit/537.36 (KHTML, like Gecko) Chrome/140.0.0.0 Safari/537.36"
103.4.122.14 - - [04/Jan/2026:02:03:05 +0800] "POST /?wordfence_syncAttackData=1767463385.6427 HTTP/1.1" 200 - "-" "WordPress/6.8.3; https://impeccablerenovations.com.au"
103.4.122.14 - - [04/Jan/2026:02:03:07 +0800] "POST /wp-cron.php?doing_wp_cron=1767463387.0507199764251708984375 HTTP/1.1" 200 - "-" "WordPress/6.8.3; https://impeccablerenovations.com.au"
49.13.24.81 - - [04/Jan/2026:02:03:04 +0800] "HEAD / HTTP/1.1" 200 - "https://impeccablerenovations.com.au/" "Mozilla/5.0+(compatible; UptimeRobot/2.0; http://www.uptimerobot.com/)"
103.4.122.14 - - [04/Jan/2026:02:08:14 +0800] "POST /wp-cron.php?doing_wp_cron=1767463694.7965168952941894531250 HTTP/1.1" 200 - "-" "WordPress/6.8.3; https://impeccablerenovations.com.au"
52.59.43.236 - - [04/Jan/2026:02:08:13 +0800] "HEAD / HTTP/1.1" 200 - "https://impeccablerenovations.com.au/" "Mozilla/5.0+(compatible; UptimeRobot/2.0; http://www.uptimerobot.com/)"
168.119.123.75 - - [04/Jan/2026:02:13:21 +0800] "HEAD / HTTP/1.1" 200 - "https://impeccablerenovations.com.au/" "Mozilla/5.0+(compatible; UptimeRobot/2.0; http://www.uptimerobot.com/)"
103.4.122.14 - - [04/Jan/2026:02:13:23 +0800] "POST /wp-cron.php?doing_wp_cron=1767464003.2831890583038330078125 HTTP/1.1" 200 - "-" "WordPress/6.8.3; https://impeccablerenovations.com.au"
87.250.224.233 - - [04/Jan/2026:02:13:20 +0800] "GET /robots.txt HTTP/1.1" 200 132 "-" "Mozilla/5.0 (compatible; YandexBot/3.0; +http://yandex.com/bots)"
87.250.224.92 - - [04/Jan/2026:02:13:25 +0800] "GET /portfolio/garys-new-project/ HTTP/1.1" 404 62832 "-" "Mozilla/5.0 (compatible; YandexBot/3.0; +http://yandex.com/bots)"
103.4.122.14 - - [04/Jan/2026:02:18:29 +0800] "POST /wp-cron.php?doing_wp_cron=1767464309.7930700778961181640625 HTTP/1.1" 200 - "-" "WordPress/6.8.3; https://impeccablerenovations.com.au"
128.140.41.193 - - [04/Jan/2026:02:18:27 +0800] "HEAD / HTTP/1.1" 200 - "https://impeccablerenovations.com.au/" "Mozilla/5.0+(compatible; UptimeRobot/2.0; http://www.uptimerobot.com/)"
103.77.106.81 - - [04/Jan/2026:02:20:10 +0800] "GET /sftp-config.json HTTP/1.1" 403 199 "-" "Mozilla/5.0 (Macintosh; Intel Mac OS X 10.15; rv:77.0) Gecko/20100101 Firefox/77.0"
103.4.122.14 - - [04/Jan/2026:02:20:16 +0800] "POST /wp-cron.php?doing_wp_cron=1767464416.2329330444335937500000 HTTP/1.1" 200 - "-" "WordPress/6.8.3; https://impeccablerenovations.com.au"
103.77.106.81 - - [04/Jan/2026:02:20:14 +0800] "GET /.vscode/sftp.json HTTP/1.1" 404 62787 "-" "Mozilla/5.0 (Macintosh; Intel Mac OS X 10.15; rv:77.0) Gecko/20100101 Firefox/77.0"
185.236.20.156 - - [04/Jan/2026:02:20:59 +0800] "GET /wp-content/uploads/2021/03/green-gables-five-768x512.jpg HTTP/1.1" 200 58858 "-" "Mozilla/5.0 (Windows NT 10.0; Win64; x64) AppleWebKit/537.36 (KHTML, like Gecko) Chrome/140.0.0.0 Safari/537.36"
103.4.122.14 - - [04/Jan/2026:02:23:37 +0800] "POST /wp-cron.php?doing_wp_cron=1767464617.2507019042968750000000 HTTP/1.1" 200 - "-" "WordPress/6.8.3; https://impeccablerenovations.com.au"
167.235.143.113 - - [04/Jan/2026:02:23:35 +0800] "HEAD / HTTP/1.1" 200 - "https://impeccablerenovations.com.au/" "Mozilla/5.0+(compatible; UptimeRobot/2.0; http://www.uptimerobot.com/)"
72.146.19.70 - - [04/Jan/2026:02:25:44 +0800] "POST /ALFA_DATA/alfacgiapi/perl.alfa HTTP/1.1" 403 17006 "www.google.com" "Mozlila/5.0 (Linux; Android 7.0; SM-G892A Bulid/NRD90M; wv) AppleWebKit/537.36 (KHTML, like Gecko) Version/4.0 Chrome/60.0.3112.107 Moblie Safari/537.36"
72.146.19.70 - - [04/Jan/2026:02:25:44 +0800] "GET / HTTP/1.1" 403 17006 "-" "Mozlila/5.0 (Linux; Android 7.0; SM-G892A Bulid/NRD90M; wv) AppleWebKit/537.36 (KHTML, like Gecko) Version/4.0 Chrome/60.0.3112.107 Moblie Safari/537.36"
72.146.19.70 - - [04/Jan/2026:02:25:44 +0800] "GET /wp-content/themes/seotheme/db.php?u HTTP/1.1" 403 17006 "www.google.com" "Mozlila/5.0 (Linux; Android 7.0; SM-G892A Bulid/NRD90M; wv) AppleWebKit/537.36 (KHTML, like Gecko) Version/4.0 Chrome/60.0.3112.107 Moblie Safari/537.36"
72.146.19.70 - - [04/Jan/2026:02:25:45 +0800] "POST /alfacgiapi/perl.alfa HTTP/1.1" 403 17006 "www.google.com" "Mozlila/5.0 (Linux; Android 7.0; SM-G892A Bulid/NRD90M; wv) AppleWebKit/537.36 (KHTML, like Gecko) Version/4.0 Chrome/60.0.3112.107 Moblie Safari/537.36"
72.146.19.70 - - [04/Jan/2026:02:25:45 +0800] "GET /wp-content/plugins/apikey/apikey.php?test=hello HTTP/1.1" 403 17006 "-" "Mozlila/5.0 (Linux; Android 7.0; SM-G892A Bulid/NRD90M; wv) AppleWebKit/537.36 (KHTML, like Gecko) Version/4.0 Chrome/60.0.3112.107 Moblie Safari/537.36"
72.146.19.70 - - [04/Jan/2026:02:25:45 +0800] "GET /plugins/content/apismtp/apismtp.php?test=hello HTTP/1.1" 403 17006 "-" "Mozlila/5.0 (Linux; Android 7.0; SM-G892A Bulid/NRD90M; wv) AppleWebKit/537.36 (KHTML, like Gecko) Version/4.0 Chrome/60.0.3112.107 Moblie Safari/537.36"
72.146.19.70 - - [04/Jan/2026:02:25:46 +0800] "GET /wp-content/plugins/apikey/apikey.php.suspected?test=hello HTTP/1.1" 403 17006 "-" "Mozlila/5.0 (Linux; Android 7.0; SM-G892A Bulid/NRD90M; wv) AppleWebKit/537.36 (KHTML, like Gecko) Version/4.0 Chrome/60.0.3112.107 Moblie Safari/537.36"
72.146.19.70 - - [04/Jan/2026:02:25:46 +0800] "GET /plugins/content/apismtp/apismtp.php.suspected?test=hello HTTP/1.1" 403 17006 "-" "Mozlila/5.0 (Linux; Android 7.0; SM-G892A Bulid/NRD90M; wv) AppleWebKit/537.36 (KHTML, like Gecko) Version/4.0 Chrome/60.0.3112.107 Moblie Safari/537.36"
72.146.19.70 - - [04/Jan/2026:02:25:47 +0800] "GET /wp-content/themes/seotheme/db.php?u HTTP/1.1" 403 17006 "www.google.com" "Mozlila/5.0 (Linux; Android 7.0; SM-G892A Bulid/NRD90M; wv) AppleWebKit/537.36 (KHTML, like Gecko) Version/4.0 Chrome/60.0.3112.107 Moblie Safari/537.36"
103.4.122.14 - - [04/Jan/2026:02:25:46 +0800] "POST /?wordfence_syncAttackData=1767464746.8007 HTTP/1.1" 200 - "-" "WordPress/6.8.3; https://impeccablerenovations.com.au"
72.146.19.70 - - [04/Jan/2026:02:25:44 +0800] "POST /wp-plain.php HTTP/1.1" 404 62352 "www.google.com" "Mozilla/5.0 (Linux; Android 7.0; SM-G892A Bulid/NRD90M; wv) AppleWebKit/537.36 (KHTML, like Gecko) Version/4.0 Chrome/60.0.3112.107 Moblie Safari/537.36"
103.4.122.14 - - [04/Jan/2026:02:25:48 +0800] "POST /wp-cron.php?doing_wp_cron=1767464748.2314538955688476562500 HTTP/1.1" 200 - "-" "WordPress/6.8.3; https://impeccablerenovations.com.au"
72.146.19.70 - - [04/Jan/2026:02:25:49 +0800] "GET /cclylces.php?Fox=d3wL7 HTTP/1.1" 404 62362 "www.google.com" "Mozilla/5.0 (Linux; Android 7.0; SM-G892A Bulid/NRD90M; wv) AppleWebKit/537.36 (KHTML, like Gecko) Version/4.0 Chrome/60.0.3112.107 Moblie Safari/537.36"
72.146.19.70 - - [04/Jan/2026:02:25:52 +0800] "POST /wp-plain.php HTTP/1.1" 404 62387 "www.google.com" "Mozilla/5.0 (Linux; Android 7.0; SM-G892A Bulid/NRD90M; wv) AppleWebKit/537.36 (KHTML, like Gecko) Version/4.0 Chrome/60.0.3112.107 Moblie Safari/537.36"
72.146.19.70 - - [04/Jan/2026:02:25:55 +0800] "GET /ltqmoxzg.php?Fox=d3wL7 HTTP/1.1" 404 62397 "www.google.com" "Mozilla/5.0 (Linux; Android 7.0; SM-G892A Bulid/NRD90M; wv) AppleWebKit/537.36 (KHTML, like Gecko) Version/4.0 Chrome/60.0.3112.107 Moblie Safari/537.36"
103.4.122.14 - - [04/Jan/2026:02:26:58 +0800] "POST /wp-cron.php?doing_wp_cron=1767464817.8409759998321533203125 HTTP/1.1" 200 - "-" "WordPress/6.8.3; https://impeccablerenovations.com.au"
216.73.216.99 - - [04/Jan/2026:02:26:56 +0800] "GET /robots.txt HTTP/1.1" 200 124 "-" "Mozilla/5.0 AppleWebKit/537.36 (KHTML, like Gecko; compatible; ClaudeBot/1.0; +claudebot@anthropic.com)"
216.73.216.99 - - [04/Jan/2026:02:26:58 +0800] "GET /sitemap_index.xml HTTP/1.1" 200 346 "-" "Mozilla/5.0 AppleWebKit/537.36 (KHTML, like Gecko; compatible; ClaudeBot/1.0; +claudebot@anthropic.com)"
103.4.122.14 - - [04/Jan/2026:02:28:44 +0800] "POST /wp-cron.php?doing_wp_cron=1767464924.6216759681701660156250 HTTP/1.1" 200 - "-" "WordPress/6.8.3; https://impeccablerenovations.com.au"
3.79.134.69 - - [04/Jan/2026:02:28:42 +0800] "HEAD / HTTP/1.1" 200 - "https://impeccablerenovations.com.au/" "Mozilla/5.0+(compatible; UptimeRobot/2.0; http://www.uptimerobot.com/)"
103.4.122.14 - - [04/Jan/2026:02:33:15 +0800] "POST /wp-cron.php?doing_wp_cron=1767465195.8644640445709228515625 HTTP/1.1" 200 - "-" "WordPress/6.8.3; https://impeccablerenovations.com.au"
192.71.12.140 - - [04/Jan/2026:02:33:13 +0800] "GET / HTTP/1.1" 301 - "-" "Mozilla/5.0 (Windows NT 10.0; Win64; x64) AppleWebKit/537.36 (KHTML, like Gecko) Chrome/122.0.0.0 Safari/537.36 Agency/93.8.2357.5"
192.71.36.158 - - [04/Jan/2026:02:33:17 +0800] "GET / HTTP/1.1" 200 22209 "http://impeccablerenovations.com.au/" "Mozilla/5.0 (Windows NT 10.0; Win64; x64) AppleWebKit/537.36 (KHTML, like Gecko) Chrome/122.0.0.0 Safari/537.36 Agency/93.8.2357.5"
192.36.70.176 - - [04/Jan/2026:02:33:20 +0800] "GET /project-filter/commercial-fit-outs/ HTTP/1.1" 200 15914 "-" "Mozilla/5.0 (Windows NT 10.0; Win64; x64) AppleWebKit/537.36 (KHTML, like Gecko) Chrome/122.0.0.0 Safari/537.36 Agency/93.8.2357.5"
192.71.126.175 - - [04/Jan/2026:02:33:23 +0800] "GET /project-filter/home-renovation/ HTTP/1.1" 200 15614 "-" "Mozilla/5.0 (Windows NT 10.0; Win64; x64) AppleWebKit/537.36 (KHTML, like Gecko) Chrome/122.0.0.0 Safari/537.36 Agency/93.8.2357.5"
192.71.3.26 - - [04/Jan/2026:02:33:25 +0800] "GET /project/sydney-eye-clinic/ HTTP/1.1" 200 15980 "-" "Mozilla/5.0 (Windows NT 10.0; Win64; x64) AppleWebKit/537.36 (KHTML, like Gecko) Chrome/122.0.0.0 Safari/537.36 Agency/93.8.2357.5"
103.4.122.14 - - [04/Jan/2026:02:33:55 +0800] "POST /wp-cron.php?doing_wp_cron=1767465235.0515279769897460937500 HTTP/1.1" 200 - "-" "WordPress/6.8.3; https://impeccablerenovations.com.au"
49.13.130.29 - - [04/Jan/2026:02:33:53 +0800] "HEAD / HTTP/1.1" 200 - "https://impeccablerenovations.com.au/" "Mozilla/5.0+(compatible; UptimeRobot/2.0; http://www.uptimerobot.com/)"
103.4.122.14 - - [04/Jan/2026:02:39:02 +0800] "POST /wp-cron.php?doing_wp_cron=1767465542.7822599411010742187500 HTTP/1.1" 200 - "-" "WordPress/6.8.3; https://impeccablerenovations.com.au"
168.119.123.75 - - [04/Jan/2026:02:39:01 +0800] "HEAD / HTTP/1.1" 200 - "https://impeccablerenovations.com.au/" "Mozilla/5.0+(compatible; UptimeRobot/2.0; http://www.uptimerobot.com/)"
72.56.67.128 - - [04/Jan/2026:02:39:02 +0800] "GET /wp-content/uploads/2022/03/main.jpg HTTP/1.1" 200 455795 "-" "Mozilla/5.0 (Windows NT 10.0; Win64; x64) AppleWebKit/537.36 (KHTML, like Gecko) Chrome/140.0.0.0 Safari/537.36"
103.4.122.14 - - [04/Jan/2026:02:44:10 +0800] "POST /wp-cron.php?doing_wp_cron=1767465850.7360680103302001953125 HTTP/1.1" 200 - "-" "WordPress/6.8.3; https://impeccablerenovations.com.au"
18.192.166.72 - - [04/Jan/2026:02:44:08 +0800] "HEAD / HTTP/1.1" 200 - "https://impeccablerenovations.com.au/" "Mozilla/5.0+(compatible; UptimeRobot/2.0; http://www.uptimerobot.com/)"
103.4.122.14 - - [04/Jan/2026:02:49:20 +0800] "POST /wp-cron.php?doing_wp_cron=1767466159.9298911094665527343750 HTTP/1.1" 200 - "-" "WordPress/6.8.3; https://impeccablerenovations.com.au"
3.77.67.4 - - [04/Jan/2026:02:49:18 +0800] "HEAD / HTTP/1.1" 200 - "https://impeccablerenovations.com.au/" "Mozilla/5.0+(compatible; UptimeRobot/2.0; http://www.uptimerobot.com/)"
87.121.47.213 - - [04/Jan/2026:02:51:33 +0800] "GET /wp-content/uploads/2021/12/Justus-73-498x1024.jpg HTTP/1.1" 200 87756 "-" "Mozilla/5.0 (Windows NT 10.0; Win64; x64) AppleWebKit/537.36 (KHTML, like Gecko) Chrome/140.0.0.0 Safari/537.36"
103.4.122.14 - - [04/Jan/2026:02:54:28 +0800] "POST /wp-cron.php?doing_wp_cron=1767466468.4645569324493408203125 HTTP/1.1" 200 - "-" "WordPress/6.8.3; https://impeccablerenovations.com.au"
142.132.180.39 - - [04/Jan/2026:02:54:26 +0800] "HEAD / HTTP/1.1" 200 - "https://impeccablerenovations.com.au/" "Mozilla/5.0+(compatible; UptimeRobot/2.0; http://www.uptimerobot.com/)"
103.4.122.14 - - [04/Jan/2026:02:59:36 +0800] "POST /wp-cron.php?doing_wp_cron=1767466776.8081519603729248046875 HTTP/1.1" 200 - "-" "WordPress/6.8.3; https://impeccablerenovations.com.au"
168.119.96.239 - - [04/Jan/2026:02:59:34 +0800] "HEAD / HTTP/1.1" 200 - "https://impeccablerenovations.com.au/" "Mozilla/5.0+(compatible; UptimeRobot/2.0; http://www.uptimerobot.com/)"
103.4.122.14 - - [04/Jan/2026:03:04:44 +0800] "POST /wp-cron.php?doing_wp_cron=1767467084.2750439643859863281250 HTTP/1.1" 200 - "-" "WordPress/6.8.3; https://impeccablerenovations.com.au"
167.235.143.113 - - [04/Jan/2026:03:04:42 +0800] "HEAD / HTTP/1.1" 200 - "https://impeccablerenovations.com.au/" "Mozilla/5.0+(compatible; UptimeRobot/2.0; http://www.uptimerobot.com/)"
103.4.122.14 - - [04/Jan/2026:03:08:49 +0800] "POST /wp-cron.php?doing_wp_cron=1767467329.7498080730438232421875 HTTP/1.1" 200 - "-" "WordPress/6.8.3; https://impeccablerenovations.com.au"
115.147.39.121 - - [04/Jan/2026:03:08:48 +0800] "GET /wp-json/wp/v2/posts HTTP/1.1" 200 13220 "-" "Mozilla/5.0 (Windows NT 10.0; Win64; x64) AppleWebKit/537.36 (KHTML, like Gecko) Chrome/120.0.0.0 Safari/537.36"
103.4.122.14 - - [04/Jan/2026:03:09:51 +0800] "POST /wp-cron.php?doing_wp_cron=1767467391.5563120841979980468750 HTTP/1.1" 200 - "-" "WordPress/6.8.3; https://impeccablerenovations.com.au"
167.235.143.113 - - [04/Jan/2026:03:09:49 +0800] "HEAD / HTTP/1.1" 200 - "https://impeccablerenovations.com.au/" "Mozilla/5.0+(compatible; UptimeRobot/2.0; http://www.uptimerobot.com/)"
103.4.122.14 - - [04/Jan/2026:03:15:01 +0800] "POST /wp-cron.php?doing_wp_cron=1767467701.8274540901184082031250 HTTP/1.1" 200 - "-" "WordPress/6.8.3; https://impeccablerenovations.com.au"
128.140.106.114 - - [04/Jan/2026:03:14:59 +0800] "HEAD / HTTP/1.1" 200 - "https://impeccablerenovations.com.au/" "Mozilla/5.0+(compatible; UptimeRobot/2.0; http://www.uptimerobot.com/)"
103.4.122.14 - - [04/Jan/2026:03:20:09 +0800] "POST /wp-cron.php?doing_wp_cron=1767468009.6917850971221923828125 HTTP/1.1" 200 - "-" "WordPress/6.8.3; https://impeccablerenovations.com.au"
168.119.96.239 - - [04/Jan/2026:03:20:07 +0800] "HEAD / HTTP/1.1" 200 - "https://impeccablerenovations.com.au/" "Mozilla/5.0+(compatible; UptimeRobot/2.0; http://www.uptimerobot.com/)"
213.176.18.82 - - [04/Jan/2026:03:23:40 +0800] "GET /wp-content/uploads/2021/03/hospitality-store-after-768x512.jpg HTTP/1.1" 200 86236 "-" "Mozilla/5.0 (Windows NT 10.0; Win64; x64) AppleWebKit/537.36 (KHTML, like Gecko) Chrome/140.0.0.0 Safari/537.36"
103.4.122.14 - - [04/Jan/2026:03:23:49 +0800] "POST /wp-cron.php?doing_wp_cron=1767468229.5651500225067138671875 HTTP/1.1" 200 - "-" "WordPress/6.8.3; https://impeccablerenovations.com.au"
114.119.152.54 - - [04/Jan/2026:03:23:47 +0800] "GET /privacy-policy/ HTTP/1.1" 200 25744 "https://impeccablerenovations.com.au/portfolio/hospitality-store/" "Mozilla/5.0 (Linux; Android 7.0;) AppleWebKit/537.36 (KHTML, like Gecko) Mobile Safari/537.36 (compatible; PetalBot;+https://webmaster.petalsearch.com/site/petalbot)"
103.4.122.14 - - [04/Jan/2026:03:25:19 +0800] "POST /wp-cron.php?doing_wp_cron=1767468319.7414829730987548828125 HTTP/1.1" 200 - "-" "WordPress/6.8.3; https://impeccablerenovations.com.au"
88.99.80.227 - - [04/Jan/2026:03:25:17 +0800] "HEAD / HTTP/1.1" 200 - "https://impeccablerenovations.com.au/" "Mozilla/5.0+(compatible; UptimeRobot/2.0; http://www.uptimerobot.com/)"
103.4.122.14 - - [04/Jan/2026:03:30:28 +0800] "POST /wp-cron.php?doing_wp_cron=1767468628.4096300601959228515625 HTTP/1.1" 200 - "-" "WordPress/6.8.3; https://impeccablerenovations.com.au"
3.77.67.4 - - [04/Jan/2026:03:30:26 +0800] "HEAD / HTTP/1.1" 200 - "https://impeccablerenovations.com.au/" "Mozilla/5.0+(compatible; UptimeRobot/2.0; http://www.uptimerobot.com/)"
103.4.122.14 - - [04/Jan/2026:03:35:37 +0800] "POST /wp-cron.php?doing_wp_cron=1767468936.8829030990600585937500 HTTP/1.1" 200 - "-" "WordPress/6.8.3; https://impeccablerenovations.com.au"
168.119.96.239 - - [04/Jan/2026:03:35:35 +0800] "HEAD / HTTP/1.1" 200 - "https://impeccablerenovations.com.au/" "Mozilla/5.0+(compatible; UptimeRobot/2.0; http://www.uptimerobot.com/)"
111.221.212.128 - - [04/Jan/2026:03:35:55 +0800] "GET /robots.txt HTTP/1.1" 200 124 "-" "Mozilla/5.0 (Windows NT 10.0; Win64; x64) AppleWebKit/537.36 (KHTML, like Gecko) Chrome/72.0.3174.158 Safari/537.36 Edge/18.18362"
103.4.122.14 - - [04/Jan/2026:03:40:46 +0800] "POST /wp-cron.php?doing_wp_cron=1767469246.0602610111236572265625 HTTP/1.1" 200 - "-" "WordPress/6.8.3; https://impeccablerenovations.com.au"
18.192.166.72 - - [04/Jan/2026:03:40:44 +0800] "HEAD / HTTP/1.1" 200 - "https://impeccablerenovations.com.au/" "Mozilla/5.0+(compatible; UptimeRobot/2.0; http://www.uptimerobot.com/)"
103.4.122.14 - - [04/Jan/2026:03:41:46 +0800] "POST /wp-cron.php?doing_wp_cron=1767469306.6749470233917236328125 HTTP/1.1" 200 - "-" "WordPress/6.8.3; https://impeccablerenovations.com.au"
136.227.160.126 - - [04/Jan/2026:03:41:45 +0800] "GET / HTTP/1.1" 200 22199 "-" "Mozilla/5.0 (compatible; MSIE 8.0; Windows NT 4.0; Trident/4.1)"
194.135.132.80 - - [04/Jan/2026:03:41:48 +0800] "GET /privacy-policy/ HTTP/1.1" 200 25891 "https://impeccablerenovations.com.au/" "Mozilla/5.0 (compatible; MSIE 5.0; Windows NT 5.01; Trident/5.0)"
213.159.13.250 - - [04/Jan/2026:03:41:49 +0800] "GET /contact-us/ HTTP/1.1" 200 18381 "https://impeccablerenovations.com.au/" "Mozilla/5.0 (X11; Linux x86_64; rv:1.9.5.20) Gecko/6599-07-13 14:21:25.926788 Firefox/3.6.20"
134.199.86.160 - - [04/Jan/2026:03:41:49 +0800] "GET /updates/ HTTP/1.1" 200 18274 "https://impeccablerenovations.com.au/" "Opera/9.72.(X11; Linux x86_64; fa-IR) Presto/2.9.164 Version/10.00"
136.227.178.181 - - [04/Jan/2026:03:41:49 +0800] "GET /projects/ HTTP/1.1" 200 19680 "https://impeccablerenovations.com.au/" "Mozilla/5.0 (compatible; MSIE 5.0; Windows NT 6.2; Trident/3.1)"
103.4.122.14 - - [04/Jan/2026:03:45:55 +0800] "POST /wp-cron.php?doing_wp_cron=1767469555.6149890422821044921875 HTTP/1.1" 200 - "-" "WordPress/6.8.3; https://impeccablerenovations.com.au"
128.140.106.114 - - [04/Jan/2026:03:45:53 +0800] "HEAD / HTTP/1.1" 200 - "https://impeccablerenovations.com.au/" "Mozilla/5.0+(compatible; UptimeRobot/2.0; http://www.uptimerobot.com/)"
85.159.229.128 - - [04/Jan/2026:03:49:42 +0800] "GET /wp-content/uploads/2021/03/green-gables-five.jpg HTTP/1.1" 200 82571 "-" "Mozilla/5.0 (Windows NT 10.0; Win64; x64) AppleWebKit/537.36 (KHTML, like Gecko) Chrome/140.0.0.0 Safari/537.36"
103.4.122.14 - - [04/Jan/2026:03:51:07 +0800] "POST /wp-cron.php?doing_wp_cron=1767469866.9810130596160888671875 HTTP/1.1" 200 - "-" "WordPress/6.8.3; https://impeccablerenovations.com.au"
49.13.130.29 - - [04/Jan/2026:03:51:05 +0800] "HEAD / HTTP/1.1" 200 - "https://impeccablerenovations.com.au/" "Mozilla/5.0+(compatible; UptimeRobot/2.0; http://www.uptimerobot.com/)"
103.4.122.14 - - [04/Jan/2026:03:56:16 +0800] "POST /wp-cron.php?doing_wp_cron=1767470176.0826740264892578125000 HTTP/1.1" 200 - "-" "WordPress/6.8.3; https://impeccablerenovations.com.au"
18.192.166.72 - - [04/Jan/2026:03:56:14 +0800] "HEAD / HTTP/1.1" 200 - "https://impeccablerenovations.com.au/" "Mozilla/5.0+(compatible; UptimeRobot/2.0; http://www.uptimerobot.com/)"
103.4.122.14 - - [04/Jan/2026:04:00:37 +0800] "POST /wp-cron.php?doing_wp_cron=1767470437.4535601139068603515625 HTTP/1.1" 200 - "-" "WordPress/6.8.3; https://impeccablerenovations.com.au"
198.244.168.232 - - [04/Jan/2026:04:00:35 +0800] "GET /sitemap_index.xml HTTP/1.1" 200 346 "-" "Mozilla/5.0 (compatible; AhrefsBot/7.0; +http://ahrefs.com/robot/)"
51.195.244.91 - - [04/Jan/2026:04:00:41 +0800] "GET /post-sitemap.xml HTTP/1.1" 200 481 "-" "Mozilla/5.0 (compatible; AhrefsBot/7.0; +http://ahrefs.com/robot/)"
198.244.183.193 - - [04/Jan/2026:04:00:47 +0800] "GET /page-sitemap.xml HTTP/1.1" 200 1154 "-" "Mozilla/5.0 (compatible; AhrefsBot/7.0; +http://ahrefs.com/robot/)"
198.244.168.185 - - [04/Jan/2026:04:00:52 +0800] "GET /project-sitemap.xml HTTP/1.1" 200 445 "-" "Mozilla/5.0 (compatible; AhrefsBot/7.0; +http://ahrefs.com/robot/)"
51.195.244.135 - - [04/Jan/2026:04:00:58 +0800] "GET /category-sitemap.xml HTTP/1.1" 200 376 "-" "Mozilla/5.0 (compatible; AhrefsBot/7.0; +http://ahrefs.com/robot/)"
52.28.162.93 - - [04/Jan/2026:04:01:21 +0800] "HEAD / HTTP/1.1" 200 - "https://impeccablerenovations.com.au/" "Mozilla/5.0+(compatible; UptimeRobot/2.0; http://www.uptimerobot.com/)"
103.4.122.14 - - [04/Jan/2026:04:06:31 +0800] "POST /wp-cron.php?doing_wp_cron=1767470791.4353659152984619140625 HTTP/1.1" 200 - "-" "WordPress/6.8.3; https://impeccablerenovations.com.au"
63.178.84.147 - - [04/Jan/2026:04:06:29 +0800] "HEAD / HTTP/1.1" 200 - "https://impeccablerenovations.com.au/" "Mozilla/5.0+(compatible; UptimeRobot/2.0; http://www.uptimerobot.com/)"
103.4.122.14 - - [04/Jan/2026:04:08:39 +0800] "POST /wp-cron.php?doing_wp_cron=1767470919.3009169101715087890625 HTTP/1.1" 200 - "-" "WordPress/6.8.3; https://impeccablerenovations.com.au"
35.236.51.231 - - [04/Jan/2026:04:08:37 +0800] "HEAD /old/ HTTP/1.1" 404 - "-" "Mozilla/5.0 (X11; Linux x86_64; rv:127.0) Gecko/20100101 Firefox/127.0"
35.236.51.231 - - [04/Jan/2026:04:08:39 +0800] "HEAD /blog/ HTTP/1.1" 200 - "-" "Mozilla/5.0 (Windows NT 10.0; Win64; x64) AppleWebKit/537.36 (KHTML, like Gecko) Chrome/127.0.6534.42 Safari/537.36"
35.236.51.231 - - [04/Jan/2026:04:08:41 +0800] "HEAD /backup/ HTTP/1.1" 404 - "-" "Mozilla/5.0 (Linux; Android 14; Samsung SM-A546B) AppleWebKit/537.36 (KHTML, like Gecko) Chrome/126.0.6478.14 Mobile Safari/537.36"
35.236.51.231 - - [04/Jan/2026:04:08:42 +0800] "HEAD /wp/ HTTP/1.1" 404 - "-" "Mozilla/5.0 (Linux; Android 10; vivo 1904) AppleWebKit/537.36 (KHTML, like Gecko) Chrome/117.0.5938.60 Mobile Safari/537.36"
35.236.51.231 - - [04/Jan/2026:04:08:43 +0800] "HEAD /new/ HTTP/1.1" 404 - "-" "Mozilla/5.0 (Linux; Android 10; vivo 1904) AppleWebKit/537.36 (KHTML, like Gecko) Chrome/117.0.5938.60 Mobile Safari/537.36"
35.236.51.231 - - [04/Jan/2026:04:08:45 +0800] "HEAD / HTTP/1.1" 301 - "-" "Mozilla/5.0 (Windows NT 11.0; Win64; x64) AppleWebKit/537.36 (KHTML, like Gecko) Edg/128.0.2790.25 Chrome/128.0.6540.22 Safari/537.36"
35.236.51.231 - - [04/Jan/2026:04:08:47 +0800] "HEAD / HTTP/1.1" 200 - "http://impeccablerenovations.com.au/" "Mozilla/5.0 (Windows NT 11.0; Win64; x64) AppleWebKit/537.36 (KHTML, like Gecko) Edg/128.0.2790.25 Chrome/128.0.6540.22 Safari/537.36"
35.236.51.231 - - [04/Jan/2026:04:08:48 +0800] "HEAD /wordpress/ HTTP/1.1" 404 - "-" "Mozilla/5.0 (Linux; Android 14; RMX3842) AppleWebKit/537.36 (KHTML, like Gecko) Chrome/126.0.6478.44 Mobile Safari/537.36"
103.4.122.14 - - [04/Jan/2026:04:11:38 +0800] "POST /wp-cron.php?doing_wp_cron=1767471098.6756169795989990234375 HTTP/1.1" 200 - "-" "WordPress/6.8.3; https://impeccablerenovations.com.au"
78.47.98.55 - - [04/Jan/2026:04:11:36 +0800] "HEAD / HTTP/1.1" 200 - "https://impeccablerenovations.com.au/" "Mozilla/5.0+(compatible; UptimeRobot/2.0; http://www.uptimerobot.com/)"
103.4.122.14 - - [04/Jan/2026:04:15:59 +0800] "POST /wp-cron.php?doing_wp_cron=1767471359.0872139930725097656250 HTTP/1.1" 200 - "-" "WordPress/6.8.3; https://impeccablerenovations.com.au"
31.192.239.165 - - [04/Jan/2026:04:15:56 +0800] "GET /wp-content/uploads/2022/03/impeccable-logo-min.jpg HTTP/1.1" 404 62858 "-" "Mozilla/5.0 (Windows NT 10.0; Win64; x64) AppleWebKit/537.36 (KHTML, like Gecko) Chrome/140.0.0.0 Safari/537.36"
103.4.122.14 - - [04/Jan/2026:04:16:49 +0800] "POST /wp-cron.php?doing_wp_cron=1767471409.2267069816589355468750 HTTP/1.1" 200 - "-" "WordPress/6.8.3; https://impeccablerenovations.com.au"
3.79.134.69 - - [04/Jan/2026:04:16:47 +0800] "HEAD / HTTP/1.1" 200 - "https://impeccablerenovations.com.au/" "Mozilla/5.0+(compatible; UptimeRobot/2.0; http://www.uptimerobot.com/)"
185.39.204.92 - - [04/Jan/2026:04:19:31 +0800] "GET /wp-content/uploads/2021/03/green-gables-two.jpg HTTP/1.1" 200 154550 "-" "Mozilla/5.0 (Windows NT 10.0; Win64; x64) AppleWebKit/537.36 (KHTML, like Gecko) Chrome/140.0.0.0 Safari/537.36"
103.4.122.14 - - [04/Jan/2026:04:21:56 +0800] "POST /wp-cron.php?doing_wp_cron=1767471716.6120390892028808593750 HTTP/1.1" 200 - "-" "WordPress/6.8.3; https://impeccablerenovations.com.au"
52.28.162.93 - - [04/Jan/2026:04:21:54 +0800] "HEAD / HTTP/1.1" 200 - "https://impeccablerenovations.com.au/" "Mozilla/5.0+(compatible; UptimeRobot/2.0; http://www.uptimerobot.com/)"
178.22.31.82 - - [04/Jan/2026:04:26:16 +0800] "GET /wp-content/uploads/2021/03/hospitality-store-after.jpg HTTP/1.1" 200 120950 "-" "Mozilla/5.0 (Windows NT 10.0; Win64; x64) AppleWebKit/537.36 (KHTML, like Gecko) Chrome/140.0.0.0 Safari/537.36"
45.143.200.227 - - [04/Jan/2026:04:26:23 +0800] "GET /wp-content/uploads/2022/01/Swimming-PoolHR.png HTTP/1.1" 200 1459837 "-" "Mozilla/5.0 (Windows NT 10.0; Win64; x64) AppleWebKit/537.36 (KHTML, like Gecko) Chrome/140.0.0.0 Safari/537.36"
103.4.122.14 - - [04/Jan/2026:04:27:05 +0800] "POST /wp-cron.php?doing_wp_cron=1767472025.1877450942993164062500 HTTP/1.1" 200 - "-" "WordPress/6.8.3; https://impeccablerenovations.com.au"
142.132.180.39 - - [04/Jan/2026:04:27:03 +0800] "HEAD / HTTP/1.1" 200 - "https://impeccablerenovations.com.au/" "Mozilla/5.0+(compatible; UptimeRobot/2.0; http://www.uptimerobot.com/)"
103.4.122.14 - - [04/Jan/2026:04:32:14 +0800] "POST /wp-cron.php?doing_wp_cron=1767472333.5111930370330810546875 HTTP/1.1" 200 - "-" "WordPress/6.8.3; https://impeccablerenovations.com.au"
18.193.252.127 - - [04/Jan/2026:04:32:11 +0800] "HEAD / HTTP/1.1" 200 - "https://impeccablerenovations.com.au/" "Mozilla/5.0+(compatible; UptimeRobot/2.0; http://www.uptimerobot.com/)"
103.4.122.14 - - [04/Jan/2026:04:37:22 +0800] "POST /wp-cron.php?doing_wp_cron=1767472642.4843559265136718750000 HTTP/1.1" 200 - "-" "WordPress/6.8.3; https://impeccablerenovations.com.au"
52.59.43.236 - - [04/Jan/2026:04:37:20 +0800] "HEAD / HTTP/1.1" 200 - "https://impeccablerenovations.com.au/" "Mozilla/5.0+(compatible; UptimeRobot/2.0; http://www.uptimerobot.com/)"
103.4.122.14 - - [04/Jan/2026:04:42:32 +0800] "POST /wp-cron.php?doing_wp_cron=1767472952.0814580917358398437500 HTTP/1.1" 200 - "-" "WordPress/6.8.3; https://impeccablerenovations.com.au"
88.99.80.227 - - [04/Jan/2026:04:42:30 +0800] "HEAD / HTTP/1.1" 200 - "https://impeccablerenovations.com.au/" "Mozilla/5.0+(compatible; UptimeRobot/2.0; http://www.uptimerobot.com/)"
103.4.122.14 - - [04/Jan/2026:04:47:40 +0800] "POST /wp-cron.php?doing_wp_cron=1767473260.6209549903869628906250 HTTP/1.1" 200 - "-" "WordPress/6.8.3; https://impeccablerenovations.com.au"
167.235.143.113 - - [04/Jan/2026:04:47:38 +0800] "HEAD / HTTP/1.1" 200 - "https://impeccablerenovations.com.au/" "Mozilla/5.0+(compatible; UptimeRobot/2.0; http://www.uptimerobot.com/)"
103.4.122.14 - - [04/Jan/2026:04:52:50 +0800] "POST /wp-cron.php?doing_wp_cron=1767473570.7750918865203857421875 HTTP/1.1" 200 - "-" "WordPress/6.8.3; https://impeccablerenovations.com.au"
159.69.158.189 - - [04/Jan/2026:04:52:48 +0800] "HEAD / HTTP/1.1" 200 - "https://impeccablerenovations.com.au/" "Mozilla/5.0+(compatible; UptimeRobot/2.0; http://www.uptimerobot.com/)"
103.4.122.14 - - [04/Jan/2026:04:57:59 +0800] "POST /wp-cron.php?doing_wp_cron=1767473879.0169639587402343750000 HTTP/1.1" 200 - "-" "WordPress/6.8.3; https://impeccablerenovations.com.au"
78.47.173.76 - - [04/Jan/2026:04:57:57 +0800] "HEAD / HTTP/1.1" 200 - "https://impeccablerenovations.com.au/" "Mozilla/5.0+(compatible; UptimeRobot/2.0; http://www.uptimerobot.com/)"
103.4.122.14 - - [04/Jan/2026:05:03:06 +0800] "POST /wp-cron.php?doing_wp_cron=1767474186.2831270694732666015625 HTTP/1.1" 200 - "-" "WordPress/6.8.3; https://impeccablerenovations.com.au"
18.193.252.127 - - [04/Jan/2026:05:03:04 +0800] "HEAD / HTTP/1.1" 200 - "https://impeccablerenovations.com.au/" "Mozilla/5.0+(compatible; UptimeRobot/2.0; http://www.uptimerobot.com/)"
103.4.122.14 - - [04/Jan/2026:05:08:17 +0800] "POST /wp-cron.php?doing_wp_cron=1767474497.3796529769897460937500 HTTP/1.1" 200 - "-" "WordPress/6.8.3; https://impeccablerenovations.com.au"
78.46.215.1 - - [04/Jan/2026:05:08:15 +0800] "HEAD / HTTP/1.1" 200 - "https://impeccablerenovations.com.au/" "Mozilla/5.0+(compatible; UptimeRobot/2.0; http://www.uptimerobot.com/)"
103.4.122.14 - - [04/Jan/2026:05:13:24 +0800] "POST /wp-cron.php?doing_wp_cron=1767474804.6911869049072265625000 HTTP/1.1" 200 - "-" "WordPress/6.8.3; https://impeccablerenovations.com.au"
49.13.24.81 - - [04/Jan/2026:05:13:22 +0800] "HEAD / HTTP/1.1" 200 - "https://impeccablerenovations.com.au/" "Mozilla/5.0+(compatible; UptimeRobot/2.0; http://www.uptimerobot.com/)"
103.4.122.14 - - [04/Jan/2026:05:18:04 +0800] "POST /wp-cron.php?doing_wp_cron=1767475084.6640110015869140625000 HTTP/1.1" 200 - "-" "WordPress/6.8.3; https://impeccablerenovations.com.au"
152.53.244.123 - - [04/Jan/2026:05:18:02 +0800] "GET /robots.txt HTTP/1.1" 200 124 "-" "MercuryLeads/1.0 (+https://mercuryleads.io/crawler/)"
103.4.122.14 - - [04/Jan/2026:05:18:34 +0800] "POST /wp-cron.php?doing_wp_cron=1767475114.3579618930816650390625 HTTP/1.1" 200 - "-" "WordPress/6.8.3; https://impeccablerenovations.com.au"
49.13.130.29 - - [04/Jan/2026:05:18:32 +0800] "HEAD / HTTP/1.1" 200 - "https://impeccablerenovations.com.au/" "Mozilla/5.0+(compatible; UptimeRobot/2.0; http://www.uptimerobot.com/)"
103.4.122.14 - - [04/Jan/2026:05:21:23 +0800] "POST /wp-cron.php?doing_wp_cron=1767475283.5472600460052490234375 HTTP/1.1" 200 - "-" "WordPress/6.8.3; https://impeccablerenovations.com.au"
40.77.167.243 - - [04/Jan/2026:05:21:21 +0800] "GET /sitemap_index.xml HTTP/1.1" 200 346 "-" "Mozilla/5.0 AppleWebKit/537.36 (KHTML, like Gecko; compatible; bingbot/2.0; +http://www.bing.com/bingbot.htm) Chrome/116.0.1938.76 Safari/537.36"
103.77.107.178 - - [04/Jan/2026:05:22:40 +0800] "GET /sftp-config.json HTTP/1.1" 403 199 "-" "Mozilla/5.0 (Macintosh; Intel Mac OS X 10.15; rv:77.0) Gecko/20100101 Firefox/77.0"
103.77.107.178 - - [04/Jan/2026:05:22:40 +0800] "GET /.vscode/sftp.json HTTP/1.1" 403 199 "-" "Mozilla/5.0 (Macintosh; Intel Mac OS X 10.15; rv:77.0) Gecko/20100101 Firefox/77.0"
103.4.122.14 - - [04/Jan/2026:05:23:41 +0800] "POST /wp-cron.php?doing_wp_cron=1767475421.7823610305786132812500 HTTP/1.1" 200 - "-" "WordPress/6.8.3; https://impeccablerenovations.com.au"
142.132.180.39 - - [04/Jan/2026:05:23:39 +0800] "HEAD / HTTP/1.1" 200 - "https://impeccablerenovations.com.au/" "Mozilla/5.0+(compatible; UptimeRobot/2.0; http://www.uptimerobot.com/)"
103.4.122.14 - - [04/Jan/2026:05:25:10 +0800] "POST /wp-cron.php?doing_wp_cron=1767475510.8558230400085449218750 HTTP/1.1" 200 - "-" "WordPress/6.8.3; https://impeccablerenovations.com.au"
54.193.25.243 - - [04/Jan/2026:05:25:09 +0800] "GET / HTTP/1.1" 301 - "-" "Mozilla/5.0 (Macintosh; Intel Mac OS X 10_15_7) AppleWebKit/605.1.15 (KHTML, like Gecko) Version/18.3.1 Safari/605.1.15"
54.193.25.243 - - [04/Jan/2026:05:25:11 +0800] "GET / HTTP/1.1" 200 22209 "http://impeccablerenovations.com.au/" "Mozilla/5.0 (Macintosh; Intel Mac OS X 10_15_7) AppleWebKit/605.1.15 (KHTML, like Gecko) Version/18.3.1 Safari/605.1.15"
103.4.122.14 - - [04/Jan/2026:05:28:50 +0800] "POST /wp-cron.php?doing_wp_cron=1767475730.5710260868072509765625 HTTP/1.1" 200 - "-" "WordPress/6.8.3; https://impeccablerenovations.com.au"
49.13.134.145 - - [04/Jan/2026:05:28:48 +0800] "HEAD / HTTP/1.1" 200 - "https://impeccablerenovations.com.au/" "Mozilla/5.0+(compatible; UptimeRobot/2.0; http://www.uptimerobot.com/)"
103.4.122.14 - - [04/Jan/2026:05:33:58 +0800] "POST /wp-cron.php?doing_wp_cron=1767476038.0599009990692138671875 HTTP/1.1" 200 - "-" "WordPress/6.8.3; https://impeccablerenovations.com.au"
63.178.84.147 - - [04/Jan/2026:05:33:56 +0800] "HEAD / HTTP/1.1" 200 - "https://impeccablerenovations.com.au/" "Mozilla/5.0+(compatible; UptimeRobot/2.0; http://www.uptimerobot.com/)"
103.4.122.14 - - [04/Jan/2026:05:39:07 +0800] "POST /wp-cron.php?doing_wp_cron=1767476346.8786380290985107421875 HTTP/1.1" 200 - "-" "WordPress/6.8.3; https://impeccablerenovations.com.au"
18.192.166.72 - - [04/Jan/2026:05:39:05 +0800] "HEAD / HTTP/1.1" 200 - "https://impeccablerenovations.com.au/" "Mozilla/5.0+(compatible; UptimeRobot/2.0; http://www.uptimerobot.com/)"
103.4.122.14 - - [04/Jan/2026:05:44:14 +0800] "POST /wp-cron.php?doing_wp_cron=1767476654.7477419376373291015625 HTTP/1.1" 200 - "-" "WordPress/6.8.3; https://impeccablerenovations.com.au"
142.132.180.39 - - [04/Jan/2026:05:44:12 +0800] "HEAD / HTTP/1.1" 200 - "https://impeccablerenovations.com.au/" "Mozilla/5.0+(compatible; UptimeRobot/2.0; http://www.uptimerobot.com/)"
216.24.212.169 - - [04/Jan/2026:05:44:17 +0800] "GET / HTTP/1.0" 301 - "http://impeccablerenovations.com.au/" "Mozilla/5.0 (Windows NT 10.0; Win64; x64) AppleWebKit/537.36 (KHTML, like Gecko) Chrome/131.0.0.0 Safari/537.36"
216.24.212.169 - - [04/Jan/2026:05:44:19 +0800] "GET / HTTP/1.0" 200 108894 "https://impeccablerenovations.com.au/" "Mozilla/5.0 (Windows NT 10.0; Win64; x64) AppleWebKit/537.36 (KHTML, like Gecko) Chrome/131.0.0.0 Safari/537.36"
216.24.212.179 - - [04/Jan/2026:05:44:23 +0800] "GET /commercial-fitouts/ HTTP/1.0" 200 98266 "https://impeccablerenovations.com.au/commercial-fitouts/" "Mozilla/5.0 (Windows NT 10.0; Win64; x64) AppleWebKit/537.36 (KHTML, like Gecko) Chrome/131.0.0.0 Safari/537.36"
103.4.122.14 - - [04/Jan/2026:05:49:27 +0800] "POST /wp-cron.php?doing_wp_cron=1767476966.9187469482421875000000 HTTP/1.1" 200 - "-" "WordPress/6.8.3; https://impeccablerenovations.com.au"
78.46.190.63 - - [04/Jan/2026:05:49:25 +0800] "HEAD / HTTP/1.1" 200 - "https://impeccablerenovations.com.au/" "Mozilla/5.0+(compatible; UptimeRobot/2.0; http://www.uptimerobot.com/)"
103.4.122.14 - - [04/Jan/2026:05:51:10 +0800] "POST /wp-cron.php?doing_wp_cron=1767477070.3518049716949462890625 HTTP/1.1" 200 - "-" "WordPress/6.8.3; https://impeccablerenovations.com.au"
37.120.217.148 - - [04/Jan/2026:05:51:08 +0800] "GET / HTTP/1.1" 200 108894 "-" "Mozilla/5.0"
103.4.122.14 - - [04/Jan/2026:05:54:34 +0800] "POST /wp-cron.php?doing_wp_cron=1767477274.6959869861602783203125 HTTP/1.1" 200 - "-" "WordPress/6.8.3; https://impeccablerenovations.com.au"
128.140.106.114 - - [04/Jan/2026:05:54:32 +0800] "HEAD / HTTP/1.1" 200 - "https://impeccablerenovations.com.au/" "Mozilla/5.0+(compatible; UptimeRobot/2.0; http://www.uptimerobot.com/)"
