51.68.111.240 - - [05/Jan/2026:01:57:48 +0800] "GET /robots.txt HTTP/1.1" 200 124 "-" "Mozilla/5.0 (compatible; MJ12bot/v2.0.4; http://mj12bot.com/)"
51.68.111.240 - - [05/Jan/2026:01:57:51 +0800] "GET / HTTP/1.1" 301 - "-" "Mozilla/5.0 (compatible; MJ12bot/v2.0.4; http://mj12bot.com/)"
51.68.111.240 - - [05/Jan/2026:01:57:53 +0800] "GET /robots.txt HTTP/1.1" 200 124 "-" "Mozilla/5.0 (compatible; MJ12bot/v2.0.4; http://mj12bot.com/)"
51.68.111.240 - - [05/Jan/2026:01:57:55 +0800] "GET / HTTP/1.1" 200 22199 "-" "Mozilla/5.0 (compatible; MJ12bot/v2.0.4; http://mj12bot.com/)"
103.4.122.14 - - [05/Jan/2026:02:00:24 +0800] "POST /wp-cron.php?doing_wp_cron=1767549624.4828519821166992187500 HTTP/1.1" 200 - "-" "WordPress/6.8.3; https://impeccablerenovations.com.au"
168.119.96.239 - - [05/Jan/2026:02:00:22 +0800] "HEAD / HTTP/1.1" 200 - "https://impeccablerenovations.com.au/" "Mozilla/5.0+(compatible; UptimeRobot/2.0; http://www.uptimerobot.com/)"
103.4.122.14 - - [05/Jan/2026:02:05:40 +0800] "POST /wp-cron.php?doing_wp_cron=1767549940.1313800811767578125000 HTTP/1.1" 200 - "-" "WordPress/6.8.3; https://impeccablerenovations.com.au"
78.46.215.1 - - [05/Jan/2026:02:05:38 +0800] "HEAD / HTTP/1.1" 200 - "https://impeccablerenovations.com.au/" "Mozilla/5.0+(compatible; UptimeRobot/2.0; http://www.uptimerobot.com/)"
103.4.122.14 - - [05/Jan/2026:02:10:47 +0800] "POST /wp-cron.php?doing_wp_cron=1767550247.8167200088500976562500 HTTP/1.1" 200 - "-" "WordPress/6.8.3; https://impeccablerenovations.com.au"
49.13.134.145 - - [05/Jan/2026:02:10:45 +0800] "HEAD / HTTP/1.1" 200 - "https://impeccablerenovations.com.au/" "Mozilla/5.0+(compatible; UptimeRobot/2.0; http://www.uptimerobot.com/)"
103.4.122.14 - - [05/Jan/2026:02:15:56 +0800] "POST /wp-cron.php?doing_wp_cron=1767550556.0643088817596435546875 HTTP/1.1" 200 - "-" "WordPress/6.8.3; https://impeccablerenovations.com.au"
49.13.134.145 - - [05/Jan/2026:02:15:54 +0800] "HEAD / HTTP/1.1" 200 - "https://impeccablerenovations.com.au/" "Mozilla/5.0+(compatible; UptimeRobot/2.0; http://www.uptimerobot.com/)"
103.4.122.14 - - [05/Jan/2026:02:21:12 +0800] "POST /wp-cron.php?doing_wp_cron=1767550872.1226530075073242187500 HTTP/1.1" 200 - "-" "WordPress/6.8.3; https://impeccablerenovations.com.au"
128.140.41.193 - - [05/Jan/2026:02:21:10 +0800] "HEAD / HTTP/1.1" 200 - "https://impeccablerenovations.com.au/" "Mozilla/5.0+(compatible; UptimeRobot/2.0; http://www.uptimerobot.com/)"
103.4.122.14 - - [05/Jan/2026:02:26:25 +0800] "POST /wp-cron.php?doing_wp_cron=1767551185.2508480548858642578125 HTTP/1.1" 200 - "-" "WordPress/6.8.3; https://impeccablerenovations.com.au"
128.140.106.114 - - [05/Jan/2026:02:26:23 +0800] "HEAD / HTTP/1.1" 200 - "https://impeccablerenovations.com.au/" "Mozilla/5.0+(compatible; UptimeRobot/2.0; http://www.uptimerobot.com/)"
103.4.122.14 - - [05/Jan/2026:02:31:33 +0800] "POST /wp-cron.php?doing_wp_cron=1767551492.8977859020233154296875 HTTP/1.1" 200 - "-" "WordPress/6.8.3; https://impeccablerenovations.com.au"
167.235.143.113 - - [05/Jan/2026:02:31:31 +0800] "HEAD / HTTP/1.1" 200 - "https://impeccablerenovations.com.au/" "Mozilla/5.0+(compatible; UptimeRobot/2.0; http://www.uptimerobot.com/)"
103.4.122.14 - - [05/Jan/2026:02:36:41 +0800] "POST /wp-cron.php?doing_wp_cron=1767551801.0160079002380371093750 HTTP/1.1" 200 - "-" "WordPress/6.8.3; https://impeccablerenovations.com.au"
49.13.130.29 - - [05/Jan/2026:02:36:39 +0800] "HEAD / HTTP/1.1" 200 - "https://impeccablerenovations.com.au/" "Mozilla/5.0+(compatible; UptimeRobot/2.0; http://www.uptimerobot.com/)"
103.4.122.14 - - [05/Jan/2026:02:41:48 +0800] "POST /wp-cron.php?doing_wp_cron=1767552108.3194150924682617187500 HTTP/1.1" 200 - "-" "WordPress/6.8.3; https://impeccablerenovations.com.au"
3.79.134.69 - - [05/Jan/2026:02:41:46 +0800] "HEAD / HTTP/1.1" 200 - "https://impeccablerenovations.com.au/" "Mozilla/5.0+(compatible; UptimeRobot/2.0; http://www.uptimerobot.com/)"
103.4.122.14 - - [05/Jan/2026:02:46:58 +0800] "POST /wp-cron.php?doing_wp_cron=1767552418.0720210075378417968750 HTTP/1.1" 200 - "-" "WordPress/6.8.3; https://impeccablerenovations.com.au"
168.119.96.239 - - [05/Jan/2026:02:46:56 +0800] "HEAD / HTTP/1.1" 200 - "https://impeccablerenovations.com.au/" "Mozilla/5.0+(compatible; UptimeRobot/2.0; http://www.uptimerobot.com/)"
103.4.122.14 - - [05/Jan/2026:02:52:15 +0800] "POST /wp-cron.php?doing_wp_cron=1767552735.1874270439147949218750 HTTP/1.1" 200 - "-" "WordPress/6.8.3; https://impeccablerenovations.com.au"
63.178.84.147 - - [05/Jan/2026:02:52:12 +0800] "HEAD / HTTP/1.1" 200 - "https://impeccablerenovations.com.au/" "Mozilla/5.0+(compatible; UptimeRobot/2.0; http://www.uptimerobot.com/)"
103.4.122.14 - - [05/Jan/2026:02:57:23 +0800] "POST /wp-cron.php?doing_wp_cron=1767553043.2436549663543701171875 HTTP/1.1" 200 - "-" "WordPress/6.8.3; https://impeccablerenovations.com.au"
52.28.162.93 - - [05/Jan/2026:02:57:21 +0800] "HEAD / HTTP/1.1" 200 - "https://impeccablerenovations.com.au/" "Mozilla/5.0+(compatible; UptimeRobot/2.0; http://www.uptimerobot.com/)"
103.4.122.14 - - [05/Jan/2026:03:02:31 +0800] "POST /wp-cron.php?doing_wp_cron=1767553351.1884579658508300781250 HTTP/1.1" 200 - "-" "WordPress/6.8.3; https://impeccablerenovations.com.au"
78.47.98.55 - - [05/Jan/2026:03:02:29 +0800] "HEAD / HTTP/1.1" 200 - "https://impeccablerenovations.com.au/" "Mozilla/5.0+(compatible; UptimeRobot/2.0; http://www.uptimerobot.com/)"
47.92.4.147 - - [05/Jan/2026:03:04:18 +0800] "GET / HTTP/1.1" 301 - "-" "Mozilla/5.0 (Windows NT 10.0; Win64; x64) AppleWebKit/537.36 (KHTML, like Gecko) Chrome/91.0.4472.124 Safari/537.36"
47.92.4.147 - - [05/Jan/2026:03:04:18 +0800] "GET / HTTP/1.1" 301 - "-" "Mozilla/5.0 (Windows NT 10.0; Win64; x64) AppleWebKit/537.36 (KHTML, like Gecko) Chrome/91.0.4472.124 Safari/537.36"
103.4.122.14 - - [05/Jan/2026:03:04:20 +0800] "POST /wp-cron.php?doing_wp_cron=1767553460.2175168991088867187500 HTTP/1.1" 200 - "-" "WordPress/6.8.3; https://impeccablerenovations.com.au"
47.92.4.147 - - [05/Jan/2026:03:04:18 +0800] "GET / HTTP/1.1" 301 - "-" "Mozilla/5.0 (Windows NT 10.0; Win64; x64) AppleWebKit/537.36 (KHTML, like Gecko) Chrome/91.0.4472.124 Safari/537.36"
47.92.4.147 - - [05/Jan/2026:03:04:19 +0800] "GET / HTTP/1.1" 200 22199 "-" "Mozilla/5.0 (Windows NT 10.0; Win64; x64) AppleWebKit/537.36 (KHTML, like Gecko) Chrome/91.0.4472.124 Safari/537.36"
47.92.4.147 - - [05/Jan/2026:03:04:21 +0800] "GET / HTTP/1.1" 200 22199 "-" "Mozilla/5.0 (Windows NT 10.0; Win64; x64) AppleWebKit/537.36 (KHTML, like Gecko) Chrome/91.0.4472.124 Safari/537.36"
47.92.4.147 - - [05/Jan/2026:03:04:21 +0800] "GET / HTTP/1.1" 200 22199 "-" "Mozilla/5.0 (Windows NT 10.0; Win64; x64) AppleWebKit/537.36 (KHTML, like Gecko) Chrome/91.0.4472.124 Safari/537.36"
47.92.4.147 - - [05/Jan/2026:03:04:22 +0800] "GET / HTTP/1.1" 200 22199 "-" "Mozilla/5.0 (Windows NT 10.0; Win64; x64) AppleWebKit/537.36 (KHTML, like Gecko) Chrome/91.0.4472.124 Safari/537.36"
47.92.4.147 - - [05/Jan/2026:03:04:25 +0800] "GET / HTTP/1.1" 200 22199 "-" "Mozilla/5.0 (Windows NT 10.0; Win64; x64) AppleWebKit/537.36 (KHTML, like Gecko) Chrome/91.0.4472.124 Safari/537.36"
103.4.122.14 - - [05/Jan/2026:03:07:38 +0800] "POST /wp-cron.php?doing_wp_cron=1767553658.6698050498962402343750 HTTP/1.1" 200 - "-" "WordPress/6.8.3; https://impeccablerenovations.com.au"
3.77.67.4 - - [05/Jan/2026:03:07:36 +0800] "HEAD / HTTP/1.1" 200 - "https://impeccablerenovations.com.au/" "Mozilla/5.0+(compatible; UptimeRobot/2.0; http://www.uptimerobot.com/)"
103.4.122.14 - - [05/Jan/2026:03:11:40 +0800] "POST /wp-cron.php?doing_wp_cron=1767553900.3707211017608642578125 HTTP/1.1" 200 - "-" "WordPress/6.8.3; https://impeccablerenovations.com.au"
40.77.167.42 - - [05/Jan/2026:03:11:38 +0800] "GET /projects HTTP/1.1" 301 - "-" "Mozilla/5.0 AppleWebKit/537.36 (KHTML, like Gecko; compatible; bingbot/2.0; +http://www.bing.com/bingbot.htm) Chrome/116.0.1938.76 Safari/537.36"
40.77.167.42 - - [05/Jan/2026:03:11:41 +0800] "GET /projects/ HTTP/1.1" 200 19666 "-" "Mozilla/5.0 AppleWebKit/537.36 (KHTML, like Gecko; compatible; bingbot/2.0; +http://www.bing.com/bingbot.htm) Chrome/116.0.1938.76 Safari/537.36"
103.4.122.14 - - [05/Jan/2026:03:12:47 +0800] "POST /wp-cron.php?doing_wp_cron=1767553967.0850100517272949218750 HTTP/1.1" 200 - "-" "WordPress/6.8.3; https://impeccablerenovations.com.au"
78.47.98.55 - - [05/Jan/2026:03:12:45 +0800] "HEAD / HTTP/1.1" 200 - "https://impeccablerenovations.com.au/" "Mozilla/5.0+(compatible; UptimeRobot/2.0; http://www.uptimerobot.com/)"
195.24.236.78 - - [05/Jan/2026:03:14:38 +0800] "GET / HTTP/1.1" 301 - "-" "-"
103.4.122.14 - - [05/Jan/2026:03:14:54 +0800] "POST /wp-cron.php?doing_wp_cron=1767554094.9448060989379882812500 HTTP/1.1" 200 - "-" "WordPress/6.8.3; https://impeccablerenovations.com.au"
195.24.236.78 - - [05/Jan/2026:03:14:47 +0800] "GET / HTTP/1.1" 301 - "-" "-"
195.24.236.78 - - [05/Jan/2026:03:14:55 +0800] "GET / HTTP/1.1" 301 - "-" "-"
195.24.236.78 - - [05/Jan/2026:03:15:03 +0800] "GET / HTTP/1.1" 301 - "-" "-"
195.24.236.78 - - [05/Jan/2026:03:15:12 +0800] "GET / HTTP/1.1" 301 - "-" "-"
103.4.122.14 - - [05/Jan/2026:03:17:54 +0800] "POST /wp-cron.php?doing_wp_cron=1767554274.7704770565032958984375 HTTP/1.1" 200 - "-" "WordPress/6.8.3; https://impeccablerenovations.com.au"
157.90.155.240 - - [05/Jan/2026:03:17:52 +0800] "HEAD / HTTP/1.1" 200 - "https://impeccablerenovations.com.au/" "Mozilla/5.0+(compatible; UptimeRobot/2.0; http://www.uptimerobot.com/)"
103.4.122.14 - - [05/Jan/2026:03:20:40 +0800] "POST /wp-cron.php?doing_wp_cron=1767554440.0704910755157470703125 HTTP/1.1" 200 - "-" "WordPress/6.8.3; https://impeccablerenovations.com.au"
72.252.131.160 - - [05/Jan/2026:03:20:38 +0800] "GET / HTTP/1.1" 200 108951 "https://impeccablerenovations.com.au" "Mozilla/5.0 (Windows NT 10.0; Win64; x64) AppleWebKit/537.36 (KHTML, like Gecko) Chrome/80.0.3987.132 Safari/537.36"
103.4.122.14 - - [05/Jan/2026:03:23:08 +0800] "POST /wp-cron.php?doing_wp_cron=1767554588.2418570518493652343750 HTTP/1.1" 200 - "-" "WordPress/6.8.3; https://impeccablerenovations.com.au"
49.13.130.29 - - [05/Jan/2026:03:23:06 +0800] "HEAD / HTTP/1.1" 200 - "https://impeccablerenovations.com.au/" "Mozilla/5.0+(compatible; UptimeRobot/2.0; http://www.uptimerobot.com/)"
103.4.122.14 - - [05/Jan/2026:03:26:04 +0800] "POST /wp-cron.php?doing_wp_cron=1767554764.6246008872985839843750 HTTP/1.1" 200 - "-" "WordPress/6.8.3; https://impeccablerenovations.com.au"
202.76.184.142 - - [05/Jan/2026:03:26:02 +0800] "GET /portfolio/garys-new-project/ HTTP/1.1" 404 62832 "-" "Mozilla/5.0(Windows; U; Windows NT 7.0; rv:1.9.2) Gecko/20100101 Firefox/3.6"
103.4.122.14 - - [05/Jan/2026:03:28:15 +0800] "POST /wp-cron.php?doing_wp_cron=1767554895.7647099494934082031250 HTTP/1.1" 200 - "-" "WordPress/6.8.3; https://impeccablerenovations.com.au"
157.90.155.240 - - [05/Jan/2026:03:28:13 +0800] "HEAD / HTTP/1.1" 200 - "https://impeccablerenovations.com.au/" "Mozilla/5.0+(compatible; UptimeRobot/2.0; http://www.uptimerobot.com/)"
43.130.228.73 - - [05/Jan/2026:03:32:33 +0800] "GET / HTTP/1.1" 403 199 "-" "Mozilla/5.0 (iPhone; CPU iPhone OS 13_2_3 like Mac OS X) AppleWebKit/605.1.15 (KHTML, like Gecko) Version/13.0.3 Mobile/15E148 Safari/604.1"
103.4.122.14 - - [05/Jan/2026:03:33:24 +0800] "POST /wp-cron.php?doing_wp_cron=1767555204.1875209808349609375000 HTTP/1.1" 200 - "-" "WordPress/6.8.3; https://impeccablerenovations.com.au"
157.90.155.240 - - [05/Jan/2026:03:33:22 +0800] "HEAD / HTTP/1.1" 200 - "https://impeccablerenovations.com.au/" "Mozilla/5.0+(compatible; UptimeRobot/2.0; http://www.uptimerobot.com/)"
103.4.122.14 - - [05/Jan/2026:03:38:41 +0800] "POST /wp-cron.php?doing_wp_cron=1767555521.8196570873260498046875 HTTP/1.1" 200 - "-" "WordPress/6.8.3; https://impeccablerenovations.com.au"
159.69.158.189 - - [05/Jan/2026:03:38:39 +0800] "HEAD / HTTP/1.1" 200 - "https://impeccablerenovations.com.au/" "Mozilla/5.0+(compatible; UptimeRobot/2.0; http://www.uptimerobot.com/)"
103.4.122.14 - - [05/Jan/2026:03:42:38 +0800] "POST /wp-cron.php?doing_wp_cron=1767555758.0382740497589111328125 HTTP/1.1" 200 - "-" "WordPress/6.8.3; https://impeccablerenovations.com.au"
72.252.131.160 - - [05/Jan/2026:03:42:36 +0800] "GET / HTTP/1.1" 200 108951 "https://impeccablerenovations.com.au" "Mozilla/5.0 (Windows NT 10.0; Win64; x64) AppleWebKit/537.36 (KHTML, like Gecko) Chrome/80.0.3987.132 Safari/537.36"
103.4.122.14 - - [05/Jan/2026:03:43:58 +0800] "POST /wp-cron.php?doing_wp_cron=1767555837.8868620395660400390625 HTTP/1.1" 200 - "-" "WordPress/6.8.3; https://impeccablerenovations.com.au"
18.193.252.127 - - [05/Jan/2026:03:43:56 +0800] "HEAD / HTTP/1.1" 200 - "https://impeccablerenovations.com.au/" "Mozilla/5.0+(compatible; UptimeRobot/2.0; http://www.uptimerobot.com/)"
103.4.122.14 - - [05/Jan/2026:03:49:13 +0800] "POST /wp-cron.php?doing_wp_cron=1767556153.1688261032104492187500 HTTP/1.1" 200 - "-" "WordPress/6.8.3; https://impeccablerenovations.com.au"
78.46.190.63 - - [05/Jan/2026:03:49:11 +0800] "HEAD / HTTP/1.1" 200 - "https://impeccablerenovations.com.au/" "Mozilla/5.0+(compatible; UptimeRobot/2.0; http://www.uptimerobot.com/)"
103.4.122.14 - - [05/Jan/2026:03:54:23 +0800] "POST /wp-cron.php?doing_wp_cron=1767556463.0516200065612792968750 HTTP/1.1" 200 - "-" "WordPress/6.8.3; https://impeccablerenovations.com.au"
157.90.156.63 - - [05/Jan/2026:03:54:21 +0800] "HEAD / HTTP/1.1" 200 - "https://impeccablerenovations.com.au/" "Mozilla/5.0+(compatible; UptimeRobot/2.0; http://www.uptimerobot.com/)"
103.4.122.14 - - [05/Jan/2026:03:59:38 +0800] "POST /wp-cron.php?doing_wp_cron=1767556778.7300939559936523437500 HTTP/1.1" 200 - "-" "WordPress/6.8.3; https://impeccablerenovations.com.au"
49.13.134.145 - - [05/Jan/2026:03:59:34 +0800] "HEAD / HTTP/1.1" 200 - "https://impeccablerenovations.com.au/" "Mozilla/5.0+(compatible; UptimeRobot/2.0; http://www.uptimerobot.com/)"
43.133.139.6 - - [05/Jan/2026:03:59:57 +0800] "GET / HTTP/1.1" 403 199 "-" "Mozilla/5.0 (iPhone; CPU iPhone OS 13_2_3 like Mac OS X) AppleWebKit/605.1.15 (KHTML, like Gecko) Version/13.0.3 Mobile/15E148 Safari/604.1"
103.4.122.14 - - [05/Jan/2026:04:04:48 +0800] "POST /wp-cron.php?doing_wp_cron=1767557087.9918940067291259765625 HTTP/1.1" 200 - "-" "WordPress/6.8.3; https://impeccablerenovations.com.au"
78.47.173.76 - - [05/Jan/2026:04:04:46 +0800] "HEAD / HTTP/1.1" 200 - "https://impeccablerenovations.com.au/" "Mozilla/5.0+(compatible; UptimeRobot/2.0; http://www.uptimerobot.com/)"
103.4.122.14 - - [05/Jan/2026:04:09:56 +0800] "POST /wp-cron.php?doing_wp_cron=1767557396.7119901180267333984375 HTTP/1.1" 200 - "-" "WordPress/6.8.3; https://impeccablerenovations.com.au"
49.13.134.145 - - [05/Jan/2026:04:09:54 +0800] "HEAD / HTTP/1.1" 200 - "https://impeccablerenovations.com.au/" "Mozilla/5.0+(compatible; UptimeRobot/2.0; http://www.uptimerobot.com/)"
103.4.122.14 - - [05/Jan/2026:04:15:05 +0800] "POST /wp-cron.php?doing_wp_cron=1767557705.6356039047241210937500 HTTP/1.1" 200 - "-" "WordPress/6.8.3; https://impeccablerenovations.com.au"
49.13.134.145 - - [05/Jan/2026:04:15:03 +0800] "HEAD / HTTP/1.1" 200 - "https://impeccablerenovations.com.au/" "Mozilla/5.0+(compatible; UptimeRobot/2.0; http://www.uptimerobot.com/)"
103.4.122.14 - - [05/Jan/2026:04:20:14 +0800] "POST /wp-cron.php?doing_wp_cron=1767558014.1294379234313964843750 HTTP/1.1" 200 - "-" "WordPress/6.8.3; https://impeccablerenovations.com.au"
168.119.53.160 - - [05/Jan/2026:04:20:12 +0800] "HEAD / HTTP/1.1" 200 - "https://impeccablerenovations.com.au/" "Mozilla/5.0+(compatible; UptimeRobot/2.0; http://www.uptimerobot.com/)"
103.4.122.14 - - [05/Jan/2026:04:25:22 +0800] "POST /wp-cron.php?doing_wp_cron=1767558321.9564740657806396484375 HTTP/1.1" 200 - "-" "WordPress/6.8.3; https://impeccablerenovations.com.au"
63.178.84.147 - - [05/Jan/2026:04:25:20 +0800] "HEAD / HTTP/1.1" 200 - "https://impeccablerenovations.com.au/" "Mozilla/5.0+(compatible; UptimeRobot/2.0; http://www.uptimerobot.com/)"
103.4.122.14 - - [05/Jan/2026:04:30:30 +0800] "POST /wp-cron.php?doing_wp_cron=1767558630.6232390403747558593750 HTTP/1.1" 200 - "-" "WordPress/6.8.3; https://impeccablerenovations.com.au"
167.235.143.113 - - [05/Jan/2026:04:30:28 +0800] "HEAD / HTTP/1.1" 200 - "https://impeccablerenovations.com.au/" "Mozilla/5.0+(compatible; UptimeRobot/2.0; http://www.uptimerobot.com/)"
103.4.122.14 - - [05/Jan/2026:04:32:22 +0800] "POST /wp-cron.php?doing_wp_cron=1767558742.7101709842681884765625 HTTP/1.1" 200 - "-" "WordPress/6.8.3; https://impeccablerenovations.com.au"
213.230.72.13 - - [05/Jan/2026:04:32:20 +0800] "GET /robots.txt HTTP/1.1" 200 124 "-" "Mozilla/5.0 (X11; Linux i686; rv:6.0) Gecko/20100101 Firefox/6.0"
103.4.122.14 - - [05/Jan/2026:04:33:48 +0800] "POST /wp-cron.php?doing_wp_cron=1767558828.3635120391845703125000 HTTP/1.1" 200 - "-" "WordPress/6.8.3; https://impeccablerenovations.com.au"
177.23.239.211 - - [05/Jan/2026:04:33:46 +0800] "GET /portfolio/gould-st-bathroom/ HTTP/1.1" 404 62832 "-" "Mozilla/5.0 (Windows NT 5.1) AppleWebKit/534.24 (KHTML, like Gecko) Chrome/11.0.696.43 Safari/534.24"
103.4.122.14 - - [05/Jan/2026:04:35:43 +0800] "POST /wp-cron.php?doing_wp_cron=1767558943.0528090000152587890625 HTTP/1.1" 200 - "-" "WordPress/6.8.3; https://impeccablerenovations.com.au"
3.79.134.69 - - [05/Jan/2026:04:35:41 +0800] "HEAD / HTTP/1.1" 200 - "https://impeccablerenovations.com.au/" "Mozilla/5.0+(compatible; UptimeRobot/2.0; http://www.uptimerobot.com/)"
103.4.122.14 - - [05/Jan/2026:04:40:55 +0800] "POST /wp-cron.php?doing_wp_cron=1767559255.2392830848693847656250 HTTP/1.1" 200 - "-" "WordPress/6.8.3; https://impeccablerenovations.com.au"
78.46.190.63 - - [05/Jan/2026:04:40:53 +0800] "HEAD / HTTP/1.1" 200 - "https://impeccablerenovations.com.au/" "Mozilla/5.0+(compatible; UptimeRobot/2.0; http://www.uptimerobot.com/)"
103.4.122.14 - - [05/Jan/2026:04:46:04 +0800] "POST /wp-cron.php?doing_wp_cron=1767559564.7112979888916015625000 HTTP/1.1" 200 - "-" "WordPress/6.8.3; https://impeccablerenovations.com.au"
168.119.96.239 - - [05/Jan/2026:04:46:02 +0800] "HEAD / HTTP/1.1" 200 - "https://impeccablerenovations.com.au/" "Mozilla/5.0+(compatible; UptimeRobot/2.0; http://www.uptimerobot.com/)"
103.4.122.14 - - [05/Jan/2026:04:47:57 +0800] "POST /wp-cron.php?doing_wp_cron=1767559677.0360889434814453125000 HTTP/1.1" 200 - "-" "WordPress/6.8.3; https://impeccablerenovations.com.au"
52.167.144.66 - - [05/Jan/2026:04:47:55 +0800] "GET /robots.txt HTTP/1.1" 200 124 "-" "Mozilla/5.0 AppleWebKit/537.36 (KHTML, like Gecko; compatible; bingbot/2.0; +http://www.bing.com/bingbot.htm) Chrome/116.0.1938.76 Safari/537.36"
52.167.144.201 - - [05/Jan/2026:04:48:07 +0800] "GET /contact-us HTTP/1.1" 301 - "-" "Mozilla/5.0 AppleWebKit/537.36 (KHTML, like Gecko; compatible; bingbot/2.0; +http://www.bing.com/bingbot.htm) Chrome/116.0.1938.76 Safari/537.36"
52.167.144.201 - - [05/Jan/2026:04:48:09 +0800] "GET /contact-us/ HTTP/1.1" 200 18394 "-" "Mozilla/5.0 AppleWebKit/537.36 (KHTML, like Gecko; compatible; bingbot/2.0; +http://www.bing.com/bingbot.htm) Chrome/116.0.1938.76 Safari/537.36"
103.4.122.14 - - [05/Jan/2026:04:50:21 +0800] "POST /wp-cron.php?doing_wp_cron=1767559820.8669090270996093750000 HTTP/1.1" 200 - "-" "WordPress/6.8.3; https://impeccablerenovations.com.au"
57.141.18.81 - - [05/Jan/2026:04:50:18 +0800] "GET /\xe0\xb8\x9a\xe0\xb8\xb2\xe0\xb8\x84\xe0\xb8\xb2\xe0\xb8\xa3\xe0\xb9\x88\xe0\xb8\xb21688.aspx HTTP/1.1" 404 62855 "-" "meta-externalagent/1.1 (+https://developers.facebook.com/docs/sharing/webmasters/crawler)"
103.4.122.14 - - [05/Jan/2026:04:50:41 +0800] "POST /wp-cron.php?doing_wp_cron=1767559841.6676089763641357421875 HTTP/1.1" 200 - "-" "WordPress/6.8.3; https://impeccablerenovations.com.au"
51.195.183.22 - - [05/Jan/2026:04:50:40 +0800] "GET /robots.txt HTTP/1.1" 200 124 "-" "Mozilla/5.0 (compatible; AhrefsBot/7.0; +http://ahrefs.com/robot/)"
51.89.129.66 - - [05/Jan/2026:04:50:46 +0800] "GET /sitemap_index.xml HTTP/1.1" 200 346 "-" "Mozilla/5.0 (compatible; AhrefsBot/7.0; +http://ahrefs.com/robot/)"
51.89.129.50 - - [05/Jan/2026:04:50:51 +0800] "GET /post-sitemap.xml HTTP/1.1" 200 481 "-" "Mozilla/5.0 (compatible; AhrefsBot/7.0; +http://ahrefs.com/robot/)"
51.195.183.254 - - [05/Jan/2026:04:50:56 +0800] "GET /page-sitemap.xml HTTP/1.1" 200 1154 "-" "Mozilla/5.0 (compatible; AhrefsBot/7.0; +http://ahrefs.com/robot/)"
198.244.240.168 - - [05/Jan/2026:04:51:02 +0800] "GET /project-sitemap.xml HTTP/1.1" 200 445 "-" "Mozilla/5.0 (compatible; AhrefsBot/7.0; +http://ahrefs.com/robot/)"
51.195.183.223 - - [05/Jan/2026:04:51:07 +0800] "GET /category-sitemap.xml HTTP/1.1" 200 376 "-" "Mozilla/5.0 (compatible; AhrefsBot/7.0; +http://ahrefs.com/robot/)"
142.132.180.39 - - [05/Jan/2026:04:51:10 +0800] "HEAD / HTTP/1.1" 200 - "https://impeccablerenovations.com.au/" "Mozilla/5.0+(compatible; UptimeRobot/2.0; http://www.uptimerobot.com/)"
103.4.122.14 - - [05/Jan/2026:04:56:22 +0800] "POST /wp-cron.php?doing_wp_cron=1767560182.6057391166687011718750 HTTP/1.1" 200 - "-" "WordPress/6.8.3; https://impeccablerenovations.com.au"
52.28.162.93 - - [05/Jan/2026:04:56:19 +0800] "HEAD / HTTP/1.1" 200 - "https://impeccablerenovations.com.au/" "Mozilla/5.0+(compatible; UptimeRobot/2.0; http://www.uptimerobot.com/)"
103.4.122.14 - - [05/Jan/2026:05:01:31 +0800] "POST /wp-cron.php?doing_wp_cron=1767560490.9599299430847167968750 HTTP/1.1" 200 - "-" "WordPress/6.8.3; https://impeccablerenovations.com.au"
49.13.24.81 - - [05/Jan/2026:05:01:29 +0800] "HEAD / HTTP/1.1" 200 - "https://impeccablerenovations.com.au/" "Mozilla/5.0+(compatible; UptimeRobot/2.0; http://www.uptimerobot.com/)"
103.4.122.14 - - [05/Jan/2026:05:06:39 +0800] "POST /wp-cron.php?doing_wp_cron=1767560798.9105269908905029296875 HTTP/1.1" 200 - "-" "WordPress/6.8.3; https://impeccablerenovations.com.au"
167.235.143.113 - - [05/Jan/2026:05:06:37 +0800] "HEAD / HTTP/1.1" 200 - "https://impeccablerenovations.com.au/" "Mozilla/5.0+(compatible; UptimeRobot/2.0; http://www.uptimerobot.com/)"
103.4.122.14 - - [05/Jan/2026:05:11:47 +0800] "POST /wp-cron.php?doing_wp_cron=1767561107.7071769237518310546875 HTTP/1.1" 200 - "-" "WordPress/6.8.3; https://impeccablerenovations.com.au"
49.13.134.145 - - [05/Jan/2026:05:11:45 +0800] "HEAD / HTTP/1.1" 200 - "https://impeccablerenovations.com.au/" "Mozilla/5.0+(compatible; UptimeRobot/2.0; http://www.uptimerobot.com/)"
103.4.122.14 - - [05/Jan/2026:05:16:57 +0800] "POST /wp-cron.php?doing_wp_cron=1767561417.0212340354919433593750 HTTP/1.1" 200 - "-" "WordPress/6.8.3; https://impeccablerenovations.com.au"
52.59.43.236 - - [05/Jan/2026:05:16:55 +0800] "HEAD / HTTP/1.1" 200 - "https://impeccablerenovations.com.au/" "Mozilla/5.0+(compatible; UptimeRobot/2.0; http://www.uptimerobot.com/)"
103.4.122.14 - - [05/Jan/2026:05:20:23 +0800] "POST /wp-cron.php?doing_wp_cron=1767561623.4569768905639648437500 HTTP/1.1" 200 - "-" "WordPress/6.8.3; https://impeccablerenovations.com.au"
17.246.15.66 - - [05/Jan/2026:05:20:21 +0800] "GET /robots.txt HTTP/1.1" 200 124 "-" "Mozilla/5.0 (Macintosh; Intel Mac OS X 10_15_7) AppleWebKit/605.1.15 (KHTML, like Gecko) Version/17.4 Safari/605.1.15 (Applebot/0.1; +http://www.apple.com/go/applebot)"
17.246.15.66 - - [05/Jan/2026:05:20:24 +0800] "GET /category/uncategorized/feed/ HTTP/1.1" 200 2332 "-" "Mozilla/5.0 (Macintosh; Intel Mac OS X 10_15_7) AppleWebKit/605.1.15 (KHTML, like Gecko) Version/17.4 Safari/605.1.15 (Applebot/0.1; +http://www.apple.com/go/applebot)"
103.4.122.14 - - [05/Jan/2026:05:22:06 +0800] "POST /wp-cron.php?doing_wp_cron=1767561726.5256180763244628906250 HTTP/1.1" 200 - "-" "WordPress/6.8.3; https://impeccablerenovations.com.au"
52.28.162.93 - - [05/Jan/2026:05:22:03 +0800] "HEAD / HTTP/1.1" 200 - "https://impeccablerenovations.com.au/" "Mozilla/5.0+(compatible; UptimeRobot/2.0; http://www.uptimerobot.com/)"
103.4.122.14 - - [05/Jan/2026:05:26:37 +0800] "POST /wp-cron.php?doing_wp_cron=1767561997.6892158985137939453125 HTTP/1.1" 200 - "-" "WordPress/6.8.3; https://impeccablerenovations.com.au"
57.141.18.65 - - [05/Jan/2026:05:26:35 +0800] "GET /\xe0\xb8\xaa\xe0\xb8\xa5\xe0\xb9\x87\xe0\xb8\xad\xe0\xb8\x95pg168\xe0\xb9\x80\xe0\xb8\xa7\xe0\xb9\x87\xe0\xb8\x9a\xe0\xb8\x95\xe0\xb8\xa3\xe0\xb8\x87.aspx HTTP/1.1" 404 62886 "-" "meta-externalagent/1.1 (+https://developers.facebook.com/docs/sharing/webmasters/crawler)"
49.13.167.123 - - [05/Jan/2026:05:27:13 +0800] "HEAD / HTTP/1.1" 200 - "https://impeccablerenovations.com.au/" "Mozilla/5.0+(compatible; UptimeRobot/2.0; http://www.uptimerobot.com/)"
103.4.122.14 - - [05/Jan/2026:05:27:58 +0800] "POST /wp-cron.php?doing_wp_cron=1767562077.9040820598602294921875 HTTP/1.1" 200 - "-" "WordPress/6.8.3; https://impeccablerenovations.com.au"
40.77.167.101 - - [05/Jan/2026:05:27:56 +0800] "GET /robots.txt HTTP/1.1" 301 - "-" "Mozilla/5.0 AppleWebKit/537.36 (KHTML, like Gecko; compatible; bingbot/2.0; +http://www.bing.com/bingbot.htm) Chrome/116.0.1938.76 Safari/537.36"
40.77.167.101 - - [05/Jan/2026:05:27:59 +0800] "GET /robots.txt HTTP/1.1" 200 124 "-" "Mozilla/5.0 AppleWebKit/537.36 (KHTML, like Gecko; compatible; bingbot/2.0; +http://www.bing.com/bingbot.htm) Chrome/116.0.1938.76 Safari/537.36"
57.141.18.18 - - [05/Jan/2026:05:28:11 +0800] "GET /\xe0\xb8\x9d\xe0\xb8\xb2\xe0\xb8\x81%201%20\xe0\xb8\x9a\xe0\xb8\xb2\xe0\xb8\x97%20\xe0\xb8\xa3\xe0\xb8\xb1\xe0\xb8\x9a%2050%20\xe0\xb8\xa5\xe0\xb9\x88\xe0\xb8\xb2\xe0\xb8\xaa\xe0\xb8\xb8\xe0\xb8\x94%20\xe0\xb9\x84\xe0\xb8\x94\xe0\xb9\x89\xe0\xb8\x88\xe0\xb8\xa3\xe0\xb8\xb4\xe0\xb8\x87.aspx HTTP/1.1" 404 62962 "-" "meta-externalagent/1.1 (+https://developers.facebook.com/docs/sharing/webmasters/crawler)"
40.77.167.61 - - [05/Jan/2026:05:28:12 +0800] "GET /about-us/ HTTP/1.1" 301 - "-" "Mozilla/5.0 AppleWebKit/537.36 (KHTML, like Gecko; compatible; bingbot/2.0; +http://www.bing.com/bingbot.htm) Chrome/116.0.1938.76 Safari/537.36"
103.4.122.14 - - [05/Jan/2026:05:32:27 +0800] "POST /wp-cron.php?doing_wp_cron=1767562347.8064749240875244140625 HTTP/1.1" 200 - "-" "WordPress/6.8.3; https://impeccablerenovations.com.au"
78.46.190.63 - - [05/Jan/2026:05:32:25 +0800] "HEAD / HTTP/1.1" 200 - "https://impeccablerenovations.com.au/" "Mozilla/5.0+(compatible; UptimeRobot/2.0; http://www.uptimerobot.com/)"
103.4.122.14 - - [05/Jan/2026:05:33:25 +0800] "POST /wp-cron.php?doing_wp_cron=1767562405.1618530750274658203125 HTTP/1.1" 200 - "-" "WordPress/6.8.3; https://impeccablerenovations.com.au"
57.141.18.63 - - [05/Jan/2026:05:33:23 +0800] "GET /\xe0\xb8\x9d\xe0\xb8\xb2\xe0\xb8\x819\xe0\xb8\x9a\xe0\xb8\xb2\xe0\xb8\x97\xe0\xb8\xa3\xe0\xb8\xb1\xe0\xb8\x9a100\xe0\xb8\xa5\xe0\xb9\x88\xe0\xb8\xb2\xe0\xb8\xaa\xe0\xb8\xb8\xe0\xb8\x94.aspx HTTP/1.1" 404 62903 "-" "meta-externalagent/1.1 (+https://developers.facebook.com/docs/sharing/webmasters/crawler)"
103.4.122.14 - - [05/Jan/2026:05:37:40 +0800] "POST /wp-cron.php?doing_wp_cron=1767562660.3286321163177490234375 HTTP/1.1" 200 - "-" "WordPress/6.8.3; https://impeccablerenovations.com.au"
128.140.106.114 - - [05/Jan/2026:05:37:38 +0800] "HEAD / HTTP/1.1" 200 - "https://impeccablerenovations.com.au/" "Mozilla/5.0+(compatible; UptimeRobot/2.0; http://www.uptimerobot.com/)"
103.4.122.14 - - [05/Jan/2026:05:42:48 +0800] "POST /wp-cron.php?doing_wp_cron=1767562968.5842239856719970703125 HTTP/1.1" 200 - "-" "WordPress/6.8.3; https://impeccablerenovations.com.au"
157.90.155.240 - - [05/Jan/2026:05:42:46 +0800] "HEAD / HTTP/1.1" 200 - "https://impeccablerenovations.com.au/" "Mozilla/5.0+(compatible; UptimeRobot/2.0; http://www.uptimerobot.com/)"
103.4.122.14 - - [05/Jan/2026:05:46:44 +0800] "POST /wp-cron.php?doing_wp_cron=1767563204.2266380786895751953125 HTTP/1.1" 200 - "-" "WordPress/6.8.3; https://impeccablerenovations.com.au"
173.252.70.5 - - [05/Jan/2026:05:46:42 +0800] "GET /robots.txt HTTP/1.1" 200 132 "-" "facebookexternalhit/1.1 (+http://www.facebook.com/externalhit_uatext.php)"
103.4.122.14 - - [05/Jan/2026:05:47:57 +0800] "POST /wp-cron.php?doing_wp_cron=1767563277.5689411163330078125000 HTTP/1.1" 200 - "-" "WordPress/6.8.3; https://impeccablerenovations.com.au"
52.59.43.236 - - [05/Jan/2026:05:47:55 +0800] "HEAD / HTTP/1.1" 200 - "https://impeccablerenovations.com.au/" "Mozilla/5.0+(compatible; UptimeRobot/2.0; http://www.uptimerobot.com/)"
62.84.176.10 - - [05/Jan/2026:05:52:56 +0800] "GET /wp-admin/css/ HTTP/1.1" 403 199 "binance.com" "Mozilla/5.0 (Windows NT 10.0; Win64; x64) AppleWebKit/537.36 (KHTML, like Gecko) Chrome/90.0.4430.85 Safari/537.36"
103.4.122.14 - - [05/Jan/2026:05:53:11 +0800] "POST /wp-cron.php?doing_wp_cron=1767563591.5803890228271484375000 HTTP/1.1" 200 - "-" "WordPress/6.8.3; https://impeccablerenovations.com.au"
128.140.41.193 - - [05/Jan/2026:05:53:09 +0800] "HEAD / HTTP/1.1" 200 - "https://impeccablerenovations.com.au/" "Mozilla/5.0+(compatible; UptimeRobot/2.0; http://www.uptimerobot.com/)"
103.4.122.14 - - [05/Jan/2026:05:58:20 +0800] "POST /wp-cron.php?doing_wp_cron=1767563899.8836650848388671875000 HTTP/1.1" 200 - "-" "WordPress/6.8.3; https://impeccablerenovations.com.au"
128.140.41.193 - - [05/Jan/2026:05:58:17 +0800] "HEAD / HTTP/1.1" 200 - "https://impeccablerenovations.com.au/" "Mozilla/5.0+(compatible; UptimeRobot/2.0; http://www.uptimerobot.com/)"
103.4.122.14 - - [05/Jan/2026:06:03:28 +0800] "POST /wp-cron.php?doing_wp_cron=1767564208.2302401065826416015625 HTTP/1.1" 200 - "-" "WordPress/6.8.3; https://impeccablerenovations.com.au"
49.13.164.148 - - [05/Jan/2026:06:03:26 +0800] "HEAD / HTTP/1.1" 200 - "https://impeccablerenovations.com.au/" "Mozilla/5.0+(compatible; UptimeRobot/2.0; http://www.uptimerobot.com/)"
103.4.122.14 - - [05/Jan/2026:06:04:19 +0800] "POST /wp-cron.php?doing_wp_cron=1767564259.0298480987548828125000 HTTP/1.1" 200 - "-" "WordPress/6.8.3; https://impeccablerenovations.com.au"
57.141.18.84 - - [05/Jan/2026:06:04:16 +0800] "GET /\xe0\xb8\xaa\xe0\xb8\xa1\xe0\xb8\xb1\xe0\xb8\x84\xe0\xb8\xa3\xe0\xb8\x9a\xe0\xb8\xb2\xe0\xb8\x84\xe0\xb8\xb2\xe0\xb8\xa3\xe0\xb9\x88\xe0\xb8\xb2.aspx HTTP/1.1" 404 62881 "-" "meta-externalagent/1.1 (+https://developers.facebook.com/docs/sharing/webmasters/crawler)"
103.4.122.14 - - [05/Jan/2026:06:05:29 +0800] "POST /wp-cron.php?doing_wp_cron=1767564328.9729480743408203125000 HTTP/1.1" 200 - "-" "WordPress/6.8.3; https://impeccablerenovations.com.au"
189.1.221.79 - - [05/Jan/2026:06:05:26 +0800] "GET /project/chicken-shop HTTP/1.1" 404 62825 "https://impeccablerenovations.com.au/project/chicken-shop" "Mozilla/5.0 (Windows NT 10.0; Win64; x64) AppleWebKit/537.36 (KHTML, like Gecko) Chrome/116.0.0.0 Safari/537.36"
103.4.122.14 - - [05/Jan/2026:06:08:35 +0800] "POST /wp-cron.php?doing_wp_cron=1767564515.6293509006500244140625 HTTP/1.1" 200 - "-" "WordPress/6.8.3; https://impeccablerenovations.com.au"
159.69.158.189 - - [05/Jan/2026:06:08:33 +0800] "HEAD / HTTP/1.1" 200 - "https://impeccablerenovations.com.au/" "Mozilla/5.0+(compatible; UptimeRobot/2.0; http://www.uptimerobot.com/)"
103.4.122.14 - - [05/Jan/2026:06:13:45 +0800] "POST /wp-cron.php?doing_wp_cron=1767564824.8363430500030517578125 HTTP/1.1" 200 - "-" "WordPress/6.8.3; https://impeccablerenovations.com.au"
168.119.53.160 - - [05/Jan/2026:06:13:42 +0800] "HEAD / HTTP/1.1" 200 - "https://impeccablerenovations.com.au/" "Mozilla/5.0+(compatible; UptimeRobot/2.0; http://www.uptimerobot.com/)"
103.4.122.14 - - [05/Jan/2026:06:18:53 +0800] "POST /wp-cron.php?doing_wp_cron=1767565133.3162178993225097656250 HTTP/1.1" 200 - "-" "WordPress/6.8.3; https://impeccablerenovations.com.au"
167.235.143.113 - - [05/Jan/2026:06:18:51 +0800] "HEAD / HTTP/1.1" 200 - "https://impeccablerenovations.com.au/" "Mozilla/5.0+(compatible; UptimeRobot/2.0; http://www.uptimerobot.com/)"
103.4.122.14 - - [05/Jan/2026:06:24:05 +0800] "POST /wp-cron.php?doing_wp_cron=1767565445.2079811096191406250000 HTTP/1.1" 200 - "-" "WordPress/6.8.3; https://impeccablerenovations.com.au"
49.13.134.145 - - [05/Jan/2026:06:24:03 +0800] "HEAD / HTTP/1.1" 200 - "https://impeccablerenovations.com.au/" "Mozilla/5.0+(compatible; UptimeRobot/2.0; http://www.uptimerobot.com/)"
103.4.122.14 - - [05/Jan/2026:06:29:15 +0800] "POST /wp-cron.php?doing_wp_cron=1767565755.7730839252471923828125 HTTP/1.1" 200 - "-" "WordPress/6.8.3; https://impeccablerenovations.com.au"
49.13.130.29 - - [05/Jan/2026:06:29:13 +0800] "HEAD / HTTP/1.1" 200 - "https://impeccablerenovations.com.au/" "Mozilla/5.0+(compatible; UptimeRobot/2.0; http://www.uptimerobot.com/)"
103.4.122.14 - - [05/Jan/2026:06:34:28 +0800] "POST /wp-cron.php?doing_wp_cron=1767566068.3314371109008789062500 HTTP/1.1" 200 - "-" "WordPress/6.8.3; https://impeccablerenovations.com.au"
78.46.190.63 - - [05/Jan/2026:06:34:26 +0800] "HEAD / HTTP/1.1" 200 - "https://impeccablerenovations.com.au/" "Mozilla/5.0+(compatible; UptimeRobot/2.0; http://www.uptimerobot.com/)"
94.103.191.10 - - [05/Jan/2026:06:35:09 +0800] "GET / HTTP/1.1" 301 - "-" "Mozilla/5.0 (X11; Fedora; Linux x86_64; rv:114.0) Gecko/20100101 Firefox/114.0"
94.103.191.10 - - [05/Jan/2026:06:35:18 +0800] "GET / HTTP/1.1" 200 22210 "http://impeccablerenovations.com.au/" "Mozilla/5.0 (X11; Fedora; Linux x86_64; rv:114.0) Gecko/20100101 Firefox/114.0"
94.103.191.10 - - [05/Jan/2026:06:35:28 +0800] "GET /wp-login.php?action=register HTTP/1.1" 302 - "https://impeccablerenovations.com.au/" "Mozilla/5.0 (Windows NT 6.3; Win64; x64) AppleWebKit/537.36 (KHTML, like Gecko) Chrome/103.0.0.0 Safari/537.36"
94.103.191.10 - - [05/Jan/2026:06:35:30 +0800] "GET /wp-login.php?registration=disabled HTTP/1.1" 200 2239 "https://impeccablerenovations.com.au/wp-login.php?action=register" "Mozilla/5.0 (Windows NT 6.3; Win64; x64) AppleWebKit/537.36 (KHTML, like Gecko) Chrome/103.0.0.0 Safari/537.36"
103.4.122.14 - - [05/Jan/2026:06:39:36 +0800] "POST /wp-cron.php?doing_wp_cron=1767566376.7591590881347656250000 HTTP/1.1" 200 - "-" "WordPress/6.8.3; https://impeccablerenovations.com.au"
49.13.130.29 - - [05/Jan/2026:06:39:34 +0800] "HEAD / HTTP/1.1" 200 - "https://impeccablerenovations.com.au/" "Mozilla/5.0+(compatible; UptimeRobot/2.0; http://www.uptimerobot.com/)"
103.4.122.14 - - [05/Jan/2026:06:44:44 +0800] "POST /wp-cron.php?doing_wp_cron=1767566684.6374199390411376953125 HTTP/1.1" 200 - "-" "WordPress/6.8.3; https://impeccablerenovations.com.au"
128.140.106.114 - - [05/Jan/2026:06:44:42 +0800] "HEAD / HTTP/1.1" 200 - "https://impeccablerenovations.com.au/" "Mozilla/5.0+(compatible; UptimeRobot/2.0; http://www.uptimerobot.com/)"
103.4.122.14 - - [05/Jan/2026:06:49:53 +0800] "POST /wp-cron.php?doing_wp_cron=1767566993.0257079601287841796875 HTTP/1.1" 200 - "-" "WordPress/6.8.3; https://impeccablerenovations.com.au"
142.132.180.39 - - [05/Jan/2026:06:49:51 +0800] "HEAD / HTTP/1.1" 200 - "https://impeccablerenovations.com.au/" "Mozilla/5.0+(compatible; UptimeRobot/2.0; http://www.uptimerobot.com/)"
103.4.122.14 - - [05/Jan/2026:06:52:36 +0800] "POST /wp-cron.php?doing_wp_cron=1767567156.1313118934631347656250 HTTP/1.1" 200 - "-" "WordPress/6.8.3; https://impeccablerenovations.com.au"
20.189.202.60 - - [05/Jan/2026:06:52:34 +0800] "GET /wp-content/plugins/hellopress/wp_filemanager.php HTTP/1.1" 404 62820 "-" "-"
20.189.202.60 - - [05/Jan/2026:06:52:36 +0800] "GET /css.php HTTP/1.1" 404 62776 "-" "-"
20.189.202.60 - - [05/Jan/2026:06:52:38 +0800] "GET /ups.php HTTP/1.1" 404 62776 "-" "-"
20.189.202.60 - - [05/Jan/2026:06:52:40 +0800] "GET /xzs.php HTTP/1.1" 404 62776 "-" "-"
20.189.202.60 - - [05/Jan/2026:06:52:42 +0800] "GET /ma.php HTTP/1.1" 404 62775 "-" "-"
20.189.202.60 - - [05/Jan/2026:06:52:44 +0800] "GET /ws35.php HTTP/1.1" 404 62777 "-" "-"
20.189.202.60 - - [05/Jan/2026:06:52:45 +0800] "GET /xa.php HTTP/1.1" 404 62775 "-" "-"
20.189.202.60 - - [05/Jan/2026:06:52:47 +0800] "GET /f35.php HTTP/1.1" 404 62776 "-" "-"
20.189.202.60 - - [05/Jan/2026:06:52:48 +0800] "GET /f8.php HTTP/1.1" 404 62775 "-" "-"
20.189.202.60 - - [05/Jan/2026:06:52:50 +0800] "GET /ws28.php HTTP/1.1" 404 62777 "-" "-"
20.189.202.60 - - [05/Jan/2026:06:52:52 +0800] "GET /wp-good.php HTTP/1.1" 404 62780 "-" "-"
20.189.202.60 - - [05/Jan/2026:06:52:54 +0800] "GET /wen.php HTTP/1.1" 403 199 "-" "-"
20.189.202.60 - - [05/Jan/2026:06:52:55 +0800] "GET /wen.php HTTP/1.1" 403 199 "-" "-"
20.189.202.60 - - [05/Jan/2026:06:52:56 +0800] "GET /wen.php HTTP/1.1" 403 199 "-" "-"
20.189.202.60 - - [05/Jan/2026:06:52:57 +0800] "GET /wen.php HTTP/1.1" 403 199 "-" "-"
20.189.202.60 - - [05/Jan/2026:06:52:59 +0800] "GET /oo.php HTTP/1.1" 403 199 "-" "-"
20.189.202.60 - - [05/Jan/2026:06:52:59 +0800] "GET /oo.php HTTP/1.1" 403 199 "-" "-"
20.189.202.60 - - [05/Jan/2026:06:53:00 +0800] "GET /oo.php HTTP/1.1" 403 199 "-" "-"
20.189.202.60 - - [05/Jan/2026:06:53:01 +0800] "GET /oo.php HTTP/1.1" 403 199 "-" "-"
20.189.202.60 - - [05/Jan/2026:06:53:02 +0800] "GET /as.php HTTP/1.1" 403 199 "-" "-"
20.189.202.60 - - [05/Jan/2026:06:53:03 +0800] "GET /as.php HTTP/1.1" 403 199 "-" "-"
20.189.202.60 - - [05/Jan/2026:06:53:04 +0800] "GET /as.php HTTP/1.1" 403 199 "-" "-"
20.189.202.60 - - [05/Jan/2026:06:53:05 +0800] "GET /as.php HTTP/1.1" 403 199 "-" "-"
20.189.202.60 - - [05/Jan/2026:06:53:06 +0800] "GET /lisa.php HTTP/1.1" 403 199 "-" "-"
20.189.202.60 - - [05/Jan/2026:06:53:07 +0800] "GET /lisa.php HTTP/1.1" 403 199 "-" "-"
20.189.202.60 - - [05/Jan/2026:06:53:08 +0800] "GET /lisa.php HTTP/1.1" 403 199 "-" "-"
20.189.202.60 - - [05/Jan/2026:06:53:09 +0800] "GET /lisa.php HTTP/1.1" 403 199 "-" "-"
20.189.202.60 - - [05/Jan/2026:06:53:11 +0800] "GET /000.php HTTP/1.1" 403 199 "-" "-"
20.189.202.60 - - [05/Jan/2026:06:53:12 +0800] "GET /000.php HTTP/1.1" 403 199 "-" "-"
20.189.202.60 - - [05/Jan/2026:06:53:13 +0800] "GET /000.php HTTP/1.1" 403 199 "-" "-"
20.189.202.60 - - [05/Jan/2026:06:53:14 +0800] "GET /000.php HTTP/1.1" 403 199 "-" "-"
20.189.202.60 - - [05/Jan/2026:06:53:15 +0800] "GET /xxxx.php HTTP/1.1" 403 199 "-" "-"
20.189.202.60 - - [05/Jan/2026:06:53:15 +0800] "GET /xxxx.php HTTP/1.1" 403 199 "-" "-"
20.189.202.60 - - [05/Jan/2026:06:53:16 +0800] "GET /xxxx.php HTTP/1.1" 403 199 "-" "-"
20.189.202.60 - - [05/Jan/2026:06:53:20 +0800] "GET /xxxx.php HTTP/1.1" 403 199 "-" "-"
20.189.202.60 - - [05/Jan/2026:06:53:21 +0800] "GET /bless14.php HTTP/1.1" 403 199 "-" "-"
20.189.202.60 - - [05/Jan/2026:06:53:22 +0800] "GET /bless14.php HTTP/1.1" 403 199 "-" "-"
20.189.202.60 - - [05/Jan/2026:06:53:23 +0800] "GET /bless14.php HTTP/1.1" 403 199 "-" "-"
20.189.202.60 - - [05/Jan/2026:06:53:24 +0800] "GET /bless14.php HTTP/1.1" 403 199 "-" "-"
20.189.202.60 - - [05/Jan/2026:06:53:25 +0800] "GET /87.php HTTP/1.1" 403 199 "-" "-"
20.189.202.60 - - [05/Jan/2026:06:53:26 +0800] "GET /87.php HTTP/1.1" 403 199 "-" "-"
20.189.202.60 - - [05/Jan/2026:06:53:27 +0800] "GET /87.php HTTP/1.1" 403 199 "-" "-"
20.189.202.60 - - [05/Jan/2026:06:53:28 +0800] "GET /87.php HTTP/1.1" 403 199 "-" "-"
20.189.202.60 - - [05/Jan/2026:06:53:29 +0800] "GET /nox.php HTTP/1.1" 403 199 "-" "-"
20.189.202.60 - - [05/Jan/2026:06:53:30 +0800] "GET /nox.php HTTP/1.1" 403 199 "-" "-"
20.189.202.60 - - [05/Jan/2026:06:53:32 +0800] "GET /nox.php HTTP/1.1" 403 199 "-" "-"
20.189.202.60 - - [05/Jan/2026:06:53:35 +0800] "GET /nox.php HTTP/1.1" 403 199 "-" "-"
20.189.202.60 - - [05/Jan/2026:06:53:36 +0800] "GET /mini.php HTTP/1.1" 403 199 "-" "-"
20.189.202.60 - - [05/Jan/2026:06:53:37 +0800] "GET /mini.php HTTP/1.1" 403 199 "-" "-"
20.189.202.60 - - [05/Jan/2026:06:53:38 +0800] "GET /mini.php HTTP/1.1" 403 199 "-" "-"
20.189.202.60 - - [05/Jan/2026:06:53:38 +0800] "GET /mini.php HTTP/1.1" 403 199 "-" "-"
20.189.202.60 - - [05/Jan/2026:06:53:39 +0800] "GET /acwfihfh.php HTTP/1.1" 403 199 "-" "-"
20.189.202.60 - - [05/Jan/2026:06:53:40 +0800] "GET /acwfihfh.php HTTP/1.1" 403 199 "-" "-"
20.189.202.60 - - [05/Jan/2026:06:53:41 +0800] "GET /acwfihfh.php HTTP/1.1" 403 199 "-" "-"
20.189.202.60 - - [05/Jan/2026:06:53:42 +0800] "GET /acwfihfh.php HTTP/1.1" 403 199 "-" "-"
20.189.202.60 - - [05/Jan/2026:06:53:44 +0800] "GET /bras.php HTTP/1.1" 403 199 "-" "-"
20.189.202.60 - - [05/Jan/2026:06:53:45 +0800] "GET /bras.php HTTP/1.1" 403 199 "-" "-"
20.189.202.60 - - [05/Jan/2026:06:53:46 +0800] "GET /bras.php HTTP/1.1" 403 199 "-" "-"
20.189.202.60 - - [05/Jan/2026:06:53:50 +0800] "GET /bras.php HTTP/1.1" 403 199 "-" "-"
20.189.202.60 - - [05/Jan/2026:06:53:51 +0800] "GET /an8.php HTTP/1.1" 403 199 "-" "-"
103.4.122.14 - - [05/Jan/2026:06:53:54 +0800] "POST /wp-cron.php?doing_wp_cron=1767567234.6507899761199951171875 HTTP/1.1" 200 - "-" "WordPress/6.8.3; https://impeccablerenovations.com.au"
20.189.202.60 - - [05/Jan/2026:06:53:52 +0800] "GET /an8.php HTTP/1.1" 404 62776 "-" "-"
20.189.202.60 - - [05/Jan/2026:06:53:55 +0800] "GET /esp.php HTTP/1.1" 404 62776 "-" "-"
20.189.202.60 - - [05/Jan/2026:06:53:57 +0800] "GET /21x.php HTTP/1.1" 404 62776 "-" "-"
20.189.202.60 - - [05/Jan/2026:06:53:59 +0800] "GET /out.php HTTP/1.1" 404 62776 "-" "-"
20.189.202.60 - - [05/Jan/2026:06:54:01 +0800] "GET /flower2.php HTTP/1.1" 404 62780 "-" "-"
20.189.202.60 - - [05/Jan/2026:06:54:02 +0800] "GET /family.php HTTP/1.1" 404 62779 "-" "-"
20.189.202.60 - - [05/Jan/2026:06:54:04 +0800] "GET /asf.php HTTP/1.1" 404 62776 "-" "-"
20.189.202.60 - - [05/Jan/2026:06:54:05 +0800] "GET /lanz.php HTTP/1.1" 404 62777 "-" "-"
20.189.202.60 - - [05/Jan/2026:06:54:07 +0800] "GET /xeeex.php HTTP/1.1" 404 62778 "-" "-"
20.189.202.60 - - [05/Jan/2026:06:54:10 +0800] "GET /tons.php HTTP/1.1" 404 62777 "-" "-"
20.189.202.60 - - [05/Jan/2026:06:54:12 +0800] "GET /wpup.php HTTP/1.1" 404 62777 "-" "-"
20.189.202.60 - - [05/Jan/2026:06:54:13 +0800] "GET /f2f.php HTTP/1.1" 403 199 "-" "-"
20.189.202.60 - - [05/Jan/2026:06:54:17 +0800] "GET /f2f.php HTTP/1.1" 403 199 "-" "-"
20.189.202.60 - - [05/Jan/2026:06:54:25 +0800] "GET /f2f.php HTTP/1.1" 403 199 "-" "-"
20.189.202.60 - - [05/Jan/2026:06:54:26 +0800] "GET /f2f.php HTTP/1.1" 403 199 "-" "-"
20.189.202.60 - - [05/Jan/2026:06:54:29 +0800] "GET /ths.php HTTP/1.1" 403 199 "-" "-"
20.189.202.60 - - [05/Jan/2026:06:54:31 +0800] "GET /ths.php HTTP/1.1" 403 199 "-" "-"
20.189.202.60 - - [05/Jan/2026:06:54:32 +0800] "GET /ths.php HTTP/1.1" 403 199 "-" "-"
20.189.202.60 - - [05/Jan/2026:06:54:33 +0800] "GET /ths.php HTTP/1.1" 403 199 "-" "-"
20.189.202.60 - - [05/Jan/2026:06:54:34 +0800] "GET /amax.php HTTP/1.1" 403 199 "-" "-"
20.189.202.60 - - [05/Jan/2026:06:54:35 +0800] "GET /amax.php HTTP/1.1" 403 199 "-" "-"
20.189.202.60 - - [05/Jan/2026:06:54:37 +0800] "GET /amax.php HTTP/1.1" 403 199 "-" "-"
20.189.202.60 - - [05/Jan/2026:06:54:40 +0800] "GET /amax.php HTTP/1.1" 403 199 "-" "-"
20.189.202.60 - - [05/Jan/2026:06:54:41 +0800] "GET /file17.php HTTP/1.1" 403 199 "-" "-"
20.189.202.60 - - [05/Jan/2026:06:54:42 +0800] "GET /file17.php HTTP/1.1" 403 199 "-" "-"
20.189.202.60 - - [05/Jan/2026:06:54:43 +0800] "GET /file17.php HTTP/1.1" 403 199 "-" "-"
20.189.202.60 - - [05/Jan/2026:06:54:44 +0800] "GET /file17.php HTTP/1.1" 403 199 "-" "-"
20.189.202.60 - - [05/Jan/2026:06:54:45 +0800] "GET /z57.php HTTP/1.1" 403 199 "-" "-"
20.189.202.60 - - [05/Jan/2026:06:54:45 +0800] "GET /z57.php HTTP/1.1" 403 199 "-" "-"
20.189.202.60 - - [05/Jan/2026:06:54:47 +0800] "GET /z57.php HTTP/1.1" 403 199 "-" "-"
20.189.202.60 - - [05/Jan/2026:06:54:47 +0800] "GET /z57.php HTTP/1.1" 403 199 "-" "-"
20.189.202.60 - - [05/Jan/2026:06:54:49 +0800] "GET /o2.php HTTP/1.1" 403 199 "-" "-"
20.189.202.60 - - [05/Jan/2026:06:54:50 +0800] "GET /o2.php HTTP/1.1" 403 199 "-" "-"
20.189.202.60 - - [05/Jan/2026:06:54:52 +0800] "GET /o2.php HTTP/1.1" 403 199 "-" "-"
20.189.202.60 - - [05/Jan/2026:06:54:53 +0800] "GET /o2.php HTTP/1.1" 403 199 "-" "-"
20.189.202.60 - - [05/Jan/2026:06:54:55 +0800] "GET /public/new2.php HTTP/1.1" 403 199 "-" "-"
20.189.202.60 - - [05/Jan/2026:06:54:57 +0800] "GET /public/new2.php HTTP/1.1" 403 199 "-" "-"
20.189.202.60 - - [05/Jan/2026:06:54:58 +0800] "GET /public/new2.php HTTP/1.1" 403 199 "-" "-"
20.189.202.60 - - [05/Jan/2026:06:54:59 +0800] "GET /public/new2.php HTTP/1.1" 403 199 "-" "-"
103.4.122.14 - - [05/Jan/2026:06:55:00 +0800] "POST /wp-cron.php?doing_wp_cron=1767567300.3597490787506103515625 HTTP/1.1" 200 - "-" "WordPress/6.8.3; https://impeccablerenovations.com.au"
159.69.158.189 - - [05/Jan/2026:06:54:58 +0800] "HEAD / HTTP/1.1" 200 - "https://impeccablerenovations.com.au/" "Mozilla/5.0+(compatible; UptimeRobot/2.0; http://www.uptimerobot.com/)"
20.189.202.60 - - [05/Jan/2026:06:55:02 +0800] "GET /nae.php HTTP/1.1" 403 199 "-" "-"
20.189.202.60 - - [05/Jan/2026:06:55:03 +0800] "GET /nae.php HTTP/1.1" 403 199 "-" "-"
20.189.202.60 - - [05/Jan/2026:06:55:04 +0800] "GET /nae.php HTTP/1.1" 403 199 "-" "-"
20.189.202.60 - - [05/Jan/2026:06:55:04 +0800] "GET /nae.php HTTP/1.1" 403 199 "-" "-"
20.189.202.60 - - [05/Jan/2026:06:55:06 +0800] "GET /eru.php HTTP/1.1" 403 199 "-" "-"
20.189.202.60 - - [05/Jan/2026:06:55:07 +0800] "GET /eru.php HTTP/1.1" 403 199 "-" "-"
20.189.202.60 - - [05/Jan/2026:06:55:10 +0800] "GET /eru.php HTTP/1.1" 403 199 "-" "-"
20.189.202.60 - - [05/Jan/2026:06:55:12 +0800] "GET /eru.php HTTP/1.1" 404 62776 "-" "-"
20.189.202.60 - - [05/Jan/2026:06:55:14 +0800] "GET /JPG.php HTTP/1.1" 404 62776 "-" "-"
20.189.202.60 - - [05/Jan/2026:06:55:16 +0800] "GET /wsz.php HTTP/1.1" 404 62776 "-" "-"
20.189.202.60 - - [05/Jan/2026:06:55:18 +0800] "GET /lok.php HTTP/1.1" 404 62776 "-" "-"
20.189.202.60 - - [05/Jan/2026:06:55:19 +0800] "GET /wan.php HTTP/1.1" 404 62776 "-" "-"
20.189.202.60 - - [05/Jan/2026:06:55:25 +0800] "GET /dds.php HTTP/1.1" 404 62776 "-" "-"
20.189.202.60 - - [05/Jan/2026:06:55:27 +0800] "GET /yyy.php HTTP/1.1" 404 62776 "-" "-"
20.189.202.60 - - [05/Jan/2026:06:55:28 +0800] "GET /h8h9.php HTTP/1.1" 404 62777 "-" "-"
20.189.202.60 - - [05/Jan/2026:06:55:30 +0800] "GET /past.php HTTP/1.1" 404 62777 "-" "-"
103.4.122.14 - - [05/Jan/2026:06:55:33 +0800] "POST /wp-cron.php?doing_wp_cron=1767567333.3101699352264404296875 HTTP/1.1" 200 - "-" "WordPress/6.8.3; https://impeccablerenovations.com.au"
20.189.202.60 - - [05/Jan/2026:06:55:32 +0800] "GET /vxrl.php HTTP/1.1" 404 62777 "-" "-"
20.189.202.60 - - [05/Jan/2026:06:55:33 +0800] "GET /new4.php HTTP/1.1" 404 62777 "-" "-"
20.189.202.60 - - [05/Jan/2026:06:55:35 +0800] "GET /berm.php HTTP/1.1" 403 199 "-" "-"
20.189.202.60 - - [05/Jan/2026:06:55:36 +0800] "GET /berm.php HTTP/1.1" 403 199 "-" "-"
20.189.202.60 - - [05/Jan/2026:06:55:37 +0800] "GET /berm.php HTTP/1.1" 403 199 "-" "-"
20.189.202.60 - - [05/Jan/2026:06:55:38 +0800] "GET /berm.php HTTP/1.1" 403 199 "-" "-"
20.189.202.60 - - [05/Jan/2026:06:55:38 +0800] "GET /led.php HTTP/1.1" 403 199 "-" "-"
20.189.202.60 - - [05/Jan/2026:06:55:39 +0800] "GET /led.php HTTP/1.1" 403 199 "-" "-"
20.189.202.60 - - [05/Jan/2026:06:55:39 +0800] "GET /led.php HTTP/1.1" 403 199 "-" "-"
20.189.202.60 - - [05/Jan/2026:06:55:41 +0800] "GET /led.php HTTP/1.1" 403 199 "-" "-"
20.189.202.60 - - [05/Jan/2026:06:55:41 +0800] "GET /pn.php HTTP/1.1" 403 199 "-" "-"
20.189.202.60 - - [05/Jan/2026:06:55:42 +0800] "GET /pn.php HTTP/1.1" 403 199 "-" "-"
20.189.202.60 - - [05/Jan/2026:06:55:43 +0800] "GET /pn.php HTTP/1.1" 403 199 "-" "-"
20.189.202.60 - - [05/Jan/2026:06:55:44 +0800] "GET /pn.php HTTP/1.1" 403 199 "-" "-"
20.189.202.60 - - [05/Jan/2026:06:55:44 +0800] "GET /7f8c8.php HTTP/1.1" 403 199 "-" "-"
20.189.202.60 - - [05/Jan/2026:06:55:46 +0800] "GET /7f8c8.php HTTP/1.1" 403 199 "-" "-"
20.189.202.60 - - [05/Jan/2026:06:55:46 +0800] "GET /7f8c8.php HTTP/1.1" 403 199 "-" "-"
20.189.202.60 - - [05/Jan/2026:06:55:46 +0800] "GET /7f8c8.php HTTP/1.1" 403 199 "-" "-"
20.189.202.60 - - [05/Jan/2026:06:55:47 +0800] "GET /tua.php HTTP/1.1" 403 199 "-" "-"
20.189.202.60 - - [05/Jan/2026:06:55:48 +0800] "GET /tua.php HTTP/1.1" 403 199 "-" "-"
20.189.202.60 - - [05/Jan/2026:06:55:48 +0800] "GET /tua.php HTTP/1.1" 403 199 "-" "-"
20.189.202.60 - - [05/Jan/2026:06:55:50 +0800] "GET /tua.php HTTP/1.1" 403 199 "-" "-"
20.189.202.60 - - [05/Jan/2026:06:55:50 +0800] "GET /class-db.php HTTP/1.1" 403 199 "-" "-"
20.189.202.60 - - [05/Jan/2026:06:55:51 +0800] "GET /class-db.php HTTP/1.1" 403 199 "-" "-"
20.189.202.60 - - [05/Jan/2026:06:55:52 +0800] "GET /class-db.php HTTP/1.1" 403 199 "-" "-"
20.189.202.60 - - [05/Jan/2026:06:55:54 +0800] "GET /class-db.php HTTP/1.1" 403 199 "-" "-"
20.189.202.60 - - [05/Jan/2026:06:55:55 +0800] "GET /set.php HTTP/1.1" 403 199 "-" "-"
20.189.202.60 - - [05/Jan/2026:06:55:56 +0800] "GET /set.php HTTP/1.1" 403 199 "-" "-"
20.189.202.60 - - [05/Jan/2026:06:55:56 +0800] "GET /set.php HTTP/1.1" 403 199 "-" "-"
20.189.202.60 - - [05/Jan/2026:06:55:57 +0800] "GET /set.php HTTP/1.1" 403 199 "-" "-"
20.189.202.60 - - [05/Jan/2026:06:55:58 +0800] "GET /gmo.php HTTP/1.1" 403 199 "-" "-"
20.189.202.60 - - [05/Jan/2026:06:55:59 +0800] "GET /gmo.php HTTP/1.1" 403 199 "-" "-"
20.189.202.60 - - [05/Jan/2026:06:56:00 +0800] "GET /gmo.php HTTP/1.1" 403 199 "-" "-"
20.189.202.60 - - [05/Jan/2026:06:56:01 +0800] "GET /gmo.php HTTP/1.1" 403 199 "-" "-"
20.189.202.60 - - [05/Jan/2026:06:56:03 +0800] "GET /dox.php HTTP/1.1" 403 199 "-" "-"
20.189.202.60 - - [05/Jan/2026:06:56:04 +0800] "GET /dox.php HTTP/1.1" 403 199 "-" "-"
20.189.202.60 - - [05/Jan/2026:06:56:06 +0800] "GET /dox.php HTTP/1.1" 403 199 "-" "-"
20.189.202.60 - - [05/Jan/2026:06:56:08 +0800] "GET /dox.php HTTP/1.1" 403 199 "-" "-"
20.189.202.60 - - [05/Jan/2026:06:56:09 +0800] "GET /155.php HTTP/1.1" 403 199 "-" "-"
20.189.202.60 - - [05/Jan/2026:06:56:11 +0800] "GET /155.php HTTP/1.1" 403 199 "-" "-"
20.189.202.60 - - [05/Jan/2026:06:56:13 +0800] "GET /155.php HTTP/1.1" 403 199 "-" "-"
20.189.202.60 - - [05/Jan/2026:06:56:15 +0800] "GET /155.php HTTP/1.1" 403 199 "-" "-"
20.189.202.60 - - [05/Jan/2026:06:56:16 +0800] "GET /zil.php HTTP/1.1" 403 199 "-" "-"
20.189.202.60 - - [05/Jan/2026:06:56:17 +0800] "GET /zil.php HTTP/1.1" 403 199 "-" "-"
20.189.202.60 - - [05/Jan/2026:06:56:18 +0800] "GET /zil.php HTTP/1.1" 403 199 "-" "-"
