199.244.88.222 - - [06/Jan/2026:10:23:33 +0800] "GET /wp-content/uploads/2022/05/cropped-impeccable-faviconv3-32x32.png HTTP/1.1" 200 658 "-" "Mozilla/5.0 (Macintosh; Intel Mac OS X 10_15_7) AppleWebKit/537.36 (KHTML, like Gecko) Chrome/120.0.0.0 Safari/537.36"
199.244.88.222 - - [06/Jan/2026:10:23:33 +0800] "GET /wp-content/uploads/2022/05/cropped-impeccable-faviconv3-192x192.png HTTP/1.1" 200 3245 "-" "Mozilla/5.0 (Macintosh; Intel Mac OS X 10_15_7) AppleWebKit/537.36 (KHTML, like Gecko) Chrome/120.0.0.0 Safari/537.36"
103.4.122.14 - - [06/Jan/2026:10:26:25 +0800] "POST /wp-cron.php?doing_wp_cron=1767666385.0570940971374511718750 HTTP/1.1" 200 - "-" "WordPress/6.8.3; https://impeccablerenovations.com.au"
49.13.130.29 - - [06/Jan/2026:10:26:23 +0800] "HEAD / HTTP/1.1" 200 - "https://impeccablerenovations.com.au/" "Mozilla/5.0+(compatible; UptimeRobot/2.0; http://www.uptimerobot.com/)"
103.4.122.14 - - [06/Jan/2026:10:29:22 +0800] "POST /wp-cron.php?doing_wp_cron=1767666561.9552550315856933593750 HTTP/1.1" 200 - "-" "WordPress/6.8.3; https://impeccablerenovations.com.au"
66.249.64.5 - - [06/Jan/2026:10:29:20 +0800] "GET /robots.txt HTTP/1.1" 301 - "-" "Mozilla/5.0 (compatible; Googlebot/2.1; +http://www.google.com/bot.html)"
192.178.4.96 - - [06/Jan/2026:10:29:23 +0800] "GET /robots.txt HTTP/1.1" 200 124 "-" "Mozilla/5.0 (compatible; Googlebot/2.1; +http://www.google.com/bot.html)"
103.4.122.14 - - [06/Jan/2026:10:30:08 +0800] "POST /wp-cron.php?doing_wp_cron=1767666608.0066120624542236328125 HTTP/1.1" 200 - "-" "WordPress/6.8.3; https://impeccablerenovations.com.au"
66.249.64.4 - - [06/Jan/2026:10:30:06 +0800] "GET / HTTP/1.1" 301 - "-" "Mozilla/5.0 (Linux; Android 6.0.1; Nexus 5X Build/MMB29P) AppleWebKit/537.36 (KHTML, like Gecko) Chrome/141.0.7390.122 Mobile Safari/537.36 (compatible; Googlebot/2.1; +http://www.google.com/bot.html)"
103.4.122.14 - - [06/Jan/2026:10:30:44 +0800] "POST /wp-cron.php?doing_wp_cron=1767666643.8457539081573486328125 HTTP/1.1" 200 - "-" "WordPress/6.8.3; https://impeccablerenovations.com.au"
192.178.4.97 - - [06/Jan/2026:10:30:41 +0800] "GET / HTTP/1.1" 200 22032 "-" "Mozilla/5.0 (Linux; Android 6.0.1; Nexus 5X Build/MMB29P) AppleWebKit/537.36 (KHTML, like Gecko) Chrome/141.0.7390.122 Mobile Safari/537.36 (compatible; Googlebot/2.1; +http://www.google.com/bot.html)"
192.178.4.96 - - [06/Jan/2026:10:30:47 +0800] "GET /wp-content/themes/buildico/assets/css/elegant-line-icons.css?ver=1.7 HTTP/1.1" 200 1421 "https://impeccablerenovations.com.au/" "Mozilla/5.0 (Linux; Android 6.0.1; Nexus 5X Build/MMB29P) AppleWebKit/537.36 (KHTML, like Gecko) Chrome/141.0.7390.122 Mobile Safari/537.36 (compatible; Googlebot/2.1; +http://www.google.com/bot.html)"
192.178.4.96 - - [06/Jan/2026:10:30:55 +0800] "GET /wp-content/plugins/elementor/assets/css/widget-image-gallery.min.css?ver=3.24.5 HTTP/1.1" 200 383 "https://impeccablerenovations.com.au/" "Mozilla/5.0 (Linux; Android 6.0.1; Nexus 5X Build/MMB29P) AppleWebKit/537.36 (KHTML, like Gecko) Chrome/141.0.7390.122 Mobile Safari/537.36 (compatible; Googlebot/2.1; +http://www.google.com/bot.html)"
192.178.4.96 - - [06/Jan/2026:10:31:03 +0800] "GET /wp-content/themes/buildico/assets/js/jquery.swipebox.min.js?ver=1.7 HTTP/1.1" 200 3957 "https://impeccablerenovations.com.au/" "Mozilla/5.0 (Linux; Android 6.0.1; Nexus 5X Build/MMB29P) AppleWebKit/537.36 (KHTML, like Gecko) Chrome/141.0.7390.122 Mobile Safari/537.36 (compatible; Googlebot/2.1; +http://www.google.com/bot.html)"
192.178.4.97 - - [06/Jan/2026:10:31:14 +0800] "GET /wp-content/plugins/elementor-pro/assets/js/elements-handlers.min.js?ver=3.24.3 HTTP/1.1" 200 10138 "https://impeccablerenovations.com.au/" "Mozilla/5.0 (Linux; Android 6.0.1; Nexus 5X Build/MMB29P) AppleWebKit/537.36 (KHTML, like Gecko) Chrome/141.0.7390.122 Mobile Safari/537.36 (compatible; Googlebot/2.1; +http://www.google.com/bot.html)"
157.90.156.63 - - [06/Jan/2026:10:31:31 +0800] "HEAD / HTTP/1.1" 200 - "https://impeccablerenovations.com.au/" "Mozilla/5.0+(compatible; UptimeRobot/2.0; http://www.uptimerobot.com/)"
66.249.64.3 - - [06/Jan/2026:10:31:39 +0800] "GET / HTTP/1.1" 301 - "-" "Mozilla/5.0 (Linux; Android 6.0.1; Nexus 5X Build/MMB29P) AppleWebKit/537.36 (KHTML, like Gecko) Chrome/141.0.7390.122 Mobile Safari/537.36 (compatible; Googlebot/2.1; +http://www.google.com/bot.html)"
66.249.64.3 - - [06/Jan/2026:10:32:24 +0800] "GET / HTTP/1.1" 301 - "-" "Mozilla/5.0 (compatible; Googlebot/2.1; +http://www.google.com/bot.html)"
103.4.122.14 - - [06/Jan/2026:10:33:10 +0800] "POST /wp-cron.php?doing_wp_cron=1767666790.0750610828399658203125 HTTP/1.1" 200 - "-" "WordPress/6.8.3; https://impeccablerenovations.com.au"
192.178.4.97 - - [06/Jan/2026:10:33:08 +0800] "GET / HTTP/1.1" 200 22032 "-" "Mozilla/5.0 (Linux; Android 6.0.1; Nexus 5X Build/MMB29P) AppleWebKit/537.36 (KHTML, like Gecko) Chrome/141.0.7390.122 Mobile Safari/537.36 (compatible; Googlebot/2.1; +http://www.google.com/bot.html)"
192.178.4.96 - - [06/Jan/2026:10:33:16 +0800] "GET /wp-content/themes/buildico/assets/css/bootstrap.min.css?ver=1.7 HTTP/1.1" 200 27804 "https://impeccablerenovations.com.au/" "Mozilla/5.0 (Linux; Android 6.0.1; Nexus 5X Build/MMB29P) AppleWebKit/537.36 (KHTML, like Gecko) Chrome/141.0.7390.122 Mobile Safari/537.36 (compatible; Googlebot/2.1; +http://www.google.com/bot.html)"
192.178.4.96 - - [06/Jan/2026:10:33:27 +0800] "GET /wp-content/plugins/elementor/assets/js/frontend.min.js?ver=3.24.5 HTTP/1.1" 200 12504 "https://impeccablerenovations.com.au/" "Mozilla/5.0 (Linux; Android 6.0.1; Nexus 5X Build/MMB29P) AppleWebKit/537.36 (KHTML, like Gecko) Chrome/141.0.7390.122 Mobile Safari/537.36 (compatible; Googlebot/2.1; +http://www.google.com/bot.html)"
192.178.4.96 - - [06/Jan/2026:10:33:34 +0800] "GET /wp-content/plugins/buildico-toolkit/assets/js/main-slider.js?ver=1.0.0 HTTP/1.1" 200 734 "https://impeccablerenovations.com.au/" "Mozilla/5.0 (Linux; Android 6.0.1; Nexus 5X Build/MMB29P) AppleWebKit/537.36 (KHTML, like Gecko) Chrome/141.0.7390.122 Mobile Safari/537.36 (compatible; Googlebot/2.1; +http://www.google.com/bot.html)"
103.4.122.14 - - [06/Jan/2026:10:34:24 +0800] "POST /wp-cron.php?doing_wp_cron=1767666864.5993030071258544921875 HTTP/1.1" 200 - "-" "WordPress/6.8.3; https://impeccablerenovations.com.au"
192.178.4.96 - - [06/Jan/2026:10:34:22 +0800] "GET / HTTP/1.1" 200 22199 "-" "Mozilla/5.0 (compatible; Googlebot/2.1; +http://www.google.com/bot.html)"
192.178.4.96 - - [06/Jan/2026:10:34:33 +0800] "GET /wp-content/themes/buildico/assets/js/popper.min.js?ver=1 HTTP/1.1" 200 6911 "https://impeccablerenovations.com.au/" "Mozilla/5.0 AppleWebKit/537.36 (KHTML, like Gecko; compatible; Googlebot/2.1; +http://www.google.com/bot.html) Chrome/141.0.7390.122 Safari/537.36"
103.4.122.14 - - [06/Jan/2026:10:34:36 +0800] "POST /wp-cron.php?doing_wp_cron=1767666876.5024809837341308593750 HTTP/1.1" 200 - "-" "WordPress/6.8.3; https://impeccablerenovations.com.au"
192.178.4.96 - - [06/Jan/2026:10:34:35 +0800] "GET /wp-content/uploads/elementor/css/global.css?ver=1728434989 HTTP/1.1" 404 62925 "https://impeccablerenovations.com.au/" "Mozilla/5.0 AppleWebKit/537.36 (KHTML, like Gecko; compatible; Googlebot/2.1; +http://www.google.com/bot.html) Chrome/141.0.7390.122 Safari/537.36"
192.178.4.96 - - [06/Jan/2026:10:34:49 +0800] "GET /wp-content/plugins/elementor/assets/js/lightbox.26bf6b6c4232d8789c0e.bundle.min.js HTTP/1.1" 200 9568 "https://impeccablerenovations.com.au/" "Mozilla/5.0 AppleWebKit/537.36 (KHTML, like Gecko; compatible; Googlebot/2.1; +http://www.google.com/bot.html) Chrome/141.0.7390.122 Safari/537.36"
192.178.4.98 - - [06/Jan/2026:10:35:02 +0800] "GET /wp-content/plugins/elementor/assets/js/video.78c625e89ab767d621c5.bundle.min.js HTTP/1.1" 200 1298 "https://impeccablerenovations.com.au/" "Mozilla/5.0 AppleWebKit/537.36 (KHTML, like Gecko; compatible; Googlebot/2.1; +http://www.google.com/bot.html) Chrome/141.0.7390.122 Safari/537.36"
103.4.122.14 - - [06/Jan/2026:10:36:25 +0800] "POST /wp-cron.php?doing_wp_cron=1767666985.5002250671386718750000 HTTP/1.1" 200 - "-" "WordPress/6.8.3; https://impeccablerenovations.com.au"
43.173.169.179 - - [06/Jan/2026:10:36:23 +0800] "GET / HTTP/1.1" 301 - "-" "Mozilla/5.0 (Windows NT 10.0; Win64; x64) AppleWebKit/537.36 (KHTML, like Gecko) Chrome/116.0.0.0 Safari/537.36"
43.173.169.179 - - [06/Jan/2026:10:36:26 +0800] "GET / HTTP/1.1" 200 22209 "http://impeccablerenovations.com.au/" "Mozilla/5.0 (Windows NT 10.0; Win64; x64) AppleWebKit/537.36 (KHTML, like Gecko) Chrome/116.0.0.0 Safari/537.36"
43.173.181.152 - - [06/Jan/2026:10:36:29 +0800] "GET /wp-content/uploads/elementor/css/post-243.css?ver=1753149764 HTTP/1.1" 200 3000 "http://impeccablerenovations.com.au/" "Mozilla/5.0 (Windows NT 10.0; Win64; x64) AppleWebKit/537.36 (KHTML, like Gecko) Chrome/116.0.0.0 Safari/537.36"
43.173.178.162 - - [06/Jan/2026:10:36:29 +0800] "GET /wp-content/plugins/elementor/assets/css/widget-video.min.css?ver=3.24.5 HTTP/1.1" 200 502 "http://impeccablerenovations.com.au/" "Mozilla/5.0 (Windows NT 10.0; Win64; x64) AppleWebKit/537.36 (KHTML, like Gecko) Chrome/116.0.0.0 Safari/537.36"
43.173.182.15 - - [06/Jan/2026:10:36:29 +0800] "GET /wp-content/uploads/elementor/css/global.css?ver=1728434989 HTTP/1.1" 404 62924 "http://impeccablerenovations.com.au/" "Mozilla/5.0 (Windows NT 10.0; Win64; x64) AppleWebKit/537.36 (KHTML, like Gecko) Chrome/116.0.0.0 Safari/537.36"
43.173.176.79 - - [06/Jan/2026:10:36:33 +0800] "GET /wp-content/themes/buildico/assets/fonts/fontawesome-webfont.woff?v=4.7.0 HTTP/1.1" 200 98024 "https://impeccablerenovations.com.au/wp-content/themes/buildico/assets/css/font-awesome.min.css?ver=1.7" "Mozilla/5.0 (Windows NT 10.0; Win64; x64) AppleWebKit/537.36 (KHTML, like Gecko) Chrome/116.0.0.0 Safari/537.36"
43.173.176.254 - - [06/Jan/2026:10:36:34 +0800] "GET /wp-content/themes/buildico/assets/fonts/fontawesome-webfont.ttf?v=4.7.0 HTTP/1.1" 200 98397 "https://impeccablerenovations.com.au/wp-content/themes/buildico/assets/css/font-awesome.min.css?ver=1.7" "Mozilla/5.0 (Windows NT 10.0; Win64; x64) AppleWebKit/537.36 (KHTML, like Gecko) Chrome/116.0.0.0 Safari/537.36"
43.173.180.97 - - [06/Jan/2026:10:36:35 +0800] "GET /wp-content/plugins/elementor/assets/js/video.78c625e89ab767d621c5.bundle.min.js HTTP/1.1" 200 1298 "http://impeccablerenovations.com.au/" "Mozilla/5.0 (Windows NT 10.0; Win64; x64) AppleWebKit/537.36 (KHTML, like Gecko) Chrome/116.0.0.0 Safari/537.36"
43.173.180.90 - - [06/Jan/2026:10:36:35 +0800] "GET /wp-content/themes/buildico/assets/fonts/themify.ttf?-fvbane HTTP/1.1" 200 41006 "https://impeccablerenovations.com.au/wp-content/themes/buildico/assets/css/themify-icons.css?ver=1.7" "Mozilla/5.0 (Windows NT 10.0; Win64; x64) AppleWebKit/537.36 (KHTML, like Gecko) Chrome/116.0.0.0 Safari/537.36"
103.4.122.14 - - [06/Jan/2026:10:36:43 +0800] "POST /wp-cron.php?doing_wp_cron=1767667003.0083100795745849609375 HTTP/1.1" 200 - "-" "WordPress/6.8.3; https://impeccablerenovations.com.au"
157.90.156.63 - - [06/Jan/2026:10:36:41 +0800] "HEAD / HTTP/1.1" 200 - "https://impeccablerenovations.com.au/" "Mozilla/5.0+(compatible; UptimeRobot/2.0; http://www.uptimerobot.com/)"
103.4.122.14 - - [06/Jan/2026:10:41:30 +0800] "POST /wp-cron.php?doing_wp_cron=1767667290.6056370735168457031250 HTTP/1.1" 200 - "-" "WordPress/6.8.3; https://impeccablerenovations.com.au"
201.206.191.213 - - [06/Jan/2026:10:41:28 +0800] "GET / HTTP/1.1" 200 22199 "-" "Mozilla/5.0 (X11; U; Linux x86_64; fr; rv:1.9.2.13) Gecko/20101203 Firefox/3.6.13"
18.193.252.127 - - [06/Jan/2026:10:41:49 +0800] "HEAD / HTTP/1.1" 200 - "https://impeccablerenovations.com.au/" "Mozilla/5.0+(compatible; UptimeRobot/2.0; http://www.uptimerobot.com/)"
103.4.122.14 - - [06/Jan/2026:10:46:59 +0800] "POST /wp-cron.php?doing_wp_cron=1767667618.8806979656219482421875 HTTP/1.1" 200 - "-" "WordPress/6.8.3; https://impeccablerenovations.com.au"
3.79.134.69 - - [06/Jan/2026:10:46:57 +0800] "HEAD / HTTP/1.1" 200 - "https://impeccablerenovations.com.au/" "Mozilla/5.0+(compatible; UptimeRobot/2.0; http://www.uptimerobot.com/)"
103.4.122.14 - - [06/Jan/2026:10:52:08 +0800] "POST /wp-cron.php?doing_wp_cron=1767667928.3401889801025390625000 HTTP/1.1" 200 - "-" "WordPress/6.8.3; https://impeccablerenovations.com.au"
78.46.215.1 - - [06/Jan/2026:10:52:05 +0800] "HEAD / HTTP/1.1" 200 - "https://impeccablerenovations.com.au/" "Mozilla/5.0+(compatible; UptimeRobot/2.0; http://www.uptimerobot.com/)"
103.4.122.14 - - [06/Jan/2026:10:53:29 +0800] "POST /wp-cron.php?doing_wp_cron=1767668009.8404409885406494140625 HTTP/1.1" 200 - "-" "WordPress/6.8.3; https://impeccablerenovations.com.au"
98.94.85.244 - - [06/Jan/2026:10:53:27 +0800] "GET /robots.txt HTTP/1.1" 200 124 "-" "Mozilla/5.0 (Macintosh; Intel Mac OS X 10_15_7) AppleWebKit/537.36 (KHTML, like Gecko) Chrome/108.0.0.0 Safari/537.36"
103.4.122.14 - - [06/Jan/2026:10:53:38 +0800] "POST /wp-cron.php?doing_wp_cron=1767668018.4978051185607910156250 HTTP/1.1" 200 - "-" "WordPress/6.8.3; https://impeccablerenovations.com.au"
173.252.83.5 - - [06/Jan/2026:10:53:37 +0800] "GET /robots.txt HTTP/1.1" 200 132 "-" "facebookexternalhit/1.1 (+http://www.facebook.com/externalhit_uatext.php)"
173.252.83.112 - - [06/Jan/2026:10:53:39 +0800] "GET /robots.txt HTTP/1.1" 200 132 "-" "facebookexternalhit/1.1 (+http://www.facebook.com/externalhit_uatext.php)"
57.141.14.31 - - [06/Jan/2026:10:53:41 +0800] "GET /\xe0\xb8\x9d\xe0\xb8\xb2\xe0\xb8\x819\xe0\xb8\x9a\xe0\xb8\xb2\xe0\xb8\x97\xe0\xb8\xa3\xe0\xb8\xb1\xe0\xb8\x9a100\xe0\xb8\xa5\xe0\xb9\x88\xe0\xb8\xb2\xe0\xb8\xaa\xe0\xb8\xb8\xe0\xb8\x94.aspx HTTP/1.1" 404 62903 "-" "meta-externalagent/1.1 (+https://developers.facebook.com/docs/sharing/webmasters/crawler)"
69.171.230.7 - - [06/Jan/2026:10:54:21 +0800] "GET /robots.txt HTTP/1.1" 200 132 "-" "facebookexternalhit/1.1 (+http://www.facebook.com/externalhit_uatext.php)"
69.171.230.115 - - [06/Jan/2026:10:54:23 +0800] "GET /robots.txt HTTP/1.1" 200 132 "-" "facebookexternalhit/1.1 (+http://www.facebook.com/externalhit_uatext.php)"
57.141.14.79 - - [06/Jan/2026:10:54:25 +0800] "GET /\xe0\xb8\xaa\xe0\xb8\xa5\xe0\xb9\x87\xe0\xb8\xad\xe0\xb8\x95pg168\xe0\xb9\x80\xe0\xb8\xa7\xe0\xb9\x87\xe0\xb8\x9a\xe0\xb8\x95\xe0\xb8\xa3\xe0\xb8\x87.aspx HTTP/1.1" 404 62886 "-" "meta-externalagent/1.1 (+https://developers.facebook.com/docs/sharing/webmasters/crawler)"
103.4.122.14 - - [06/Jan/2026:10:54:54 +0800] "POST /wp-cron.php?doing_wp_cron=1767668094.1266601085662841796875 HTTP/1.1" 200 - "-" "WordPress/6.8.3; https://impeccablerenovations.com.au"
27.106.98.4 - - [06/Jan/2026:10:54:52 +0800] "GET /project-filter/commercial-fit-outs/ HTTP/1.1" 200 15914 "https://impeccablerenovations.com.au/project-filter/commercial-fit-outs/" "Mozilla/5.0 (Macintosh; Intel Mac OS X 10_15_7) AppleWebKit/537.36 (KHTML, like Gecko) Chrome/119.0.0.0 Safari/537.36"
103.4.122.14 - - [06/Jan/2026:10:57:16 +0800] "POST /wp-cron.php?doing_wp_cron=1767668236.2953000068664550781250 HTTP/1.1" 200 - "-" "WordPress/6.8.3; https://impeccablerenovations.com.au"
128.140.106.114 - - [06/Jan/2026:10:57:14 +0800] "HEAD / HTTP/1.1" 200 - "https://impeccablerenovations.com.au/" "Mozilla/5.0+(compatible; UptimeRobot/2.0; http://www.uptimerobot.com/)"
103.4.122.14 - - [06/Jan/2026:11:00:48 +0800] "POST /wp-cron.php?doing_wp_cron=1767668447.8783791065216064453125 HTTP/1.1" 200 - "-" "WordPress/6.8.3; https://impeccablerenovations.com.au"
98.94.85.244 - - [06/Jan/2026:11:00:45 +0800] "GET / HTTP/1.1" 301 - "-" "Mozilla/5.0 (Macintosh; Intel Mac OS X 10_15_7) AppleWebKit/537.36 (KHTML, like Gecko) Chrome/108.0.0.0 Safari/537.36"
98.94.85.244 - - [06/Jan/2026:11:00:49 +0800] "GET / HTTP/1.1" 200 22199 "-" "Mozilla/5.0 (Macintosh; Intel Mac OS X 10_15_7) AppleWebKit/537.36 (KHTML, like Gecko) Chrome/108.0.0.0 Safari/537.36"
103.4.122.14 - - [06/Jan/2026:11:02:25 +0800] "POST /wp-cron.php?doing_wp_cron=1767668544.8445920944213867187500 HTTP/1.1" 200 - "-" "WordPress/6.8.3; https://impeccablerenovations.com.au"
78.46.190.63 - - [06/Jan/2026:11:02:22 +0800] "HEAD / HTTP/1.1" 200 - "https://impeccablerenovations.com.au/" "Mozilla/5.0+(compatible; UptimeRobot/2.0; http://www.uptimerobot.com/)"
103.4.122.14 - - [06/Jan/2026:11:07:33 +0800] "POST /wp-cron.php?doing_wp_cron=1767668853.4162020683288574218750 HTTP/1.1" 200 - "-" "WordPress/6.8.3; https://impeccablerenovations.com.au"
128.140.41.193 - - [06/Jan/2026:11:07:31 +0800] "HEAD / HTTP/1.1" 200 - "https://impeccablerenovations.com.au/" "Mozilla/5.0+(compatible; UptimeRobot/2.0; http://www.uptimerobot.com/)"
114.119.153.186 - - [06/Jan/2026:11:09:27 +0800] "GET /wp-content/uploads/2021/03/specialty-carpentry-two-1-768x512.jpg HTTP/1.1" 200 53561 "https://impeccablerenovations.com.au/home-renovations" "Mozilla/5.0 (Linux; Android 7.0;) AppleWebKit/537.36 (KHTML, like Gecko) Mobile Safari/537.36 (compatible; PetalBot;+https://webmaster.petalsearch.com/site/petalbot)"
103.4.122.14 - - [06/Jan/2026:11:10:52 +0800] "POST /wp-cron.php?doing_wp_cron=1767669052.4065959453582763671875 HTTP/1.1" 200 - "-" "WordPress/6.8.3; https://impeccablerenovations.com.au"
114.119.152.54 - - [06/Jan/2026:11:10:50 +0800] "GET /2022/03/08/launching-our-new-brand-and-website/ HTTP/1.1" 200 20218 "https://impeccablerenovations.com.au/?page_id=667" "Mozilla/5.0 (Linux; Android 7.0;) AppleWebKit/537.36 (KHTML, like Gecko) Mobile Safari/537.36 (compatible; PetalBot;+https://webmaster.petalsearch.com/site/petalbot)"
103.4.122.14 - - [06/Jan/2026:11:12:41 +0800] "POST /wp-cron.php?doing_wp_cron=1767669161.7422800064086914062500 HTTP/1.1" 200 - "-" "WordPress/6.8.3; https://impeccablerenovations.com.au"
88.99.80.227 - - [06/Jan/2026:11:12:39 +0800] "HEAD / HTTP/1.1" 200 - "https://impeccablerenovations.com.au/" "Mozilla/5.0+(compatible; UptimeRobot/2.0; http://www.uptimerobot.com/)"
43.153.19.83 - - [06/Jan/2026:11:16:57 +0800] "GET / HTTP/1.1" 403 199 "-" "Mozilla/5.0 (iPhone; CPU iPhone OS 13_2_3 like Mac OS X) AppleWebKit/605.1.15 (KHTML, like Gecko) Version/13.0.3 Mobile/15E148 Safari/604.1"
103.4.122.14 - - [06/Jan/2026:11:17:50 +0800] "POST /wp-cron.php?doing_wp_cron=1767669470.3481199741363525390625 HTTP/1.1" 200 - "-" "WordPress/6.8.3; https://impeccablerenovations.com.au"
168.119.123.75 - - [06/Jan/2026:11:17:48 +0800] "HEAD / HTTP/1.1" 200 - "https://impeccablerenovations.com.au/" "Mozilla/5.0+(compatible; UptimeRobot/2.0; http://www.uptimerobot.com/)"
103.4.122.14 - - [06/Jan/2026:11:22:58 +0800] "POST /wp-cron.php?doing_wp_cron=1767669778.0528609752655029296875 HTTP/1.1" 200 - "-" "WordPress/6.8.3; https://impeccablerenovations.com.au"
142.132.180.39 - - [06/Jan/2026:11:22:56 +0800] "HEAD / HTTP/1.1" 200 - "https://impeccablerenovations.com.au/" "Mozilla/5.0+(compatible; UptimeRobot/2.0; http://www.uptimerobot.com/)"
103.4.122.14 - - [06/Jan/2026:11:23:45 +0800] "POST /wp-cron.php?doing_wp_cron=1767669825.2406029701232910156250 HTTP/1.1" 200 - "-" "WordPress/6.8.3; https://impeccablerenovations.com.au"
43.173.173.82 - - [06/Jan/2026:11:23:43 +0800] "GET /portfolio/gould-st-bathroom/ HTTP/1.1" 404 62832 "-" "Mozilla/5.0 (Windows NT 10.0; Win64; x64) AppleWebKit/537.36 (KHTML, like Gecko) Chrome/103.0.0.0 Safari/537.36"
43.173.179.62 - - [06/Jan/2026:11:23:57 +0800] "GET /portfolio/gould-st-bathroom/ HTTP/1.1" 404 62832 "-" "Mozilla/5.0 (Windows NT 10.0; Win64; x64) AppleWebKit/537.36 (KHTML, like Gecko) Chrome/133.0.0.0 Safari/537.36"
189.233.119.119 - - [06/Jan/2026:11:24:37 +0800] "GET /wp-content/uploads/2021/03/green-gables-three.jpg HTTP/1.1" 200 84295 "-" "Mozilla/5.0 (Windows NT 7.1) AppleWebKit/534.30 (KHTML, like Gecko) Chrome/12.0.742.112 Safari/534.30"
103.4.122.14 - - [06/Jan/2026:11:28:05 +0800] "POST /wp-cron.php?doing_wp_cron=1767670085.1676030158996582031250 HTTP/1.1" 200 - "-" "WordPress/6.8.3; https://impeccablerenovations.com.au"
168.119.53.160 - - [06/Jan/2026:11:28:03 +0800] "HEAD / HTTP/1.1" 200 - "https://impeccablerenovations.com.au/" "Mozilla/5.0+(compatible; UptimeRobot/2.0; http://www.uptimerobot.com/)"
103.4.122.14 - - [06/Jan/2026:11:30:23 +0800] "POST /wp-cron.php?doing_wp_cron=1767670223.1886460781097412109375 HTTP/1.1" 200 - "-" "WordPress/6.8.3; https://impeccablerenovations.com.au"
103.80.14.201 - - [06/Jan/2026:11:30:20 +0800] "POST /xmlrpc.php HTTP/1.1" 503 8192 "-" "Mozilla/5.0 (Macintosh; Intel Mac OS X 10_15_7; arm64) AppleWebKit/537.36 (KHTML, like Gecko) Firefox/78.0.0.0 Safari/537.36"
103.4.122.14 - - [06/Jan/2026:11:33:14 +0800] "POST /wp-cron.php?doing_wp_cron=1767670394.5813970565795898437500 HTTP/1.1" 200 - "-" "WordPress/6.8.3; https://impeccablerenovations.com.au"
78.46.215.1 - - [06/Jan/2026:11:33:12 +0800] "HEAD / HTTP/1.1" 200 - "https://impeccablerenovations.com.au/" "Mozilla/5.0+(compatible; UptimeRobot/2.0; http://www.uptimerobot.com/)"
103.4.122.14 - - [06/Jan/2026:11:37:52 +0800] "POST /wp-cron.php?doing_wp_cron=1767670672.1694560050964355468750 HTTP/1.1" 200 - "-" "WordPress/6.8.3; https://impeccablerenovations.com.au"
114.119.139.220 - - [06/Jan/2026:11:37:50 +0800] "GET /wp-content/uploads/2018/09/specialty-carpentry-seven-300x200.jpg HTTP/1.1" 404 62408 "-" "Mozilla/5.0 (Linux; Android 7.0;) AppleWebKit/537.36 (KHTML, like Gecko) Mobile Safari/537.36 (compatible; PetalBot;+https://webmaster.petalsearch.com/site/petalbot)"
78.46.215.1 - - [06/Jan/2026:11:38:21 +0800] "HEAD / HTTP/1.1" 200 - "https://impeccablerenovations.com.au/" "Mozilla/5.0+(compatible; UptimeRobot/2.0; http://www.uptimerobot.com/)"
103.4.122.14 - - [06/Jan/2026:11:41:55 +0800] "POST /wp-cron.php?doing_wp_cron=1767670915.0437469482421875000000 HTTP/1.1" 200 - "-" "WordPress/6.8.3; https://impeccablerenovations.com.au"
40.77.167.48 - - [06/Jan/2026:11:41:53 +0800] "GET /build-it-beautiful HTTP/1.1" 301 - "-" "Mozilla/5.0 AppleWebKit/537.36 (KHTML, like Gecko; compatible; bingbot/2.0; +http://www.bing.com/bingbot.htm) Chrome/116.0.1938.76 Safari/537.36"
40.77.167.48 - - [06/Jan/2026:11:42:03 +0800] "GET /build-it-beautiful/ HTTP/1.1" 200 22945 "-" "Mozilla/5.0 AppleWebKit/537.36 (KHTML, like Gecko; compatible; bingbot/2.0; +http://www.bing.com/bingbot.htm) Chrome/116.0.1938.76 Safari/537.36"
103.4.122.14 - - [06/Jan/2026:11:43:30 +0800] "POST /wp-cron.php?doing_wp_cron=1767671010.3878769874572753906250 HTTP/1.1" 200 - "-" "WordPress/6.8.3; https://impeccablerenovations.com.au"
78.46.215.1 - - [06/Jan/2026:11:43:28 +0800] "HEAD / HTTP/1.1" 200 - "https://impeccablerenovations.com.au/" "Mozilla/5.0+(compatible; UptimeRobot/2.0; http://www.uptimerobot.com/)"
43.130.67.33 - - [06/Jan/2026:11:47:53 +0800] "GET / HTTP/1.1" 403 199 "-" "Mozilla/5.0 (iPhone; CPU iPhone OS 13_2_3 like Mac OS X) AppleWebKit/605.1.15 (KHTML, like Gecko) Version/13.0.3 Mobile/15E148 Safari/604.1"
103.4.122.14 - - [06/Jan/2026:11:48:38 +0800] "POST /wp-cron.php?doing_wp_cron=1767671317.9955410957336425781250 HTTP/1.1" 200 - "-" "WordPress/6.8.3; https://impeccablerenovations.com.au"
157.90.155.240 - - [06/Jan/2026:11:48:36 +0800] "HEAD / HTTP/1.1" 200 - "https://impeccablerenovations.com.au/" "Mozilla/5.0+(compatible; UptimeRobot/2.0; http://www.uptimerobot.com/)"
103.4.122.14 - - [06/Jan/2026:11:53:45 +0800] "POST /wp-cron.php?doing_wp_cron=1767671625.7599020004272460937500 HTTP/1.1" 200 - "-" "WordPress/6.8.3; https://impeccablerenovations.com.au"
167.235.143.113 - - [06/Jan/2026:11:53:43 +0800] "HEAD / HTTP/1.1" 200 - "https://impeccablerenovations.com.au/" "Mozilla/5.0+(compatible; UptimeRobot/2.0; http://www.uptimerobot.com/)"
103.4.122.14 - - [06/Jan/2026:11:58:56 +0800] "POST /wp-cron.php?doing_wp_cron=1767671936.4022059440612792968750 HTTP/1.1" 200 - "-" "WordPress/6.8.3; https://impeccablerenovations.com.au"
128.140.41.193 - - [06/Jan/2026:11:58:54 +0800] "HEAD / HTTP/1.1" 200 - "https://impeccablerenovations.com.au/" "Mozilla/5.0+(compatible; UptimeRobot/2.0; http://www.uptimerobot.com/)"
103.4.122.14 - - [06/Jan/2026:12:00:12 +0800] "POST /wp-cron.php?doing_wp_cron=1767672012.1544499397277832031250 HTTP/1.1" 200 - "-" "WordPress/6.8.3; https://impeccablerenovations.com.au"
167.114.139.137 - - [06/Jan/2026:12:00:10 +0800] "GET /robots.txt HTTP/1.1" 200 124 "-" "Mozilla/5.0 (compatible; AhrefsBot/7.0; +http://ahrefs.com/robot/)"
51.195.183.16 - - [06/Jan/2026:12:00:16 +0800] "GET / HTTP/1.1" 200 22199 "-" "Mozilla/5.0 (compatible; AhrefsBot/7.0; +http://ahrefs.com/robot/)"
103.4.122.14 - - [06/Jan/2026:12:00:33 +0800] "POST /wp-cron.php?doing_wp_cron=1767672033.6798610687255859375000 HTTP/1.1" 200 - "-" "WordPress/6.8.3; https://impeccablerenovations.com.au"
43.135.94.4 - - [06/Jan/2026:12:00:31 +0800] "GET /shop-fitouts HTTP/1.1" 404 62851 "http://impeccablerenovations.com.au/shop-fitouts" "Mozilla/5.0 (Windows NT 10.0; Win64; x64) AppleWebKit/537.36 (KHTML, like Gecko) Chrome/116.0.0.0 Safari/537.36"
103.4.122.14 - - [06/Jan/2026:12:04:04 +0800] "POST /wp-cron.php?doing_wp_cron=1767672244.5409379005432128906250 HTTP/1.1" 200 - "-" "WordPress/6.8.3; https://impeccablerenovations.com.au"
128.140.41.193 - - [06/Jan/2026:12:04:02 +0800] "HEAD / HTTP/1.1" 200 - "https://impeccablerenovations.com.au/" "Mozilla/5.0+(compatible; UptimeRobot/2.0; http://www.uptimerobot.com/)"
103.4.122.14 - - [06/Jan/2026:12:09:12 +0800] "POST /wp-cron.php?doing_wp_cron=1767672552.3973259925842285156250 HTTP/1.1" 200 - "-" "WordPress/6.8.3; https://impeccablerenovations.com.au"
63.178.84.147 - - [06/Jan/2026:12:09:10 +0800] "HEAD / HTTP/1.1" 200 - "https://impeccablerenovations.com.au/" "Mozilla/5.0+(compatible; UptimeRobot/2.0; http://www.uptimerobot.com/)"
103.4.122.14 - - [06/Jan/2026:12:12:46 +0800] "POST /wp-cron.php?doing_wp_cron=1767672766.2464900016784667968750 HTTP/1.1" 200 - "-" "WordPress/6.8.3; https://impeccablerenovations.com.au"
15.204.155.25 - - [06/Jan/2026:12:12:44 +0800] "GET /blog-verify HTTP/1.1" 404 62815 "-" "Mozilla/5.0 (Windows NT 10.0; Win64; x64) AppleWebKit/537.36 (KHTML, like Gecko) Chrome/127.0.0.0 Safari/537.36"
15.204.155.25 - - [06/Jan/2026:12:12:47 +0800] "GET /?check_plugin HTTP/1.1" 200 108907 "-" "Mozilla/5.0 (Windows NT 10.0; Win64; x64) AppleWebKit/537.36 (KHTML, like Gecko) Chrome/127.0.0.0 Safari/537.36"
114.119.152.54 - - [06/Jan/2026:12:13:16 +0800] "GET / HTTP/1.1" 200 22057 "https://impeccablerenovations.com.au/project/child-care-centre/" "Mozilla/5.0 (Linux; Android 7.0;) AppleWebKit/537.36 (KHTML, like Gecko) Mobile Safari/537.36 (compatible; PetalBot;+https://webmaster.petalsearch.com/site/petalbot)"
128.140.106.114 - - [06/Jan/2026:12:14:18 +0800] "HEAD / HTTP/1.1" 200 - "https://impeccablerenovations.com.au/" "Mozilla/5.0+(compatible; UptimeRobot/2.0; http://www.uptimerobot.com/)"
103.4.122.14 - - [06/Jan/2026:12:19:29 +0800] "POST /wp-cron.php?doing_wp_cron=1767673169.5210580825805664062500 HTTP/1.1" 200 - "-" "WordPress/6.8.3; https://impeccablerenovations.com.au"
63.178.84.147 - - [06/Jan/2026:12:19:27 +0800] "HEAD / HTTP/1.1" 200 - "https://impeccablerenovations.com.au/" "Mozilla/5.0+(compatible; UptimeRobot/2.0; http://www.uptimerobot.com/)"
103.4.122.14 - - [06/Jan/2026:12:24:38 +0800] "POST /wp-cron.php?doing_wp_cron=1767673478.3729500770568847656250 HTTP/1.1" 200 - "-" "WordPress/6.8.3; https://impeccablerenovations.com.au"
18.192.166.72 - - [06/Jan/2026:12:24:36 +0800] "HEAD / HTTP/1.1" 200 - "https://impeccablerenovations.com.au/" "Mozilla/5.0+(compatible; UptimeRobot/2.0; http://www.uptimerobot.com/)"
103.4.122.14 - - [06/Jan/2026:12:27:31 +0800] "POST /wp-cron.php?doing_wp_cron=1767673651.3721299171447753906250 HTTP/1.1" 200 - "-" "WordPress/6.8.3; https://impeccablerenovations.com.au"
43.173.181.100 - - [06/Jan/2026:12:27:29 +0800] "GET /project/child-care-centre HTTP/1.1" 301 - "-" "Mozilla/5.0 (Windows NT 10.0; Win64; x64) AppleWebKit/537.36 (KHTML, like Gecko) Chrome/105.0.0.0 Safari/537.3"
43.173.181.100 - - [06/Jan/2026:12:27:31 +0800] "GET /project/child-care-centre/ HTTP/1.1" 200 15863 "https://impeccablerenovations.com.au/project/child-care-centre" "Mozilla/5.0 (Windows NT 10.0; Win64; x64) AppleWebKit/537.36 (KHTML, like Gecko) Chrome/105.0.0.0 Safari/537.3"
146.174.170.164 - - [06/Jan/2026:12:29:43 +0800] "GET /testimonials/ HTTP/1.1" 404 62816 "-" "Mozilla/5.0 (Macintosh; Intel Mac OS X 10_6_0) AppleWebKit/537.4 (KHTML, like Gecko) Chrome/22.0.1229.79 Safari/537.4"
103.4.122.14 - - [06/Jan/2026:12:29:45 +0800] "POST /wp-cron.php?doing_wp_cron=1767673785.1167829036712646484375 HTTP/1.1" 200 - "-" "WordPress/6.8.3; https://impeccablerenovations.com.au"
18.193.252.127 - - [06/Jan/2026:12:29:43 +0800] "HEAD / HTTP/1.1" 200 - "https://impeccablerenovations.com.au/" "Mozilla/5.0+(compatible; UptimeRobot/2.0; http://www.uptimerobot.com/)"
103.4.122.14 - - [06/Jan/2026:12:34:53 +0800] "POST /wp-cron.php?doing_wp_cron=1767674093.5642409324645996093750 HTTP/1.1" 200 - "-" "WordPress/6.8.3; https://impeccablerenovations.com.au"
78.46.190.63 - - [06/Jan/2026:12:34:51 +0800] "HEAD / HTTP/1.1" 200 - "https://impeccablerenovations.com.au/" "Mozilla/5.0+(compatible; UptimeRobot/2.0; http://www.uptimerobot.com/)"
3.77.67.4 - - [06/Jan/2026:12:40:00 +0800] "HEAD / HTTP/1.1" 200 - "https://impeccablerenovations.com.au/" "Mozilla/5.0+(compatible; UptimeRobot/2.0; http://www.uptimerobot.com/)"
103.4.122.14 - - [06/Jan/2026:12:45:11 +0800] "POST /wp-cron.php?doing_wp_cron=1767674711.1423370838165283203125 HTTP/1.1" 200 - "-" "WordPress/6.8.3; https://impeccablerenovations.com.au"
88.99.80.227 - - [06/Jan/2026:12:45:09 +0800] "HEAD / HTTP/1.1" 200 - "https://impeccablerenovations.com.au/" "Mozilla/5.0+(compatible; UptimeRobot/2.0; http://www.uptimerobot.com/)"
103.4.122.14 - - [06/Jan/2026:12:49:25 +0800] "POST /wp-cron.php?doing_wp_cron=1767674965.4233880043029785156250 HTTP/1.1" 200 - "-" "WordPress/6.8.3; https://impeccablerenovations.com.au"
54.174.58.224 - - [06/Jan/2026:12:49:23 +0800] "GET /robots.txt HTTP/1.1" 200 132 "-" "Mozilla/5.0 AppleWebKit/537.36 (KHTML, like Gecko; compatible; HubSpot Crawler; +https://www.hubspot.com) Chrome/131.0.0.0 Safari/537.36"
54.174.58.236 - - [06/Jan/2026:12:49:28 +0800] "HEAD / HTTP/1.1" 200 - "-" "Mozilla/5.0 AppleWebKit/537.36 (KHTML, like Gecko; compatible; HubSpot Crawler; +https://www.hubspot.com) Chrome/131.0.0.0 Safari/537.36"
54.174.58.229 - - [06/Jan/2026:12:49:29 +0800] "GET / HTTP/1.1" 200 22199 "-" "Mozilla/5.0 (compatible; HubSpot Crawler; +https://www.hubspot.com)"
54.174.58.229 - - [06/Jan/2026:12:49:32 +0800] "GET /wp-content/plugins/contact-form-7/includes/css/styles.css?ver=6.1.2 HTTP/1.1" 200 1031 "https://impeccablerenovations.com.au/" "Mozilla/5.0 (compatible; HubSpot Crawler; +https://www.hubspot.com)"
54.174.58.229 - - [06/Jan/2026:12:49:32 +0800] "GET /wp-content/themes/buildico/assets/css/bootstrap.min.css?ver=1.7 HTTP/1.1" 200 27804 "https://impeccablerenovations.com.au/" "Mozilla/5.0 (compatible; HubSpot Crawler; +https://www.hubspot.com)"
54.174.58.229 - - [06/Jan/2026:12:49:32 +0800] "GET /wp-content/themes/buildico/assets/css/font-awesome.min.css?ver=1.7 HTTP/1.1" 200 7055 "https://impeccablerenovations.com.au/" "Mozilla/5.0 (compatible; HubSpot Crawler; +https://www.hubspot.com)"
54.174.58.243 - - [06/Jan/2026:12:49:32 +0800] "GET /wp-content/themes/buildico/assets/css/elegant-line-icons.css?ver=1.7 HTTP/1.1" 200 1421 "https://impeccablerenovations.com.au/" "Mozilla/5.0 (compatible; HubSpot Crawler; +https://www.hubspot.com)"
54.174.58.238 - - [06/Jan/2026:12:49:32 +0800] "GET /wp-content/themes/buildico/assets/css/themify-icons.css?ver=1.7 HTTP/1.1" 200 2824 "https://impeccablerenovations.com.au/" "Mozilla/5.0 (compatible; HubSpot Crawler; +https://www.hubspot.com)"
54.174.58.229 - - [06/Jan/2026:12:49:32 +0800] "GET /wp-content/themes/buildico/assets/css/slicknav.min.css?ver=1.7 HTTP/1.1" 200 807 "https://impeccablerenovations.com.au/" "Mozilla/5.0 (compatible; HubSpot Crawler; +https://www.hubspot.com)"
54.174.58.243 - - [06/Jan/2026:12:49:32 +0800] "GET /wp-content/themes/buildico/assets/css/wt-construction-icon.css?ver=1.7 HTTP/1.1" 200 1855 "https://impeccablerenovations.com.au/" "Mozilla/5.0 (compatible; HubSpot Crawler; +https://www.hubspot.com)"
54.174.58.238 - - [06/Jan/2026:12:49:32 +0800] "GET /wp-content/themes/buildico/assets/css/swipebox.min.css?ver=1.7 HTTP/1.1" 200 1221 "https://impeccablerenovations.com.au/" "Mozilla/5.0 (compatible; HubSpot Crawler; +https://www.hubspot.com)"
54.174.58.229 - - [06/Jan/2026:12:49:33 +0800] "GET /wp-content/themes/buildico/assets/css/default-styles.css?ver=1.7 HTTP/1.1" 200 4289 "https://impeccablerenovations.com.au/" "Mozilla/5.0 (compatible; HubSpot Crawler; +https://www.hubspot.com)"
54.174.58.238 - - [06/Jan/2026:12:49:33 +0800] "GET /wp-content/themes/buildico/assets/css/responsive.css?ver=1.7 HTTP/1.1" 200 1084 "https://impeccablerenovations.com.au/" "Mozilla/5.0 (compatible; HubSpot Crawler; +https://www.hubspot.com)"
54.174.58.243 - - [06/Jan/2026:12:49:33 +0800] "GET /wp-content/themes/buildico/style.css?ver=1.7 HTTP/1.1" 200 8199 "https://impeccablerenovations.com.au/" "Mozilla/5.0 (compatible; HubSpot Crawler; +https://www.hubspot.com)"
54.174.58.229 - - [06/Jan/2026:12:49:33 +0800] "GET /wp-content/themes/buildico-child/style.css?ver=1.7 HTTP/1.1" 200 735 "https://impeccablerenovations.com.au/" "Mozilla/5.0 (compatible; HubSpot Crawler; +https://www.hubspot.com)"
54.174.58.238 - - [06/Jan/2026:12:49:33 +0800] "GET /wp-content/themes/buildico/assets/css/wp-blocks.css?ver=1.7 HTTP/1.1" 200 4428 "https://impeccablerenovations.com.au/" "Mozilla/5.0 (compatible; HubSpot Crawler; +https://www.hubspot.com)"
54.174.58.229 - - [06/Jan/2026:12:49:33 +0800] "GET /wp-content/plugins/buildico-toolkit/assets/css/owl.carousel.min.css?ver=6.8.3 HTTP/1.1" 200 912 "https://impeccablerenovations.com.au/" "Mozilla/5.0 (compatible; HubSpot Crawler; +https://www.hubspot.com)"
54.174.58.243 - - [06/Jan/2026:12:49:33 +0800] "GET /wp-content/plugins/buildico-toolkit/assets/css/nivo-slider.css?ver=6.8.3 HTTP/1.1" 200 821 "https://impeccablerenovations.com.au/" "Mozilla/5.0 (compatible; HubSpot Crawler; +https://www.hubspot.com)"
54.174.58.238 - - [06/Jan/2026:12:49:33 +0800] "GET /wp-content/plugins/buildico-toolkit/assets/css/cssanimation.min.css?ver=6.8.3 HTTP/1.1" 200 6767 "https://impeccablerenovations.com.au/" "Mozilla/5.0 (compatible; HubSpot Crawler; +https://www.hubspot.com)"
54.174.58.238 - - [06/Jan/2026:12:49:33 +0800] "GET /wp-content/plugins/buildico-toolkit/assets/css/plugin-toolkit.css?ver=6.8.3 HTTP/1.1" 200 6725 "https://impeccablerenovations.com.au/" "Mozilla/5.0 (compatible; HubSpot Crawler; +https://www.hubspot.com)"
54.174.58.229 - - [06/Jan/2026:12:49:33 +0800] "GET /wp-content/plugins/elementor/assets/lib/eicons/css/elementor-icons.min.css?ver=5.31.0 HTTP/1.1" 200 4085 "https://impeccablerenovations.com.au/" "Mozilla/5.0 (compatible; HubSpot Crawler; +https://www.hubspot.com)"
54.174.58.243 - - [06/Jan/2026:12:49:33 +0800] "GET /wp-content/plugins/elementor/assets/css/frontend.min.css?ver=3.24.5 HTTP/1.1" 200 7511 "https://impeccablerenovations.com.au/" "Mozilla/5.0 (compatible; HubSpot Crawler; +https://www.hubspot.com)"
54.174.58.238 - - [06/Jan/2026:12:49:33 +0800] "GET /wp-content/plugins/elementor/assets/lib/swiper/v8/css/swiper.min.css?ver=8.4.5 HTTP/1.1" 200 4583 "https://impeccablerenovations.com.au/" "Mozilla/5.0 (compatible; HubSpot Crawler; +https://www.hubspot.com)"
54.174.58.238 - - [06/Jan/2026:12:49:33 +0800] "GET /wp-content/plugins/elementor/assets/css/conditionals/e-swiper.min.css?ver=3.24.5 HTTP/1.1" 200 991 "https://impeccablerenovations.com.au/" "Mozilla/5.0 (compatible; HubSpot Crawler; +https://www.hubspot.com)"
54.174.58.229 - - [06/Jan/2026:12:49:33 +0800] "GET /wp-content/uploads/elementor/css/post-6.css?ver=1744443356 HTTP/1.1" 200 435 "https://impeccablerenovations.com.au/" "Mozilla/5.0 (compatible; HubSpot Crawler; +https://www.hubspot.com)"
54.174.58.238 - - [06/Jan/2026:12:49:33 +0800] "GET /wp-content/plugins/buildico-toolkit/assets/css/main-slider.css?ver=6.8.3 HTTP/1.1" 200 4086 "https://impeccablerenovations.com.au/" "Mozilla/5.0 (compatible; HubSpot Crawler; +https://www.hubspot.com)"
54.174.58.235 - - [06/Jan/2026:12:49:33 +0800] "GET /wp-content/plugins/elementor-pro/assets/css/frontend.min.css?ver=3.24.3 HTTP/1.1" 200 1330 "https://impeccablerenovations.com.au/" "Mozilla/5.0 (compatible; HubSpot Crawler; +https://www.hubspot.com)"
54.174.58.229 - - [06/Jan/2026:12:49:34 +0800] "GET /wp-content/plugins/elementor/assets/lib/animations/styles/fadeInUp.min.css?ver=3.24.5 HTTP/1.1" 200 117 "https://impeccablerenovations.com.au/" "Mozilla/5.0 (compatible; HubSpot Crawler; +https://www.hubspot.com)"
54.174.58.243 - - [06/Jan/2026:12:49:34 +0800] "GET /wp-content/plugins/elementor/assets/css/widget-heading.min.css?ver=3.24.5 HTTP/1.1" 200 188 "https://impeccablerenovations.com.au/" "Mozilla/5.0 (compatible; HubSpot Crawler; +https://www.hubspot.com)"
54.174.58.238 - - [06/Jan/2026:12:49:34 +0800] "GET /wp-content/plugins/elementor/assets/css/widget-text-editor.min.css?ver=3.24.5 HTTP/1.1" 200 271 "https://impeccablerenovations.com.au/" "Mozilla/5.0 (compatible; HubSpot Crawler; +https://www.hubspot.com)"
54.174.58.235 - - [06/Jan/2026:12:49:34 +0800] "GET /wp-content/plugins/elementor/assets/lib/animations/styles/fadeInLeft.min.css?ver=3.24.5 HTTP/1.1" 200 120 "https://impeccablerenovations.com.au/" "Mozilla/5.0 (compatible; HubSpot Crawler; +https://www.hubspot.com)"
54.174.58.243 - - [06/Jan/2026:12:49:34 +0800] "GET /wp-content/plugins/elementor/assets/lib/animations/styles/fadeInRight.min.css?ver=3.24.5 HTTP/1.1" 200 120 "https://impeccablerenovations.com.au/" "Mozilla/5.0 (compatible; HubSpot Crawler; +https://www.hubspot.com)"
54.174.58.229 - - [06/Jan/2026:12:49:34 +0800] "GET /wp-content/plugins/elementor/assets/css/widget-image.min.css?ver=3.24.5 HTTP/1.1" 200 163 "https://impeccablerenovations.com.au/" "Mozilla/5.0 (compatible; HubSpot Crawler; +https://www.hubspot.com)"
54.174.58.238 - - [06/Jan/2026:12:49:34 +0800] "GET /wp-content/plugins/elementor/assets/css/widget-image-gallery.min.css?ver=3.24.5 HTTP/1.1" 200 383 "https://impeccablerenovations.com.au/" "Mozilla/5.0 (compatible; HubSpot Crawler; +https://www.hubspot.com)"
54.174.58.235 - - [06/Jan/2026:12:49:34 +0800] "GET /wp-content/plugins/elementor/assets/css/widget-video.min.css?ver=3.24.5 HTTP/1.1" 200 502 "https://impeccablerenovations.com.au/" "Mozilla/5.0 (compatible; HubSpot Crawler; +https://www.hubspot.com)"
54.174.58.228 - - [06/Jan/2026:12:49:34 +0800] "GET /wp-content/uploads/elementor/css/post-243.css?ver=1753149764 HTTP/1.1" 200 3000 "https://impeccablerenovations.com.au/" "Mozilla/5.0 (compatible; HubSpot Crawler; +https://www.hubspot.com)"
54.174.58.229 - - [06/Jan/2026:12:49:34 +0800] "GET /wp-content/themes/buildico-child/assets/css/main.css HTTP/1.1" 200 1613 "https://impeccablerenovations.com.au/wp-content/themes/buildico-child/style.css?ver=1.7" "Mozilla/5.0 (compatible; HubSpot Crawler; +https://www.hubspot.com)"
54.174.58.238 - - [06/Jan/2026:12:49:34 +0800] "GET /wp-includes/js/jquery/jquery-migrate.min.js?ver=3.4.1 HTTP/1.1" 200 4872 "https://impeccablerenovations.com.au/" "Mozilla/5.0 (compatible; HubSpot Crawler; +https://www.hubspot.com)"
54.174.58.243 - - [06/Jan/2026:12:49:34 +0800] "GET /wp-includes/js/jquery/jquery.min.js?ver=3.7.1 HTTP/1.1" 200 30368 "https://impeccablerenovations.com.au/" "Mozilla/5.0 (compatible; HubSpot Crawler; +https://www.hubspot.com)"
54.174.58.235 - - [06/Jan/2026:12:49:34 +0800] "GET /wp-content/themes/buildico/assets/js/popper.min.js?ver=1 HTTP/1.1" 200 6911 "https://impeccablerenovations.com.au/" "Mozilla/5.0 (compatible; HubSpot Crawler; +https://www.hubspot.com)"
54.174.58.228 - - [06/Jan/2026:12:49:34 +0800] "GET /wp-content/themes/buildico/assets/js/jquery.slicknav.min.js?ver=1.7 HTTP/1.1" 200 2648 "https://impeccablerenovations.com.au/" "Mozilla/5.0 (compatible; HubSpot Crawler; +https://www.hubspot.com)"
54.174.58.238 - - [06/Jan/2026:12:49:34 +0800] "GET /wp-content/plugins/buildico-toolkit/assets/js/jquery.nivo.slider.pack.js?ver=3.2 HTTP/1.1" 200 3074 "https://impeccablerenovations.com.au/" "Mozilla/5.0 (compatible; HubSpot Crawler; +https://www.hubspot.com)"
54.174.58.229 - - [06/Jan/2026:12:49:34 +0800] "GET /wp-content/themes/buildico/assets/js/modernizr-2.8.3.min.js?ver=2.8.3 HTTP/1.1" 200 6306 "https://impeccablerenovations.com.au/" "Mozilla/5.0 (compatible; HubSpot Crawler; +https://www.hubspot.com)"
54.174.58.228 - - [06/Jan/2026:12:49:34 +0800] "GET /wp-content/plugins/buildico-toolkit/assets/js/wow.min.js?ver=1.3.0 HTTP/1.1" 200 2828 "https://impeccablerenovations.com.au/" "Mozilla/5.0 (compatible; HubSpot Crawler; +https://www.hubspot.com)"
54.174.58.238 - - [06/Jan/2026:12:49:34 +0800] "GET /wp-content/plugins/buildico-toolkit/assets/js/letteranimation.min.js?ver=1.0.0 HTTP/1.1" 200 675 "https://impeccablerenovations.com.au/" "Mozilla/5.0 (compatible; HubSpot Crawler; +https://www.hubspot.com)"
54.174.58.229 - - [06/Jan/2026:12:49:34 +0800] "GET /wp-content/uploads/2021/12/Justus-73-498x1024.jpg HTTP/1.1" 200 87756 "https://impeccablerenovations.com.au/" "Mozilla/5.0 (compatible; HubSpot Crawler; +https://www.hubspot.com)"
54.174.58.235 - - [06/Jan/2026:12:49:35 +0800] "GET /wp-content/uploads/2020/09/IR-Colour-strapline-stacked.png HTTP/1.1" 200 11165 "https://impeccablerenovations.com.au/" "Mozilla/5.0 (compatible; HubSpot Crawler; +https://www.hubspot.com)"
103.4.122.14 - - [06/Jan/2026:12:49:35 +0800] "POST /wp-cron.php?doing_wp_cron=1767674975.2128109931945800781250 HTTP/1.1" 200 - "-" "WordPress/6.8.3; https://impeccablerenovations.com.au"
54.174.58.238 - - [06/Jan/2026:12:49:34 +0800] "GET /wp-content/uploads/elementor/css/global.css?ver=1728434989 HTTP/1.1" 404 62925 "https://impeccablerenovations.com.au/" "Mozilla/5.0 (compatible; HubSpot Crawler; +https://www.hubspot.com)"
54.174.58.235 - - [06/Jan/2026:12:49:35 +0800] "GET /wp-content/uploads/2022/01/Bathroom-HR-768x512.png HTTP/1.1" 200 350254 "https://impeccablerenovations.com.au/" "Mozilla/5.0 (compatible; HubSpot Crawler; +https://www.hubspot.com)"
54.174.58.238 - - [06/Jan/2026:12:49:36 +0800] "GET /wp-content/plugins/contact-form-7/includes/swv/js/index.js?ver=6.1.2 HTTP/1.1" 200 3503 "https://impeccablerenovations.com.au/" "Mozilla/5.0 (compatible; HubSpot Crawler; +https://www.hubspot.com)"
54.174.58.243 - - [06/Jan/2026:12:49:36 +0800] "GET /wp-includes/js/dist/hooks.min.js?ver=4d63a3d491d11ffd8ac6 HTTP/1.1" 200 1648 "https://impeccablerenovations.com.au/" "Mozilla/5.0 (compatible; HubSpot Crawler; +https://www.hubspot.com)"
54.174.58.229 - - [06/Jan/2026:12:49:36 +0800] "GET /wp-includes/js/dist/i18n.min.js?ver=5e580eb46a90c2b997e6 HTTP/1.1" 200 3667 "https://impeccablerenovations.com.au/" "Mozilla/5.0 (compatible; HubSpot Crawler; +https://www.hubspot.com)"
54.174.58.229 - - [06/Jan/2026:12:49:36 +0800] "GET /wp-content/plugins/contact-form-7/includes/js/index.js?ver=6.1.2 HTTP/1.1" 200 4265 "https://impeccablerenovations.com.au/" "Mozilla/5.0 (compatible; HubSpot Crawler; +https://www.hubspot.com)"
54.174.58.228 - - [06/Jan/2026:12:49:35 +0800] "GET /wp-content/uploads/2018/10/logo-dark.png HTTP/1.1" 200 4918 "https://impeccablerenovations.com.au/" "Mozilla/5.0 (compatible; HubSpot Crawler; +https://www.hubspot.com)"
54.174.58.228 - - [06/Jan/2026:12:49:36 +0800] "GET /wp-content/uploads/2020/09/house-background-300x276.png HTTP/1.1" 200 7825 "https://impeccablerenovations.com.au/" "Mozilla/5.0 (compatible; HubSpot Crawler; +https://www.hubspot.com)"
54.174.58.235 - - [06/Jan/2026:12:49:36 +0800] "GET /wp-content/themes/buildico/assets/js/bootstrap.min.js?ver=1.7 HTTP/1.1" 200 12964 "https://impeccablerenovations.com.au/" "Mozilla/5.0 (compatible; HubSpot Crawler; +https://www.hubspot.com)"
54.174.58.228 - - [06/Jan/2026:12:49:36 +0800] "GET /wp-content/themes/buildico/assets/js/imageloaded.min.js?ver=1.7 HTTP/1.1" 200 1814 "https://impeccablerenovations.com.au/" "Mozilla/5.0 (compatible; HubSpot Crawler; +https://www.hubspot.com)"
54.174.58.238 - - [06/Jan/2026:12:49:36 +0800] "GET /wp-content/themes/buildico/assets/fonts/fontawesome-webfont.woff2?v=4.7.0 HTTP/1.1" 200 77160 "https://impeccablerenovations.com.au/wp-content/themes/buildico/assets/css/font-awesome.min.css?ver=1.7" "Mozilla/5.0 (compatible; HubSpot Crawler; +https://www.hubspot.com)"
54.174.58.229 - - [06/Jan/2026:12:49:36 +0800] "GET /wp-content/themes/buildico/assets/js/isotope.min.js?ver=1.7 HTTP/1.1" 200 9677 "https://impeccablerenovations.com.au/" "Mozilla/5.0 (compatible; HubSpot Crawler; +https://www.hubspot.com)"
54.174.58.235 - - [06/Jan/2026:12:49:36 +0800] "GET /wp-content/themes/buildico/assets/js/jquery.nicescroll.min.js?ver=1.7 HTTP/1.1" 200 16710 "https://impeccablerenovations.com.au/" "Mozilla/5.0 (compatible; HubSpot Crawler; +https://www.hubspot.com)"
54.174.58.228 - - [06/Jan/2026:12:49:36 +0800] "GET /wp-content/themes/buildico/assets/js/jquery.swipebox.min.js?ver=1.7 HTTP/1.1" 200 3957 "https://impeccablerenovations.com.au/" "Mozilla/5.0 (compatible; HubSpot Crawler; +https://www.hubspot.com)"
54.174.58.243 - - [06/Jan/2026:12:49:36 +0800] "GET /wp-content/uploads/2020/10/Impec-Ren-Hero.png HTTP/1.1" 200 460499 "https://impeccablerenovations.com.au/wp-content/uploads/elementor/css/post-243.css?ver=1753149764" "Mozilla/5.0 (compatible; HubSpot Crawler; +https://www.hubspot.com)"
54.174.58.228 - - [06/Jan/2026:12:49:36 +0800] "GET /wp-content/plugins/buildico-toolkit/assets/js/jquery.hoverdir.js?ver=1.0 HTTP/1.1" 200 1006 "https://impeccablerenovations.com.au/" "Mozilla/5.0 (compatible; HubSpot Crawler; +https://www.hubspot.com)"
54.174.58.228 - - [06/Jan/2026:12:49:36 +0800] "GET /wp-content/plugins/buildico-toolkit/assets/js/plugin-toolkit.js?ver=1.0 HTTP/1.1" 200 585 "https://impeccablerenovations.com.au/" "Mozilla/5.0 (compatible; HubSpot Crawler; +https://www.hubspot.com)"
54.174.58.235 - - [06/Jan/2026:12:49:36 +0800] "GET /wp-content/plugins/buildico-toolkit/assets/js/owl.carousel.min.js?ver=2.2.1 HTTP/1.1" 200 10926 "https://impeccablerenovations.com.au/" "Mozilla/5.0 (compatible; HubSpot Crawler; +https://www.hubspot.com)"
54.174.58.228 - - [06/Jan/2026:12:49:37 +0800] "GET /wp-content/plugins/contact-form-7/modules/recaptcha/index.js?ver=6.1.2 HTTP/1.1" 200 483 "https://impeccablerenovations.com.au/" "Mozilla/5.0 (compatible; HubSpot Crawler; +https://www.hubspot.com)"
54.174.58.235 - - [06/Jan/2026:12:49:37 +0800] "GET /wp-content/plugins/elementor/assets/js/webpack.runtime.min.js?ver=3.24.5 HTTP/1.1" 200 2215 "https://impeccablerenovations.com.au/" "Mozilla/5.0 (compatible; HubSpot Crawler; +https://www.hubspot.com)"
54.174.58.228 - - [06/Jan/2026:12:49:37 +0800] "GET /wp-content/plugins/elementor-pro/assets/js/webpack-pro.runtime.min.js?ver=3.24.3 HTTP/1.1" 200 2821 "https://impeccablerenovations.com.au/" "Mozilla/5.0 (compatible; HubSpot Crawler; +https://www.hubspot.com)"
54.174.58.228 - - [06/Jan/2026:12:49:37 +0800] "GET /wp-content/plugins/elementor/assets/js/frontend-modules.min.js?ver=3.24.5 HTTP/1.1" 200 21125 "https://impeccablerenovations.com.au/" "Mozilla/5.0 (compatible; HubSpot Crawler; +https://www.hubspot.com)"
54.174.58.228 - - [06/Jan/2026:12:49:37 +0800] "GET /wp-content/plugins/elementor/assets/js/frontend.min.js?ver=3.24.5 HTTP/1.1" 200 12504 "https://impeccablerenovations.com.au/" "Mozilla/5.0 (compatible; HubSpot Crawler; +https://www.hubspot.com)"
54.174.58.235 - - [06/Jan/2026:12:49:37 +0800] "GET /wp-includes/js/jquery/ui/core.min.js?ver=1.13.3 HTTP/1.1" 200 7106 "https://impeccablerenovations.com.au/" "Mozilla/5.0 (compatible; HubSpot Crawler; +https://www.hubspot.com)"
54.174.58.243 - - [06/Jan/2026:12:49:37 +0800] "GET /wp-content/plugins/elementor-pro/assets/js/frontend.min.js?ver=3.24.3 HTTP/1.1" 200 6701 "https://impeccablerenovations.com.au/" "Mozilla/5.0 (compatible; HubSpot Crawler; +https://www.hubspot.com)"
54.174.58.235 - - [06/Jan/2026:12:49:37 +0800] "GET /wp-content/plugins/elementor-pro/assets/js/elements-handlers.min.js?ver=3.24.3 HTTP/1.1" 200 10138 "https://impeccablerenovations.com.au/" "Mozilla/5.0 (compatible; HubSpot Crawler; +https://www.hubspot.com)"
54.174.58.243 - - [06/Jan/2026:12:49:37 +0800] "GET /wp-content/plugins/buildico-toolkit/assets/js/slick.min.js?ver=1.0.0 HTTP/1.1" 200 10442 "https://impeccablerenovations.com.au/" "Mozilla/5.0 (compatible; HubSpot Crawler; +https://www.hubspot.com)"
54.174.58.228 - - [06/Jan/2026:12:49:37 +0800] "GET /wp-content/plugins/buildico-toolkit/assets/js/main-slider.js?ver=1.0.0 HTTP/1.1" 200 734 "https://impeccablerenovations.com.au/" "Mozilla/5.0 (compatible; HubSpot Crawler; +https://www.hubspot.com)"
54.174.58.235 - - [06/Jan/2026:12:49:37 +0800] "GET /wp-content/plugins/buildico-toolkit/assets/js/el-script.js?ver=1.0.0 HTTP/1.1" 200 698 "https://impeccablerenovations.com.au/" "Mozilla/5.0 (compatible; HubSpot Crawler; +https://www.hubspot.com)"
54.174.58.243 - - [06/Jan/2026:12:49:37 +0800] "GET /wp-content/plugins/google-analytics-premium/assets/js/frontend-gtag.min.js?ver=9.2.4 HTTP/1.1" 200 3277 "https://impeccablerenovations.com.au/" "Mozilla/5.0 (compatible; HubSpot Crawler; +https://www.hubspot.com)"
54.174.58.235 - - [06/Jan/2026:12:49:37 +0800] "GET /wp-content/uploads/2021/12/AdobeStock_334171632-scaled.jpeg HTTP/1.1" 200 407136 "https://impeccablerenovations.com.au/wp-content/uploads/elementor/css/post-243.css?ver=1753149764" "Mozilla/5.0 (compatible; HubSpot Crawler; +https://www.hubspot.com)"
54.174.58.229 - - [06/Jan/2026:12:49:36 +0800] "GET /wp-content/themes/buildico/assets/js/custom.js?ver=1.7 HTTP/1.1" 200 1278 "https://impeccablerenovations.com.au/" "Mozilla/5.0 (compatible; HubSpot Crawler; +https://www.hubspot.com)"
54.174.58.229 - - [06/Jan/2026:12:49:38 +0800] "GET /wp-includes/js/dist/vendor/wp-polyfill.min.js?ver=3.15.0 HTTP/1.1" 200 14471 "https://impeccablerenovations.com.au/" "Mozilla/5.0 (compatible; HubSpot Crawler; +https://www.hubspot.com)"
