103.4.122.14 - - [02/Jan/2026:20:18:41 +0800] "POST /wp-cron.php?doing_wp_cron=1767356321.2738389968872070312500 HTTP/1.1" 200 - "-" "WordPress/6.8.3; https://impeccablerenovations.com.au"
52.28.162.93 - - [02/Jan/2026:20:18:39 +0800] "HEAD / HTTP/1.1" 200 - "https://impeccablerenovations.com.au/" "Mozilla/5.0+(compatible; UptimeRobot/2.0; http://www.uptimerobot.com/)"
103.4.122.14 - - [02/Jan/2026:20:20:04 +0800] "POST /wp-cron.php?doing_wp_cron=1767356404.6007149219512939453125 HTTP/1.1" 200 - "-" "WordPress/6.8.3; https://impeccablerenovations.com.au"
114.119.145.194 - - [02/Jan/2026:20:20:03 +0800] "GET /robots.txt HTTP/1.1" 200 124 "-" "Mozilla/5.0 (compatible;PetalBot;+https://webmaster.petalsearch.com/site/petalbot)"
103.4.122.14 - - [02/Jan/2026:20:23:49 +0800] "POST /wp-cron.php?doing_wp_cron=1767356629.2575969696044921875000 HTTP/1.1" 200 - "-" "WordPress/6.8.3; https://impeccablerenovations.com.au"
49.13.134.145 - - [02/Jan/2026:20:23:47 +0800] "HEAD / HTTP/1.1" 200 - "https://impeccablerenovations.com.au/" "Mozilla/5.0+(compatible; UptimeRobot/2.0; http://www.uptimerobot.com/)"
103.4.122.14 - - [02/Jan/2026:20:29:00 +0800] "POST /wp-cron.php?doing_wp_cron=1767356940.5863890647888183593750 HTTP/1.1" 200 - "-" "WordPress/6.8.3; https://impeccablerenovations.com.au"
78.46.190.63 - - [02/Jan/2026:20:28:58 +0800] "HEAD / HTTP/1.1" 200 - "https://impeccablerenovations.com.au/" "Mozilla/5.0+(compatible; UptimeRobot/2.0; http://www.uptimerobot.com/)"
103.4.122.14 - - [02/Jan/2026:20:34:08 +0800] "POST /wp-cron.php?doing_wp_cron=1767357248.1247990131378173828125 HTTP/1.1" 200 - "-" "WordPress/6.8.3; https://impeccablerenovations.com.au"
18.192.166.72 - - [02/Jan/2026:20:34:06 +0800] "HEAD / HTTP/1.1" 200 - "https://impeccablerenovations.com.au/" "Mozilla/5.0+(compatible; UptimeRobot/2.0; http://www.uptimerobot.com/)"
103.4.122.14 - - [02/Jan/2026:20:39:15 +0800] "POST /wp-cron.php?doing_wp_cron=1767357555.2715640068054199218750 HTTP/1.1" 200 - "-" "WordPress/6.8.3; https://impeccablerenovations.com.au"
78.47.173.76 - - [02/Jan/2026:20:39:13 +0800] "HEAD / HTTP/1.1" 200 - "https://impeccablerenovations.com.au/" "Mozilla/5.0+(compatible; UptimeRobot/2.0; http://www.uptimerobot.com/)"
103.4.122.14 - - [02/Jan/2026:20:44:23 +0800] "POST /wp-cron.php?doing_wp_cron=1767357862.8920719623565673828125 HTTP/1.1" 200 - "-" "WordPress/6.8.3; https://impeccablerenovations.com.au"
63.178.84.147 - - [02/Jan/2026:20:44:21 +0800] "HEAD / HTTP/1.1" 200 - "https://impeccablerenovations.com.au/" "Mozilla/5.0+(compatible; UptimeRobot/2.0; http://www.uptimerobot.com/)"
103.4.122.14 - - [02/Jan/2026:20:47:15 +0800] "POST /wp-cron.php?doing_wp_cron=1767358034.8297090530395507812500 HTTP/1.1" 200 - "-" "WordPress/6.8.3; https://impeccablerenovations.com.au"
54.39.6.88 - - [02/Jan/2026:20:47:13 +0800] "GET /updates/ HTTP/1.1" 200 18267 "-" "Mozilla/5.0 (compatible; AhrefsBot/7.0; +http://ahrefs.com/robot/)"
103.4.122.14 - - [02/Jan/2026:20:49:31 +0800] "POST /wp-cron.php?doing_wp_cron=1767358170.9744570255279541015625 HTTP/1.1" 200 - "-" "WordPress/6.8.3; https://impeccablerenovations.com.au"
142.132.180.39 - - [02/Jan/2026:20:49:29 +0800] "HEAD / HTTP/1.1" 200 - "https://impeccablerenovations.com.au/" "Mozilla/5.0+(compatible; UptimeRobot/2.0; http://www.uptimerobot.com/)"
103.4.122.14 - - [02/Jan/2026:20:54:43 +0800] "POST /wp-cron.php?doing_wp_cron=1767358483.3173360824584960937500 HTTP/1.1" 200 - "-" "WordPress/6.8.3; https://impeccablerenovations.com.au"
78.46.215.1 - - [02/Jan/2026:20:54:41 +0800] "HEAD / HTTP/1.1" 200 - "https://impeccablerenovations.com.au/" "Mozilla/5.0+(compatible; UptimeRobot/2.0; http://www.uptimerobot.com/)"
103.4.122.14 - - [02/Jan/2026:20:59:51 +0800] "POST /wp-cron.php?doing_wp_cron=1767358790.9259328842163085937500 HTTP/1.1" 200 - "-" "WordPress/6.8.3; https://impeccablerenovations.com.au"
3.79.134.69 - - [02/Jan/2026:20:59:49 +0800] "HEAD / HTTP/1.1" 200 - "https://impeccablerenovations.com.au/" "Mozilla/5.0+(compatible; UptimeRobot/2.0; http://www.uptimerobot.com/)"
103.4.122.14 - - [02/Jan/2026:21:01:39 +0800] "POST /wp-cron.php?doing_wp_cron=1767358899.8243010044097900390625 HTTP/1.1" 200 - "-" "WordPress/6.8.3; https://impeccablerenovations.com.au"
43.173.178.98 - - [02/Jan/2026:21:01:38 +0800] "GET /category/uncategorized/ HTTP/1.1" 200 15947 "-" "Mozilla/5.0 (Windows NT 10.0; Win64; x64) AppleWebKit/537.36 (KHTML, like Gecko) Chrome/120.0.0.0 Safari/537.36"
103.4.122.14 - - [02/Jan/2026:21:04:58 +0800] "POST /wp-cron.php?doing_wp_cron=1767359098.2350881099700927734375 HTTP/1.1" 200 - "-" "WordPress/6.8.3; https://impeccablerenovations.com.au"
159.69.158.189 - - [02/Jan/2026:21:04:56 +0800] "HEAD / HTTP/1.1" 200 - "https://impeccablerenovations.com.au/" "Mozilla/5.0+(compatible; UptimeRobot/2.0; http://www.uptimerobot.com/)"
23.23.236.48 - - [02/Jan/2026:21:05:22 +0800] "GET /wp-content/uploads/2018/06/logo-white.png HTTP/1.1" 404 62849 "-" "Faraday v1.10.4"
103.4.122.14 - - [02/Jan/2026:21:10:09 +0800] "POST /wp-cron.php?doing_wp_cron=1767359408.8883109092712402343750 HTTP/1.1" 200 - "-" "WordPress/6.8.3; https://impeccablerenovations.com.au"
167.235.143.113 - - [02/Jan/2026:21:10:07 +0800] "HEAD / HTTP/1.1" 200 - "https://impeccablerenovations.com.au/" "Mozilla/5.0+(compatible; UptimeRobot/2.0; http://www.uptimerobot.com/)"
216.244.66.233 - - [02/Jan/2026:21:10:27 +0800] "GET /robots.txt HTTP/1.1" 200 132 "-" "Mozilla/5.0 (compatible; DotBot/1.2; +https://opensiteexplorer.org/dotbot; help@moz.com)"
103.4.122.14 - - [02/Jan/2026:21:15:16 +0800] "POST /wp-cron.php?doing_wp_cron=1767359715.9384799003601074218750 HTTP/1.1" 200 - "-" "WordPress/6.8.3; https://impeccablerenovations.com.au"
3.79.134.69 - - [02/Jan/2026:21:15:14 +0800] "HEAD / HTTP/1.1" 200 - "https://impeccablerenovations.com.au/" "Mozilla/5.0+(compatible; UptimeRobot/2.0; http://www.uptimerobot.com/)"
103.4.122.14 - - [02/Jan/2026:21:16:21 +0800] "POST /wp-cron.php?doing_wp_cron=1767359781.5363059043884277343750 HTTP/1.1" 200 - "-" "WordPress/6.8.3; https://impeccablerenovations.com.au"
111.119.192.194 - - [02/Jan/2026:21:16:19 +0800] "GET /bathrooms-and-waterproofing/ HTTP/1.1" 404 62883 "http://impeccablerenovations.com.au/bathrooms-and-waterproofing/" "Mozilla/5.0 (Macintosh; Intel Mac OS X 10_15_7) AppleWebKit/537.36 (KHTML, like Gecko) Chrome/119.0.0.0 Safari/537.36"
103.4.122.14 - - [02/Jan/2026:21:20:24 +0800] "POST /wp-cron.php?doing_wp_cron=1767360024.5583550930023193359375 HTTP/1.1" 200 - "-" "WordPress/6.8.3; https://impeccablerenovations.com.au"
63.178.84.147 - - [02/Jan/2026:21:20:22 +0800] "HEAD / HTTP/1.1" 200 - "https://impeccablerenovations.com.au/" "Mozilla/5.0+(compatible; UptimeRobot/2.0; http://www.uptimerobot.com/)"
103.4.122.14 - - [02/Jan/2026:21:22:14 +0800] "POST /wp-cron.php?doing_wp_cron=1767360134.0322220325469970703125 HTTP/1.1" 200 - "-" "WordPress/6.8.3; https://impeccablerenovations.com.au"
216.73.216.99 - - [02/Jan/2026:21:22:12 +0800] "GET /robots.txt HTTP/1.1" 200 124 "-" "Mozilla/5.0 AppleWebKit/537.36 (KHTML, like Gecko; compatible; ClaudeBot/1.0; +claudebot@anthropic.com)"
216.73.216.99 - - [02/Jan/2026:21:22:14 +0800] "GET /sitemap_index.xml HTTP/1.1" 200 346 "-" "Mozilla/5.0 AppleWebKit/537.36 (KHTML, like Gecko; compatible; ClaudeBot/1.0; +claudebot@anthropic.com)"
103.4.122.14 - - [02/Jan/2026:21:25:32 +0800] "POST /wp-cron.php?doing_wp_cron=1767360332.5580389499664306640625 HTTP/1.1" 200 - "-" "WordPress/6.8.3; https://impeccablerenovations.com.au"
18.192.166.72 - - [02/Jan/2026:21:25:30 +0800] "HEAD / HTTP/1.1" 200 - "https://impeccablerenovations.com.au/" "Mozilla/5.0+(compatible; UptimeRobot/2.0; http://www.uptimerobot.com/)"
103.4.122.14 - - [02/Jan/2026:21:27:31 +0800] "POST /wp-cron.php?doing_wp_cron=1767360451.1859140396118164062500 HTTP/1.1" 200 - "-" "WordPress/6.8.3; https://impeccablerenovations.com.au"
216.244.66.233 - - [02/Jan/2026:21:27:29 +0800] "GET /commercial-fitouts/ HTTP/1.1" 200 98207 "-" "Mozilla/5.0 (compatible; DotBot/1.2; +https://opensiteexplorer.org/dotbot; help@moz.com)"
103.4.122.14 - - [02/Jan/2026:21:30:40 +0800] "POST /wp-cron.php?doing_wp_cron=1767360640.5829451084136962890625 HTTP/1.1" 200 - "-" "WordPress/6.8.3; https://impeccablerenovations.com.au"
18.192.166.72 - - [02/Jan/2026:21:30:38 +0800] "HEAD / HTTP/1.1" 200 - "https://impeccablerenovations.com.au/" "Mozilla/5.0+(compatible; UptimeRobot/2.0; http://www.uptimerobot.com/)"
103.4.122.14 - - [02/Jan/2026:21:35:49 +0800] "POST /wp-cron.php?doing_wp_cron=1767360949.4193658828735351562500 HTTP/1.1" 200 - "-" "WordPress/6.8.3; https://impeccablerenovations.com.au"
49.13.164.148 - - [02/Jan/2026:21:35:47 +0800] "HEAD / HTTP/1.1" 200 - "https://impeccablerenovations.com.au/" "Mozilla/5.0+(compatible; UptimeRobot/2.0; http://www.uptimerobot.com/)"
52.167.144.156 - - [02/Jan/2026:21:40:56 +0800] "GET / HTTP/1.1" 301 - "-" "Mozilla/5.0 AppleWebKit/537.36 (KHTML, like Gecko; compatible; bingbot/2.0; +http://www.bing.com/bingbot.htm) Chrome/116.0.1938.76 Safari/537.36"
103.4.122.14 - - [02/Jan/2026:21:40:58 +0800] "POST /wp-cron.php?doing_wp_cron=1767361258.3463950157165527343750 HTTP/1.1" 200 - "-" "WordPress/6.8.3; https://impeccablerenovations.com.au"
78.46.190.63 - - [02/Jan/2026:21:40:55 +0800] "HEAD / HTTP/1.1" 200 - "https://impeccablerenovations.com.au/" "Mozilla/5.0+(compatible; UptimeRobot/2.0; http://www.uptimerobot.com/)"
103.4.122.14 - - [02/Jan/2026:21:46:06 +0800] "POST /wp-cron.php?doing_wp_cron=1767361565.8474149703979492187500 HTTP/1.1" 200 - "-" "WordPress/6.8.3; https://impeccablerenovations.com.au"
3.77.67.4 - - [02/Jan/2026:21:46:04 +0800] "HEAD / HTTP/1.1" 200 - "https://impeccablerenovations.com.au/" "Mozilla/5.0+(compatible; UptimeRobot/2.0; http://www.uptimerobot.com/)"
103.4.122.14 - - [02/Jan/2026:21:50:32 +0800] "POST /wp-cron.php?doing_wp_cron=1767361832.2315139770507812500000 HTTP/1.1" 200 - "-" "WordPress/6.8.3; https://impeccablerenovations.com.au"
129.226.131.152 - - [02/Jan/2026:21:50:30 +0800] "GET /project/hospitality-store/ HTTP/1.1" 200 15662 "https://impeccablerenovations.com.au/project/hospitality-store/" "Mozilla/5.0 (Macintosh; Intel Mac OS X 10_15_7) AppleWebKit/537.36 (KHTML, like Gecko) Chrome/123.0.0.0 Safari/537.36"
49.13.167.123 - - [02/Jan/2026:21:51:12 +0800] "HEAD / HTTP/1.1" 200 - "https://impeccablerenovations.com.au/" "Mozilla/5.0+(compatible; UptimeRobot/2.0; http://www.uptimerobot.com/)"
103.4.122.14 - - [02/Jan/2026:21:56:22 +0800] "POST /wp-cron.php?doing_wp_cron=1767362181.9784610271453857421875 HTTP/1.1" 200 - "-" "WordPress/6.8.3; https://impeccablerenovations.com.au"
142.132.180.39 - - [02/Jan/2026:21:56:20 +0800] "HEAD / HTTP/1.1" 200 - "https://impeccablerenovations.com.au/" "Mozilla/5.0+(compatible; UptimeRobot/2.0; http://www.uptimerobot.com/)"
103.4.122.14 - - [02/Jan/2026:22:01:33 +0800] "POST /wp-cron.php?doing_wp_cron=1767362493.0441761016845703125000 HTTP/1.1" 200 - "-" "WordPress/6.8.3; https://impeccablerenovations.com.au"
168.119.123.75 - - [02/Jan/2026:22:01:31 +0800] "HEAD / HTTP/1.1" 200 - "https://impeccablerenovations.com.au/" "Mozilla/5.0+(compatible; UptimeRobot/2.0; http://www.uptimerobot.com/)"
148.113.128.64 - - [02/Jan/2026:22:01:52 +0800] "GET /sitemap_index.xml HTTP/1.1" 200 346 "-" "Mozilla/5.0 (compatible; AhrefsBot/7.0; +http://ahrefs.com/robot/)"
15.235.98.151 - - [02/Jan/2026:22:01:58 +0800] "GET /post-sitemap.xml HTTP/1.1" 200 481 "-" "Mozilla/5.0 (compatible; AhrefsBot/7.0; +http://ahrefs.com/robot/)"
51.222.95.228 - - [02/Jan/2026:22:02:03 +0800] "GET /page-sitemap.xml HTTP/1.1" 200 1154 "-" "Mozilla/5.0 (compatible; AhrefsBot/7.0; +http://ahrefs.com/robot/)"
54.39.6.28 - - [02/Jan/2026:22:02:08 +0800] "GET /project-sitemap.xml HTTP/1.1" 200 445 "-" "Mozilla/5.0 (compatible; AhrefsBot/7.0; +http://ahrefs.com/robot/)"
51.161.37.121 - - [02/Jan/2026:22:02:13 +0800] "GET /category-sitemap.xml HTTP/1.1" 200 376 "-" "Mozilla/5.0 (compatible; AhrefsBot/7.0; +http://ahrefs.com/robot/)"
103.4.122.14 - - [02/Jan/2026:22:06:41 +0800] "POST /wp-cron.php?doing_wp_cron=1767362800.9886860847473144531250 HTTP/1.1" 200 - "-" "WordPress/6.8.3; https://impeccablerenovations.com.au"
168.119.123.75 - - [02/Jan/2026:22:06:39 +0800] "HEAD / HTTP/1.1" 200 - "https://impeccablerenovations.com.au/" "Mozilla/5.0+(compatible; UptimeRobot/2.0; http://www.uptimerobot.com/)"
103.4.122.14 - - [02/Jan/2026:22:11:49 +0800] "POST /wp-cron.php?doing_wp_cron=1767363109.0629720687866210937500 HTTP/1.1" 200 - "-" "WordPress/6.8.3; https://impeccablerenovations.com.au"
157.90.155.240 - - [02/Jan/2026:22:11:47 +0800] "HEAD / HTTP/1.1" 200 - "https://impeccablerenovations.com.au/" "Mozilla/5.0+(compatible; UptimeRobot/2.0; http://www.uptimerobot.com/)"
103.4.122.14 - - [02/Jan/2026:22:16:58 +0800] "POST /wp-cron.php?doing_wp_cron=1767363418.0089199542999267578125 HTTP/1.1" 200 - "-" "WordPress/6.8.3; https://impeccablerenovations.com.au"
157.90.156.63 - - [02/Jan/2026:22:16:56 +0800] "HEAD / HTTP/1.1" 200 - "https://impeccablerenovations.com.au/" "Mozilla/5.0+(compatible; UptimeRobot/2.0; http://www.uptimerobot.com/)"
103.4.122.14 - - [02/Jan/2026:22:22:06 +0800] "POST /wp-cron.php?doing_wp_cron=1767363726.2452371120452880859375 HTTP/1.1" 200 - "-" "WordPress/6.8.3; https://impeccablerenovations.com.au"
63.178.84.147 - - [02/Jan/2026:22:22:04 +0800] "HEAD / HTTP/1.1" 200 - "https://impeccablerenovations.com.au/" "Mozilla/5.0+(compatible; UptimeRobot/2.0; http://www.uptimerobot.com/)"
182.44.67.97 - - [02/Jan/2026:22:23:17 +0800] "GET / HTTP/1.1" 403 199 "-" "Mozilla/5.0 (iPhone; CPU iPhone OS 13_2_3 like Mac OS X) AppleWebKit/605.1.15 (KHTML, like Gecko) Version/13.0.3 Mobile/15E148 Safari/604.1"
103.4.122.14 - - [02/Jan/2026:22:27:16 +0800] "POST /wp-cron.php?doing_wp_cron=1767364036.1698980331420898437500 HTTP/1.1" 200 - "-" "WordPress/6.8.3; https://impeccablerenovations.com.au"
78.46.215.1 - - [02/Jan/2026:22:27:14 +0800] "HEAD / HTTP/1.1" 200 - "https://impeccablerenovations.com.au/" "Mozilla/5.0+(compatible; UptimeRobot/2.0; http://www.uptimerobot.com/)"
103.4.122.14 - - [02/Jan/2026:22:32:23 +0800] "POST /wp-cron.php?doing_wp_cron=1767364342.9361169338226318359375 HTTP/1.1" 200 - "-" "WordPress/6.8.3; https://impeccablerenovations.com.au"
52.28.162.93 - - [02/Jan/2026:22:32:21 +0800] "HEAD / HTTP/1.1" 200 - "https://impeccablerenovations.com.au/" "Mozilla/5.0+(compatible; UptimeRobot/2.0; http://www.uptimerobot.com/)"
103.4.122.14 - - [02/Jan/2026:22:37:30 +0800] "POST /wp-cron.php?doing_wp_cron=1767364650.6627840995788574218750 HTTP/1.1" 200 - "-" "WordPress/6.8.3; https://impeccablerenovations.com.au"
3.79.134.69 - - [02/Jan/2026:22:37:29 +0800] "HEAD / HTTP/1.1" 200 - "https://impeccablerenovations.com.au/" "Mozilla/5.0+(compatible; UptimeRobot/2.0; http://www.uptimerobot.com/)"
103.4.122.14 - - [02/Jan/2026:22:42:39 +0800] "POST /wp-cron.php?doing_wp_cron=1767364958.9479401111602783203125 HTTP/1.1" 200 - "-" "WordPress/6.8.3; https://impeccablerenovations.com.au"
49.13.134.145 - - [02/Jan/2026:22:42:37 +0800] "HEAD / HTTP/1.1" 200 - "https://impeccablerenovations.com.au/" "Mozilla/5.0+(compatible; UptimeRobot/2.0; http://www.uptimerobot.com/)"
103.4.122.14 - - [02/Jan/2026:22:44:03 +0800] "POST /wp-cron.php?doing_wp_cron=1767365043.0692338943481445312500 HTTP/1.1" 200 - "-" "WordPress/6.8.3; https://impeccablerenovations.com.au"
216.26.240.238 - - [02/Jan/2026:22:44:01 +0800] "GET /contact/ HTTP/1.1" 301 - "-" "Mozilla/5.0 (Windows NT 10.0; WOW64; x64) AppleWebKit/537.36 (KHTML, like Gecko) Chrome/114.0.0.0 Safari/537.36 OPR/89.0.4447.51"
216.26.240.238 - - [02/Jan/2026:22:44:04 +0800] "GET /contact-us/ HTTP/1.1" 200 18384 "http://impeccablerenovations.com.au/contact/" "Mozilla/5.0 (Windows NT 10.0; WOW64; x64) AppleWebKit/537.36 (KHTML, like Gecko) Chrome/114.0.0.0 Safari/537.36 OPR/89.0.4447.51"
103.4.122.14 - - [02/Jan/2026:22:47:46 +0800] "POST /wp-cron.php?doing_wp_cron=1767365265.8970649242401123046875 HTTP/1.1" 200 - "-" "WordPress/6.8.3; https://impeccablerenovations.com.au"
192.178.4.96 - - [02/Jan/2026:22:47:44 +0800] "GET / HTTP/1.1" 200 22033 "-" "Mozilla/5.0 (Linux; Android 6.0.1; Nexus 5X Build/MMB29P) AppleWebKit/537.36 (KHTML, like Gecko) Chrome/141.0.7390.122 Mobile Safari/537.36 (compatible; Googlebot/2.1; +http://www.google.com/bot.html)"
78.47.173.76 - - [02/Jan/2026:22:47:45 +0800] "HEAD / HTTP/1.1" 200 - "https://impeccablerenovations.com.au/" "Mozilla/5.0+(compatible; UptimeRobot/2.0; http://www.uptimerobot.com/)"
192.178.4.96 - - [02/Jan/2026:22:47:50 +0800] "GET /wp-content/themes/buildico/assets/css/themify-icons.css?ver=1.7 HTTP/1.1" 200 2824 "https://impeccablerenovations.com.au/" "Mozilla/5.0 (Linux; Android 6.0.1; Nexus 5X Build/MMB29P) AppleWebKit/537.36 (KHTML, like Gecko) Chrome/141.0.7390.122 Mobile Safari/537.36 (compatible; Googlebot/2.1; +http://www.google.com/bot.html)"
192.178.4.97 - - [02/Jan/2026:22:47:51 +0800] "GET /wp-content/themes/buildico/assets/css/swipebox.min.css?ver=1.7 HTTP/1.1" 200 1221 "https://impeccablerenovations.com.au/" "Mozilla/5.0 (Linux; Android 6.0.1; Nexus 5X Build/MMB29P) AppleWebKit/537.36 (KHTML, like Gecko) Chrome/141.0.7390.122 Mobile Safari/537.36 (compatible; Googlebot/2.1; +http://www.google.com/bot.html)"
192.178.4.96 - - [02/Jan/2026:22:47:51 +0800] "GET /wp-content/plugins/elementor/assets/css/widget-image.min.css?ver=3.24.5 HTTP/1.1" 200 163 "https://impeccablerenovations.com.au/" "Mozilla/5.0 (Linux; Android 6.0.1; Nexus 5X Build/MMB29P) AppleWebKit/537.36 (KHTML, like Gecko) Chrome/141.0.7390.122 Mobile Safari/537.36 (compatible; Googlebot/2.1; +http://www.google.com/bot.html)"
192.178.4.97 - - [02/Jan/2026:22:47:51 +0800] "GET /wp-content/uploads/elementor/css/post-243.css?ver=1753149764 HTTP/1.1" 200 3000 "https://impeccablerenovations.com.au/" "Mozilla/5.0 (Linux; Android 6.0.1; Nexus 5X Build/MMB29P) AppleWebKit/537.36 (KHTML, like Gecko) Chrome/141.0.7390.122 Mobile Safari/537.36 (compatible; Googlebot/2.1; +http://www.google.com/bot.html)"
192.178.4.97 - - [02/Jan/2026:22:47:51 +0800] "GET /wp-content/themes/buildico/assets/css/font-awesome.min.css?ver=1.7 HTTP/1.1" 200 7055 "https://impeccablerenovations.com.au/" "Mozilla/5.0 (Linux; Android 6.0.1; Nexus 5X Build/MMB29P) AppleWebKit/537.36 (KHTML, like Gecko) Chrome/141.0.7390.122 Mobile Safari/537.36 (compatible; Googlebot/2.1; +http://www.google.com/bot.html)"
192.178.4.96 - - [02/Jan/2026:22:47:51 +0800] "GET /wp-content/plugins/elementor/assets/css/frontend.min.css?ver=3.24.5 HTTP/1.1" 200 7511 "https://impeccablerenovations.com.au/" "Mozilla/5.0 (Linux; Android 6.0.1; Nexus 5X Build/MMB29P) AppleWebKit/537.36 (KHTML, like Gecko) Chrome/141.0.7390.122 Mobile Safari/537.36 (compatible; Googlebot/2.1; +http://www.google.com/bot.html)"
192.178.4.97 - - [02/Jan/2026:22:47:52 +0800] "GET /wp-content/themes/buildico/assets/js/popper.min.js?ver=1 HTTP/1.1" 200 6911 "https://impeccablerenovations.com.au/" "Mozilla/5.0 (Linux; Android 6.0.1; Nexus 5X Build/MMB29P) AppleWebKit/537.36 (KHTML, like Gecko) Chrome/141.0.7390.122 Mobile Safari/537.36 (compatible; Googlebot/2.1; +http://www.google.com/bot.html)"
192.178.4.96 - - [02/Jan/2026:22:47:52 +0800] "GET /wp-content/plugins/elementor/assets/css/widget-image-gallery.min.css?ver=3.24.5 HTTP/1.1" 200 383 "https://impeccablerenovations.com.au/" "Mozilla/5.0 (Linux; Android 6.0.1; Nexus 5X Build/MMB29P) AppleWebKit/537.36 (KHTML, like Gecko) Chrome/141.0.7390.122 Mobile Safari/537.36 (compatible; Googlebot/2.1; +http://www.google.com/bot.html)"
192.178.4.96 - - [02/Jan/2026:22:47:51 +0800] "GET /wp-content/uploads/elementor/css/global.css?ver=1728434989 HTTP/1.1" 404 62461 "https://impeccablerenovations.com.au/" "Mozilla/5.0 (Linux; Android 6.0.1; Nexus 5X Build/MMB29P) AppleWebKit/537.36 (KHTML, like Gecko) Chrome/141.0.7390.122 Mobile Safari/537.36 (compatible; Googlebot/2.1; +http://www.google.com/bot.html)"
192.178.4.96 - - [02/Jan/2026:22:47:53 +0800] "GET /wp-content/plugins/elementor/assets/js/lightbox.26bf6b6c4232d8789c0e.bundle.min.js HTTP/1.1" 200 9568 "https://impeccablerenovations.com.au/" "Mozilla/5.0 (Linux; Android 6.0.1; Nexus 5X Build/MMB29P) AppleWebKit/537.36 (KHTML, like Gecko) Chrome/141.0.7390.122 Mobile Safari/537.36 (compatible; Googlebot/2.1; +http://www.google.com/bot.html)"
192.178.4.97 - - [02/Jan/2026:22:47:53 +0800] "GET /wp-content/plugins/elementor/assets/css/conditionals/dialog.min.css?ver=3.24.5 HTTP/1.1" 200 1504 "https://impeccablerenovations.com.au/" "Mozilla/5.0 (Linux; Android 6.0.1; Nexus 5X Build/MMB29P) AppleWebKit/537.36 (KHTML, like Gecko) Chrome/141.0.7390.122 Mobile Safari/537.36 (compatible; Googlebot/2.1; +http://www.google.com/bot.html)"
192.178.4.96 - - [02/Jan/2026:22:47:53 +0800] "GET /wp-content/plugins/elementor/assets/css/conditionals/lightbox.min.css?ver=3.24.5 HTTP/1.1" 200 2021 "https://impeccablerenovations.com.au/" "Mozilla/5.0 (Linux; Android 6.0.1; Nexus 5X Build/MMB29P) AppleWebKit/537.36 (KHTML, like Gecko) Chrome/141.0.7390.122 Mobile Safari/537.36 (compatible; Googlebot/2.1; +http://www.google.com/bot.html)"
103.4.122.14 - - [02/Jan/2026:22:52:55 +0800] "POST /wp-cron.php?doing_wp_cron=1767365575.1757950782775878906250 HTTP/1.1" 200 - "-" "WordPress/6.8.3; https://impeccablerenovations.com.au"
157.90.156.63 - - [02/Jan/2026:22:52:53 +0800] "HEAD / HTTP/1.1" 200 - "https://impeccablerenovations.com.au/" "Mozilla/5.0+(compatible; UptimeRobot/2.0; http://www.uptimerobot.com/)"
103.4.122.14 - - [02/Jan/2026:22:58:04 +0800] "POST /wp-cron.php?doing_wp_cron=1767365884.5050349235534667968750 HTTP/1.1" 200 - "-" "WordPress/6.8.3; https://impeccablerenovations.com.au"
3.77.67.4 - - [02/Jan/2026:22:58:02 +0800] "HEAD / HTTP/1.1" 200 - "https://impeccablerenovations.com.au/" "Mozilla/5.0+(compatible; UptimeRobot/2.0; http://www.uptimerobot.com/)"
103.4.122.14 - - [02/Jan/2026:23:03:12 +0800] "POST /wp-cron.php?doing_wp_cron=1767366192.2549688816070556640625 HTTP/1.1" 200 - "-" "WordPress/6.8.3; https://impeccablerenovations.com.au"
49.13.134.145 - - [02/Jan/2026:23:03:10 +0800] "HEAD / HTTP/1.1" 200 - "https://impeccablerenovations.com.au/" "Mozilla/5.0+(compatible; UptimeRobot/2.0; http://www.uptimerobot.com/)"
103.4.122.14 - - [02/Jan/2026:23:04:05 +0800] "POST /wp-cron.php?doing_wp_cron=1767366245.5053570270538330078125 HTTP/1.1" 200 - "-" "WordPress/6.8.3; https://impeccablerenovations.com.au"
51.161.37.150 - - [02/Jan/2026:23:04:04 +0800] "GET / HTTP/1.1" 200 22200 "-" "Mozilla/5.0 (compatible; AhrefsBot/7.0; +http://ahrefs.com/robot/)"
103.4.122.14 - - [02/Jan/2026:23:06:40 +0800] "POST /wp-cron.php?doing_wp_cron=1767366399.9565780162811279296875 HTTP/1.1" 200 - "-" "WordPress/6.8.3; https://impeccablerenovations.com.au"
17.22.245.234 - - [02/Jan/2026:23:06:38 +0800] "GET /robots.txt HTTP/1.1" 200 124 "-" "Mozilla/5.0 (Macintosh; Intel Mac OS X 10_15_7) AppleWebKit/605.1.15 (KHTML, like Gecko) Version/17.4 Safari/605.1.15 (Applebot/0.1; +http://www.apple.com/go/applebot)"
17.22.245.234 - - [02/Jan/2026:23:06:40 +0800] "GET /feed/ HTTP/1.1" 200 2314 "-" "Mozilla/5.0 (Macintosh; Intel Mac OS X 10_15_7) AppleWebKit/605.1.15 (KHTML, like Gecko) Version/17.4 Safari/605.1.15 (Applebot/0.1; +http://www.apple.com/go/applebot)"
103.4.122.14 - - [02/Jan/2026:23:08:19 +0800] "POST /wp-cron.php?doing_wp_cron=1767366499.1607201099395751953125 HTTP/1.1" 200 - "-" "WordPress/6.8.3; https://impeccablerenovations.com.au"
168.119.96.239 - - [02/Jan/2026:23:08:17 +0800] "HEAD / HTTP/1.1" 200 - "https://impeccablerenovations.com.au/" "Mozilla/5.0+(compatible; UptimeRobot/2.0; http://www.uptimerobot.com/)"
103.4.122.14 - - [02/Jan/2026:23:12:32 +0800] "POST /wp-cron.php?doing_wp_cron=1767366752.1956980228424072265625 HTTP/1.1" 200 - "-" "WordPress/6.8.3; https://impeccablerenovations.com.au"
178.20.45.159 - - [02/Jan/2026:23:12:30 +0800] "GET / HTTP/1.0" 301 - "http://impeccablerenovations.com.au/" "Mozilla/5.0 (Windows NT 10.0; Win64; x64) AppleWebKit/537.36 (KHTML, like Gecko) Chrome/131.0.0.0 Safari/537.36 Avast/131.0.0.0"
178.20.45.159 - - [02/Jan/2026:23:12:44 +0800] "GET / HTTP/1.0" 200 108894 "https://impeccablerenovations.com.au/" "Mozilla/5.0 (Windows NT 10.0; Win64; x64) AppleWebKit/537.36 (KHTML, like Gecko) Chrome/131.0.0.0 Safari/537.36 Avast/131.0.0.0"
178.20.45.159 - - [02/Jan/2026:23:12:48 +0800] "GET /commercial-fitouts/ HTTP/1.0" 200 98266 "https://impeccablerenovations.com.au/commercial-fitouts/" "Mozilla/5.0 (Windows NT 10.0; Win64; x64) AppleWebKit/537.36 (KHTML, like Gecko) Chrome/131.0.0.0 Safari/537.36 Avast/131.0.0.0"
103.4.122.14 - - [02/Jan/2026:23:13:33 +0800] "POST /wp-cron.php?doing_wp_cron=1767366812.9570739269256591796875 HTTP/1.1" 200 - "-" "WordPress/6.8.3; https://impeccablerenovations.com.au"
52.28.162.93 - - [02/Jan/2026:23:13:31 +0800] "HEAD / HTTP/1.1" 200 - "https://impeccablerenovations.com.au/" "Mozilla/5.0+(compatible; UptimeRobot/2.0; http://www.uptimerobot.com/)"
103.4.122.14 - - [02/Jan/2026:23:18:41 +0800] "POST /wp-cron.php?doing_wp_cron=1767367121.6232469081878662109375 HTTP/1.1" 200 - "-" "WordPress/6.8.3; https://impeccablerenovations.com.au"
78.47.98.55 - - [02/Jan/2026:23:18:39 +0800] "HEAD / HTTP/1.1" 200 - "https://impeccablerenovations.com.au/" "Mozilla/5.0+(compatible; UptimeRobot/2.0; http://www.uptimerobot.com/)"
103.4.122.14 - - [02/Jan/2026:23:23:49 +0800] "POST /wp-cron.php?doing_wp_cron=1767367428.9752988815307617187500 HTTP/1.1" 200 - "-" "WordPress/6.8.3; https://impeccablerenovations.com.au"
3.79.134.69 - - [02/Jan/2026:23:23:47 +0800] "HEAD / HTTP/1.1" 200 - "https://impeccablerenovations.com.au/" "Mozilla/5.0+(compatible; UptimeRobot/2.0; http://www.uptimerobot.com/)"
151.242.63.242 - - [02/Jan/2026:23:25:11 +0800] "GET /dump.sql HTTP/1.1" 403 199 "-" "Mozilla/5.0 (Windows NT 10.0; Win64; x64) AppleWebKit/537.36 (KHTML, like Gecko) Chrome/102.0.0.0 Safari/537.36"
103.4.122.14 - - [02/Jan/2026:23:28:57 +0800] "POST /wp-cron.php?doing_wp_cron=1767367736.8490829467773437500000 HTTP/1.1" 200 - "-" "WordPress/6.8.3; https://impeccablerenovations.com.au"
18.193.252.127 - - [02/Jan/2026:23:28:55 +0800] "HEAD / HTTP/1.1" 200 - "https://impeccablerenovations.com.au/" "Mozilla/5.0+(compatible; UptimeRobot/2.0; http://www.uptimerobot.com/)"
103.4.122.14 - - [02/Jan/2026:23:34:06 +0800] "POST /wp-cron.php?doing_wp_cron=1767368046.2726480960845947265625 HTTP/1.1" 200 - "-" "WordPress/6.8.3; https://impeccablerenovations.com.au"
88.99.80.227 - - [02/Jan/2026:23:34:04 +0800] "HEAD / HTTP/1.1" 200 - "https://impeccablerenovations.com.au/" "Mozilla/5.0+(compatible; UptimeRobot/2.0; http://www.uptimerobot.com/)"
4.190.155.45 - - [02/Jan/2026:23:36:16 +0800] "GET / HTTP/1.1" 403 17006 "-" "Mozlila/5.0 (Linux; Android 7.0; SM-G892A Bulid/NRD90M; wv) AppleWebKit/537.36 (KHTML, like Gecko) Version/4.0 Chrome/60.0.3112.107 Moblie Safari/537.36"
4.190.155.45 - - [02/Jan/2026:23:36:16 +0800] "GET /wp-content/themes/seotheme/db.php?u HTTP/1.1" 403 17006 "www.google.com" "Mozlila/5.0 (Linux; Android 7.0; SM-G892A Bulid/NRD90M; wv) AppleWebKit/537.36 (KHTML, like Gecko) Version/4.0 Chrome/60.0.3112.107 Moblie Safari/537.36"
4.190.155.45 - - [02/Jan/2026:23:36:16 +0800] "GET /wp-content/plugins/apikey/apikey.php?test=hello HTTP/1.1" 403 17006 "-" "Mozlila/5.0 (Linux; Android 7.0; SM-G892A Bulid/NRD90M; wv) AppleWebKit/537.36 (KHTML, like Gecko) Version/4.0 Chrome/60.0.3112.107 Moblie Safari/537.36"
4.190.155.45 - - [02/Jan/2026:23:36:17 +0800] "GET /plugins/content/apismtp/apismtp.php?test=hello HTTP/1.1" 403 17006 "-" "Mozlila/5.0 (Linux; Android 7.0; SM-G892A Bulid/NRD90M; wv) AppleWebKit/537.36 (KHTML, like Gecko) Version/4.0 Chrome/60.0.3112.107 Moblie Safari/537.36"
4.190.155.45 - - [02/Jan/2026:23:36:17 +0800] "GET /wp-content/plugins/apikey/apikey.php.suspected?test=hello HTTP/1.1" 403 17006 "-" "Mozlila/5.0 (Linux; Android 7.0; SM-G892A Bulid/NRD90M; wv) AppleWebKit/537.36 (KHTML, like Gecko) Version/4.0 Chrome/60.0.3112.107 Moblie Safari/537.36"
4.190.155.45 - - [02/Jan/2026:23:36:17 +0800] "GET /plugins/content/apismtp/apismtp.php.suspected?test=hello HTTP/1.1" 403 17006 "-" "Mozlila/5.0 (Linux; Android 7.0; SM-G892A Bulid/NRD90M; wv) AppleWebKit/537.36 (KHTML, like Gecko) Version/4.0 Chrome/60.0.3112.107 Moblie Safari/537.36"
103.4.122.14 - - [02/Jan/2026:23:36:17 +0800] "POST /?wordfence_syncAttackData=1767368177.6647 HTTP/1.1" 200 - "-" "WordPress/6.8.3; https://impeccablerenovations.com.au"
103.4.122.14 - - [02/Jan/2026:23:36:19 +0800] "POST /wp-cron.php?doing_wp_cron=1767368179.0570271015167236328125 HTTP/1.1" 200 - "-" "WordPress/6.8.3; https://impeccablerenovations.com.au"
4.190.155.45 - - [02/Jan/2026:23:36:16 +0800] "POST /wp-plain.php HTTP/1.1" 404 62352 "www.google.com" "Mozilla/5.0 (Linux; Android 7.0; SM-G892A Bulid/NRD90M; wv) AppleWebKit/537.36 (KHTML, like Gecko) Version/4.0 Chrome/60.0.3112.107 Moblie Safari/537.36"
4.190.155.45 - - [02/Jan/2026:23:36:20 +0800] "GET /wp-content/themes/seotheme/db.php?u HTTP/1.1" 403 17006 "www.google.com" "Mozlila/5.0 (Linux; Android 7.0; SM-G892A Bulid/NRD90M; wv) AppleWebKit/537.36 (KHTML, like Gecko) Version/4.0 Chrome/60.0.3112.107 Moblie Safari/537.36"
4.190.155.45 - - [02/Jan/2026:23:36:20 +0800] "POST /ALFA_DATA/alfacgiapi/perl.alfa HTTP/1.1" 403 17006 "www.google.com" "Mozlila/5.0 (Linux; Android 7.0; SM-G892A Bulid/NRD90M; wv) AppleWebKit/537.36 (KHTML, like Gecko) Version/4.0 Chrome/60.0.3112.107 Moblie Safari/537.36"
4.190.155.45 - - [02/Jan/2026:23:36:20 +0800] "POST /alfacgiapi/perl.alfa HTTP/1.1" 403 17006 "www.google.com" "Mozlila/5.0 (Linux; Android 7.0; SM-G892A Bulid/NRD90M; wv) AppleWebKit/537.36 (KHTML, like Gecko) Version/4.0 Chrome/60.0.3112.107 Moblie Safari/537.36"
4.190.155.45 - - [02/Jan/2026:23:36:19 +0800] "GET /ouinmkgs.php?Fox=d3wL7 HTTP/1.1" 404 62362 "www.google.com" "Mozilla/5.0 (Linux; Android 7.0; SM-G892A Bulid/NRD90M; wv) AppleWebKit/537.36 (KHTML, like Gecko) Version/4.0 Chrome/60.0.3112.107 Moblie Safari/537.36"
4.190.155.45 - - [02/Jan/2026:23:36:21 +0800] "POST /wp-plain.php HTTP/1.1" 404 62387 "www.google.com" "Mozilla/5.0 (Linux; Android 7.0; SM-G892A Bulid/NRD90M; wv) AppleWebKit/537.36 (KHTML, like Gecko) Version/4.0 Chrome/60.0.3112.107 Moblie Safari/537.36"
4.190.155.45 - - [02/Jan/2026:23:36:23 +0800] "GET /zbqmscer.php?Fox=d3wL7 HTTP/1.1" 404 62397 "www.google.com" "Mozilla/5.0 (Linux; Android 7.0; SM-G892A Bulid/NRD90M; wv) AppleWebKit/537.36 (KHTML, like Gecko) Version/4.0 Chrome/60.0.3112.107 Moblie Safari/537.36"
103.4.122.14 - - [02/Jan/2026:23:39:12 +0800] "POST /?wordfence_syncAttackData=1767368352.5499 HTTP/1.1" 200 - "-" "WordPress/6.8.3; https://impeccablerenovations.com.au"
103.4.122.14 - - [02/Jan/2026:23:39:14 +0800] "POST /wp-cron.php?doing_wp_cron=1767368353.9366559982299804687500 HTTP/1.1" 200 - "-" "WordPress/6.8.3; https://impeccablerenovations.com.au"
3.77.67.4 - - [02/Jan/2026:23:39:11 +0800] "HEAD / HTTP/1.1" 200 - "https://impeccablerenovations.com.au/" "Mozilla/5.0+(compatible; UptimeRobot/2.0; http://www.uptimerobot.com/)"
4.190.155.45 - - [02/Jan/2026:23:43:27 +0800] "GET /wp-content/themes/seotheme/db.php?u HTTP/1.1" 403 17006 "www.google.com" "Mozlila/5.0 (Linux; Android 7.0; SM-G892A Bulid/NRD90M; wv) AppleWebKit/537.36 (KHTML, like Gecko) Version/4.0 Chrome/60.0.3112.107 Moblie Safari/537.36"
4.190.155.45 - - [02/Jan/2026:23:43:27 +0800] "GET / HTTP/1.1" 403 17006 "-" "Mozlila/5.0 (Linux; Android 7.0; SM-G892A Bulid/NRD90M; wv) AppleWebKit/537.36 (KHTML, like Gecko) Version/4.0 Chrome/60.0.3112.107 Moblie Safari/537.36"
4.190.155.45 - - [02/Jan/2026:23:43:27 +0800] "GET /wp-content/plugins/apikey/apikey.php?test=hello HTTP/1.1" 403 17006 "-" "Mozlila/5.0 (Linux; Android 7.0; SM-G892A Bulid/NRD90M; wv) AppleWebKit/537.36 (KHTML, like Gecko) Version/4.0 Chrome/60.0.3112.107 Moblie Safari/537.36"
4.190.155.45 - - [02/Jan/2026:23:43:28 +0800] "GET /plugins/content/apismtp/apismtp.php?test=hello HTTP/1.1" 403 17006 "-" "Mozlila/5.0 (Linux; Android 7.0; SM-G892A Bulid/NRD90M; wv) AppleWebKit/537.36 (KHTML, like Gecko) Version/4.0 Chrome/60.0.3112.107 Moblie Safari/537.36"
4.190.155.45 - - [02/Jan/2026:23:43:28 +0800] "GET /wp-content/plugins/apikey/apikey.php.suspected?test=hello HTTP/1.1" 403 17006 "-" "Mozlila/5.0 (Linux; Android 7.0; SM-G892A Bulid/NRD90M; wv) AppleWebKit/537.36 (KHTML, like Gecko) Version/4.0 Chrome/60.0.3112.107 Moblie Safari/537.36"
4.190.155.45 - - [02/Jan/2026:23:43:28 +0800] "GET /plugins/content/apismtp/apismtp.php.suspected?test=hello HTTP/1.1" 403 17006 "-" "Mozlila/5.0 (Linux; Android 7.0; SM-G892A Bulid/NRD90M; wv) AppleWebKit/537.36 (KHTML, like Gecko) Version/4.0 Chrome/60.0.3112.107 Moblie Safari/537.36"
103.4.122.14 - - [02/Jan/2026:23:43:29 +0800] "POST /?wordfence_syncAttackData=1767368609.883 HTTP/1.1" 200 - "-" "WordPress/6.8.3; https://impeccablerenovations.com.au"
103.4.122.14 - - [02/Jan/2026:23:43:31 +0800] "POST /wp-cron.php?doing_wp_cron=1767368611.2822489738464355468750 HTTP/1.1" 200 - "-" "WordPress/6.8.3; https://impeccablerenovations.com.au"
4.190.155.45 - - [02/Jan/2026:23:43:27 +0800] "POST /wp-plain.php HTTP/1.1" 404 62352 "www.google.com" "Mozilla/5.0 (Linux; Android 7.0; SM-G892A Bulid/NRD90M; wv) AppleWebKit/537.36 (KHTML, like Gecko) Version/4.0 Chrome/60.0.3112.107 Moblie Safari/537.36"
4.190.155.45 - - [02/Jan/2026:23:43:32 +0800] "GET /wp-content/themes/seotheme/db.php?u HTTP/1.1" 403 17006 "www.google.com" "Mozlila/5.0 (Linux; Android 7.0; SM-G892A Bulid/NRD90M; wv) AppleWebKit/537.36 (KHTML, like Gecko) Version/4.0 Chrome/60.0.3112.107 Moblie Safari/537.36"
4.190.155.45 - - [02/Jan/2026:23:43:31 +0800] "GET /febqvbod.php?Fox=d3wL7 HTTP/1.1" 404 62362 "www.google.com" "Mozilla/5.0 (Linux; Android 7.0; SM-G892A Bulid/NRD90M; wv) AppleWebKit/537.36 (KHTML, like Gecko) Version/4.0 Chrome/60.0.3112.107 Moblie Safari/537.36"
4.190.155.45 - - [02/Jan/2026:23:43:34 +0800] "POST /wp-plain.php HTTP/1.1" 404 62387 "www.google.com" "Mozilla/5.0 (Linux; Android 7.0; SM-G892A Bulid/NRD90M; wv) AppleWebKit/537.36 (KHTML, like Gecko) Version/4.0 Chrome/60.0.3112.107 Moblie Safari/537.36"
4.190.155.45 - - [02/Jan/2026:23:43:36 +0800] "GET /ifrfxkhm.php?Fox=d3wL7 HTTP/1.1" 404 62397 "www.google.com" "Mozilla/5.0 (Linux; Android 7.0; SM-G892A Bulid/NRD90M; wv) AppleWebKit/537.36 (KHTML, like Gecko) Version/4.0 Chrome/60.0.3112.107 Moblie Safari/537.36"
103.4.122.14 - - [02/Jan/2026:23:44:21 +0800] "POST /?wordfence_syncAttackData=1767368661.0501 HTTP/1.1" 200 - "-" "WordPress/6.8.3; https://impeccablerenovations.com.au"
18.193.252.127 - - [02/Jan/2026:23:44:20 +0800] "HEAD / HTTP/1.1" 200 - "https://impeccablerenovations.com.au/" "Mozilla/5.0+(compatible; UptimeRobot/2.0; http://www.uptimerobot.com/)"
103.4.122.14 - - [02/Jan/2026:23:49:29 +0800] "POST /wp-cron.php?doing_wp_cron=1767368969.3104569911956787109375 HTTP/1.1" 200 - "-" "WordPress/6.8.3; https://impeccablerenovations.com.au"
18.193.252.127 - - [02/Jan/2026:23:49:27 +0800] "HEAD / HTTP/1.1" 200 - "https://impeccablerenovations.com.au/" "Mozilla/5.0+(compatible; UptimeRobot/2.0; http://www.uptimerobot.com/)"
103.4.122.14 - - [02/Jan/2026:23:52:34 +0800] "POST /wp-cron.php?doing_wp_cron=1767369153.7826900482177734375000 HTTP/1.1" 200 - "-" "WordPress/6.8.3; https://impeccablerenovations.com.au"
74.7.230.17 - - [02/Jan/2026:23:52:32 +0800] "GET /robots.txt HTTP/1.1" 200 124 "-" "Mozilla/5.0 (Macintosh; Intel Mac OS X 10_15_7) AppleWebKit/537.36 (KHTML, like Gecko) Chrome/131.0.0.0 Safari/537.36; compatible; OAI-SearchBot/1.3; robots.txt; +https://openai.com/searchbot"
103.4.122.14 - - [02/Jan/2026:23:54:37 +0800] "POST /wp-cron.php?doing_wp_cron=1767369276.9853520393371582031250 HTTP/1.1" 200 - "-" "WordPress/6.8.3; https://impeccablerenovations.com.au"
18.193.252.127 - - [02/Jan/2026:23:54:35 +0800] "HEAD / HTTP/1.1" 200 - "https://impeccablerenovations.com.au/" "Mozilla/5.0+(compatible; UptimeRobot/2.0; http://www.uptimerobot.com/)"
103.4.122.14 - - [02/Jan/2026:23:59:44 +0800] "POST /wp-cron.php?doing_wp_cron=1767369584.5443539619445800781250 HTTP/1.1" 200 - "-" "WordPress/6.8.3; https://impeccablerenovations.com.au"
157.90.155.240 - - [02/Jan/2026:23:59:42 +0800] "HEAD / HTTP/1.1" 200 - "https://impeccablerenovations.com.au/" "Mozilla/5.0+(compatible; UptimeRobot/2.0; http://www.uptimerobot.com/)"
103.4.122.14 - - [03/Jan/2026:00:04:53 +0800] "POST /wp-cron.php?doing_wp_cron=1767369893.3686740398406982421875 HTTP/1.1" 200 - "-" "WordPress/6.8.3; https://impeccablerenovations.com.au"
3.77.67.4 - - [03/Jan/2026:00:04:51 +0800] "HEAD / HTTP/1.1" 200 - "https://impeccablerenovations.com.au/" "Mozilla/5.0+(compatible; UptimeRobot/2.0; http://www.uptimerobot.com/)"
103.4.122.14 - - [03/Jan/2026:00:10:00 +0800] "POST /wp-cron.php?doing_wp_cron=1767370200.0797750949859619140625 HTTP/1.1" 200 - "-" "WordPress/6.8.3; https://impeccablerenovations.com.au"
157.90.155.240 - - [03/Jan/2026:00:09:58 +0800] "HEAD / HTTP/1.1" 200 - "https://impeccablerenovations.com.au/" "Mozilla/5.0+(compatible; UptimeRobot/2.0; http://www.uptimerobot.com/)"
103.4.122.14 - - [03/Jan/2026:00:15:08 +0800] "POST /wp-cron.php?doing_wp_cron=1767370508.3650069236755371093750 HTTP/1.1" 200 - "-" "WordPress/6.8.3; https://impeccablerenovations.com.au"
3.79.134.69 - - [03/Jan/2026:00:15:06 +0800] "HEAD / HTTP/1.1" 200 - "https://impeccablerenovations.com.au/" "Mozilla/5.0+(compatible; UptimeRobot/2.0; http://www.uptimerobot.com/)"
103.4.122.14 - - [03/Jan/2026:00:16:34 +0800] "POST /wp-cron.php?doing_wp_cron=1767370594.6310079097747802734375 HTTP/1.1" 200 - "-" "WordPress/6.8.3; https://impeccablerenovations.com.au"
43.135.112.30 - - [03/Jan/2026:00:16:32 +0800] "GET /contact-us/ HTTP/1.1" 200 18373 "https://impeccablerenovations.com.au/contact-us/" "Mozilla/5.0 (Macintosh; Intel Mac OS X 10_15_7) AppleWebKit/537.36 (KHTML, like Gecko) Chrome/120.0.0.0 Safari/537.36"
103.4.122.14 - - [03/Jan/2026:00:20:15 +0800] "POST /wp-cron.php?doing_wp_cron=1767370815.5949420928955078125000 HTTP/1.1" 200 - "-" "WordPress/6.8.3; https://impeccablerenovations.com.au"
49.13.130.29 - - [03/Jan/2026:00:20:13 +0800] "HEAD / HTTP/1.1" 200 - "https://impeccablerenovations.com.au/" "Mozilla/5.0+(compatible; UptimeRobot/2.0; http://www.uptimerobot.com/)"
103.4.122.14 - - [03/Jan/2026:00:23:59 +0800] "POST /wp-cron.php?doing_wp_cron=1767371039.1510601043701171875000 HTTP/1.1" 200 - "-" "WordPress/6.8.3; https://impeccablerenovations.com.au"
74.7.244.31 - - [03/Jan/2026:00:23:56 +0800] "GET /robots.txt HTTP/1.1" 301 - "-" "Mozilla/5.0 (Macintosh; Intel Mac OS X 10_15_7) AppleWebKit/537.36 (KHTML, like Gecko) Chrome/131.0.0.0 Safari/537.36; compatible; OAI-SearchBot/1.3; robots.txt; +https://openai.com/searchbot"
74.7.244.31 - - [03/Jan/2026:00:24:00 +0800] "GET /robots.txt HTTP/1.1" 200 124 "https://www.impeccablerenovations.com.au/robots.txt" "Mozilla/5.0 (Macintosh; Intel Mac OS X 10_15_7) AppleWebKit/537.36 (KHTML, like Gecko) Chrome/131.0.0.0 Safari/537.36; compatible; OAI-SearchBot/1.3; robots.txt; +https://openai.com/searchbot"
154.125.141.73 - - [03/Jan/2026:00:24:08 +0800] "GET /portfolio/hospitality-store/ HTTP/1.1" 301 - "-" "Mozilla/5.0 (X11; U; Linux x86_64; fr-FR) AppleWebKit/534.7 (KHTML, like Gecko) Chrome/7.0.514.0 Safari/534.7"
154.125.141.73 - - [03/Jan/2026:00:24:10 +0800] "GET /project/hospitality-store/ HTTP/1.1" 200 15662 "-" "Mozilla/5.0 (X11; U; Linux x86_64; fr-FR) AppleWebKit/534.7 (KHTML, like Gecko) Chrome/7.0.514.0 Safari/534.7"
103.4.122.14 - - [03/Jan/2026:00:25:24 +0800] "POST /wp-cron.php?doing_wp_cron=1767371124.0421030521392822265625 HTTP/1.1" 200 - "-" "WordPress/6.8.3; https://impeccablerenovations.com.au"
49.13.167.123 - - [03/Jan/2026:00:25:21 +0800] "HEAD / HTTP/1.1" 200 - "https://impeccablerenovations.com.au/" "Mozilla/5.0+(compatible; UptimeRobot/2.0; http://www.uptimerobot.com/)"
103.4.122.14 - - [03/Jan/2026:00:30:35 +0800] "POST /wp-cron.php?doing_wp_cron=1767371434.9574840068817138671875 HTTP/1.1" 200 - "-" "WordPress/6.8.3; https://impeccablerenovations.com.au"
128.140.41.193 - - [03/Jan/2026:00:30:33 +0800] "HEAD / HTTP/1.1" 200 - "https://impeccablerenovations.com.au/" "Mozilla/5.0+(compatible; UptimeRobot/2.0; http://www.uptimerobot.com/)"
103.4.122.14 - - [03/Jan/2026:00:33:36 +0800] "POST /wp-cron.php?doing_wp_cron=1767371616.7316908836364746093750 HTTP/1.1" 200 - "-" "WordPress/6.8.3; https://impeccablerenovations.com.au"
216.24.212.45 - - [03/Jan/2026:00:33:34 +0800] "GET / HTTP/1.0" 301 - "http://impeccablerenovations.com.au/" "Mozilla/5.0 (Windows NT 10.0; Win64; x64) AppleWebKit/537.36 (KHTML, like Gecko) Chrome/131.0.0.0 Safari/537.36"
216.24.212.28 - - [03/Jan/2026:00:33:44 +0800] "GET / HTTP/1.0" 200 108894 "https://impeccablerenovations.com.au/" "Mozilla/5.0 (Windows NT 10.0; Win64; x64) AppleWebKit/537.36 (KHTML, like Gecko) Chrome/131.0.0.0 Safari/537.36"
216.24.212.28 - - [03/Jan/2026:00:34:05 +0800] "GET /commercial-fitouts/ HTTP/1.0" 200 98266 "https://impeccablerenovations.com.au/commercial-fitouts/" "Mozilla/5.0 (Windows NT 10.0; Win64; x64) AppleWebKit/537.36 (KHTML, like Gecko) Chrome/131.0.0.0 Safari/537.36"
103.4.122.14 - - [03/Jan/2026:00:35:42 +0800] "POST /wp-cron.php?doing_wp_cron=1767371742.6194570064544677734375 HTTP/1.1" 200 - "-" "WordPress/6.8.3; https://impeccablerenovations.com.au"
142.132.180.39 - - [03/Jan/2026:00:35:40 +0800] "HEAD / HTTP/1.1" 200 - "https://impeccablerenovations.com.au/" "Mozilla/5.0+(compatible; UptimeRobot/2.0; http://www.uptimerobot.com/)"
103.4.122.14 - - [03/Jan/2026:00:40:50 +0800] "POST /wp-cron.php?doing_wp_cron=1767372050.6052160263061523437500 HTTP/1.1" 200 - "-" "WordPress/6.8.3; https://impeccablerenovations.com.au"
128.140.106.114 - - [03/Jan/2026:00:40:48 +0800] "HEAD / HTTP/1.1" 200 - "https://impeccablerenovations.com.au/" "Mozilla/5.0+(compatible; UptimeRobot/2.0; http://www.uptimerobot.com/)"
103.4.122.14 - - [03/Jan/2026:00:42:54 +0800] "POST /wp-cron.php?doing_wp_cron=1767372174.2800300121307373046875 HTTP/1.1" 200 - "-" "WordPress/6.8.3; https://impeccablerenovations.com.au"
142.44.225.151 - - [03/Jan/2026:00:42:52 +0800] "GET /sitemap_index.xml HTTP/1.1" 200 346 "-" "Mozilla/5.0 (compatible; AhrefsBot/7.0; +http://ahrefs.com/robot/)"
54.39.136.156 - - [03/Jan/2026:00:42:58 +0800] "GET /post-sitemap.xml HTTP/1.1" 200 481 "-" "Mozilla/5.0 (compatible; AhrefsBot/7.0; +http://ahrefs.com/robot/)"
43.173.181.118 - - [03/Jan/2026:00:42:59 +0800] "GET /project-filter/commercial-fit-outs/ HTTP/1.1" 200 15914 "-" "Mozilla/5.0 (Windows NT 10.0; Win64; x64) AppleWebKit/537.36 (KHTML, like Gecko) Chrome/133.0.0.0 Safari/537.36"
54.39.6.207 - - [03/Jan/2026:00:43:05 +0800] "GET /page-sitemap.xml HTTP/1.1" 200 1154 "-" "Mozilla/5.0 (compatible; AhrefsBot/7.0; +http://ahrefs.com/robot/)"
51.222.168.224 - - [03/Jan/2026:00:43:11 +0800] "GET /project-sitemap.xml HTTP/1.1" 200 445 "-" "Mozilla/5.0 (compatible; AhrefsBot/7.0; +http://ahrefs.com/robot/)"
54.39.136.46 - - [03/Jan/2026:00:43:16 +0800] "GET /category-sitemap.xml HTTP/1.1" 200 376 "-" "Mozilla/5.0 (compatible; AhrefsBot/7.0; +http://ahrefs.com/robot/)"
103.4.122.14 - - [03/Jan/2026:00:45:58 +0800] "POST /wp-cron.php?doing_wp_cron=1767372358.0467269420623779296875 HTTP/1.1" 200 - "-" "WordPress/6.8.3; https://impeccablerenovations.com.au"
142.132.180.39 - - [03/Jan/2026:00:45:56 +0800] "HEAD / HTTP/1.1" 200 - "https://impeccablerenovations.com.au/" "Mozilla/5.0+(compatible; UptimeRobot/2.0; http://www.uptimerobot.com/)"
20.192.24.133 - - [03/Jan/2026:00:46:57 +0800] "POST /ALFA_DATA/alfacgiapi/perl.alfa HTTP/1.1" 403 17006 "www.google.com" "Mozlila/5.0 (Linux; Android 7.0; SM-G892A Bulid/NRD90M; wv) AppleWebKit/537.36 (KHTML, like Gecko) Version/4.0 Chrome/60.0.3112.107 Moblie Safari/537.36"
20.192.24.133 - - [03/Jan/2026:00:46:57 +0800] "GET /wp-content/themes/seotheme/db.php?u HTTP/1.1" 403 17006 "www.google.com" "Mozlila/5.0 (Linux; Android 7.0; SM-G892A Bulid/NRD90M; wv) AppleWebKit/537.36 (KHTML, like Gecko) Version/4.0 Chrome/60.0.3112.107 Moblie Safari/537.36"
20.192.24.133 - - [03/Jan/2026:00:46:57 +0800] "GET / HTTP/1.1" 403 17006 "-" "Mozlila/5.0 (Linux; Android 7.0; SM-G892A Bulid/NRD90M; wv) AppleWebKit/537.36 (KHTML, like Gecko) Version/4.0 Chrome/60.0.3112.107 Moblie Safari/537.36"
20.192.24.133 - - [03/Jan/2026:00:46:57 +0800] "POST /alfacgiapi/perl.alfa HTTP/1.1" 403 17006 "www.google.com" "Mozlila/5.0 (Linux; Android 7.0; SM-G892A Bulid/NRD90M; wv) AppleWebKit/537.36 (KHTML, like Gecko) Version/4.0 Chrome/60.0.3112.107 Moblie Safari/537.36"
20.192.24.133 - - [03/Jan/2026:00:46:57 +0800] "GET /wp-content/plugins/apikey/apikey.php?test=hello HTTP/1.1" 403 17006 "-" "Mozlila/5.0 (Linux; Android 7.0; SM-G892A Bulid/NRD90M; wv) AppleWebKit/537.36 (KHTML, like Gecko) Version/4.0 Chrome/60.0.3112.107 Moblie Safari/537.36"
20.192.24.133 - - [03/Jan/2026:00:46:57 +0800] "GET /plugins/content/apismtp/apismtp.php?test=hello HTTP/1.1" 403 17006 "-" "Mozlila/5.0 (Linux; Android 7.0; SM-G892A Bulid/NRD90M; wv) AppleWebKit/537.36 (KHTML, like Gecko) Version/4.0 Chrome/60.0.3112.107 Moblie Safari/537.36"
20.192.24.133 - - [03/Jan/2026:00:46:58 +0800] "GET /wp-content/plugins/apikey/apikey.php.suspected?test=hello HTTP/1.1" 403 17006 "-" "Mozlila/5.0 (Linux; Android 7.0; SM-G892A Bulid/NRD90M; wv) AppleWebKit/537.36 (KHTML, like Gecko) Version/4.0 Chrome/60.0.3112.107 Moblie Safari/537.36"
20.192.24.133 - - [03/Jan/2026:00:46:58 +0800] "GET /wp-content/themes/seotheme/db.php?u HTTP/1.1" 403 17006 "www.google.com" "Mozlila/5.0 (Linux; Android 7.0; SM-G892A Bulid/NRD90M; wv) AppleWebKit/537.36 (KHTML, like Gecko) Version/4.0 Chrome/60.0.3112.107 Moblie Safari/537.36"
20.192.24.133 - - [03/Jan/2026:00:46:58 +0800] "GET /plugins/content/apismtp/apismtp.php.suspected?test=hello HTTP/1.1" 403 17006 "-" "Mozlila/5.0 (Linux; Android 7.0; SM-G892A Bulid/NRD90M; wv) AppleWebKit/537.36 (KHTML, like Gecko) Version/4.0 Chrome/60.0.3112.107 Moblie Safari/537.36"
103.4.122.14 - - [03/Jan/2026:00:46:59 +0800] "POST /?wordfence_syncAttackData=1767372419.4641 HTTP/1.1" 200 - "-" "WordPress/6.8.3; https://impeccablerenovations.com.au"
103.4.122.14 - - [03/Jan/2026:00:47:00 +0800] "POST /wp-cron.php?doing_wp_cron=1767372420.8777918815612792968750 HTTP/1.1" 200 - "-" "WordPress/6.8.3; https://impeccablerenovations.com.au"
20.192.24.133 - - [03/Jan/2026:00:46:57 +0800] "POST /wp-plain.php HTTP/1.1" 404 62352 "www.google.com" "Mozilla/5.0 (Linux; Android 7.0; SM-G892A Bulid/NRD90M; wv) AppleWebKit/537.36 (KHTML, like Gecko) Version/4.0 Chrome/60.0.3112.107 Moblie Safari/537.36"
20.192.24.133 - - [03/Jan/2026:00:47:01 +0800] "GET /olnflfti.php?Fox=d3wL7 HTTP/1.1" 404 62362 "www.google.com" "Mozilla/5.0 (Linux; Android 7.0; SM-G892A Bulid/NRD90M; wv) AppleWebKit/537.36 (KHTML, like Gecko) Version/4.0 Chrome/60.0.3112.107 Moblie Safari/537.36"
20.192.24.133 - - [03/Jan/2026:00:47:05 +0800] "POST /wp-plain.php HTTP/1.1" 404 62387 "www.google.com" "Mozilla/5.0 (Linux; Android 7.0; SM-G892A Bulid/NRD90M; wv) AppleWebKit/537.36 (KHTML, like Gecko) Version/4.0 Chrome/60.0.3112.107 Moblie Safari/537.36"
20.192.24.133 - - [03/Jan/2026:00:47:08 +0800] "GET /macbtvzu.php?Fox=d3wL7 HTTP/1.1" 404 62397 "www.google.com" "Mozilla/5.0 (Linux; Android 7.0; SM-G892A Bulid/NRD90M; wv) AppleWebKit/537.36 (KHTML, like Gecko) Version/4.0 Chrome/60.0.3112.107 Moblie Safari/537.36"
103.4.122.14 - - [03/Jan/2026:00:51:06 +0800] "POST /wp-cron.php?doing_wp_cron=1767372666.1667211055755615234375 HTTP/1.1" 200 - "-" "WordPress/6.8.3; https://impeccablerenovations.com.au"
49.13.164.148 - - [03/Jan/2026:00:51:04 +0800] "HEAD / HTTP/1.1" 200 - "https://impeccablerenovations.com.au/" "Mozilla/5.0+(compatible; UptimeRobot/2.0; http://www.uptimerobot.com/)"
103.4.122.14 - - [03/Jan/2026:00:56:12 +0800] "POST /wp-cron.php?doing_wp_cron=1767372972.2302010059356689453125 HTTP/1.1" 200 - "-" "WordPress/6.8.3; https://impeccablerenovations.com.au"
157.90.156.63 - - [03/Jan/2026:00:56:10 +0800] "HEAD / HTTP/1.1" 200 - "https://impeccablerenovations.com.au/" "Mozilla/5.0+(compatible; UptimeRobot/2.0; http://www.uptimerobot.com/)"
103.4.122.14 - - [03/Jan/2026:01:00:10 +0800] "POST /wp-cron.php?doing_wp_cron=1767373210.3132219314575195312500 HTTP/1.1" 200 - "-" "WordPress/6.8.3; https://impeccablerenovations.com.au"
179.63.54.163 - - [03/Jan/2026:01:00:08 +0800] "GET /portfolio/gould-st-bathroom/ HTTP/1.1" 404 62832 "-" "Mozilla/5.0 (Macintosh; U; PPC Mac OS X; da-dk) AppleWebKit/522+ (KHTML, like Gecko) Safari/419.3"
103.4.122.14 - - [03/Jan/2026:01:01:20 +0800] "POST /wp-cron.php?doing_wp_cron=1767373280.2879760265350341796875 HTTP/1.1" 200 - "-" "WordPress/6.8.3; https://impeccablerenovations.com.au"
78.47.98.55 - - [03/Jan/2026:01:01:18 +0800] "HEAD / HTTP/1.1" 200 - "https://impeccablerenovations.com.au/" "Mozilla/5.0+(compatible; UptimeRobot/2.0; http://www.uptimerobot.com/)"
103.4.122.14 - - [03/Jan/2026:01:06:28 +0800] "POST /wp-cron.php?doing_wp_cron=1767373588.0935869216918945312500 HTTP/1.1" 200 - "-" "WordPress/6.8.3; https://impeccablerenovations.com.au"
157.90.156.63 - - [03/Jan/2026:01:06:26 +0800] "HEAD / HTTP/1.1" 200 - "https://impeccablerenovations.com.au/" "Mozilla/5.0+(compatible; UptimeRobot/2.0; http://www.uptimerobot.com/)"
103.4.122.14 - - [03/Jan/2026:01:11:38 +0800] "POST /wp-cron.php?doing_wp_cron=1767373897.8625769615173339843750 HTTP/1.1" 200 - "-" "WordPress/6.8.3; https://impeccablerenovations.com.au"
52.28.162.93 - - [03/Jan/2026:01:11:36 +0800] "HEAD / HTTP/1.1" 200 - "https://impeccablerenovations.com.au/" "Mozilla/5.0+(compatible; UptimeRobot/2.0; http://www.uptimerobot.com/)"
103.4.122.14 - - [03/Jan/2026:01:16:46 +0800] "POST /wp-cron.php?doing_wp_cron=1767374205.8581640720367431640625 HTTP/1.1" 200 - "-" "WordPress/6.8.3; https://impeccablerenovations.com.au"
