103.4.122.14 - - [01/Jan/2026:22:23:40 +0800] "POST /wp-cron.php?doing_wp_cron=1767277420.7808570861816406250000 HTTP/1.1" 200 - "-" "WordPress/6.8.3; https://impeccablerenovations.com.au"
146.174.164.236 - - [01/Jan/2026:22:23:39 +0800] "GET / HTTP/1.1" 200 22200 "-" "Mozilla/5.0 (Windows NT 6.1) AppleWebKit/534.30 (KHTML, like Gecko) Chrome/12.0.742.113 Safari/534.30"
103.4.122.14 - - [01/Jan/2026:22:28:33 +0800] "POST /wp-cron.php?doing_wp_cron=1767277712.9361300468444824218750 HTTP/1.1" 200 - "-" "WordPress/6.8.3; https://impeccablerenovations.com.au"
88.99.80.227 - - [01/Jan/2026:22:28:31 +0800] "HEAD / HTTP/1.1" 200 - "https://impeccablerenovations.com.au/" "Mozilla/5.0+(compatible; UptimeRobot/2.0; http://www.uptimerobot.com/)"
103.4.122.14 - - [01/Jan/2026:22:31:25 +0800] "POST /wp-cron.php?doing_wp_cron=1767277885.7568759918212890625000 HTTP/1.1" 200 - "-" "WordPress/6.8.3; https://impeccablerenovations.com.au"
114.119.130.12 - - [01/Jan/2026:22:31:24 +0800] "GET /wp-content/uploads/2018/09/specialty-carpentry-one-300x200.jpg HTTP/1.1" 404 62406 "-" "Mozilla/5.0 (Linux; Android 7.0;) AppleWebKit/537.36 (KHTML, like Gecko) Mobile Safari/537.36 (compatible; PetalBot;+https://webmaster.petalsearch.com/site/petalbot)"
103.4.122.14 - - [01/Jan/2026:22:32:51 +0800] "POST /wp-cron.php?doing_wp_cron=1767277971.1989409923553466796875 HTTP/1.1" 200 - "-" "WordPress/6.8.3; https://impeccablerenovations.com.au"
114.119.152.54 - - [01/Jan/2026:22:32:49 +0800] "GET /wp-content/uploads/2018/09/green-gables-two-300x200.jpg HTTP/1.1" 404 62399 "-" "Mozilla/5.0 (Linux; Android 7.0;) AppleWebKit/537.36 (KHTML, like Gecko) Mobile Safari/537.36 (compatible; PetalBot;+https://webmaster.petalsearch.com/site/petalbot)"
103.4.122.14 - - [01/Jan/2026:22:33:41 +0800] "POST /wp-cron.php?doing_wp_cron=1767278021.4795339107513427734375 HTTP/1.1" 200 - "-" "WordPress/6.8.3; https://impeccablerenovations.com.au"
78.47.173.76 - - [01/Jan/2026:22:33:39 +0800] "HEAD / HTTP/1.1" 200 - "https://impeccablerenovations.com.au/" "Mozilla/5.0+(compatible; UptimeRobot/2.0; http://www.uptimerobot.com/)"
114.119.159.26 - - [01/Jan/2026:22:34:10 +0800] "GET /project-sitemap.xml HTTP/1.1" 200 445 "-" "Mozilla/5.0 (Linux; Android 7.0;) AppleWebKit/537.36 (KHTML, like Gecko) Mobile Safari/537.36 (compatible; PetalBot;+https://webmaster.petalsearch.com/site/petalbot)"
103.4.122.14 - - [01/Jan/2026:22:35:36 +0800] "POST /wp-cron.php?doing_wp_cron=1767278136.4969460964202880859375 HTTP/1.1" 200 - "-" "WordPress/6.8.3; https://impeccablerenovations.com.au"
114.119.138.185 - - [01/Jan/2026:22:35:34 +0800] "GET /contact HTTP/1.1" 301 - "-" "Mozilla/5.0 (Linux; Android 7.0;) AppleWebKit/537.36 (KHTML, like Gecko) Mobile Safari/537.36 (compatible; PetalBot;+https://webmaster.petalsearch.com/site/petalbot)"
114.119.138.185 - - [01/Jan/2026:22:35:38 +0800] "GET /contact-us/ HTTP/1.1" 200 18197 "-" "Mozilla/5.0 (Linux; Android 7.0;) AppleWebKit/537.36 (KHTML, like Gecko) Mobile Safari/537.36 (compatible; PetalBot;+https://webmaster.petalsearch.com/site/petalbot)"
103.4.122.14 - - [01/Jan/2026:22:37:00 +0800] "POST /wp-cron.php?doing_wp_cron=1767278220.1672270298004150390625 HTTP/1.1" 200 - "-" "WordPress/6.8.3; https://impeccablerenovations.com.au"
114.119.130.12 - - [01/Jan/2026:22:36:58 +0800] "GET /category-sitemap.xml HTTP/1.1" 200 376 "-" "Mozilla/5.0 (Linux; Android 7.0;) AppleWebKit/537.36 (KHTML, like Gecko) Mobile Safari/537.36 (compatible; PetalBot;+https://webmaster.petalsearch.com/site/petalbot)"
103.4.122.14 - - [01/Jan/2026:22:38:51 +0800] "POST /wp-cron.php?doing_wp_cron=1767278331.2353110313415527343750 HTTP/1.1" 200 - "-" "WordPress/6.8.3; https://impeccablerenovations.com.au"
78.46.215.1 - - [01/Jan/2026:22:38:49 +0800] "HEAD / HTTP/1.1" 200 - "https://impeccablerenovations.com.au/" "Mozilla/5.0+(compatible; UptimeRobot/2.0; http://www.uptimerobot.com/)"
103.4.122.14 - - [01/Jan/2026:22:43:59 +0800] "POST /wp-cron.php?doing_wp_cron=1767278639.6907100677490234375000 HTTP/1.1" 200 - "-" "WordPress/6.8.3; https://impeccablerenovations.com.au"
168.119.123.75 - - [01/Jan/2026:22:43:58 +0800] "HEAD / HTTP/1.1" 200 - "https://impeccablerenovations.com.au/" "Mozilla/5.0+(compatible; UptimeRobot/2.0; http://www.uptimerobot.com/)"
103.4.122.14 - - [01/Jan/2026:22:48:41 +0800] "POST /wp-cron.php?doing_wp_cron=1767278921.9033370018005371093750 HTTP/1.1" 200 - "-" "WordPress/6.8.3; https://impeccablerenovations.com.au"
103.191.241.194 - - [01/Jan/2026:22:48:39 +0800] "POST /xmlrpc.php HTTP/1.1" 503 18959 "-" "Mozilla/5.0 (Windows NT 6.1; WOW64; Trident/7.0; FunWebProducts; rv:11.0) like Gecko"
103.191.241.194 - - [01/Jan/2026:22:48:46 +0800] "POST /xmlrpc.php HTTP/1.1" 503 18046 "-" "Mozilla/5.0 (Windows NT 6.1; WOW64; Trident/7.0; FunWebProducts; rv:11.0) like Gecko"
103.191.241.194 - - [01/Jan/2026:22:48:49 +0800] "POST /xmlrpc.php HTTP/1.1" 503 18046 "-" "Mozilla/5.0 (Windows NT 6.1; WOW64; Trident/7.0; FunWebProducts; rv:11.0) like Gecko"
103.4.122.14 - - [01/Jan/2026:22:49:06 +0800] "POST /?wordfence_syncAttackData=1767278946.3142 HTTP/1.1" 200 - "-" "WordPress/6.8.3; https://impeccablerenovations.com.au"
52.28.162.93 - - [01/Jan/2026:22:49:05 +0800] "HEAD / HTTP/1.1" 200 - "https://impeccablerenovations.com.au/" "Mozilla/5.0+(compatible; UptimeRobot/2.0; http://www.uptimerobot.com/)"
103.4.122.14 - - [01/Jan/2026:22:53:51 +0800] "POST /wp-cron.php?doing_wp_cron=1767279230.9608170986175537109375 HTTP/1.1" 200 - "-" "WordPress/6.8.3; https://impeccablerenovations.com.au"
142.44.233.132 - - [01/Jan/2026:22:53:49 +0800] "GET /office-fit-outs/ HTTP/1.1" 200 19132 "-" "Mozilla/5.0 (compatible; AhrefsBot/7.0; +http://ahrefs.com/robot/)"
103.4.122.14 - - [01/Jan/2026:22:54:14 +0800] "POST /wp-cron.php?doing_wp_cron=1767279254.5276749134063720703125 HTTP/1.1" 200 - "-" "WordPress/6.8.3; https://impeccablerenovations.com.au"
49.13.130.29 - - [01/Jan/2026:22:54:13 +0800] "HEAD / HTTP/1.1" 200 - "https://impeccablerenovations.com.au/" "Mozilla/5.0+(compatible; UptimeRobot/2.0; http://www.uptimerobot.com/)"
103.4.122.14 - - [01/Jan/2026:22:59:22 +0800] "POST /wp-cron.php?doing_wp_cron=1767279562.0648739337921142578125 HTTP/1.1" 200 - "-" "WordPress/6.8.3; https://impeccablerenovations.com.au"
142.132.180.39 - - [01/Jan/2026:22:59:20 +0800] "HEAD / HTTP/1.1" 200 - "https://impeccablerenovations.com.au/" "Mozilla/5.0+(compatible; UptimeRobot/2.0; http://www.uptimerobot.com/)"
103.4.122.14 - - [01/Jan/2026:22:59:44 +0800] "POST /wp-cron.php?doing_wp_cron=1767279584.2531049251556396484375 HTTP/1.1" 200 - "-" "WordPress/6.8.3; https://impeccablerenovations.com.au"
216.73.216.99 - - [01/Jan/2026:22:59:42 +0800] "GET /robots.txt HTTP/1.1" 200 124 "-" "Mozilla/5.0 AppleWebKit/537.36 (KHTML, like Gecko; compatible; ClaudeBot/1.0; +claudebot@anthropic.com)"
216.73.216.99 - - [01/Jan/2026:22:59:44 +0800] "GET /sitemap_index.xml HTTP/1.1" 200 346 "-" "Mozilla/5.0 AppleWebKit/537.36 (KHTML, like Gecko; compatible; ClaudeBot/1.0; +claudebot@anthropic.com)"
103.4.122.14 - - [01/Jan/2026:23:04:32 +0800] "POST /wp-cron.php?doing_wp_cron=1767279872.1169021129608154296875 HTTP/1.1" 200 - "-" "WordPress/6.8.3; https://impeccablerenovations.com.au"
168.119.96.239 - - [01/Jan/2026:23:04:29 +0800] "HEAD / HTTP/1.1" 200 - "https://impeccablerenovations.com.au/" "Mozilla/5.0+(compatible; UptimeRobot/2.0; http://www.uptimerobot.com/)"
103.4.122.14 - - [01/Jan/2026:23:09:42 +0800] "POST /wp-cron.php?doing_wp_cron=1767280181.9942500591278076171875 HTTP/1.1" 200 - "-" "WordPress/6.8.3; https://impeccablerenovations.com.au"
167.235.143.113 - - [01/Jan/2026:23:09:40 +0800] "HEAD / HTTP/1.1" 200 - "https://impeccablerenovations.com.au/" "Mozilla/5.0+(compatible; UptimeRobot/2.0; http://www.uptimerobot.com/)"
103.4.122.14 - - [01/Jan/2026:23:14:51 +0800] "POST /wp-cron.php?doing_wp_cron=1767280491.4879798889160156250000 HTTP/1.1" 200 - "-" "WordPress/6.8.3; https://impeccablerenovations.com.au"
157.90.155.240 - - [01/Jan/2026:23:14:49 +0800] "HEAD / HTTP/1.1" 200 - "https://impeccablerenovations.com.au/" "Mozilla/5.0+(compatible; UptimeRobot/2.0; http://www.uptimerobot.com/)"
103.4.122.14 - - [01/Jan/2026:23:19:38 +0800] "POST /wp-cron.php?doing_wp_cron=1767280778.6940839290618896484375 HTTP/1.1" 200 - "-" "WordPress/6.8.3; https://impeccablerenovations.com.au"
192.178.4.101 - - [01/Jan/2026:23:19:37 +0800] "GET /robots.txt HTTP/1.1" 200 124 "-" "Mozilla/5.0 (compatible; Googlebot/2.1; +http://www.google.com/bot.html)"
192.178.4.101 - - [01/Jan/2026:23:19:39 +0800] "GET / HTTP/1.1" 301 - "-" "Mozilla/5.0 (Linux; Android 6.0.1; Nexus 5X Build/MMB29P) AppleWebKit/537.36 (KHTML, like Gecko) Chrome/141.0.7390.122 Mobile Safari/537.36 (compatible; Googlebot/2.1; +http://www.google.com/bot.html)"
192.178.4.96 - - [01/Jan/2026:23:19:41 +0800] "GET /robots.txt HTTP/1.1" 200 124 "-" "Mozilla/5.0 (compatible; Googlebot/2.1; +http://www.google.com/bot.html)"
192.178.4.96 - - [01/Jan/2026:23:19:42 +0800] "GET / HTTP/1.1" 200 22033 "-" "Mozilla/5.0 (Linux; Android 6.0.1; Nexus 5X Build/MMB29P) AppleWebKit/537.36 (KHTML, like Gecko) Chrome/141.0.7390.122 Mobile Safari/537.36 (compatible; Googlebot/2.1; +http://www.google.com/bot.html)"
192.178.4.96 - - [01/Jan/2026:23:19:47 +0800] "GET /wp-content/themes/buildico-child/style.css?ver=1.7 HTTP/1.1" 200 735 "https://impeccablerenovations.com.au/" "Mozilla/5.0 (Linux; Android 6.0.1; Nexus 5X Build/MMB29P) AppleWebKit/537.36 (KHTML, like Gecko) Chrome/141.0.7390.122 Mobile Safari/537.36 (compatible; Googlebot/2.1; +http://www.google.com/bot.html)"
192.178.4.96 - - [01/Jan/2026:23:19:48 +0800] "GET /wp-content/plugins/elementor/assets/lib/animations/styles/fadeInRight.min.css?ver=3.24.5 HTTP/1.1" 200 120 "https://impeccablerenovations.com.au/" "Mozilla/5.0 (Linux; Android 6.0.1; Nexus 5X Build/MMB29P) AppleWebKit/537.36 (KHTML, like Gecko) Chrome/141.0.7390.122 Mobile Safari/537.36 (compatible; Googlebot/2.1; +http://www.google.com/bot.html)"
192.178.4.96 - - [01/Jan/2026:23:19:49 +0800] "GET /wp-content/plugins/buildico-toolkit/assets/js/slick.min.js?ver=1.0.0 HTTP/1.1" 200 10442 "https://impeccablerenovations.com.au/" "Mozilla/5.0 (Linux; Android 6.0.1; Nexus 5X Build/MMB29P) AppleWebKit/537.36 (KHTML, like Gecko) Chrome/141.0.7390.122 Mobile Safari/537.36 (compatible; Googlebot/2.1; +http://www.google.com/bot.html)"
192.178.4.96 - - [01/Jan/2026:23:19:49 +0800] "GET /wp-content/plugins/buildico-toolkit/assets/js/jquery.hoverdir.js?ver=1.0 HTTP/1.1" 200 1006 "https://impeccablerenovations.com.au/" "Mozilla/5.0 (Linux; Android 6.0.1; Nexus 5X Build/MMB29P) AppleWebKit/537.36 (KHTML, like Gecko) Chrome/141.0.7390.122 Mobile Safari/537.36 (compatible; Googlebot/2.1; +http://www.google.com/bot.html)"
192.178.4.96 - - [01/Jan/2026:23:19:48 +0800] "GET /wp-content/uploads/elementor/css/global.css?ver=1728434989 HTTP/1.1" 404 62461 "https://impeccablerenovations.com.au/" "Mozilla/5.0 (Linux; Android 6.0.1; Nexus 5X Build/MMB29P) AppleWebKit/537.36 (KHTML, like Gecko) Chrome/141.0.7390.122 Mobile Safari/537.36 (compatible; Googlebot/2.1; +http://www.google.com/bot.html)"
49.13.167.123 - - [01/Jan/2026:23:19:58 +0800] "HEAD / HTTP/1.1" 200 - "https://impeccablerenovations.com.au/" "Mozilla/5.0+(compatible; UptimeRobot/2.0; http://www.uptimerobot.com/)"
192.178.4.99 - - [01/Jan/2026:23:20:02 +0800] "GET / HTTP/1.1" 301 - "-" "Mozilla/5.0 (Linux; Android 6.0.1; Nexus 5X Build/MMB29P) AppleWebKit/537.36 (KHTML, like Gecko) Chrome/99.0.4844.84 Mobile Safari/537.36 (compatible; Googlebot/2.1; +http://www.google.com/bot.html)"
192.178.4.101 - - [01/Jan/2026:23:20:03 +0800] "GET / HTTP/1.1" 301 - "-" "Mozilla/5.0 (compatible; Googlebot/2.1; +http://www.google.com/bot.html)"
192.178.4.97 - - [01/Jan/2026:23:20:04 +0800] "GET / HTTP/1.1" 200 22033 "-" "Mozilla/5.0 (Linux; Android 6.0.1; Nexus 5X Build/MMB29P) AppleWebKit/537.36 (KHTML, like Gecko) Chrome/99.0.4844.84 Mobile Safari/537.36 (compatible; Googlebot/2.1; +http://www.google.com/bot.html)"
192.178.4.97 - - [01/Jan/2026:23:20:05 +0800] "GET / HTTP/1.1" 200 22200 "-" "Mozilla/5.0 (compatible; Googlebot/2.1; +http://www.google.com/bot.html)"
192.178.4.97 - - [01/Jan/2026:23:20:08 +0800] "GET /wp-content/uploads/elementor/css/global.css?ver=1728434989 HTTP/1.1" 404 62461 "https://impeccablerenovations.com.au/" "Mozilla/5.0 (Linux; Android 6.0.1; Nexus 5X Build/MMB29P) AppleWebKit/537.36 (KHTML, like Gecko) Chrome/141.0.7390.122 Mobile Safari/537.36 (compatible; Googlebot/2.1; +http://www.google.com/bot.html)"
192.178.4.96 - - [01/Jan/2026:23:20:09 +0800] "GET /wp-content/uploads/elementor/css/global.css?ver=1728434989 HTTP/1.1" 404 62925 "https://impeccablerenovations.com.au/" "Mozilla/5.0 AppleWebKit/537.36 (KHTML, like Gecko; compatible; Googlebot/2.1; +http://www.google.com/bot.html) Chrome/141.0.7390.122 Safari/537.36"
103.4.122.14 - - [01/Jan/2026:23:25:07 +0800] "POST /wp-cron.php?doing_wp_cron=1767281107.2776598930358886718750 HTTP/1.1" 200 - "-" "WordPress/6.8.3; https://impeccablerenovations.com.au"
63.178.84.147 - - [01/Jan/2026:23:25:05 +0800] "HEAD / HTTP/1.1" 200 - "https://impeccablerenovations.com.au/" "Mozilla/5.0+(compatible; UptimeRobot/2.0; http://www.uptimerobot.com/)"
103.4.122.14 - - [01/Jan/2026:23:30:14 +0800] "POST /wp-cron.php?doing_wp_cron=1767281414.0382809638977050781250 HTTP/1.1" 200 - "-" "WordPress/6.8.3; https://impeccablerenovations.com.au"
168.119.96.239 - - [01/Jan/2026:23:30:12 +0800] "HEAD / HTTP/1.1" 200 - "https://impeccablerenovations.com.au/" "Mozilla/5.0+(compatible; UptimeRobot/2.0; http://www.uptimerobot.com/)"
54.39.6.18 - - [01/Jan/2026:23:30:21 +0800] "GET / HTTP/1.1" 200 22200 "-" "Mozilla/5.0 (compatible; AhrefsBot/7.0; +http://ahrefs.com/robot/)"
103.4.122.14 - - [01/Jan/2026:23:35:21 +0800] "POST /wp-cron.php?doing_wp_cron=1767281721.4489750862121582031250 HTTP/1.1" 200 - "-" "WordPress/6.8.3; https://impeccablerenovations.com.au"
168.119.123.75 - - [01/Jan/2026:23:35:19 +0800] "HEAD / HTTP/1.1" 200 - "https://impeccablerenovations.com.au/" "Mozilla/5.0+(compatible; UptimeRobot/2.0; http://www.uptimerobot.com/)"
103.4.122.14 - - [01/Jan/2026:23:35:41 +0800] "POST /wp-cron.php?doing_wp_cron=1767281741.7392508983612060546875 HTTP/1.1" 200 - "-" "WordPress/6.8.3; https://impeccablerenovations.com.au"
43.173.179.197 - - [01/Jan/2026:23:35:40 +0800] "GET /category/uncategorized/ HTTP/1.1" 200 15947 "-" "Mozilla/5.0 (Windows NT 10.0; Win64; x64) AppleWebKit/537.36 (KHTML, like Gecko) Chrome/120.0.0.0 Safari/537.36"
103.4.122.14 - - [01/Jan/2026:23:40:29 +0800] "POST /wp-cron.php?doing_wp_cron=1767282029.2074658870697021484375 HTTP/1.1" 200 - "-" "WordPress/6.8.3; https://impeccablerenovations.com.au"
49.13.134.145 - - [01/Jan/2026:23:40:27 +0800] "HEAD / HTTP/1.1" 200 - "https://impeccablerenovations.com.au/" "Mozilla/5.0+(compatible; UptimeRobot/2.0; http://www.uptimerobot.com/)"
103.4.122.14 - - [01/Jan/2026:23:45:37 +0800] "POST /wp-cron.php?doing_wp_cron=1767282337.0331039428710937500000 HTTP/1.1" 200 - "-" "WordPress/6.8.3; https://impeccablerenovations.com.au"
3.77.67.4 - - [01/Jan/2026:23:45:35 +0800] "HEAD / HTTP/1.1" 200 - "https://impeccablerenovations.com.au/" "Mozilla/5.0+(compatible; UptimeRobot/2.0; http://www.uptimerobot.com/)"
103.4.122.14 - - [01/Jan/2026:23:50:45 +0800] "POST /wp-cron.php?doing_wp_cron=1767282645.2496769428253173828125 HTTP/1.1" 200 - "-" "WordPress/6.8.3; https://impeccablerenovations.com.au"
49.13.130.29 - - [01/Jan/2026:23:50:43 +0800] "HEAD / HTTP/1.1" 200 - "https://impeccablerenovations.com.au/" "Mozilla/5.0+(compatible; UptimeRobot/2.0; http://www.uptimerobot.com/)"
103.4.122.14 - - [01/Jan/2026:23:55:53 +0800] "POST /wp-cron.php?doing_wp_cron=1767282952.9543700218200683593750 HTTP/1.1" 200 - "-" "WordPress/6.8.3; https://impeccablerenovations.com.au"
78.47.173.76 - - [01/Jan/2026:23:55:51 +0800] "HEAD / HTTP/1.1" 200 - "https://impeccablerenovations.com.au/" "Mozilla/5.0+(compatible; UptimeRobot/2.0; http://www.uptimerobot.com/)"
103.4.122.14 - - [02/Jan/2026:00:01:01 +0800] "POST /wp-cron.php?doing_wp_cron=1767283261.1445419788360595703125 HTTP/1.1" 200 - "-" "WordPress/6.8.3; https://impeccablerenovations.com.au"
18.192.166.72 - - [02/Jan/2026:00:00:59 +0800] "HEAD / HTTP/1.1" 200 - "https://impeccablerenovations.com.au/" "Mozilla/5.0+(compatible; UptimeRobot/2.0; http://www.uptimerobot.com/)"
103.4.122.14 - - [02/Jan/2026:00:06:09 +0800] "POST /wp-cron.php?doing_wp_cron=1767283569.6510438919067382812500 HTTP/1.1" 200 - "-" "WordPress/6.8.3; https://impeccablerenovations.com.au"
168.119.96.239 - - [02/Jan/2026:00:06:07 +0800] "HEAD / HTTP/1.1" 200 - "https://impeccablerenovations.com.au/" "Mozilla/5.0+(compatible; UptimeRobot/2.0; http://www.uptimerobot.com/)"
103.4.122.14 - - [02/Jan/2026:00:11:19 +0800] "POST /wp-cron.php?doing_wp_cron=1767283879.3588619232177734375000 HTTP/1.1" 200 - "-" "WordPress/6.8.3; https://impeccablerenovations.com.au"
168.119.123.75 - - [02/Jan/2026:00:11:17 +0800] "HEAD / HTTP/1.1" 200 - "https://impeccablerenovations.com.au/" "Mozilla/5.0+(compatible; UptimeRobot/2.0; http://www.uptimerobot.com/)"
103.4.122.14 - - [02/Jan/2026:00:16:27 +0800] "POST /wp-cron.php?doing_wp_cron=1767284187.6860129833221435546875 HTTP/1.1" 200 - "-" "WordPress/6.8.3; https://impeccablerenovations.com.au"
78.46.190.63 - - [02/Jan/2026:00:16:24 +0800] "HEAD / HTTP/1.1" 200 - "https://impeccablerenovations.com.au/" "Mozilla/5.0+(compatible; UptimeRobot/2.0; http://www.uptimerobot.com/)"
103.4.122.14 - - [02/Jan/2026:00:21:35 +0800] "POST /wp-cron.php?doing_wp_cron=1767284495.7572538852691650390625 HTTP/1.1" 200 - "-" "WordPress/6.8.3; https://impeccablerenovations.com.au"
3.79.134.69 - - [02/Jan/2026:00:21:34 +0800] "HEAD / HTTP/1.1" 200 - "https://impeccablerenovations.com.au/" "Mozilla/5.0+(compatible; UptimeRobot/2.0; http://www.uptimerobot.com/)"
103.4.122.14 - - [02/Jan/2026:00:22:51 +0800] "POST /wp-cron.php?doing_wp_cron=1767284571.0292630195617675781250 HTTP/1.1" 200 - "-" "WordPress/6.8.3; https://impeccablerenovations.com.au"
54.39.136.164 - - [02/Jan/2026:00:22:49 +0800] "GET /robots.txt HTTP/1.1" 200 124 "-" "Mozilla/5.0 (compatible; AhrefsBot/7.0; +http://ahrefs.com/robot/)"
54.39.203.134 - - [02/Jan/2026:00:22:55 +0800] "GET /project/child-care-centre/ HTTP/1.1" 200 15855 "-" "Mozilla/5.0 (compatible; AhrefsBot/7.0; +http://ahrefs.com/robot/)"
103.4.122.14 - - [02/Jan/2026:00:24:58 +0800] "POST /wp-cron.php?doing_wp_cron=1767284698.6610240936279296875000 HTTP/1.1" 200 - "-" "WordPress/6.8.3; https://impeccablerenovations.com.au"
192.178.4.97 - - [02/Jan/2026:00:24:56 +0800] "GET /2022/03/08/launching-our-new-brand-and-website/ HTTP/1.1" 200 20203 "-" "Mozilla/5.0 (Linux; Android 6.0.1; Nexus 5X Build/MMB29P) AppleWebKit/537.36 (KHTML, like Gecko) Chrome/141.0.7390.122 Mobile Safari/537.36 (compatible; Googlebot/2.1; +http://www.google.com/bot.html)"
192.178.4.97 - - [02/Jan/2026:00:25:03 +0800] "GET /wp-content/themes/buildico/assets/css/themify-icons.css?ver=1.7 HTTP/1.1" 200 2824 "https://impeccablerenovations.com.au/2022/03/08/launching-our-new-brand-and-website/" "Mozilla/5.0 (Linux; Android 6.0.1; Nexus 5X Build/MMB29P) AppleWebKit/537.36 (KHTML, like Gecko) Chrome/141.0.7390.122 Mobile Safari/537.36 (compatible; Googlebot/2.1; +http://www.google.com/bot.html)"
192.178.4.98 - - [02/Jan/2026:00:25:03 +0800] "GET /wp-content/plugins/buildico-toolkit/assets/css/nivo-slider.css?ver=6.8.3 HTTP/1.1" 200 821 "https://impeccablerenovations.com.au/2022/03/08/launching-our-new-brand-and-website/" "Mozilla/5.0 (Linux; Android 6.0.1; Nexus 5X Build/MMB29P) AppleWebKit/537.36 (KHTML, like Gecko) Chrome/141.0.7390.122 Mobile Safari/537.36 (compatible; Googlebot/2.1; +http://www.google.com/bot.html)"
192.178.4.96 - - [02/Jan/2026:00:25:04 +0800] "GET /wp-includes/css/dist/block-library/style.min.css?ver=6.8.3 HTTP/1.1" 200 15315 "https://impeccablerenovations.com.au/2022/03/08/launching-our-new-brand-and-website/" "Mozilla/5.0 (Linux; Android 6.0.1; Nexus 5X Build/MMB29P) AppleWebKit/537.36 (KHTML, like Gecko) Chrome/141.0.7390.122 Mobile Safari/537.36 (compatible; Googlebot/2.1; +http://www.google.com/bot.html)"
192.178.4.98 - - [02/Jan/2026:00:25:04 +0800] "GET /wp-content/themes/buildico/assets/css/wp-blocks.css?ver=1.7 HTTP/1.1" 200 4428 "https://impeccablerenovations.com.au/2022/03/08/launching-our-new-brand-and-website/" "Mozilla/5.0 (Linux; Android 6.0.1; Nexus 5X Build/MMB29P) AppleWebKit/537.36 (KHTML, like Gecko) Chrome/141.0.7390.122 Mobile Safari/537.36 (compatible; Googlebot/2.1; +http://www.google.com/bot.html)"
192.178.4.97 - - [02/Jan/2026:00:25:04 +0800] "GET /wp-includes/js/jquery/jquery-migrate.min.js?ver=3.4.1 HTTP/1.1" 200 4872 "https://impeccablerenovations.com.au/2022/03/08/launching-our-new-brand-and-website/" "Mozilla/5.0 (Linux; Android 6.0.1; Nexus 5X Build/MMB29P) AppleWebKit/537.36 (KHTML, like Gecko) Chrome/141.0.7390.122 Mobile Safari/537.36 (compatible; Googlebot/2.1; +http://www.google.com/bot.html)"
192.178.4.98 - - [02/Jan/2026:00:25:04 +0800] "GET /wp-content/plugins/contact-form-7/includes/css/styles.css?ver=6.1.2 HTTP/1.1" 200 1031 "https://impeccablerenovations.com.au/2022/03/08/launching-our-new-brand-and-website/" "Mozilla/5.0 (Linux; Android 6.0.1; Nexus 5X Build/MMB29P) AppleWebKit/537.36 (KHTML, like Gecko) Chrome/141.0.7390.122 Mobile Safari/537.36 (compatible; Googlebot/2.1; +http://www.google.com/bot.html)"
192.178.4.96 - - [02/Jan/2026:00:25:04 +0800] "GET /wp-content/plugins/buildico-toolkit/assets/css/cssanimation.min.css?ver=6.8.3 HTTP/1.1" 200 6767 "https://impeccablerenovations.com.au/2022/03/08/launching-our-new-brand-and-website/" "Mozilla/5.0 (Linux; Android 6.0.1; Nexus 5X Build/MMB29P) AppleWebKit/537.36 (KHTML, like Gecko) Chrome/141.0.7390.122 Mobile Safari/537.36 (compatible; Googlebot/2.1; +http://www.google.com/bot.html)"
192.178.4.96 - - [02/Jan/2026:00:25:04 +0800] "GET /wp-content/themes/buildico/assets/js/jquery.slicknav.min.js?ver=1.7 HTTP/1.1" 200 2648 "https://impeccablerenovations.com.au/2022/03/08/launching-our-new-brand-and-website/" "Mozilla/5.0 (Linux; Android 6.0.1; Nexus 5X Build/MMB29P) AppleWebKit/537.36 (KHTML, like Gecko) Chrome/141.0.7390.122 Mobile Safari/537.36 (compatible; Googlebot/2.1; +http://www.google.com/bot.html)"
192.178.4.98 - - [02/Jan/2026:00:25:04 +0800] "GET /wp-content/plugins/elementor/assets/css/widget-text-editor.min.css?ver=3.24.5 HTTP/1.1" 200 271 "https://impeccablerenovations.com.au/2022/03/08/launching-our-new-brand-and-website/" "Mozilla/5.0 (Linux; Android 6.0.1; Nexus 5X Build/MMB29P) AppleWebKit/537.36 (KHTML, like Gecko) Chrome/141.0.7390.122 Mobile Safari/537.36 (compatible; Googlebot/2.1; +http://www.google.com/bot.html)"
192.178.4.96 - - [02/Jan/2026:00:25:05 +0800] "GET /wp-content/themes/buildico/assets/css/slicknav.min.css?ver=1.7 HTTP/1.1" 200 807 "https://impeccablerenovations.com.au/2022/03/08/launching-our-new-brand-and-website/" "Mozilla/5.0 (Linux; Android 6.0.1; Nexus 5X Build/MMB29P) AppleWebKit/537.36 (KHTML, like Gecko) Chrome/141.0.7390.122 Mobile Safari/537.36 (compatible; Googlebot/2.1; +http://www.google.com/bot.html)"
192.178.4.96 - - [02/Jan/2026:00:25:05 +0800] "GET /wp-content/plugins/elementor/assets/lib/swiper/v8/css/swiper.min.css?ver=8.4.5 HTTP/1.1" 200 4583 "https://impeccablerenovations.com.au/2022/03/08/launching-our-new-brand-and-website/" "Mozilla/5.0 (Linux; Android 6.0.1; Nexus 5X Build/MMB29P) AppleWebKit/537.36 (KHTML, like Gecko) Chrome/141.0.7390.122 Mobile Safari/537.36 (compatible; Googlebot/2.1; +http://www.google.com/bot.html)"
192.178.4.98 - - [02/Jan/2026:00:25:05 +0800] "GET /wp-content/uploads/elementor/css/post-5558.css?ver=1744499117 HTTP/1.1" 200 153 "https://impeccablerenovations.com.au/2022/03/08/launching-our-new-brand-and-website/" "Mozilla/5.0 (Linux; Android 6.0.1; Nexus 5X Build/MMB29P) AppleWebKit/537.36 (KHTML, like Gecko) Chrome/141.0.7390.122 Mobile Safari/537.36 (compatible; Googlebot/2.1; +http://www.google.com/bot.html)"
192.178.4.97 - - [02/Jan/2026:00:25:06 +0800] "GET /wp-includes/js/jquery/jquery.min.js?ver=3.7.1 HTTP/1.1" 200 30368 "https://impeccablerenovations.com.au/2022/03/08/launching-our-new-brand-and-website/" "Mozilla/5.0 (Linux; Android 6.0.1; Nexus 5X Build/MMB29P) AppleWebKit/537.36 (KHTML, like Gecko) Chrome/141.0.7390.122 Mobile Safari/537.36 (compatible; Googlebot/2.1; +http://www.google.com/bot.html)"
192.178.4.98 - - [02/Jan/2026:00:25:06 +0800] "GET /wp-includes/js/dist/i18n.min.js?ver=5e580eb46a90c2b997e6 HTTP/1.1" 200 3667 "https://impeccablerenovations.com.au/2022/03/08/launching-our-new-brand-and-website/" "Mozilla/5.0 (Linux; Android 6.0.1; Nexus 5X Build/MMB29P) AppleWebKit/537.36 (KHTML, like Gecko) Chrome/141.0.7390.122 Mobile Safari/537.36 (compatible; Googlebot/2.1; +http://www.google.com/bot.html)"
192.178.4.98 - - [02/Jan/2026:00:25:06 +0800] "GET /wp-content/uploads/elementor/css/post-6.css?ver=1744443356 HTTP/1.1" 200 435 "https://impeccablerenovations.com.au/2022/03/08/launching-our-new-brand-and-website/" "Mozilla/5.0 (Linux; Android 6.0.1; Nexus 5X Build/MMB29P) AppleWebKit/537.36 (KHTML, like Gecko) Chrome/141.0.7390.122 Mobile Safari/537.36 (compatible; Googlebot/2.1; +http://www.google.com/bot.html)"
192.178.4.96 - - [02/Jan/2026:00:25:07 +0800] "GET /wp-content/themes/buildico/assets/css/swipebox.min.css?ver=1.7 HTTP/1.1" 200 1221 "https://impeccablerenovations.com.au/2022/03/08/launching-our-new-brand-and-website/" "Mozilla/5.0 (Linux; Android 6.0.1; Nexus 5X Build/MMB29P) AppleWebKit/537.36 (KHTML, like Gecko) Chrome/141.0.7390.122 Mobile Safari/537.36 (compatible; Googlebot/2.1; +http://www.google.com/bot.html)"
192.178.4.96 - - [02/Jan/2026:00:25:07 +0800] "GET /wp-content/themes/buildico-child/style.css?ver=1.7 HTTP/1.1" 200 735 "https://impeccablerenovations.com.au/2022/03/08/launching-our-new-brand-and-website/" "Mozilla/5.0 (Linux; Android 6.0.1; Nexus 5X Build/MMB29P) AppleWebKit/537.36 (KHTML, like Gecko) Chrome/141.0.7390.122 Mobile Safari/537.36 (compatible; Googlebot/2.1; +http://www.google.com/bot.html)"
192.178.4.97 - - [02/Jan/2026:00:25:09 +0800] "GET /wp-content/plugins/contact-form-7/includes/swv/js/index.js?ver=6.1.2 HTTP/1.1" 200 3503 "https://impeccablerenovations.com.au/2022/03/08/launching-our-new-brand-and-website/" "Mozilla/5.0 (Linux; Android 6.0.1; Nexus 5X Build/MMB29P) AppleWebKit/537.36 (KHTML, like Gecko) Chrome/141.0.7390.122 Mobile Safari/537.36 (compatible; Googlebot/2.1; +http://www.google.com/bot.html)"
192.178.4.97 - - [02/Jan/2026:00:25:07 +0800] "GET /wp-content/uploads/elementor/css/global.css?ver=1728434989 HTTP/1.1" 404 62512 "https://impeccablerenovations.com.au/2022/03/08/launching-our-new-brand-and-website/" "Mozilla/5.0 (Linux; Android 6.0.1; Nexus 5X Build/MMB29P) AppleWebKit/537.36 (KHTML, like Gecko) Chrome/141.0.7390.122 Mobile Safari/537.36 (compatible; Googlebot/2.1; +http://www.google.com/bot.html)"
192.178.4.96 - - [02/Jan/2026:00:25:09 +0800] "GET /wp-content/themes/buildico/assets/js/jquery.nicescroll.min.js?ver=1.7 HTTP/1.1" 200 16710 "https://impeccablerenovations.com.au/2022/03/08/launching-our-new-brand-and-website/" "Mozilla/5.0 (Linux; Android 6.0.1; Nexus 5X Build/MMB29P) AppleWebKit/537.36 (KHTML, like Gecko) Chrome/141.0.7390.122 Mobile Safari/537.36 (compatible; Googlebot/2.1; +http://www.google.com/bot.html)"
192.178.4.96 - - [02/Jan/2026:00:25:09 +0800] "GET /wp-content/plugins/buildico-toolkit/assets/js/jquery.hoverdir.js?ver=1.0 HTTP/1.1" 200 1006 "https://impeccablerenovations.com.au/2022/03/08/launching-our-new-brand-and-website/" "Mozilla/5.0 (Linux; Android 6.0.1; Nexus 5X Build/MMB29P) AppleWebKit/537.36 (KHTML, like Gecko) Chrome/141.0.7390.122 Mobile Safari/537.36 (compatible; Googlebot/2.1; +http://www.google.com/bot.html)"
192.178.4.96 - - [02/Jan/2026:00:25:10 +0800] "GET /wp-content/plugins/buildico-toolkit/assets/js/plugin-toolkit.js?ver=1.0 HTTP/1.1" 200 585 "https://impeccablerenovations.com.au/2022/03/08/launching-our-new-brand-and-website/" "Mozilla/5.0 (Linux; Android 6.0.1; Nexus 5X Build/MMB29P) AppleWebKit/537.36 (KHTML, like Gecko) Chrome/141.0.7390.122 Mobile Safari/537.36 (compatible; Googlebot/2.1; +http://www.google.com/bot.html)"
192.178.4.96 - - [02/Jan/2026:00:25:10 +0800] "GET /wp-content/themes/buildico/assets/js/custom.js?ver=1.7 HTTP/1.1" 200 1278 "https://impeccablerenovations.com.au/2022/03/08/launching-our-new-brand-and-website/" "Mozilla/5.0 (Linux; Android 6.0.1; Nexus 5X Build/MMB29P) AppleWebKit/537.36 (KHTML, like Gecko) Chrome/141.0.7390.122 Mobile Safari/537.36 (compatible; Googlebot/2.1; +http://www.google.com/bot.html)"
192.178.4.96 - - [02/Jan/2026:00:25:10 +0800] "GET /wp-content/plugins/elementor/assets/js/webpack.runtime.min.js?ver=3.24.5 HTTP/1.1" 200 2215 "https://impeccablerenovations.com.au/2022/03/08/launching-our-new-brand-and-website/" "Mozilla/5.0 (Linux; Android 6.0.1; Nexus 5X Build/MMB29P) AppleWebKit/537.36 (KHTML, like Gecko) Chrome/141.0.7390.122 Mobile Safari/537.36 (compatible; Googlebot/2.1; +http://www.google.com/bot.html)"
192.178.4.97 - - [02/Jan/2026:00:25:10 +0800] "GET /wp-includes/js/dist/vendor/wp-polyfill.min.js?ver=3.15.0 HTTP/1.1" 200 14471 "https://impeccablerenovations.com.au/2022/03/08/launching-our-new-brand-and-website/" "Mozilla/5.0 (Linux; Android 6.0.1; Nexus 5X Build/MMB29P) AppleWebKit/537.36 (KHTML, like Gecko) Chrome/141.0.7390.122 Mobile Safari/537.36 (compatible; Googlebot/2.1; +http://www.google.com/bot.html)"
192.178.4.96 - - [02/Jan/2026:00:25:10 +0800] "GET /wp-content/plugins/buildico-toolkit/assets/js/owl.carousel.min.js?ver=2.2.1 HTTP/1.1" 200 10926 "https://impeccablerenovations.com.au/2022/03/08/launching-our-new-brand-and-website/" "Mozilla/5.0 (Linux; Android 6.0.1; Nexus 5X Build/MMB29P) AppleWebKit/537.36 (KHTML, like Gecko) Chrome/141.0.7390.122 Mobile Safari/537.36 (compatible; Googlebot/2.1; +http://www.google.com/bot.html)"
192.178.4.97 - - [02/Jan/2026:00:25:10 +0800] "GET /wp-content/plugins/buildico-toolkit/assets/js/slick.min.js?ver=1.0.0 HTTP/1.1" 200 10442 "https://impeccablerenovations.com.au/2022/03/08/launching-our-new-brand-and-website/" "Mozilla/5.0 (Linux; Android 6.0.1; Nexus 5X Build/MMB29P) AppleWebKit/537.36 (KHTML, like Gecko) Chrome/141.0.7390.122 Mobile Safari/537.36 (compatible; Googlebot/2.1; +http://www.google.com/bot.html)"
192.178.4.96 - - [02/Jan/2026:00:25:11 +0800] "GET /wp-content/plugins/buildico-toolkit/assets/js/el-script.js?ver=1.0.0 HTTP/1.1" 200 698 "https://impeccablerenovations.com.au/2022/03/08/launching-our-new-brand-and-website/" "Mozilla/5.0 (Linux; Android 6.0.1; Nexus 5X Build/MMB29P) AppleWebKit/537.36 (KHTML, like Gecko) Chrome/141.0.7390.122 Mobile Safari/537.36 (compatible; Googlebot/2.1; +http://www.google.com/bot.html)"
192.178.4.96 - - [02/Jan/2026:00:25:11 +0800] "GET /wp-content/plugins/google-analytics-premium/assets/js/frontend-gtag.min.js?ver=9.2.4 HTTP/1.1" 200 3277 "https://impeccablerenovations.com.au/2022/03/08/launching-our-new-brand-and-website/" "Mozilla/5.0 (Linux; Android 6.0.1; Nexus 5X Build/MMB29P) AppleWebKit/537.36 (KHTML, like Gecko) Chrome/141.0.7390.122 Mobile Safari/537.36 (compatible; Googlebot/2.1; +http://www.google.com/bot.html)"
192.178.4.96 - - [02/Jan/2026:00:25:11 +0800] "GET /wp-content/plugins/elementor/assets/js/frontend-modules.min.js?ver=3.24.5 HTTP/1.1" 200 21125 "https://impeccablerenovations.com.au/2022/03/08/launching-our-new-brand-and-website/" "Mozilla/5.0 (Linux; Android 6.0.1; Nexus 5X Build/MMB29P) AppleWebKit/537.36 (KHTML, like Gecko) Chrome/141.0.7390.122 Mobile Safari/537.36 (compatible; Googlebot/2.1; +http://www.google.com/bot.html)"
192.178.4.96 - - [02/Jan/2026:00:25:12 +0800] "GET /wp-content/plugins/elementor-pro/assets/js/frontend.min.js?ver=3.24.3 HTTP/1.1" 200 6701 "https://impeccablerenovations.com.au/2022/03/08/launching-our-new-brand-and-website/" "Mozilla/5.0 (Linux; Android 6.0.1; Nexus 5X Build/MMB29P) AppleWebKit/537.36 (KHTML, like Gecko) Chrome/141.0.7390.122 Mobile Safari/537.36 (compatible; Googlebot/2.1; +http://www.google.com/bot.html)"
192.178.4.96 - - [02/Jan/2026:00:25:12 +0800] "GET /wp-includes/js/jquery/ui/core.min.js?ver=1.13.3 HTTP/1.1" 200 7106 "https://impeccablerenovations.com.au/2022/03/08/launching-our-new-brand-and-website/" "Mozilla/5.0 (Linux; Android 6.0.1; Nexus 5X Build/MMB29P) AppleWebKit/537.36 (KHTML, like Gecko) Chrome/141.0.7390.122 Mobile Safari/537.36 (compatible; Googlebot/2.1; +http://www.google.com/bot.html)"
192.178.4.96 - - [02/Jan/2026:00:25:12 +0800] "GET /wp-content/plugins/contact-form-7/modules/recaptcha/index.js?ver=6.1.2 HTTP/1.1" 200 483 "https://impeccablerenovations.com.au/2022/03/08/launching-our-new-brand-and-website/" "Mozilla/5.0 (Linux; Android 6.0.1; Nexus 5X Build/MMB29P) AppleWebKit/537.36 (KHTML, like Gecko) Chrome/141.0.7390.122 Mobile Safari/537.36 (compatible; Googlebot/2.1; +http://www.google.com/bot.html)"
192.178.4.96 - - [02/Jan/2026:00:25:12 +0800] "GET /wp-content/plugins/elementor-pro/assets/js/webpack-pro.runtime.min.js?ver=3.24.3 HTTP/1.1" 200 2821 "https://impeccablerenovations.com.au/2022/03/08/launching-our-new-brand-and-website/" "Mozilla/5.0 (Linux; Android 6.0.1; Nexus 5X Build/MMB29P) AppleWebKit/537.36 (KHTML, like Gecko) Chrome/141.0.7390.122 Mobile Safari/537.36 (compatible; Googlebot/2.1; +http://www.google.com/bot.html)"
192.178.4.96 - - [02/Jan/2026:00:25:13 +0800] "GET /wp-content/plugins/elementor-pro/assets/js/elements-handlers.min.js?ver=3.24.3 HTTP/1.1" 200 10138 "https://impeccablerenovations.com.au/2022/03/08/launching-our-new-brand-and-website/" "Mozilla/5.0 (Linux; Android 6.0.1; Nexus 5X Build/MMB29P) AppleWebKit/537.36 (KHTML, like Gecko) Chrome/141.0.7390.122 Mobile Safari/537.36 (compatible; Googlebot/2.1; +http://www.google.com/bot.html)"
192.178.4.96 - - [02/Jan/2026:00:25:13 +0800] "GET /wp-includes/js/wp-emoji-release.min.js?ver=6.8.3 HTTP/1.1" 200 5163 "https://impeccablerenovations.com.au/2022/03/08/launching-our-new-brand-and-website/" "Mozilla/5.0 (Linux; Android 6.0.1; Nexus 5X Build/MMB29P) AppleWebKit/537.36 (KHTML, like Gecko) Chrome/141.0.7390.122 Mobile Safari/537.36 (compatible; Googlebot/2.1; +http://www.google.com/bot.html)"
192.178.4.96 - - [02/Jan/2026:00:25:14 +0800] "GET /wp-content/plugins/elementor/assets/js/text-editor.2c35aafbe5bf0e127950.bundle.min.js HTTP/1.1" 200 666 "https://impeccablerenovations.com.au/2022/03/08/launching-our-new-brand-and-website/" "Mozilla/5.0 (Linux; Android 6.0.1; Nexus 5X Build/MMB29P) AppleWebKit/537.36 (KHTML, like Gecko) Chrome/141.0.7390.122 Mobile Safari/537.36 (compatible; Googlebot/2.1; +http://www.google.com/bot.html)"
192.178.4.96 - - [02/Jan/2026:00:25:14 +0800] "GET /wp-content/uploads/2020/09/IR-Colour-strapline-stacked-v2-1.svg HTTP/1.1" 200 2611 "https://impeccablerenovations.com.au/2022/03/08/launching-our-new-brand-and-website/" "Mozilla/5.0 (Linux; Android 6.0.1; Nexus 5X Build/MMB29P) AppleWebKit/537.36 (KHTML, like Gecko) Chrome/141.0.7390.122 Mobile Safari/537.36 (compatible; Googlebot/2.1; +http://www.google.com/bot.html)"
103.4.122.14 - - [02/Jan/2026:00:26:44 +0800] "POST /wp-cron.php?doing_wp_cron=1767284804.2243518829345703125000 HTTP/1.1" 200 - "-" "WordPress/6.8.3; https://impeccablerenovations.com.au"
78.47.173.76 - - [02/Jan/2026:00:26:42 +0800] "HEAD / HTTP/1.1" 200 - "https://impeccablerenovations.com.au/" "Mozilla/5.0+(compatible; UptimeRobot/2.0; http://www.uptimerobot.com/)"
103.4.122.14 - - [02/Jan/2026:00:31:57 +0800] "POST /wp-cron.php?doing_wp_cron=1767285117.4390029907226562500000 HTTP/1.1" 200 - "-" "WordPress/6.8.3; https://impeccablerenovations.com.au"
49.13.24.81 - - [02/Jan/2026:00:31:55 +0800] "HEAD / HTTP/1.1" 200 - "https://impeccablerenovations.com.au/" "Mozilla/5.0+(compatible; UptimeRobot/2.0; http://www.uptimerobot.com/)"
103.4.122.14 - - [02/Jan/2026:00:37:05 +0800] "POST /wp-cron.php?doing_wp_cron=1767285424.9147329330444335937500 HTTP/1.1" 200 - "-" "WordPress/6.8.3; https://impeccablerenovations.com.au"
63.178.84.147 - - [02/Jan/2026:00:37:03 +0800] "HEAD / HTTP/1.1" 200 - "https://impeccablerenovations.com.au/" "Mozilla/5.0+(compatible; UptimeRobot/2.0; http://www.uptimerobot.com/)"
103.4.122.14 - - [02/Jan/2026:00:42:12 +0800] "POST /wp-cron.php?doing_wp_cron=1767285732.7184948921203613281250 HTTP/1.1" 200 - "-" "WordPress/6.8.3; https://impeccablerenovations.com.au"
18.192.166.72 - - [02/Jan/2026:00:42:10 +0800] "HEAD / HTTP/1.1" 200 - "https://impeccablerenovations.com.au/" "Mozilla/5.0+(compatible; UptimeRobot/2.0; http://www.uptimerobot.com/)"
103.4.122.14 - - [02/Jan/2026:00:47:20 +0800] "POST /wp-cron.php?doing_wp_cron=1767286040.2117609977722167968750 HTTP/1.1" 200 - "-" "WordPress/6.8.3; https://impeccablerenovations.com.au"
18.192.166.72 - - [02/Jan/2026:00:47:18 +0800] "HEAD / HTTP/1.1" 200 - "https://impeccablerenovations.com.au/" "Mozilla/5.0+(compatible; UptimeRobot/2.0; http://www.uptimerobot.com/)"
103.4.122.14 - - [02/Jan/2026:00:52:29 +0800] "POST /wp-cron.php?doing_wp_cron=1767286348.9807798862457275390625 HTTP/1.1" 200 - "-" "WordPress/6.8.3; https://impeccablerenovations.com.au"
78.46.215.1 - - [02/Jan/2026:00:52:27 +0800] "HEAD / HTTP/1.1" 200 - "https://impeccablerenovations.com.au/" "Mozilla/5.0+(compatible; UptimeRobot/2.0; http://www.uptimerobot.com/)"
103.4.122.14 - - [02/Jan/2026:00:57:36 +0800] "POST /wp-cron.php?doing_wp_cron=1767286656.7781720161437988281250 HTTP/1.1" 200 - "-" "WordPress/6.8.3; https://impeccablerenovations.com.au"
142.132.180.39 - - [02/Jan/2026:00:57:35 +0800] "HEAD / HTTP/1.1" 200 - "https://impeccablerenovations.com.au/" "Mozilla/5.0+(compatible; UptimeRobot/2.0; http://www.uptimerobot.com/)"
103.4.122.14 - - [02/Jan/2026:01:00:09 +0800] "POST /wp-cron.php?doing_wp_cron=1767286809.5153870582580566406250 HTTP/1.1" 200 - "-" "WordPress/6.8.3; https://impeccablerenovations.com.au"
202.76.191.246 - - [02/Jan/2026:01:00:07 +0800] "GET /about-us/ HTTP/1.1" 404 62812 "-" "Mozilla/5.0 (X11; Linux x86_64) AppleWebKit/535.11 (KHTML, like Gecko) Ubuntu/11.04 Chromium/17.0.963.65 Chrome/17.0.963.65 Safari/535.11"
103.4.122.14 - - [02/Jan/2026:01:02:45 +0800] "POST /wp-cron.php?doing_wp_cron=1767286965.5417180061340332031250 HTTP/1.1" 200 - "-" "WordPress/6.8.3; https://impeccablerenovations.com.au"
63.178.84.147 - - [02/Jan/2026:01:02:43 +0800] "HEAD / HTTP/1.1" 200 - "https://impeccablerenovations.com.au/" "Mozilla/5.0+(compatible; UptimeRobot/2.0; http://www.uptimerobot.com/)"
103.4.122.14 - - [02/Jan/2026:01:07:54 +0800] "POST /wp-cron.php?doing_wp_cron=1767287274.4873859882354736328125 HTTP/1.1" 200 - "-" "WordPress/6.8.3; https://impeccablerenovations.com.au"
168.119.123.75 - - [02/Jan/2026:01:07:51 +0800] "HEAD / HTTP/1.1" 200 - "https://impeccablerenovations.com.au/" "Mozilla/5.0+(compatible; UptimeRobot/2.0; http://www.uptimerobot.com/)"
103.4.122.14 - - [02/Jan/2026:01:13:00 +0800] "POST /wp-cron.php?doing_wp_cron=1767287580.4806959629058837890625 HTTP/1.1" 200 - "-" "WordPress/6.8.3; https://impeccablerenovations.com.au"
69.171.249.2 - - [02/Jan/2026:01:12:58 +0800] "GET /robots.txt HTTP/1.1" 301 - "-" "facebookexternalhit/1.1 (+http://www.facebook.com/externalhit_uatext.php)"
168.119.96.239 - - [02/Jan/2026:01:13:00 +0800] "HEAD / HTTP/1.1" 200 - "https://impeccablerenovations.com.au/" "Mozilla/5.0+(compatible; UptimeRobot/2.0; http://www.uptimerobot.com/)"
69.171.249.12 - - [02/Jan/2026:01:13:00 +0800] "GET / HTTP/1.1" 301 - "-" "facebookexternalhit/1.1 (+http://www.facebook.com/externalhit_uatext.php)"
69.171.249.31 - - [02/Jan/2026:01:13:03 +0800] "GET / HTTP/1.1" 200 108894 "-" "facebookexternalhit/1.1 (+http://www.facebook.com/externalhit_uatext.php)"
103.4.122.14 - - [02/Jan/2026:01:18:09 +0800] "POST /wp-cron.php?doing_wp_cron=1767287889.0147020816802978515625 HTTP/1.1" 200 - "-" "WordPress/6.8.3; https://impeccablerenovations.com.au"
18.193.252.127 - - [02/Jan/2026:01:18:07 +0800] "HEAD / HTTP/1.1" 200 - "https://impeccablerenovations.com.au/" "Mozilla/5.0+(compatible; UptimeRobot/2.0; http://www.uptimerobot.com/)"
103.4.122.14 - - [02/Jan/2026:01:19:46 +0800] "POST /wp-cron.php?doing_wp_cron=1767287986.2146821022033691406250 HTTP/1.1" 200 - "-" "WordPress/6.8.3; https://impeccablerenovations.com.au"
216.73.216.99 - - [02/Jan/2026:01:19:44 +0800] "GET /robots.txt HTTP/1.1" 200 124 "-" "Mozilla/5.0 AppleWebKit/537.36 (KHTML, like Gecko; compatible; ClaudeBot/1.0; +claudebot@anthropic.com)"
216.73.216.99 - - [02/Jan/2026:01:19:46 +0800] "GET /commercial-fitouts HTTP/1.1" 301 - "-" "Mozilla/5.0 AppleWebKit/537.36 (KHTML, like Gecko; compatible; ClaudeBot/1.0; +claudebot@anthropic.com)"
216.73.216.99 - - [02/Jan/2026:01:19:48 +0800] "GET /commercial-fitouts/ HTTP/1.1" 200 20303 "https://impeccablerenovations.com.au/commercial-fitouts" "Mozilla/5.0 AppleWebKit/537.36 (KHTML, like Gecko; compatible; ClaudeBot/1.0; +claudebot@anthropic.com)"
103.4.122.14 - - [02/Jan/2026:01:22:43 +0800] "POST /wp-cron.php?doing_wp_cron=1767288163.1332390308380126953125 HTTP/1.1" 200 - "-" "WordPress/6.8.3; https://impeccablerenovations.com.au"
148.113.130.51 - - [02/Jan/2026:01:22:41 +0800] "GET /project/sydney-eye-clinic/ HTTP/1.1" 200 15980 "-" "Mozilla/5.0 (compatible; AhrefsBot/7.0; +http://ahrefs.com/robot/)"
18.192.166.72 - - [02/Jan/2026:01:23:15 +0800] "HEAD / HTTP/1.1" 200 - "https://impeccablerenovations.com.au/" "Mozilla/5.0+(compatible; UptimeRobot/2.0; http://www.uptimerobot.com/)"
103.4.122.14 - - [02/Jan/2026:01:28:26 +0800] "POST /wp-cron.php?doing_wp_cron=1767288506.4094920158386230468750 HTTP/1.1" 200 - "-" "WordPress/6.8.3; https://impeccablerenovations.com.au"
49.13.164.148 - - [02/Jan/2026:01:28:24 +0800] "HEAD / HTTP/1.1" 200 - "https://impeccablerenovations.com.au/" "Mozilla/5.0+(compatible; UptimeRobot/2.0; http://www.uptimerobot.com/)"
103.4.122.14 - - [02/Jan/2026:01:32:25 +0800] "POST /wp-cron.php?doing_wp_cron=1767288745.7427339553833007812500 HTTP/1.1" 200 - "-" "WordPress/6.8.3; https://impeccablerenovations.com.au"
40.77.167.203 - - [02/Jan/2026:01:32:24 +0800] "GET /robots.txt HTTP/1.1" 301 - "-" "Mozilla/5.0 AppleWebKit/537.36 (KHTML, like Gecko; compatible; bingbot/2.0; +http://www.bing.com/bingbot.htm) Chrome/116.0.1938.76 Safari/537.36"
40.77.167.203 - - [02/Jan/2026:01:32:27 +0800] "GET /robots.txt HTTP/1.1" 200 124 "-" "Mozilla/5.0 AppleWebKit/537.36 (KHTML, like Gecko; compatible; bingbot/2.0; +http://www.bing.com/bingbot.htm) Chrome/116.0.1938.76 Safari/537.36"
103.4.122.14 - - [02/Jan/2026:01:32:40 +0800] "POST /wp-cron.php?doing_wp_cron=1767288759.8807430267333984375000 HTTP/1.1" 200 - "-" "WordPress/6.8.3; https://impeccablerenovations.com.au"
40.77.167.41 - - [02/Jan/2026:01:32:38 +0800] "GET /sitemap_index.xml HTTP/1.1" 200 346 "-" "Mozilla/5.0 AppleWebKit/537.36 (KHTML, like Gecko; compatible; bingbot/2.0; +http://www.bing.com/bingbot.htm) Chrome/116.0.1938.76 Safari/537.36"
103.4.122.14 - - [02/Jan/2026:01:33:33 +0800] "POST /wp-cron.php?doing_wp_cron=1767288813.4092979431152343750000 HTTP/1.1" 200 - "-" "WordPress/6.8.3; https://impeccablerenovations.com.au"
18.192.166.72 - - [02/Jan/2026:01:33:32 +0800] "HEAD / HTTP/1.1" 200 - "https://impeccablerenovations.com.au/" "Mozilla/5.0+(compatible; UptimeRobot/2.0; http://www.uptimerobot.com/)"
103.4.122.14 - - [02/Jan/2026:01:38:40 +0800] "POST /wp-cron.php?doing_wp_cron=1767289120.4803700447082519531250 HTTP/1.1" 200 - "-" "WordPress/6.8.3; https://impeccablerenovations.com.au"
49.13.167.123 - - [02/Jan/2026:01:38:38 +0800] "HEAD / HTTP/1.1" 200 - "https://impeccablerenovations.com.au/" "Mozilla/5.0+(compatible; UptimeRobot/2.0; http://www.uptimerobot.com/)"
103.4.122.14 - - [02/Jan/2026:01:43:47 +0800] "POST /wp-cron.php?doing_wp_cron=1767289427.2167360782623291015625 HTTP/1.1" 200 - "-" "WordPress/6.8.3; https://impeccablerenovations.com.au"
168.119.53.160 - - [02/Jan/2026:01:43:45 +0800] "HEAD / HTTP/1.1" 200 - "https://impeccablerenovations.com.au/" "Mozilla/5.0+(compatible; UptimeRobot/2.0; http://www.uptimerobot.com/)"
103.4.122.14 - - [02/Jan/2026:01:48:13 +0800] "POST /wp-cron.php?doing_wp_cron=1767289693.0653190612792968750000 HTTP/1.1" 200 - "-" "WordPress/6.8.3; https://impeccablerenovations.com.au"
154.3.236.202 - - [02/Jan/2026:01:48:11 +0800] "GET /wp-json/wp/v2/posts HTTP/1.1" 200 13220 "-" "Mozilla/5.0 (Windows NT 10.0; Win64; x64) AppleWebKit/537.36 (KHTML, like Gecko) Chrome/120.0.0.0 Safari/537.36"
103.4.122.14 - - [02/Jan/2026:01:48:53 +0800] "POST /wp-cron.php?doing_wp_cron=1767289733.8053131103515625000000 HTTP/1.1" 200 - "-" "WordPress/6.8.3; https://impeccablerenovations.com.au"
63.178.84.147 - - [02/Jan/2026:01:48:52 +0800] "HEAD / HTTP/1.1" 200 - "https://impeccablerenovations.com.au/" "Mozilla/5.0+(compatible; UptimeRobot/2.0; http://www.uptimerobot.com/)"
103.4.122.14 - - [02/Jan/2026:01:54:03 +0800] "POST /wp-cron.php?doing_wp_cron=1767290042.8940389156341552734375 HTTP/1.1" 200 - "-" "WordPress/6.8.3; https://impeccablerenovations.com.au"
168.119.123.75 - - [02/Jan/2026:01:54:01 +0800] "HEAD / HTTP/1.1" 200 - "https://impeccablerenovations.com.au/" "Mozilla/5.0+(compatible; UptimeRobot/2.0; http://www.uptimerobot.com/)"
103.4.122.14 - - [02/Jan/2026:01:56:45 +0800] "POST /wp-cron.php?doing_wp_cron=1767290205.3283460140228271484375 HTTP/1.1" 200 - "-" "WordPress/6.8.3; https://impeccablerenovations.com.au"
192.169.150.120 - - [02/Jan/2026:01:56:42 +0800] "GET /wp-login.php HTTP/1.1" 200 2167 "-" "Mozilla/5.0 (X11; Linux x86_64; rv:60.0) Gecko/20100101 Firefox/60.0"
103.4.122.14 - - [02/Jan/2026:01:59:11 +0800] "POST /wp-cron.php?doing_wp_cron=1767290351.0994060039520263671875 HTTP/1.1" 200 - "-" "WordPress/6.8.3; https://impeccablerenovations.com.au"
49.13.134.145 - - [02/Jan/2026:01:59:09 +0800] "HEAD / HTTP/1.1" 200 - "https://impeccablerenovations.com.au/" "Mozilla/5.0+(compatible; UptimeRobot/2.0; http://www.uptimerobot.com/)"
103.4.122.14 - - [02/Jan/2026:02:04:19 +0800] "POST /wp-cron.php?doing_wp_cron=1767290659.2130410671234130859375 HTTP/1.1" 200 - "-" "WordPress/6.8.3; https://impeccablerenovations.com.au"
3.79.134.69 - - [02/Jan/2026:02:04:17 +0800] "HEAD / HTTP/1.1" 200 - "https://impeccablerenovations.com.au/" "Mozilla/5.0+(compatible; UptimeRobot/2.0; http://www.uptimerobot.com/)"
43.153.71.12 - - [02/Jan/2026:02:05:49 +0800] "GET / HTTP/1.1" 403 199 "-" "Mozilla/5.0 (iPhone; CPU iPhone OS 13_2_3 like Mac OS X) AppleWebKit/605.1.15 (KHTML, like Gecko) Version/13.0.3 Mobile/15E148 Safari/604.1"
103.4.122.14 - - [02/Jan/2026:02:09:26 +0800] "POST /wp-cron.php?doing_wp_cron=1767290966.8305130004882812500000 HTTP/1.1" 200 - "-" "WordPress/6.8.3; https://impeccablerenovations.com.au"
142.132.180.39 - - [02/Jan/2026:02:09:25 +0800] "HEAD / HTTP/1.1" 200 - "https://impeccablerenovations.com.au/" "Mozilla/5.0+(compatible; UptimeRobot/2.0; http://www.uptimerobot.com/)"
103.4.122.14 - - [02/Jan/2026:02:14:34 +0800] "POST /wp-cron.php?doing_wp_cron=1767291274.7166919708251953125000 HTTP/1.1" 200 - "-" "WordPress/6.8.3; https://impeccablerenovations.com.au"
49.13.167.123 - - [02/Jan/2026:02:14:33 +0800] "HEAD / HTTP/1.1" 200 - "https://impeccablerenovations.com.au/" "Mozilla/5.0+(compatible; UptimeRobot/2.0; http://www.uptimerobot.com/)"
103.4.122.14 - - [02/Jan/2026:02:19:42 +0800] "POST /wp-cron.php?doing_wp_cron=1767291582.5567190647125244140625 HTTP/1.1" 200 - "-" "WordPress/6.8.3; https://impeccablerenovations.com.au"
49.13.167.123 - - [02/Jan/2026:02:19:40 +0800] "HEAD / HTTP/1.1" 200 - "https://impeccablerenovations.com.au/" "Mozilla/5.0+(compatible; UptimeRobot/2.0; http://www.uptimerobot.com/)"
103.4.122.14 - - [02/Jan/2026:02:24:50 +0800] "POST /wp-cron.php?doing_wp_cron=1767291890.7080829143524169921875 HTTP/1.1" 200 - "-" "WordPress/6.8.3; https://impeccablerenovations.com.au"
3.79.134.69 - - [02/Jan/2026:02:24:49 +0800] "HEAD / HTTP/1.1" 200 - "https://impeccablerenovations.com.au/" "Mozilla/5.0+(compatible; UptimeRobot/2.0; http://www.uptimerobot.com/)"
103.4.122.14 - - [02/Jan/2026:02:29:59 +0800] "POST /wp-cron.php?doing_wp_cron=1767292199.5973711013793945312500 HTTP/1.1" 200 - "-" "WordPress/6.8.3; https://impeccablerenovations.com.au"
168.119.96.239 - - [02/Jan/2026:02:29:57 +0800] "HEAD / HTTP/1.1" 200 - "https://impeccablerenovations.com.au/" "Mozilla/5.0+(compatible; UptimeRobot/2.0; http://www.uptimerobot.com/)"
103.4.122.14 - - [02/Jan/2026:02:35:07 +0800] "POST /wp-cron.php?doing_wp_cron=1767292507.4964220523834228515625 HTTP/1.1" 200 - "-" "WordPress/6.8.3; https://impeccablerenovations.com.au"
63.178.84.147 - - [02/Jan/2026:02:35:05 +0800] "HEAD / HTTP/1.1" 200 - "https://impeccablerenovations.com.au/" "Mozilla/5.0+(compatible; UptimeRobot/2.0; http://www.uptimerobot.com/)"
103.4.122.14 - - [02/Jan/2026:02:40:14 +0800] "POST /wp-cron.php?doing_wp_cron=1767292814.6993579864501953125000 HTTP/1.1" 200 - "-" "WordPress/6.8.3; https://impeccablerenovations.com.au"
49.13.167.123 - - [02/Jan/2026:02:40:12 +0800] "HEAD / HTTP/1.1" 200 - "https://impeccablerenovations.com.au/" "Mozilla/5.0+(compatible; UptimeRobot/2.0; http://www.uptimerobot.com/)"
103.4.122.14 - - [02/Jan/2026:02:43:03 +0800] "POST /wp-cron.php?doing_wp_cron=1767292983.2799620628356933593750 HTTP/1.1" 200 - "-" "WordPress/6.8.3; https://impeccablerenovations.com.au"
216.73.216.99 - - [02/Jan/2026:02:43:01 +0800] "GET /robots.txt HTTP/1.1" 200 124 "-" "Mozilla/5.0 AppleWebKit/537.36 (KHTML, like Gecko; compatible; ClaudeBot/1.0; +claudebot@anthropic.com)"
216.73.216.99 - - [02/Jan/2026:02:43:03 +0800] "GET /build-it-beautiful HTTP/1.1" 301 - "-" "Mozilla/5.0 AppleWebKit/537.36 (KHTML, like Gecko; compatible; ClaudeBot/1.0; +claudebot@anthropic.com)"
