216.73.216.99 - - [03/Jan/2026:09:58:37 +0800] "GET /project-filter/home-renovation/feed/ HTTP/1.1" 200 1116 "https://impeccablerenovations.com.au/project-filter/home-renovation/feed" "Mozilla/5.0 AppleWebKit/537.36 (KHTML, like Gecko; compatible; ClaudeBot/1.0; +claudebot@anthropic.com)"
103.4.122.14 - - [03/Jan/2026:10:01:32 +0800] "POST /wp-cron.php?doing_wp_cron=1767405692.4352970123291015625000 HTTP/1.1" 200 - "-" "WordPress/6.8.3; https://impeccablerenovations.com.au"
3.77.67.4 - - [03/Jan/2026:10:01:30 +0800] "HEAD / HTTP/1.1" 200 - "https://impeccablerenovations.com.au/" "Mozilla/5.0+(compatible; UptimeRobot/2.0; http://www.uptimerobot.com/)"
106.78.1.31 - - [03/Jan/2026:10:02:17 +0800] "GET /about-us/ HTTP/1.1" 404 62812 "-" "Mozilla/5.0 (Windows; U; Windows NT 6.1; en-US) AppleWebKit/534.17 (KHTML, like Gecko) Chrome/10.0.649.0 Safari/534.17"
103.4.122.14 - - [03/Jan/2026:10:06:39 +0800] "POST /wp-cron.php?doing_wp_cron=1767405999.6873340606689453125000 HTTP/1.1" 200 - "-" "WordPress/6.8.3; https://impeccablerenovations.com.au"
63.178.84.147 - - [03/Jan/2026:10:06:38 +0800] "HEAD / HTTP/1.1" 200 - "https://impeccablerenovations.com.au/" "Mozilla/5.0+(compatible; UptimeRobot/2.0; http://www.uptimerobot.com/)"
103.4.122.14 - - [03/Jan/2026:10:11:47 +0800] "POST /wp-cron.php?doing_wp_cron=1767406307.5267291069030761718750 HTTP/1.1" 200 - "-" "WordPress/6.8.3; https://impeccablerenovations.com.au"
63.178.84.147 - - [03/Jan/2026:10:11:45 +0800] "HEAD / HTTP/1.1" 200 - "https://impeccablerenovations.com.au/" "Mozilla/5.0+(compatible; UptimeRobot/2.0; http://www.uptimerobot.com/)"
103.4.122.14 - - [03/Jan/2026:10:16:54 +0800] "POST /wp-cron.php?doing_wp_cron=1767406614.2708110809326171875000 HTTP/1.1" 200 - "-" "WordPress/6.8.3; https://impeccablerenovations.com.au"
167.235.143.113 - - [03/Jan/2026:10:16:52 +0800] "HEAD / HTTP/1.1" 200 - "https://impeccablerenovations.com.au/" "Mozilla/5.0+(compatible; UptimeRobot/2.0; http://www.uptimerobot.com/)"
103.4.122.14 - - [03/Jan/2026:10:22:03 +0800] "POST /wp-cron.php?doing_wp_cron=1767406922.8653500080108642578125 HTTP/1.1" 200 - "-" "WordPress/6.8.3; https://impeccablerenovations.com.au"
78.46.190.63 - - [03/Jan/2026:10:22:01 +0800] "HEAD / HTTP/1.1" 200 - "https://impeccablerenovations.com.au/" "Mozilla/5.0+(compatible; UptimeRobot/2.0; http://www.uptimerobot.com/)"
103.4.122.14 - - [03/Jan/2026:10:27:10 +0800] "POST /wp-cron.php?doing_wp_cron=1767407230.5262789726257324218750 HTTP/1.1" 200 - "-" "WordPress/6.8.3; https://impeccablerenovations.com.au"
159.69.158.189 - - [03/Jan/2026:10:27:08 +0800] "HEAD / HTTP/1.1" 200 - "https://impeccablerenovations.com.au/" "Mozilla/5.0+(compatible; UptimeRobot/2.0; http://www.uptimerobot.com/)"
57.129.69.65 - - [03/Jan/2026:10:30:21 +0800] "GET / HTTP/1.1" 301 - "-" "Mozilla/5.0 (Windows NT 10.0; Win64; x64) AppleWebKit/537.36 (KHTML, like Gecko) Chrome/139.0.0.0 Safari/537.36"
103.4.122.14 - - [03/Jan/2026:10:32:19 +0800] "POST /wp-cron.php?doing_wp_cron=1767407539.2089960575103759765625 HTTP/1.1" 200 - "-" "WordPress/6.8.3; https://impeccablerenovations.com.au"
52.28.162.93 - - [03/Jan/2026:10:32:17 +0800] "HEAD / HTTP/1.1" 200 - "https://impeccablerenovations.com.au/" "Mozilla/5.0+(compatible; UptimeRobot/2.0; http://www.uptimerobot.com/)"
103.4.122.14 - - [03/Jan/2026:10:33:33 +0800] "POST /wp-cron.php?doing_wp_cron=1767407613.7458589076995849609375 HTTP/1.1" 200 - "-" "WordPress/6.8.3; https://impeccablerenovations.com.au"
192.3.138.27 - - [03/Jan/2026:10:33:32 +0800] "GET / HTTP/1.1" 301 - "-" "Mozilla/5.0"
103.4.122.14 - - [03/Jan/2026:10:37:27 +0800] "POST /wp-cron.php?doing_wp_cron=1767407847.2697329521179199218750 HTTP/1.1" 200 - "-" "WordPress/6.8.3; https://impeccablerenovations.com.au"
49.13.167.123 - - [03/Jan/2026:10:37:25 +0800] "HEAD / HTTP/1.1" 200 - "https://impeccablerenovations.com.au/" "Mozilla/5.0+(compatible; UptimeRobot/2.0; http://www.uptimerobot.com/)"
103.4.122.14 - - [03/Jan/2026:10:42:34 +0800] "POST /wp-cron.php?doing_wp_cron=1767408154.5400979518890380859375 HTTP/1.1" 200 - "-" "WordPress/6.8.3; https://impeccablerenovations.com.au"
63.178.84.147 - - [03/Jan/2026:10:42:32 +0800] "HEAD / HTTP/1.1" 200 - "https://impeccablerenovations.com.au/" "Mozilla/5.0+(compatible; UptimeRobot/2.0; http://www.uptimerobot.com/)"
103.4.122.14 - - [03/Jan/2026:10:47:42 +0800] "POST /wp-cron.php?doing_wp_cron=1767408462.7220780849456787109375 HTTP/1.1" 200 - "-" "WordPress/6.8.3; https://impeccablerenovations.com.au"
18.193.252.127 - - [03/Jan/2026:10:47:41 +0800] "HEAD / HTTP/1.1" 200 - "https://impeccablerenovations.com.au/" "Mozilla/5.0+(compatible; UptimeRobot/2.0; http://www.uptimerobot.com/)"
103.4.122.14 - - [03/Jan/2026:10:52:51 +0800] "POST /wp-cron.php?doing_wp_cron=1767408771.2567770481109619140625 HTTP/1.1" 200 - "-" "WordPress/6.8.3; https://impeccablerenovations.com.au"
78.46.190.63 - - [03/Jan/2026:10:52:49 +0800] "HEAD / HTTP/1.1" 200 - "https://impeccablerenovations.com.au/" "Mozilla/5.0+(compatible; UptimeRobot/2.0; http://www.uptimerobot.com/)"
103.4.122.14 - - [03/Jan/2026:10:57:58 +0800] "POST /wp-cron.php?doing_wp_cron=1767409078.5946490764617919921875 HTTP/1.1" 200 - "-" "WordPress/6.8.3; https://impeccablerenovations.com.au"
52.28.162.93 - - [03/Jan/2026:10:57:56 +0800] "HEAD / HTTP/1.1" 200 - "https://impeccablerenovations.com.au/" "Mozilla/5.0+(compatible; UptimeRobot/2.0; http://www.uptimerobot.com/)"
103.4.122.14 - - [03/Jan/2026:11:01:01 +0800] "POST /wp-cron.php?doing_wp_cron=1767409261.2069249153137207031250 HTTP/1.1" 200 - "-" "WordPress/6.8.3; https://impeccablerenovations.com.au"
142.44.225.221 - - [03/Jan/2026:11:00:59 +0800] "GET /sitemap_index.xml HTTP/1.1" 200 346 "-" "Mozilla/5.0 (compatible; AhrefsBot/7.0; +http://ahrefs.com/robot/)"
167.114.139.241 - - [03/Jan/2026:11:01:05 +0800] "GET /post-sitemap.xml HTTP/1.1" 200 481 "-" "Mozilla/5.0 (compatible; AhrefsBot/7.0; +http://ahrefs.com/robot/)"
54.39.89.84 - - [03/Jan/2026:11:01:10 +0800] "GET /page-sitemap.xml HTTP/1.1" 200 1154 "-" "Mozilla/5.0 (compatible; AhrefsBot/7.0; +http://ahrefs.com/robot/)"
148.113.128.104 - - [03/Jan/2026:11:01:16 +0800] "GET /project-sitemap.xml HTTP/1.1" 200 445 "-" "Mozilla/5.0 (compatible; AhrefsBot/7.0; +http://ahrefs.com/robot/)"
148.113.130.122 - - [03/Jan/2026:11:01:21 +0800] "GET /category-sitemap.xml HTTP/1.1" 200 376 "-" "Mozilla/5.0 (compatible; AhrefsBot/7.0; +http://ahrefs.com/robot/)"
103.4.122.14 - - [03/Jan/2026:11:03:07 +0800] "POST /wp-cron.php?doing_wp_cron=1767409386.9989039897918701171875 HTTP/1.1" 200 - "-" "WordPress/6.8.3; https://impeccablerenovations.com.au"
49.13.164.148 - - [03/Jan/2026:11:03:05 +0800] "HEAD / HTTP/1.1" 200 - "https://impeccablerenovations.com.au/" "Mozilla/5.0+(compatible; UptimeRobot/2.0; http://www.uptimerobot.com/)"
110.166.71.39 - - [03/Jan/2026:11:04:53 +0800] "GET / HTTP/1.1" 403 199 "-" "Mozilla/5.0 (iPhone; CPU iPhone OS 13_2_3 like Mac OS X) AppleWebKit/605.1.15 (KHTML, like Gecko) Version/13.0.3 Mobile/15E148 Safari/604.1"
103.4.122.14 - - [03/Jan/2026:11:08:16 +0800] "POST /wp-cron.php?doing_wp_cron=1767409696.0096449851989746093750 HTTP/1.1" 200 - "-" "WordPress/6.8.3; https://impeccablerenovations.com.au"
128.140.41.193 - - [03/Jan/2026:11:08:14 +0800] "HEAD / HTTP/1.1" 200 - "https://impeccablerenovations.com.au/" "Mozilla/5.0+(compatible; UptimeRobot/2.0; http://www.uptimerobot.com/)"
103.4.122.14 - - [03/Jan/2026:11:13:23 +0800] "POST /wp-cron.php?doing_wp_cron=1767410003.4332740306854248046875 HTTP/1.1" 200 - "-" "WordPress/6.8.3; https://impeccablerenovations.com.au"
49.13.164.148 - - [03/Jan/2026:11:13:21 +0800] "HEAD / HTTP/1.1" 200 - "https://impeccablerenovations.com.au/" "Mozilla/5.0+(compatible; UptimeRobot/2.0; http://www.uptimerobot.com/)"
103.4.122.14 - - [03/Jan/2026:11:18:31 +0800] "POST /wp-cron.php?doing_wp_cron=1767410310.8361630439758300781250 HTTP/1.1" 200 - "-" "WordPress/6.8.3; https://impeccablerenovations.com.au"
168.119.96.239 - - [03/Jan/2026:11:18:29 +0800] "HEAD / HTTP/1.1" 200 - "https://impeccablerenovations.com.au/" "Mozilla/5.0+(compatible; UptimeRobot/2.0; http://www.uptimerobot.com/)"
103.4.122.14 - - [03/Jan/2026:11:23:41 +0800] "POST /wp-cron.php?doing_wp_cron=1767410620.9126811027526855468750 HTTP/1.1" 200 - "-" "WordPress/6.8.3; https://impeccablerenovations.com.au"
128.140.41.193 - - [03/Jan/2026:11:23:39 +0800] "HEAD / HTTP/1.1" 200 - "https://impeccablerenovations.com.au/" "Mozilla/5.0+(compatible; UptimeRobot/2.0; http://www.uptimerobot.com/)"
103.4.122.14 - - [03/Jan/2026:11:28:48 +0800] "POST /wp-cron.php?doing_wp_cron=1767410927.9855821132659912109375 HTTP/1.1" 200 - "-" "WordPress/6.8.3; https://impeccablerenovations.com.au"
3.77.67.4 - - [03/Jan/2026:11:28:46 +0800] "HEAD / HTTP/1.1" 200 - "https://impeccablerenovations.com.au/" "Mozilla/5.0+(compatible; UptimeRobot/2.0; http://www.uptimerobot.com/)"
103.4.122.14 - - [03/Jan/2026:11:33:58 +0800] "POST /wp-cron.php?doing_wp_cron=1767411237.9295799732208251953125 HTTP/1.1" 200 - "-" "WordPress/6.8.3; https://impeccablerenovations.com.au"
78.47.173.76 - - [03/Jan/2026:11:33:56 +0800] "HEAD / HTTP/1.1" 200 - "https://impeccablerenovations.com.au/" "Mozilla/5.0+(compatible; UptimeRobot/2.0; http://www.uptimerobot.com/)"
103.4.122.14 - - [03/Jan/2026:11:39:10 +0800] "POST /wp-cron.php?doing_wp_cron=1767411550.3313140869140625000000 HTTP/1.1" 200 - "-" "WordPress/6.8.3; https://impeccablerenovations.com.au"
18.193.252.127 - - [03/Jan/2026:11:39:08 +0800] "HEAD / HTTP/1.1" 200 - "https://impeccablerenovations.com.au/" "Mozilla/5.0+(compatible; UptimeRobot/2.0; http://www.uptimerobot.com/)"
103.4.122.14 - - [03/Jan/2026:11:44:19 +0800] "POST /wp-cron.php?doing_wp_cron=1767411859.2311339378356933593750 HTTP/1.1" 200 - "-" "WordPress/6.8.3; https://impeccablerenovations.com.au"
78.46.190.63 - - [03/Jan/2026:11:44:17 +0800] "HEAD / HTTP/1.1" 200 - "https://impeccablerenovations.com.au/" "Mozilla/5.0+(compatible; UptimeRobot/2.0; http://www.uptimerobot.com/)"
103.4.122.14 - - [03/Jan/2026:11:49:28 +0800] "POST /wp-cron.php?doing_wp_cron=1767412168.3230319023132324218750 HTTP/1.1" 200 - "-" "WordPress/6.8.3; https://impeccablerenovations.com.au"
49.13.130.29 - - [03/Jan/2026:11:49:26 +0800] "HEAD / HTTP/1.1" 200 - "https://impeccablerenovations.com.au/" "Mozilla/5.0+(compatible; UptimeRobot/2.0; http://www.uptimerobot.com/)"
103.4.122.14 - - [03/Jan/2026:11:54:37 +0800] "POST /wp-cron.php?doing_wp_cron=1767412477.4563219547271728515625 HTTP/1.1" 200 - "-" "WordPress/6.8.3; https://impeccablerenovations.com.au"
49.13.24.81 - - [03/Jan/2026:11:54:34 +0800] "HEAD / HTTP/1.1" 200 - "https://impeccablerenovations.com.au/" "Mozilla/5.0+(compatible; UptimeRobot/2.0; http://www.uptimerobot.com/)"
103.4.122.14 - - [03/Jan/2026:11:59:45 +0800] "POST /wp-cron.php?doing_wp_cron=1767412785.2810699939727783203125 HTTP/1.1" 200 - "-" "WordPress/6.8.3; https://impeccablerenovations.com.au"
49.13.134.145 - - [03/Jan/2026:11:59:43 +0800] "HEAD / HTTP/1.1" 200 - "https://impeccablerenovations.com.au/" "Mozilla/5.0+(compatible; UptimeRobot/2.0; http://www.uptimerobot.com/)"
103.4.122.14 - - [03/Jan/2026:12:04:53 +0800] "POST /wp-cron.php?doing_wp_cron=1767413093.3196549415588378906250 HTTP/1.1" 200 - "-" "WordPress/6.8.3; https://impeccablerenovations.com.au"
49.13.167.123 - - [03/Jan/2026:12:04:51 +0800] "HEAD / HTTP/1.1" 200 - "https://impeccablerenovations.com.au/" "Mozilla/5.0+(compatible; UptimeRobot/2.0; http://www.uptimerobot.com/)"
103.4.122.14 - - [03/Jan/2026:12:10:02 +0800] "POST /wp-cron.php?doing_wp_cron=1767413402.3271028995513916015625 HTTP/1.1" 200 - "-" "WordPress/6.8.3; https://impeccablerenovations.com.au"
128.140.41.193 - - [03/Jan/2026:12:10:00 +0800] "HEAD / HTTP/1.1" 200 - "https://impeccablerenovations.com.au/" "Mozilla/5.0+(compatible; UptimeRobot/2.0; http://www.uptimerobot.com/)"
103.4.122.14 - - [03/Jan/2026:12:15:11 +0800] "POST /wp-cron.php?doing_wp_cron=1767413710.8864989280700683593750 HTTP/1.1" 200 - "-" "WordPress/6.8.3; https://impeccablerenovations.com.au"
49.13.130.29 - - [03/Jan/2026:12:15:08 +0800] "HEAD / HTTP/1.1" 200 - "https://impeccablerenovations.com.au/" "Mozilla/5.0+(compatible; UptimeRobot/2.0; http://www.uptimerobot.com/)"
89.185.84.239 - - [03/Jan/2026:12:16:12 +0800] "GET /wp-content/uploads/2021/03/green-gables-three.jpg HTTP/1.1" 200 84295 "-" "Mozilla/5.0 (Windows NT 10.0; Win64; x64) AppleWebKit/537.36 (KHTML, like Gecko) Chrome/140.0.0.0 Safari/537.36"
103.4.122.14 - - [03/Jan/2026:12:16:41 +0800] "POST /wp-cron.php?doing_wp_cron=1767413801.5983409881591796875000 HTTP/1.1" 200 - "-" "WordPress/6.8.3; https://impeccablerenovations.com.au"
162.128.163.165 - - [03/Jan/2026:12:16:39 +0800] "GET /updates HTTP/1.1" 301 - "https://impeccablerenovations.com.au/updates" "Mozilla/5.0 (Macintosh; Intel Mac OS X 10_15_7) AppleWebKit/537.36 (KHTML, like Gecko) Chrome/123.0.0.0 Safari/537.36"
162.128.163.165 - - [03/Jan/2026:12:16:42 +0800] "GET /updates/ HTTP/1.1" 200 18265 "https://impeccablerenovations.com.au/updates/" "Mozilla/5.0 (Macintosh; Intel Mac OS X 10_15_7) AppleWebKit/537.36 (KHTML, like Gecko) Chrome/123.0.0.0 Safari/537.36"
103.4.122.14 - - [03/Jan/2026:12:20:18 +0800] "POST /wp-cron.php?doing_wp_cron=1767414018.8115000724792480468750 HTTP/1.1" 200 - "-" "WordPress/6.8.3; https://impeccablerenovations.com.au"
168.119.53.160 - - [03/Jan/2026:12:20:16 +0800] "HEAD / HTTP/1.1" 200 - "https://impeccablerenovations.com.au/" "Mozilla/5.0+(compatible; UptimeRobot/2.0; http://www.uptimerobot.com/)"
103.4.122.14 - - [03/Jan/2026:12:24:09 +0800] "POST /wp-cron.php?doing_wp_cron=1767414249.1758201122283935546875 HTTP/1.1" 200 - "-" "WordPress/6.8.3; https://impeccablerenovations.com.au"
179.60.74.154 - - [03/Jan/2026:12:24:07 +0800] "GET /category/uncategorized/ HTTP/1.1" 200 15947 "-" "Mozilla/5.0 (Macintosh; Intel Mac OS X 10_6_8) AppleWebKit/535.11 (KHTML, like Gecko) Chrome/17.0.963.66 Safari/535.11"
193.23.200.163 - - [03/Jan/2026:12:24:20 +0800] "GET /wp-content/uploads/2021/03/hospitality-store-one.jpg HTTP/1.1" 200 81176 "-" "Mozilla/5.0 (Windows NT 10.0; Win64; x64) AppleWebKit/537.36 (KHTML, like Gecko) Chrome/140.0.0.0 Safari/537.36"
103.4.122.14 - - [03/Jan/2026:12:25:27 +0800] "POST /wp-cron.php?doing_wp_cron=1767414327.0149090290069580078125 HTTP/1.1" 200 - "-" "WordPress/6.8.3; https://impeccablerenovations.com.au"
168.119.123.75 - - [03/Jan/2026:12:25:25 +0800] "HEAD / HTTP/1.1" 200 - "https://impeccablerenovations.com.au/" "Mozilla/5.0+(compatible; UptimeRobot/2.0; http://www.uptimerobot.com/)"
103.4.122.14 - - [03/Jan/2026:12:30:34 +0800] "POST /wp-cron.php?doing_wp_cron=1767414634.4726910591125488281250 HTTP/1.1" 200 - "-" "WordPress/6.8.3; https://impeccablerenovations.com.au"
168.119.123.75 - - [03/Jan/2026:12:30:32 +0800] "HEAD / HTTP/1.1" 200 - "https://impeccablerenovations.com.au/" "Mozilla/5.0+(compatible; UptimeRobot/2.0; http://www.uptimerobot.com/)"
103.4.122.14 - - [03/Jan/2026:12:35:44 +0800] "POST /wp-cron.php?doing_wp_cron=1767414944.0836999416351318359375 HTTP/1.1" 200 - "-" "WordPress/6.8.3; https://impeccablerenovations.com.au"
78.46.190.63 - - [03/Jan/2026:12:35:41 +0800] "HEAD / HTTP/1.1" 200 - "https://impeccablerenovations.com.au/" "Mozilla/5.0+(compatible; UptimeRobot/2.0; http://www.uptimerobot.com/)"
103.4.122.14 - - [03/Jan/2026:12:37:28 +0800] "POST /wp-cron.php?doing_wp_cron=1767415048.5279839038848876953125 HTTP/1.1" 200 - "-" "WordPress/6.8.3; https://impeccablerenovations.com.au"
114.119.159.26 - - [03/Jan/2026:12:37:26 +0800] "GET /2022/03/08/launching-our-new-brand-and-website HTTP/1.1" 301 - "https://impeccablerenovations.com.au/category/uncategorized" "Mozilla/5.0 (Linux; Android 7.0;) AppleWebKit/537.36 (KHTML, like Gecko) Mobile Safari/537.36 (compatible; PetalBot;+https://webmaster.petalsearch.com/site/petalbot)"
114.119.159.26 - - [03/Jan/2026:12:37:30 +0800] "GET /2022/03/08/launching-our-new-brand-and-website/ HTTP/1.1" 200 20218 "https://impeccablerenovations.com.au/category/uncategorized" "Mozilla/5.0 (Linux; Android 7.0;) AppleWebKit/537.36 (KHTML, like Gecko) Mobile Safari/537.36 (compatible; PetalBot;+https://webmaster.petalsearch.com/site/petalbot)"
162.142.125.125 - - [03/Jan/2026:12:38:45 +0800] "GET / HTTP/1.1" 301 - "-" "Mozilla/5.0 (compatible; CensysInspect/1.1; +https://about.censys.io/)"
162.142.125.125 - - [03/Jan/2026:12:38:54 +0800] "GET / HTTP/1.1" 200 22199 "-" "Mozilla/5.0 (compatible; CensysInspect/1.1; +https://about.censys.io/)"
162.142.125.125 - - [03/Jan/2026:12:39:00 +0800] "GET /wp-content/uploads/2022/05/cropped-impeccable-faviconv3-32x32.png HTTP/1.1" 200 658 "-" "Mozilla/5.0 (compatible; CensysInspect/1.1; +https://about.censys.io/)"
162.142.125.125 - - [03/Jan/2026:12:39:02 +0800] "GET /wp-content/uploads/2022/05/cropped-impeccable-faviconv3-192x192.png HTTP/1.1" 200 3245 "-" "Mozilla/5.0 (compatible; CensysInspect/1.1; +https://about.censys.io/)"
162.142.125.125 - - [03/Jan/2026:12:39:04 +0800] "GET /wp-content/uploads/2022/05/cropped-impeccable-faviconv3-180x180.png HTTP/1.1" 200 3041 "-" "Mozilla/5.0 (compatible; CensysInspect/1.1; +https://about.censys.io/)"
162.142.125.125 - - [03/Jan/2026:12:39:05 +0800] "GET /favicon.ico HTTP/1.1" 302 - "-" "Mozilla/5.0 (compatible; CensysInspect/1.1; +https://about.censys.io/)"
162.142.125.125 - - [03/Jan/2026:12:39:09 +0800] "GET /wp-content/uploads/2022/05/cropped-impeccable-faviconv3-32x32.png HTTP/1.1" 200 658 "https://impeccablerenovations.com.au/favicon.ico" "Mozilla/5.0 (compatible; CensysInspect/1.1; +https://about.censys.io/)"
103.4.122.14 - - [03/Jan/2026:12:40:55 +0800] "POST /wp-cron.php?doing_wp_cron=1767415255.1819159984588623046875 HTTP/1.1" 200 - "-" "WordPress/6.8.3; https://impeccablerenovations.com.au"
78.46.215.1 - - [03/Jan/2026:12:40:53 +0800] "HEAD / HTTP/1.1" 200 - "https://impeccablerenovations.com.au/" "Mozilla/5.0+(compatible; UptimeRobot/2.0; http://www.uptimerobot.com/)"
103.4.122.14 - - [03/Jan/2026:12:46:03 +0800] "POST /wp-cron.php?doing_wp_cron=1767415563.1009659767150878906250 HTTP/1.1" 200 - "-" "WordPress/6.8.3; https://impeccablerenovations.com.au"
167.235.143.113 - - [03/Jan/2026:12:46:01 +0800] "HEAD / HTTP/1.1" 200 - "https://impeccablerenovations.com.au/" "Mozilla/5.0+(compatible; UptimeRobot/2.0; http://www.uptimerobot.com/)"
103.4.122.14 - - [03/Jan/2026:12:46:50 +0800] "POST /wp-cron.php?doing_wp_cron=1767415610.7871339321136474609375 HTTP/1.1" 200 - "-" "WordPress/6.8.3; https://impeccablerenovations.com.au"
57.141.14.26 - - [03/Jan/2026:12:46:48 +0800] "GET /\xe0\xb8\xaa\xe0\xb8\xa5\xe0\xb9\x87\xe0\xb8\xad\xe0\xb8\x95pg168\xe0\xb9\x80\xe0\xb8\xa7\xe0\xb9\x87\xe0\xb8\x9a\xe0\xb8\x95\xe0\xb8\xa3\xe0\xb8\x87.aspx HTTP/1.1" 404 62886 "-" "meta-externalagent/1.1 (+https://developers.facebook.com/docs/sharing/webmasters/crawler)"
103.4.122.14 - - [03/Jan/2026:12:51:10 +0800] "POST /wp-cron.php?doing_wp_cron=1767415870.5895140171051025390625 HTTP/1.1" 200 - "-" "WordPress/6.8.3; https://impeccablerenovations.com.au"
3.77.67.4 - - [03/Jan/2026:12:51:08 +0800] "HEAD / HTTP/1.1" 200 - "https://impeccablerenovations.com.au/" "Mozilla/5.0+(compatible; UptimeRobot/2.0; http://www.uptimerobot.com/)"
103.4.122.14 - - [03/Jan/2026:12:52:43 +0800] "POST /wp-cron.php?doing_wp_cron=1767415963.2777669429779052734375 HTTP/1.1" 200 - "-" "WordPress/6.8.3; https://impeccablerenovations.com.au"
57.141.14.75 - - [03/Jan/2026:12:52:41 +0800] "GET /\xe0\xb8\x9d\xe0\xb8\xb2\xe0\xb8\x81%201%20\xe0\xb8\x9a\xe0\xb8\xb2\xe0\xb8\x97%20\xe0\xb8\xa3\xe0\xb8\xb1\xe0\xb8\x9a%2050%20\xe0\xb8\xa5\xe0\xb9\x88\xe0\xb8\xb2\xe0\xb8\xaa\xe0\xb8\xb8\xe0\xb8\x94%20\xe0\xb9\x84\xe0\xb8\x94\xe0\xb9\x89\xe0\xb8\x88\xe0\xb8\xa3\xe0\xb8\xb4\xe0\xb8\x87.aspx HTTP/1.1" 404 62962 "-" "meta-externalagent/1.1 (+https://developers.facebook.com/docs/sharing/webmasters/crawler)"
103.4.122.14 - - [03/Jan/2026:12:56:19 +0800] "POST /wp-cron.php?doing_wp_cron=1767416179.0522949695587158203125 HTTP/1.1" 200 - "-" "WordPress/6.8.3; https://impeccablerenovations.com.au"
168.119.53.160 - - [03/Jan/2026:12:56:17 +0800] "HEAD / HTTP/1.1" 200 - "https://impeccablerenovations.com.au/" "Mozilla/5.0+(compatible; UptimeRobot/2.0; http://www.uptimerobot.com/)"
103.4.122.14 - - [03/Jan/2026:12:58:31 +0800] "POST /wp-cron.php?doing_wp_cron=1767416310.9651789665222167968750 HTTP/1.1" 200 - "-" "WordPress/6.8.3; https://impeccablerenovations.com.au"
57.141.14.5 - - [03/Jan/2026:12:58:29 +0800] "GET /\xe0\xb8\x97\xe0\xb8\xb2\xe0\xb8\x87\xe0\xb9\x80\xe0\xb8\x82\xe0\xb9\x89\xe0\xb8\xb2pg.aspx HTTP/1.1" 404 62853 "-" "meta-externalagent/1.1 (+https://developers.facebook.com/docs/sharing/webmasters/crawler)"
103.4.122.14 - - [03/Jan/2026:13:01:27 +0800] "POST /wp-cron.php?doing_wp_cron=1767416486.8472828865051269531250 HTTP/1.1" 200 - "-" "WordPress/6.8.3; https://impeccablerenovations.com.au"
18.192.166.72 - - [03/Jan/2026:13:01:24 +0800] "HEAD / HTTP/1.1" 200 - "https://impeccablerenovations.com.au/" "Mozilla/5.0+(compatible; UptimeRobot/2.0; http://www.uptimerobot.com/)"
103.4.122.14 - - [03/Jan/2026:13:05:16 +0800] "POST /wp-cron.php?doing_wp_cron=1767416716.7290830612182617187500 HTTP/1.1" 200 - "-" "WordPress/6.8.3; https://impeccablerenovations.com.au"
57.141.14.65 - - [03/Jan/2026:13:05:14 +0800] "GET /\xe0\xb8\x9a\xe0\xb8\xb2\xe0\xb8\x84\xe0\xb8\xb2\xe0\xb8\xa3\xe0\xb9\x88\xe0\xb8\xb21688.aspx HTTP/1.1" 404 62855 "-" "meta-externalagent/1.1 (+https://developers.facebook.com/docs/sharing/webmasters/crawler)"
103.4.122.14 - - [03/Jan/2026:13:06:35 +0800] "POST /wp-cron.php?doing_wp_cron=1767416794.9051558971405029296875 HTTP/1.1" 200 - "-" "WordPress/6.8.3; https://impeccablerenovations.com.au"
159.69.158.189 - - [03/Jan/2026:13:06:33 +0800] "HEAD / HTTP/1.1" 200 - "https://impeccablerenovations.com.au/" "Mozilla/5.0+(compatible; UptimeRobot/2.0; http://www.uptimerobot.com/)"
103.4.122.14 - - [03/Jan/2026:13:11:42 +0800] "POST /wp-cron.php?doing_wp_cron=1767417101.8585159778594970703125 HTTP/1.1" 200 - "-" "WordPress/6.8.3; https://impeccablerenovations.com.au"
168.119.53.160 - - [03/Jan/2026:13:11:40 +0800] "HEAD / HTTP/1.1" 200 - "https://impeccablerenovations.com.au/" "Mozilla/5.0+(compatible; UptimeRobot/2.0; http://www.uptimerobot.com/)"
103.4.122.14 - - [03/Jan/2026:13:16:49 +0800] "POST /wp-cron.php?doing_wp_cron=1767417409.6072020530700683593750 HTTP/1.1" 200 - "-" "WordPress/6.8.3; https://impeccablerenovations.com.au"
49.13.130.29 - - [03/Jan/2026:13:16:47 +0800] "HEAD / HTTP/1.1" 200 - "https://impeccablerenovations.com.au/" "Mozilla/5.0+(compatible; UptimeRobot/2.0; http://www.uptimerobot.com/)"
57.141.14.92 - - [03/Jan/2026:13:17:22 +0800] "GET /\xe0\xb8\xaa\xe0\xb8\xa1\xe0\xb8\xb1\xe0\xb8\x84\xe0\xb8\xa3\xe0\xb8\x9a\xe0\xb8\xb2\xe0\xb8\x84\xe0\xb8\xb2\xe0\xb8\xa3\xe0\xb9\x88\xe0\xb8\xb2.aspx HTTP/1.1" 404 62881 "-" "meta-externalagent/1.1 (+https://developers.facebook.com/docs/sharing/webmasters/crawler)"
103.4.122.14 - - [03/Jan/2026:13:21:59 +0800] "POST /wp-cron.php?doing_wp_cron=1767417719.6309370994567871093750 HTTP/1.1" 200 - "-" "WordPress/6.8.3; https://impeccablerenovations.com.au"
49.13.164.148 - - [03/Jan/2026:13:21:57 +0800] "HEAD / HTTP/1.1" 200 - "https://impeccablerenovations.com.au/" "Mozilla/5.0+(compatible; UptimeRobot/2.0; http://www.uptimerobot.com/)"
103.4.122.14 - - [03/Jan/2026:13:27:10 +0800] "POST /wp-cron.php?doing_wp_cron=1767418030.3219749927520751953125 HTTP/1.1" 200 - "-" "WordPress/6.8.3; https://impeccablerenovations.com.au"
168.119.123.75 - - [03/Jan/2026:13:27:08 +0800] "HEAD / HTTP/1.1" 200 - "https://impeccablerenovations.com.au/" "Mozilla/5.0+(compatible; UptimeRobot/2.0; http://www.uptimerobot.com/)"
103.4.122.14 - - [03/Jan/2026:13:32:19 +0800] "POST /wp-cron.php?doing_wp_cron=1767418339.0351819992065429687500 HTTP/1.1" 200 - "-" "WordPress/6.8.3; https://impeccablerenovations.com.au"
52.28.162.93 - - [03/Jan/2026:13:32:17 +0800] "HEAD / HTTP/1.1" 200 - "https://impeccablerenovations.com.au/" "Mozilla/5.0+(compatible; UptimeRobot/2.0; http://www.uptimerobot.com/)"
103.4.122.14 - - [03/Jan/2026:13:37:27 +0800] "POST /wp-cron.php?doing_wp_cron=1767418647.4708280563354492187500 HTTP/1.1" 200 - "-" "WordPress/6.8.3; https://impeccablerenovations.com.au"
128.140.41.193 - - [03/Jan/2026:13:37:25 +0800] "HEAD / HTTP/1.1" 200 - "https://impeccablerenovations.com.au/" "Mozilla/5.0+(compatible; UptimeRobot/2.0; http://www.uptimerobot.com/)"
103.4.122.14 - - [03/Jan/2026:13:39:42 +0800] "POST /wp-cron.php?doing_wp_cron=1767418781.9895660877227783203125 HTTP/1.1" 200 - "-" "WordPress/6.8.3; https://impeccablerenovations.com.au"
51.68.236.73 - - [03/Jan/2026:13:39:40 +0800] "GET /robots.txt HTTP/1.1" 301 - "-" "Mozilla/5.0 (compatible; MJ12bot/v2.0.4; http://mj12bot.com/)"
51.68.236.73 - - [03/Jan/2026:13:39:42 +0800] "GET /robots.txt HTTP/1.1" 200 124 "-" "Mozilla/5.0 (compatible; MJ12bot/v2.0.4; http://mj12bot.com/)"
51.68.236.73 - - [03/Jan/2026:13:39:44 +0800] "GET / HTTP/1.1" 301 - "-" "Mozilla/5.0 (compatible; MJ12bot/v2.0.4; http://mj12bot.com/)"
51.68.236.73 - - [03/Jan/2026:13:39:47 +0800] "GET /robots.txt HTTP/1.1" 200 124 "-" "Mozilla/5.0 (compatible; MJ12bot/v2.0.4; http://mj12bot.com/)"
51.68.236.73 - - [03/Jan/2026:13:39:48 +0800] "GET / HTTP/1.1" 200 22199 "-" "Mozilla/5.0 (compatible; MJ12bot/v2.0.4; http://mj12bot.com/)"
103.4.122.14 - - [03/Jan/2026:13:42:34 +0800] "POST /wp-cron.php?doing_wp_cron=1767418954.8282740116119384765625 HTTP/1.1" 200 - "-" "WordPress/6.8.3; https://impeccablerenovations.com.au"
49.13.134.145 - - [03/Jan/2026:13:42:33 +0800] "HEAD / HTTP/1.1" 200 - "https://impeccablerenovations.com.au/" "Mozilla/5.0+(compatible; UptimeRobot/2.0; http://www.uptimerobot.com/)"
103.4.122.14 - - [03/Jan/2026:13:43:50 +0800] "POST /wp-cron.php?doing_wp_cron=1767419030.2278950214385986328125 HTTP/1.1" 200 - "-" "WordPress/6.8.3; https://impeccablerenovations.com.au"
57.141.14.13 - - [03/Jan/2026:13:43:48 +0800] "GET /\xe0\xb8\x9d\xe0\xb8\xb2\xe0\xb8\x819\xe0\xb8\x9a\xe0\xb8\xb2\xe0\xb8\x97\xe0\xb8\xa3\xe0\xb8\xb1\xe0\xb8\x9a100\xe0\xb8\xa5\xe0\xb9\x88\xe0\xb8\xb2\xe0\xb8\xaa\xe0\xb8\xb8\xe0\xb8\x94.aspx HTTP/1.1" 404 62903 "-" "meta-externalagent/1.1 (+https://developers.facebook.com/docs/sharing/webmasters/crawler)"
103.4.122.14 - - [03/Jan/2026:13:47:41 +0800] "POST /wp-cron.php?doing_wp_cron=1767419261.5811700820922851562500 HTTP/1.1" 200 - "-" "WordPress/6.8.3; https://impeccablerenovations.com.au"
142.132.180.39 - - [03/Jan/2026:13:47:39 +0800] "HEAD / HTTP/1.1" 200 - "https://impeccablerenovations.com.au/" "Mozilla/5.0+(compatible; UptimeRobot/2.0; http://www.uptimerobot.com/)"
103.4.122.14 - - [03/Jan/2026:13:52:50 +0800] "POST /wp-cron.php?doing_wp_cron=1767419570.5384290218353271484375 HTTP/1.1" 200 - "-" "WordPress/6.8.3; https://impeccablerenovations.com.au"
52.28.162.93 - - [03/Jan/2026:13:52:48 +0800] "HEAD / HTTP/1.1" 200 - "https://impeccablerenovations.com.au/" "Mozilla/5.0+(compatible; UptimeRobot/2.0; http://www.uptimerobot.com/)"
178.22.31.82 - - [03/Jan/2026:13:56:34 +0800] "GET /wp-content/uploads/2021/03/hospitality-store-after-1.jpg HTTP/1.1" 200 120950 "-" "Mozilla/5.0 (Windows NT 10.0; Win64; x64) AppleWebKit/537.36 (KHTML, like Gecko) Chrome/140.0.0.0 Safari/537.36"
103.4.122.14 - - [03/Jan/2026:13:57:40 +0800] "POST /wp-cron.php?doing_wp_cron=1767419860.5772259235382080078125 HTTP/1.1" 200 - "-" "WordPress/6.8.3; https://impeccablerenovations.com.au"
216.244.66.233 - - [03/Jan/2026:13:57:37 +0800] "GET /robots.txt HTTP/1.1" 200 132 "-" "Mozilla/5.0 (compatible; DotBot/1.2; +https://opensiteexplorer.org/dotbot; help@moz.com)"
5.39.109.168 - - [03/Jan/2026:13:57:54 +0800] "GET /robots.txt HTTP/1.1" 200 124 "-" "Mozilla/5.0 (compatible; AhrefsBot/7.0; +http://ahrefs.com/robot/)"
159.69.158.189 - - [03/Jan/2026:13:57:56 +0800] "HEAD / HTTP/1.1" 200 - "https://impeccablerenovations.com.au/" "Mozilla/5.0+(compatible; UptimeRobot/2.0; http://www.uptimerobot.com/)"
51.195.183.85 - - [03/Jan/2026:13:58:00 +0800] "GET /sitemap_index.xml HTTP/1.1" 200 346 "-" "Mozilla/5.0 (compatible; AhrefsBot/7.0; +http://ahrefs.com/robot/)"
198.244.183.174 - - [03/Jan/2026:13:58:06 +0800] "GET /post-sitemap.xml HTTP/1.1" 200 481 "-" "Mozilla/5.0 (compatible; AhrefsBot/7.0; +http://ahrefs.com/robot/)"
198.244.226.185 - - [03/Jan/2026:13:58:11 +0800] "GET /page-sitemap.xml HTTP/1.1" 200 1154 "-" "Mozilla/5.0 (compatible; AhrefsBot/7.0; +http://ahrefs.com/robot/)"
198.244.242.151 - - [03/Jan/2026:13:58:16 +0800] "GET /project-sitemap.xml HTTP/1.1" 200 445 "-" "Mozilla/5.0 (compatible; AhrefsBot/7.0; +http://ahrefs.com/robot/)"
51.195.183.125 - - [03/Jan/2026:13:58:21 +0800] "GET /category-sitemap.xml HTTP/1.1" 200 376 "-" "Mozilla/5.0 (compatible; AhrefsBot/7.0; +http://ahrefs.com/robot/)"
103.4.122.14 - - [03/Jan/2026:14:01:26 +0800] "POST /wp-cron.php?doing_wp_cron=1767420086.6030199527740478515625 HTTP/1.1" 200 - "-" "WordPress/6.8.3; https://impeccablerenovations.com.au"
216.73.216.99 - - [03/Jan/2026:14:01:24 +0800] "GET /robots.txt HTTP/1.1" 200 124 "-" "Mozilla/5.0 AppleWebKit/537.36 (KHTML, like Gecko; compatible; ClaudeBot/1.0; +claudebot@anthropic.com)"
216.73.216.99 - - [03/Jan/2026:14:01:27 +0800] "GET /sitemap_index.xml HTTP/1.1" 200 346 "-" "Mozilla/5.0 AppleWebKit/537.36 (KHTML, like Gecko; compatible; ClaudeBot/1.0; +claudebot@anthropic.com)"
103.4.122.14 - - [03/Jan/2026:14:03:09 +0800] "POST /wp-cron.php?doing_wp_cron=1767420188.8872740268707275390625 HTTP/1.1" 200 - "-" "WordPress/6.8.3; https://impeccablerenovations.com.au"
168.119.123.75 - - [03/Jan/2026:14:03:07 +0800] "HEAD / HTTP/1.1" 200 - "https://impeccablerenovations.com.au/" "Mozilla/5.0+(compatible; UptimeRobot/2.0; http://www.uptimerobot.com/)"
103.4.122.14 - - [03/Jan/2026:14:08:17 +0800] "POST /wp-cron.php?doing_wp_cron=1767420497.1939609050750732421875 HTTP/1.1" 200 - "-" "WordPress/6.8.3; https://impeccablerenovations.com.au"
52.59.43.236 - - [03/Jan/2026:14:08:15 +0800] "HEAD / HTTP/1.1" 200 - "https://impeccablerenovations.com.au/" "Mozilla/5.0+(compatible; UptimeRobot/2.0; http://www.uptimerobot.com/)"
103.4.122.14 - - [03/Jan/2026:14:08:54 +0800] "POST /wp-cron.php?doing_wp_cron=1767420534.5764269828796386718750 HTTP/1.1" 200 - "-" "WordPress/6.8.3; https://impeccablerenovations.com.au"
69.163.176.23 - - [03/Jan/2026:14:08:51 +0800] "GET /wp-login.php HTTP/1.1" 200 2168 "-" "Mozilla/5.0 (Windows NT 10.0; WOW64; Trident/7.0; FSJB; rv:11.0) like Gecko"
69.163.176.23 - - [03/Jan/2026:14:08:58 +0800] "POST /wp-login.php HTTP/1.1" 503 18957 "https://impeccablerenovations.com.au/wp-login.php" "Mozilla/5.0 (Windows NT 10.0; WOW64; Trident/7.0; FSJB; rv:11.0) like Gecko"
103.4.122.14 - - [03/Jan/2026:14:13:17 +0800] "POST /wp-cron.php?doing_wp_cron=1767420797.9526579380035400390625 HTTP/1.1" 200 - "-" "WordPress/6.8.3; https://impeccablerenovations.com.au"
216.244.66.233 - - [03/Jan/2026:14:13:16 +0800] "GET /project/specialty-carpentry/ HTTP/1.1" 301 - "-" "Mozilla/5.0 (compatible; DotBot/1.2; +https://opensiteexplorer.org/dotbot; help@moz.com)"
52.59.43.236 - - [03/Jan/2026:14:13:22 +0800] "HEAD / HTTP/1.1" 200 - "https://impeccablerenovations.com.au/" "Mozilla/5.0+(compatible; UptimeRobot/2.0; http://www.uptimerobot.com/)"
103.4.122.14 - - [03/Jan/2026:14:18:32 +0800] "POST /wp-cron.php?doing_wp_cron=1767421112.4879710674285888671875 HTTP/1.1" 200 - "-" "WordPress/6.8.3; https://impeccablerenovations.com.au"
128.140.41.193 - - [03/Jan/2026:14:18:30 +0800] "HEAD / HTTP/1.1" 200 - "https://impeccablerenovations.com.au/" "Mozilla/5.0+(compatible; UptimeRobot/2.0; http://www.uptimerobot.com/)"
103.4.122.14 - - [03/Jan/2026:14:23:40 +0800] "POST /wp-cron.php?doing_wp_cron=1767421420.4163548946380615234375 HTTP/1.1" 200 - "-" "WordPress/6.8.3; https://impeccablerenovations.com.au"
168.119.123.75 - - [03/Jan/2026:14:23:38 +0800] "HEAD / HTTP/1.1" 200 - "https://impeccablerenovations.com.au/" "Mozilla/5.0+(compatible; UptimeRobot/2.0; http://www.uptimerobot.com/)"
103.4.122.14 - - [03/Jan/2026:14:28:47 +0800] "POST /wp-cron.php?doing_wp_cron=1767421726.9777879714965820312500 HTTP/1.1" 200 - "-" "WordPress/6.8.3; https://impeccablerenovations.com.au"
3.77.67.4 - - [03/Jan/2026:14:28:45 +0800] "HEAD / HTTP/1.1" 200 - "https://impeccablerenovations.com.au/" "Mozilla/5.0+(compatible; UptimeRobot/2.0; http://www.uptimerobot.com/)"
114.119.130.12 - - [03/Jan/2026:14:30:28 +0800] "GET /wp-content/uploads/2025/07/gary-knep-client-testimonial.jpg HTTP/1.1" 200 85884 "https://impeccablerenovations.com.au/" "Mozilla/5.0 (Linux; Android 7.0;) AppleWebKit/537.36 (KHTML, like Gecko) Mobile Safari/537.36 (compatible; PetalBot;+https://webmaster.petalsearch.com/site/petalbot)"
103.4.122.14 - - [03/Jan/2026:14:31:54 +0800] "POST /wp-cron.php?doing_wp_cron=1767421913.9982049465179443359375 HTTP/1.1" 200 - "-" "WordPress/6.8.3; https://impeccablerenovations.com.au"
114.119.146.45 - - [03/Jan/2026:14:31:52 +0800] "GET /wp-content/uploads/2018/11/A90A18B4-E934-4A17-9F93-4C6291A9E7A5-300x200.jpeg HTTP/1.1" 404 62420 "-" "Mozilla/5.0 (Linux; Android 7.0;) AppleWebKit/537.36 (KHTML, like Gecko) Mobile Safari/537.36 (compatible; PetalBot;+https://webmaster.petalsearch.com/site/petalbot)"
103.4.122.14 - - [03/Jan/2026:14:33:17 +0800] "POST /wp-cron.php?doing_wp_cron=1767421997.3582100868225097656250 HTTP/1.1" 200 - "-" "WordPress/6.8.3; https://impeccablerenovations.com.au"
114.119.152.54 - - [03/Jan/2026:14:33:15 +0800] "GET /wp-content/uploads/2018/09/green-gable-eleven-300x200.jpg HTTP/1.1" 404 62401 "-" "Mozilla/5.0 (Linux; Android 7.0;) AppleWebKit/537.36 (KHTML, like Gecko) Mobile Safari/537.36 (compatible; PetalBot;+https://webmaster.petalsearch.com/site/petalbot)"
103.4.122.14 - - [03/Jan/2026:14:33:55 +0800] "POST /wp-cron.php?doing_wp_cron=1767422035.1677329540252685546875 HTTP/1.1" 200 - "-" "WordPress/6.8.3; https://impeccablerenovations.com.au"
3.79.134.69 - - [03/Jan/2026:14:33:53 +0800] "HEAD / HTTP/1.1" 200 - "https://impeccablerenovations.com.au/" "Mozilla/5.0+(compatible; UptimeRobot/2.0; http://www.uptimerobot.com/)"
103.4.122.14 - - [03/Jan/2026:14:34:40 +0800] "POST /wp-cron.php?doing_wp_cron=1767422080.7434749603271484375000 HTTP/1.1" 200 - "-" "WordPress/6.8.3; https://impeccablerenovations.com.au"
114.119.152.54 - - [03/Jan/2026:14:34:38 +0800] "GET /services/ HTTP/1.1" 404 62421 "https://impeccablerenovations.com.au/testimonials/" "Mozilla/5.0 (Linux; Android 7.0;) AppleWebKit/537.36 (KHTML, like Gecko) Mobile Safari/537.36 (compatible; PetalBot;+https://webmaster.petalsearch.com/site/petalbot)"
103.4.122.14 - - [03/Jan/2026:14:36:05 +0800] "POST /wp-cron.php?doing_wp_cron=1767422164.8371078968048095703125 HTTP/1.1" 200 - "-" "WordPress/6.8.3; https://impeccablerenovations.com.au"
114.119.159.26 - - [03/Jan/2026:14:36:02 +0800] "GET /project/specialty-carpentry HTTP/1.1" 301 - "https://impeccablerenovations.com.au/home-renovations" "Mozilla/5.0 (Linux; Android 7.0;) AppleWebKit/537.36 (KHTML, like Gecko) Mobile Safari/537.36 (compatible; PetalBot;+https://webmaster.petalsearch.com/site/petalbot)"
114.119.159.26 - - [03/Jan/2026:14:36:06 +0800] "GET /project/home/ HTTP/1.1" 200 15734 "https://impeccablerenovations.com.au/home-renovations" "Mozilla/5.0 (Linux; Android 7.0;) AppleWebKit/537.36 (KHTML, like Gecko) Mobile Safari/537.36 (compatible; PetalBot;+https://webmaster.petalsearch.com/site/petalbot)"
103.4.122.14 - - [03/Jan/2026:14:39:04 +0800] "POST /wp-cron.php?doing_wp_cron=1767422344.4404850006103515625000 HTTP/1.1" 200 - "-" "WordPress/6.8.3; https://impeccablerenovations.com.au"
49.13.130.29 - - [03/Jan/2026:14:39:02 +0800] "HEAD / HTTP/1.1" 200 - "https://impeccablerenovations.com.au/" "Mozilla/5.0+(compatible; UptimeRobot/2.0; http://www.uptimerobot.com/)"
88.218.123.97 - - [03/Jan/2026:14:40:34 +0800] "GET /wp-content/uploads/2022/03/gary-min.jpg HTTP/1.1" 200 248148 "-" "Mozilla/5.0 (Windows NT 10.0; Win64; x64) AppleWebKit/537.36 (KHTML, like Gecko) Chrome/140.0.0.0 Safari/537.36"
103.4.122.14 - - [03/Jan/2026:14:42:36 +0800] "POST /wp-cron.php?doing_wp_cron=1767422556.4366579055786132812500 HTTP/1.1" 200 - "-" "WordPress/6.8.3; https://impeccablerenovations.com.au"
198.244.226.101 - - [03/Jan/2026:14:42:34 +0800] "GET /contact-us/ HTTP/1.1" 200 18373 "-" "Mozilla/5.0 (compatible; AhrefsBot/7.0; +http://ahrefs.com/robot/)"
52.167.144.211 - - [03/Jan/2026:14:43:08 +0800] "GET /commercial-fitouts HTTP/1.1" 301 - "-" "Mozilla/5.0 AppleWebKit/537.36 (KHTML, like Gecko; compatible; bingbot/2.0; +http://www.bing.com/bingbot.htm) Chrome/116.0.1938.76 Safari/537.36"
52.167.144.211 - - [03/Jan/2026:14:43:11 +0800] "GET /commercial-fitouts/ HTTP/1.1" 200 20322 "-" "Mozilla/5.0 AppleWebKit/537.36 (KHTML, like Gecko; compatible; bingbot/2.0; +http://www.bing.com/bingbot.htm) Chrome/116.0.1938.76 Safari/537.36"
103.4.122.14 - - [03/Jan/2026:14:44:11 +0800] "POST /wp-cron.php?doing_wp_cron=1767422651.3670780658721923828125 HTTP/1.1" 200 - "-" "WordPress/6.8.3; https://impeccablerenovations.com.au"
52.59.43.236 - - [03/Jan/2026:14:44:09 +0800] "HEAD / HTTP/1.1" 200 - "https://impeccablerenovations.com.au/" "Mozilla/5.0+(compatible; UptimeRobot/2.0; http://www.uptimerobot.com/)"
103.4.122.14 - - [03/Jan/2026:14:49:19 +0800] "POST /wp-cron.php?doing_wp_cron=1767422959.2793769836425781250000 HTTP/1.1" 200 - "-" "WordPress/6.8.3; https://impeccablerenovations.com.au"
78.46.190.63 - - [03/Jan/2026:14:49:17 +0800] "HEAD / HTTP/1.1" 200 - "https://impeccablerenovations.com.au/" "Mozilla/5.0+(compatible; UptimeRobot/2.0; http://www.uptimerobot.com/)"
103.4.122.14 - - [03/Jan/2026:14:54:25 +0800] "POST /wp-cron.php?doing_wp_cron=1767423265.7642960548400878906250 HTTP/1.1" 200 - "-" "WordPress/6.8.3; https://impeccablerenovations.com.au"
78.47.98.55 - - [03/Jan/2026:14:54:23 +0800] "HEAD / HTTP/1.1" 200 - "https://impeccablerenovations.com.au/" "Mozilla/5.0+(compatible; UptimeRobot/2.0; http://www.uptimerobot.com/)"
103.4.122.14 - - [03/Jan/2026:14:59:33 +0800] "POST /wp-cron.php?doing_wp_cron=1767423573.7638449668884277343750 HTTP/1.1" 200 - "-" "WordPress/6.8.3; https://impeccablerenovations.com.au"
78.47.98.55 - - [03/Jan/2026:14:59:31 +0800] "HEAD / HTTP/1.1" 200 - "https://impeccablerenovations.com.au/" "Mozilla/5.0+(compatible; UptimeRobot/2.0; http://www.uptimerobot.com/)"
103.4.122.14 - - [03/Jan/2026:15:04:45 +0800] "POST /wp-cron.php?doing_wp_cron=1767423885.3207039833068847656250 HTTP/1.1" 200 - "-" "WordPress/6.8.3; https://impeccablerenovations.com.au"
88.99.80.227 - - [03/Jan/2026:15:04:43 +0800] "HEAD / HTTP/1.1" 200 - "https://impeccablerenovations.com.au/" "Mozilla/5.0+(compatible; UptimeRobot/2.0; http://www.uptimerobot.com/)"
103.4.122.14 - - [03/Jan/2026:15:09:53 +0800] "POST /wp-cron.php?doing_wp_cron=1767424193.3360428810119628906250 HTTP/1.1" 200 - "-" "WordPress/6.8.3; https://impeccablerenovations.com.au"
167.235.143.113 - - [03/Jan/2026:15:09:51 +0800] "HEAD / HTTP/1.1" 200 - "https://impeccablerenovations.com.au/" "Mozilla/5.0+(compatible; UptimeRobot/2.0; http://www.uptimerobot.com/)"
103.4.122.14 - - [03/Jan/2026:15:11:44 +0800] "POST /wp-cron.php?doing_wp_cron=1767424304.1269419193267822265625 HTTP/1.1" 200 - "-" "WordPress/6.8.3; https://impeccablerenovations.com.au"
182.182.171.30 - - [03/Jan/2026:15:11:42 +0800] "GET / HTTP/1.1" 301 - "-" "Mozilla/5.0 (Windows NT 10.0; Win64; x64) AppleWebKit/537.36 (KHTML, like Gecko) Chrome/125.0.0.0 Safari/537.36"
182.182.171.30 - - [03/Jan/2026:15:11:51 +0800] "GET / HTTP/1.1" 200 22199 "-" "Mozilla/5.0 (Windows NT 10.0; Win64; x64) AppleWebKit/537.36 (KHTML, like Gecko) Chrome/125.0.0.0 Safari/537.36"
103.4.122.14 - - [03/Jan/2026:15:15:02 +0800] "POST /wp-cron.php?doing_wp_cron=1767424502.0130970478057861328125 HTTP/1.1" 200 - "-" "WordPress/6.8.3; https://impeccablerenovations.com.au"
168.119.96.239 - - [03/Jan/2026:15:15:00 +0800] "HEAD / HTTP/1.1" 200 - "https://impeccablerenovations.com.au/" "Mozilla/5.0+(compatible; UptimeRobot/2.0; http://www.uptimerobot.com/)"
103.4.122.14 - - [03/Jan/2026:15:20:09 +0800] "POST /wp-cron.php?doing_wp_cron=1767424809.5064289569854736328125 HTTP/1.1" 200 - "-" "WordPress/6.8.3; https://impeccablerenovations.com.au"
168.119.123.75 - - [03/Jan/2026:15:20:07 +0800] "HEAD / HTTP/1.1" 200 - "https://impeccablerenovations.com.au/" "Mozilla/5.0+(compatible; UptimeRobot/2.0; http://www.uptimerobot.com/)"
185.177.238.178 - - [03/Jan/2026:15:20:12 +0800] "GET /wp-content/uploads/2021/03/hospitality-store-after-1-768x512.jpg HTTP/1.1" 200 86236 "-" "Mozilla/5.0 (Windows NT 10.0; Win64; x64) AppleWebKit/537.36 (KHTML, like Gecko) Chrome/140.0.0.0 Safari/537.36"
81.19.140.232 - - [03/Jan/2026:15:21:17 +0800] "GET /wp-content/uploads/2022/03/FireShot-Capture-221-Impeccable-Renovations-%E2%80%93-We-promise-to-work-with-you-every-step-of-th_-impeccable.ctwebdev.xyz-min-1-380x220.png HTTP/1.1" 200 55252 "-" "Mozilla/5.0 (Windows NT 10.0; Win64; x64) AppleWebKit/537.36 (KHTML, like Gecko) Chrome/140.0.0.0 Safari/537.36"
103.4.122.14 - - [03/Jan/2026:15:24:56 +0800] "POST /wp-cron.php?doing_wp_cron=1767425095.8641970157623291015625 HTTP/1.1" 200 - "-" "WordPress/6.8.3; https://impeccablerenovations.com.au"
198.244.242.87 - - [03/Jan/2026:15:24:53 +0800] "GET / HTTP/1.1" 200 22199 "-" "Mozilla/5.0 (compatible; AhrefsBot/7.0; +http://ahrefs.com/robot/)"
18.192.166.72 - - [03/Jan/2026:15:25:15 +0800] "HEAD / HTTP/1.1" 200 - "https://impeccablerenovations.com.au/" "Mozilla/5.0+(compatible; UptimeRobot/2.0; http://www.uptimerobot.com/)"
103.4.122.14 - - [03/Jan/2026:15:30:25 +0800] "POST /wp-cron.php?doing_wp_cron=1767425424.9957880973815917968750 HTTP/1.1" 200 - "-" "WordPress/6.8.3; https://impeccablerenovations.com.au"
18.193.252.127 - - [03/Jan/2026:15:30:23 +0800] "HEAD / HTTP/1.1" 200 - "https://impeccablerenovations.com.au/" "Mozilla/5.0+(compatible; UptimeRobot/2.0; http://www.uptimerobot.com/)"
103.4.122.14 - - [03/Jan/2026:15:35:33 +0800] "POST /wp-cron.php?doing_wp_cron=1767425733.0914719104766845703125 HTTP/1.1" 200 - "-" "WordPress/6.8.3; https://impeccablerenovations.com.au"
49.13.130.29 - - [03/Jan/2026:15:35:31 +0800] "HEAD / HTTP/1.1" 200 - "https://impeccablerenovations.com.au/" "Mozilla/5.0+(compatible; UptimeRobot/2.0; http://www.uptimerobot.com/)"
93.113.171.207 - - [03/Jan/2026:15:38:02 +0800] "GET /wp-content/uploads/2021/03/eye-clinic-7.jpg HTTP/1.1" 200 62112 "-" "Mozilla/5.0 (Windows NT 10.0; Win64; x64) AppleWebKit/537.36 (KHTML, like Gecko) Chrome/140.0.0.0 Safari/537.36"
103.4.122.14 - - [03/Jan/2026:15:40:41 +0800] "POST /wp-cron.php?doing_wp_cron=1767426041.5095019340515136718750 HTTP/1.1" 200 - "-" "WordPress/6.8.3; https://impeccablerenovations.com.au"
52.59.43.236 - - [03/Jan/2026:15:40:39 +0800] "HEAD / HTTP/1.1" 200 - "https://impeccablerenovations.com.au/" "Mozilla/5.0+(compatible; UptimeRobot/2.0; http://www.uptimerobot.com/)"
103.4.122.14 - - [03/Jan/2026:15:45:49 +0800] "POST /wp-cron.php?doing_wp_cron=1767426349.3427729606628417968750 HTTP/1.1" 200 - "-" "WordPress/6.8.3; https://impeccablerenovations.com.au"
168.119.123.75 - - [03/Jan/2026:15:45:47 +0800] "HEAD / HTTP/1.1" 200 - "https://impeccablerenovations.com.au/" "Mozilla/5.0+(compatible; UptimeRobot/2.0; http://www.uptimerobot.com/)"
31.192.235.43 - - [03/Jan/2026:15:49:22 +0800] "GET /wp-content/uploads/2021/03/eye-clinic-8-2.jpg HTTP/1.1" 200 78837 "-" "Mozilla/5.0 (Windows NT 10.0; Win64; x64) AppleWebKit/537.36 (KHTML, like Gecko) Chrome/140.0.0.0 Safari/537.36"
103.4.122.14 - - [03/Jan/2026:15:50:57 +0800] "POST /wp-cron.php?doing_wp_cron=1767426657.0505599975585937500000 HTTP/1.1" 200 - "-" "WordPress/6.8.3; https://impeccablerenovations.com.au"
3.77.67.4 - - [03/Jan/2026:15:50:55 +0800] "HEAD / HTTP/1.1" 200 - "https://impeccablerenovations.com.au/" "Mozilla/5.0+(compatible; UptimeRobot/2.0; http://www.uptimerobot.com/)"
144.31.219.17 - - [03/Jan/2026:15:53:57 +0800] "GET /wp-content/uploads/2021/07/home-renovations.png HTTP/1.1" 200 1516 "-" "Mozilla/5.0 (Windows NT 10.0; Win64; x64) AppleWebKit/537.36 (KHTML, like Gecko) Chrome/140.0.0.0 Safari/537.36"
103.4.122.14 - - [03/Jan/2026:15:56:05 +0800] "POST /wp-cron.php?doing_wp_cron=1767426965.3625800609588623046875 HTTP/1.1" 200 - "-" "WordPress/6.8.3; https://impeccablerenovations.com.au"
157.90.155.240 - - [03/Jan/2026:15:56:03 +0800] "HEAD / HTTP/1.1" 200 - "https://impeccablerenovations.com.au/" "Mozilla/5.0+(compatible; UptimeRobot/2.0; http://www.uptimerobot.com/)"
216.73.216.99 - - [03/Jan/2026:15:56:09 +0800] "GET /robots.txt HTTP/1.1" 200 124 "-" "Mozilla/5.0 AppleWebKit/537.36 (KHTML, like Gecko; compatible; ClaudeBot/1.0; +claudebot@anthropic.com)"
216.73.216.99 - - [03/Jan/2026:15:56:10 +0800] "GET /sitemap_index.xml HTTP/1.1" 200 346 "-" "Mozilla/5.0 AppleWebKit/537.36 (KHTML, like Gecko; compatible; ClaudeBot/1.0; +claudebot@anthropic.com)"
103.4.122.14 - - [03/Jan/2026:16:01:14 +0800] "POST /wp-cron.php?doing_wp_cron=1767427274.0974400043487548828125 HTTP/1.1" 200 - "-" "WordPress/6.8.3; https://impeccablerenovations.com.au"
18.193.252.127 - - [03/Jan/2026:16:01:11 +0800] "HEAD / HTTP/1.1" 200 - "https://impeccablerenovations.com.au/" "Mozilla/5.0+(compatible; UptimeRobot/2.0; http://www.uptimerobot.com/)"
103.4.122.14 - - [03/Jan/2026:16:06:21 +0800] "POST /wp-cron.php?doing_wp_cron=1767427581.3685169219970703125000 HTTP/1.1" 200 - "-" "WordPress/6.8.3; https://impeccablerenovations.com.au"
168.119.53.160 - - [03/Jan/2026:16:06:19 +0800] "HEAD / HTTP/1.1" 200 - "https://impeccablerenovations.com.au/" "Mozilla/5.0+(compatible; UptimeRobot/2.0; http://www.uptimerobot.com/)"
103.4.122.14 - - [03/Jan/2026:16:11:30 +0800] "POST /wp-cron.php?doing_wp_cron=1767427890.3997640609741210937500 HTTP/1.1" 200 - "-" "WordPress/6.8.3; https://impeccablerenovations.com.au"
159.69.158.189 - - [03/Jan/2026:16:11:28 +0800] "HEAD / HTTP/1.1" 200 - "https://impeccablerenovations.com.au/" "Mozilla/5.0+(compatible; UptimeRobot/2.0; http://www.uptimerobot.com/)"
103.4.122.14 - - [03/Jan/2026:16:14:25 +0800] "POST /wp-cron.php?doing_wp_cron=1767428065.3325049877166748046875 HTTP/1.1" 200 - "-" "WordPress/6.8.3; https://impeccablerenovations.com.au"
162.128.163.210 - - [03/Jan/2026:16:14:23 +0800] "GET /project/child-care-centre/ HTTP/1.1" 200 15855 "https://impeccablerenovations.com.au/project/child-care-centre/" "Mozilla/5.0 (Windows NT 10.0; Win64; x64) AppleWebKit/537.36 (KHTML, like Gecko) Chrome/101.0.4951.64 Safari/537.36 Edg/101.0.1210.47"
103.4.122.14 - - [03/Jan/2026:16:16:38 +0800] "POST /wp-cron.php?doing_wp_cron=1767428198.3302719593048095703125 HTTP/1.1" 200 - "-" "WordPress/6.8.3; https://impeccablerenovations.com.au"
49.13.24.81 - - [03/Jan/2026:16:16:36 +0800] "HEAD / HTTP/1.1" 200 - "https://impeccablerenovations.com.au/" "Mozilla/5.0+(compatible; UptimeRobot/2.0; http://www.uptimerobot.com/)"
103.4.122.14 - - [03/Jan/2026:16:21:46 +0800] "POST /wp-cron.php?doing_wp_cron=1767428506.2671620845794677734375 HTTP/1.1" 200 - "-" "WordPress/6.8.3; https://impeccablerenovations.com.au"
63.178.84.147 - - [03/Jan/2026:16:21:44 +0800] "HEAD / HTTP/1.1" 200 - "https://impeccablerenovations.com.au/" "Mozilla/5.0+(compatible; UptimeRobot/2.0; http://www.uptimerobot.com/)"
103.4.122.14 - - [03/Jan/2026:16:26:54 +0800] "POST /wp-cron.php?doing_wp_cron=1767428814.2221910953521728515625 HTTP/1.1" 200 - "-" "WordPress/6.8.3; https://impeccablerenovations.com.au"
157.90.156.63 - - [03/Jan/2026:16:26:51 +0800] "HEAD / HTTP/1.1" 200 - "https://impeccablerenovations.com.au/" "Mozilla/5.0+(compatible; UptimeRobot/2.0; http://www.uptimerobot.com/)"
85.159.229.127 - - [03/Jan/2026:16:29:29 +0800] "GET /wp-content/uploads/2020/09/IR-Colour-strapline-stacked-v2-1.svg HTTP/1.1" 200 8788 "-" "Mozilla/5.0 (Windows NT 10.0; Win64; x64) AppleWebKit/537.36 (KHTML, like Gecko) Chrome/140.0.0.0 Safari/537.36"
103.4.122.14 - - [03/Jan/2026:16:32:02 +0800] "POST /wp-cron.php?doing_wp_cron=1767429122.0895409584045410156250 HTTP/1.1" 200 - "-" "WordPress/6.8.3; https://impeccablerenovations.com.au"
157.90.156.63 - - [03/Jan/2026:16:32:00 +0800] "HEAD / HTTP/1.1" 200 - "https://impeccablerenovations.com.au/" "Mozilla/5.0+(compatible; UptimeRobot/2.0; http://www.uptimerobot.com/)"
103.4.122.14 - - [03/Jan/2026:16:33:32 +0800] "POST /wp-cron.php?doing_wp_cron=1767429211.9400720596313476562500 HTTP/1.1" 200 - "-" "WordPress/6.8.3; https://impeccablerenovations.com.au"
216.73.216.99 - - [03/Jan/2026:16:33:30 +0800] "GET /sitemap_index.xml HTTP/1.1" 200 346 "-" "Mozilla/5.0 AppleWebKit/537.36 (KHTML, like Gecko; compatible; ClaudeBot/1.0; +claudebot@anthropic.com)"
8.217.163.126 - - [03/Jan/2026:16:34:00 +0800] "GET / HTTP/1.1" 301 - "-" "Mozilla/5.0 (Macintosh; Intel Mac OS X 10_15_7) AppleWebKit/537.36 (KHTML, like Gecko) Chrome/141.0.0.0 Safari/537.36"
8.217.163.126 - - [03/Jan/2026:16:34:02 +0800] "GET / HTTP/1.1" 200 22199 "-" "Mozilla/5.0 (Macintosh; Intel Mac OS X 10_15_7) AppleWebKit/537.36 (KHTML, like Gecko) Chrome/141.0.0.0 Safari/537.36"
8.217.163.126 - - [03/Jan/2026:16:34:04 +0800] "GET /robots.txt HTTP/1.1" 200 124 "-" "Mozilla/5.0 (Macintosh; Intel Mac OS X 10_15_7) AppleWebKit/537.36 (KHTML, like Gecko) Chrome/141.0.0.0 Safari/537.36"
8.217.163.126 - - [03/Jan/2026:16:34:06 +0800] "GET /sitemap_index.xml HTTP/1.1" 200 346 "-" "Mozilla/5.0 (Macintosh; Intel Mac OS X 10_15_7) AppleWebKit/537.36 (KHTML, like Gecko) Chrome/141.0.0.0 Safari/537.36"
8.217.163.126 - - [03/Jan/2026:16:34:08 +0800] "GET /page-sitemap.xml HTTP/1.1" 200 1154 "-" "Mozilla/5.0 (Macintosh; Intel Mac OS X 10_15_7) AppleWebKit/537.36 (KHTML, like Gecko) Chrome/141.0.0.0 Safari/537.36"
8.217.163.126 - - [03/Jan/2026:16:34:08 +0800] "GET /post-sitemap.xml HTTP/1.1" 200 481 "-" "Mozilla/5.0 (Macintosh; Intel Mac OS X 10_15_7) AppleWebKit/537.36 (KHTML, like Gecko) Chrome/141.0.0.0 Safari/537.36"
