18.193.252.127 - - [04/Jan/2026:17:45:07 +0800] "HEAD / HTTP/1.1" 200 - "https://impeccablerenovations.com.au/" "Mozilla/5.0+(compatible; UptimeRobot/2.0; http://www.uptimerobot.com/)"
138.197.13.155 - - [04/Jan/2026:17:48:03 +0800] "GET /wp-admin/css/ HTTP/1.1" 403 199 "binance.com" "Mozilla/5.0 (Windows NT 10.0; Win64; x64) AppleWebKit/537.36 (KHTML, like Gecko) Chrome/90.0.4430.85 Safari/537.36"
103.4.122.14 - - [04/Jan/2026:17:50:20 +0800] "POST /wp-cron.php?doing_wp_cron=1767520220.5378561019897460937500 HTTP/1.1" 200 - "-" "WordPress/6.8.3; https://impeccablerenovations.com.au"
159.69.158.189 - - [04/Jan/2026:17:50:18 +0800] "HEAD / HTTP/1.1" 200 - "https://impeccablerenovations.com.au/" "Mozilla/5.0+(compatible; UptimeRobot/2.0; http://www.uptimerobot.com/)"
157.173.120.82 - - [04/Jan/2026:17:51:32 +0800] "GET /wp-admin/css/ HTTP/1.1" 403 199 "binance.com" "Mozilla/5.0 (Windows NT 10.0; Win64; x64) AppleWebKit/537.36 (KHTML, like Gecko) Chrome/90.0.4430.85 Safari/537.36"
103.4.122.14 - - [04/Jan/2026:17:54:19 +0800] "POST /wp-cron.php?doing_wp_cron=1767520459.6209371089935302734375 HTTP/1.1" 200 - "-" "WordPress/6.8.3; https://impeccablerenovations.com.au"
57.141.14.60 - - [04/Jan/2026:17:54:17 +0800] "GET /sitemap.txt HTTP/1.1" 404 62815 "-" "meta-externalagent/1.1 (+https://developers.facebook.com/docs/sharing/webmasters/crawler)"
103.4.122.14 - - [04/Jan/2026:17:55:08 +0800] "POST /wp-cron.php?doing_wp_cron=1767520508.5506680011749267578125 HTTP/1.1" 200 - "-" "WordPress/6.8.3; https://impeccablerenovations.com.au"
57.141.14.60 - - [04/Jan/2026:17:55:06 +0800] "GET /news_sitemap.xml HTTP/1.1" 404 59297 "-" "meta-externalagent/1.1 (+https://developers.facebook.com/docs/sharing/webmasters/crawler)"
142.132.180.39 - - [04/Jan/2026:17:55:26 +0800] "HEAD / HTTP/1.1" 200 - "https://impeccablerenovations.com.au/" "Mozilla/5.0+(compatible; UptimeRobot/2.0; http://www.uptimerobot.com/)"
103.4.122.14 - - [04/Jan/2026:17:59:18 +0800] "POST /wp-cron.php?doing_wp_cron=1767520758.2173840999603271484375 HTTP/1.1" 200 - "-" "WordPress/6.8.3; https://impeccablerenovations.com.au"
74.7.241.144 - - [04/Jan/2026:17:59:17 +0800] "GET /robots.txt HTTP/1.1" 200 124 "-" "Mozilla/5.0 (Macintosh; Intel Mac OS X 10_15_7) AppleWebKit/537.36 (KHTML, like Gecko) Chrome/131.0.0.0 Safari/537.36; compatible; OAI-SearchBot/1.3; robots.txt; +https://openai.com/searchbot"
74.7.242.3 - - [04/Jan/2026:17:59:16 +0800] "GET / HTTP/1.1" 200 22199 "-" "Mozilla/5.0 AppleWebKit/537.36 (KHTML, like Gecko; compatible; GPTBot/1.3; +https://openai.com/gptbot)"
103.4.122.14 - - [04/Jan/2026:18:00:36 +0800] "POST /wp-cron.php?doing_wp_cron=1767520836.8278379440307617187500 HTTP/1.1" 200 - "-" "WordPress/6.8.3; https://impeccablerenovations.com.au"
3.79.134.69 - - [04/Jan/2026:18:00:34 +0800] "HEAD / HTTP/1.1" 200 - "https://impeccablerenovations.com.au/" "Mozilla/5.0+(compatible; UptimeRobot/2.0; http://www.uptimerobot.com/)"
103.4.122.14 - - [04/Jan/2026:18:03:13 +0800] "POST /wp-cron.php?doing_wp_cron=1767520992.9064309597015380859375 HTTP/1.1" 200 - "-" "WordPress/6.8.3; https://impeccablerenovations.com.au"
57.141.14.22 - - [04/Jan/2026:18:03:11 +0800] "GET /sitemap-index.xml HTTP/1.1" 404 59298 "-" "meta-externalagent/1.1 (+https://developers.facebook.com/docs/sharing/webmasters/crawler)"
103.4.122.14 - - [04/Jan/2026:18:04:01 +0800] "POST /wp-cron.php?doing_wp_cron=1767521041.5560600757598876953125 HTTP/1.1" 200 - "-" "WordPress/6.8.3; https://impeccablerenovations.com.au"
57.141.14.6 - - [04/Jan/2026:18:03:59 +0800] "GET /page-sitemap.xml HTTP/1.1" 200 10287 "-" "meta-externalagent/1.1 (+https://developers.facebook.com/docs/sharing/webmasters/crawler)"
103.4.122.14 - - [04/Jan/2026:18:05:45 +0800] "POST /wp-cron.php?doing_wp_cron=1767521144.8759560585021972656250 HTTP/1.1" 200 - "-" "WordPress/6.8.3; https://impeccablerenovations.com.au"
168.119.96.239 - - [04/Jan/2026:18:05:42 +0800] "HEAD / HTTP/1.1" 200 - "https://impeccablerenovations.com.au/" "Mozilla/5.0+(compatible; UptimeRobot/2.0; http://www.uptimerobot.com/)"
103.4.122.14 - - [04/Jan/2026:18:06:53 +0800] "POST /wp-cron.php?doing_wp_cron=1767521213.2491021156311035156250 HTTP/1.1" 200 - "-" "WordPress/6.8.3; https://impeccablerenovations.com.au"
57.141.14.15 - - [04/Jan/2026:18:06:50 +0800] "GET /SiteMap.aspx HTTP/1.1" 404 62816 "-" "meta-externalagent/1.1 (+https://developers.facebook.com/docs/sharing/webmasters/crawler)"
103.4.122.14 - - [04/Jan/2026:18:08:15 +0800] "POST /wp-cron.php?doing_wp_cron=1767521295.2986619472503662109375 HTTP/1.1" 200 - "-" "WordPress/6.8.3; https://impeccablerenovations.com.au"
57.141.14.47 - - [04/Jan/2026:18:08:13 +0800] "GET /sitemap.html HTTP/1.1" 404 62816 "-" "meta-externalagent/1.1 (+https://developers.facebook.com/docs/sharing/webmasters/crawler)"
57.141.14.74 - - [04/Jan/2026:18:08:30 +0800] "GET /sitemap.xml HTTP/1.1" 301 - "-" "meta-externalagent/1.1 (+https://developers.facebook.com/docs/sharing/webmasters/crawler)"
103.4.122.14 - - [04/Jan/2026:18:10:56 +0800] "POST /wp-cron.php?doing_wp_cron=1767521456.5413808822631835937500 HTTP/1.1" 200 - "-" "WordPress/6.8.3; https://impeccablerenovations.com.au"
159.69.158.189 - - [04/Jan/2026:18:10:54 +0800] "HEAD / HTTP/1.1" 200 - "https://impeccablerenovations.com.au/" "Mozilla/5.0+(compatible; UptimeRobot/2.0; http://www.uptimerobot.com/)"
103.4.122.14 - - [04/Jan/2026:18:11:48 +0800] "POST /wp-cron.php?doing_wp_cron=1767521508.7351570129394531250000 HTTP/1.1" 200 - "-" "WordPress/6.8.3; https://impeccablerenovations.com.au"
57.141.14.33 - - [04/Jan/2026:18:11:46 +0800] "GET /sitemap_index.xml HTTP/1.1" 200 849 "-" "meta-externalagent/1.1 (+https://developers.facebook.com/docs/sharing/webmasters/crawler)"
103.4.122.14 - - [04/Jan/2026:18:13:06 +0800] "POST /wp-cron.php?doing_wp_cron=1767521585.9369010925292968750000 HTTP/1.1" 200 - "-" "WordPress/6.8.3; https://impeccablerenovations.com.au"
57.141.14.73 - - [04/Jan/2026:18:13:03 +0800] "GET /news-sitemap.xml HTTP/1.1" 404 58132 "-" "meta-externalagent/1.1 (+https://developers.facebook.com/docs/sharing/webmasters/crawler)"
103.4.122.14 - - [04/Jan/2026:18:14:00 +0800] "POST /wp-cron.php?doing_wp_cron=1767521639.8321530818939208984375 HTTP/1.1" 200 - "-" "WordPress/6.8.3; https://impeccablerenovations.com.au"
57.141.14.75 - - [04/Jan/2026:18:13:57 +0800] "GET /post-sitemap.xml HTTP/1.1" 200 1175 "-" "meta-externalagent/1.1 (+https://developers.facebook.com/docs/sharing/webmasters/crawler)"
57.141.14.18 - - [04/Jan/2026:18:14:02 +0800] "GET /category-sitemap.xml HTTP/1.1" 200 769 "-" "meta-externalagent/1.1 (+https://developers.facebook.com/docs/sharing/webmasters/crawler)"
103.4.122.14 - - [04/Jan/2026:18:16:05 +0800] "POST /wp-cron.php?doing_wp_cron=1767521764.9307498931884765625000 HTTP/1.1" 200 - "-" "WordPress/6.8.3; https://impeccablerenovations.com.au"
142.132.180.39 - - [04/Jan/2026:18:16:02 +0800] "HEAD / HTTP/1.1" 200 - "https://impeccablerenovations.com.au/" "Mozilla/5.0+(compatible; UptimeRobot/2.0; http://www.uptimerobot.com/)"
103.4.122.14 - - [04/Jan/2026:18:21:13 +0800] "POST /wp-cron.php?doing_wp_cron=1767522073.1741080284118652343750 HTTP/1.1" 200 - "-" "WordPress/6.8.3; https://impeccablerenovations.com.au"
168.119.96.239 - - [04/Jan/2026:18:21:11 +0800] "HEAD / HTTP/1.1" 200 - "https://impeccablerenovations.com.au/" "Mozilla/5.0+(compatible; UptimeRobot/2.0; http://www.uptimerobot.com/)"
34.150.161.232 - - [04/Jan/2026:18:21:53 +0800] "GET / HTTP/1.1" 301 - "-" "Mozilla/5.0 (Windows NT 10.0; Win64; x64) AppleWebKit/537.36 (KHTML, like Gecko) Chrome/78.0.3904.108 Safari/537.36"
103.4.122.14 - - [04/Jan/2026:18:21:56 +0800] "POST /wp-cron.php?doing_wp_cron=1767522114.9778509140014648437500 HTTP/1.1" 200 - "-" "WordPress/6.8.3; https://impeccablerenovations.com.au"
34.150.161.232 - - [04/Jan/2026:18:22:01 +0800] "GET / HTTP/1.1" 200 108894 "-" "Mozilla/5.0 (Windows NT 10.0; Win64; x64) AppleWebKit/537.36 (KHTML, like Gecko) Chrome/78.0.3904.108 Safari/537.36"
34.150.161.232 - - [04/Jan/2026:18:22:04 +0800] "GET //wp-includes/wlwmanifest.xml HTTP/1.1" 301 - "-" "Mozilla/5.0 (Windows NT 10.0; Win64; x64) AppleWebKit/537.36 (KHTML, like Gecko) Chrome/78.0.3904.108 Safari/537.36"
34.150.161.232 - - [04/Jan/2026:18:22:06 +0800] "GET //xmlrpc.php?rsd HTTP/1.1" 200 882 "-" "Mozilla/5.0 (Windows NT 10.0; Win64; x64) AppleWebKit/537.36 (KHTML, like Gecko) Chrome/78.0.3904.108 Safari/537.36"
34.150.161.232 - - [04/Jan/2026:18:22:07 +0800] "GET //?author=1 HTTP/1.1" 404 60859 "-" "Mozilla/5.0 (Windows NT 10.0; Win64; x64) AppleWebKit/537.36 (KHTML, like Gecko) Chrome/78.0.3904.108 Safari/537.36"
34.150.161.232 - - [04/Jan/2026:18:22:09 +0800] "GET //?author=2 HTTP/1.1" 404 60859 "-" "Mozilla/5.0 (Windows NT 10.0; Win64; x64) AppleWebKit/537.36 (KHTML, like Gecko) Chrome/78.0.3904.108 Safari/537.36"
34.150.161.232 - - [04/Jan/2026:18:22:11 +0800] "GET //wp-json/wp/v2/users/ HTTP/1.1" 403 199 "-" "Mozilla/5.0 (Windows NT 10.0; Win64; x64) AppleWebKit/537.36 (KHTML, like Gecko) Chrome/78.0.3904.108 Safari/537.36"
34.150.161.232 - - [04/Jan/2026:18:22:12 +0800] "GET //wp-json/oembed/1.0/embed?url=https://impeccablerenovations.com.au/ HTTP/1.1" 200 2060 "-" "Mozilla/5.0 (Windows NT 10.0; Win64; x64) AppleWebKit/537.36 (KHTML, like Gecko) Chrome/78.0.3904.108 Safari/537.36"
34.150.161.232 - - [04/Jan/2026:18:22:13 +0800] "POST //xmlrpc.php HTTP/1.1" 503 18959 "-" "Mozilla/5.0 (Windows NT 10.0; Win64; x64) AppleWebKit/537.36 (KHTML, like Gecko) Chrome/78.0.3904.108 Safari/537.36"
103.4.122.14 - - [04/Jan/2026:18:26:22 +0800] "POST /wp-cron.php?doing_wp_cron=1767522382.4528870582580566406250 HTTP/1.1" 200 - "-" "WordPress/6.8.3; https://impeccablerenovations.com.au"
52.59.43.236 - - [04/Jan/2026:18:26:20 +0800] "HEAD / HTTP/1.1" 200 - "https://impeccablerenovations.com.au/" "Mozilla/5.0+(compatible; UptimeRobot/2.0; http://www.uptimerobot.com/)"
103.4.122.14 - - [04/Jan/2026:18:31:32 +0800] "POST /wp-cron.php?doing_wp_cron=1767522692.3905360698699951171875 HTTP/1.1" 200 - "-" "WordPress/6.8.3; https://impeccablerenovations.com.au"
168.119.53.160 - - [04/Jan/2026:18:31:30 +0800] "HEAD / HTTP/1.1" 200 - "https://impeccablerenovations.com.au/" "Mozilla/5.0+(compatible; UptimeRobot/2.0; http://www.uptimerobot.com/)"
103.4.122.14 - - [04/Jan/2026:18:36:41 +0800] "POST /wp-cron.php?doing_wp_cron=1767523001.2686541080474853515625 HTTP/1.1" 200 - "-" "WordPress/6.8.3; https://impeccablerenovations.com.au"
78.47.98.55 - - [04/Jan/2026:18:36:38 +0800] "HEAD / HTTP/1.1" 200 - "https://impeccablerenovations.com.au/" "Mozilla/5.0+(compatible; UptimeRobot/2.0; http://www.uptimerobot.com/)"
114.119.155.55 - - [04/Jan/2026:18:39:11 +0800] "GET /wp-content/uploads/2021/03/eye-clinic-9.jpg HTTP/1.1" 200 50854 "https://impeccablerenovations.com.au/project/sydney-eye-clinic" "Mozilla/5.0 (Linux; Android 7.0;) AppleWebKit/537.36 (KHTML, like Gecko) Mobile Safari/537.36 (compatible; PetalBot;+https://webmaster.petalsearch.com/site/petalbot)"
103.4.122.14 - - [04/Jan/2026:18:41:53 +0800] "POST /wp-cron.php?doing_wp_cron=1767523312.8518729209899902343750 HTTP/1.1" 200 - "-" "WordPress/6.8.3; https://impeccablerenovations.com.au"
3.77.67.4 - - [04/Jan/2026:18:41:51 +0800] "HEAD / HTTP/1.1" 200 - "https://impeccablerenovations.com.au/" "Mozilla/5.0+(compatible; UptimeRobot/2.0; http://www.uptimerobot.com/)"
103.4.122.14 - - [04/Jan/2026:18:47:06 +0800] "POST /wp-cron.php?doing_wp_cron=1767523626.7268850803375244140625 HTTP/1.1" 200 - "-" "WordPress/6.8.3; https://impeccablerenovations.com.au"
128.140.106.114 - - [04/Jan/2026:18:47:04 +0800] "HEAD / HTTP/1.1" 200 - "https://impeccablerenovations.com.au/" "Mozilla/5.0+(compatible; UptimeRobot/2.0; http://www.uptimerobot.com/)"
103.4.122.14 - - [04/Jan/2026:18:52:14 +0800] "POST /wp-cron.php?doing_wp_cron=1767523934.4511129856109619140625 HTTP/1.1" 200 - "-" "WordPress/6.8.3; https://impeccablerenovations.com.au"
142.132.180.39 - - [04/Jan/2026:18:52:12 +0800] "HEAD / HTTP/1.1" 200 - "https://impeccablerenovations.com.au/" "Mozilla/5.0+(compatible; UptimeRobot/2.0; http://www.uptimerobot.com/)"
103.4.122.14 - - [04/Jan/2026:18:57:22 +0800] "POST /wp-cron.php?doing_wp_cron=1767524242.7963340282440185546875 HTTP/1.1" 200 - "-" "WordPress/6.8.3; https://impeccablerenovations.com.au"
167.235.143.113 - - [04/Jan/2026:18:57:20 +0800] "HEAD / HTTP/1.1" 200 - "https://impeccablerenovations.com.au/" "Mozilla/5.0+(compatible; UptimeRobot/2.0; http://www.uptimerobot.com/)"
103.4.122.14 - - [04/Jan/2026:19:00:03 +0800] "POST /wp-cron.php?doing_wp_cron=1767524403.3841989040374755859375 HTTP/1.1" 200 - "-" "WordPress/6.8.3; https://impeccablerenovations.com.au"
114.119.155.55 - - [04/Jan/2026:19:00:01 +0800] "GET /office-fit-outs/ HTTP/1.1" 200 18972 "https://impeccablerenovations.com.au/office-fit-outs" "Mozilla/5.0 (Linux; Android 7.0;) AppleWebKit/537.36 (KHTML, like Gecko) Mobile Safari/537.36 (compatible; PetalBot;+https://webmaster.petalsearch.com/site/petalbot)"
103.4.122.14 - - [04/Jan/2026:19:02:29 +0800] "POST /wp-cron.php?doing_wp_cron=1767524549.8048748970031738281250 HTTP/1.1" 200 - "-" "WordPress/6.8.3; https://impeccablerenovations.com.au"
168.119.96.239 - - [04/Jan/2026:19:02:28 +0800] "HEAD / HTTP/1.1" 200 - "https://impeccablerenovations.com.au/" "Mozilla/5.0+(compatible; UptimeRobot/2.0; http://www.uptimerobot.com/)"
103.4.122.14 - - [04/Jan/2026:19:07:38 +0800] "POST /wp-cron.php?doing_wp_cron=1767524858.2507939338684082031250 HTTP/1.1" 200 - "-" "WordPress/6.8.3; https://impeccablerenovations.com.au"
52.28.162.93 - - [04/Jan/2026:19:07:36 +0800] "HEAD / HTTP/1.1" 200 - "https://impeccablerenovations.com.au/" "Mozilla/5.0+(compatible; UptimeRobot/2.0; http://www.uptimerobot.com/)"
103.4.122.14 - - [04/Jan/2026:19:12:46 +0800] "POST /wp-cron.php?doing_wp_cron=1767525166.1214280128479003906250 HTTP/1.1" 200 - "-" "WordPress/6.8.3; https://impeccablerenovations.com.au"
168.119.96.239 - - [04/Jan/2026:19:12:44 +0800] "HEAD / HTTP/1.1" 200 - "https://impeccablerenovations.com.au/" "Mozilla/5.0+(compatible; UptimeRobot/2.0; http://www.uptimerobot.com/)"
103.4.122.14 - - [04/Jan/2026:19:17:54 +0800] "POST /wp-cron.php?doing_wp_cron=1767525474.0846929550170898437500 HTTP/1.1" 200 - "-" "WordPress/6.8.3; https://impeccablerenovations.com.au"
159.69.158.189 - - [04/Jan/2026:19:17:52 +0800] "HEAD / HTTP/1.1" 200 - "https://impeccablerenovations.com.au/" "Mozilla/5.0+(compatible; UptimeRobot/2.0; http://www.uptimerobot.com/)"
103.4.122.14 - - [04/Jan/2026:19:23:02 +0800] "POST /wp-cron.php?doing_wp_cron=1767525782.7798430919647216796875 HTTP/1.1" 200 - "-" "WordPress/6.8.3; https://impeccablerenovations.com.au"
157.90.155.240 - - [04/Jan/2026:19:23:00 +0800] "HEAD / HTTP/1.1" 200 - "https://impeccablerenovations.com.au/" "Mozilla/5.0+(compatible; UptimeRobot/2.0; http://www.uptimerobot.com/)"
216.106.178.209 - - [04/Jan/2026:19:24:36 +0800] "GET / HTTP/1.1" 200 22199 "https://www.reddit.com/" "Mozilla/5.0 (Windows NT 10.0; Win64; x64) AppleWebKit/537.36 (KHTML, like Gecko) Chrome/119.0.0.0 Safari/537.36 Edg/119.0.0.0"
103.4.122.14 - - [04/Jan/2026:19:24:38 +0800] "POST /wp-cron.php?doing_wp_cron=1767525878.7077069282531738281250 HTTP/1.1" 200 - "-" "WordPress/6.8.3; https://impeccablerenovations.com.au"
103.4.122.14 - - [04/Jan/2026:19:28:11 +0800] "POST /wp-cron.php?doing_wp_cron=1767526091.7324690818786621093750 HTTP/1.1" 200 - "-" "WordPress/6.8.3; https://impeccablerenovations.com.au"
18.193.252.127 - - [04/Jan/2026:19:28:10 +0800] "HEAD / HTTP/1.1" 200 - "https://impeccablerenovations.com.au/" "Mozilla/5.0+(compatible; UptimeRobot/2.0; http://www.uptimerobot.com/)"
103.4.122.14 - - [04/Jan/2026:19:33:19 +0800] "POST /wp-cron.php?doing_wp_cron=1767526399.1389210224151611328125 HTTP/1.1" 200 - "-" "WordPress/6.8.3; https://impeccablerenovations.com.au"
167.235.143.113 - - [04/Jan/2026:19:33:17 +0800] "HEAD / HTTP/1.1" 200 - "https://impeccablerenovations.com.au/" "Mozilla/5.0+(compatible; UptimeRobot/2.0; http://www.uptimerobot.com/)"
103.4.122.14 - - [04/Jan/2026:19:35:06 +0800] "POST /wp-cron.php?doing_wp_cron=1767526506.0379838943481445312500 HTTP/1.1" 200 - "-" "WordPress/6.8.3; https://impeccablerenovations.com.au"
51.68.111.240 - - [04/Jan/2026:19:35:04 +0800] "GET /robots.txt HTTP/1.1" 301 - "-" "Mozilla/5.0 (compatible; MJ12bot/v2.0.4; http://mj12bot.com/)"
51.68.111.240 - - [04/Jan/2026:19:35:06 +0800] "GET /robots.txt HTTP/1.1" 200 124 "-" "Mozilla/5.0 (compatible; MJ12bot/v2.0.4; http://mj12bot.com/)"
51.68.111.240 - - [04/Jan/2026:19:35:08 +0800] "GET / HTTP/1.1" 301 - "-" "Mozilla/5.0 (compatible; MJ12bot/v2.0.4; http://mj12bot.com/)"
51.68.111.240 - - [04/Jan/2026:19:35:12 +0800] "GET /robots.txt HTTP/1.1" 200 124 "-" "Mozilla/5.0 (compatible; MJ12bot/v2.0.4; http://mj12bot.com/)"
51.68.111.240 - - [04/Jan/2026:19:35:15 +0800] "GET / HTTP/1.1" 200 22199 "-" "Mozilla/5.0 (compatible; MJ12bot/v2.0.4; http://mj12bot.com/)"
103.4.122.14 - - [04/Jan/2026:19:38:28 +0800] "POST /wp-cron.php?doing_wp_cron=1767526707.8954329490661621093750 HTTP/1.1" 200 - "-" "WordPress/6.8.3; https://impeccablerenovations.com.au"
49.13.134.145 - - [04/Jan/2026:19:38:26 +0800] "HEAD / HTTP/1.1" 200 - "https://impeccablerenovations.com.au/" "Mozilla/5.0+(compatible; UptimeRobot/2.0; http://www.uptimerobot.com/)"
103.4.122.14 - - [04/Jan/2026:19:43:46 +0800] "POST /wp-cron.php?doing_wp_cron=1767527026.1227960586547851562500 HTTP/1.1" 200 - "-" "WordPress/6.8.3; https://impeccablerenovations.com.au"
78.47.173.76 - - [04/Jan/2026:19:43:34 +0800] "HEAD / HTTP/1.1" 200 - "https://impeccablerenovations.com.au/" "Mozilla/5.0+(compatible; UptimeRobot/2.0; http://www.uptimerobot.com/)"
103.4.122.14 - - [04/Jan/2026:19:48:54 +0800] "POST /wp-cron.php?doing_wp_cron=1767527334.6748659610748291015625 HTTP/1.1" 200 - "-" "WordPress/6.8.3; https://impeccablerenovations.com.au"
49.13.134.145 - - [04/Jan/2026:19:48:52 +0800] "HEAD / HTTP/1.1" 200 - "https://impeccablerenovations.com.au/" "Mozilla/5.0+(compatible; UptimeRobot/2.0; http://www.uptimerobot.com/)"
74.7.242.46 - - [04/Jan/2026:19:49:05 +0800] "GET / HTTP/1.1" 301 - "-" "Mozilla/5.0 AppleWebKit/537.36 (KHTML, like Gecko; compatible; GPTBot/1.3; +https://openai.com/gptbot)"
74.7.244.36 - - [04/Jan/2026:19:49:06 +0800] "GET /robots.txt HTTP/1.1" 301 - "-" "Mozilla/5.0 (Macintosh; Intel Mac OS X 10_15_7) AppleWebKit/537.36 (KHTML, like Gecko) Chrome/131.0.0.0 Safari/537.36; compatible; OAI-SearchBot/1.3; robots.txt; +https://openai.com/searchbot"
74.7.244.36 - - [04/Jan/2026:19:49:08 +0800] "GET /robots.txt HTTP/1.1" 200 124 "https://www.impeccablerenovations.com.au/robots.txt" "Mozilla/5.0 (Macintosh; Intel Mac OS X 10_15_7) AppleWebKit/537.36 (KHTML, like Gecko) Chrome/131.0.0.0 Safari/537.36; compatible; OAI-SearchBot/1.3; robots.txt; +https://openai.com/searchbot"
103.4.122.14 - - [04/Jan/2026:19:54:02 +0800] "POST /wp-cron.php?doing_wp_cron=1767527642.7703900337219238281250 HTTP/1.1" 200 - "-" "WordPress/6.8.3; https://impeccablerenovations.com.au"
18.192.166.72 - - [04/Jan/2026:19:54:00 +0800] "HEAD / HTTP/1.1" 200 - "https://impeccablerenovations.com.au/" "Mozilla/5.0+(compatible; UptimeRobot/2.0; http://www.uptimerobot.com/)"
103.4.122.14 - - [04/Jan/2026:19:54:45 +0800] "POST /wp-cron.php?doing_wp_cron=1767527685.3917191028594970703125 HTTP/1.1" 200 - "-" "WordPress/6.8.3; https://impeccablerenovations.com.au"
118.69.23.29 - - [04/Jan/2026:19:54:44 +0800] "GET /services/ HTTP/1.1" 404 62812 "-" "Mozilla/5.0 (X11; U; Linux i686; en-US) AppleWebKit/534.13 (KHTML, like Gecko) Ubuntu/9.10 Chromium/9.0.592.0 Chrome/9.0.592.0 Safari/534.13"
165.227.182.131 - - [04/Jan/2026:19:56:06 +0800] "GET /wp-admin/css/ HTTP/1.1" 403 199 "binance.com" "Mozilla/5.0 (Windows NT 10.0; Win64; x64) AppleWebKit/537.36 (KHTML, like Gecko) Chrome/90.0.4430.85 Safari/537.36"
103.4.122.14 - - [04/Jan/2026:19:57:20 +0800] "POST /wp-cron.php?doing_wp_cron=1767527840.0997719764709472656250 HTTP/1.1" 200 - "-" "WordPress/6.8.3; https://impeccablerenovations.com.au"
114.119.152.54 - - [04/Jan/2026:19:57:18 +0800] "GET /project-filter/home-renovation HTTP/1.1" 301 - "https://impeccablerenovations.com.au/project/hospitality-store" "Mozilla/5.0 (Linux; Android 7.0;) AppleWebKit/537.36 (KHTML, like Gecko) Mobile Safari/537.36 (compatible; PetalBot;+https://webmaster.petalsearch.com/site/petalbot)"
114.119.152.54 - - [04/Jan/2026:19:57:21 +0800] "GET /project-filter/home-renovation/ HTTP/1.1" 200 15486 "https://impeccablerenovations.com.au/project/hospitality-store" "Mozilla/5.0 (Linux; Android 7.0;) AppleWebKit/537.36 (KHTML, like Gecko) Mobile Safari/537.36 (compatible; PetalBot;+https://webmaster.petalsearch.com/site/petalbot)"
103.4.122.14 - - [04/Jan/2026:19:59:10 +0800] "POST /wp-cron.php?doing_wp_cron=1767527950.7378129959106445312500 HTTP/1.1" 200 - "-" "WordPress/6.8.3; https://impeccablerenovations.com.au"
168.119.123.75 - - [04/Jan/2026:19:59:08 +0800] "HEAD / HTTP/1.1" 200 - "https://impeccablerenovations.com.au/" "Mozilla/5.0+(compatible; UptimeRobot/2.0; http://www.uptimerobot.com/)"
103.4.122.14 - - [04/Jan/2026:20:04:20 +0800] "POST /wp-cron.php?doing_wp_cron=1767528260.7533240318298339843750 HTTP/1.1" 200 - "-" "WordPress/6.8.3; https://impeccablerenovations.com.au"
3.79.134.69 - - [04/Jan/2026:20:04:18 +0800] "HEAD / HTTP/1.1" 200 - "https://impeccablerenovations.com.au/" "Mozilla/5.0+(compatible; UptimeRobot/2.0; http://www.uptimerobot.com/)"
103.4.122.14 - - [04/Jan/2026:20:09:28 +0800] "POST /wp-cron.php?doing_wp_cron=1767528568.5142390727996826171875 HTTP/1.1" 200 - "-" "WordPress/6.8.3; https://impeccablerenovations.com.au"
49.13.134.145 - - [04/Jan/2026:20:09:26 +0800] "HEAD / HTTP/1.1" 200 - "https://impeccablerenovations.com.au/" "Mozilla/5.0+(compatible; UptimeRobot/2.0; http://www.uptimerobot.com/)"
103.4.122.14 - - [04/Jan/2026:20:11:37 +0800] "POST /wp-cron.php?doing_wp_cron=1767528697.8403389453887939453125 HTTP/1.1" 200 - "-" "WordPress/6.8.3; https://impeccablerenovations.com.au"
178.20.45.159 - - [04/Jan/2026:20:11:36 +0800] "GET / HTTP/1.0" 301 - "http://impeccablerenovations.com.au/" "Mozilla/5.0 (Windows NT 10.0; Win64; x64) AppleWebKit/537.36 (KHTML, like Gecko) Chrome/131.0.0.0 Safari/537.36 Avast/131.0.0.0"
178.20.45.159 - - [04/Jan/2026:20:11:39 +0800] "GET / HTTP/1.0" 200 108894 "https://impeccablerenovations.com.au/" "Mozilla/5.0 (Windows NT 10.0; Win64; x64) AppleWebKit/537.36 (KHTML, like Gecko) Chrome/131.0.0.0 Safari/537.36 Avast/131.0.0.0"
178.20.45.159 - - [04/Jan/2026:20:11:43 +0800] "GET /commercial-fitouts/ HTTP/1.0" 200 98266 "https://impeccablerenovations.com.au/commercial-fitouts/" "Mozilla/5.0 (Windows NT 10.0; Win64; x64) AppleWebKit/537.36 (KHTML, like Gecko) Chrome/131.0.0.0 Safari/537.36 Avast/131.0.0.0"
178.20.45.159 - - [04/Jan/2026:20:11:45 +0800] "GET / HTTP/1.0" 301 - "http://impeccablerenovations.com.au/" "Mozilla/5.0 (Windows NT 10.0; Win64; x64) AppleWebKit/537.36 (KHTML, like Gecko) Chrome/130.0.0.0 Safari/537.36"
178.20.45.159 - - [04/Jan/2026:20:11:48 +0800] "GET / HTTP/1.0" 200 108894 "https://impeccablerenovations.com.au/" "Mozilla/5.0 (Windows NT 10.0; Win64; x64) AppleWebKit/537.36 (KHTML, like Gecko) Chrome/130.0.0.0 Safari/537.36"
178.20.45.159 - - [04/Jan/2026:20:11:52 +0800] "GET /commercial-fitouts/ HTTP/1.0" 200 98266 "https://impeccablerenovations.com.au/commercial-fitouts/" "Mozilla/5.0 (Windows NT 10.0; Win64; x64) AppleWebKit/537.36 (KHTML, like Gecko) Chrome/130.0.0.0 Safari/537.36"
103.4.122.14 - - [04/Jan/2026:20:14:38 +0800] "POST /wp-cron.php?doing_wp_cron=1767528877.8540689945220947265625 HTTP/1.1" 200 - "-" "WordPress/6.8.3; https://impeccablerenovations.com.au"
78.47.98.55 - - [04/Jan/2026:20:14:36 +0800] "HEAD / HTTP/1.1" 200 - "https://impeccablerenovations.com.au/" "Mozilla/5.0+(compatible; UptimeRobot/2.0; http://www.uptimerobot.com/)"
103.4.122.14 - - [04/Jan/2026:20:19:49 +0800] "POST /wp-cron.php?doing_wp_cron=1767529189.1412689685821533203125 HTTP/1.1" 200 - "-" "WordPress/6.8.3; https://impeccablerenovations.com.au"
128.140.106.114 - - [04/Jan/2026:20:19:47 +0800] "HEAD / HTTP/1.1" 200 - "https://impeccablerenovations.com.au/" "Mozilla/5.0+(compatible; UptimeRobot/2.0; http://www.uptimerobot.com/)"
103.4.122.14 - - [04/Jan/2026:20:25:01 +0800] "POST /wp-cron.php?doing_wp_cron=1767529501.0306570529937744140625 HTTP/1.1" 200 - "-" "WordPress/6.8.3; https://impeccablerenovations.com.au"
52.28.162.93 - - [04/Jan/2026:20:24:59 +0800] "HEAD / HTTP/1.1" 200 - "https://impeccablerenovations.com.au/" "Mozilla/5.0+(compatible; UptimeRobot/2.0; http://www.uptimerobot.com/)"
103.4.122.14 - - [04/Jan/2026:20:26:01 +0800] "POST /wp-cron.php?doing_wp_cron=1767529561.2651829719543457031250 HTTP/1.1" 200 - "-" "WordPress/6.8.3; https://impeccablerenovations.com.au"
20.37.119.104 - - [04/Jan/2026:20:25:59 +0800] "GET /wp-content/plugins/hellopress/wp_filemanager.php HTTP/1.1" 404 62820 "-" "-"
20.37.119.104 - - [04/Jan/2026:20:26:01 +0800] "GET /222.php HTTP/1.1" 404 62776 "-" "-"
20.37.119.104 - - [04/Jan/2026:20:26:03 +0800] "GET /Nsa9EF.php HTTP/1.1" 404 62779 "-" "-"
20.37.119.104 - - [04/Jan/2026:20:26:05 +0800] "GET /http.php HTTP/1.1" 404 62777 "-" "-"
20.37.119.104 - - [04/Jan/2026:20:26:06 +0800] "GET /IMlikd8XOHn.php HTTP/1.1" 404 62784 "-" "-"
20.37.119.104 - - [04/Jan/2026:20:26:08 +0800] "GET /ol.php HTTP/1.1" 404 62775 "-" "-"
20.37.119.104 - - [04/Jan/2026:20:26:09 +0800] "GET /class629.php HTTP/1.1" 404 62781 "-" "-"
20.37.119.104 - - [04/Jan/2026:20:26:12 +0800] "GET /wp-lose.php HTTP/1.1" 404 62780 "-" "-"
20.37.119.104 - - [04/Jan/2026:20:26:13 +0800] "GET /adminfuns.php HTTP/1.1" 404 62782 "-" "-"
20.37.119.104 - - [04/Jan/2026:20:26:15 +0800] "GET /321.php HTTP/1.1" 404 62776 "-" "-"
20.37.119.104 - - [04/Jan/2026:20:26:16 +0800] "GET /z60.php?p= HTTP/1.1" 301 - "-" "-"
20.37.119.104 - - [04/Jan/2026:20:26:18 +0800] "GET /z60.php HTTP/1.1" 404 62776 "-" "-"
20.37.119.104 - - [04/Jan/2026:20:26:20 +0800] "GET /general-template.php HTTP/1.1" 403 199 "-" "-"
20.37.119.104 - - [04/Jan/2026:20:26:25 +0800] "GET /general-template.php HTTP/1.1" 403 199 "-" "-"
20.37.119.104 - - [04/Jan/2026:20:26:34 +0800] "GET /general-template.php HTTP/1.1" 403 199 "-" "-"
20.37.119.104 - - [04/Jan/2026:20:26:36 +0800] "GET /load.php HTTP/1.1" 403 199 "-" "-"
20.37.119.104 - - [04/Jan/2026:20:26:36 +0800] "GET /load.php HTTP/1.1" 403 199 "-" "-"
20.37.119.104 - - [04/Jan/2026:20:26:39 +0800] "GET /load.php HTTP/1.1" 403 199 "-" "-"
20.37.119.104 - - [04/Jan/2026:20:26:42 +0800] "GET /load.php HTTP/1.1" 403 199 "-" "-"
20.37.119.104 - - [04/Jan/2026:20:26:44 +0800] "GET /4tBVafYN1Sb.php HTTP/1.1" 403 199 "-" "-"
20.37.119.104 - - [04/Jan/2026:20:26:46 +0800] "GET /4tBVafYN1Sb.php HTTP/1.1" 403 199 "-" "-"
20.37.119.104 - - [04/Jan/2026:20:26:48 +0800] "GET /4tBVafYN1Sb.php HTTP/1.1" 403 199 "-" "-"
20.37.119.104 - - [04/Jan/2026:20:26:50 +0800] "GET /4tBVafYN1Sb.php HTTP/1.1" 403 199 "-" "-"
20.37.119.104 - - [04/Jan/2026:20:26:53 +0800] "GET /wp-mails.php HTTP/1.1" 403 199 "-" "-"
20.37.119.104 - - [04/Jan/2026:20:26:55 +0800] "GET /wp-mails.php HTTP/1.1" 403 199 "-" "-"
20.37.119.104 - - [04/Jan/2026:20:26:58 +0800] "GET /wp-mails.php HTTP/1.1" 403 199 "-" "-"
20.37.119.104 - - [04/Jan/2026:20:26:59 +0800] "GET /wp-mails.php HTTP/1.1" 403 199 "-" "-"
20.37.119.104 - - [04/Jan/2026:20:27:02 +0800] "GET /blox.php HTTP/1.1" 403 199 "-" "-"
20.37.119.104 - - [04/Jan/2026:20:27:06 +0800] "GET /blox.php HTTP/1.1" 403 199 "-" "-"
20.37.119.104 - - [04/Jan/2026:20:27:12 +0800] "GET /blox.php HTTP/1.1" 403 199 "-" "-"
103.4.122.14 - - [04/Jan/2026:20:27:20 +0800] "POST /wp-cron.php?doing_wp_cron=1767529640.6495599746704101562500 HTTP/1.1" 200 - "-" "WordPress/6.8.3; https://impeccablerenovations.com.au"
20.37.119.104 - - [04/Jan/2026:20:27:18 +0800] "GET /wpc2.php HTTP/1.1" 404 62777 "-" "-"
20.37.119.104 - - [04/Jan/2026:20:27:21 +0800] "GET /wp670.php HTTP/1.1" 404 62778 "-" "-"
20.37.119.104 - - [04/Jan/2026:20:27:22 +0800] "GET /class-wpdb.php HTTP/1.1" 404 62783 "-" "-"
20.37.119.104 - - [04/Jan/2026:20:27:24 +0800] "GET /core461.php HTTP/1.1" 404 62780 "-" "-"
20.37.119.104 - - [04/Jan/2026:20:27:26 +0800] "GET /wp-x7.php HTTP/1.1" 404 62778 "-" "-"
20.37.119.104 - - [04/Jan/2026:20:27:27 +0800] "GET /TXL82e.php HTTP/1.1" 404 62779 "-" "-"
20.37.119.104 - - [04/Jan/2026:20:27:28 +0800] "GET /data_5dc22ab3.php HTTP/1.1" 404 62786 "-" "-"
20.37.119.104 - - [04/Jan/2026:20:27:30 +0800] "GET /strift.php HTTP/1.1" 404 62779 "-" "-"
20.37.119.104 - - [04/Jan/2026:20:27:31 +0800] "GET /jjhf.php HTTP/1.1" 404 62777 "-" "-"
103.4.122.14 - - [04/Jan/2026:20:27:32 +0800] "POST /wp-cron.php?doing_wp_cron=1767529652.8520638942718505859375 HTTP/1.1" 200 - "-" "WordPress/6.8.3; https://impeccablerenovations.com.au"
20.37.119.104 - - [04/Jan/2026:20:27:33 +0800] "GET /l10n.php HTTP/1.1" 404 62777 "-" "-"
20.37.119.104 - - [04/Jan/2026:20:27:34 +0800] "GET /core885.php HTTP/1.1" 404 62780 "-" "-"
20.37.119.104 - - [04/Jan/2026:20:27:36 +0800] "GET /yxr6m.php HTTP/1.1" 403 199 "-" "-"
20.37.119.104 - - [04/Jan/2026:20:27:38 +0800] "GET /yxr6m.php HTTP/1.1" 403 199 "-" "-"
20.37.119.104 - - [04/Jan/2026:20:27:40 +0800] "GET /yxr6m.php HTTP/1.1" 403 199 "-" "-"
20.37.119.104 - - [04/Jan/2026:20:27:45 +0800] "GET /yxr6m.php HTTP/1.1" 403 199 "-" "-"
20.37.119.104 - - [04/Jan/2026:20:27:52 +0800] "GET /acxx.php HTTP/1.1" 403 199 "-" "-"
20.37.119.104 - - [04/Jan/2026:20:27:57 +0800] "GET /acxx.php HTTP/1.1" 403 199 "-" "-"
20.37.119.104 - - [04/Jan/2026:20:28:02 +0800] "GET /TPR9lLbsVBS.php HTTP/1.1" 403 199 "-" "-"
20.37.119.104 - - [04/Jan/2026:20:28:07 +0800] "GET /TPR9lLbsVBS.php HTTP/1.1" 403 199 "-" "-"
20.37.119.104 - - [04/Jan/2026:20:28:09 +0800] "GET /TPR9lLbsVBS.php HTTP/1.1" 403 199 "-" "-"
20.37.119.104 - - [04/Jan/2026:20:28:10 +0800] "GET /TPR9lLbsVBS.php HTTP/1.1" 403 199 "-" "-"
20.37.119.104 - - [04/Jan/2026:20:28:12 +0800] "GET /api137.php HTTP/1.1" 403 199 "-" "-"
20.37.119.104 - - [04/Jan/2026:20:28:19 +0800] "GET /api137.php HTTP/1.1" 403 199 "-" "-"
20.37.119.104 - - [04/Jan/2026:20:28:24 +0800] "GET /api137.php HTTP/1.1" 403 199 "-" "-"
20.37.119.104 - - [04/Jan/2026:20:28:25 +0800] "GET /api137.php HTTP/1.1" 403 199 "-" "-"
20.37.119.104 - - [04/Jan/2026:20:28:29 +0800] "GET /lib068.php HTTP/1.1" 403 199 "-" "-"
20.37.119.104 - - [04/Jan/2026:20:28:32 +0800] "GET /lib068.php HTTP/1.1" 403 199 "-" "-"
20.37.119.104 - - [04/Jan/2026:20:28:35 +0800] "GET /lib068.php HTTP/1.1" 404 62779 "-" "-"
103.4.122.14 - - [04/Jan/2026:20:28:37 +0800] "POST /wp-cron.php?doing_wp_cron=1767529717.6143569946289062500000 HTTP/1.1" 200 - "-" "WordPress/6.8.3; https://impeccablerenovations.com.au"
20.37.119.104 - - [04/Jan/2026:20:28:38 +0800] "GET /edit.php HTTP/1.1" 404 62777 "-" "-"
20.37.119.104 - - [04/Jan/2026:20:28:40 +0800] "GET /asus.php HTTP/1.1" 404 62777 "-" "-"
20.37.119.104 - - [04/Jan/2026:20:28:42 +0800] "GET /index685.php HTTP/1.1" 404 62781 "-" "-"
20.37.119.104 - - [04/Jan/2026:20:28:44 +0800] "GET /rest-api.php HTTP/1.1" 404 62781 "-" "-"
20.37.119.104 - - [04/Jan/2026:20:28:45 +0800] "GET /feed.php HTTP/1.1" 404 62777 "-" "-"
20.37.119.104 - - [04/Jan/2026:20:28:47 +0800] "GET /admin-bar.php HTTP/1.1" 404 62782 "-" "-"
20.37.119.104 - - [04/Jan/2026:20:28:48 +0800] "GET /core928.php HTTP/1.1" 404 62780 "-" "-"
20.37.119.104 - - [04/Jan/2026:20:28:52 +0800] "GET /raw.php HTTP/1.1" 404 62776 "-" "-"
20.37.119.104 - - [04/Jan/2026:20:28:53 +0800] "GET /xxxl.php HTTP/1.1" 404 62777 "-" "-"
20.37.119.104 - - [04/Jan/2026:20:28:54 +0800] "GET /lib182.php HTTP/1.1" 404 62779 "-" "-"
20.37.119.104 - - [04/Jan/2026:20:28:56 +0800] "GET /data532.php HTTP/1.1" 403 199 "-" "-"
20.37.119.104 - - [04/Jan/2026:20:29:01 +0800] "GET /data532.php HTTP/1.1" 403 199 "-" "-"
20.37.119.104 - - [04/Jan/2026:20:29:05 +0800] "GET /data532.php HTTP/1.1" 403 199 "-" "-"
20.37.119.104 - - [04/Jan/2026:20:29:07 +0800] "GET /data532.php HTTP/1.1" 403 199 "-" "-"
20.37.119.104 - - [04/Jan/2026:20:29:10 +0800] "GET /wp-yasd5m7afq.php HTTP/1.1" 403 199 "-" "-"
20.37.119.104 - - [04/Jan/2026:20:29:15 +0800] "GET /wp-yasd5m7afq.php HTTP/1.1" 403 199 "-" "-"
20.37.119.104 - - [04/Jan/2026:20:29:25 +0800] "GET /k.php?p= HTTP/1.1" 403 199 "-" "-"
20.37.119.104 - - [04/Jan/2026:20:29:25 +0800] "GET /k.php?p= HTTP/1.1" 403 199 "-" "-"
20.37.119.104 - - [04/Jan/2026:20:29:34 +0800] "GET /k.php?p= HTTP/1.1" 403 199 "-" "-"
20.37.119.104 - - [04/Jan/2026:20:29:38 +0800] "GET /k.php?p= HTTP/1.1" 403 199 "-" "-"
20.37.119.104 - - [04/Jan/2026:20:29:40 +0800] "GET /widgets.php HTTP/1.1" 403 199 "-" "-"
20.37.119.104 - - [04/Jan/2026:20:29:42 +0800] "GET /widgets.php HTTP/1.1" 403 199 "-" "-"
20.37.119.104 - - [04/Jan/2026:20:29:44 +0800] "GET /widgets.php HTTP/1.1" 403 199 "-" "-"
20.37.119.104 - - [04/Jan/2026:20:29:47 +0800] "GET /widgets.php HTTP/1.1" 403 199 "-" "-"
20.37.119.104 - - [04/Jan/2026:20:29:53 +0800] "GET /data225.php HTTP/1.1" 403 199 "-" "-"
103.4.122.14 - - [04/Jan/2026:20:29:56 +0800] "POST /wp-cron.php?doing_wp_cron=1767529796.8329889774322509765625 HTTP/1.1" 200 - "-" "WordPress/6.8.3; https://impeccablerenovations.com.au"
20.37.119.104 - - [04/Jan/2026:20:29:54 +0800] "GET /data225.php HTTP/1.1" 404 62780 "-" "-"
20.37.119.104 - - [04/Jan/2026:20:29:57 +0800] "GET /fonts.php HTTP/1.1" 404 62778 "-" "-"
20.37.119.104 - - [04/Jan/2026:20:29:59 +0800] "GET /cache795.php HTTP/1.1" 404 62781 "-" "-"
20.37.119.104 - - [04/Jan/2026:20:30:01 +0800] "GET /index282.php HTTP/1.1" 404 62781 "-" "-"
20.37.119.104 - - [04/Jan/2026:20:30:03 +0800] "GET /api986.php HTTP/1.1" 404 62779 "-" "-"
20.37.119.104 - - [04/Jan/2026:20:30:04 +0800] "GET /nav-menu.php HTTP/1.1" 404 62781 "-" "-"
20.37.119.104 - - [04/Jan/2026:20:30:06 +0800] "GET /out.php HTTP/1.1" 404 62776 "-" "-"
3.79.134.69 - - [04/Jan/2026:20:30:07 +0800] "HEAD / HTTP/1.1" 200 - "https://impeccablerenovations.com.au/" "Mozilla/5.0+(compatible; UptimeRobot/2.0; http://www.uptimerobot.com/)"
20.37.119.104 - - [04/Jan/2026:20:30:08 +0800] "GET /t.php?p= HTTP/1.1" 301 - "-" "-"
20.37.119.104 - - [04/Jan/2026:20:30:09 +0800] "GET /t.php HTTP/1.1" 404 62774 "-" "-"
20.37.119.104 - - [04/Jan/2026:20:30:11 +0800] "GET /ckv.php HTTP/1.1" 404 62776 "-" "-"
20.37.119.104 - - [04/Jan/2026:20:30:16 +0800] "GET /pu1.php HTTP/1.1" 404 62776 "-" "-"
20.37.119.104 - - [04/Jan/2026:20:30:18 +0800] "GET /k11dSQ.php HTTP/1.1" 404 62779 "-" "-"
20.37.119.104 - - [04/Jan/2026:20:30:19 +0800] "GET /FII.php HTTP/1.1" 403 199 "-" "-"
20.37.119.104 - - [04/Jan/2026:20:30:22 +0800] "GET /FII.php HTTP/1.1" 403 199 "-" "-"
20.37.119.104 - - [04/Jan/2026:20:30:24 +0800] "GET /FII.php HTTP/1.1" 403 199 "-" "-"
20.37.119.104 - - [04/Jan/2026:20:30:26 +0800] "GET /FII.php HTTP/1.1" 403 199 "-" "-"
20.37.119.104 - - [04/Jan/2026:20:30:29 +0800] "GET /d9.php HTTP/1.1" 403 199 "-" "-"
20.37.119.104 - - [04/Jan/2026:20:30:30 +0800] "GET /d9.php HTTP/1.1" 403 199 "-" "-"
20.37.119.104 - - [04/Jan/2026:20:30:36 +0800] "GET /d9.php HTTP/1.1" 403 199 "-" "-"
20.37.119.104 - - [04/Jan/2026:20:30:38 +0800] "GET /d9.php HTTP/1.1" 403 199 "-" "-"
20.37.119.104 - - [04/Jan/2026:20:30:39 +0800] "GET /class-wp.php HTTP/1.1" 403 199 "-" "-"
20.37.119.104 - - [04/Jan/2026:20:30:41 +0800] "GET /class-wp.php HTTP/1.1" 403 199 "-" "-"
20.37.119.104 - - [04/Jan/2026:20:30:42 +0800] "GET /class-wp.php HTTP/1.1" 403 199 "-" "-"
20.37.119.104 - - [04/Jan/2026:20:30:44 +0800] "GET /class-wp.php HTTP/1.1" 403 199 "-" "-"
20.37.119.104 - - [04/Jan/2026:20:30:46 +0800] "GET /admin836.php HTTP/1.1" 403 199 "-" "-"
20.37.119.104 - - [04/Jan/2026:20:30:47 +0800] "GET /admin836.php HTTP/1.1" 403 199 "-" "-"
20.37.119.104 - - [04/Jan/2026:20:30:49 +0800] "GET /admin836.php HTTP/1.1" 403 199 "-" "-"
20.37.119.104 - - [04/Jan/2026:20:30:54 +0800] "GET /admin836.php HTTP/1.1" 403 199 "-" "-"
20.37.119.104 - - [04/Jan/2026:20:30:57 +0800] "GET /1JkAg3.php HTTP/1.1" 403 199 "-" "-"
20.37.119.104 - - [04/Jan/2026:20:31:01 +0800] "GET /1JkAg3.php HTTP/1.1" 403 199 "-" "-"
20.37.119.104 - - [04/Jan/2026:20:31:02 +0800] "GET /1JkAg3.php HTTP/1.1" 403 199 "-" "-"
20.37.119.104 - - [04/Jan/2026:20:31:04 +0800] "GET /1JkAg3.php HTTP/1.1" 403 199 "-" "-"
20.37.119.104 - - [04/Jan/2026:20:31:10 +0800] "GET /query.php HTTP/1.1" 403 199 "-" "-"
20.37.119.104 - - [04/Jan/2026:20:31:14 +0800] "GET /query.php HTTP/1.1" 403 199 "-" "-"
103.4.122.14 - - [04/Jan/2026:20:31:19 +0800] "POST /wp-cron.php?doing_wp_cron=1767529879.9327421188354492187500 HTTP/1.1" 200 - "-" "WordPress/6.8.3; https://impeccablerenovations.com.au"
20.37.119.104 - - [04/Jan/2026:20:31:18 +0800] "GET /query.php HTTP/1.1" 404 62778 "-" "-"
20.37.119.104 - - [04/Jan/2026:20:31:21 +0800] "GET /zz8.php HTTP/1.1" 404 62776 "-" "-"
20.37.119.104 - - [04/Jan/2026:20:31:23 +0800] "GET /tin.php HTTP/1.1" 404 62776 "-" "-"
20.37.119.104 - - [04/Jan/2026:20:31:24 +0800] "GET /helper766.php HTTP/1.1" 404 62782 "-" "-"
20.37.119.104 - - [04/Jan/2026:20:31:26 +0800] "GET /lib751.php HTTP/1.1" 404 62779 "-" "-"
20.37.119.104 - - [04/Jan/2026:20:31:27 +0800] "GET /data243.php HTTP/1.1" 404 62780 "-" "-"
20.37.119.104 - - [04/Jan/2026:20:31:29 +0800] "GET /core990.php HTTP/1.1" 404 62780 "-" "-"
20.37.119.104 - - [04/Jan/2026:20:31:30 +0800] "GET /akcc.php HTTP/1.1" 404 62777 "-" "-"
103.4.122.14 - - [04/Jan/2026:20:31:33 +0800] "POST /wp-cron.php?doing_wp_cron=1767529893.2152740955352783203125 HTTP/1.1" 200 - "-" "WordPress/6.8.3; https://impeccablerenovations.com.au"
20.37.119.104 - - [04/Jan/2026:20:31:32 +0800] "GET /bolt.php?p= HTTP/1.1" 301 - "-" "-"
20.37.119.104 - - [04/Jan/2026:20:31:33 +0800] "GET /bolt.php HTTP/1.1" 404 62777 "-" "-"
20.37.119.104 - - [04/Jan/2026:20:31:35 +0800] "GET /config596.php HTTP/1.1" 404 62782 "-" "-"
20.37.119.104 - - [04/Jan/2026:20:31:36 +0800] "GET /lib854.php HTTP/1.1" 404 62779 "-" "-"
20.37.119.104 - - [04/Jan/2026:20:31:38 +0800] "GET /I3zu2h.php HTTP/1.1" 403 199 "-" "-"
20.37.119.104 - - [04/Jan/2026:20:31:40 +0800] "GET /I3zu2h.php HTTP/1.1" 403 199 "-" "-"
20.37.119.104 - - [04/Jan/2026:20:31:41 +0800] "GET /I3zu2h.php HTTP/1.1" 403 199 "-" "-"
20.37.119.104 - - [04/Jan/2026:20:31:41 +0800] "GET /I3zu2h.php HTTP/1.1" 403 199 "-" "-"
20.37.119.104 - - [04/Jan/2026:20:31:42 +0800] "GET /helper043.php HTTP/1.1" 403 199 "-" "-"
20.37.119.104 - - [04/Jan/2026:20:31:43 +0800] "GET /helper043.php HTTP/1.1" 403 199 "-" "-"
20.37.119.104 - - [04/Jan/2026:20:31:45 +0800] "GET /helper043.php HTTP/1.1" 403 199 "-" "-"
20.37.119.104 - - [04/Jan/2026:20:31:48 +0800] "GET /helper043.php HTTP/1.1" 403 199 "-" "-"
114.119.146.45 - - [04/Jan/2026:20:32:04 +0800] "GET /wp-content/uploads/2018/09/chicken-shop-9-300x200.jpg HTTP/1.1" 404 62397 "-" "Mozilla/5.0 (Linux; Android 7.0;) AppleWebKit/537.36 (KHTML, like Gecko) Mobile Safari/537.36 (compatible; PetalBot;+https://webmaster.petalsearch.com/site/petalbot)"
103.4.122.14 - - [04/Jan/2026:20:35:16 +0800] "POST /wp-cron.php?doing_wp_cron=1767530116.2549591064453125000000 HTTP/1.1" 200 - "-" "WordPress/6.8.3; https://impeccablerenovations.com.au"
168.119.53.160 - - [04/Jan/2026:20:35:14 +0800] "HEAD / HTTP/1.1" 200 - "https://impeccablerenovations.com.au/" "Mozilla/5.0+(compatible; UptimeRobot/2.0; http://www.uptimerobot.com/)"
103.4.122.14 - - [04/Jan/2026:20:40:28 +0800] "POST /wp-cron.php?doing_wp_cron=1767530428.7398610115051269531250 HTTP/1.1" 200 - "-" "WordPress/6.8.3; https://impeccablerenovations.com.au"
78.46.215.1 - - [04/Jan/2026:20:40:25 +0800] "HEAD / HTTP/1.1" 200 - "https://impeccablerenovations.com.au/" "Mozilla/5.0+(compatible; UptimeRobot/2.0; http://www.uptimerobot.com/)"
3.79.134.69 - - [04/Jan/2026:20:45:36 +0800] "HEAD / HTTP/1.1" 200 - "https://impeccablerenovations.com.au/" "Mozilla/5.0+(compatible; UptimeRobot/2.0; http://www.uptimerobot.com/)"
103.4.122.14 - - [04/Jan/2026:20:45:38 +0800] "POST /wp-cron.php?doing_wp_cron=1767530737.8757560253143310546875 HTTP/1.1" 200 - "-" "WordPress/6.8.3; https://impeccablerenovations.com.au"
103.4.122.14 - - [04/Jan/2026:20:50:30 +0800] "POST /wp-cron.php?doing_wp_cron=1767531029.8819730281829833984375 HTTP/1.1" 200 - "-" "WordPress/6.8.3; https://impeccablerenovations.com.au"
51.161.37.141 - - [04/Jan/2026:20:50:27 +0800] "GET /sitemap_index.xml HTTP/1.1" 200 346 "-" "Mozilla/5.0 (compatible; AhrefsBot/7.0; +http://ahrefs.com/robot/)"
103.4.122.14 - - [04/Jan/2026:20:50:35 +0800] "POST /wp-cron.php?doing_wp_cron=1767531035.5544769763946533203125 HTTP/1.1" 200 - "-" "WordPress/6.8.3; https://impeccablerenovations.com.au"
54.39.203.64 - - [04/Jan/2026:20:50:34 +0800] "GET /post-sitemap.xml HTTP/1.1" 200 481 "-" "Mozilla/5.0 (compatible; AhrefsBot/7.0; +http://ahrefs.com/robot/)"
54.39.6.230 - - [04/Jan/2026:20:50:39 +0800] "GET /page-sitemap.xml HTTP/1.1" 200 1154 "-" "Mozilla/5.0 (compatible; AhrefsBot/7.0; +http://ahrefs.com/robot/)"
18.193.252.127 - - [04/Jan/2026:20:50:44 +0800] "HEAD / HTTP/1.1" 200 - "https://impeccablerenovations.com.au/" "Mozilla/5.0+(compatible; UptimeRobot/2.0; http://www.uptimerobot.com/)"
142.44.220.17 - - [04/Jan/2026:20:50:45 +0800] "GET /project-sitemap.xml HTTP/1.1" 200 445 "-" "Mozilla/5.0 (compatible; AhrefsBot/7.0; +http://ahrefs.com/robot/)"
15.235.96.67 - - [04/Jan/2026:20:50:50 +0800] "GET /category-sitemap.xml HTTP/1.1" 200 376 "-" "Mozilla/5.0 (compatible; AhrefsBot/7.0; +http://ahrefs.com/robot/)"
4.217.180.194 - - [04/Jan/2026:20:51:13 +0800] "GET /wp-content/plugins/hellopress/wp_filemanager.php HTTP/1.1" 404 62820 "-" "-"
4.217.180.194 - - [04/Jan/2026:20:51:16 +0800] "GET /nz.php HTTP/1.1" 404 62775 "-" "-"
202.76.187.104 - - [04/Jan/2026:20:51:17 +0800] "GET /portfolio/gould-st-bathroom/ HTTP/1.1" 404 62832 "-" "Mozilla/5.0 (Windows NT 5.1; rv:2.0.1) Gecko/20100101 Firefox/5.0"
4.217.180.194 - - [04/Jan/2026:20:51:18 +0800] "GET /ca4.php HTTP/1.1" 404 62776 "-" "-"
4.217.180.194 - - [04/Jan/2026:20:51:20 +0800] "GET /p.php HTTP/1.1" 404 62774 "-" "-"
4.217.180.194 - - [04/Jan/2026:20:51:21 +0800] "GET /inwp.php HTTP/1.1" 404 62777 "-" "-"
4.217.180.194 - - [04/Jan/2026:20:51:23 +0800] "GET /file22.php HTTP/1.1" 404 62779 "-" "-"
4.217.180.194 - - [04/Jan/2026:20:51:24 +0800] "GET /7logs.php HTTP/1.1" 404 62778 "-" "-"
4.217.180.194 - - [04/Jan/2026:20:51:26 +0800] "GET /tanjiro.php HTTP/1.1" 404 62780 "-" "-"
4.217.180.194 - - [04/Jan/2026:20:51:27 +0800] "GET /wefile.php HTTP/1.1" 404 62779 "-" "-"
4.217.180.194 - - [04/Jan/2026:20:51:29 +0800] "GET /ad1.php HTTP/1.1" 404 62776 "-" "-"
4.217.180.194 - - [04/Jan/2026:20:51:30 +0800] "GET /bjfl.php HTTP/1.1" 404 62777 "-" "-"
4.217.180.194 - - [04/Jan/2026:20:51:31 +0800] "GET /wen.php HTTP/1.1" 403 199 "-" "-"
4.217.180.194 - - [04/Jan/2026:20:51:34 +0800] "GET /wen.php HTTP/1.1" 403 199 "-" "-"
4.217.180.194 - - [04/Jan/2026:20:51:36 +0800] "GET /wen.php HTTP/1.1" 403 199 "-" "-"
4.217.180.194 - - [04/Jan/2026:20:51:36 +0800] "GET /wen.php HTTP/1.1" 403 199 "-" "-"
4.217.180.194 - - [04/Jan/2026:20:51:47 +0800] "GET /anz.php HTTP/1.1" 403 199 "-" "-"
4.217.180.194 - - [04/Jan/2026:20:51:47 +0800] "GET /anz.php HTTP/1.1" 403 199 "-" "-"
4.217.180.194 - - [04/Jan/2026:20:51:50 +0800] "GET /anz.php HTTP/1.1" 403 199 "-" "-"
4.217.180.194 - - [04/Jan/2026:20:51:51 +0800] "GET /anz.php HTTP/1.1" 403 199 "-" "-"
4.217.180.194 - - [04/Jan/2026:20:52:02 +0800] "GET /bnn_.php HTTP/1.1" 403 199 "-" "-"
4.217.180.194 - - [04/Jan/2026:20:52:17 +0800] "GET /motu.php HTTP/1.1" 403 199 "-" "-"
4.217.180.194 - - [04/Jan/2026:20:52:20 +0800] "GET /motu.php HTTP/1.1" 403 199 "-" "-"
4.217.180.194 - - [04/Jan/2026:20:52:26 +0800] "GET /motu.php HTTP/1.1" 403 199 "-" "-"
103.4.122.14 - - [04/Jan/2026:20:52:52 +0800] "POST /wp-cron.php?doing_wp_cron=1767531172.7176070213317871093750 HTTP/1.1" 200 - "-" "WordPress/6.8.3; https://impeccablerenovations.com.au"
4.217.180.194 - - [04/Jan/2026:20:52:50 +0800] "GET /kure.php HTTP/1.1" 404 62777 "-" "-"
4.217.180.194 - - [04/Jan/2026:20:52:53 +0800] "GET /gaje.php HTTP/1.1" 404 62777 "-" "-"
4.217.180.194 - - [04/Jan/2026:20:52:55 +0800] "GET /blnux.php HTTP/1.1" 404 62778 "-" "-"
4.217.180.194 - - [04/Jan/2026:20:52:56 +0800] "GET /fgd.php HTTP/1.1" 404 62776 "-" "-"
4.217.180.194 - - [04/Jan/2026:20:52:58 +0800] "GET /msy.php HTTP/1.1" 404 62776 "-" "-"
4.217.180.194 - - [04/Jan/2026:20:52:59 +0800] "GET /alog.php HTTP/1.1" 404 62777 "-" "-"
4.217.180.194 - - [04/Jan/2026:20:53:00 +0800] "GET /X7T6.php HTTP/1.1" 404 62777 "-" "-"
4.217.180.194 - - [04/Jan/2026:20:53:02 +0800] "GET /xwpg.php HTTP/1.1" 404 62777 "-" "-"
4.217.180.194 - - [04/Jan/2026:20:53:04 +0800] "GET /Rk41.php HTTP/1.1" 404 62777 "-" "-"
4.217.180.194 - - [04/Jan/2026:20:53:05 +0800] "GET /ztv.php HTTP/1.1" 404 62776 "-" "-"
4.217.180.194 - - [04/Jan/2026:20:53:07 +0800] "GET /sef.php HTTP/1.1" 404 62776 "-" "-"
4.217.180.194 - - [04/Jan/2026:20:53:08 +0800] "GET /155.php HTTP/1.1" 403 199 "-" "-"
4.217.180.194 - - [04/Jan/2026:20:53:10 +0800] "GET /155.php HTTP/1.1" 403 199 "-" "-"
4.217.180.194 - - [04/Jan/2026:20:53:13 +0800] "GET /155.php HTTP/1.1" 403 199 "-" "-"
4.217.180.194 - - [04/Jan/2026:20:53:17 +0800] "GET /155.php HTTP/1.1" 403 199 "-" "-"
103.4.122.14 - - [04/Jan/2026:20:55:57 +0800] "POST /wp-cron.php?doing_wp_cron=1767531357.7509250640869140625000 HTTP/1.1" 200 - "-" "WordPress/6.8.3; https://impeccablerenovations.com.au"
78.46.190.63 - - [04/Jan/2026:20:55:55 +0800] "HEAD / HTTP/1.1" 200 - "https://impeccablerenovations.com.au/" "Mozilla/5.0+(compatible; UptimeRobot/2.0; http://www.uptimerobot.com/)"
103.4.122.14 - - [04/Jan/2026:20:57:22 +0800] "POST /wp-cron.php?doing_wp_cron=1767531442.7443110942840576171875 HTTP/1.1" 200 - "-" "WordPress/6.8.3; https://impeccablerenovations.com.au"
34.135.2.155 - - [04/Jan/2026:20:57:20 +0800] "GET / HTTP/1.1" 301 - "-" "Ruby"
34.135.2.155 - - [04/Jan/2026:20:57:22 +0800] "GET / HTTP/1.1" 301 - "-" "Ruby"
103.4.122.14 - - [04/Jan/2026:20:59:46 +0800] "POST /wp-cron.php?doing_wp_cron=1767531586.1210150718688964843750 HTTP/1.1" 200 - "-" "WordPress/6.8.3; https://impeccablerenovations.com.au"
66.249.64.5 - - [04/Jan/2026:20:59:43 +0800] "GET /robots.txt HTTP/1.1" 301 - "-" "Mozilla/5.0 (compatible; Googlebot/2.1; +http://www.google.com/bot.html)"
192.178.4.98 - - [04/Jan/2026:20:59:47 +0800] "GET /robots.txt HTTP/1.1" 200 124 "-" "Mozilla/5.0 (compatible; Googlebot/2.1; +http://www.google.com/bot.html)"
103.4.122.14 - - [04/Jan/2026:21:01:06 +0800] "POST /wp-cron.php?doing_wp_cron=1767531665.9961080551147460937500 HTTP/1.1" 200 - "-" "WordPress/6.8.3; https://impeccablerenovations.com.au"
157.90.155.240 - - [04/Jan/2026:21:01:04 +0800] "HEAD / HTTP/1.1" 200 - "https://impeccablerenovations.com.au/" "Mozilla/5.0+(compatible; UptimeRobot/2.0; http://www.uptimerobot.com/)"
103.4.122.14 - - [04/Jan/2026:21:04:44 +0800] "POST /wp-cron.php?doing_wp_cron=1767531884.3631279468536376953125 HTTP/1.1" 200 - "-" "WordPress/6.8.3; https://impeccablerenovations.com.au"
50.16.62.159 - - [04/Jan/2026:21:04:42 +0800] "GET /wp-content/uploads/2018/06/logo-white.png HTTP/1.1" 404 62849 "-" "Faraday v1.10.4"
103.4.122.14 - - [04/Jan/2026:21:06:14 +0800] "POST /wp-cron.php?doing_wp_cron=1767531974.7736489772796630859375 HTTP/1.1" 200 - "-" "WordPress/6.8.3; https://impeccablerenovations.com.au"
52.59.43.236 - - [04/Jan/2026:21:06:12 +0800] "HEAD / HTTP/1.1" 200 - "https://impeccablerenovations.com.au/" "Mozilla/5.0+(compatible; UptimeRobot/2.0; http://www.uptimerobot.com/)"
103.4.122.14 - - [04/Jan/2026:21:08:13 +0800] "POST /wp-cron.php?doing_wp_cron=1767532093.5568399429321289062500 HTTP/1.1" 200 - "-" "WordPress/6.8.3; https://impeccablerenovations.com.au"
114.119.130.12 - - [04/Jan/2026:21:08:11 +0800] "GET /wp-content/uploads/2018/09/bathroom-5-300x200.jpg HTTP/1.1" 404 62393 "-" "Mozilla/5.0 (Linux; Android 7.0;) AppleWebKit/537.36 (KHTML, like Gecko) Mobile Safari/537.36 (compatible; PetalBot;+https://webmaster.petalsearch.com/site/petalbot)"
103.4.122.14 - - [04/Jan/2026:21:09:35 +0800] "POST /wp-cron.php?doing_wp_cron=1767532175.6207239627838134765625 HTTP/1.1" 200 - "-" "WordPress/6.8.3; https://impeccablerenovations.com.au"
114.119.138.185 - - [04/Jan/2026:21:09:33 +0800] "GET /services/ HTTP/1.1" 404 62421 "https://impeccablerenovations.com.au/testimonials/" "Mozilla/5.0 (Linux; Android 7.0;) AppleWebKit/537.36 (KHTML, like Gecko) Mobile Safari/537.36 (compatible; PetalBot;+https://webmaster.petalsearch.com/site/petalbot)"
103.4.122.14 - - [04/Jan/2026:21:11:24 +0800] "POST /wp-cron.php?doing_wp_cron=1767532283.9524900913238525390625 HTTP/1.1" 200 - "-" "WordPress/6.8.3; https://impeccablerenovations.com.au"
157.90.156.63 - - [04/Jan/2026:21:11:22 +0800] "HEAD / HTTP/1.1" 200 - "https://impeccablerenovations.com.au/" "Mozilla/5.0+(compatible; UptimeRobot/2.0; http://www.uptimerobot.com/)"
103.4.122.14 - - [04/Jan/2026:21:16:37 +0800] "POST /wp-cron.php?doing_wp_cron=1767532597.7183310985565185546875 HTTP/1.1" 200 - "-" "WordPress/6.8.3; https://impeccablerenovations.com.au"
128.140.106.114 - - [04/Jan/2026:21:16:35 +0800] "HEAD / HTTP/1.1" 200 - "https://impeccablerenovations.com.au/" "Mozilla/5.0+(compatible; UptimeRobot/2.0; http://www.uptimerobot.com/)"
43.135.183.82 - - [04/Jan/2026:21:19:35 +0800] "GET / HTTP/1.1" 403 199 "-" "Mozilla/5.0 (iPhone; CPU iPhone OS 13_2_3 like Mac OS X) AppleWebKit/605.1.15 (KHTML, like Gecko) Version/13.0.3 Mobile/15E148 Safari/604.1"
103.4.122.14 - - [04/Jan/2026:21:20:10 +0800] "POST /wp-cron.php?doing_wp_cron=1767532810.1536870002746582031250 HTTP/1.1" 200 - "-" "WordPress/6.8.3; https://impeccablerenovations.com.au"
51.89.38.21 - - [04/Jan/2026:21:20:08 +0800] "GET /blog-verify HTTP/1.1" 404 62815 "-" "Mozilla/5.0 (Windows NT 10.0; Win64; x64) AppleWebKit/537.36 (KHTML, like Gecko) Chrome/127.0.0.0 Safari/537.36"
