103.4.122.14 - - [05/Jan/2026:15:14:03 +0800] "POST /wp-cron.php?doing_wp_cron=1767597243.1126379966735839843750 HTTP/1.1" 200 - "-" "WordPress/6.8.3; https://impeccablerenovations.com.au"
114.119.130.12 - - [05/Jan/2026:15:14:01 +0800] "GET /project-filter/commercial-fit-outs HTTP/1.1" 301 - "https://impeccablerenovations.com.au/project/hospitality-store" "Mozilla/5.0 (Linux; Android 7.0;) AppleWebKit/537.36 (KHTML, like Gecko) Mobile Safari/537.36 (compatible; PetalBot;+https://webmaster.petalsearch.com/site/petalbot)"
114.119.130.12 - - [05/Jan/2026:15:14:04 +0800] "GET /project-filter/commercial-fit-outs/ HTTP/1.1" 200 15775 "https://impeccablerenovations.com.au/project/hospitality-store" "Mozilla/5.0 (Linux; Android 7.0;) AppleWebKit/537.36 (KHTML, like Gecko) Mobile Safari/537.36 (compatible; PetalBot;+https://webmaster.petalsearch.com/site/petalbot)"
128.140.106.114 - - [05/Jan/2026:15:14:25 +0800] "HEAD / HTTP/1.1" 200 - "https://impeccablerenovations.com.au/" "Mozilla/5.0+(compatible; UptimeRobot/2.0; http://www.uptimerobot.com/)"
103.4.122.14 - - [05/Jan/2026:15:15:26 +0800] "POST /wp-cron.php?doing_wp_cron=1767597326.0372560024261474609375 HTTP/1.1" 200 - "-" "WordPress/6.8.3; https://impeccablerenovations.com.au"
114.119.130.12 - - [05/Jan/2026:15:15:24 +0800] "GET /wp-content/uploads/2018/05/eye-clinic-1-300x200.jpg HTTP/1.1" 404 62395 "-" "Mozilla/5.0 (Linux; Android 7.0;) AppleWebKit/537.36 (KHTML, like Gecko) Mobile Safari/537.36 (compatible; PetalBot;+https://webmaster.petalsearch.com/site/petalbot)"
103.4.122.14 - - [05/Jan/2026:15:19:34 +0800] "POST /wp-cron.php?doing_wp_cron=1767597574.4264550209045410156250 HTTP/1.1" 200 - "-" "WordPress/6.8.3; https://impeccablerenovations.com.au"
18.192.166.72 - - [05/Jan/2026:15:19:32 +0800] "HEAD / HTTP/1.1" 200 - "https://impeccablerenovations.com.au/" "Mozilla/5.0+(compatible; UptimeRobot/2.0; http://www.uptimerobot.com/)"
103.4.122.14 - - [05/Jan/2026:15:22:04 +0800] "POST /wp-cron.php?doing_wp_cron=1767597724.2127780914306640625000 HTTP/1.1" 200 - "-" "WordPress/6.8.3; https://impeccablerenovations.com.au"
162.55.23.51 - - [05/Jan/2026:15:22:02 +0800] "GET / HTTP/1.1" 200 22199 "-" "Mozilla/5.0 (Windows NT 10.0; Win64; x64) AppleWebKit/537.36 (KHTML, like Gecko) Chrome/131.0.0.0 Safari/537.36"
162.55.23.51 - - [05/Jan/2026:15:22:05 +0800] "GET /wp-content/plugins/contact-form-7/includes/css/styles.css?ver=6.1.2 HTTP/1.1" 200 1031 "https://impeccablerenovations.com.au/" "Mozilla/5.0 (Windows NT 10.0; Win64; x64) AppleWebKit/537.36 (KHTML, like Gecko) Chrome/131.0.0.0 Safari/537.36"
162.55.23.51 - - [05/Jan/2026:15:22:05 +0800] "GET / HTTP/1.1" 301 - "-" "Mozilla/5.0 (Windows NT 10.0; Win64; x64) AppleWebKit/537.36 (KHTML, like Gecko) Chrome/131.0.0.0 Safari/537.36"
162.55.23.51 - - [05/Jan/2026:15:22:07 +0800] "GET / HTTP/1.1" 200 22199 "-" "Mozilla/5.0 (Windows NT 10.0; Win64; x64) AppleWebKit/537.36 (KHTML, like Gecko) Chrome/131.0.0.0 Safari/537.36"
162.55.23.51 - - [05/Jan/2026:15:22:09 +0800] "GET /wp-content/plugins/contact-form-7/includes/css/styles.css?ver=6.1.2 HTTP/1.1" 200 1031 "https://impeccablerenovations.com.au/" "Mozilla/5.0 (Windows NT 10.0; Win64; x64) AppleWebKit/537.36 (KHTML, like Gecko) Chrome/131.0.0.0 Safari/537.36"
162.55.23.51 - - [05/Jan/2026:15:22:09 +0800] "GET /wp-content/themes/buildico/assets/css/font-awesome.min.css?ver=1.7 HTTP/1.1" 200 7055 "https://impeccablerenovations.com.au/" "Mozilla/5.0 (Windows NT 10.0; Win64; x64) AppleWebKit/537.36 (KHTML, like Gecko) Chrome/131.0.0.0 Safari/537.36"
162.55.23.51 - - [05/Jan/2026:15:22:09 +0800] "GET /wp-content/themes/buildico/assets/css/bootstrap.min.css?ver=1.7 HTTP/1.1" 200 27804 "https://impeccablerenovations.com.au/" "Mozilla/5.0 (Windows NT 10.0; Win64; x64) AppleWebKit/537.36 (KHTML, like Gecko) Chrome/131.0.0.0 Safari/537.36"
162.55.23.51 - - [05/Jan/2026:15:22:10 +0800] "GET / HTTP/1.1" 301 - "-" "Mozilla/5.0 (Windows NT 10.0; Win64; x64) AppleWebKit/537.36 (KHTML, like Gecko) Chrome/131.0.0.0 Safari/537.36"
162.55.23.51 - - [05/Jan/2026:15:22:12 +0800] "GET / HTTP/1.1" 200 22199 "-" "Mozilla/5.0 (Windows NT 10.0; Win64; x64) AppleWebKit/537.36 (KHTML, like Gecko) Chrome/131.0.0.0 Safari/537.36"
162.55.23.51 - - [05/Jan/2026:15:22:13 +0800] "GET /wp-content/plugins/contact-form-7/includes/css/styles.css?ver=6.1.2 HTTP/1.1" 200 1031 "https://impeccablerenovations.com.au/" "Mozilla/5.0 (Windows NT 10.0; Win64; x64) AppleWebKit/537.36 (KHTML, like Gecko) Chrome/131.0.0.0 Safari/537.36"
162.55.23.51 - - [05/Jan/2026:15:22:13 +0800] "GET /wp-content/themes/buildico/assets/css/bootstrap.min.css?ver=1.7 HTTP/1.1" 200 27804 "https://impeccablerenovations.com.au/" "Mozilla/5.0 (Windows NT 10.0; Win64; x64) AppleWebKit/537.36 (KHTML, like Gecko) Chrome/131.0.0.0 Safari/537.36"
162.55.23.51 - - [05/Jan/2026:15:22:14 +0800] "GET / HTTP/1.1" 301 - "-" "Mozilla/5.0 (Windows NT 10.0; Win64; x64) AppleWebKit/537.36 (KHTML, like Gecko) Chrome/131.0.0.0 Safari/537.36"
162.55.23.51 - - [05/Jan/2026:15:22:15 +0800] "GET / HTTP/1.1" 200 22199 "-" "Mozilla/5.0 (Windows NT 10.0; Win64; x64) AppleWebKit/537.36 (KHTML, like Gecko) Chrome/131.0.0.0 Safari/537.36"
162.55.23.51 - - [05/Jan/2026:15:22:17 +0800] "GET /wp-content/plugins/contact-form-7/includes/css/styles.css?ver=6.1.2 HTTP/1.1" 200 1031 "https://impeccablerenovations.com.au/" "Mozilla/5.0 (Windows NT 10.0; Win64; x64) AppleWebKit/537.36 (KHTML, like Gecko) Chrome/131.0.0.0 Safari/537.36"
162.55.23.51 - - [05/Jan/2026:15:22:17 +0800] "GET /wp-content/themes/buildico/assets/css/font-awesome.min.css?ver=1.7 HTTP/1.1" 200 7055 "https://impeccablerenovations.com.au/" "Mozilla/5.0 (Windows NT 10.0; Win64; x64) AppleWebKit/537.36 (KHTML, like Gecko) Chrome/131.0.0.0 Safari/537.36"
162.55.23.51 - - [05/Jan/2026:15:22:17 +0800] "GET /wp-content/themes/buildico/assets/css/bootstrap.min.css?ver=1.7 HTTP/1.1" 200 27804 "https://impeccablerenovations.com.au/" "Mozilla/5.0 (Windows NT 10.0; Win64; x64) AppleWebKit/537.36 (KHTML, like Gecko) Chrome/131.0.0.0 Safari/537.36"
52.28.162.93 - - [05/Jan/2026:15:24:42 +0800] "HEAD / HTTP/1.1" 200 - "https://impeccablerenovations.com.au/" "Mozilla/5.0+(compatible; UptimeRobot/2.0; http://www.uptimerobot.com/)"
103.4.122.14 - - [05/Jan/2026:15:29:53 +0800] "POST /wp-cron.php?doing_wp_cron=1767598193.4274699687957763671875 HTTP/1.1" 200 - "-" "WordPress/6.8.3; https://impeccablerenovations.com.au"
78.46.215.1 - - [05/Jan/2026:15:29:51 +0800] "HEAD / HTTP/1.1" 200 - "https://impeccablerenovations.com.au/" "Mozilla/5.0+(compatible; UptimeRobot/2.0; http://www.uptimerobot.com/)"
103.4.122.14 - - [05/Jan/2026:15:35:01 +0800] "POST /wp-cron.php?doing_wp_cron=1767598501.4997460842132568359375 HTTP/1.1" 200 - "-" "WordPress/6.8.3; https://impeccablerenovations.com.au"
78.47.98.55 - - [05/Jan/2026:15:34:59 +0800] "HEAD / HTTP/1.1" 200 - "https://impeccablerenovations.com.au/" "Mozilla/5.0+(compatible; UptimeRobot/2.0; http://www.uptimerobot.com/)"
103.4.122.14 - - [05/Jan/2026:15:40:13 +0800] "POST /wp-cron.php?doing_wp_cron=1767598812.9500350952148437500000 HTTP/1.1" 200 - "-" "WordPress/6.8.3; https://impeccablerenovations.com.au"
159.69.158.189 - - [05/Jan/2026:15:40:11 +0800] "HEAD / HTTP/1.1" 200 - "https://impeccablerenovations.com.au/" "Mozilla/5.0+(compatible; UptimeRobot/2.0; http://www.uptimerobot.com/)"
103.4.122.14 - - [05/Jan/2026:15:45:24 +0800] "POST /wp-cron.php?doing_wp_cron=1767599123.9738819599151611328125 HTTP/1.1" 200 - "-" "WordPress/6.8.3; https://impeccablerenovations.com.au"
52.28.162.93 - - [05/Jan/2026:15:45:22 +0800] "HEAD / HTTP/1.1" 200 - "https://impeccablerenovations.com.au/" "Mozilla/5.0+(compatible; UptimeRobot/2.0; http://www.uptimerobot.com/)"
103.4.122.14 - - [05/Jan/2026:15:50:32 +0800] "POST /wp-cron.php?doing_wp_cron=1767599432.2644488811492919921875 HTTP/1.1" 200 - "-" "WordPress/6.8.3; https://impeccablerenovations.com.au"
142.132.180.39 - - [05/Jan/2026:15:50:30 +0800] "HEAD / HTTP/1.1" 200 - "https://impeccablerenovations.com.au/" "Mozilla/5.0+(compatible; UptimeRobot/2.0; http://www.uptimerobot.com/)"
43.153.58.28 - - [05/Jan/2026:15:52:54 +0800] "GET / HTTP/1.1" 403 199 "-" "Mozilla/5.0 (iPhone; CPU iPhone OS 13_2_3 like Mac OS X) AppleWebKit/605.1.15 (KHTML, like Gecko) Version/13.0.3 Mobile/15E148 Safari/604.1"
103.4.122.14 - - [05/Jan/2026:15:55:38 +0800] "POST /wp-cron.php?doing_wp_cron=1767599738.7889499664306640625000 HTTP/1.1" 200 - "-" "WordPress/6.8.3; https://impeccablerenovations.com.au"
78.46.215.1 - - [05/Jan/2026:15:55:36 +0800] "HEAD / HTTP/1.1" 200 - "https://impeccablerenovations.com.au/" "Mozilla/5.0+(compatible; UptimeRobot/2.0; http://www.uptimerobot.com/)"
103.4.122.14 - - [05/Jan/2026:16:00:47 +0800] "POST /wp-cron.php?doing_wp_cron=1767600047.7470130920410156250000 HTTP/1.1" 200 - "-" "WordPress/6.8.3; https://impeccablerenovations.com.au"
167.235.143.113 - - [05/Jan/2026:16:00:45 +0800] "HEAD / HTTP/1.1" 200 - "https://impeccablerenovations.com.au/" "Mozilla/5.0+(compatible; UptimeRobot/2.0; http://www.uptimerobot.com/)"
103.4.122.14 - - [05/Jan/2026:16:05:56 +0800] "POST /wp-cron.php?doing_wp_cron=1767600356.5739920139312744140625 HTTP/1.1" 200 - "-" "WordPress/6.8.3; https://impeccablerenovations.com.au"
18.193.252.127 - - [05/Jan/2026:16:05:54 +0800] "HEAD / HTTP/1.1" 200 - "https://impeccablerenovations.com.au/" "Mozilla/5.0+(compatible; UptimeRobot/2.0; http://www.uptimerobot.com/)"
103.4.122.14 - - [05/Jan/2026:16:11:04 +0800] "POST /wp-cron.php?doing_wp_cron=1767600664.5078489780426025390625 HTTP/1.1" 200 - "-" "WordPress/6.8.3; https://impeccablerenovations.com.au"
159.69.158.189 - - [05/Jan/2026:16:11:02 +0800] "HEAD / HTTP/1.1" 200 - "https://impeccablerenovations.com.au/" "Mozilla/5.0+(compatible; UptimeRobot/2.0; http://www.uptimerobot.com/)"
103.4.122.14 - - [05/Jan/2026:16:11:54 +0800] "POST /wp-cron.php?doing_wp_cron=1767600713.9243628978729248046875 HTTP/1.1" 200 - "-" "WordPress/6.8.3; https://impeccablerenovations.com.au"
114.119.146.45 - - [05/Jan/2026:16:11:52 +0800] "GET /build-it-beautiful HTTP/1.1" 301 - "https://impeccablerenovations.com.au/project/hospitality-store" "Mozilla/5.0 (Linux; Android 7.0;) AppleWebKit/537.36 (KHTML, like Gecko) Mobile Safari/537.36 (compatible; PetalBot;+https://webmaster.petalsearch.com/site/petalbot)"
114.119.146.45 - - [05/Jan/2026:16:11:55 +0800] "GET /build-it-beautiful/ HTTP/1.1" 200 22801 "https://impeccablerenovations.com.au/project/hospitality-store" "Mozilla/5.0 (Linux; Android 7.0;) AppleWebKit/537.36 (KHTML, like Gecko) Mobile Safari/537.36 (compatible; PetalBot;+https://webmaster.petalsearch.com/site/petalbot)"
103.4.122.14 - - [05/Jan/2026:16:16:15 +0800] "POST /wp-cron.php?doing_wp_cron=1767600975.3787870407104492187500 HTTP/1.1" 200 - "-" "WordPress/6.8.3; https://impeccablerenovations.com.au"
63.178.84.147 - - [05/Jan/2026:16:16:13 +0800] "HEAD / HTTP/1.1" 200 - "https://impeccablerenovations.com.au/" "Mozilla/5.0+(compatible; UptimeRobot/2.0; http://www.uptimerobot.com/)"
103.4.122.14 - - [05/Jan/2026:16:18:15 +0800] "POST /wp-cron.php?doing_wp_cron=1767601094.9822559356689453125000 HTTP/1.1" 200 - "-" "WordPress/6.8.3; https://impeccablerenovations.com.au"
203.215.178.110 - - [05/Jan/2026:16:18:13 +0800] "GET / HTTP/1.1" 200 22032 "-" "Mozilla/5.0 (Linux; Android 11; sdk_gphone_x86 Build/RSR1.240422.006; wv) AppleWebKit/537.36 (KHTML, like Gecko) Version/4.0 Chrome/83.0.4103.106 Mobile Safari/537.36 GSA/11.13.8.21.x86"
203.215.178.110 - - [05/Jan/2026:16:18:15 +0800] "GET /wp-content/plugins/contact-form-7/includes/css/styles.css?ver=6.1.2 HTTP/1.1" 200 1031 "https://impeccablerenovations.com.au/" "Mozilla/5.0 (Linux; Android 11; sdk_gphone_x86 Build/RSR1.240422.006; wv) AppleWebKit/537.36 (KHTML, like Gecko) Version/4.0 Chrome/83.0.4103.106 Mobile Safari/537.36 GSA/11.13.8.21.x86"
203.215.178.110 - - [05/Jan/2026:16:18:16 +0800] "GET /wp-content/themes/buildico/assets/css/bootstrap.min.css?ver=1.7 HTTP/1.1" 200 27804 "https://impeccablerenovations.com.au/" "Mozilla/5.0 (Linux; Android 11; sdk_gphone_x86 Build/RSR1.240422.006; wv) AppleWebKit/537.36 (KHTML, like Gecko) Version/4.0 Chrome/83.0.4103.106 Mobile Safari/537.36 GSA/11.13.8.21.x86"
203.215.178.110 - - [05/Jan/2026:16:18:16 +0800] "GET /wp-content/themes/buildico/assets/css/font-awesome.min.css?ver=1.7 HTTP/1.1" 200 7055 "https://impeccablerenovations.com.au/" "Mozilla/5.0 (Linux; Android 11; sdk_gphone_x86 Build/RSR1.240422.006; wv) AppleWebKit/537.36 (KHTML, like Gecko) Version/4.0 Chrome/83.0.4103.106 Mobile Safari/537.36 GSA/11.13.8.21.x86"
203.215.178.110 - - [05/Jan/2026:16:18:16 +0800] "GET /wp-content/themes/buildico/assets/css/elegant-line-icons.css?ver=1.7 HTTP/1.1" 200 1421 "https://impeccablerenovations.com.au/" "Mozilla/5.0 (Linux; Android 11; sdk_gphone_x86 Build/RSR1.240422.006; wv) AppleWebKit/537.36 (KHTML, like Gecko) Version/4.0 Chrome/83.0.4103.106 Mobile Safari/537.36 GSA/11.13.8.21.x86"
203.215.178.110 - - [05/Jan/2026:16:18:16 +0800] "GET /wp-content/themes/buildico/assets/css/themify-icons.css?ver=1.7 HTTP/1.1" 200 2824 "https://impeccablerenovations.com.au/" "Mozilla/5.0 (Linux; Android 11; sdk_gphone_x86 Build/RSR1.240422.006; wv) AppleWebKit/537.36 (KHTML, like Gecko) Version/4.0 Chrome/83.0.4103.106 Mobile Safari/537.36 GSA/11.13.8.21.x86"
203.215.178.110 - - [05/Jan/2026:16:18:16 +0800] "GET /wp-content/themes/buildico/assets/css/slicknav.min.css?ver=1.7 HTTP/1.1" 200 807 "https://impeccablerenovations.com.au/" "Mozilla/5.0 (Linux; Android 11; sdk_gphone_x86 Build/RSR1.240422.006; wv) AppleWebKit/537.36 (KHTML, like Gecko) Version/4.0 Chrome/83.0.4103.106 Mobile Safari/537.36 GSA/11.13.8.21.x86"
203.215.178.110 - - [05/Jan/2026:16:18:16 +0800] "GET /wp-content/themes/buildico/assets/css/wt-construction-icon.css?ver=1.7 HTTP/1.1" 200 1855 "https://impeccablerenovations.com.au/" "Mozilla/5.0 (Linux; Android 11; sdk_gphone_x86 Build/RSR1.240422.006; wv) AppleWebKit/537.36 (KHTML, like Gecko) Version/4.0 Chrome/83.0.4103.106 Mobile Safari/537.36 GSA/11.13.8.21.x86"
203.215.178.110 - - [05/Jan/2026:16:18:16 +0800] "GET /wp-content/themes/buildico/assets/css/swipebox.min.css?ver=1.7 HTTP/1.1" 200 1221 "https://impeccablerenovations.com.au/" "Mozilla/5.0 (Linux; Android 11; sdk_gphone_x86 Build/RSR1.240422.006; wv) AppleWebKit/537.36 (KHTML, like Gecko) Version/4.0 Chrome/83.0.4103.106 Mobile Safari/537.36 GSA/11.13.8.21.x86"
203.215.178.110 - - [05/Jan/2026:16:18:16 +0800] "GET /wp-content/themes/buildico/style.css?ver=1.7 HTTP/1.1" 200 8199 "https://impeccablerenovations.com.au/" "Mozilla/5.0 (Linux; Android 11; sdk_gphone_x86 Build/RSR1.240422.006; wv) AppleWebKit/537.36 (KHTML, like Gecko) Version/4.0 Chrome/83.0.4103.106 Mobile Safari/537.36 GSA/11.13.8.21.x86"
203.215.178.110 - - [05/Jan/2026:16:18:16 +0800] "GET /wp-content/themes/buildico/assets/css/responsive.css?ver=1.7 HTTP/1.1" 200 1084 "https://impeccablerenovations.com.au/" "Mozilla/5.0 (Linux; Android 11; sdk_gphone_x86 Build/RSR1.240422.006; wv) AppleWebKit/537.36 (KHTML, like Gecko) Version/4.0 Chrome/83.0.4103.106 Mobile Safari/537.36 GSA/11.13.8.21.x86"
203.215.178.110 - - [05/Jan/2026:16:18:16 +0800] "GET /wp-content/themes/buildico-child/style.css?ver=1.7 HTTP/1.1" 200 735 "https://impeccablerenovations.com.au/" "Mozilla/5.0 (Linux; Android 11; sdk_gphone_x86 Build/RSR1.240422.006; wv) AppleWebKit/537.36 (KHTML, like Gecko) Version/4.0 Chrome/83.0.4103.106 Mobile Safari/537.36 GSA/11.13.8.21.x86"
203.215.178.110 - - [05/Jan/2026:16:18:16 +0800] "GET /wp-content/themes/buildico/assets/css/wp-blocks.css?ver=1.7 HTTP/1.1" 200 4428 "https://impeccablerenovations.com.au/" "Mozilla/5.0 (Linux; Android 11; sdk_gphone_x86 Build/RSR1.240422.006; wv) AppleWebKit/537.36 (KHTML, like Gecko) Version/4.0 Chrome/83.0.4103.106 Mobile Safari/537.36 GSA/11.13.8.21.x86"
203.215.178.110 - - [05/Jan/2026:16:18:16 +0800] "GET /wp-content/plugins/buildico-toolkit/assets/css/owl.carousel.min.css?ver=6.8.3 HTTP/1.1" 200 912 "https://impeccablerenovations.com.au/" "Mozilla/5.0 (Linux; Android 11; sdk_gphone_x86 Build/RSR1.240422.006; wv) AppleWebKit/537.36 (KHTML, like Gecko) Version/4.0 Chrome/83.0.4103.106 Mobile Safari/537.36 GSA/11.13.8.21.x86"
203.215.178.110 - - [05/Jan/2026:16:18:16 +0800] "GET /wp-content/plugins/buildico-toolkit/assets/css/cssanimation.min.css?ver=6.8.3 HTTP/1.1" 200 6767 "https://impeccablerenovations.com.au/" "Mozilla/5.0 (Linux; Android 11; sdk_gphone_x86 Build/RSR1.240422.006; wv) AppleWebKit/537.36 (KHTML, like Gecko) Version/4.0 Chrome/83.0.4103.106 Mobile Safari/537.36 GSA/11.13.8.21.x86"
203.215.178.110 - - [05/Jan/2026:16:18:16 +0800] "GET /wp-content/plugins/buildico-toolkit/assets/css/plugin-toolkit.css?ver=6.8.3 HTTP/1.1" 200 6725 "https://impeccablerenovations.com.au/" "Mozilla/5.0 (Linux; Android 11; sdk_gphone_x86 Build/RSR1.240422.006; wv) AppleWebKit/537.36 (KHTML, like Gecko) Version/4.0 Chrome/83.0.4103.106 Mobile Safari/537.36 GSA/11.13.8.21.x86"
203.215.178.110 - - [05/Jan/2026:16:18:16 +0800] "GET /wp-content/plugins/elementor/assets/lib/eicons/css/elementor-icons.min.css?ver=5.31.0 HTTP/1.1" 200 4085 "https://impeccablerenovations.com.au/" "Mozilla/5.0 (Linux; Android 11; sdk_gphone_x86 Build/RSR1.240422.006; wv) AppleWebKit/537.36 (KHTML, like Gecko) Version/4.0 Chrome/83.0.4103.106 Mobile Safari/537.36 GSA/11.13.8.21.x86"
203.215.178.110 - - [05/Jan/2026:16:18:17 +0800] "GET /wp-content/plugins/elementor/assets/lib/swiper/v8/css/swiper.min.css?ver=8.4.5 HTTP/1.1" 200 4583 "https://impeccablerenovations.com.au/" "Mozilla/5.0 (Linux; Android 11; sdk_gphone_x86 Build/RSR1.240422.006; wv) AppleWebKit/537.36 (KHTML, like Gecko) Version/4.0 Chrome/83.0.4103.106 Mobile Safari/537.36 GSA/11.13.8.21.x86"
203.215.178.110 - - [05/Jan/2026:16:18:17 +0800] "GET /wp-content/plugins/elementor/assets/css/frontend.min.css?ver=3.24.5 HTTP/1.1" 200 7511 "https://impeccablerenovations.com.au/" "Mozilla/5.0 (Linux; Android 11; sdk_gphone_x86 Build/RSR1.240422.006; wv) AppleWebKit/537.36 (KHTML, like Gecko) Version/4.0 Chrome/83.0.4103.106 Mobile Safari/537.36 GSA/11.13.8.21.x86"
203.215.178.110 - - [05/Jan/2026:16:18:17 +0800] "GET /wp-content/uploads/elementor/css/post-6.css?ver=1744443356 HTTP/1.1" 200 435 "https://impeccablerenovations.com.au/" "Mozilla/5.0 (Linux; Android 11; sdk_gphone_x86 Build/RSR1.240422.006; wv) AppleWebKit/537.36 (KHTML, like Gecko) Version/4.0 Chrome/83.0.4103.106 Mobile Safari/537.36 GSA/11.13.8.21.x86"
203.215.178.110 - - [05/Jan/2026:16:18:17 +0800] "GET /wp-content/plugins/elementor/assets/css/conditionals/e-swiper.min.css?ver=3.24.5 HTTP/1.1" 200 991 "https://impeccablerenovations.com.au/" "Mozilla/5.0 (Linux; Android 11; sdk_gphone_x86 Build/RSR1.240422.006; wv) AppleWebKit/537.36 (KHTML, like Gecko) Version/4.0 Chrome/83.0.4103.106 Mobile Safari/537.36 GSA/11.13.8.21.x86"
203.215.178.110 - - [05/Jan/2026:16:18:17 +0800] "GET /wp-content/plugins/buildico-toolkit/assets/css/main-slider.css?ver=6.8.3 HTTP/1.1" 200 4086 "https://impeccablerenovations.com.au/" "Mozilla/5.0 (Linux; Android 11; sdk_gphone_x86 Build/RSR1.240422.006; wv) AppleWebKit/537.36 (KHTML, like Gecko) Version/4.0 Chrome/83.0.4103.106 Mobile Safari/537.36 GSA/11.13.8.21.x86"
203.215.178.110 - - [05/Jan/2026:16:18:17 +0800] "GET /wp-content/plugins/elementor-pro/assets/css/frontend.min.css?ver=3.24.3 HTTP/1.1" 200 1330 "https://impeccablerenovations.com.au/" "Mozilla/5.0 (Linux; Android 11; sdk_gphone_x86 Build/RSR1.240422.006; wv) AppleWebKit/537.36 (KHTML, like Gecko) Version/4.0 Chrome/83.0.4103.106 Mobile Safari/537.36 GSA/11.13.8.21.x86"
203.215.178.110 - - [05/Jan/2026:16:18:17 +0800] "GET /wp-content/plugins/elementor/assets/css/widget-heading.min.css?ver=3.24.5 HTTP/1.1" 200 188 "https://impeccablerenovations.com.au/" "Mozilla/5.0 (Linux; Android 11; sdk_gphone_x86 Build/RSR1.240422.006; wv) AppleWebKit/537.36 (KHTML, like Gecko) Version/4.0 Chrome/83.0.4103.106 Mobile Safari/537.36 GSA/11.13.8.21.x86"
203.215.178.110 - - [05/Jan/2026:16:18:17 +0800] "GET /wp-content/plugins/elementor/assets/lib/animations/styles/fadeInUp.min.css?ver=3.24.5 HTTP/1.1" 200 117 "https://impeccablerenovations.com.au/" "Mozilla/5.0 (Linux; Android 11; sdk_gphone_x86 Build/RSR1.240422.006; wv) AppleWebKit/537.36 (KHTML, like Gecko) Version/4.0 Chrome/83.0.4103.106 Mobile Safari/537.36 GSA/11.13.8.21.x86"
203.215.178.110 - - [05/Jan/2026:16:18:17 +0800] "GET /wp-content/plugins/elementor/assets/css/widget-text-editor.min.css?ver=3.24.5 HTTP/1.1" 200 271 "https://impeccablerenovations.com.au/" "Mozilla/5.0 (Linux; Android 11; sdk_gphone_x86 Build/RSR1.240422.006; wv) AppleWebKit/537.36 (KHTML, like Gecko) Version/4.0 Chrome/83.0.4103.106 Mobile Safari/537.36 GSA/11.13.8.21.x86"
203.215.178.110 - - [05/Jan/2026:16:18:17 +0800] "GET /wp-content/plugins/elementor/assets/lib/animations/styles/fadeInLeft.min.css?ver=3.24.5 HTTP/1.1" 200 120 "https://impeccablerenovations.com.au/" "Mozilla/5.0 (Linux; Android 11; sdk_gphone_x86 Build/RSR1.240422.006; wv) AppleWebKit/537.36 (KHTML, like Gecko) Version/4.0 Chrome/83.0.4103.106 Mobile Safari/537.36 GSA/11.13.8.21.x86"
203.215.178.110 - - [05/Jan/2026:16:18:17 +0800] "GET /wp-content/plugins/elementor/assets/css/widget-image.min.css?ver=3.24.5 HTTP/1.1" 200 163 "https://impeccablerenovations.com.au/" "Mozilla/5.0 (Linux; Android 11; sdk_gphone_x86 Build/RSR1.240422.006; wv) AppleWebKit/537.36 (KHTML, like Gecko) Version/4.0 Chrome/83.0.4103.106 Mobile Safari/537.36 GSA/11.13.8.21.x86"
203.215.178.110 - - [05/Jan/2026:16:18:17 +0800] "GET /wp-content/plugins/elementor/assets/lib/animations/styles/fadeInRight.min.css?ver=3.24.5 HTTP/1.1" 200 120 "https://impeccablerenovations.com.au/" "Mozilla/5.0 (Linux; Android 11; sdk_gphone_x86 Build/RSR1.240422.006; wv) AppleWebKit/537.36 (KHTML, like Gecko) Version/4.0 Chrome/83.0.4103.106 Mobile Safari/537.36 GSA/11.13.8.21.x86"
203.215.178.110 - - [05/Jan/2026:16:18:17 +0800] "GET /wp-content/plugins/elementor/assets/css/widget-image-gallery.min.css?ver=3.24.5 HTTP/1.1" 200 383 "https://impeccablerenovations.com.au/" "Mozilla/5.0 (Linux; Android 11; sdk_gphone_x86 Build/RSR1.240422.006; wv) AppleWebKit/537.36 (KHTML, like Gecko) Version/4.0 Chrome/83.0.4103.106 Mobile Safari/537.36 GSA/11.13.8.21.x86"
203.215.178.110 - - [05/Jan/2026:16:18:17 +0800] "GET /wp-content/plugins/elementor/assets/css/widget-video.min.css?ver=3.24.5 HTTP/1.1" 200 502 "https://impeccablerenovations.com.au/" "Mozilla/5.0 (Linux; Android 11; sdk_gphone_x86 Build/RSR1.240422.006; wv) AppleWebKit/537.36 (KHTML, like Gecko) Version/4.0 Chrome/83.0.4103.106 Mobile Safari/537.36 GSA/11.13.8.21.x86"
203.215.178.110 - - [05/Jan/2026:16:18:17 +0800] "GET /wp-content/uploads/elementor/css/post-243.css?ver=1753149764 HTTP/1.1" 200 3000 "https://impeccablerenovations.com.au/" "Mozilla/5.0 (Linux; Android 11; sdk_gphone_x86 Build/RSR1.240422.006; wv) AppleWebKit/537.36 (KHTML, like Gecko) Version/4.0 Chrome/83.0.4103.106 Mobile Safari/537.36 GSA/11.13.8.21.x86"
203.215.178.110 - - [05/Jan/2026:16:18:17 +0800] "GET /wp-content/themes/buildico-child/assets/css/main.css HTTP/1.1" 200 1613 "https://impeccablerenovations.com.au/wp-content/themes/buildico-child/style.css?ver=1.7" "Mozilla/5.0 (Linux; Android 11; sdk_gphone_x86 Build/RSR1.240422.006; wv) AppleWebKit/537.36 (KHTML, like Gecko) Version/4.0 Chrome/83.0.4103.106 Mobile Safari/537.36 GSA/11.13.8.21.x86"
203.215.178.110 - - [05/Jan/2026:16:18:18 +0800] "GET /wp-includes/js/jquery/jquery.min.js?ver=3.7.1 HTTP/1.1" 200 30368 "https://impeccablerenovations.com.au/" "Mozilla/5.0 (Linux; Android 11; sdk_gphone_x86 Build/RSR1.240422.006; wv) AppleWebKit/537.36 (KHTML, like Gecko) Version/4.0 Chrome/83.0.4103.106 Mobile Safari/537.36 GSA/11.13.8.21.x86"
203.215.178.110 - - [05/Jan/2026:16:18:16 +0800] "GET /wp-content/themes/buildico/assets/css/default-styles.css?ver=1.7 HTTP/1.1" 200 4289 "https://impeccablerenovations.com.au/" "Mozilla/5.0 (Linux; Android 11; sdk_gphone_x86 Build/RSR1.240422.006; wv) AppleWebKit/537.36 (KHTML, like Gecko) Version/4.0 Chrome/83.0.4103.106 Mobile Safari/537.36 GSA/11.13.8.21.x86"
203.215.178.110 - - [05/Jan/2026:16:18:18 +0800] "GET /wp-content/plugins/buildico-toolkit/assets/css/nivo-slider.css?ver=6.8.3 HTTP/1.1" 200 821 "https://impeccablerenovations.com.au/" "Mozilla/5.0 (Linux; Android 11; sdk_gphone_x86 Build/RSR1.240422.006; wv) AppleWebKit/537.36 (KHTML, like Gecko) Version/4.0 Chrome/83.0.4103.106 Mobile Safari/537.36 GSA/11.13.8.21.x86"
203.215.178.110 - - [05/Jan/2026:16:18:18 +0800] "GET /wp-includes/js/jquery/jquery-migrate.min.js?ver=3.4.1 HTTP/1.1" 200 4872 "https://impeccablerenovations.com.au/" "Mozilla/5.0 (Linux; Android 11; sdk_gphone_x86 Build/RSR1.240422.006; wv) AppleWebKit/537.36 (KHTML, like Gecko) Version/4.0 Chrome/83.0.4103.106 Mobile Safari/537.36 GSA/11.13.8.21.x86"
203.215.178.110 - - [05/Jan/2026:16:18:18 +0800] "GET /wp-content/themes/buildico/assets/js/popper.min.js?ver=1 HTTP/1.1" 200 6911 "https://impeccablerenovations.com.au/" "Mozilla/5.0 (Linux; Android 11; sdk_gphone_x86 Build/RSR1.240422.006; wv) AppleWebKit/537.36 (KHTML, like Gecko) Version/4.0 Chrome/83.0.4103.106 Mobile Safari/537.36 GSA/11.13.8.21.x86"
203.215.178.110 - - [05/Jan/2026:16:18:18 +0800] "GET /wp-content/themes/buildico/assets/js/jquery.slicknav.min.js?ver=1.7 HTTP/1.1" 200 2648 "https://impeccablerenovations.com.au/" "Mozilla/5.0 (Linux; Android 11; sdk_gphone_x86 Build/RSR1.240422.006; wv) AppleWebKit/537.36 (KHTML, like Gecko) Version/4.0 Chrome/83.0.4103.106 Mobile Safari/537.36 GSA/11.13.8.21.x86"
203.215.178.110 - - [05/Jan/2026:16:18:18 +0800] "GET /wp-content/themes/buildico/assets/js/modernizr-2.8.3.min.js?ver=2.8.3 HTTP/1.1" 200 6306 "https://impeccablerenovations.com.au/" "Mozilla/5.0 (Linux; Android 11; sdk_gphone_x86 Build/RSR1.240422.006; wv) AppleWebKit/537.36 (KHTML, like Gecko) Version/4.0 Chrome/83.0.4103.106 Mobile Safari/537.36 GSA/11.13.8.21.x86"
203.215.178.110 - - [05/Jan/2026:16:18:18 +0800] "GET /wp-content/plugins/buildico-toolkit/assets/js/jquery.nivo.slider.pack.js?ver=3.2 HTTP/1.1" 200 3074 "https://impeccablerenovations.com.au/" "Mozilla/5.0 (Linux; Android 11; sdk_gphone_x86 Build/RSR1.240422.006; wv) AppleWebKit/537.36 (KHTML, like Gecko) Version/4.0 Chrome/83.0.4103.106 Mobile Safari/537.36 GSA/11.13.8.21.x86"
203.215.178.110 - - [05/Jan/2026:16:18:18 +0800] "GET /wp-content/plugins/buildico-toolkit/assets/js/wow.min.js?ver=1.3.0 HTTP/1.1" 200 2828 "https://impeccablerenovations.com.au/" "Mozilla/5.0 (Linux; Android 11; sdk_gphone_x86 Build/RSR1.240422.006; wv) AppleWebKit/537.36 (KHTML, like Gecko) Version/4.0 Chrome/83.0.4103.106 Mobile Safari/537.36 GSA/11.13.8.21.x86"
203.215.178.110 - - [05/Jan/2026:16:18:18 +0800] "GET /wp-content/plugins/buildico-toolkit/assets/js/letteranimation.min.js?ver=1.0.0 HTTP/1.1" 200 675 "https://impeccablerenovations.com.au/" "Mozilla/5.0 (Linux; Android 11; sdk_gphone_x86 Build/RSR1.240422.006; wv) AppleWebKit/537.36 (KHTML, like Gecko) Version/4.0 Chrome/83.0.4103.106 Mobile Safari/537.36 GSA/11.13.8.21.x86"
203.215.178.110 - - [05/Jan/2026:16:18:18 +0800] "GET /wp-includes/js/dist/hooks.min.js?ver=4d63a3d491d11ffd8ac6 HTTP/1.1" 200 1648 "https://impeccablerenovations.com.au/" "Mozilla/5.0 (Linux; Android 11; sdk_gphone_x86 Build/RSR1.240422.006; wv) AppleWebKit/537.36 (KHTML, like Gecko) Version/4.0 Chrome/83.0.4103.106 Mobile Safari/537.36 GSA/11.13.8.21.x86"
203.215.178.110 - - [05/Jan/2026:16:18:18 +0800] "GET /wp-includes/js/dist/i18n.min.js?ver=5e580eb46a90c2b997e6 HTTP/1.1" 200 3667 "https://impeccablerenovations.com.au/" "Mozilla/5.0 (Linux; Android 11; sdk_gphone_x86 Build/RSR1.240422.006; wv) AppleWebKit/537.36 (KHTML, like Gecko) Version/4.0 Chrome/83.0.4103.106 Mobile Safari/537.36 GSA/11.13.8.21.x86"
203.215.178.110 - - [05/Jan/2026:16:18:18 +0800] "GET /wp-content/plugins/contact-form-7/includes/swv/js/index.js?ver=6.1.2 HTTP/1.1" 200 3503 "https://impeccablerenovations.com.au/" "Mozilla/5.0 (Linux; Android 11; sdk_gphone_x86 Build/RSR1.240422.006; wv) AppleWebKit/537.36 (KHTML, like Gecko) Version/4.0 Chrome/83.0.4103.106 Mobile Safari/537.36 GSA/11.13.8.21.x86"
203.215.178.110 - - [05/Jan/2026:16:18:18 +0800] "GET /wp-content/plugins/contact-form-7/includes/js/index.js?ver=6.1.2 HTTP/1.1" 200 4265 "https://impeccablerenovations.com.au/" "Mozilla/5.0 (Linux; Android 11; sdk_gphone_x86 Build/RSR1.240422.006; wv) AppleWebKit/537.36 (KHTML, like Gecko) Version/4.0 Chrome/83.0.4103.106 Mobile Safari/537.36 GSA/11.13.8.21.x86"
203.215.178.110 - - [05/Jan/2026:16:18:19 +0800] "GET /wp-content/themes/buildico/assets/js/bootstrap.min.js?ver=1.7 HTTP/1.1" 200 12964 "https://impeccablerenovations.com.au/" "Mozilla/5.0 (Linux; Android 11; sdk_gphone_x86 Build/RSR1.240422.006; wv) AppleWebKit/537.36 (KHTML, like Gecko) Version/4.0 Chrome/83.0.4103.106 Mobile Safari/537.36 GSA/11.13.8.21.x86"
203.215.178.110 - - [05/Jan/2026:16:18:19 +0800] "GET /wp-content/themes/buildico/assets/js/imageloaded.min.js?ver=1.7 HTTP/1.1" 200 1814 "https://impeccablerenovations.com.au/" "Mozilla/5.0 (Linux; Android 11; sdk_gphone_x86 Build/RSR1.240422.006; wv) AppleWebKit/537.36 (KHTML, like Gecko) Version/4.0 Chrome/83.0.4103.106 Mobile Safari/537.36 GSA/11.13.8.21.x86"
203.215.178.110 - - [05/Jan/2026:16:18:19 +0800] "GET /wp-content/themes/buildico/assets/js/isotope.min.js?ver=1.7 HTTP/1.1" 200 9677 "https://impeccablerenovations.com.au/" "Mozilla/5.0 (Linux; Android 11; sdk_gphone_x86 Build/RSR1.240422.006; wv) AppleWebKit/537.36 (KHTML, like Gecko) Version/4.0 Chrome/83.0.4103.106 Mobile Safari/537.36 GSA/11.13.8.21.x86"
203.215.178.110 - - [05/Jan/2026:16:18:19 +0800] "GET /wp-content/themes/buildico/assets/js/jquery.swipebox.min.js?ver=1.7 HTTP/1.1" 200 3957 "https://impeccablerenovations.com.au/" "Mozilla/5.0 (Linux; Android 11; sdk_gphone_x86 Build/RSR1.240422.006; wv) AppleWebKit/537.36 (KHTML, like Gecko) Version/4.0 Chrome/83.0.4103.106 Mobile Safari/537.36 GSA/11.13.8.21.x86"
203.215.178.110 - - [05/Jan/2026:16:18:19 +0800] "GET /wp-content/themes/buildico/assets/js/jquery.nicescroll.min.js?ver=1.7 HTTP/1.1" 200 16710 "https://impeccablerenovations.com.au/" "Mozilla/5.0 (Linux; Android 11; sdk_gphone_x86 Build/RSR1.240422.006; wv) AppleWebKit/537.36 (KHTML, like Gecko) Version/4.0 Chrome/83.0.4103.106 Mobile Safari/537.36 GSA/11.13.8.21.x86"
203.215.178.110 - - [05/Jan/2026:16:18:19 +0800] "GET /wp-content/themes/buildico/assets/js/custom.js?ver=1.7 HTTP/1.1" 200 1278 "https://impeccablerenovations.com.au/" "Mozilla/5.0 (Linux; Android 11; sdk_gphone_x86 Build/RSR1.240422.006; wv) AppleWebKit/537.36 (KHTML, like Gecko) Version/4.0 Chrome/83.0.4103.106 Mobile Safari/537.36 GSA/11.13.8.21.x86"
203.215.178.110 - - [05/Jan/2026:16:18:19 +0800] "GET /wp-content/plugins/buildico-toolkit/assets/js/jquery.hoverdir.js?ver=1.0 HTTP/1.1" 200 1006 "https://impeccablerenovations.com.au/" "Mozilla/5.0 (Linux; Android 11; sdk_gphone_x86 Build/RSR1.240422.006; wv) AppleWebKit/537.36 (KHTML, like Gecko) Version/4.0 Chrome/83.0.4103.106 Mobile Safari/537.36 GSA/11.13.8.21.x86"
203.215.178.110 - - [05/Jan/2026:16:18:17 +0800] "GET /wp-content/uploads/elementor/css/global.css?ver=1728434989 HTTP/1.1" 404 62461 "https://impeccablerenovations.com.au/" "Mozilla/5.0 (Linux; Android 11; sdk_gphone_x86 Build/RSR1.240422.006; wv) AppleWebKit/537.36 (KHTML, like Gecko) Version/4.0 Chrome/83.0.4103.106 Mobile Safari/537.36 GSA/11.13.8.21.x86"
203.215.178.110 - - [05/Jan/2026:16:18:19 +0800] "GET /wp-content/plugins/buildico-toolkit/assets/js/owl.carousel.min.js?ver=2.2.1 HTTP/1.1" 200 10926 "https://impeccablerenovations.com.au/" "Mozilla/5.0 (Linux; Android 11; sdk_gphone_x86 Build/RSR1.240422.006; wv) AppleWebKit/537.36 (KHTML, like Gecko) Version/4.0 Chrome/83.0.4103.106 Mobile Safari/537.36 GSA/11.13.8.21.x86"
203.215.178.110 - - [05/Jan/2026:16:18:19 +0800] "GET /wp-content/plugins/buildico-toolkit/assets/js/plugin-toolkit.js?ver=1.0 HTTP/1.1" 200 585 "https://impeccablerenovations.com.au/" "Mozilla/5.0 (Linux; Android 11; sdk_gphone_x86 Build/RSR1.240422.006; wv) AppleWebKit/537.36 (KHTML, like Gecko) Version/4.0 Chrome/83.0.4103.106 Mobile Safari/537.36 GSA/11.13.8.21.x86"
203.215.178.110 - - [05/Jan/2026:16:18:19 +0800] "GET /wp-includes/js/dist/vendor/wp-polyfill.min.js?ver=3.15.0 HTTP/1.1" 200 14471 "https://impeccablerenovations.com.au/" "Mozilla/5.0 (Linux; Android 11; sdk_gphone_x86 Build/RSR1.240422.006; wv) AppleWebKit/537.36 (KHTML, like Gecko) Version/4.0 Chrome/83.0.4103.106 Mobile Safari/537.36 GSA/11.13.8.21.x86"
203.215.178.110 - - [05/Jan/2026:16:18:19 +0800] "GET /wp-content/plugins/contact-form-7/modules/recaptcha/index.js?ver=6.1.2 HTTP/1.1" 200 483 "https://impeccablerenovations.com.au/" "Mozilla/5.0 (Linux; Android 11; sdk_gphone_x86 Build/RSR1.240422.006; wv) AppleWebKit/537.36 (KHTML, like Gecko) Version/4.0 Chrome/83.0.4103.106 Mobile Safari/537.36 GSA/11.13.8.21.x86"
203.215.178.110 - - [05/Jan/2026:16:18:19 +0800] "GET /wp-content/plugins/elementor-pro/assets/js/webpack-pro.runtime.min.js?ver=3.24.3 HTTP/1.1" 200 2821 "https://impeccablerenovations.com.au/" "Mozilla/5.0 (Linux; Android 11; sdk_gphone_x86 Build/RSR1.240422.006; wv) AppleWebKit/537.36 (KHTML, like Gecko) Version/4.0 Chrome/83.0.4103.106 Mobile Safari/537.36 GSA/11.13.8.21.x86"
203.215.178.110 - - [05/Jan/2026:16:18:19 +0800] "GET /wp-content/plugins/elementor/assets/js/webpack.runtime.min.js?ver=3.24.5 HTTP/1.1" 200 2215 "https://impeccablerenovations.com.au/" "Mozilla/5.0 (Linux; Android 11; sdk_gphone_x86 Build/RSR1.240422.006; wv) AppleWebKit/537.36 (KHTML, like Gecko) Version/4.0 Chrome/83.0.4103.106 Mobile Safari/537.36 GSA/11.13.8.21.x86"
203.215.178.110 - - [05/Jan/2026:16:18:19 +0800] "GET /wp-content/plugins/elementor/assets/js/frontend-modules.min.js?ver=3.24.5 HTTP/1.1" 200 21125 "https://impeccablerenovations.com.au/" "Mozilla/5.0 (Linux; Android 11; sdk_gphone_x86 Build/RSR1.240422.006; wv) AppleWebKit/537.36 (KHTML, like Gecko) Version/4.0 Chrome/83.0.4103.106 Mobile Safari/537.36 GSA/11.13.8.21.x86"
203.215.178.110 - - [05/Jan/2026:16:18:19 +0800] "GET /wp-content/plugins/elementor-pro/assets/js/frontend.min.js?ver=3.24.3 HTTP/1.1" 200 6701 "https://impeccablerenovations.com.au/" "Mozilla/5.0 (Linux; Android 11; sdk_gphone_x86 Build/RSR1.240422.006; wv) AppleWebKit/537.36 (KHTML, like Gecko) Version/4.0 Chrome/83.0.4103.106 Mobile Safari/537.36 GSA/11.13.8.21.x86"
203.215.178.110 - - [05/Jan/2026:16:18:19 +0800] "GET /wp-includes/js/jquery/ui/core.min.js?ver=1.13.3 HTTP/1.1" 200 7106 "https://impeccablerenovations.com.au/" "Mozilla/5.0 (Linux; Android 11; sdk_gphone_x86 Build/RSR1.240422.006; wv) AppleWebKit/537.36 (KHTML, like Gecko) Version/4.0 Chrome/83.0.4103.106 Mobile Safari/537.36 GSA/11.13.8.21.x86"
203.215.178.110 - - [05/Jan/2026:16:18:19 +0800] "GET /wp-content/plugins/elementor/assets/js/frontend.min.js?ver=3.24.5 HTTP/1.1" 200 12504 "https://impeccablerenovations.com.au/" "Mozilla/5.0 (Linux; Android 11; sdk_gphone_x86 Build/RSR1.240422.006; wv) AppleWebKit/537.36 (KHTML, like Gecko) Version/4.0 Chrome/83.0.4103.106 Mobile Safari/537.36 GSA/11.13.8.21.x86"
203.215.178.110 - - [05/Jan/2026:16:18:19 +0800] "GET /wp-content/plugins/elementor-pro/assets/js/elements-handlers.min.js?ver=3.24.3 HTTP/1.1" 200 10138 "https://impeccablerenovations.com.au/" "Mozilla/5.0 (Linux; Android 11; sdk_gphone_x86 Build/RSR1.240422.006; wv) AppleWebKit/537.36 (KHTML, like Gecko) Version/4.0 Chrome/83.0.4103.106 Mobile Safari/537.36 GSA/11.13.8.21.x86"
203.215.178.110 - - [05/Jan/2026:16:18:19 +0800] "GET /wp-content/plugins/buildico-toolkit/assets/js/slick.min.js?ver=1.0.0 HTTP/1.1" 200 10442 "https://impeccablerenovations.com.au/" "Mozilla/5.0 (Linux; Android 11; sdk_gphone_x86 Build/RSR1.240422.006; wv) AppleWebKit/537.36 (KHTML, like Gecko) Version/4.0 Chrome/83.0.4103.106 Mobile Safari/537.36 GSA/11.13.8.21.x86"
203.215.178.110 - - [05/Jan/2026:16:18:19 +0800] "GET /wp-content/plugins/buildico-toolkit/assets/js/main-slider.js?ver=1.0.0 HTTP/1.1" 200 734 "https://impeccablerenovations.com.au/" "Mozilla/5.0 (Linux; Android 11; sdk_gphone_x86 Build/RSR1.240422.006; wv) AppleWebKit/537.36 (KHTML, like Gecko) Version/4.0 Chrome/83.0.4103.106 Mobile Safari/537.36 GSA/11.13.8.21.x86"
203.215.178.110 - - [05/Jan/2026:16:18:19 +0800] "GET /wp-content/plugins/buildico-toolkit/assets/js/el-script.js?ver=1.0.0 HTTP/1.1" 200 698 "https://impeccablerenovations.com.au/" "Mozilla/5.0 (Linux; Android 11; sdk_gphone_x86 Build/RSR1.240422.006; wv) AppleWebKit/537.36 (KHTML, like Gecko) Version/4.0 Chrome/83.0.4103.106 Mobile Safari/537.36 GSA/11.13.8.21.x86"
203.215.178.110 - - [05/Jan/2026:16:18:19 +0800] "GET /wp-content/plugins/google-analytics-premium/assets/js/frontend-gtag.min.js?ver=9.2.4 HTTP/1.1" 200 3277 "https://impeccablerenovations.com.au/" "Mozilla/5.0 (Linux; Android 11; sdk_gphone_x86 Build/RSR1.240422.006; wv) AppleWebKit/537.36 (KHTML, like Gecko) Version/4.0 Chrome/83.0.4103.106 Mobile Safari/537.36 GSA/11.13.8.21.x86"
203.215.178.110 - - [05/Jan/2026:16:18:20 +0800] "GET /wp-includes/js/wp-emoji-release.min.js?ver=6.8.3 HTTP/1.1" 200 5163 "https://impeccablerenovations.com.au/" "Mozilla/5.0 (Linux; Android 11; sdk_gphone_x86 Build/RSR1.240422.006; wv) AppleWebKit/537.36 (KHTML, like Gecko) Version/4.0 Chrome/83.0.4103.106 Mobile Safari/537.36 GSA/11.13.8.21.x86"
203.215.178.110 - - [05/Jan/2026:16:18:20 +0800] "GET /wp-content/plugins/elementor/assets/js/lightbox.26bf6b6c4232d8789c0e.bundle.min.js HTTP/1.1" 200 9568 "https://impeccablerenovations.com.au/" "Mozilla/5.0 (Linux; Android 11; sdk_gphone_x86 Build/RSR1.240422.006; wv) AppleWebKit/537.36 (KHTML, like Gecko) Version/4.0 Chrome/83.0.4103.106 Mobile Safari/537.36 GSA/11.13.8.21.x86"
203.215.178.110 - - [05/Jan/2026:16:18:20 +0800] "GET /wp-content/plugins/elementor/assets/lib/dialog/dialog.min.js?ver=4.9.3 HTTP/1.1" 200 3683 "https://impeccablerenovations.com.au/" "Mozilla/5.0 (Linux; Android 11; sdk_gphone_x86 Build/RSR1.240422.006; wv) AppleWebKit/537.36 (KHTML, like Gecko) Version/4.0 Chrome/83.0.4103.106 Mobile Safari/537.36 GSA/11.13.8.21.x86"
203.215.178.110 - - [05/Jan/2026:16:18:20 +0800] "GET /wp-content/plugins/elementor/assets/css/conditionals/dialog.min.css?ver=3.24.5 HTTP/1.1" 200 1504 "https://impeccablerenovations.com.au/" "Mozilla/5.0 (Linux; Android 11; sdk_gphone_x86 Build/RSR1.240422.006; wv) AppleWebKit/537.36 (KHTML, like Gecko) Version/4.0 Chrome/83.0.4103.106 Mobile Safari/537.36 GSA/11.13.8.21.x86"
203.215.178.110 - - [05/Jan/2026:16:18:20 +0800] "GET /wp-content/plugins/elementor/assets/lib/share-link/share-link.min.js?ver=3.24.5 HTTP/1.1" 200 1169 "https://impeccablerenovations.com.au/" "Mozilla/5.0 (Linux; Android 11; sdk_gphone_x86 Build/RSR1.240422.006; wv) AppleWebKit/537.36 (KHTML, like Gecko) Version/4.0 Chrome/83.0.4103.106 Mobile Safari/537.36 GSA/11.13.8.21.x86"
203.215.178.110 - - [05/Jan/2026:16:18:20 +0800] "GET /wp-content/plugins/elementor/assets/css/conditionals/lightbox.min.css?ver=3.24.5 HTTP/1.1" 200 2021 "https://impeccablerenovations.com.au/" "Mozilla/5.0 (Linux; Android 11; sdk_gphone_x86 Build/RSR1.240422.006; wv) AppleWebKit/537.36 (KHTML, like Gecko) Version/4.0 Chrome/83.0.4103.106 Mobile Safari/537.36 GSA/11.13.8.21.x86"
203.215.178.110 - - [05/Jan/2026:16:18:20 +0800] "GET /wp-content/plugins/elementor/assets/js/text-editor.2c35aafbe5bf0e127950.bundle.min.js HTTP/1.1" 200 666 "https://impeccablerenovations.com.au/" "Mozilla/5.0 (Linux; Android 11; sdk_gphone_x86 Build/RSR1.240422.006; wv) AppleWebKit/537.36 (KHTML, like Gecko) Version/4.0 Chrome/83.0.4103.106 Mobile Safari/537.36 GSA/11.13.8.21.x86"
203.215.178.110 - - [05/Jan/2026:16:18:20 +0800] "GET /wp-content/plugins/elementor/assets/js/video.78c625e89ab767d621c5.bundle.min.js HTTP/1.1" 200 1298 "https://impeccablerenovations.com.au/" "Mozilla/5.0 (Linux; Android 11; sdk_gphone_x86 Build/RSR1.240422.006; wv) AppleWebKit/537.36 (KHTML, like Gecko) Version/4.0 Chrome/83.0.4103.106 Mobile Safari/537.36 GSA/11.13.8.21.x86"
103.4.122.14 - - [05/Jan/2026:16:21:24 +0800] "POST /wp-cron.php?doing_wp_cron=1767601284.6361629962921142578125 HTTP/1.1" 200 - "-" "WordPress/6.8.3; https://impeccablerenovations.com.au"
52.28.162.93 - - [05/Jan/2026:16:21:22 +0800] "HEAD / HTTP/1.1" 200 - "https://impeccablerenovations.com.au/" "Mozilla/5.0+(compatible; UptimeRobot/2.0; http://www.uptimerobot.com/)"
103.4.122.14 - - [05/Jan/2026:16:26:32 +0800] "POST /wp-cron.php?doing_wp_cron=1767601592.7682399749755859375000 HTTP/1.1" 200 - "-" "WordPress/6.8.3; https://impeccablerenovations.com.au"
157.90.156.63 - - [05/Jan/2026:16:26:30 +0800] "HEAD / HTTP/1.1" 200 - "https://impeccablerenovations.com.au/" "Mozilla/5.0+(compatible; UptimeRobot/2.0; http://www.uptimerobot.com/)"
43.130.26.3 - - [05/Jan/2026:16:28:00 +0800] "GET / HTTP/1.1" 403 199 "-" "Mozilla/5.0 (iPhone; CPU iPhone OS 13_2_3 like Mac OS X) AppleWebKit/605.1.15 (KHTML, like Gecko) Version/13.0.3 Mobile/15E148 Safari/604.1"
103.4.122.14 - - [05/Jan/2026:16:31:42 +0800] "POST /wp-cron.php?doing_wp_cron=1767601902.2655429840087890625000 HTTP/1.1" 200 - "-" "WordPress/6.8.3; https://impeccablerenovations.com.au"
52.59.43.236 - - [05/Jan/2026:16:31:40 +0800] "HEAD / HTTP/1.1" 200 - "https://impeccablerenovations.com.au/" "Mozilla/5.0+(compatible; UptimeRobot/2.0; http://www.uptimerobot.com/)"
103.4.122.14 - - [05/Jan/2026:16:36:49 +0800] "POST /wp-cron.php?doing_wp_cron=1767602209.3272240161895751953125 HTTP/1.1" 200 - "-" "WordPress/6.8.3; https://impeccablerenovations.com.au"
157.90.155.240 - - [05/Jan/2026:16:36:47 +0800] "HEAD / HTTP/1.1" 200 - "https://impeccablerenovations.com.au/" "Mozilla/5.0+(compatible; UptimeRobot/2.0; http://www.uptimerobot.com/)"
103.4.122.14 - - [05/Jan/2026:16:41:58 +0800] "POST /wp-cron.php?doing_wp_cron=1767602518.1202039718627929687500 HTTP/1.1" 200 - "-" "WordPress/6.8.3; https://impeccablerenovations.com.au"
128.140.41.193 - - [05/Jan/2026:16:41:56 +0800] "HEAD / HTTP/1.1" 200 - "https://impeccablerenovations.com.au/" "Mozilla/5.0+(compatible; UptimeRobot/2.0; http://www.uptimerobot.com/)"
103.4.122.14 - - [05/Jan/2026:16:41:59 +0800] "POST /wp-admin/admin-ajax.php?action=wordfence_testAjax HTTP/1.1" 200 32 "-" "WordPress/6.8.3; https://impeccablerenovations.com.au"
103.4.122.14 - - [05/Jan/2026:16:42:02 +0800] "GET /wp-admin/admin-ajax.php?action=wordfence_doScan&isFork=0&scanMode=quick&cronKey=77cf623a882f2a8fe7cdcd81f5fc78d4&signature=7fe53b9467520cd457176cf4c5c5a842f42dc99c4d650c9594611ae95e2feb38 HTTP/1.1" 200 - "-" "WordPress/6.8.3; https://impeccablerenovations.com.au"
103.4.122.14 - - [05/Jan/2026:16:47:01 +0800] "POST /wp-cron.php?doing_wp_cron=1767602821.0692439079284667968750 HTTP/1.1" 200 - "-" "WordPress/6.8.3; https://impeccablerenovations.com.au"
114.119.139.220 - - [05/Jan/2026:16:46:59 +0800] "GET /?page_id=667 HTTP/1.1" 200 15676 "https://impeccablerenovations.com.au/category/uncategorized/" "Mozilla/5.0 (Linux; Android 7.0;) AppleWebKit/537.36 (KHTML, like Gecko) Mobile Safari/537.36 (compatible; PetalBot;+https://webmaster.petalsearch.com/site/petalbot)"
3.77.67.4 - - [05/Jan/2026:16:47:04 +0800] "HEAD / HTTP/1.1" 200 - "https://impeccablerenovations.com.au/" "Mozilla/5.0+(compatible; UptimeRobot/2.0; http://www.uptimerobot.com/)"
103.4.122.14 - - [05/Jan/2026:16:52:00 +0800] "POST /wp-cron.php?doing_wp_cron=1767603120.2089409828186035156250 HTTP/1.1" 200 - "-" "WordPress/6.8.3; https://impeccablerenovations.com.au"
54.37.118.65 - - [05/Jan/2026:16:51:58 +0800] "GET /sitemap_index.xml HTTP/1.1" 200 346 "-" "Mozilla/5.0 (compatible; AhrefsBot/7.0; +http://ahrefs.com/robot/)"
37.59.204.147 - - [05/Jan/2026:16:52:05 +0800] "GET /post-sitemap.xml HTTP/1.1" 200 481 "-" "Mozilla/5.0 (compatible; AhrefsBot/7.0; +http://ahrefs.com/robot/)"
52.59.43.236 - - [05/Jan/2026:16:52:11 +0800] "HEAD / HTTP/1.1" 200 - "https://impeccablerenovations.com.au/" "Mozilla/5.0+(compatible; UptimeRobot/2.0; http://www.uptimerobot.com/)"
103.4.122.14 - - [05/Jan/2026:16:52:42 +0800] "POST /wp-cron.php?doing_wp_cron=1767603162.4633679389953613281250 HTTP/1.1" 200 - "-" "WordPress/6.8.3; https://impeccablerenovations.com.au"
51.68.247.215 - - [05/Jan/2026:16:52:40 +0800] "GET /page-sitemap.xml HTTP/1.1" 200 1154 "-" "Mozilla/5.0 (compatible; AhrefsBot/7.0; +http://ahrefs.com/robot/)"
5.39.1.240 - - [05/Jan/2026:16:52:50 +0800] "GET /project-sitemap.xml HTTP/1.1" 200 445 "-" "Mozilla/5.0 (compatible; AhrefsBot/7.0; +http://ahrefs.com/robot/)"
51.75.236.137 - - [05/Jan/2026:16:53:07 +0800] "GET /category-sitemap.xml HTTP/1.1" 200 376 "-" "Mozilla/5.0 (compatible; AhrefsBot/7.0; +http://ahrefs.com/robot/)"
103.4.122.14 - - [05/Jan/2026:16:57:19 +0800] "POST /wp-cron.php?doing_wp_cron=1767603439.1440858840942382812500 HTTP/1.1" 200 - "-" "WordPress/6.8.3; https://impeccablerenovations.com.au"
78.47.98.55 - - [05/Jan/2026:16:57:17 +0800] "HEAD / HTTP/1.1" 200 - "https://impeccablerenovations.com.au/" "Mozilla/5.0+(compatible; UptimeRobot/2.0; http://www.uptimerobot.com/)"
103.4.122.14 - - [05/Jan/2026:16:58:02 +0800] "POST /wp-cron.php?doing_wp_cron=1767603482.4332020282745361328125 HTTP/1.1" 200 - "-" "WordPress/6.8.3; https://impeccablerenovations.com.au"
216.73.216.99 - - [05/Jan/2026:16:58:00 +0800] "GET /robots.txt HTTP/1.1" 200 124 "-" "Mozilla/5.0 AppleWebKit/537.36 (KHTML, like Gecko; compatible; ClaudeBot/1.0; +claudebot@anthropic.com)"
216.73.216.99 - - [05/Jan/2026:16:58:02 +0800] "GET /sitemap_index.xml HTTP/1.1" 200 346 "-" "Mozilla/5.0 AppleWebKit/537.36 (KHTML, like Gecko; compatible; ClaudeBot/1.0; +claudebot@anthropic.com)"
103.4.122.14 - - [05/Jan/2026:17:02:28 +0800] "POST /wp-cron.php?doing_wp_cron=1767603748.0566720962524414062500 HTTP/1.1" 200 - "-" "WordPress/6.8.3; https://impeccablerenovations.com.au"
168.119.53.160 - - [05/Jan/2026:17:02:26 +0800] "HEAD / HTTP/1.1" 200 - "https://impeccablerenovations.com.au/" "Mozilla/5.0+(compatible; UptimeRobot/2.0; http://www.uptimerobot.com/)"
103.4.122.14 - - [05/Jan/2026:17:07:38 +0800] "POST /wp-cron.php?doing_wp_cron=1767604058.0668139457702636718750 HTTP/1.1" 200 - "-" "WordPress/6.8.3; https://impeccablerenovations.com.au"
49.13.164.148 - - [05/Jan/2026:17:07:36 +0800] "HEAD / HTTP/1.1" 200 - "https://impeccablerenovations.com.au/" "Mozilla/5.0+(compatible; UptimeRobot/2.0; http://www.uptimerobot.com/)"
103.4.122.14 - - [05/Jan/2026:17:09:57 +0800] "POST /wp-cron.php?doing_wp_cron=1767604197.4091188907623291015625 HTTP/1.1" 200 - "-" "WordPress/6.8.3; https://impeccablerenovations.com.au"
216.73.216.99 - - [05/Jan/2026:17:09:54 +0800] "GET /sitemap_index.xml HTTP/1.1" 200 346 "-" "Mozilla/5.0 AppleWebKit/537.36 (KHTML, like Gecko; compatible; ClaudeBot/1.0; +claudebot@anthropic.com)"
103.4.122.14 - - [05/Jan/2026:17:12:45 +0800] "POST /wp-cron.php?doing_wp_cron=1767604365.6178209781646728515625 HTTP/1.1" 200 - "-" "WordPress/6.8.3; https://impeccablerenovations.com.au"
128.140.106.114 - - [05/Jan/2026:17:12:43 +0800] "HEAD / HTTP/1.1" 200 - "https://impeccablerenovations.com.au/" "Mozilla/5.0+(compatible; UptimeRobot/2.0; http://www.uptimerobot.com/)"
103.4.122.14 - - [05/Jan/2026:17:17:54 +0800] "POST /wp-cron.php?doing_wp_cron=1767604674.0418529510498046875000 HTTP/1.1" 200 - "-" "WordPress/6.8.3; https://impeccablerenovations.com.au"
159.69.158.189 - - [05/Jan/2026:17:17:52 +0800] "HEAD / HTTP/1.1" 200 - "https://impeccablerenovations.com.au/" "Mozilla/5.0+(compatible; UptimeRobot/2.0; http://www.uptimerobot.com/)"
103.4.122.14 - - [05/Jan/2026:17:23:04 +0800] "POST /wp-cron.php?doing_wp_cron=1767604983.8401539325714111328125 HTTP/1.1" 200 - "-" "WordPress/6.8.3; https://impeccablerenovations.com.au"
52.28.162.93 - - [05/Jan/2026:17:23:02 +0800] "HEAD / HTTP/1.1" 200 - "https://impeccablerenovations.com.au/" "Mozilla/5.0+(compatible; UptimeRobot/2.0; http://www.uptimerobot.com/)"
103.4.122.14 - - [05/Jan/2026:17:27:29 +0800] "POST /wp-cron.php?doing_wp_cron=1767605249.8304939270019531250000 HTTP/1.1" 200 - "-" "WordPress/6.8.3; https://impeccablerenovations.com.au"
171.6.109.210 - - [05/Jan/2026:17:27:28 +0800] "GET /wp-json/wp/v2/posts HTTP/1.1" 200 13220 "-" "Mozilla/5.0 (Windows NT 10.0; Win64; x64) AppleWebKit/537.36 (KHTML, like Gecko) Chrome/120.0.0.0 Safari/537.36"
103.4.122.14 - - [05/Jan/2026:17:28:11 +0800] "POST /wp-cron.php?doing_wp_cron=1767605291.4056329727172851562500 HTTP/1.1" 200 - "-" "WordPress/6.8.3; https://impeccablerenovations.com.au"
18.192.166.72 - - [05/Jan/2026:17:28:09 +0800] "HEAD / HTTP/1.1" 200 - "https://impeccablerenovations.com.au/" "Mozilla/5.0+(compatible; UptimeRobot/2.0; http://www.uptimerobot.com/)"
103.4.122.14 - - [05/Jan/2026:17:33:17 +0800] "POST /wp-cron.php?doing_wp_cron=1767605597.0808839797973632812500 HTTP/1.1" 200 - "-" "WordPress/6.8.3; https://impeccablerenovations.com.au"
52.59.43.236 - - [05/Jan/2026:17:33:15 +0800] "HEAD / HTTP/1.1" 200 - "https://impeccablerenovations.com.au/" "Mozilla/5.0+(compatible; UptimeRobot/2.0; http://www.uptimerobot.com/)"
103.4.122.14 - - [05/Jan/2026:17:38:24 +0800] "POST /wp-cron.php?doing_wp_cron=1767605904.6052989959716796875000 HTTP/1.1" 200 - "-" "WordPress/6.8.3; https://impeccablerenovations.com.au"
142.132.180.39 - - [05/Jan/2026:17:38:22 +0800] "HEAD / HTTP/1.1" 200 - "https://impeccablerenovations.com.au/" "Mozilla/5.0+(compatible; UptimeRobot/2.0; http://www.uptimerobot.com/)"
103.4.122.14 - - [05/Jan/2026:17:43:33 +0800] "POST /wp-cron.php?doing_wp_cron=1767606213.5326550006866455078125 HTTP/1.1" 200 - "-" "WordPress/6.8.3; https://impeccablerenovations.com.au"
167.235.143.113 - - [05/Jan/2026:17:43:31 +0800] "HEAD / HTTP/1.1" 200 - "https://impeccablerenovations.com.au/" "Mozilla/5.0+(compatible; UptimeRobot/2.0; http://www.uptimerobot.com/)"
