216.73.216.99 - - [02/Jan/2026:02:43:05 +0800] "GET /build-it-beautiful/ HTTP/1.1" 200 22954 "https://impeccablerenovations.com.au/build-it-beautiful" "Mozilla/5.0 AppleWebKit/537.36 (KHTML, like Gecko; compatible; ClaudeBot/1.0; +claudebot@anthropic.com)"
216.73.216.99 - - [02/Jan/2026:02:43:06 +0800] "GET /project-filter/commercial-fit-outs HTTP/1.1" 301 - "-" "Mozilla/5.0 AppleWebKit/537.36 (KHTML, like Gecko; compatible; ClaudeBot/1.0; +claudebot@anthropic.com)"
216.73.216.99 - - [02/Jan/2026:02:43:06 +0800] "GET /privacy-policy HTTP/1.1" 301 - "-" "Mozilla/5.0 AppleWebKit/537.36 (KHTML, like Gecko; compatible; ClaudeBot/1.0; +claudebot@anthropic.com)"
216.73.216.99 - - [02/Jan/2026:02:43:07 +0800] "GET /project-filter/commercial-fit-outs/ HTTP/1.1" 200 15923 "https://impeccablerenovations.com.au/project-filter/commercial-fit-outs" "Mozilla/5.0 AppleWebKit/537.36 (KHTML, like Gecko; compatible; ClaudeBot/1.0; +claudebot@anthropic.com)"
216.73.216.99 - - [02/Jan/2026:02:43:08 +0800] "GET /privacy-policy/ HTTP/1.1" 200 25893 "https://impeccablerenovations.com.au/privacy-policy" "Mozilla/5.0 AppleWebKit/537.36 (KHTML, like Gecko; compatible; ClaudeBot/1.0; +claudebot@anthropic.com)"
103.4.122.14 - - [02/Jan/2026:02:44:05 +0800] "POST /wp-cron.php?doing_wp_cron=1767293044.8277380466461181640625 HTTP/1.1" 200 - "-" "WordPress/6.8.3; https://impeccablerenovations.com.au"
216.73.216.99 - - [02/Jan/2026:02:44:03 +0800] "GET /contact-us HTTP/1.1" 301 - "-" "Mozilla/5.0 AppleWebKit/537.36 (KHTML, like Gecko; compatible; ClaudeBot/1.0; +claudebot@anthropic.com)"
216.73.216.99 - - [02/Jan/2026:02:44:05 +0800] "GET /contact-us/ HTTP/1.1" 200 18382 "https://impeccablerenovations.com.au/contact-us" "Mozilla/5.0 AppleWebKit/537.36 (KHTML, like Gecko; compatible; ClaudeBot/1.0; +claudebot@anthropic.com)"
103.4.122.14 - - [02/Jan/2026:02:44:35 +0800] "POST /wp-cron.php?doing_wp_cron=1767293074.8148090839385986328125 HTTP/1.1" 200 - "-" "WordPress/6.8.3; https://impeccablerenovations.com.au"
216.73.216.99 - - [02/Jan/2026:02:44:33 +0800] "GET /working-with-architects HTTP/1.1" 301 - "-" "Mozilla/5.0 AppleWebKit/537.36 (KHTML, like Gecko; compatible; ClaudeBot/1.0; +claudebot@anthropic.com)"
216.73.216.99 - - [02/Jan/2026:02:44:34 +0800] "GET /updates HTTP/1.1" 301 - "-" "Mozilla/5.0 AppleWebKit/537.36 (KHTML, like Gecko; compatible; ClaudeBot/1.0; +claudebot@anthropic.com)"
216.73.216.99 - - [02/Jan/2026:02:44:35 +0800] "GET /working-with-architects/ HTTP/1.1" 200 19340 "https://impeccablerenovations.com.au/working-with-architects" "Mozilla/5.0 AppleWebKit/537.36 (KHTML, like Gecko; compatible; ClaudeBot/1.0; +claudebot@anthropic.com)"
216.73.216.99 - - [02/Jan/2026:02:44:36 +0800] "GET /updates/ HTTP/1.1" 200 18276 "https://impeccablerenovations.com.au/updates" "Mozilla/5.0 AppleWebKit/537.36 (KHTML, like Gecko; compatible; ClaudeBot/1.0; +claudebot@anthropic.com)"
216.73.216.99 - - [02/Jan/2026:02:44:52 +0800] "GET /home-renovations HTTP/1.1" 301 - "-" "Mozilla/5.0 AppleWebKit/537.36 (KHTML, like Gecko; compatible; ClaudeBot/1.0; +claudebot@anthropic.com)"
216.73.216.99 - - [02/Jan/2026:02:44:54 +0800] "GET /home-renovations/ HTTP/1.1" 200 20167 "https://impeccablerenovations.com.au/home-renovations" "Mozilla/5.0 AppleWebKit/537.36 (KHTML, like Gecko; compatible; ClaudeBot/1.0; +claudebot@anthropic.com)"
3.79.134.69 - - [02/Jan/2026:02:45:21 +0800] "HEAD / HTTP/1.1" 200 - "https://impeccablerenovations.com.au/" "Mozilla/5.0+(compatible; UptimeRobot/2.0; http://www.uptimerobot.com/)"
103.4.122.14 - - [02/Jan/2026:02:46:21 +0800] "POST /wp-cron.php?doing_wp_cron=1767293180.9421579837799072265625 HTTP/1.1" 200 - "-" "WordPress/6.8.3; https://impeccablerenovations.com.au"
216.73.216.99 - - [02/Jan/2026:02:46:19 +0800] "GET /project/sydney-eye-clinic HTTP/1.1" 301 - "-" "Mozilla/5.0 AppleWebKit/537.36 (KHTML, like Gecko; compatible; ClaudeBot/1.0; +claudebot@anthropic.com)"
216.73.216.99 - - [02/Jan/2026:02:46:21 +0800] "GET /project/sydney-eye-clinic/ HTTP/1.1" 200 15988 "https://impeccablerenovations.com.au/project/sydney-eye-clinic" "Mozilla/5.0 AppleWebKit/537.36 (KHTML, like Gecko; compatible; ClaudeBot/1.0; +claudebot@anthropic.com)"
103.4.122.14 - - [02/Jan/2026:02:47:16 +0800] "POST /wp-cron.php?doing_wp_cron=1767293236.4029800891876220703125 HTTP/1.1" 200 - "-" "WordPress/6.8.3; https://impeccablerenovations.com.au"
216.73.216.99 - - [02/Jan/2026:02:47:14 +0800] "GET /xmlrpc.php HTTP/1.1" 405 42 "-" "Mozilla/5.0 AppleWebKit/537.36 (KHTML, like Gecko; compatible; ClaudeBot/1.0; +claudebot@anthropic.com)"
216.73.216.99 - - [02/Jan/2026:02:47:15 +0800] "GET /comments/feed HTTP/1.1" 301 - "-" "Mozilla/5.0 AppleWebKit/537.36 (KHTML, like Gecko; compatible; ClaudeBot/1.0; +claudebot@anthropic.com)"
216.73.216.99 - - [02/Jan/2026:02:47:17 +0800] "GET /comments/feed/ HTTP/1.1" 200 459 "https://impeccablerenovations.com.au/comments/feed" "Mozilla/5.0 AppleWebKit/537.36 (KHTML, like Gecko; compatible; ClaudeBot/1.0; +claudebot@anthropic.com)"
103.4.122.14 - - [02/Jan/2026:02:50:31 +0800] "POST /wp-cron.php?doing_wp_cron=1767293431.2060129642486572265625 HTTP/1.1" 200 - "-" "WordPress/6.8.3; https://impeccablerenovations.com.au"
52.59.43.236 - - [02/Jan/2026:02:50:29 +0800] "HEAD / HTTP/1.1" 200 - "https://impeccablerenovations.com.au/" "Mozilla/5.0+(compatible; UptimeRobot/2.0; http://www.uptimerobot.com/)"
72.207.33.64 - - [02/Jan/2026:02:50:30 +0800] "GET / HTTP/1.0" 301 - "http://impeccablerenovations.com.au/" "Mozilla/5.0 (Windows NT 10.0; Win64; x64) AppleWebKit/537.36 (KHTML, like Gecko) Chrome/131.0.0.0 Safari/537.36 Avast/131.0.0.0"
72.207.33.64 - - [02/Jan/2026:02:50:34 +0800] "GET / HTTP/1.0" 200 108894 "https://impeccablerenovations.com.au/" "Mozilla/5.0 (Windows NT 10.0; Win64; x64) AppleWebKit/537.36 (KHTML, like Gecko) Chrome/131.0.0.0 Safari/537.36 Avast/131.0.0.0"
72.207.33.64 - - [02/Jan/2026:02:50:40 +0800] "GET /wp-login.php?action=register HTTP/1.0" 302 - "https://impeccablerenovations.com.au/wp-login.php?action=register" "Mozilla/5.0 (Windows NT 10.0; Win64; x64) AppleWebKit/537.36 (KHTML, like Gecko) Chrome/131.0.0.0 Safari/537.36 Avast/131.0.0.0"
72.207.33.64 - - [02/Jan/2026:02:50:43 +0800] "GET /wp-login.php?registration=disabled HTTP/1.0" 200 7569 "https://impeccablerenovations.com.au/wp-login.php?registration=disabled" "Mozilla/5.0 (Windows NT 10.0; Win64; x64) AppleWebKit/537.36 (KHTML, like Gecko) Chrome/131.0.0.0 Safari/537.36 Avast/131.0.0.0"
103.4.122.14 - - [02/Jan/2026:02:52:41 +0800] "POST /wp-cron.php?doing_wp_cron=1767293561.5866580009460449218750 HTTP/1.1" 200 - "-" "WordPress/6.8.3; https://impeccablerenovations.com.au"
39.48.184.151 - - [02/Jan/2026:02:52:38 +0800] "POST /xmlrpc.php HTTP/1.1" 503 18959 "-" "Mozilla/5.0 (Windows NT 10.0; x64) AppleWebKit/537.36 (KHTML, like Gecko) Chrome/90.0.0.0 Safari/537.36"
103.4.122.14 - - [02/Jan/2026:02:55:13 +0800] "POST /wp-cron.php?doing_wp_cron=1767293713.0908730030059814453125 HTTP/1.1" 200 - "-" "WordPress/6.8.3; https://impeccablerenovations.com.au"
54.39.203.134 - - [02/Jan/2026:02:55:11 +0800] "GET /sitemap_index.xml HTTP/1.1" 200 346 "-" "Mozilla/5.0 (compatible; AhrefsBot/7.0; +http://ahrefs.com/robot/)"
15.235.98.6 - - [02/Jan/2026:02:55:17 +0800] "GET /post-sitemap.xml HTTP/1.1" 200 481 "-" "Mozilla/5.0 (compatible; AhrefsBot/7.0; +http://ahrefs.com/robot/)"
54.39.210.195 - - [02/Jan/2026:02:55:22 +0800] "GET /page-sitemap.xml HTTP/1.1" 200 1154 "-" "Mozilla/5.0 (compatible; AhrefsBot/7.0; +http://ahrefs.com/robot/)"
142.44.228.185 - - [02/Jan/2026:02:55:27 +0800] "GET /project-sitemap.xml HTTP/1.1" 200 445 "-" "Mozilla/5.0 (compatible; AhrefsBot/7.0; +http://ahrefs.com/robot/)"
103.4.122.14 - - [02/Jan/2026:02:55:34 +0800] "POST /wp-cron.php?doing_wp_cron=1767293734.1787428855895996093750 HTTP/1.1" 200 - "-" "WordPress/6.8.3; https://impeccablerenovations.com.au"
142.44.220.92 - - [02/Jan/2026:02:55:33 +0800] "GET /category-sitemap.xml HTTP/1.1" 200 376 "-" "Mozilla/5.0 (compatible; AhrefsBot/7.0; +http://ahrefs.com/robot/)"
128.140.106.114 - - [02/Jan/2026:02:55:38 +0800] "HEAD / HTTP/1.1" 200 - "https://impeccablerenovations.com.au/" "Mozilla/5.0+(compatible; UptimeRobot/2.0; http://www.uptimerobot.com/)"
60.188.57.0 - - [02/Jan/2026:02:59:39 +0800] "GET / HTTP/1.1" 403 199 "-" "Mozilla/5.0 (iPhone; CPU iPhone OS 13_2_3 like Mac OS X) AppleWebKit/605.1.15 (KHTML, like Gecko) Version/13.0.3 Mobile/15E148 Safari/604.1"
103.4.122.14 - - [02/Jan/2026:03:00:46 +0800] "POST /wp-cron.php?doing_wp_cron=1767294045.9560320377349853515625 HTTP/1.1" 200 - "-" "WordPress/6.8.3; https://impeccablerenovations.com.au"
49.13.167.123 - - [02/Jan/2026:03:00:44 +0800] "HEAD / HTTP/1.1" 200 - "https://impeccablerenovations.com.au/" "Mozilla/5.0+(compatible; UptimeRobot/2.0; http://www.uptimerobot.com/)"
103.4.122.14 - - [02/Jan/2026:03:05:54 +0800] "POST /wp-cron.php?doing_wp_cron=1767294354.1178870201110839843750 HTTP/1.1" 200 - "-" "WordPress/6.8.3; https://impeccablerenovations.com.au"
49.13.130.29 - - [02/Jan/2026:03:05:52 +0800] "HEAD / HTTP/1.1" 200 - "https://impeccablerenovations.com.au/" "Mozilla/5.0+(compatible; UptimeRobot/2.0; http://www.uptimerobot.com/)"
103.4.122.14 - - [02/Jan/2026:03:11:02 +0800] "POST /wp-cron.php?doing_wp_cron=1767294662.5518059730529785156250 HTTP/1.1" 200 - "-" "WordPress/6.8.3; https://impeccablerenovations.com.au"
3.77.67.4 - - [02/Jan/2026:03:10:59 +0800] "HEAD / HTTP/1.1" 200 - "https://impeccablerenovations.com.au/" "Mozilla/5.0+(compatible; UptimeRobot/2.0; http://www.uptimerobot.com/)"
103.4.122.14 - - [02/Jan/2026:03:16:11 +0800] "POST /wp-cron.php?doing_wp_cron=1767294970.9729290008544921875000 HTTP/1.1" 200 - "-" "WordPress/6.8.3; https://impeccablerenovations.com.au"
63.178.84.147 - - [02/Jan/2026:03:16:09 +0800] "HEAD / HTTP/1.1" 200 - "https://impeccablerenovations.com.au/" "Mozilla/5.0+(compatible; UptimeRobot/2.0; http://www.uptimerobot.com/)"
103.4.122.14 - - [02/Jan/2026:03:18:15 +0800] "POST /wp-cron.php?doing_wp_cron=1767295095.0782608985900878906250 HTTP/1.1" 200 - "-" "WordPress/6.8.3; https://impeccablerenovations.com.au"
52.164.246.234 - - [02/Jan/2026:03:18:13 +0800] "GET /wp-content/plugins/hellopress/wp_filemanager.php HTTP/1.1" 404 62820 "-" "-"
52.164.246.234 - - [02/Jan/2026:03:18:16 +0800] "GET /lisa.php HTTP/1.1" 404 62777 "-" "-"
52.164.246.234 - - [02/Jan/2026:03:18:17 +0800] "GET /000.php HTTP/1.1" 404 62776 "-" "-"
52.164.246.234 - - [02/Jan/2026:03:18:19 +0800] "GET /xxxx.php HTTP/1.1" 404 62777 "-" "-"
52.164.246.234 - - [02/Jan/2026:03:18:21 +0800] "GET /bless14.php HTTP/1.1" 404 62780 "-" "-"
52.164.246.234 - - [02/Jan/2026:03:18:22 +0800] "GET /ws35.php HTTP/1.1" 404 62777 "-" "-"
52.164.246.234 - - [02/Jan/2026:03:18:24 +0800] "GET /87.php HTTP/1.1" 404 62775 "-" "-"
52.164.246.234 - - [02/Jan/2026:03:18:25 +0800] "GET /nox.php HTTP/1.1" 404 62776 "-" "-"
52.164.246.234 - - [02/Jan/2026:03:18:27 +0800] "GET /mini.php HTTP/1.1" 404 62777 "-" "-"
52.164.246.234 - - [02/Jan/2026:03:18:28 +0800] "GET /acwfihfh.php HTTP/1.1" 404 62781 "-" "-"
52.164.246.234 - - [02/Jan/2026:03:18:30 +0800] "GET /f8.php HTTP/1.1" 404 62775 "-" "-"
52.164.246.234 - - [02/Jan/2026:03:18:33 +0800] "GET /bras.php HTTP/1.1" 403 199 "-" "-"
52.164.246.234 - - [02/Jan/2026:03:18:34 +0800] "GET /bras.php HTTP/1.1" 403 199 "-" "-"
52.164.246.234 - - [02/Jan/2026:03:18:33 +0800] "GET /bras.php HTTP/1.1" 403 199 "-" "-"
52.164.246.234 - - [02/Jan/2026:03:18:34 +0800] "GET /bras.php HTTP/1.1" 403 199 "-" "-"
52.164.246.234 - - [02/Jan/2026:03:18:35 +0800] "GET /an8.php HTTP/1.1" 403 199 "-" "-"
52.164.246.234 - - [02/Jan/2026:03:18:35 +0800] "GET /an8.php HTTP/1.1" 403 199 "-" "-"
52.164.246.234 - - [02/Jan/2026:03:18:36 +0800] "GET /an8.php HTTP/1.1" 403 199 "-" "-"
52.164.246.234 - - [02/Jan/2026:03:18:37 +0800] "GET /an8.php HTTP/1.1" 403 199 "-" "-"
52.164.246.234 - - [02/Jan/2026:03:18:37 +0800] "GET /esp.php HTTP/1.1" 403 199 "-" "-"
52.164.246.234 - - [02/Jan/2026:03:18:38 +0800] "GET /esp.php HTTP/1.1" 403 199 "-" "-"
52.164.246.234 - - [02/Jan/2026:03:18:38 +0800] "GET /esp.php HTTP/1.1" 403 199 "-" "-"
52.164.246.234 - - [02/Jan/2026:03:18:39 +0800] "GET /esp.php HTTP/1.1" 403 199 "-" "-"
52.164.246.234 - - [02/Jan/2026:03:18:39 +0800] "GET /21x.php HTTP/1.1" 403 199 "-" "-"
52.164.246.234 - - [02/Jan/2026:03:18:40 +0800] "GET /21x.php HTTP/1.1" 403 199 "-" "-"
52.164.246.234 - - [02/Jan/2026:03:18:40 +0800] "GET /21x.php HTTP/1.1" 403 199 "-" "-"
52.164.246.234 - - [02/Jan/2026:03:18:41 +0800] "GET /s1.php HTTP/1.1" 403 199 "-" "-"
52.164.246.234 - - [02/Jan/2026:03:18:42 +0800] "GET /s1.php HTTP/1.1" 403 199 "-" "-"
52.164.246.234 - - [02/Jan/2026:03:18:42 +0800] "GET /s1.php HTTP/1.1" 403 199 "-" "-"
52.164.246.234 - - [02/Jan/2026:03:18:43 +0800] "GET /s1.php HTTP/1.1" 403 199 "-" "-"
52.164.246.234 - - [02/Jan/2026:03:18:43 +0800] "GET /ma.php HTTP/1.1" 403 199 "-" "-"
52.164.246.234 - - [02/Jan/2026:03:18:44 +0800] "GET /ma.php HTTP/1.1" 403 199 "-" "-"
52.164.246.234 - - [02/Jan/2026:03:18:44 +0800] "GET /ma.php HTTP/1.1" 403 199 "-" "-"
52.164.246.234 - - [02/Jan/2026:03:18:45 +0800] "GET /ma.php HTTP/1.1" 403 199 "-" "-"
52.164.246.234 - - [02/Jan/2026:03:18:45 +0800] "GET /asf.php HTTP/1.1" 403 199 "-" "-"
52.164.246.234 - - [02/Jan/2026:03:18:46 +0800] "GET /asf.php HTTP/1.1" 403 199 "-" "-"
52.164.246.234 - - [02/Jan/2026:03:18:47 +0800] "GET /asf.php HTTP/1.1" 403 199 "-" "-"
52.164.246.234 - - [02/Jan/2026:03:18:47 +0800] "GET /asf.php HTTP/1.1" 403 199 "-" "-"
52.164.246.234 - - [02/Jan/2026:03:18:48 +0800] "GET /lanz.php HTTP/1.1" 403 199 "-" "-"
52.164.246.234 - - [02/Jan/2026:03:18:48 +0800] "GET /lanz.php HTTP/1.1" 403 199 "-" "-"
52.164.246.234 - - [02/Jan/2026:03:18:49 +0800] "GET /lanz.php HTTP/1.1" 403 199 "-" "-"
52.164.246.234 - - [02/Jan/2026:03:18:49 +0800] "GET /lanz.php HTTP/1.1" 403 199 "-" "-"
52.164.246.234 - - [02/Jan/2026:03:18:50 +0800] "GET /xeeex.php HTTP/1.1" 403 199 "-" "-"
52.164.246.234 - - [02/Jan/2026:03:18:51 +0800] "GET /wpup.php HTTP/1.1" 403 199 "-" "-"
52.164.246.234 - - [02/Jan/2026:03:18:51 +0800] "GET /wpup.php HTTP/1.1" 403 199 "-" "-"
52.164.246.234 - - [02/Jan/2026:03:18:52 +0800] "GET /d996699999.php HTTP/1.1" 403 199 "-" "-"
52.164.246.234 - - [02/Jan/2026:03:18:52 +0800] "GET /d996699999.php HTTP/1.1" 403 199 "-" "-"
52.164.246.234 - - [02/Jan/2026:03:18:53 +0800] "GET /d996699999.php HTTP/1.1" 403 199 "-" "-"
52.164.246.234 - - [02/Jan/2026:03:18:54 +0800] "GET /d996699999.php HTTP/1.1" 403 199 "-" "-"
52.164.246.234 - - [02/Jan/2026:03:18:54 +0800] "GET /ierne.php HTTP/1.1" 403 199 "-" "-"
52.164.246.234 - - [02/Jan/2026:03:18:55 +0800] "GET /ierne.php HTTP/1.1" 403 199 "-" "-"
52.164.246.234 - - [02/Jan/2026:03:18:55 +0800] "GET /ierne.php HTTP/1.1" 403 199 "-" "-"
52.164.246.234 - - [02/Jan/2026:03:18:56 +0800] "GET /xde.php HTTP/1.1" 403 199 "-" "-"
52.164.246.234 - - [02/Jan/2026:03:18:56 +0800] "GET /xde.php HTTP/1.1" 403 199 "-" "-"
52.164.246.234 - - [02/Jan/2026:03:18:58 +0800] "GET /xde.php HTTP/1.1" 403 199 "-" "-"
52.164.246.234 - - [02/Jan/2026:03:18:58 +0800] "GET /1yade.php HTTP/1.1" 403 199 "-" "-"
52.164.246.234 - - [02/Jan/2026:03:18:57 +0800] "GET /xde.php HTTP/1.1" 403 199 "-" "-"
52.164.246.234 - - [02/Jan/2026:03:18:59 +0800] "GET /1yade.php HTTP/1.1" 403 199 "-" "-"
52.164.246.234 - - [02/Jan/2026:03:18:59 +0800] "GET /1yade.php HTTP/1.1" 403 199 "-" "-"
52.164.246.234 - - [02/Jan/2026:03:19:00 +0800] "GET /1yade.php HTTP/1.1" 403 199 "-" "-"
52.164.246.234 - - [02/Jan/2026:03:19:00 +0800] "GET /gettest.php HTTP/1.1" 403 199 "-" "-"
52.164.246.234 - - [02/Jan/2026:03:19:01 +0800] "GET /bjfl.php HTTP/1.1" 403 199 "-" "-"
103.4.122.14 - - [02/Jan/2026:03:21:18 +0800] "POST /wp-cron.php?doing_wp_cron=1767295278.5292959213256835937500 HTTP/1.1" 200 - "-" "WordPress/6.8.3; https://impeccablerenovations.com.au"
142.132.180.39 - - [02/Jan/2026:03:21:16 +0800] "HEAD / HTTP/1.1" 200 - "https://impeccablerenovations.com.au/" "Mozilla/5.0+(compatible; UptimeRobot/2.0; http://www.uptimerobot.com/)"
103.4.122.14 - - [02/Jan/2026:03:26:28 +0800] "POST /wp-cron.php?doing_wp_cron=1767295587.8353281021118164062500 HTTP/1.1" 200 - "-" "WordPress/6.8.3; https://impeccablerenovations.com.au"
78.46.190.63 - - [02/Jan/2026:03:26:26 +0800] "HEAD / HTTP/1.1" 200 - "https://impeccablerenovations.com.au/" "Mozilla/5.0+(compatible; UptimeRobot/2.0; http://www.uptimerobot.com/)"
103.4.122.14 - - [02/Jan/2026:03:31:35 +0800] "POST /wp-cron.php?doing_wp_cron=1767295895.3773539066314697265625 HTTP/1.1" 200 - "-" "WordPress/6.8.3; https://impeccablerenovations.com.au"
78.46.190.63 - - [02/Jan/2026:03:31:33 +0800] "HEAD / HTTP/1.1" 200 - "https://impeccablerenovations.com.au/" "Mozilla/5.0+(compatible; UptimeRobot/2.0; http://www.uptimerobot.com/)"
103.4.122.14 - - [02/Jan/2026:03:36:42 +0800] "POST /wp-cron.php?doing_wp_cron=1767296202.8046560287475585937500 HTTP/1.1" 200 - "-" "WordPress/6.8.3; https://impeccablerenovations.com.au"
168.119.53.160 - - [02/Jan/2026:03:36:41 +0800] "HEAD / HTTP/1.1" 200 - "https://impeccablerenovations.com.au/" "Mozilla/5.0+(compatible; UptimeRobot/2.0; http://www.uptimerobot.com/)"
103.4.122.14 - - [02/Jan/2026:03:41:50 +0800] "POST /wp-cron.php?doing_wp_cron=1767296510.0492899417877197265625 HTTP/1.1" 200 - "-" "WordPress/6.8.3; https://impeccablerenovations.com.au"
159.69.158.189 - - [02/Jan/2026:03:41:48 +0800] "HEAD / HTTP/1.1" 200 - "https://impeccablerenovations.com.au/" "Mozilla/5.0+(compatible; UptimeRobot/2.0; http://www.uptimerobot.com/)"
103.4.122.14 - - [02/Jan/2026:03:46:58 +0800] "POST /wp-cron.php?doing_wp_cron=1767296817.8850910663604736328125 HTTP/1.1" 200 - "-" "WordPress/6.8.3; https://impeccablerenovations.com.au"
78.47.98.55 - - [02/Jan/2026:03:46:56 +0800] "HEAD / HTTP/1.1" 200 - "https://impeccablerenovations.com.au/" "Mozilla/5.0+(compatible; UptimeRobot/2.0; http://www.uptimerobot.com/)"
103.4.122.14 - - [02/Jan/2026:03:52:06 +0800] "POST /wp-cron.php?doing_wp_cron=1767297125.8727910518646240234375 HTTP/1.1" 200 - "-" "WordPress/6.8.3; https://impeccablerenovations.com.au"
78.47.98.55 - - [02/Jan/2026:03:52:04 +0800] "HEAD / HTTP/1.1" 200 - "https://impeccablerenovations.com.au/" "Mozilla/5.0+(compatible; UptimeRobot/2.0; http://www.uptimerobot.com/)"
103.4.122.14 - - [02/Jan/2026:03:52:57 +0800] "POST /wp-cron.php?doing_wp_cron=1767297177.9270820617675781250000 HTTP/1.1" 200 - "-" "WordPress/6.8.3; https://impeccablerenovations.com.au"
92.205.6.124 - - [02/Jan/2026:03:52:55 +0800] "GET /wp-login.php HTTP/1.1" 200 2167 "-" "Mozilla/5.0 (Windows NT 6.1; Win64; x64) AppleWebKit/537.36 (KHTML, like Gecko) Chrome/65.0.3325.181 Safari/537.36 OPR/52.0.2871.99"
92.205.6.124 - - [02/Jan/2026:03:52:58 +0800] "POST /wp-login.php HTTP/1.1" 503 18959 "https://impeccablerenovations.com.au/wp-login.php" "Mozilla/5.0 (Windows NT 6.1; Win64; x64) AppleWebKit/537.36 (KHTML, like Gecko) Chrome/65.0.3325.181 Safari/537.36 OPR/52.0.2871.99"
103.4.122.14 - - [02/Jan/2026:03:57:16 +0800] "POST /wp-cron.php?doing_wp_cron=1767297436.5979969501495361328125 HTTP/1.1" 200 - "-" "WordPress/6.8.3; https://impeccablerenovations.com.au"
52.28.162.93 - - [02/Jan/2026:03:57:14 +0800] "HEAD / HTTP/1.1" 200 - "https://impeccablerenovations.com.au/" "Mozilla/5.0+(compatible; UptimeRobot/2.0; http://www.uptimerobot.com/)"
103.4.122.14 - - [02/Jan/2026:04:02:25 +0800] "POST /wp-cron.php?doing_wp_cron=1767297745.5810189247131347656250 HTTP/1.1" 200 - "-" "WordPress/6.8.3; https://impeccablerenovations.com.au"
18.192.166.72 - - [02/Jan/2026:04:02:23 +0800] "HEAD / HTTP/1.1" 200 - "https://impeccablerenovations.com.au/" "Mozilla/5.0+(compatible; UptimeRobot/2.0; http://www.uptimerobot.com/)"
103.4.122.14 - - [02/Jan/2026:04:06:07 +0800] "POST /wp-cron.php?doing_wp_cron=1767297967.3510420322418212890625 HTTP/1.1" 200 - "-" "WordPress/6.8.3; https://impeccablerenovations.com.au"
216.73.216.99 - - [02/Jan/2026:04:06:05 +0800] "GET /robots.txt HTTP/1.1" 200 124 "-" "Mozilla/5.0 AppleWebKit/537.36 (KHTML, like Gecko; compatible; ClaudeBot/1.0; +claudebot@anthropic.com)"
216.73.216.99 - - [02/Jan/2026:04:06:07 +0800] "GET /project-filter/commercial-fit-outs/feed HTTP/1.1" 301 - "-" "Mozilla/5.0 AppleWebKit/537.36 (KHTML, like Gecko; compatible; ClaudeBot/1.0; +claudebot@anthropic.com)"
216.73.216.99 - - [02/Jan/2026:04:06:09 +0800] "GET /project-filter/commercial-fit-outs/feed/ HTTP/1.1" 200 1188 "https://impeccablerenovations.com.au/project-filter/commercial-fit-outs/feed" "Mozilla/5.0 AppleWebKit/537.36 (KHTML, like Gecko; compatible; ClaudeBot/1.0; +claudebot@anthropic.com)"
103.4.122.14 - - [02/Jan/2026:04:06:44 +0800] "POST /wp-cron.php?doing_wp_cron=1767298004.5267410278320312500000 HTTP/1.1" 200 - "-" "WordPress/6.8.3; https://impeccablerenovations.com.au"
216.73.216.99 - - [02/Jan/2026:04:06:43 +0800] "GET /comments/feed HTTP/1.1" 301 - "-" "Mozilla/5.0 AppleWebKit/537.36 (KHTML, like Gecko; compatible; ClaudeBot/1.0; +claudebot@anthropic.com)"
216.73.216.99 - - [02/Jan/2026:04:06:45 +0800] "GET /comments/feed/ HTTP/1.1" 200 459 "https://impeccablerenovations.com.au/comments/feed" "Mozilla/5.0 AppleWebKit/537.36 (KHTML, like Gecko; compatible; ClaudeBot/1.0; +claudebot@anthropic.com)"
103.4.122.14 - - [02/Jan/2026:04:07:34 +0800] "POST /wp-cron.php?doing_wp_cron=1767298054.5851199626922607421875 HTTP/1.1" 200 - "-" "WordPress/6.8.3; https://impeccablerenovations.com.au"
78.46.190.63 - - [02/Jan/2026:04:07:32 +0800] "HEAD / HTTP/1.1" 200 - "https://impeccablerenovations.com.au/" "Mozilla/5.0+(compatible; UptimeRobot/2.0; http://www.uptimerobot.com/)"
216.73.216.99 - - [02/Jan/2026:04:10:33 +0800] "GET /contact-us HTTP/1.1" 301 - "-" "Mozilla/5.0 AppleWebKit/537.36 (KHTML, like Gecko; compatible; ClaudeBot/1.0; +claudebot@anthropic.com)"
103.4.122.14 - - [02/Jan/2026:04:10:35 +0800] "POST /wp-cron.php?doing_wp_cron=1767298234.9742949008941650390625 HTTP/1.1" 200 - "-" "WordPress/6.8.3; https://impeccablerenovations.com.au"
216.73.216.99 - - [02/Jan/2026:04:10:33 +0800] "GET /working-with-architects HTTP/1.1" 301 - "-" "Mozilla/5.0 AppleWebKit/537.36 (KHTML, like Gecko; compatible; ClaudeBot/1.0; +claudebot@anthropic.com)"
216.73.216.99 - - [02/Jan/2026:04:10:35 +0800] "GET /contact-us/ HTTP/1.1" 200 18382 "https://impeccablerenovations.com.au/contact-us" "Mozilla/5.0 AppleWebKit/537.36 (KHTML, like Gecko; compatible; ClaudeBot/1.0; +claudebot@anthropic.com)"
216.73.216.99 - - [02/Jan/2026:04:10:35 +0800] "GET /working-with-architects/ HTTP/1.1" 200 19340 "https://impeccablerenovations.com.au/working-with-architects" "Mozilla/5.0 AppleWebKit/537.36 (KHTML, like Gecko; compatible; ClaudeBot/1.0; +claudebot@anthropic.com)"
216.73.216.99 - - [02/Jan/2026:04:10:55 +0800] "GET /home-renovations HTTP/1.1" 301 - "-" "Mozilla/5.0 AppleWebKit/537.36 (KHTML, like Gecko; compatible; ClaudeBot/1.0; +claudebot@anthropic.com)"
216.73.216.99 - - [02/Jan/2026:04:10:57 +0800] "GET /home-renovations/ HTTP/1.1" 200 20167 "https://impeccablerenovations.com.au/home-renovations" "Mozilla/5.0 AppleWebKit/537.36 (KHTML, like Gecko; compatible; ClaudeBot/1.0; +claudebot@anthropic.com)"
103.4.122.14 - - [02/Jan/2026:04:12:43 +0800] "POST /wp-cron.php?doing_wp_cron=1767298363.7150928974151611328125 HTTP/1.1" 200 - "-" "WordPress/6.8.3; https://impeccablerenovations.com.au"
78.46.190.63 - - [02/Jan/2026:04:12:42 +0800] "HEAD / HTTP/1.1" 200 - "https://impeccablerenovations.com.au/" "Mozilla/5.0+(compatible; UptimeRobot/2.0; http://www.uptimerobot.com/)"
103.4.122.14 - - [02/Jan/2026:04:16:45 +0800] "POST /wp-cron.php?doing_wp_cron=1767298605.2425289154052734375000 HTTP/1.1" 200 - "-" "WordPress/6.8.3; https://impeccablerenovations.com.au"
216.73.216.99 - - [02/Jan/2026:04:16:43 +0800] "GET /project/specialty-carpentry HTTP/1.1" 301 - "-" "Mozilla/5.0 AppleWebKit/537.36 (KHTML, like Gecko; compatible; ClaudeBot/1.0; +claudebot@anthropic.com)"
216.73.216.99 - - [02/Jan/2026:04:16:45 +0800] "GET /project/home/ HTTP/1.1" 200 15893 "https://impeccablerenovations.com.au/project/specialty-carpentry" "Mozilla/5.0 AppleWebKit/537.36 (KHTML, like Gecko; compatible; ClaudeBot/1.0; +claudebot@anthropic.com)"
103.4.122.14 - - [02/Jan/2026:04:17:51 +0800] "POST /wp-cron.php?doing_wp_cron=1767298671.4173181056976318359375 HTTP/1.1" 200 - "-" "WordPress/6.8.3; https://impeccablerenovations.com.au"
3.77.67.4 - - [02/Jan/2026:04:17:49 +0800] "HEAD / HTTP/1.1" 200 - "https://impeccablerenovations.com.au/" "Mozilla/5.0+(compatible; UptimeRobot/2.0; http://www.uptimerobot.com/)"
103.4.122.14 - - [02/Jan/2026:04:18:53 +0800] "POST /wp-cron.php?doing_wp_cron=1767298732.9677000045776367187500 HTTP/1.1" 200 - "-" "WordPress/6.8.3; https://impeccablerenovations.com.au"
216.73.216.99 - - [02/Jan/2026:04:18:51 +0800] "GET /2022/03/08/launching-our-new-brand-and-website HTTP/1.1" 301 - "-" "Mozilla/5.0 AppleWebKit/537.36 (KHTML, like Gecko; compatible; ClaudeBot/1.0; +claudebot@anthropic.com)"
216.73.216.99 - - [02/Jan/2026:04:18:52 +0800] "GET /author/gbdev HTTP/1.1" 301 - "-" "Mozilla/5.0 AppleWebKit/537.36 (KHTML, like Gecko; compatible; ClaudeBot/1.0; +claudebot@anthropic.com)"
216.73.216.99 - - [02/Jan/2026:04:18:53 +0800] "GET /author/gbdev/ HTTP/1.1" 200 16131 "https://impeccablerenovations.com.au/author/gbdev" "Mozilla/5.0 AppleWebKit/537.36 (KHTML, like Gecko; compatible; ClaudeBot/1.0; +claudebot@anthropic.com)"
216.73.216.99 - - [02/Jan/2026:04:18:53 +0800] "GET /2022/03/08/launching-our-new-brand-and-website/ HTTP/1.1" 200 20445 "https://impeccablerenovations.com.au/2022/03/08/launching-our-new-brand-and-website" "Mozilla/5.0 AppleWebKit/537.36 (KHTML, like Gecko; compatible; ClaudeBot/1.0; +claudebot@anthropic.com)"
103.4.122.14 - - [02/Jan/2026:04:23:00 +0800] "POST /wp-cron.php?doing_wp_cron=1767298980.0296850204467773437500 HTTP/1.1" 200 - "-" "WordPress/6.8.3; https://impeccablerenovations.com.au"
167.235.143.113 - - [02/Jan/2026:04:22:58 +0800] "HEAD / HTTP/1.1" 200 - "https://impeccablerenovations.com.au/" "Mozilla/5.0+(compatible; UptimeRobot/2.0; http://www.uptimerobot.com/)"
103.4.122.14 - - [02/Jan/2026:04:28:12 +0800] "POST /wp-cron.php?doing_wp_cron=1767299292.1357560157775878906250 HTTP/1.1" 200 - "-" "WordPress/6.8.3; https://impeccablerenovations.com.au"
168.119.123.75 - - [02/Jan/2026:04:28:10 +0800] "HEAD / HTTP/1.1" 200 - "https://impeccablerenovations.com.au/" "Mozilla/5.0+(compatible; UptimeRobot/2.0; http://www.uptimerobot.com/)"
103.4.122.14 - - [02/Jan/2026:04:33:19 +0800] "POST /wp-cron.php?doing_wp_cron=1767299599.2112960815429687500000 HTTP/1.1" 200 - "-" "WordPress/6.8.3; https://impeccablerenovations.com.au"
167.235.143.113 - - [02/Jan/2026:04:33:17 +0800] "HEAD / HTTP/1.1" 200 - "https://impeccablerenovations.com.au/" "Mozilla/5.0+(compatible; UptimeRobot/2.0; http://www.uptimerobot.com/)"
103.4.122.14 - - [02/Jan/2026:04:38:27 +0800] "POST /wp-cron.php?doing_wp_cron=1767299907.4082500934600830078125 HTTP/1.1" 200 - "-" "WordPress/6.8.3; https://impeccablerenovations.com.au"
3.77.67.4 - - [02/Jan/2026:04:38:25 +0800] "HEAD / HTTP/1.1" 200 - "https://impeccablerenovations.com.au/" "Mozilla/5.0+(compatible; UptimeRobot/2.0; http://www.uptimerobot.com/)"
103.4.122.14 - - [02/Jan/2026:04:41:19 +0800] "POST /wp-cron.php?doing_wp_cron=1767300079.5229210853576660156250 HTTP/1.1" 200 - "-" "WordPress/6.8.3; https://impeccablerenovations.com.au"
114.119.152.54 - - [02/Jan/2026:04:41:17 +0800] "GET /post-sitemap.xml HTTP/1.1" 200 481 "-" "Mozilla/5.0 (Linux; Android 7.0;) AppleWebKit/537.36 (KHTML, like Gecko) Mobile Safari/537.36 (compatible; PetalBot;+https://webmaster.petalsearch.com/site/petalbot)"
103.4.122.14 - - [02/Jan/2026:04:43:34 +0800] "POST /wp-cron.php?doing_wp_cron=1767300214.6385030746459960937500 HTTP/1.1" 200 - "-" "WordPress/6.8.3; https://impeccablerenovations.com.au"
167.235.143.113 - - [02/Jan/2026:04:43:32 +0800] "HEAD / HTTP/1.1" 200 - "https://impeccablerenovations.com.au/" "Mozilla/5.0+(compatible; UptimeRobot/2.0; http://www.uptimerobot.com/)"
103.4.122.14 - - [02/Jan/2026:04:48:46 +0800] "POST /wp-cron.php?doing_wp_cron=1767300526.3933420181274414062500 HTTP/1.1" 200 - "-" "WordPress/6.8.3; https://impeccablerenovations.com.au"
168.119.96.239 - - [02/Jan/2026:04:48:44 +0800] "HEAD / HTTP/1.1" 200 - "https://impeccablerenovations.com.au/" "Mozilla/5.0+(compatible; UptimeRobot/2.0; http://www.uptimerobot.com/)"
103.4.122.14 - - [02/Jan/2026:04:52:11 +0800] "POST /wp-cron.php?doing_wp_cron=1767300731.6369519233703613281250 HTTP/1.1" 200 - "-" "WordPress/6.8.3; https://impeccablerenovations.com.au"
216.73.216.99 - - [02/Jan/2026:04:52:09 +0800] "GET /sitemap_index.xml HTTP/1.1" 200 346 "-" "Mozilla/5.0 AppleWebKit/537.36 (KHTML, like Gecko; compatible; ClaudeBot/1.0; +claudebot@anthropic.com)"
103.4.122.14 - - [02/Jan/2026:04:53:57 +0800] "POST /wp-cron.php?doing_wp_cron=1767300837.8150091171264648437500 HTTP/1.1" 200 - "-" "WordPress/6.8.3; https://impeccablerenovations.com.au"
78.46.190.63 - - [02/Jan/2026:04:53:56 +0800] "HEAD / HTTP/1.1" 200 - "https://impeccablerenovations.com.au/" "Mozilla/5.0+(compatible; UptimeRobot/2.0; http://www.uptimerobot.com/)"
103.4.122.14 - - [02/Jan/2026:04:59:06 +0800] "POST /wp-cron.php?doing_wp_cron=1767301145.9107229709625244140625 HTTP/1.1" 200 - "-" "WordPress/6.8.3; https://impeccablerenovations.com.au"
168.119.53.160 - - [02/Jan/2026:04:59:04 +0800] "HEAD / HTTP/1.1" 200 - "https://impeccablerenovations.com.au/" "Mozilla/5.0+(compatible; UptimeRobot/2.0; http://www.uptimerobot.com/)"
103.4.122.14 - - [02/Jan/2026:05:04:14 +0800] "POST /wp-cron.php?doing_wp_cron=1767301453.9821310043334960937500 HTTP/1.1" 200 - "-" "WordPress/6.8.3; https://impeccablerenovations.com.au"
168.119.53.160 - - [02/Jan/2026:05:04:12 +0800] "HEAD / HTTP/1.1" 200 - "https://impeccablerenovations.com.au/" "Mozilla/5.0+(compatible; UptimeRobot/2.0; http://www.uptimerobot.com/)"
103.4.122.14 - - [02/Jan/2026:05:09:23 +0800] "POST /wp-cron.php?doing_wp_cron=1767301762.9117228984832763671875 HTTP/1.1" 200 - "-" "WordPress/6.8.3; https://impeccablerenovations.com.au"
78.47.173.76 - - [02/Jan/2026:05:09:21 +0800] "HEAD / HTTP/1.1" 200 - "https://impeccablerenovations.com.au/" "Mozilla/5.0+(compatible; UptimeRobot/2.0; http://www.uptimerobot.com/)"
103.4.122.14 - - [02/Jan/2026:05:14:35 +0800] "POST /wp-cron.php?doing_wp_cron=1767302074.9834320545196533203125 HTTP/1.1" 200 - "-" "WordPress/6.8.3; https://impeccablerenovations.com.au"
157.90.156.63 - - [02/Jan/2026:05:14:32 +0800] "HEAD / HTTP/1.1" 200 - "https://impeccablerenovations.com.au/" "Mozilla/5.0+(compatible; UptimeRobot/2.0; http://www.uptimerobot.com/)"
216.244.66.233 - - [02/Jan/2026:05:15:04 +0800] "GET /robots.txt HTTP/1.1" 200 132 "-" "Mozilla/5.0 (compatible; DotBot/1.2; +https://opensiteexplorer.org/dotbot; help@moz.com)"
103.4.122.14 - - [02/Jan/2026:05:19:42 +0800] "POST /wp-cron.php?doing_wp_cron=1767302382.6506459712982177734375 HTTP/1.1" 200 - "-" "WordPress/6.8.3; https://impeccablerenovations.com.au"
52.59.43.236 - - [02/Jan/2026:05:19:40 +0800] "HEAD / HTTP/1.1" 200 - "https://impeccablerenovations.com.au/" "Mozilla/5.0+(compatible; UptimeRobot/2.0; http://www.uptimerobot.com/)"
103.4.122.14 - - [02/Jan/2026:05:24:51 +0800] "POST /wp-cron.php?doing_wp_cron=1767302690.7260229587554931640625 HTTP/1.1" 200 - "-" "WordPress/6.8.3; https://impeccablerenovations.com.au"
168.119.53.160 - - [02/Jan/2026:05:24:49 +0800] "HEAD / HTTP/1.1" 200 - "https://impeccablerenovations.com.au/" "Mozilla/5.0+(compatible; UptimeRobot/2.0; http://www.uptimerobot.com/)"
216.244.66.233 - - [02/Jan/2026:05:26:43 +0800] "GET /wp-content/uploads/2022/01/Swimming-Pool-1-HR.png HTTP/1.1" 200 1775255 "-" "Mozilla/5.0 (compatible; DotBot/1.2; +https://opensiteexplorer.org/dotbot; help@moz.com)"
103.4.122.14 - - [02/Jan/2026:05:29:59 +0800] "POST /wp-cron.php?doing_wp_cron=1767302999.0187759399414062500000 HTTP/1.1" 200 - "-" "WordPress/6.8.3; https://impeccablerenovations.com.au"
168.119.96.239 - - [02/Jan/2026:05:29:57 +0800] "HEAD / HTTP/1.1" 200 - "https://impeccablerenovations.com.au/" "Mozilla/5.0+(compatible; UptimeRobot/2.0; http://www.uptimerobot.com/)"
103.4.122.14 - - [02/Jan/2026:05:34:00 +0800] "POST /wp-cron.php?doing_wp_cron=1767303240.4086780548095703125000 HTTP/1.1" 200 - "-" "WordPress/6.8.3; https://impeccablerenovations.com.au"
216.73.216.99 - - [02/Jan/2026:05:33:58 +0800] "GET /robots.txt HTTP/1.1" 200 124 "-" "Mozilla/5.0 AppleWebKit/537.36 (KHTML, like Gecko; compatible; ClaudeBot/1.0; +claudebot@anthropic.com)"
216.73.216.99 - - [02/Jan/2026:05:34:00 +0800] "GET /sitemap_index.xml HTTP/1.1" 200 346 "-" "Mozilla/5.0 AppleWebKit/537.36 (KHTML, like Gecko; compatible; ClaudeBot/1.0; +claudebot@anthropic.com)"
103.4.122.14 - - [02/Jan/2026:05:35:06 +0800] "POST /wp-cron.php?doing_wp_cron=1767303306.3058910369873046875000 HTTP/1.1" 200 - "-" "WordPress/6.8.3; https://impeccablerenovations.com.au"
18.192.166.72 - - [02/Jan/2026:05:35:04 +0800] "HEAD / HTTP/1.1" 200 - "https://impeccablerenovations.com.au/" "Mozilla/5.0+(compatible; UptimeRobot/2.0; http://www.uptimerobot.com/)"
103.4.122.14 - - [02/Jan/2026:05:35:43 +0800] "POST /wp-cron.php?doing_wp_cron=1767303343.1271259784698486328125 HTTP/1.1" 200 - "-" "WordPress/6.8.3; https://impeccablerenovations.com.au"
216.73.216.99 - - [02/Jan/2026:05:35:41 +0800] "GET /project/specialty-carpentry HTTP/1.1" 301 - "-" "Mozilla/5.0 AppleWebKit/537.36 (KHTML, like Gecko; compatible; ClaudeBot/1.0; +claudebot@anthropic.com)"
216.73.216.99 - - [02/Jan/2026:05:35:43 +0800] "GET /project/home/ HTTP/1.1" 200 15893 "https://impeccablerenovations.com.au/project/specialty-carpentry" "Mozilla/5.0 AppleWebKit/537.36 (KHTML, like Gecko; compatible; ClaudeBot/1.0; +claudebot@anthropic.com)"
216.73.216.99 - - [02/Jan/2026:05:36:22 +0800] "GET /project/home HTTP/1.1" 301 - "-" "Mozilla/5.0 AppleWebKit/537.36 (KHTML, like Gecko; compatible; ClaudeBot/1.0; +claudebot@anthropic.com)"
216.73.216.99 - - [02/Jan/2026:05:36:23 +0800] "GET /project/home/ HTTP/1.1" 200 15880 "https://impeccablerenovations.com.au/project/home" "Mozilla/5.0 AppleWebKit/537.36 (KHTML, like Gecko; compatible; ClaudeBot/1.0; +claudebot@anthropic.com)"
103.4.122.14 - - [02/Jan/2026:05:40:15 +0800] "POST /wp-cron.php?doing_wp_cron=1767303615.5724549293518066406250 HTTP/1.1" 200 - "-" "WordPress/6.8.3; https://impeccablerenovations.com.au"
88.99.80.227 - - [02/Jan/2026:05:40:13 +0800] "HEAD / HTTP/1.1" 200 - "https://impeccablerenovations.com.au/" "Mozilla/5.0+(compatible; UptimeRobot/2.0; http://www.uptimerobot.com/)"
103.4.122.14 - - [02/Jan/2026:05:40:34 +0800] "POST /wp-cron.php?doing_wp_cron=1767303634.1714870929718017578125 HTTP/1.1" 200 - "-" "WordPress/6.8.3; https://impeccablerenovations.com.au"
51.161.37.215 - - [02/Jan/2026:05:40:32 +0800] "GET /sitemap_index.xml HTTP/1.1" 200 346 "-" "Mozilla/5.0 (compatible; AhrefsBot/7.0; +http://ahrefs.com/robot/)"
15.235.98.212 - - [02/Jan/2026:05:40:38 +0800] "GET /post-sitemap.xml HTTP/1.1" 200 481 "-" "Mozilla/5.0 (compatible; AhrefsBot/7.0; +http://ahrefs.com/robot/)"
54.39.89.21 - - [02/Jan/2026:05:40:43 +0800] "GET /page-sitemap.xml HTTP/1.1" 200 1154 "-" "Mozilla/5.0 (compatible; AhrefsBot/7.0; +http://ahrefs.com/robot/)"
54.39.136.130 - - [02/Jan/2026:05:40:49 +0800] "GET /project-sitemap.xml HTTP/1.1" 200 445 "-" "Mozilla/5.0 (compatible; AhrefsBot/7.0; +http://ahrefs.com/robot/)"
15.235.96.152 - - [02/Jan/2026:05:40:54 +0800] "GET /category-sitemap.xml HTTP/1.1" 200 376 "-" "Mozilla/5.0 (compatible; AhrefsBot/7.0; +http://ahrefs.com/robot/)"
103.4.122.14 - - [02/Jan/2026:05:45:24 +0800] "POST /wp-cron.php?doing_wp_cron=1767303924.5776929855346679687500 HTTP/1.1" 200 - "-" "WordPress/6.8.3; https://impeccablerenovations.com.au"
157.90.156.63 - - [02/Jan/2026:05:45:22 +0800] "HEAD / HTTP/1.1" 200 - "https://impeccablerenovations.com.au/" "Mozilla/5.0+(compatible; UptimeRobot/2.0; http://www.uptimerobot.com/)"
216.73.216.99 - - [02/Jan/2026:05:45:24 +0800] "GET /author/gbdev/feed HTTP/1.1" 301 - "-" "Mozilla/5.0 AppleWebKit/537.36 (KHTML, like Gecko; compatible; ClaudeBot/1.0; +claudebot@anthropic.com)"
216.73.216.99 - - [02/Jan/2026:05:45:26 +0800] "GET /author/gbdev/feed/ HTTP/1.1" 200 2332 "https://impeccablerenovations.com.au/author/gbdev/feed" "Mozilla/5.0 AppleWebKit/537.36 (KHTML, like Gecko; compatible; ClaudeBot/1.0; +claudebot@anthropic.com)"
103.4.122.14 - - [02/Jan/2026:05:50:32 +0800] "POST /wp-cron.php?doing_wp_cron=1767304231.9649579524993896484375 HTTP/1.1" 200 - "-" "WordPress/6.8.3; https://impeccablerenovations.com.au"
78.47.173.76 - - [02/Jan/2026:05:50:30 +0800] "HEAD / HTTP/1.1" 200 - "https://impeccablerenovations.com.au/" "Mozilla/5.0+(compatible; UptimeRobot/2.0; http://www.uptimerobot.com/)"
103.4.122.14 - - [02/Jan/2026:05:55:40 +0800] "POST /wp-cron.php?doing_wp_cron=1767304540.1753439903259277343750 HTTP/1.1" 200 - "-" "WordPress/6.8.3; https://impeccablerenovations.com.au"
142.132.180.39 - - [02/Jan/2026:05:55:38 +0800] "HEAD / HTTP/1.1" 200 - "https://impeccablerenovations.com.au/" "Mozilla/5.0+(compatible; UptimeRobot/2.0; http://www.uptimerobot.com/)"
103.4.122.14 - - [02/Jan/2026:06:00:47 +0800] "POST /wp-cron.php?doing_wp_cron=1767304847.0573298931121826171875 HTTP/1.1" 200 - "-" "WordPress/6.8.3; https://impeccablerenovations.com.au"
142.132.180.39 - - [02/Jan/2026:06:00:45 +0800] "HEAD / HTTP/1.1" 200 - "https://impeccablerenovations.com.au/" "Mozilla/5.0+(compatible; UptimeRobot/2.0; http://www.uptimerobot.com/)"
103.4.122.14 - - [02/Jan/2026:06:05:54 +0800] "POST /wp-cron.php?doing_wp_cron=1767305154.1384019851684570312500 HTTP/1.1" 200 - "-" "WordPress/6.8.3; https://impeccablerenovations.com.au"
168.119.96.239 - - [02/Jan/2026:06:05:52 +0800] "HEAD / HTTP/1.1" 200 - "https://impeccablerenovations.com.au/" "Mozilla/5.0+(compatible; UptimeRobot/2.0; http://www.uptimerobot.com/)"
103.4.122.14 - - [02/Jan/2026:06:11:02 +0800] "POST /wp-cron.php?doing_wp_cron=1767305461.9199690818786621093750 HTTP/1.1" 200 - "-" "WordPress/6.8.3; https://impeccablerenovations.com.au"
78.46.215.1 - - [02/Jan/2026:06:11:00 +0800] "HEAD / HTTP/1.1" 200 - "https://impeccablerenovations.com.au/" "Mozilla/5.0+(compatible; UptimeRobot/2.0; http://www.uptimerobot.com/)"
103.4.122.14 - - [02/Jan/2026:06:13:14 +0800] "POST /wp-cron.php?doing_wp_cron=1767305594.7306070327758789062500 HTTP/1.1" 200 - "-" "WordPress/6.8.3; https://impeccablerenovations.com.au"
171.244.206.65 - - [02/Jan/2026:06:13:12 +0800] "GET /wp-login.php HTTP/1.1" 200 2167 "-" "Mozilla/5.0 (X11; Linux x86_64) AppleWebKit/537.36 (KHTML, like Gecko) Chrome/65.0.3325.109 Safari/537.36"
171.244.206.65 - - [02/Jan/2026:06:13:15 +0800] "POST /wp-login.php HTTP/1.1" 503 18959 "https://impeccablerenovations.com.au/wp-login.php" "Mozilla/5.0 (X11; Linux x86_64) AppleWebKit/537.36 (KHTML, like Gecko) Chrome/65.0.3325.109 Safari/537.36"
103.4.122.14 - - [02/Jan/2026:06:16:09 +0800] "POST /wp-cron.php?doing_wp_cron=1767305769.5466690063476562500000 HTTP/1.1" 200 - "-" "WordPress/6.8.3; https://impeccablerenovations.com.au"
63.178.84.147 - - [02/Jan/2026:06:16:07 +0800] "HEAD / HTTP/1.1" 200 - "https://impeccablerenovations.com.au/" "Mozilla/5.0+(compatible; UptimeRobot/2.0; http://www.uptimerobot.com/)"
103.4.122.14 - - [02/Jan/2026:06:21:18 +0800] "POST /wp-cron.php?doing_wp_cron=1767306078.0765850543975830078125 HTTP/1.1" 200 - "-" "WordPress/6.8.3; https://impeccablerenovations.com.au"
49.13.134.145 - - [02/Jan/2026:06:21:16 +0800] "HEAD / HTTP/1.1" 200 - "https://impeccablerenovations.com.au/" "Mozilla/5.0+(compatible; UptimeRobot/2.0; http://www.uptimerobot.com/)"
103.4.122.14 - - [02/Jan/2026:06:24:42 +0800] "POST /wp-cron.php?doing_wp_cron=1767306282.7148060798645019531250 HTTP/1.1" 200 - "-" "WordPress/6.8.3; https://impeccablerenovations.com.au"
216.73.216.99 - - [02/Jan/2026:06:24:41 +0800] "GET /sitemap_index.xml HTTP/1.1" 200 346 "-" "Mozilla/5.0 AppleWebKit/537.36 (KHTML, like Gecko; compatible; ClaudeBot/1.0; +claudebot@anthropic.com)"
103.4.122.14 - - [02/Jan/2026:06:26:25 +0800] "POST /wp-cron.php?doing_wp_cron=1767306385.7926859855651855468750 HTTP/1.1" 200 - "-" "WordPress/6.8.3; https://impeccablerenovations.com.au"
157.90.155.240 - - [02/Jan/2026:06:26:24 +0800] "HEAD / HTTP/1.1" 200 - "https://impeccablerenovations.com.au/" "Mozilla/5.0+(compatible; UptimeRobot/2.0; http://www.uptimerobot.com/)"
103.4.122.14 - - [02/Jan/2026:06:31:34 +0800] "POST /wp-cron.php?doing_wp_cron=1767306694.2836570739746093750000 HTTP/1.1" 200 - "-" "WordPress/6.8.3; https://impeccablerenovations.com.au"
78.47.98.55 - - [02/Jan/2026:06:31:32 +0800] "HEAD / HTTP/1.1" 200 - "https://impeccablerenovations.com.au/" "Mozilla/5.0+(compatible; UptimeRobot/2.0; http://www.uptimerobot.com/)"
103.4.122.14 - - [02/Jan/2026:06:36:42 +0800] "POST /wp-cron.php?doing_wp_cron=1767307002.2077879905700683593750 HTTP/1.1" 200 - "-" "WordPress/6.8.3; https://impeccablerenovations.com.au"
3.79.134.69 - - [02/Jan/2026:06:36:40 +0800] "HEAD / HTTP/1.1" 200 - "https://impeccablerenovations.com.au/" "Mozilla/5.0+(compatible; UptimeRobot/2.0; http://www.uptimerobot.com/)"
103.4.122.14 - - [02/Jan/2026:06:41:50 +0800] "POST /wp-cron.php?doing_wp_cron=1767307310.3032279014587402343750 HTTP/1.1" 200 - "-" "WordPress/6.8.3; https://impeccablerenovations.com.au"
159.69.158.189 - - [02/Jan/2026:06:41:48 +0800] "HEAD / HTTP/1.1" 200 - "https://impeccablerenovations.com.au/" "Mozilla/5.0+(compatible; UptimeRobot/2.0; http://www.uptimerobot.com/)"
103.4.122.14 - - [02/Jan/2026:06:44:13 +0800] "POST /wp-cron.php?doing_wp_cron=1767307453.1985599994659423828125 HTTP/1.1" 200 - "-" "WordPress/6.8.3; https://impeccablerenovations.com.au"
171.234.9.170 - - [02/Jan/2026:06:44:10 +0800] "GET / HTTP/1.1" 301 - "-" "Mozilla/5.0 (X11; Linux x86_64) AppleWebKit/537.36 (KHTML, like Gecko) Chrome/114.0.0.0 Safari/537.36 OPR/89.0.4447.51"
171.234.9.170 - - [02/Jan/2026:06:44:14 +0800] "GET / HTTP/1.1" 200 22210 "http://impeccablerenovations.com.au/" "Mozilla/5.0 (X11; Linux x86_64) AppleWebKit/537.36 (KHTML, like Gecko) Chrome/114.0.0.0 Safari/537.36 OPR/89.0.4447.51"
171.234.9.170 - - [02/Jan/2026:06:44:22 +0800] "POST /xmlrpc.php HTTP/1.1" 200 206 "https://impeccablerenovations.com.au/" "PHP/6.3.40"
103.4.122.14 - - [02/Jan/2026:06:46:57 +0800] "POST /wp-cron.php?doing_wp_cron=1767307617.0278079509735107421875 HTTP/1.1" 200 - "-" "WordPress/6.8.3; https://impeccablerenovations.com.au"
157.90.155.240 - - [02/Jan/2026:06:46:55 +0800] "HEAD / HTTP/1.1" 200 - "https://impeccablerenovations.com.au/" "Mozilla/5.0+(compatible; UptimeRobot/2.0; http://www.uptimerobot.com/)"
103.4.122.14 - - [02/Jan/2026:06:51:35 +0800] "POST /wp-cron.php?doing_wp_cron=1767307894.9217019081115722656250 HTTP/1.1" 200 - "-" "WordPress/6.8.3; https://impeccablerenovations.com.au"
54.39.136.117 - - [02/Jan/2026:06:51:33 +0800] "GET / HTTP/1.1" 200 22200 "-" "Mozilla/5.0 (compatible; AhrefsBot/7.0; +http://ahrefs.com/robot/)"
3.79.134.69 - - [02/Jan/2026:06:52:02 +0800] "HEAD / HTTP/1.1" 200 - "https://impeccablerenovations.com.au/" "Mozilla/5.0+(compatible; UptimeRobot/2.0; http://www.uptimerobot.com/)"
103.4.122.14 - - [02/Jan/2026:06:55:02 +0800] "POST /wp-cron.php?doing_wp_cron=1767308102.7910530567169189453125 HTTP/1.1" 200 - "-" "WordPress/6.8.3; https://impeccablerenovations.com.au"
146.70.116.230 - - [02/Jan/2026:06:55:01 +0800] "GET /wp-json/wp/v2/posts HTTP/1.1" 200 13220 "-" "Mozilla/5.0 (Windows NT 10.0; Win64; x64) AppleWebKit/537.36 (KHTML, like Gecko) Chrome/120.0.0.0 Safari/537.36"
216.246.90.71 - - [02/Jan/2026:06:55:08 +0800] "GET /wp-content/uploads/2018/10/logo-dark.png HTTP/1.1" 200 4918 "-" "Mozilla/5.0 (compatible; crawler)"
103.4.122.14 - - [02/Jan/2026:06:57:11 +0800] "POST /wp-cron.php?doing_wp_cron=1767308231.5859150886535644531250 HTTP/1.1" 200 - "-" "WordPress/6.8.3; https://impeccablerenovations.com.au"
157.90.156.63 - - [02/Jan/2026:06:57:09 +0800] "HEAD / HTTP/1.1" 200 - "https://impeccablerenovations.com.au/" "Mozilla/5.0+(compatible; UptimeRobot/2.0; http://www.uptimerobot.com/)"
103.4.122.14 - - [02/Jan/2026:07:02:20 +0800] "POST /wp-cron.php?doing_wp_cron=1767308540.2448899745941162109375 HTTP/1.1" 200 - "-" "WordPress/6.8.3; https://impeccablerenovations.com.au"
168.119.96.239 - - [02/Jan/2026:07:02:18 +0800] "HEAD / HTTP/1.1" 200 - "https://impeccablerenovations.com.au/" "Mozilla/5.0+(compatible; UptimeRobot/2.0; http://www.uptimerobot.com/)"
103.4.122.14 - - [02/Jan/2026:07:03:11 +0800] "POST /wp-cron.php?doing_wp_cron=1767308591.3865580558776855468750 HTTP/1.1" 200 - "-" "WordPress/6.8.3; https://impeccablerenovations.com.au"
100.50.77.146 - - [02/Jan/2026:07:03:09 +0800] "GET / HTTP/1.1" 301 - "-" "Mozilla/5.0 (Windows NT 10.0; Win64; x64) AppleWebKit/537.36 (KHTML, like Gecko) Chrome/135.0.0.0 Safari/537.36 Edg/135.0.0.0"
100.50.77.146 - - [02/Jan/2026:07:03:12 +0800] "GET / HTTP/1.1" 200 22200 "-" "Mozilla/5.0 (Windows NT 10.0; Win64; x64) AppleWebKit/537.36 (KHTML, like Gecko) Chrome/135.0.0.0 Safari/537.36 Edg/135.0.0.0"
103.4.122.14 - - [02/Jan/2026:07:07:27 +0800] "POST /wp-cron.php?doing_wp_cron=1767308847.5286049842834472656250 HTTP/1.1" 200 - "-" "WordPress/6.8.3; https://impeccablerenovations.com.au"
168.119.96.239 - - [02/Jan/2026:07:07:25 +0800] "HEAD / HTTP/1.1" 200 - "https://impeccablerenovations.com.au/" "Mozilla/5.0+(compatible; UptimeRobot/2.0; http://www.uptimerobot.com/)"
103.4.122.14 - - [02/Jan/2026:07:12:36 +0800] "POST /wp-cron.php?doing_wp_cron=1767309156.2188150882720947265625 HTTP/1.1" 200 - "-" "WordPress/6.8.3; https://impeccablerenovations.com.au"
3.79.134.69 - - [02/Jan/2026:07:12:33 +0800] "HEAD / HTTP/1.1" 200 - "https://impeccablerenovations.com.au/" "Mozilla/5.0+(compatible; UptimeRobot/2.0; http://www.uptimerobot.com/)"
103.4.122.14 - - [02/Jan/2026:07:17:44 +0800] "POST /wp-cron.php?doing_wp_cron=1767309464.6086809635162353515625 HTTP/1.1" 200 - "-" "WordPress/6.8.3; https://impeccablerenovations.com.au"
128.140.41.193 - - [02/Jan/2026:07:17:41 +0800] "HEAD / HTTP/1.1" 200 - "https://impeccablerenovations.com.au/" "Mozilla/5.0+(compatible; UptimeRobot/2.0; http://www.uptimerobot.com/)"
103.4.122.14 - - [02/Jan/2026:07:22:50 +0800] "POST /wp-cron.php?doing_wp_cron=1767309770.3211710453033447265625 HTTP/1.1" 200 - "-" "WordPress/6.8.3; https://impeccablerenovations.com.au"
168.119.53.160 - - [02/Jan/2026:07:22:48 +0800] "HEAD / HTTP/1.1" 200 - "https://impeccablerenovations.com.au/" "Mozilla/5.0+(compatible; UptimeRobot/2.0; http://www.uptimerobot.com/)"
103.4.122.14 - - [02/Jan/2026:07:27:57 +0800] "POST /wp-cron.php?doing_wp_cron=1767310077.3855409622192382812500 HTTP/1.1" 200 - "-" "WordPress/6.8.3; https://impeccablerenovations.com.au"
78.47.98.55 - - [02/Jan/2026:07:27:55 +0800] "HEAD / HTTP/1.1" 200 - "https://impeccablerenovations.com.au/" "Mozilla/5.0+(compatible; UptimeRobot/2.0; http://www.uptimerobot.com/)"
78.46.190.63 - - [02/Jan/2026:07:33:02 +0800] "HEAD / HTTP/1.1" 200 - "https://impeccablerenovations.com.au/" "Mozilla/5.0+(compatible; UptimeRobot/2.0; http://www.uptimerobot.com/)"
103.4.122.14 - - [02/Jan/2026:07:38:23 +0800] "POST /wp-cron.php?doing_wp_cron=1767310703.1962490081787109375000 HTTP/1.1" 200 - "-" "WordPress/6.8.3; https://impeccablerenovations.com.au"
18.193.252.127 - - [02/Jan/2026:07:38:21 +0800] "HEAD / HTTP/1.1" 200 - "https://impeccablerenovations.com.au/" "Mozilla/5.0+(compatible; UptimeRobot/2.0; http://www.uptimerobot.com/)"
103.4.122.14 - - [02/Jan/2026:07:43:30 +0800] "POST /wp-cron.php?doing_wp_cron=1767311010.7375009059906005859375 HTTP/1.1" 200 - "-" "WordPress/6.8.3; https://impeccablerenovations.com.au"
3.79.134.69 - - [02/Jan/2026:07:43:29 +0800] "HEAD / HTTP/1.1" 200 - "https://impeccablerenovations.com.au/" "Mozilla/5.0+(compatible; UptimeRobot/2.0; http://www.uptimerobot.com/)"
103.4.122.14 - - [02/Jan/2026:07:48:38 +0800] "POST /wp-cron.php?doing_wp_cron=1767311318.2071568965911865234375 HTTP/1.1" 200 - "-" "WordPress/6.8.3; https://impeccablerenovations.com.au"
49.13.164.148 - - [02/Jan/2026:07:48:36 +0800] "HEAD / HTTP/1.1" 200 - "https://impeccablerenovations.com.au/" "Mozilla/5.0+(compatible; UptimeRobot/2.0; http://www.uptimerobot.com/)"
103.4.122.14 - - [02/Jan/2026:07:51:50 +0800] "POST /wp-cron.php?doing_wp_cron=1767311510.6712009906768798828125 HTTP/1.1" 200 - "-" "WordPress/6.8.3; https://impeccablerenovations.com.au"
95.108.213.185 - - [02/Jan/2026:07:51:49 +0800] "GET /robots.txt HTTP/1.1" 200 132 "-" "Mozilla/5.0 (compatible; YandexBot/3.0; +http://yandex.com/bots)"
5.255.231.139 - - [02/Jan/2026:07:51:52 +0800] "GET /projects/ HTTP/1.1" 200 19667 "-" "Mozilla/5.0 (compatible; YandexBot/3.0; +http://yandex.com/bots)"
216.73.216.99 - - [02/Jan/2026:07:53:39 +0800] "GET /robots.txt HTTP/1.1" 200 124 "-" "Mozilla/5.0 AppleWebKit/537.36 (KHTML, like Gecko; compatible; ClaudeBot/1.0; +claudebot@anthropic.com)"
216.73.216.99 - - [02/Jan/2026:07:53:42 +0800] "GET /sitemap_index.xml HTTP/1.1" 200 346 "-" "Mozilla/5.0 AppleWebKit/537.36 (KHTML, like Gecko; compatible; ClaudeBot/1.0; +claudebot@anthropic.com)"
168.119.123.75 - - [02/Jan/2026:07:53:46 +0800] "HEAD / HTTP/1.1" 200 - "https://impeccablerenovations.com.au/" "Mozilla/5.0+(compatible; UptimeRobot/2.0; http://www.uptimerobot.com/)"
103.4.122.14 - - [02/Jan/2026:07:58:55 +0800] "POST /wp-cron.php?doing_wp_cron=1767311935.2631359100341796875000 HTTP/1.1" 200 - "-" "WordPress/6.8.3; https://impeccablerenovations.com.au"
128.140.106.114 - - [02/Jan/2026:07:58:53 +0800] "HEAD / HTTP/1.1" 200 - "https://impeccablerenovations.com.au/" "Mozilla/5.0+(compatible; UptimeRobot/2.0; http://www.uptimerobot.com/)"
103.4.122.14 - - [02/Jan/2026:08:04:03 +0800] "POST /wp-cron.php?doing_wp_cron=1767312243.5545690059661865234375 HTTP/1.1" 200 - "-" "WordPress/6.8.3; https://impeccablerenovations.com.au"
