78.47.173.76 - - [02/Jan/2026:13:48:11 +0800] "HEAD / HTTP/1.1" 200 - "https://impeccablerenovations.com.au/" "Mozilla/5.0+(compatible; UptimeRobot/2.0; http://www.uptimerobot.com/)"
95.108.213.250 - - [02/Jan/2026:13:48:21 +0800] "GET /robots.txt HTTP/1.1" 200 132 "-" "Mozilla/5.0 (compatible; YandexBot/3.0; +http://yandex.com/bots)"
87.250.224.108 - - [02/Jan/2026:13:48:24 +0800] "GET /2022/03/08/launching-our-new-brand-and-website/ HTTP/1.1" 200 20434 "-" "Mozilla/5.0 (compatible; YandexBot/3.0; +http://yandex.com/bots)"
103.4.122.14 - - [02/Jan/2026:13:48:44 +0800] "POST /wp-cron.php?doing_wp_cron=1767332924.4040679931640625000000 HTTP/1.1" 200 - "-" "WordPress/6.8.3; https://impeccablerenovations.com.au"
95.108.213.143 - - [02/Jan/2026:13:48:43 +0800] "GET /services/ HTTP/1.1" 404 62812 "-" "Mozilla/5.0 (compatible; YandexBot/3.0; +http://yandex.com/bots)"
103.4.122.14 - - [02/Jan/2026:13:53:20 +0800] "POST /wp-cron.php?doing_wp_cron=1767333200.4004390239715576171875 HTTP/1.1" 200 - "-" "WordPress/6.8.3; https://impeccablerenovations.com.au"
157.90.155.240 - - [02/Jan/2026:13:53:18 +0800] "HEAD / HTTP/1.1" 200 - "https://impeccablerenovations.com.au/" "Mozilla/5.0+(compatible; UptimeRobot/2.0; http://www.uptimerobot.com/)"
103.4.122.14 - - [02/Jan/2026:13:58:27 +0800] "POST /wp-cron.php?doing_wp_cron=1767333507.2121698856353759765625 HTTP/1.1" 200 - "-" "WordPress/6.8.3; https://impeccablerenovations.com.au"
78.46.215.1 - - [02/Jan/2026:13:58:25 +0800] "HEAD / HTTP/1.1" 200 - "https://impeccablerenovations.com.au/" "Mozilla/5.0+(compatible; UptimeRobot/2.0; http://www.uptimerobot.com/)"
103.4.122.14 - - [02/Jan/2026:13:59:09 +0800] "POST /wp-cron.php?doing_wp_cron=1767333549.6990098953247070312500 HTTP/1.1" 200 - "-" "WordPress/6.8.3; https://impeccablerenovations.com.au"
216.73.216.99 - - [02/Jan/2026:13:59:08 +0800] "GET /robots.txt HTTP/1.1" 200 124 "-" "Mozilla/5.0 AppleWebKit/537.36 (KHTML, like Gecko; compatible; ClaudeBot/1.0; +claudebot@anthropic.com)"
216.73.216.99 - - [02/Jan/2026:13:59:10 +0800] "GET /sitemap_index.xml HTTP/1.1" 200 346 "-" "Mozilla/5.0 AppleWebKit/537.36 (KHTML, like Gecko; compatible; ClaudeBot/1.0; +claudebot@anthropic.com)"
103.4.122.14 - - [02/Jan/2026:14:03:11 +0800] "POST /wp-cron.php?doing_wp_cron=1767333791.6689159870147705078125 HTTP/1.1" 200 - "-" "WordPress/6.8.3; https://impeccablerenovations.com.au"
54.39.210.190 - - [02/Jan/2026:14:03:10 +0800] "GET /sitemap_index.xml HTTP/1.1" 200 346 "-" "Mozilla/5.0 (compatible; AhrefsBot/7.0; +http://ahrefs.com/robot/)"
148.113.130.96 - - [02/Jan/2026:14:03:16 +0800] "GET /post-sitemap.xml HTTP/1.1" 200 481 "-" "Mozilla/5.0 (compatible; AhrefsBot/7.0; +http://ahrefs.com/robot/)"
54.39.210.119 - - [02/Jan/2026:14:03:21 +0800] "GET /page-sitemap.xml HTTP/1.1" 200 1154 "-" "Mozilla/5.0 (compatible; AhrefsBot/7.0; +http://ahrefs.com/robot/)"
54.39.210.114 - - [02/Jan/2026:14:03:26 +0800] "GET /project-sitemap.xml HTTP/1.1" 200 445 "-" "Mozilla/5.0 (compatible; AhrefsBot/7.0; +http://ahrefs.com/robot/)"
103.4.122.14 - - [02/Jan/2026:14:03:32 +0800] "POST /wp-cron.php?doing_wp_cron=1767333812.7636590003967285156250 HTTP/1.1" 200 - "-" "WordPress/6.8.3; https://impeccablerenovations.com.au"
51.161.37.143 - - [02/Jan/2026:14:03:31 +0800] "GET /category-sitemap.xml HTTP/1.1" 200 376 "-" "Mozilla/5.0 (compatible; AhrefsBot/7.0; +http://ahrefs.com/robot/)"
49.13.130.29 - - [02/Jan/2026:14:03:32 +0800] "HEAD / HTTP/1.1" 200 - "https://impeccablerenovations.com.au/" "Mozilla/5.0+(compatible; UptimeRobot/2.0; http://www.uptimerobot.com/)"
103.4.122.14 - - [02/Jan/2026:14:08:40 +0800] "POST /wp-cron.php?doing_wp_cron=1767334120.2878539562225341796875 HTTP/1.1" 200 - "-" "WordPress/6.8.3; https://impeccablerenovations.com.au"
78.46.215.1 - - [02/Jan/2026:14:08:38 +0800] "HEAD / HTTP/1.1" 200 - "https://impeccablerenovations.com.au/" "Mozilla/5.0+(compatible; UptimeRobot/2.0; http://www.uptimerobot.com/)"
103.4.122.14 - - [02/Jan/2026:14:13:47 +0800] "POST /wp-cron.php?doing_wp_cron=1767334427.2798469066619873046875 HTTP/1.1" 200 - "-" "WordPress/6.8.3; https://impeccablerenovations.com.au"
18.193.252.127 - - [02/Jan/2026:14:13:45 +0800] "HEAD / HTTP/1.1" 200 - "https://impeccablerenovations.com.au/" "Mozilla/5.0+(compatible; UptimeRobot/2.0; http://www.uptimerobot.com/)"
103.4.122.14 - - [02/Jan/2026:14:18:53 +0800] "POST /wp-cron.php?doing_wp_cron=1767334733.6987318992614746093750 HTTP/1.1" 200 - "-" "WordPress/6.8.3; https://impeccablerenovations.com.au"
168.119.123.75 - - [02/Jan/2026:14:18:52 +0800] "HEAD / HTTP/1.1" 200 - "https://impeccablerenovations.com.au/" "Mozilla/5.0+(compatible; UptimeRobot/2.0; http://www.uptimerobot.com/)"
103.4.122.14 - - [02/Jan/2026:14:24:02 +0800] "POST /wp-cron.php?doing_wp_cron=1767335042.6828930377960205078125 HTTP/1.1" 200 - "-" "WordPress/6.8.3; https://impeccablerenovations.com.au"
128.140.41.193 - - [02/Jan/2026:14:24:01 +0800] "HEAD / HTTP/1.1" 200 - "https://impeccablerenovations.com.au/" "Mozilla/5.0+(compatible; UptimeRobot/2.0; http://www.uptimerobot.com/)"
103.4.122.14 - - [02/Jan/2026:14:29:12 +0800] "POST /wp-cron.php?doing_wp_cron=1767335352.6086549758911132812500 HTTP/1.1" 200 - "-" "WordPress/6.8.3; https://impeccablerenovations.com.au"
78.46.190.63 - - [02/Jan/2026:14:29:10 +0800] "HEAD / HTTP/1.1" 200 - "https://impeccablerenovations.com.au/" "Mozilla/5.0+(compatible; UptimeRobot/2.0; http://www.uptimerobot.com/)"
103.4.122.14 - - [02/Jan/2026:14:34:21 +0800] "POST /wp-cron.php?doing_wp_cron=1767335661.1736130714416503906250 HTTP/1.1" 200 - "-" "WordPress/6.8.3; https://impeccablerenovations.com.au"
49.13.164.148 - - [02/Jan/2026:14:34:19 +0800] "HEAD / HTTP/1.1" 200 - "https://impeccablerenovations.com.au/" "Mozilla/5.0+(compatible; UptimeRobot/2.0; http://www.uptimerobot.com/)"
103.4.122.14 - - [02/Jan/2026:14:36:37 +0800] "POST /wp-cron.php?doing_wp_cron=1767335797.0317699909210205078125 HTTP/1.1" 200 - "-" "WordPress/6.8.3; https://impeccablerenovations.com.au"
216.73.216.99 - - [02/Jan/2026:14:36:35 +0800] "GET /sitemap_index.xml HTTP/1.1" 200 346 "-" "Mozilla/5.0 AppleWebKit/537.36 (KHTML, like Gecko; compatible; ClaudeBot/1.0; +claudebot@anthropic.com)"
103.4.122.14 - - [02/Jan/2026:14:39:30 +0800] "POST /wp-cron.php?doing_wp_cron=1767335970.6168379783630371093750 HTTP/1.1" 200 - "-" "WordPress/6.8.3; https://impeccablerenovations.com.au"
49.13.164.148 - - [02/Jan/2026:14:39:28 +0800] "HEAD / HTTP/1.1" 200 - "https://impeccablerenovations.com.au/" "Mozilla/5.0+(compatible; UptimeRobot/2.0; http://www.uptimerobot.com/)"
103.4.122.14 - - [02/Jan/2026:14:44:39 +0800] "POST /wp-cron.php?doing_wp_cron=1767336278.9289309978485107421875 HTTP/1.1" 200 - "-" "WordPress/6.8.3; https://impeccablerenovations.com.au"
168.119.96.239 - - [02/Jan/2026:14:44:37 +0800] "HEAD / HTTP/1.1" 200 - "https://impeccablerenovations.com.au/" "Mozilla/5.0+(compatible; UptimeRobot/2.0; http://www.uptimerobot.com/)"
103.4.122.14 - - [02/Jan/2026:14:49:48 +0800] "POST /wp-cron.php?doing_wp_cron=1767336588.6870019435882568359375 HTTP/1.1" 200 - "-" "WordPress/6.8.3; https://impeccablerenovations.com.au"
49.13.24.81 - - [02/Jan/2026:14:49:46 +0800] "HEAD / HTTP/1.1" 200 - "https://impeccablerenovations.com.au/" "Mozilla/5.0+(compatible; UptimeRobot/2.0; http://www.uptimerobot.com/)"
103.4.122.14 - - [02/Jan/2026:14:54:58 +0800] "POST /wp-cron.php?doing_wp_cron=1767336898.2747220993041992187500 HTTP/1.1" 200 - "-" "WordPress/6.8.3; https://impeccablerenovations.com.au"
88.99.80.227 - - [02/Jan/2026:14:54:56 +0800] "HEAD / HTTP/1.1" 200 - "https://impeccablerenovations.com.au/" "Mozilla/5.0+(compatible; UptimeRobot/2.0; http://www.uptimerobot.com/)"
216.73.216.99 - - [02/Jan/2026:14:54:58 +0800] "GET /sitemap_index.xml HTTP/1.1" 200 346 "-" "Mozilla/5.0 AppleWebKit/537.36 (KHTML, like Gecko; compatible; ClaudeBot/1.0; +claudebot@anthropic.com)"
103.4.122.14 - - [02/Jan/2026:15:00:06 +0800] "POST /wp-cron.php?doing_wp_cron=1767337206.2031729221343994140625 HTTP/1.1" 200 - "-" "WordPress/6.8.3; https://impeccablerenovations.com.au"
142.132.180.39 - - [02/Jan/2026:15:00:04 +0800] "HEAD / HTTP/1.1" 200 - "https://impeccablerenovations.com.au/" "Mozilla/5.0+(compatible; UptimeRobot/2.0; http://www.uptimerobot.com/)"
103.4.122.14 - - [02/Jan/2026:15:05:14 +0800] "POST /wp-cron.php?doing_wp_cron=1767337514.4531519412994384765625 HTTP/1.1" 200 - "-" "WordPress/6.8.3; https://impeccablerenovations.com.au"
3.77.67.4 - - [02/Jan/2026:15:05:12 +0800] "HEAD / HTTP/1.1" 200 - "https://impeccablerenovations.com.au/" "Mozilla/5.0+(compatible; UptimeRobot/2.0; http://www.uptimerobot.com/)"
103.4.122.14 - - [02/Jan/2026:15:09:39 +0800] "POST /wp-cron.php?doing_wp_cron=1767337779.5949480533599853515625 HTTP/1.1" 200 - "-" "WordPress/6.8.3; https://impeccablerenovations.com.au"
54.39.6.250 - - [02/Jan/2026:15:09:37 +0800] "GET / HTTP/1.1" 200 22198 "-" "Mozilla/5.0 (compatible; AhrefsBot/7.0; +http://ahrefs.com/robot/)"
78.47.98.55 - - [02/Jan/2026:15:10:21 +0800] "HEAD / HTTP/1.1" 200 - "https://impeccablerenovations.com.au/" "Mozilla/5.0+(compatible; UptimeRobot/2.0; http://www.uptimerobot.com/)"
103.4.122.14 - - [02/Jan/2026:15:15:34 +0800] "POST /wp-cron.php?doing_wp_cron=1767338134.2125649452209472656250 HTTP/1.1" 200 - "-" "WordPress/6.8.3; https://impeccablerenovations.com.au"
88.99.80.227 - - [02/Jan/2026:15:15:32 +0800] "HEAD / HTTP/1.1" 200 - "https://impeccablerenovations.com.au/" "Mozilla/5.0+(compatible; UptimeRobot/2.0; http://www.uptimerobot.com/)"
103.4.122.14 - - [02/Jan/2026:15:20:41 +0800] "POST /wp-cron.php?doing_wp_cron=1767338441.2036468982696533203125 HTTP/1.1" 200 - "-" "WordPress/6.8.3; https://impeccablerenovations.com.au"
18.192.166.72 - - [02/Jan/2026:15:20:39 +0800] "HEAD / HTTP/1.1" 200 - "https://impeccablerenovations.com.au/" "Mozilla/5.0+(compatible; UptimeRobot/2.0; http://www.uptimerobot.com/)"
103.4.122.14 - - [02/Jan/2026:15:25:48 +0800] "POST /wp-cron.php?doing_wp_cron=1767338748.4952790737152099609375 HTTP/1.1" 200 - "-" "WordPress/6.8.3; https://impeccablerenovations.com.au"
78.46.215.1 - - [02/Jan/2026:15:25:46 +0800] "HEAD / HTTP/1.1" 200 - "https://impeccablerenovations.com.au/" "Mozilla/5.0+(compatible; UptimeRobot/2.0; http://www.uptimerobot.com/)"
103.4.122.14 - - [02/Jan/2026:15:30:57 +0800] "POST /wp-cron.php?doing_wp_cron=1767339056.8827741146087646484375 HTTP/1.1" 200 - "-" "WordPress/6.8.3; https://impeccablerenovations.com.au"
78.47.98.55 - - [02/Jan/2026:15:30:54 +0800] "HEAD / HTTP/1.1" 200 - "https://impeccablerenovations.com.au/" "Mozilla/5.0+(compatible; UptimeRobot/2.0; http://www.uptimerobot.com/)"
103.4.122.14 - - [02/Jan/2026:15:33:31 +0800] "POST /wp-cron.php?doing_wp_cron=1767339211.2663590908050537109375 HTTP/1.1" 200 - "-" "WordPress/6.8.3; https://impeccablerenovations.com.au"
142.44.233.27 - - [02/Jan/2026:15:33:29 +0800] "GET /sitemap_index.xml HTTP/1.1" 200 346 "-" "Mozilla/5.0 (compatible; AhrefsBot/7.0; +http://ahrefs.com/robot/)"
51.161.37.210 - - [02/Jan/2026:15:33:35 +0800] "GET /post-sitemap.xml HTTP/1.1" 200 481 "-" "Mozilla/5.0 (compatible; AhrefsBot/7.0; +http://ahrefs.com/robot/)"
51.161.65.193 - - [02/Jan/2026:15:33:40 +0800] "GET /page-sitemap.xml HTTP/1.1" 200 1154 "-" "Mozilla/5.0 (compatible; AhrefsBot/7.0; +http://ahrefs.com/robot/)"
142.44.220.20 - - [02/Jan/2026:15:33:46 +0800] "GET /project-sitemap.xml HTTP/1.1" 200 445 "-" "Mozilla/5.0 (compatible; AhrefsBot/7.0; +http://ahrefs.com/robot/)"
51.161.65.248 - - [02/Jan/2026:15:33:51 +0800] "GET /category-sitemap.xml HTTP/1.1" 200 376 "-" "Mozilla/5.0 (compatible; AhrefsBot/7.0; +http://ahrefs.com/robot/)"
52.59.43.236 - - [02/Jan/2026:15:36:05 +0800] "HEAD / HTTP/1.1" 200 - "https://impeccablerenovations.com.au/" "Mozilla/5.0+(compatible; UptimeRobot/2.0; http://www.uptimerobot.com/)"
103.4.122.14 - - [02/Jan/2026:15:41:16 +0800] "POST /wp-cron.php?doing_wp_cron=1767339676.5741760730743408203125 HTTP/1.1" 200 - "-" "WordPress/6.8.3; https://impeccablerenovations.com.au"
157.90.155.240 - - [02/Jan/2026:15:41:14 +0800] "HEAD / HTTP/1.1" 200 - "https://impeccablerenovations.com.au/" "Mozilla/5.0+(compatible; UptimeRobot/2.0; http://www.uptimerobot.com/)"
182.40.104.255 - - [02/Jan/2026:15:42:30 +0800] "GET / HTTP/1.1" 403 199 "-" "Mozilla/5.0 (iPhone; CPU iPhone OS 13_2_3 like Mac OS X) AppleWebKit/605.1.15 (KHTML, like Gecko) Version/13.0.3 Mobile/15E148 Safari/604.1"
103.4.122.14 - - [02/Jan/2026:15:46:28 +0800] "POST /wp-cron.php?doing_wp_cron=1767339987.9593160152435302734375 HTTP/1.1" 200 - "-" "WordPress/6.8.3; https://impeccablerenovations.com.au"
49.13.167.123 - - [02/Jan/2026:15:46:26 +0800] "HEAD / HTTP/1.1" 200 - "https://impeccablerenovations.com.au/" "Mozilla/5.0+(compatible; UptimeRobot/2.0; http://www.uptimerobot.com/)"
103.4.122.14 - - [02/Jan/2026:15:47:46 +0800] "POST /wp-cron.php?doing_wp_cron=1767340066.4653959274291992187500 HTTP/1.1" 200 - "-" "WordPress/6.8.3; https://impeccablerenovations.com.au"
216.73.216.99 - - [02/Jan/2026:15:47:44 +0800] "GET /robots.txt HTTP/1.1" 200 124 "-" "Mozilla/5.0 AppleWebKit/537.36 (KHTML, like Gecko; compatible; ClaudeBot/1.0; +claudebot@anthropic.com)"
216.73.216.99 - - [02/Jan/2026:15:47:47 +0800] "GET /sitemap_index.xml HTTP/1.1" 200 346 "-" "Mozilla/5.0 AppleWebKit/537.36 (KHTML, like Gecko; compatible; ClaudeBot/1.0; +claudebot@anthropic.com)"
103.4.122.14 - - [02/Jan/2026:15:51:35 +0800] "POST /wp-cron.php?doing_wp_cron=1767340295.2992110252380371093750 HTTP/1.1" 200 - "-" "WordPress/6.8.3; https://impeccablerenovations.com.au"
157.90.155.240 - - [02/Jan/2026:15:51:33 +0800] "HEAD / HTTP/1.1" 200 - "https://impeccablerenovations.com.au/" "Mozilla/5.0+(compatible; UptimeRobot/2.0; http://www.uptimerobot.com/)"
103.4.122.14 - - [02/Jan/2026:15:56:00 +0800] "POST /wp-cron.php?doing_wp_cron=1767340560.8181231021881103515625 HTTP/1.1" 200 - "-" "WordPress/6.8.3; https://impeccablerenovations.com.au"
216.73.216.99 - - [02/Jan/2026:15:55:59 +0800] "GET /sitemap_index.xml HTTP/1.1" 200 346 "-" "Mozilla/5.0 AppleWebKit/537.36 (KHTML, like Gecko; compatible; ClaudeBot/1.0; +claudebot@anthropic.com)"
103.4.122.14 - - [02/Jan/2026:15:56:43 +0800] "POST /wp-cron.php?doing_wp_cron=1767340603.4620709419250488281250 HTTP/1.1" 200 - "-" "WordPress/6.8.3; https://impeccablerenovations.com.au"
18.192.166.72 - - [02/Jan/2026:15:56:41 +0800] "HEAD / HTTP/1.1" 200 - "https://impeccablerenovations.com.au/" "Mozilla/5.0+(compatible; UptimeRobot/2.0; http://www.uptimerobot.com/)"
103.4.122.14 - - [02/Jan/2026:16:01:51 +0800] "POST /wp-cron.php?doing_wp_cron=1767340911.1326920986175537109375 HTTP/1.1" 200 - "-" "WordPress/6.8.3; https://impeccablerenovations.com.au"
52.59.43.236 - - [02/Jan/2026:16:01:49 +0800] "HEAD / HTTP/1.1" 200 - "https://impeccablerenovations.com.au/" "Mozilla/5.0+(compatible; UptimeRobot/2.0; http://www.uptimerobot.com/)"
103.4.122.14 - - [02/Jan/2026:16:05:13 +0800] "POST /wp-cron.php?doing_wp_cron=1767341113.4966919422149658203125 HTTP/1.1" 200 - "-" "WordPress/6.8.3; https://impeccablerenovations.com.au"
216.73.216.99 - - [02/Jan/2026:16:05:11 +0800] "GET /sitemap_index.xml HTTP/1.1" 200 346 "-" "Mozilla/5.0 AppleWebKit/537.36 (KHTML, like Gecko; compatible; ClaudeBot/1.0; +claudebot@anthropic.com)"
103.4.122.14 - - [02/Jan/2026:16:06:59 +0800] "POST /wp-cron.php?doing_wp_cron=1767341219.2516849040985107421875 HTTP/1.1" 200 - "-" "WordPress/6.8.3; https://impeccablerenovations.com.au"
78.47.173.76 - - [02/Jan/2026:16:06:57 +0800] "HEAD / HTTP/1.1" 200 - "https://impeccablerenovations.com.au/" "Mozilla/5.0+(compatible; UptimeRobot/2.0; http://www.uptimerobot.com/)"
103.4.122.14 - - [02/Jan/2026:16:12:07 +0800] "POST /wp-cron.php?doing_wp_cron=1767341527.3643009662628173828125 HTTP/1.1" 200 - "-" "WordPress/6.8.3; https://impeccablerenovations.com.au"
168.119.123.75 - - [02/Jan/2026:16:12:05 +0800] "HEAD / HTTP/1.1" 200 - "https://impeccablerenovations.com.au/" "Mozilla/5.0+(compatible; UptimeRobot/2.0; http://www.uptimerobot.com/)"
103.4.122.14 - - [02/Jan/2026:16:15:02 +0800] "POST /wp-cron.php?doing_wp_cron=1767341702.2149789333343505859375 HTTP/1.1" 200 - "-" "WordPress/6.8.3; https://impeccablerenovations.com.au"
216.73.216.99 - - [02/Jan/2026:16:15:00 +0800] "GET /sitemap_index.xml HTTP/1.1" 200 346 "-" "Mozilla/5.0 AppleWebKit/537.36 (KHTML, like Gecko; compatible; ClaudeBot/1.0; +claudebot@anthropic.com)"
103.4.122.14 - - [02/Jan/2026:16:17:13 +0800] "POST /wp-cron.php?doing_wp_cron=1767341833.8128070831298828125000 HTTP/1.1" 200 - "-" "WordPress/6.8.3; https://impeccablerenovations.com.au"
78.47.173.76 - - [02/Jan/2026:16:17:12 +0800] "HEAD / HTTP/1.1" 200 - "https://impeccablerenovations.com.au/" "Mozilla/5.0+(compatible; UptimeRobot/2.0; http://www.uptimerobot.com/)"
103.4.122.14 - - [02/Jan/2026:16:22:21 +0800] "POST /wp-cron.php?doing_wp_cron=1767342141.1406660079956054687500 HTTP/1.1" 200 - "-" "WordPress/6.8.3; https://impeccablerenovations.com.au"
168.119.53.160 - - [02/Jan/2026:16:22:19 +0800] "HEAD / HTTP/1.1" 200 - "https://impeccablerenovations.com.au/" "Mozilla/5.0+(compatible; UptimeRobot/2.0; http://www.uptimerobot.com/)"
103.4.122.14 - - [02/Jan/2026:16:27:28 +0800] "POST /wp-cron.php?doing_wp_cron=1767342448.5422589778900146484375 HTTP/1.1" 200 - "-" "WordPress/6.8.3; https://impeccablerenovations.com.au"
52.28.162.93 - - [02/Jan/2026:16:27:26 +0800] "HEAD / HTTP/1.1" 200 - "https://impeccablerenovations.com.au/" "Mozilla/5.0+(compatible; UptimeRobot/2.0; http://www.uptimerobot.com/)"
103.4.122.14 - - [02/Jan/2026:16:27:49 +0800] "POST /wp-cron.php?doing_wp_cron=1767342468.8980948925018310546875 HTTP/1.1" 200 - "-" "WordPress/6.8.3; https://impeccablerenovations.com.au"
216.73.216.99 - - [02/Jan/2026:16:27:47 +0800] "GET /sitemap_index.xml HTTP/1.1" 200 346 "-" "Mozilla/5.0 AppleWebKit/537.36 (KHTML, like Gecko; compatible; ClaudeBot/1.0; +claudebot@anthropic.com)"
103.4.122.14 - - [02/Jan/2026:16:32:36 +0800] "POST /wp-cron.php?doing_wp_cron=1767342756.8051109313964843750000 HTTP/1.1" 200 - "-" "WordPress/6.8.3; https://impeccablerenovations.com.au"
49.13.164.148 - - [02/Jan/2026:16:32:35 +0800] "HEAD / HTTP/1.1" 200 - "https://impeccablerenovations.com.au/" "Mozilla/5.0+(compatible; UptimeRobot/2.0; http://www.uptimerobot.com/)"
103.4.122.14 - - [02/Jan/2026:16:34:17 +0800] "POST /wp-cron.php?doing_wp_cron=1767342856.9892120361328125000000 HTTP/1.1" 200 - "-" "WordPress/6.8.3; https://impeccablerenovations.com.au"
216.73.216.99 - - [02/Jan/2026:16:34:15 +0800] "GET /sitemap_index.xml HTTP/1.1" 200 346 "-" "Mozilla/5.0 AppleWebKit/537.36 (KHTML, like Gecko; compatible; ClaudeBot/1.0; +claudebot@anthropic.com)"
103.4.122.14 - - [02/Jan/2026:16:37:45 +0800] "POST /wp-cron.php?doing_wp_cron=1767343065.1278989315032958984375 HTTP/1.1" 200 - "-" "WordPress/6.8.3; https://impeccablerenovations.com.au"
49.13.24.81 - - [02/Jan/2026:16:37:43 +0800] "HEAD / HTTP/1.1" 200 - "https://impeccablerenovations.com.au/" "Mozilla/5.0+(compatible; UptimeRobot/2.0; http://www.uptimerobot.com/)"
103.4.122.14 - - [02/Jan/2026:16:40:22 +0800] "POST /wp-cron.php?doing_wp_cron=1767343222.6373329162597656250000 HTTP/1.1" 200 - "-" "WordPress/6.8.3; https://impeccablerenovations.com.au"
15.235.98.33 - - [02/Jan/2026:16:40:20 +0800] "GET /category/uncategorized/ HTTP/1.1" 200 15947 "-" "Mozilla/5.0 (compatible; AhrefsBot/7.0; +http://ahrefs.com/robot/)"
103.4.122.14 - - [02/Jan/2026:16:40:24 +0800] "POST /wp-admin/admin-ajax.php?action=wordfence_testAjax HTTP/1.1" 200 32 "-" "WordPress/6.8.3; https://impeccablerenovations.com.au"
103.4.122.14 - - [02/Jan/2026:16:40:26 +0800] "GET /wp-admin/admin-ajax.php?action=wordfence_doScan&isFork=0&scanMode=quick&cronKey=0834b4006751c93ba24150f2f172138a&signature=c7b2f553339d3bb425e379bb4bc5a2a962759b5257e1e835e1f42fede0811806 HTTP/1.1" 200 - "-" "WordPress/6.8.3; https://impeccablerenovations.com.au"
103.4.122.14 - - [02/Jan/2026:16:41:50 +0800] "POST /wp-cron.php?doing_wp_cron=1767343309.8606760501861572265625 HTTP/1.1" 200 - "-" "WordPress/6.8.3; https://impeccablerenovations.com.au"
201.81.0.83 - - [02/Jan/2026:16:41:48 +0800] "GET /projects/ HTTP/1.1" 200 19666 "-" "Mozilla/5.0 (Windows NT 6.1; rv:21.0) Gecko/20130328 Firefox/21.0"
103.4.122.14 - - [02/Jan/2026:16:42:53 +0800] "POST /wp-cron.php?doing_wp_cron=1767343373.7620139122009277343750 HTTP/1.1" 200 - "-" "WordPress/6.8.3; https://impeccablerenovations.com.au"
3.79.134.69 - - [02/Jan/2026:16:42:52 +0800] "HEAD / HTTP/1.1" 200 - "https://impeccablerenovations.com.au/" "Mozilla/5.0+(compatible; UptimeRobot/2.0; http://www.uptimerobot.com/)"
103.4.122.14 - - [02/Jan/2026:16:48:01 +0800] "POST /wp-cron.php?doing_wp_cron=1767343680.9836010932922363281250 HTTP/1.1" 200 - "-" "WordPress/6.8.3; https://impeccablerenovations.com.au"
167.235.143.113 - - [02/Jan/2026:16:47:59 +0800] "HEAD / HTTP/1.1" 200 - "https://impeccablerenovations.com.au/" "Mozilla/5.0+(compatible; UptimeRobot/2.0; http://www.uptimerobot.com/)"
103.4.122.14 - - [02/Jan/2026:16:53:08 +0800] "POST /wp-cron.php?doing_wp_cron=1767343988.5104410648345947265625 HTTP/1.1" 200 - "-" "WordPress/6.8.3; https://impeccablerenovations.com.au"
18.193.252.127 - - [02/Jan/2026:16:53:06 +0800] "HEAD / HTTP/1.1" 200 - "https://impeccablerenovations.com.au/" "Mozilla/5.0+(compatible; UptimeRobot/2.0; http://www.uptimerobot.com/)"
103.4.122.14 - - [02/Jan/2026:16:58:15 +0800] "POST /wp-cron.php?doing_wp_cron=1767344295.7615299224853515625000 HTTP/1.1" 200 - "-" "WordPress/6.8.3; https://impeccablerenovations.com.au"
167.235.143.113 - - [02/Jan/2026:16:58:14 +0800] "HEAD / HTTP/1.1" 200 - "https://impeccablerenovations.com.au/" "Mozilla/5.0+(compatible; UptimeRobot/2.0; http://www.uptimerobot.com/)"
103.4.122.14 - - [02/Jan/2026:17:00:30 +0800] "POST /wp-cron.php?doing_wp_cron=1767344430.8250980377197265625000 HTTP/1.1" 200 - "-" "WordPress/6.8.3; https://impeccablerenovations.com.au"
216.73.216.99 - - [02/Jan/2026:17:00:29 +0800] "GET /robots.txt HTTP/1.1" 200 124 "-" "Mozilla/5.0 AppleWebKit/537.36 (KHTML, like Gecko; compatible; ClaudeBot/1.0; +claudebot@anthropic.com)"
216.73.216.99 - - [02/Jan/2026:17:00:31 +0800] "GET /sitemap_index.xml HTTP/1.1" 200 346 "-" "Mozilla/5.0 AppleWebKit/537.36 (KHTML, like Gecko; compatible; ClaudeBot/1.0; +claudebot@anthropic.com)"
103.4.122.14 - - [02/Jan/2026:17:03:18 +0800] "POST /wp-cron.php?doing_wp_cron=1767344598.0319800376892089843750 HTTP/1.1" 200 - "-" "WordPress/6.8.3; https://impeccablerenovations.com.au"
114.119.155.55 - - [02/Jan/2026:17:03:16 +0800] "GET /wp-content/uploads/2018/09/bathroom-10-300x200.jpg HTTP/1.1" 404 62394 "-" "Mozilla/5.0 (Linux; Android 7.0;) AppleWebKit/537.36 (KHTML, like Gecko) Mobile Safari/537.36 (compatible; PetalBot;+https://webmaster.petalsearch.com/site/petalbot)"
168.119.96.239 - - [02/Jan/2026:17:03:23 +0800] "HEAD / HTTP/1.1" 200 - "https://impeccablerenovations.com.au/" "Mozilla/5.0+(compatible; UptimeRobot/2.0; http://www.uptimerobot.com/)"
103.4.122.14 - - [02/Jan/2026:17:07:58 +0800] "POST /wp-cron.php?doing_wp_cron=1767344878.6175830364227294921875 HTTP/1.1" 200 - "-" "WordPress/6.8.3; https://impeccablerenovations.com.au"
216.73.216.99 - - [02/Jan/2026:17:07:56 +0800] "GET /sitemap_index.xml HTTP/1.1" 200 346 "-" "Mozilla/5.0 AppleWebKit/537.36 (KHTML, like Gecko; compatible; ClaudeBot/1.0; +claudebot@anthropic.com)"
103.4.122.14 - - [02/Jan/2026:17:08:32 +0800] "POST /wp-cron.php?doing_wp_cron=1767344912.8274619579315185546875 HTTP/1.1" 200 - "-" "WordPress/6.8.3; https://impeccablerenovations.com.au"
63.178.84.147 - - [02/Jan/2026:17:08:31 +0800] "HEAD / HTTP/1.1" 200 - "https://impeccablerenovations.com.au/" "Mozilla/5.0+(compatible; UptimeRobot/2.0; http://www.uptimerobot.com/)"
103.4.122.14 - - [02/Jan/2026:17:13:39 +0800] "POST /wp-cron.php?doing_wp_cron=1767345219.7241070270538330078125 HTTP/1.1" 200 - "-" "WordPress/6.8.3; https://impeccablerenovations.com.au"
3.77.67.4 - - [02/Jan/2026:17:13:38 +0800] "HEAD / HTTP/1.1" 200 - "https://impeccablerenovations.com.au/" "Mozilla/5.0+(compatible; UptimeRobot/2.0; http://www.uptimerobot.com/)"
103.4.122.14 - - [02/Jan/2026:17:18:47 +0800] "POST /wp-cron.php?doing_wp_cron=1767345526.8893818855285644531250 HTTP/1.1" 200 - "-" "WordPress/6.8.3; https://impeccablerenovations.com.au"
167.235.143.113 - - [02/Jan/2026:17:18:45 +0800] "HEAD / HTTP/1.1" 200 - "https://impeccablerenovations.com.au/" "Mozilla/5.0+(compatible; UptimeRobot/2.0; http://www.uptimerobot.com/)"
103.4.122.14 - - [02/Jan/2026:17:23:54 +0800] "POST /wp-cron.php?doing_wp_cron=1767345834.4493420124053955078125 HTTP/1.1" 200 - "-" "WordPress/6.8.3; https://impeccablerenovations.com.au"
157.90.156.63 - - [02/Jan/2026:17:23:52 +0800] "HEAD / HTTP/1.1" 200 - "https://impeccablerenovations.com.au/" "Mozilla/5.0+(compatible; UptimeRobot/2.0; http://www.uptimerobot.com/)"
103.4.122.14 - - [02/Jan/2026:17:29:06 +0800] "POST /wp-cron.php?doing_wp_cron=1767346145.9416880607604980468750 HTTP/1.1" 200 - "-" "WordPress/6.8.3; https://impeccablerenovations.com.au"
49.13.24.81 - - [02/Jan/2026:17:29:04 +0800] "HEAD / HTTP/1.1" 200 - "https://impeccablerenovations.com.au/" "Mozilla/5.0+(compatible; UptimeRobot/2.0; http://www.uptimerobot.com/)"
103.4.122.14 - - [02/Jan/2026:17:34:15 +0800] "POST /wp-cron.php?doing_wp_cron=1767346455.6304199695587158203125 HTTP/1.1" 200 - "-" "WordPress/6.8.3; https://impeccablerenovations.com.au"
49.13.134.145 - - [02/Jan/2026:17:34:12 +0800] "HEAD / HTTP/1.1" 200 - "https://impeccablerenovations.com.au/" "Mozilla/5.0+(compatible; UptimeRobot/2.0; http://www.uptimerobot.com/)"
103.4.122.14 - - [02/Jan/2026:17:39:22 +0800] "POST /wp-cron.php?doing_wp_cron=1767346761.9993178844451904296875 HTTP/1.1" 200 - "-" "WordPress/6.8.3; https://impeccablerenovations.com.au"
159.69.158.189 - - [02/Jan/2026:17:39:20 +0800] "HEAD / HTTP/1.1" 200 - "https://impeccablerenovations.com.au/" "Mozilla/5.0+(compatible; UptimeRobot/2.0; http://www.uptimerobot.com/)"
103.4.122.14 - - [02/Jan/2026:17:42:56 +0800] "POST /wp-cron.php?doing_wp_cron=1767346976.5407779216766357421875 HTTP/1.1" 200 - "-" "WordPress/6.8.3; https://impeccablerenovations.com.au"
40.77.167.101 - - [02/Jan/2026:17:42:54 +0800] "GET /robots.txt HTTP/1.1" 200 124 "-" "Mozilla/5.0 AppleWebKit/537.36 (KHTML, like Gecko; compatible; bingbot/2.0; +http://www.bing.com/bingbot.htm) Chrome/116.0.1938.76 Safari/537.36"
40.77.167.32 - - [02/Jan/2026:17:42:59 +0800] "GET /sitemap_index.xml HTTP/1.1" 200 346 "-" "Mozilla/5.0 AppleWebKit/537.36 (KHTML, like Gecko; compatible; bingbot/2.0; +http://www.bing.com/bingbot.htm) Chrome/116.0.1938.76 Safari/537.36"
103.4.122.14 - - [02/Jan/2026:17:44:30 +0800] "POST /wp-cron.php?doing_wp_cron=1767347070.7520580291748046875000 HTTP/1.1" 200 - "-" "WordPress/6.8.3; https://impeccablerenovations.com.au"
78.47.173.76 - - [02/Jan/2026:17:44:29 +0800] "HEAD / HTTP/1.1" 200 - "https://impeccablerenovations.com.au/" "Mozilla/5.0+(compatible; UptimeRobot/2.0; http://www.uptimerobot.com/)"
103.4.122.14 - - [02/Jan/2026:17:48:16 +0800] "POST /wp-cron.php?doing_wp_cron=1767347296.2152740955352783203125 HTTP/1.1" 200 - "-" "WordPress/6.8.3; https://impeccablerenovations.com.au"
57.141.2.93 - - [02/Jan/2026:17:48:14 +0800] "GET /sitemap.html HTTP/1.1" 404 62816 "-" "meta-externalagent/1.1 (+https://developers.facebook.com/docs/sharing/webmasters/crawler)"
103.4.122.14 - - [02/Jan/2026:17:49:41 +0800] "POST /wp-cron.php?doing_wp_cron=1767347381.0068891048431396484375 HTTP/1.1" 200 - "-" "WordPress/6.8.3; https://impeccablerenovations.com.au"
49.13.164.148 - - [02/Jan/2026:17:49:39 +0800] "HEAD / HTTP/1.1" 200 - "https://impeccablerenovations.com.au/" "Mozilla/5.0+(compatible; UptimeRobot/2.0; http://www.uptimerobot.com/)"
216.73.216.99 - - [02/Jan/2026:17:50:16 +0800] "GET /sitemap_index.xml HTTP/1.1" 200 346 "-" "Mozilla/5.0 AppleWebKit/537.36 (KHTML, like Gecko; compatible; ClaudeBot/1.0; +claudebot@anthropic.com)"
103.4.122.14 - - [02/Jan/2026:17:52:24 +0800] "POST /wp-cron.php?doing_wp_cron=1767347544.6698069572448730468750 HTTP/1.1" 200 - "-" "WordPress/6.8.3; https://impeccablerenovations.com.au"
57.141.2.38 - - [02/Jan/2026:17:52:23 +0800] "GET /news_sitemap.xml HTTP/1.1" 404 59297 "-" "meta-externalagent/1.1 (+https://developers.facebook.com/docs/sharing/webmasters/crawler)"
57.141.2.61 - - [02/Jan/2026:17:52:29 +0800] "GET /project-sitemap.xml HTTP/1.1" 200 1176 "-" "meta-externalagent/1.1 (+https://developers.facebook.com/docs/sharing/webmasters/crawler)"
103.4.122.14 - - [02/Jan/2026:17:54:44 +0800] "POST /wp-cron.php?doing_wp_cron=1767347684.0061910152435302734375 HTTP/1.1" 200 - "-" "WordPress/6.8.3; https://impeccablerenovations.com.au"
57.141.2.11 - - [02/Jan/2026:17:54:42 +0800] "GET /category-sitemap.xml HTTP/1.1" 200 769 "-" "meta-externalagent/1.1 (+https://developers.facebook.com/docs/sharing/webmasters/crawler)"
78.46.215.1 - - [02/Jan/2026:17:54:46 +0800] "HEAD / HTTP/1.1" 200 - "https://impeccablerenovations.com.au/" "Mozilla/5.0+(compatible; UptimeRobot/2.0; http://www.uptimerobot.com/)"
103.4.122.14 - - [02/Jan/2026:17:55:49 +0800] "POST /wp-cron.php?doing_wp_cron=1767347749.7256560325622558593750 HTTP/1.1" 200 - "-" "WordPress/6.8.3; https://impeccablerenovations.com.au"
27.46.125.238 - - [02/Jan/2026:17:55:48 +0800] "GET /robots.txt HTTP/1.1" 200 124 "-" "Mozilla/5.0 (Windows NT 10.0; Win64; x64) AppleWebKit/537.36 (KHTML, like Gecko) Chrome/66.0.3393.101 Safari/537.36 OPR/63.0.3368.43"
57.141.2.70 - - [02/Jan/2026:17:56:29 +0800] "GET /post-sitemap.xml HTTP/1.1" 200 1175 "-" "meta-externalagent/1.1 (+https://developers.facebook.com/docs/sharing/webmasters/crawler)"
103.4.122.14 - - [02/Jan/2026:17:58:57 +0800] "POST /wp-cron.php?doing_wp_cron=1767347936.9562909603118896484375 HTTP/1.1" 200 - "-" "WordPress/6.8.3; https://impeccablerenovations.com.au"
57.141.2.64 - - [02/Jan/2026:17:58:55 +0800] "GET /news-sitemap.xml HTTP/1.1" 404 58132 "-" "meta-externalagent/1.1 (+https://developers.facebook.com/docs/sharing/webmasters/crawler)"
103.4.122.14 - - [02/Jan/2026:17:59:54 +0800] "POST /wp-cron.php?doing_wp_cron=1767347993.9861669540405273437500 HTTP/1.1" 200 - "-" "WordPress/6.8.3; https://impeccablerenovations.com.au"
78.47.173.76 - - [02/Jan/2026:17:59:52 +0800] "HEAD / HTTP/1.1" 200 - "https://impeccablerenovations.com.au/" "Mozilla/5.0+(compatible; UptimeRobot/2.0; http://www.uptimerobot.com/)"
49.232.203.69 - - [02/Jan/2026:18:00:17 +0800] "GET /build-it-beautiful/ HTTP/1.1" 200 22944 "https://impeccablerenovations.com.au/build-it-beautiful/" "Mozilla/5.0 (Windows NT 10.0; Win64; x64) AppleWebKit/537.36 (KHTML, like Gecko) Chrome/116.0.0.0 Safari/537.36"
57.141.2.27 - - [02/Jan/2026:18:00:18 +0800] "GET /page-sitemap.xml HTTP/1.1" 200 10287 "-" "meta-externalagent/1.1 (+https://developers.facebook.com/docs/sharing/webmasters/crawler)"
103.4.122.14 - - [02/Jan/2026:18:03:06 +0800] "POST /wp-cron.php?doing_wp_cron=1767348185.8640429973602294921875 HTTP/1.1" 200 - "-" "WordPress/6.8.3; https://impeccablerenovations.com.au"
57.141.2.9 - - [02/Jan/2026:18:03:04 +0800] "GET /sitemap_index.xml HTTP/1.1" 200 849 "-" "meta-externalagent/1.1 (+https://developers.facebook.com/docs/sharing/webmasters/crawler)"
57.141.2.3 - - [02/Jan/2026:18:03:13 +0800] "GET /sitemap-index.xml HTTP/1.1" 404 59298 "-" "meta-externalagent/1.1 (+https://developers.facebook.com/docs/sharing/webmasters/crawler)"
103.4.122.14 - - [02/Jan/2026:18:03:38 +0800] "POST /wp-cron.php?doing_wp_cron=1767348218.3512520790100097656250 HTTP/1.1" 200 - "-" "WordPress/6.8.3; https://impeccablerenovations.com.au"
57.141.2.53 - - [02/Jan/2026:18:03:37 +0800] "GET /SiteMap.aspx HTTP/1.1" 404 62816 "-" "meta-externalagent/1.1 (+https://developers.facebook.com/docs/sharing/webmasters/crawler)"
57.141.2.82 - - [02/Jan/2026:18:03:48 +0800] "GET /sitemap.xml HTTP/1.1" 301 - "-" "meta-externalagent/1.1 (+https://developers.facebook.com/docs/sharing/webmasters/crawler)"
57.141.2.30 - - [02/Jan/2026:18:04:28 +0800] "GET /sitemap.txt HTTP/1.1" 404 62815 "-" "meta-externalagent/1.1 (+https://developers.facebook.com/docs/sharing/webmasters/crawler)"
103.4.122.14 - - [02/Jan/2026:18:05:02 +0800] "POST /wp-cron.php?doing_wp_cron=1767348302.3489930629730224609375 HTTP/1.1" 200 - "-" "WordPress/6.8.3; https://impeccablerenovations.com.au"
157.90.156.63 - - [02/Jan/2026:18:05:00 +0800] "HEAD / HTTP/1.1" 200 - "https://impeccablerenovations.com.au/" "Mozilla/5.0+(compatible; UptimeRobot/2.0; http://www.uptimerobot.com/)"
103.4.122.14 - - [02/Jan/2026:18:10:09 +0800] "POST /wp-cron.php?doing_wp_cron=1767348609.5201420783996582031250 HTTP/1.1" 200 - "-" "WordPress/6.8.3; https://impeccablerenovations.com.au"
157.90.156.63 - - [02/Jan/2026:18:10:07 +0800] "HEAD / HTTP/1.1" 200 - "https://impeccablerenovations.com.au/" "Mozilla/5.0+(compatible; UptimeRobot/2.0; http://www.uptimerobot.com/)"
103.4.122.14 - - [02/Jan/2026:18:15:17 +0800] "POST /wp-cron.php?doing_wp_cron=1767348917.2491669654846191406250 HTTP/1.1" 200 - "-" "WordPress/6.8.3; https://impeccablerenovations.com.au"
49.13.167.123 - - [02/Jan/2026:18:15:15 +0800] "HEAD / HTTP/1.1" 200 - "https://impeccablerenovations.com.au/" "Mozilla/5.0+(compatible; UptimeRobot/2.0; http://www.uptimerobot.com/)"
103.4.122.14 - - [02/Jan/2026:18:20:27 +0800] "POST /wp-cron.php?doing_wp_cron=1767349227.1606960296630859375000 HTTP/1.1" 200 - "-" "WordPress/6.8.3; https://impeccablerenovations.com.au"
49.13.24.81 - - [02/Jan/2026:18:20:25 +0800] "HEAD / HTTP/1.1" 200 - "https://impeccablerenovations.com.au/" "Mozilla/5.0+(compatible; UptimeRobot/2.0; http://www.uptimerobot.com/)"
103.4.122.14 - - [02/Jan/2026:18:25:34 +0800] "POST /wp-cron.php?doing_wp_cron=1767349534.0944249629974365234375 HTTP/1.1" 200 - "-" "WordPress/6.8.3; https://impeccablerenovations.com.au"
142.132.180.39 - - [02/Jan/2026:18:25:32 +0800] "HEAD / HTTP/1.1" 200 - "https://impeccablerenovations.com.au/" "Mozilla/5.0+(compatible; UptimeRobot/2.0; http://www.uptimerobot.com/)"
103.4.122.14 - - [02/Jan/2026:18:28:42 +0800] "POST /wp-cron.php?doing_wp_cron=1767349721.9835178852081298828125 HTTP/1.1" 200 - "-" "WordPress/6.8.3; https://impeccablerenovations.com.au"
213.180.203.101 - - [02/Jan/2026:18:28:40 +0800] "GET /robots.txt HTTP/1.1" 200 132 "-" "Mozilla/5.0 (compatible; YandexBot/3.0; +http://yandex.com/bots)"
5.255.231.114 - - [02/Jan/2026:18:28:44 +0800] "GET /portfolio/green-gable-kindergarten/ HTTP/1.1" 404 62839 "-" "Mozilla/5.0 (compatible; YandexBot/3.0; +http://yandex.com/bots)"
103.4.122.14 - - [02/Jan/2026:18:30:41 +0800] "POST /wp-cron.php?doing_wp_cron=1767349841.3337180614471435546875 HTTP/1.1" 200 - "-" "WordPress/6.8.3; https://impeccablerenovations.com.au"
3.77.67.4 - - [02/Jan/2026:18:30:39 +0800] "HEAD / HTTP/1.1" 200 - "https://impeccablerenovations.com.au/" "Mozilla/5.0+(compatible; UptimeRobot/2.0; http://www.uptimerobot.com/)"
103.4.122.14 - - [02/Jan/2026:18:33:26 +0800] "POST /wp-cron.php?doing_wp_cron=1767350006.7933769226074218750000 HTTP/1.1" 200 - "-" "WordPress/6.8.3; https://impeccablerenovations.com.au"
190.92.230.169 - - [02/Jan/2026:18:33:23 +0800] "GET /2022/03/08/launching-our-new-brand-and-website/ HTTP/1.1" 200 20434 "https://impeccablerenovations.com.au/2022/03/08/launching-our-new-brand-and-website/" "Mozilla/5.0 (Windows NT 10.0; Win64; x64) AppleWebKit/537.36 (KHTML, like Gecko) Chrome/116.0.0.0 Safari/537.36"
103.4.122.14 - - [02/Jan/2026:18:35:48 +0800] "POST /wp-cron.php?doing_wp_cron=1767350148.3314189910888671875000 HTTP/1.1" 200 - "-" "WordPress/6.8.3; https://impeccablerenovations.com.au"
78.47.173.76 - - [02/Jan/2026:18:35:46 +0800] "HEAD / HTTP/1.1" 200 - "https://impeccablerenovations.com.au/" "Mozilla/5.0+(compatible; UptimeRobot/2.0; http://www.uptimerobot.com/)"
198.244.168.239 - - [02/Jan/2026:18:36:12 +0800] "GET /robots.txt HTTP/1.1" 200 124 "-" "Mozilla/5.0 (compatible; AhrefsBot/7.0; +http://ahrefs.com/robot/)"
54.39.0.212 - - [02/Jan/2026:18:36:17 +0800] "GET /sitemap_index.xml HTTP/1.1" 200 346 "-" "Mozilla/5.0 (compatible; AhrefsBot/7.0; +http://ahrefs.com/robot/)"
54.39.0.184 - - [02/Jan/2026:18:36:22 +0800] "GET /post-sitemap.xml HTTP/1.1" 200 481 "-" "Mozilla/5.0 (compatible; AhrefsBot/7.0; +http://ahrefs.com/robot/)"
142.44.225.255 - - [02/Jan/2026:18:36:28 +0800] "GET /page-sitemap.xml HTTP/1.1" 200 1154 "-" "Mozilla/5.0 (compatible; AhrefsBot/7.0; +http://ahrefs.com/robot/)"
103.4.122.14 - - [02/Jan/2026:18:36:34 +0800] "POST /wp-cron.php?doing_wp_cron=1767350194.7505989074707031250000 HTTP/1.1" 200 - "-" "WordPress/6.8.3; https://impeccablerenovations.com.au"
142.44.220.44 - - [02/Jan/2026:18:36:33 +0800] "GET /project-sitemap.xml HTTP/1.1" 200 445 "-" "Mozilla/5.0 (compatible; AhrefsBot/7.0; +http://ahrefs.com/robot/)"
51.161.37.86 - - [02/Jan/2026:18:36:39 +0800] "GET /category-sitemap.xml HTTP/1.1" 200 376 "-" "Mozilla/5.0 (compatible; AhrefsBot/7.0; +http://ahrefs.com/robot/)"
103.4.122.14 - - [02/Jan/2026:18:40:58 +0800] "POST /wp-cron.php?doing_wp_cron=1767350458.4793429374694824218750 HTTP/1.1" 200 - "-" "WordPress/6.8.3; https://impeccablerenovations.com.au"
63.178.84.147 - - [02/Jan/2026:18:40:56 +0800] "HEAD / HTTP/1.1" 200 - "https://impeccablerenovations.com.au/" "Mozilla/5.0+(compatible; UptimeRobot/2.0; http://www.uptimerobot.com/)"
152.53.21.89 - - [02/Jan/2026:18:41:19 +0800] "GET /robots.txt HTTP/1.1" 200 132 "-" "Mozilla/5.0 (compatible; Website-info.net-Robot; https://website-info.net/robot)"
152.53.21.89 - - [02/Jan/2026:18:41:21 +0800] "GET /robots.txt HTTP/1.1" 200 132 "-" "Mozilla/5.0 (compatible; Website-info.net-Robot; https://website-info.net/robot)"
152.53.21.89 - - [02/Jan/2026:18:41:23 +0800] "GET / HTTP/1.1" 301 - "-" "Mozilla/5.0 (compatible; Website-info.net-Robot; https://website-info.net/robot)"
152.53.21.89 - - [02/Jan/2026:18:41:24 +0800] "GET / HTTP/1.1" 200 108894 "-" "Mozilla/5.0 (compatible; Website-info.net-Robot; https://website-info.net/robot)"
103.4.122.14 - - [02/Jan/2026:18:46:06 +0800] "POST /wp-cron.php?doing_wp_cron=1767350765.8776619434356689453125 HTTP/1.1" 200 - "-" "WordPress/6.8.3; https://impeccablerenovations.com.au"
49.13.134.145 - - [02/Jan/2026:18:46:04 +0800] "HEAD / HTTP/1.1" 200 - "https://impeccablerenovations.com.au/" "Mozilla/5.0+(compatible; UptimeRobot/2.0; http://www.uptimerobot.com/)"
103.4.122.14 - - [02/Jan/2026:18:46:59 +0800] "POST /wp-cron.php?doing_wp_cron=1767350819.0252850055694580078125 HTTP/1.1" 200 - "-" "WordPress/6.8.3; https://impeccablerenovations.com.au"
41.216.185.84 - - [02/Jan/2026:18:46:56 +0800] "GET /wp-login.php HTTP/1.1" 200 2168 "-" "Mozilla/5.0 (Windows NT 6.1; Win64; x64) AppleWebKit/537.36 (KHTML, like Gecko) Chrome/65.0.3325.181 Safari/537.36 OPR/52.0.2871.40"
41.216.185.84 - - [02/Jan/2026:18:46:59 +0800] "POST /wp-login.php HTTP/1.1" 503 18959 "https://impeccablerenovations.com.au/wp-login.php" "Mozilla/5.0 (Windows NT 6.1; Win64; x64) AppleWebKit/537.36 (KHTML, like Gecko) Chrome/65.0.3325.181 Safari/537.36 OPR/52.0.2871.40"
103.4.122.14 - - [02/Jan/2026:18:51:16 +0800] "POST /wp-cron.php?doing_wp_cron=1767351076.3196969032287597656250 HTTP/1.1" 200 - "-" "WordPress/6.8.3; https://impeccablerenovations.com.au"
49.13.24.81 - - [02/Jan/2026:18:51:14 +0800] "HEAD / HTTP/1.1" 200 - "https://impeccablerenovations.com.au/" "Mozilla/5.0+(compatible; UptimeRobot/2.0; http://www.uptimerobot.com/)"
103.4.122.14 - - [02/Jan/2026:18:56:24 +0800] "POST /wp-cron.php?doing_wp_cron=1767351383.9673418998718261718750 HTTP/1.1" 200 - "-" "WordPress/6.8.3; https://impeccablerenovations.com.au"
128.140.106.114 - - [02/Jan/2026:18:56:22 +0800] "HEAD / HTTP/1.1" 200 - "https://impeccablerenovations.com.au/" "Mozilla/5.0+(compatible; UptimeRobot/2.0; http://www.uptimerobot.com/)"
103.4.122.14 - - [02/Jan/2026:19:01:32 +0800] "POST /wp-cron.php?doing_wp_cron=1767351691.8601388931274414062500 HTTP/1.1" 200 - "-" "WordPress/6.8.3; https://impeccablerenovations.com.au"
78.47.98.55 - - [02/Jan/2026:19:01:30 +0800] "HEAD / HTTP/1.1" 200 - "https://impeccablerenovations.com.au/" "Mozilla/5.0+(compatible; UptimeRobot/2.0; http://www.uptimerobot.com/)"
103.4.122.14 - - [02/Jan/2026:19:06:39 +0800] "POST /wp-cron.php?doing_wp_cron=1767351999.6063289642333984375000 HTTP/1.1" 200 - "-" "WordPress/6.8.3; https://impeccablerenovations.com.au"
168.119.53.160 - - [02/Jan/2026:19:06:37 +0800] "HEAD / HTTP/1.1" 200 - "https://impeccablerenovations.com.au/" "Mozilla/5.0+(compatible; UptimeRobot/2.0; http://www.uptimerobot.com/)"
114.119.139.220 - - [02/Jan/2026:19:06:42 +0800] "GET /wp-content/uploads/2018/11/4C9ECA5C-540F-443B-95D5-E76637A935CE-200x300.jpeg HTTP/1.1" 404 62420 "-" "Mozilla/5.0 (Linux; Android 7.0;) AppleWebKit/537.36 (KHTML, like Gecko) Mobile Safari/537.36 (compatible; PetalBot;+https://webmaster.petalsearch.com/site/petalbot)"
103.4.122.14 - - [02/Jan/2026:19:08:06 +0800] "POST /wp-cron.php?doing_wp_cron=1767352086.0991868972778320312500 HTTP/1.1" 200 - "-" "WordPress/6.8.3; https://impeccablerenovations.com.au"
114.119.146.45 - - [02/Jan/2026:19:08:04 +0800] "GET /wp-content/uploads/2018/09/step3-project-start-1.png HTTP/1.1" 404 62396 "-" "Mozilla/5.0 (Linux; Android 7.0;) AppleWebKit/537.36 (KHTML, like Gecko) Mobile Safari/537.36 (compatible; PetalBot;+https://webmaster.petalsearch.com/site/petalbot)"
103.4.122.14 - - [02/Jan/2026:19:09:30 +0800] "POST /wp-cron.php?doing_wp_cron=1767352170.3891670703887939453125 HTTP/1.1" 200 - "-" "WordPress/6.8.3; https://impeccablerenovations.com.au"
114.119.159.26 - - [02/Jan/2026:19:09:28 +0800] "GET /wp-content/uploads/2018/05/eye-clinic-2-300x200.jpg HTTP/1.1" 404 62395 "-" "Mozilla/5.0 (Linux; Android 7.0;) AppleWebKit/537.36 (KHTML, like Gecko) Mobile Safari/537.36 (compatible; PetalBot;+https://webmaster.petalsearch.com/site/petalbot)"
103.4.122.14 - - [02/Jan/2026:19:10:53 +0800] "POST /wp-cron.php?doing_wp_cron=1767352253.7257380485534667968750 HTTP/1.1" 200 - "-" "WordPress/6.8.3; https://impeccablerenovations.com.au"
114.119.146.45 - - [02/Jan/2026:19:10:52 +0800] "GET /updates HTTP/1.1" 301 - "https://impeccablerenovations.com.au/project/hospitality-store" "Mozilla/5.0 (Linux; Android 7.0;) AppleWebKit/537.36 (KHTML, like Gecko) Mobile Safari/537.36 (compatible; PetalBot;+https://webmaster.petalsearch.com/site/petalbot)"
114.119.146.45 - - [02/Jan/2026:19:10:54 +0800] "GET /updates/ HTTP/1.1" 200 18124 "https://impeccablerenovations.com.au/project/hospitality-store" "Mozilla/5.0 (Linux; Android 7.0;) AppleWebKit/537.36 (KHTML, like Gecko) Mobile Safari/537.36 (compatible; PetalBot;+https://webmaster.petalsearch.com/site/petalbot)"
103.4.122.14 - - [02/Jan/2026:19:11:47 +0800] "POST /wp-cron.php?doing_wp_cron=1767352307.2713119983673095703125 HTTP/1.1" 200 - "-" "WordPress/6.8.3; https://impeccablerenovations.com.au"
52.59.43.236 - - [02/Jan/2026:19:11:45 +0800] "HEAD / HTTP/1.1" 200 - "https://impeccablerenovations.com.au/" "Mozilla/5.0+(compatible; UptimeRobot/2.0; http://www.uptimerobot.com/)"
103.4.122.14 - - [02/Jan/2026:19:16:59 +0800] "POST /wp-cron.php?doing_wp_cron=1767352619.4064800739288330078125 HTTP/1.1" 200 - "-" "WordPress/6.8.3; https://impeccablerenovations.com.au"
78.46.190.63 - - [02/Jan/2026:19:16:57 +0800] "HEAD / HTTP/1.1" 200 - "https://impeccablerenovations.com.au/" "Mozilla/5.0+(compatible; UptimeRobot/2.0; http://www.uptimerobot.com/)"
103.4.122.14 - - [02/Jan/2026:19:22:07 +0800] "POST /wp-cron.php?doing_wp_cron=1767352927.3086810111999511718750 HTTP/1.1" 200 - "-" "WordPress/6.8.3; https://impeccablerenovations.com.au"
3.79.134.69 - - [02/Jan/2026:19:22:05 +0800] "HEAD / HTTP/1.1" 200 - "https://impeccablerenovations.com.au/" "Mozilla/5.0+(compatible; UptimeRobot/2.0; http://www.uptimerobot.com/)"
103.4.122.14 - - [02/Jan/2026:19:27:14 +0800] "POST /wp-cron.php?doing_wp_cron=1767353233.9623150825500488281250 HTTP/1.1" 200 - "-" "WordPress/6.8.3; https://impeccablerenovations.com.au"
159.69.158.189 - - [02/Jan/2026:19:27:12 +0800] "HEAD / HTTP/1.1" 200 - "https://impeccablerenovations.com.au/" "Mozilla/5.0+(compatible; UptimeRobot/2.0; http://www.uptimerobot.com/)"
103.4.122.14 - - [02/Jan/2026:19:32:25 +0800] "POST /wp-cron.php?doing_wp_cron=1767353544.9742341041564941406250 HTTP/1.1" 200 - "-" "WordPress/6.8.3; https://impeccablerenovations.com.au"
157.90.155.240 - - [02/Jan/2026:19:32:23 +0800] "HEAD / HTTP/1.1" 200 - "https://impeccablerenovations.com.au/" "Mozilla/5.0+(compatible; UptimeRobot/2.0; http://www.uptimerobot.com/)"
103.4.122.14 - - [02/Jan/2026:19:37:33 +0800] "POST /wp-cron.php?doing_wp_cron=1767353853.6428449153900146484375 HTTP/1.1" 200 - "-" "WordPress/6.8.3; https://impeccablerenovations.com.au"
216.73.216.99 - - [02/Jan/2026:19:37:20 +0800] "GET /robots.txt HTTP/1.1" 200 124 "-" "Mozilla/5.0 AppleWebKit/537.36 (KHTML, like Gecko; compatible; ClaudeBot/1.0; +claudebot@anthropic.com)"
216.73.216.99 - - [02/Jan/2026:19:37:34 +0800] "GET /sitemap_index.xml HTTP/1.1" 200 346 "-" "Mozilla/5.0 AppleWebKit/537.36 (KHTML, like Gecko; compatible; ClaudeBot/1.0; +claudebot@anthropic.com)"
49.13.164.148 - - [02/Jan/2026:19:37:34 +0800] "HEAD / HTTP/1.1" 200 - "https://impeccablerenovations.com.au/" "Mozilla/5.0+(compatible; UptimeRobot/2.0; http://www.uptimerobot.com/)"
103.4.122.14 - - [02/Jan/2026:19:42:43 +0800] "POST /wp-cron.php?doing_wp_cron=1767354163.5660619735717773437500 HTTP/1.1" 200 - "-" "WordPress/6.8.3; https://impeccablerenovations.com.au"
88.99.80.227 - - [02/Jan/2026:19:42:41 +0800] "HEAD / HTTP/1.1" 200 - "https://impeccablerenovations.com.au/" "Mozilla/5.0+(compatible; UptimeRobot/2.0; http://www.uptimerobot.com/)"
103.4.122.14 - - [02/Jan/2026:19:45:02 +0800] "POST /wp-cron.php?doing_wp_cron=1767354302.6343040466308593750000 HTTP/1.1" 200 - "-" "WordPress/6.8.3; https://impeccablerenovations.com.au"
216.73.216.99 - - [02/Jan/2026:19:45:00 +0800] "GET /sitemap_index.xml HTTP/1.1" 200 346 "-" "Mozilla/5.0 AppleWebKit/537.36 (KHTML, like Gecko; compatible; ClaudeBot/1.0; +claudebot@anthropic.com)"
103.4.122.14 - - [02/Jan/2026:19:47:51 +0800] "POST /wp-cron.php?doing_wp_cron=1767354470.9720859527587890625000 HTTP/1.1" 200 - "-" "WordPress/6.8.3; https://impeccablerenovations.com.au"
168.119.96.239 - - [02/Jan/2026:19:47:49 +0800] "HEAD / HTTP/1.1" 200 - "https://impeccablerenovations.com.au/" "Mozilla/5.0+(compatible; UptimeRobot/2.0; http://www.uptimerobot.com/)"
103.4.122.14 - - [02/Jan/2026:19:50:56 +0800] "POST /wp-cron.php?doing_wp_cron=1767354655.8880500793457031250000 HTTP/1.1" 200 - "-" "WordPress/6.8.3; https://impeccablerenovations.com.au"
216.73.216.99 - - [02/Jan/2026:19:50:54 +0800] "GET /sitemap_index.xml HTTP/1.1" 200 346 "-" "Mozilla/5.0 AppleWebKit/537.36 (KHTML, like Gecko; compatible; ClaudeBot/1.0; +claudebot@anthropic.com)"
103.4.122.14 - - [02/Jan/2026:19:53:01 +0800] "POST /wp-cron.php?doing_wp_cron=1767354781.6846020221710205078125 HTTP/1.1" 200 - "-" "WordPress/6.8.3; https://impeccablerenovations.com.au"
78.46.190.63 - - [02/Jan/2026:19:53:00 +0800] "HEAD / HTTP/1.1" 200 - "https://impeccablerenovations.com.au/" "Mozilla/5.0+(compatible; UptimeRobot/2.0; http://www.uptimerobot.com/)"
103.4.122.14 - - [02/Jan/2026:19:58:08 +0800] "POST /wp-cron.php?doing_wp_cron=1767355088.7689089775085449218750 HTTP/1.1" 200 - "-" "WordPress/6.8.3; https://impeccablerenovations.com.au"
78.47.98.55 - - [02/Jan/2026:19:58:07 +0800] "HEAD / HTTP/1.1" 200 - "https://impeccablerenovations.com.au/" "Mozilla/5.0+(compatible; UptimeRobot/2.0; http://www.uptimerobot.com/)"
216.73.216.99 - - [02/Jan/2026:19:58:08 +0800] "GET /sitemap_index.xml HTTP/1.1" 200 346 "-" "Mozilla/5.0 AppleWebKit/537.36 (KHTML, like Gecko; compatible; ClaudeBot/1.0; +claudebot@anthropic.com)"
103.4.122.14 - - [02/Jan/2026:20:03:17 +0800] "POST /wp-cron.php?doing_wp_cron=1767355397.2680239677429199218750 HTTP/1.1" 200 - "-" "WordPress/6.8.3; https://impeccablerenovations.com.au"
157.90.155.240 - - [02/Jan/2026:20:03:15 +0800] "HEAD / HTTP/1.1" 200 - "https://impeccablerenovations.com.au/" "Mozilla/5.0+(compatible; UptimeRobot/2.0; http://www.uptimerobot.com/)"
23.226.16.190 - - [02/Jan/2026:20:03:16 +0800] "GET / HTTP/1.1" 200 22200 "-" "\"Mozilla/5.0 (Windows NT 10.0; Win64; x64) AppleWebKit/537.36 (KHTML, like Gecko) Chrome/141.0.0.0 Safari/537.36\""
109.166.42.121 - - [02/Jan/2026:20:03:19 +0800] "GET /wp-content/themes/buildico/assets/js/popper.min.js?ver=1 HTTP/1.1" 200 6911 "-" "\"Mozilla/5.0 (Windows NT 10.0; Win64; x64) AppleWebKit/537.36 (KHTML, like Gecko) Chrome/141.0.0.0 Safari/537.36\""
103.4.122.14 - - [02/Jan/2026:20:08:24 +0800] "POST /wp-cron.php?doing_wp_cron=1767355704.4878199100494384765625 HTTP/1.1" 200 - "-" "WordPress/6.8.3; https://impeccablerenovations.com.au"
63.178.84.147 - - [02/Jan/2026:20:08:22 +0800] "HEAD / HTTP/1.1" 200 - "https://impeccablerenovations.com.au/" "Mozilla/5.0+(compatible; UptimeRobot/2.0; http://www.uptimerobot.com/)"
103.4.122.14 - - [02/Jan/2026:20:11:02 +0800] "POST /wp-cron.php?doing_wp_cron=1767355862.3401880264282226562500 HTTP/1.1" 200 - "-" "WordPress/6.8.3; https://impeccablerenovations.com.au"
69.171.231.114 - - [02/Jan/2026:20:11:02 +0800] "GET / HTTP/1.1" 301 - "-" "facebookexternalhit/1.1 (+http://www.facebook.com/externalhit_uatext.php)"
69.171.231.4 - - [02/Jan/2026:20:11:00 +0800] "GET /robots.txt HTTP/1.1" 301 - "-" "facebookexternalhit/1.1 (+http://www.facebook.com/externalhit_uatext.php)"
69.171.231.112 - - [02/Jan/2026:20:11:05 +0800] "GET / HTTP/1.1" 200 108894 "-" "facebookexternalhit/1.1 (+http://www.facebook.com/externalhit_uatext.php)"
103.4.122.14 - - [02/Jan/2026:20:13:31 +0800] "POST /wp-cron.php?doing_wp_cron=1767356011.1093258857727050781250 HTTP/1.1" 200 - "-" "WordPress/6.8.3; https://impeccablerenovations.com.au"
168.119.96.239 - - [02/Jan/2026:20:13:29 +0800] "HEAD / HTTP/1.1" 200 - "https://impeccablerenovations.com.au/" "Mozilla/5.0+(compatible; UptimeRobot/2.0; http://www.uptimerobot.com/)"
