159.69.158.189 - - [02/Jan/2026:08:04:01 +0800] "HEAD / HTTP/1.1" 200 - "https://impeccablerenovations.com.au/" "Mozilla/5.0+(compatible; UptimeRobot/2.0; http://www.uptimerobot.com/)"
103.4.122.14 - - [02/Jan/2026:08:06:51 +0800] "POST /wp-cron.php?doing_wp_cron=1767312410.9021410942077636718750 HTTP/1.1" 200 - "-" "WordPress/6.8.3; https://impeccablerenovations.com.au"
142.44.228.241 - - [02/Jan/2026:08:06:49 +0800] "GET /sitemap_index.xml HTTP/1.1" 200 346 "-" "Mozilla/5.0 (compatible; AhrefsBot/7.0; +http://ahrefs.com/robot/)"
148.113.128.178 - - [02/Jan/2026:08:06:55 +0800] "GET /post-sitemap.xml HTTP/1.1" 200 481 "-" "Mozilla/5.0 (compatible; AhrefsBot/7.0; +http://ahrefs.com/robot/)"
148.113.128.242 - - [02/Jan/2026:08:07:00 +0800] "GET /page-sitemap.xml HTTP/1.1" 200 1154 "-" "Mozilla/5.0 (compatible; AhrefsBot/7.0; +http://ahrefs.com/robot/)"
148.113.128.234 - - [02/Jan/2026:08:07:06 +0800] "GET /project-sitemap.xml HTTP/1.1" 200 445 "-" "Mozilla/5.0 (compatible; AhrefsBot/7.0; +http://ahrefs.com/robot/)"
54.39.6.255 - - [02/Jan/2026:08:07:11 +0800] "GET /category-sitemap.xml HTTP/1.1" 200 376 "-" "Mozilla/5.0 (compatible; AhrefsBot/7.0; +http://ahrefs.com/robot/)"
103.4.122.14 - - [02/Jan/2026:08:09:18 +0800] "POST /wp-cron.php?doing_wp_cron=1767312558.0455870628356933593750 HTTP/1.1" 200 - "-" "WordPress/6.8.3; https://impeccablerenovations.com.au"
49.13.24.81 - - [02/Jan/2026:08:09:16 +0800] "HEAD / HTTP/1.1" 200 - "https://impeccablerenovations.com.au/" "Mozilla/5.0+(compatible; UptimeRobot/2.0; http://www.uptimerobot.com/)"
103.4.122.14 - - [02/Jan/2026:08:14:25 +0800] "POST /wp-cron.php?doing_wp_cron=1767312865.2869689464569091796875 HTTP/1.1" 200 - "-" "WordPress/6.8.3; https://impeccablerenovations.com.au"
18.193.252.127 - - [02/Jan/2026:08:14:23 +0800] "HEAD / HTTP/1.1" 200 - "https://impeccablerenovations.com.au/" "Mozilla/5.0+(compatible; UptimeRobot/2.0; http://www.uptimerobot.com/)"
103.4.122.14 - - [02/Jan/2026:08:19:32 +0800] "POST /wp-cron.php?doing_wp_cron=1767313172.8203248977661132812500 HTTP/1.1" 200 - "-" "WordPress/6.8.3; https://impeccablerenovations.com.au"
18.192.166.72 - - [02/Jan/2026:08:19:31 +0800] "HEAD / HTTP/1.1" 200 - "https://impeccablerenovations.com.au/" "Mozilla/5.0+(compatible; UptimeRobot/2.0; http://www.uptimerobot.com/)"
103.4.122.14 - - [02/Jan/2026:08:20:56 +0800] "POST /wp-cron.php?doing_wp_cron=1767313256.8421289920806884765625 HTTP/1.1" 200 - "-" "WordPress/6.8.3; https://impeccablerenovations.com.au"
190.107.177.36 - - [02/Jan/2026:08:20:54 +0800] "GET /wp-login.php HTTP/1.1" 200 2168 "-" "Mozilla/5.0 (Windows NT 6.1; Trident/7.0; EIE10;ENUSWOL; rv:11.0) like Gecko"
190.107.177.36 - - [02/Jan/2026:08:20:57 +0800] "POST /wp-login.php HTTP/1.1" 503 18957 "https://impeccablerenovations.com.au/wp-login.php" "Mozilla/5.0 (Windows NT 6.1; Trident/7.0; EIE10;ENUSWOL; rv:11.0) like Gecko"
103.4.122.14 - - [02/Jan/2026:08:24:41 +0800] "POST /wp-cron.php?doing_wp_cron=1767313481.7585189342498779296875 HTTP/1.1" 200 - "-" "WordPress/6.8.3; https://impeccablerenovations.com.au"
128.140.106.114 - - [02/Jan/2026:08:24:40 +0800] "HEAD / HTTP/1.1" 200 - "https://impeccablerenovations.com.au/" "Mozilla/5.0+(compatible; UptimeRobot/2.0; http://www.uptimerobot.com/)"
103.4.122.14 - - [02/Jan/2026:08:29:48 +0800] "POST /wp-cron.php?doing_wp_cron=1767313788.7150840759277343750000 HTTP/1.1" 200 - "-" "WordPress/6.8.3; https://impeccablerenovations.com.au"
18.192.166.72 - - [02/Jan/2026:08:29:47 +0800] "HEAD / HTTP/1.1" 200 - "https://impeccablerenovations.com.au/" "Mozilla/5.0+(compatible; UptimeRobot/2.0; http://www.uptimerobot.com/)"
103.4.122.14 - - [02/Jan/2026:08:32:45 +0800] "POST /wp-cron.php?doing_wp_cron=1767313965.1627349853515625000000 HTTP/1.1" 200 - "-" "WordPress/6.8.3; https://impeccablerenovations.com.au"
114.119.152.54 - - [02/Jan/2026:08:32:43 +0800] "GET /design-elements/ HTTP/1.1" 404 62355 "-" "Mozilla/5.0 (Linux; Android 7.0;) AppleWebKit/537.36 (KHTML, like Gecko) Mobile Safari/537.36 (compatible; PetalBot;+https://webmaster.petalsearch.com/site/petalbot)"
103.4.122.14 - - [02/Jan/2026:08:34:10 +0800] "POST /wp-cron.php?doing_wp_cron=1767314050.1131761074066162109375 HTTP/1.1" 200 - "-" "WordPress/6.8.3; https://impeccablerenovations.com.au"
114.119.130.12 - - [02/Jan/2026:08:34:08 +0800] "GET /wp-content/uploads/2018/11/file-A9BACBE3-DBA9-498E-A089-63F09EE8410E-1025-00000155765ADF92-300x200.jpg HTTP/1.1" 404 62446 "-" "Mozilla/5.0 (Linux; Android 7.0;) AppleWebKit/537.36 (KHTML, like Gecko) Mobile Safari/537.36 (compatible; PetalBot;+https://webmaster.petalsearch.com/site/petalbot)"
103.4.122.14 - - [02/Jan/2026:08:34:56 +0800] "POST /wp-cron.php?doing_wp_cron=1767314095.9480268955230712890625 HTTP/1.1" 200 - "-" "WordPress/6.8.3; https://impeccablerenovations.com.au"
3.79.134.69 - - [02/Jan/2026:08:34:54 +0800] "HEAD / HTTP/1.1" 200 - "https://impeccablerenovations.com.au/" "Mozilla/5.0+(compatible; UptimeRobot/2.0; http://www.uptimerobot.com/)"
103.4.122.14 - - [02/Jan/2026:08:40:04 +0800] "POST /wp-cron.php?doing_wp_cron=1767314404.0826520919799804687500 HTTP/1.1" 200 - "-" "WordPress/6.8.3; https://impeccablerenovations.com.au"
167.235.143.113 - - [02/Jan/2026:08:40:02 +0800] "HEAD / HTTP/1.1" 200 - "https://impeccablerenovations.com.au/" "Mozilla/5.0+(compatible; UptimeRobot/2.0; http://www.uptimerobot.com/)"
103.4.122.14 - - [02/Jan/2026:08:45:11 +0800] "POST /wp-cron.php?doing_wp_cron=1767314711.6128339767456054687500 HTTP/1.1" 200 - "-" "WordPress/6.8.3; https://impeccablerenovations.com.au"
63.178.84.147 - - [02/Jan/2026:08:45:09 +0800] "HEAD / HTTP/1.1" 200 - "https://impeccablerenovations.com.au/" "Mozilla/5.0+(compatible; UptimeRobot/2.0; http://www.uptimerobot.com/)"
103.4.122.14 - - [02/Jan/2026:08:49:24 +0800] "POST /wp-cron.php?doing_wp_cron=1767314964.4252610206604003906250 HTTP/1.1" 200 - "-" "WordPress/6.8.3; https://impeccablerenovations.com.au"
192.178.4.101 - - [02/Jan/2026:08:49:22 +0800] "GET / HTTP/1.1" 301 - "-" "Mozilla/5.0 (Linux; Android 6.0.1; Nexus 5X Build/MMB29P) AppleWebKit/537.36 (KHTML, like Gecko) Chrome/141.0.7390.122 Mobile Safari/537.36 (compatible; Googlebot/2.1; +http://www.google.com/bot.html)"
192.178.4.98 - - [02/Jan/2026:08:49:25 +0800] "GET / HTTP/1.1" 200 22032 "-" "Mozilla/5.0 (Linux; Android 6.0.1; Nexus 5X Build/MMB29P) AppleWebKit/537.36 (KHTML, like Gecko) Chrome/141.0.7390.122 Mobile Safari/537.36 (compatible; Googlebot/2.1; +http://www.google.com/bot.html)"
192.178.4.96 - - [02/Jan/2026:08:49:32 +0800] "GET /wp-content/themes/buildico/assets/js/popper.min.js?ver=1 HTTP/1.1" 200 6911 "https://impeccablerenovations.com.au/" "Mozilla/5.0 (Linux; Android 6.0.1; Nexus 5X Build/MMB29P) AppleWebKit/537.36 (KHTML, like Gecko) Chrome/141.0.7390.122 Mobile Safari/537.36 (compatible; Googlebot/2.1; +http://www.google.com/bot.html)"
103.4.122.14 - - [02/Jan/2026:08:50:20 +0800] "POST /wp-cron.php?doing_wp_cron=1767315020.0978240966796875000000 HTTP/1.1" 200 - "-" "WordPress/6.8.3; https://impeccablerenovations.com.au"
78.47.98.55 - - [02/Jan/2026:08:50:18 +0800] "HEAD / HTTP/1.1" 200 - "https://impeccablerenovations.com.au/" "Mozilla/5.0+(compatible; UptimeRobot/2.0; http://www.uptimerobot.com/)"
103.4.122.14 - - [02/Jan/2026:08:52:11 +0800] "POST /wp-cron.php?doing_wp_cron=1767315131.0950069427490234375000 HTTP/1.1" 200 - "-" "WordPress/6.8.3; https://impeccablerenovations.com.au"
216.73.216.99 - - [02/Jan/2026:08:52:09 +0800] "GET /sitemap_index.xml HTTP/1.1" 200 346 "-" "Mozilla/5.0 AppleWebKit/537.36 (KHTML, like Gecko; compatible; ClaudeBot/1.0; +claudebot@anthropic.com)"
103.4.122.14 - - [02/Jan/2026:08:55:30 +0800] "POST /wp-cron.php?doing_wp_cron=1767315330.5005431175231933593750 HTTP/1.1" 200 - "-" "WordPress/6.8.3; https://impeccablerenovations.com.au"
159.69.158.189 - - [02/Jan/2026:08:55:28 +0800] "HEAD / HTTP/1.1" 200 - "https://impeccablerenovations.com.au/" "Mozilla/5.0+(compatible; UptimeRobot/2.0; http://www.uptimerobot.com/)"
103.4.122.14 - - [02/Jan/2026:09:00:37 +0800] "POST /wp-cron.php?doing_wp_cron=1767315637.6469290256500244140625 HTTP/1.1" 200 - "-" "WordPress/6.8.3; https://impeccablerenovations.com.au"
52.59.43.236 - - [02/Jan/2026:09:00:35 +0800] "HEAD / HTTP/1.1" 200 - "https://impeccablerenovations.com.au/" "Mozilla/5.0+(compatible; UptimeRobot/2.0; http://www.uptimerobot.com/)"
103.4.122.14 - - [02/Jan/2026:09:05:45 +0800] "POST /wp-cron.php?doing_wp_cron=1767315945.2929360866546630859375 HTTP/1.1" 200 - "-" "WordPress/6.8.3; https://impeccablerenovations.com.au"
142.132.180.39 - - [02/Jan/2026:09:05:43 +0800] "HEAD / HTTP/1.1" 200 - "https://impeccablerenovations.com.au/" "Mozilla/5.0+(compatible; UptimeRobot/2.0; http://www.uptimerobot.com/)"
103.4.122.14 - - [02/Jan/2026:09:10:54 +0800] "POST /wp-cron.php?doing_wp_cron=1767316254.7951750755310058593750 HTTP/1.1" 200 - "-" "WordPress/6.8.3; https://impeccablerenovations.com.au"
78.46.215.1 - - [02/Jan/2026:09:10:53 +0800] "HEAD / HTTP/1.1" 200 - "https://impeccablerenovations.com.au/" "Mozilla/5.0+(compatible; UptimeRobot/2.0; http://www.uptimerobot.com/)"
123.187.240.242 - - [02/Jan/2026:09:11:46 +0800] "GET / HTTP/1.1" 403 199 "-" "Mozilla/5.0 (iPhone; CPU iPhone OS 13_2_3 like Mac OS X) AppleWebKit/605.1.15 (KHTML, like Gecko) Version/13.0.3 Mobile/15E148 Safari/604.1"
103.4.122.14 - - [02/Jan/2026:09:12:50 +0800] "POST /wp-cron.php?doing_wp_cron=1767316370.0136930942535400390625 HTTP/1.1" 200 - "-" "WordPress/6.8.3; https://impeccablerenovations.com.au"
5.39.1.251 - - [02/Jan/2026:09:12:48 +0800] "GET /robots.txt HTTP/1.1" 200 124 "-" "Mozilla/5.0 (compatible; AhrefsBot/7.0; +http://ahrefs.com/robot/)"
54.39.89.212 - - [02/Jan/2026:09:12:54 +0800] "GET /2022/03/08/launching-our-new-brand-and-website/ HTTP/1.1" 200 20434 "-" "Mozilla/5.0 (compatible; AhrefsBot/7.0; +http://ahrefs.com/robot/)"
103.4.122.14 - - [02/Jan/2026:09:16:02 +0800] "POST /wp-cron.php?doing_wp_cron=1767316561.8386590480804443359375 HTTP/1.1" 200 - "-" "WordPress/6.8.3; https://impeccablerenovations.com.au"
49.13.167.123 - - [02/Jan/2026:09:16:00 +0800] "HEAD / HTTP/1.1" 200 - "https://impeccablerenovations.com.au/" "Mozilla/5.0+(compatible; UptimeRobot/2.0; http://www.uptimerobot.com/)"
103.4.122.14 - - [02/Jan/2026:09:21:10 +0800] "POST /wp-cron.php?doing_wp_cron=1767316870.8952469825744628906250 HTTP/1.1" 200 - "-" "WordPress/6.8.3; https://impeccablerenovations.com.au"
157.90.155.240 - - [02/Jan/2026:09:21:08 +0800] "HEAD / HTTP/1.1" 200 - "https://impeccablerenovations.com.au/" "Mozilla/5.0+(compatible; UptimeRobot/2.0; http://www.uptimerobot.com/)"
103.4.122.14 - - [02/Jan/2026:09:26:19 +0800] "POST /wp-cron.php?doing_wp_cron=1767317178.9591770172119140625000 HTTP/1.1" 200 - "-" "WordPress/6.8.3; https://impeccablerenovations.com.au"
157.90.155.240 - - [02/Jan/2026:09:26:17 +0800] "HEAD / HTTP/1.1" 200 - "https://impeccablerenovations.com.au/" "Mozilla/5.0+(compatible; UptimeRobot/2.0; http://www.uptimerobot.com/)"
103.4.122.14 - - [02/Jan/2026:09:31:26 +0800] "POST /wp-cron.php?doing_wp_cron=1767317486.5630209445953369140625 HTTP/1.1" 200 - "-" "WordPress/6.8.3; https://impeccablerenovations.com.au"
52.28.162.93 - - [02/Jan/2026:09:31:24 +0800] "HEAD / HTTP/1.1" 200 - "https://impeccablerenovations.com.au/" "Mozilla/5.0+(compatible; UptimeRobot/2.0; http://www.uptimerobot.com/)"
103.4.122.14 - - [02/Jan/2026:09:36:34 +0800] "POST /wp-cron.php?doing_wp_cron=1767317794.6241180896759033203125 HTTP/1.1" 200 - "-" "WordPress/6.8.3; https://impeccablerenovations.com.au"
18.192.166.72 - - [02/Jan/2026:09:36:32 +0800] "HEAD / HTTP/1.1" 200 - "https://impeccablerenovations.com.au/" "Mozilla/5.0+(compatible; UptimeRobot/2.0; http://www.uptimerobot.com/)"
103.4.122.14 - - [02/Jan/2026:09:41:44 +0800] "POST /wp-cron.php?doing_wp_cron=1767318104.6771988868713378906250 HTTP/1.1" 200 - "-" "WordPress/6.8.3; https://impeccablerenovations.com.au"
49.13.24.81 - - [02/Jan/2026:09:41:42 +0800] "HEAD / HTTP/1.1" 200 - "https://impeccablerenovations.com.au/" "Mozilla/5.0+(compatible; UptimeRobot/2.0; http://www.uptimerobot.com/)"
103.4.122.14 - - [02/Jan/2026:09:46:53 +0800] "POST /wp-cron.php?doing_wp_cron=1767318413.1595630645751953125000 HTTP/1.1" 200 - "-" "WordPress/6.8.3; https://impeccablerenovations.com.au"
78.46.215.1 - - [02/Jan/2026:09:46:51 +0800] "HEAD / HTTP/1.1" 200 - "https://impeccablerenovations.com.au/" "Mozilla/5.0+(compatible; UptimeRobot/2.0; http://www.uptimerobot.com/)"
103.4.122.14 - - [02/Jan/2026:09:52:00 +0800] "POST /wp-cron.php?doing_wp_cron=1767318720.3353009223937988281250 HTTP/1.1" 200 - "-" "WordPress/6.8.3; https://impeccablerenovations.com.au"
88.99.80.227 - - [02/Jan/2026:09:51:58 +0800] "HEAD / HTTP/1.1" 200 - "https://impeccablerenovations.com.au/" "Mozilla/5.0+(compatible; UptimeRobot/2.0; http://www.uptimerobot.com/)"
103.4.122.14 - - [02/Jan/2026:09:57:09 +0800] "POST /wp-cron.php?doing_wp_cron=1767319028.9589529037475585937500 HTTP/1.1" 200 - "-" "WordPress/6.8.3; https://impeccablerenovations.com.au"
168.119.53.160 - - [02/Jan/2026:09:57:06 +0800] "HEAD / HTTP/1.1" 200 - "https://impeccablerenovations.com.au/" "Mozilla/5.0+(compatible; UptimeRobot/2.0; http://www.uptimerobot.com/)"
103.4.122.14 - - [02/Jan/2026:10:02:17 +0800] "POST /wp-cron.php?doing_wp_cron=1767319336.9959650039672851562500 HTTP/1.1" 200 - "-" "WordPress/6.8.3; https://impeccablerenovations.com.au"
168.119.96.239 - - [02/Jan/2026:10:02:15 +0800] "HEAD / HTTP/1.1" 200 - "https://impeccablerenovations.com.au/" "Mozilla/5.0+(compatible; UptimeRobot/2.0; http://www.uptimerobot.com/)"
103.4.122.14 - - [02/Jan/2026:10:02:47 +0800] "POST /wp-cron.php?doing_wp_cron=1767319367.6308639049530029296875 HTTP/1.1" 200 - "-" "WordPress/6.8.3; https://impeccablerenovations.com.au"
52.167.144.218 - - [02/Jan/2026:10:02:46 +0800] "GET /sitemap_index.xml HTTP/1.1" 200 346 "-" "Mozilla/5.0 AppleWebKit/537.36 (KHTML, like Gecko; compatible; bingbot/2.0; +http://www.bing.com/bingbot.htm) Chrome/116.0.1938.76 Safari/537.36"
103.4.122.14 - - [02/Jan/2026:10:07:24 +0800] "POST /wp-cron.php?doing_wp_cron=1767319644.6979410648345947265625 HTTP/1.1" 200 - "-" "WordPress/6.8.3; https://impeccablerenovations.com.au"
52.28.162.93 - - [02/Jan/2026:10:07:23 +0800] "HEAD / HTTP/1.1" 200 - "https://impeccablerenovations.com.au/" "Mozilla/5.0+(compatible; UptimeRobot/2.0; http://www.uptimerobot.com/)"
103.4.122.14 - - [02/Jan/2026:10:10:18 +0800] "POST /wp-cron.php?doing_wp_cron=1767319818.0337779521942138671875 HTTP/1.1" 200 - "-" "WordPress/6.8.3; https://impeccablerenovations.com.au"
200.196.128.56 - - [02/Jan/2026:10:10:16 +0800] "GET / HTTP/1.1" 200 22198 "-" "Mozilla/5.0 (Macintosh; Intel Mac OS X 10_7_2) AppleWebKit/535.1 (KHTML, like Gecko) Chrome/14.0.834.0 Safari/535.1"
103.4.122.14 - - [02/Jan/2026:10:12:34 +0800] "POST /wp-cron.php?doing_wp_cron=1767319954.5994300842285156250000 HTTP/1.1" 200 - "-" "WordPress/6.8.3; https://impeccablerenovations.com.au"
78.46.190.63 - - [02/Jan/2026:10:12:32 +0800] "HEAD / HTTP/1.1" 200 - "https://impeccablerenovations.com.au/" "Mozilla/5.0+(compatible; UptimeRobot/2.0; http://www.uptimerobot.com/)"
103.4.122.14 - - [02/Jan/2026:10:17:44 +0800] "POST /wp-cron.php?doing_wp_cron=1767320263.9771831035614013671875 HTTP/1.1" 200 - "-" "WordPress/6.8.3; https://impeccablerenovations.com.au"
49.13.164.148 - - [02/Jan/2026:10:17:42 +0800] "HEAD / HTTP/1.1" 200 - "https://impeccablerenovations.com.au/" "Mozilla/5.0+(compatible; UptimeRobot/2.0; http://www.uptimerobot.com/)"
103.4.122.14 - - [02/Jan/2026:10:22:51 +0800] "POST /wp-cron.php?doing_wp_cron=1767320571.5701351165771484375000 HTTP/1.1" 200 - "-" "WordPress/6.8.3; https://impeccablerenovations.com.au"
49.13.134.145 - - [02/Jan/2026:10:22:49 +0800] "HEAD / HTTP/1.1" 200 - "https://impeccablerenovations.com.au/" "Mozilla/5.0+(compatible; UptimeRobot/2.0; http://www.uptimerobot.com/)"
103.4.122.14 - - [02/Jan/2026:10:23:37 +0800] "POST /wp-cron.php?doing_wp_cron=1767320617.6447250843048095703125 HTTP/1.1" 200 - "-" "WordPress/6.8.3; https://impeccablerenovations.com.au"
34.87.122.57 - - [02/Jan/2026:10:23:36 +0800] "GET / HTTP/1.1" 301 - "-" "Mozilla/5.0 (compatible; Googlebot/2.1; +http://www.google.com/bot.html)"
34.87.122.57 - - [02/Jan/2026:10:23:38 +0800] "GET / HTTP/1.1" 200 22198 "-" "Mozilla/5.0 (compatible; Googlebot/2.1; +http://www.google.com/bot.html)"
34.87.122.57 - - [02/Jan/2026:10:23:41 +0800] "GET /wordpress/ HTTP/1.1" 404 62778 "-" "curl/7.83.1"
103.4.122.14 - - [02/Jan/2026:10:27:59 +0800] "POST /wp-cron.php?doing_wp_cron=1767320879.4480071067810058593750 HTTP/1.1" 200 - "-" "WordPress/6.8.3; https://impeccablerenovations.com.au"
78.46.215.1 - - [02/Jan/2026:10:27:57 +0800] "HEAD / HTTP/1.1" 200 - "https://impeccablerenovations.com.au/" "Mozilla/5.0+(compatible; UptimeRobot/2.0; http://www.uptimerobot.com/)"
103.4.122.14 - - [02/Jan/2026:10:29:59 +0800] "POST /wp-cron.php?doing_wp_cron=1767320998.9096090793609619140625 HTTP/1.1" 200 - "-" "WordPress/6.8.3; https://impeccablerenovations.com.au"
57.141.2.18 - - [02/Jan/2026:10:29:57 +0800] "GET /\xe0\xb8\xaa\xe0\xb8\xa5\xe0\xb9\x87\xe0\xb8\xad\xe0\xb8\x95pg168\xe0\xb9\x80\xe0\xb8\xa7\xe0\xb9\x87\xe0\xb8\x9a\xe0\xb8\x95\xe0\xb8\xa3\xe0\xb8\x87.aspx HTTP/1.1" 404 62886 "-" "meta-externalagent/1.1 (+https://developers.facebook.com/docs/sharing/webmasters/crawler)"
181.233.88.48 - - [02/Jan/2026:10:30:15 +0800] "GET /portfolio/sydney-eye-clinic/ HTTP/1.1" 301 - "-" "Mozilla/5.0 (Windows NT 6.1; WOW64; rv:21.0) Gecko/20130331 Firefox/21.0"
181.233.88.48 - - [02/Jan/2026:10:30:17 +0800] "GET /project/sydney-eye-clinic/ HTTP/1.1" 200 15980 "-" "Mozilla/5.0 (Windows NT 6.1; WOW64; rv:21.0) Gecko/20130331 Firefox/21.0"
103.4.122.14 - - [02/Jan/2026:10:32:03 +0800] "POST /wp-cron.php?doing_wp_cron=1767321123.4851219654083251953125 HTTP/1.1" 200 - "-" "WordPress/6.8.3; https://impeccablerenovations.com.au"
192.178.4.96 - - [02/Jan/2026:10:32:03 +0800] "GET /wp-content/themes/buildico/assets/css/default-styles.css?ver=1.7 HTTP/1.1" 200 4289 "https://impeccablerenovations.com.au/" "Mozilla/5.0 (Linux; Android 6.0.1; Nexus 5X Build/MMB29P) AppleWebKit/537.36 (KHTML, like Gecko) Chrome/141.0.7390.122 Mobile Safari/537.36 (compatible; Googlebot/2.1; +http://www.google.com/bot.html)"
66.132.153.127 - - [02/Jan/2026:10:32:01 +0800] "GET / HTTP/1.1" 301 - "-" "Mozilla/5.0 (compatible; CensysInspect/1.1; +https://about.censys.io/)"
192.178.4.96 - - [02/Jan/2026:10:32:03 +0800] "GET /wp-content/plugins/elementor/assets/css/widget-video.min.css?ver=3.24.5 HTTP/1.1" 200 502 "https://impeccablerenovations.com.au/" "Mozilla/5.0 (Linux; Android 6.0.1; Nexus 5X Build/MMB29P) AppleWebKit/537.36 (KHTML, like Gecko) Chrome/141.0.7390.122 Mobile Safari/537.36 (compatible; Googlebot/2.1; +http://www.google.com/bot.html)"
192.178.4.96 - - [02/Jan/2026:10:32:03 +0800] "GET /wp-content/plugins/elementor/assets/css/frontend.min.css?ver=3.24.5 HTTP/1.1" 200 7511 "https://impeccablerenovations.com.au/" "Mozilla/5.0 (Linux; Android 6.0.1; Nexus 5X Build/MMB29P) AppleWebKit/537.36 (KHTML, like Gecko) Chrome/141.0.7390.122 Mobile Safari/537.36 (compatible; Googlebot/2.1; +http://www.google.com/bot.html)"
192.178.4.96 - - [02/Jan/2026:10:32:03 +0800] "GET /wp-content/plugins/elementor/assets/lib/eicons/css/elementor-icons.min.css?ver=5.31.0 HTTP/1.1" 200 4085 "https://impeccablerenovations.com.au/" "Mozilla/5.0 (Linux; Android 6.0.1; Nexus 5X Build/MMB29P) AppleWebKit/537.36 (KHTML, like Gecko) Chrome/141.0.7390.122 Mobile Safari/537.36 (compatible; Googlebot/2.1; +http://www.google.com/bot.html)"
192.178.4.96 - - [02/Jan/2026:10:32:04 +0800] "GET /wp-content/plugins/buildico-toolkit/assets/js/letteranimation.min.js?ver=1.0.0 HTTP/1.1" 200 675 "https://impeccablerenovations.com.au/" "Mozilla/5.0 (Linux; Android 6.0.1; Nexus 5X Build/MMB29P) AppleWebKit/537.36 (KHTML, like Gecko) Chrome/141.0.7390.122 Mobile Safari/537.36 (compatible; Googlebot/2.1; +http://www.google.com/bot.html)"
192.178.4.96 - - [02/Jan/2026:10:32:04 +0800] "GET /wp-content/plugins/buildico-toolkit/assets/css/main-slider.css?ver=6.8.3 HTTP/1.1" 200 4086 "https://impeccablerenovations.com.au/" "Mozilla/5.0 (Linux; Android 6.0.1; Nexus 5X Build/MMB29P) AppleWebKit/537.36 (KHTML, like Gecko) Chrome/141.0.7390.122 Mobile Safari/537.36 (compatible; Googlebot/2.1; +http://www.google.com/bot.html)"
192.178.4.96 - - [02/Jan/2026:10:32:04 +0800] "GET /wp-content/plugins/elementor/assets/lib/animations/styles/fadeInLeft.min.css?ver=3.24.5 HTTP/1.1" 200 120 "https://impeccablerenovations.com.au/" "Mozilla/5.0 (Linux; Android 6.0.1; Nexus 5X Build/MMB29P) AppleWebKit/537.36 (KHTML, like Gecko) Chrome/141.0.7390.122 Mobile Safari/537.36 (compatible; Googlebot/2.1; +http://www.google.com/bot.html)"
192.178.4.96 - - [02/Jan/2026:10:32:04 +0800] "GET /wp-content/plugins/buildico-toolkit/assets/css/owl.carousel.min.css?ver=6.8.3 HTTP/1.1" 200 912 "https://impeccablerenovations.com.au/" "Mozilla/5.0 (Linux; Android 6.0.1; Nexus 5X Build/MMB29P) AppleWebKit/537.36 (KHTML, like Gecko) Chrome/141.0.7390.122 Mobile Safari/537.36 (compatible; Googlebot/2.1; +http://www.google.com/bot.html)"
192.178.4.96 - - [02/Jan/2026:10:32:05 +0800] "GET /wp-content/themes/buildico/assets/css/elegant-line-icons.css?ver=1.7 HTTP/1.1" 200 1421 "https://impeccablerenovations.com.au/" "Mozilla/5.0 (Linux; Android 6.0.1; Nexus 5X Build/MMB29P) AppleWebKit/537.36 (KHTML, like Gecko) Chrome/141.0.7390.122 Mobile Safari/537.36 (compatible; Googlebot/2.1; +http://www.google.com/bot.html)"
192.178.4.96 - - [02/Jan/2026:10:32:05 +0800] "GET /wp-content/plugins/elementor/assets/lib/animations/styles/fadeInUp.min.css?ver=3.24.5 HTTP/1.1" 200 117 "https://impeccablerenovations.com.au/" "Mozilla/5.0 (Linux; Android 6.0.1; Nexus 5X Build/MMB29P) AppleWebKit/537.36 (KHTML, like Gecko) Chrome/141.0.7390.122 Mobile Safari/537.36 (compatible; Googlebot/2.1; +http://www.google.com/bot.html)"
192.178.4.96 - - [02/Jan/2026:10:32:05 +0800] "GET /wp-content/uploads/elementor/css/post-243.css?ver=1753149764 HTTP/1.1" 200 3000 "https://impeccablerenovations.com.au/" "Mozilla/5.0 (Linux; Android 6.0.1; Nexus 5X Build/MMB29P) AppleWebKit/537.36 (KHTML, like Gecko) Chrome/141.0.7390.122 Mobile Safari/537.36 (compatible; Googlebot/2.1; +http://www.google.com/bot.html)"
192.178.4.96 - - [02/Jan/2026:10:32:06 +0800] "GET /wp-content/plugins/elementor/assets/lib/animations/styles/fadeInRight.min.css?ver=3.24.5 HTTP/1.1" 200 120 "https://impeccablerenovations.com.au/" "Mozilla/5.0 (Linux; Android 6.0.1; Nexus 5X Build/MMB29P) AppleWebKit/537.36 (KHTML, like Gecko) Chrome/141.0.7390.122 Mobile Safari/537.36 (compatible; Googlebot/2.1; +http://www.google.com/bot.html)"
192.178.4.96 - - [02/Jan/2026:10:32:06 +0800] "GET /wp-content/plugins/buildico-toolkit/assets/js/wow.min.js?ver=1.3.0 HTTP/1.1" 200 2828 "https://impeccablerenovations.com.au/" "Mozilla/5.0 (Linux; Android 6.0.1; Nexus 5X Build/MMB29P) AppleWebKit/537.36 (KHTML, like Gecko) Chrome/141.0.7390.122 Mobile Safari/537.36 (compatible; Googlebot/2.1; +http://www.google.com/bot.html)"
192.178.4.96 - - [02/Jan/2026:10:32:07 +0800] "GET /wp-content/plugins/elementor/assets/css/widget-heading.min.css?ver=3.24.5 HTTP/1.1" 200 188 "https://impeccablerenovations.com.au/" "Mozilla/5.0 (Linux; Android 6.0.1; Nexus 5X Build/MMB29P) AppleWebKit/537.36 (KHTML, like Gecko) Chrome/141.0.7390.122 Mobile Safari/537.36 (compatible; Googlebot/2.1; +http://www.google.com/bot.html)"
192.178.4.96 - - [02/Jan/2026:10:32:07 +0800] "GET /wp-content/themes/buildico/assets/js/modernizr-2.8.3.min.js?ver=2.8.3 HTTP/1.1" 200 6306 "https://impeccablerenovations.com.au/" "Mozilla/5.0 (Linux; Android 6.0.1; Nexus 5X Build/MMB29P) AppleWebKit/537.36 (KHTML, like Gecko) Chrome/141.0.7390.122 Mobile Safari/537.36 (compatible; Googlebot/2.1; +http://www.google.com/bot.html)"
192.178.4.96 - - [02/Jan/2026:10:32:08 +0800] "GET /wp-includes/js/dist/hooks.min.js?ver=4d63a3d491d11ffd8ac6 HTTP/1.1" 200 1648 "https://impeccablerenovations.com.au/" "Mozilla/5.0 (Linux; Android 6.0.1; Nexus 5X Build/MMB29P) AppleWebKit/537.36 (KHTML, like Gecko) Chrome/141.0.7390.122 Mobile Safari/537.36 (compatible; Googlebot/2.1; +http://www.google.com/bot.html)"
192.178.4.96 - - [02/Jan/2026:10:32:08 +0800] "GET /wp-content/plugins/elementor/assets/css/widget-image-gallery.min.css?ver=3.24.5 HTTP/1.1" 200 383 "https://impeccablerenovations.com.au/" "Mozilla/5.0 (Linux; Android 6.0.1; Nexus 5X Build/MMB29P) AppleWebKit/537.36 (KHTML, like Gecko) Chrome/141.0.7390.122 Mobile Safari/537.36 (compatible; Googlebot/2.1; +http://www.google.com/bot.html)"
192.178.4.96 - - [02/Jan/2026:10:32:08 +0800] "GET /wp-content/themes/buildico-child/assets/css/main.css HTTP/1.1" 200 1613 "https://impeccablerenovations.com.au/wp-content/themes/buildico-child/style.css?ver=1.7" "Mozilla/5.0 (Linux; Android 6.0.1; Nexus 5X Build/MMB29P) AppleWebKit/537.36 (KHTML, like Gecko) Chrome/141.0.7390.122 Mobile Safari/537.36 (compatible; Googlebot/2.1; +http://www.google.com/bot.html)"
192.178.4.96 - - [02/Jan/2026:10:32:09 +0800] "GET /wp-content/plugins/contact-form-7/includes/js/index.js?ver=6.1.2 HTTP/1.1" 200 4265 "https://impeccablerenovations.com.au/" "Mozilla/5.0 (Linux; Android 6.0.1; Nexus 5X Build/MMB29P) AppleWebKit/537.36 (KHTML, like Gecko) Chrome/141.0.7390.122 Mobile Safari/537.36 (compatible; Googlebot/2.1; +http://www.google.com/bot.html)"
192.178.4.96 - - [02/Jan/2026:10:32:09 +0800] "GET /wp-content/themes/buildico/assets/js/bootstrap.min.js?ver=1.7 HTTP/1.1" 200 12964 "https://impeccablerenovations.com.au/" "Mozilla/5.0 (Linux; Android 6.0.1; Nexus 5X Build/MMB29P) AppleWebKit/537.36 (KHTML, like Gecko) Chrome/141.0.7390.122 Mobile Safari/537.36 (compatible; Googlebot/2.1; +http://www.google.com/bot.html)"
192.178.4.96 - - [02/Jan/2026:10:32:10 +0800] "GET /wp-content/themes/buildico/assets/js/jquery.swipebox.min.js?ver=1.7 HTTP/1.1" 200 3957 "https://impeccablerenovations.com.au/" "Mozilla/5.0 (Linux; Android 6.0.1; Nexus 5X Build/MMB29P) AppleWebKit/537.36 (KHTML, like Gecko) Chrome/141.0.7390.122 Mobile Safari/537.36 (compatible; Googlebot/2.1; +http://www.google.com/bot.html)"
192.178.4.96 - - [02/Jan/2026:10:32:10 +0800] "GET /wp-content/plugins/elementor/assets/js/frontend.min.js?ver=3.24.5 HTTP/1.1" 200 12504 "https://impeccablerenovations.com.au/" "Mozilla/5.0 (Linux; Android 6.0.1; Nexus 5X Build/MMB29P) AppleWebKit/537.36 (KHTML, like Gecko) Chrome/141.0.7390.122 Mobile Safari/537.36 (compatible; Googlebot/2.1; +http://www.google.com/bot.html)"
192.178.4.96 - - [02/Jan/2026:10:32:11 +0800] "GET /wp-content/plugins/buildico-toolkit/assets/js/main-slider.js?ver=1.0.0 HTTP/1.1" 200 734 "https://impeccablerenovations.com.au/" "Mozilla/5.0 (Linux; Android 6.0.1; Nexus 5X Build/MMB29P) AppleWebKit/537.36 (KHTML, like Gecko) Chrome/141.0.7390.122 Mobile Safari/537.36 (compatible; Googlebot/2.1; +http://www.google.com/bot.html)"
192.178.4.96 - - [02/Jan/2026:10:32:11 +0800] "GET /wp-content/plugins/elementor/assets/css/conditionals/dialog.min.css?ver=3.24.5 HTTP/1.1" 200 1504 "https://impeccablerenovations.com.au/" "Mozilla/5.0 (Linux; Android 6.0.1; Nexus 5X Build/MMB29P) AppleWebKit/537.36 (KHTML, like Gecko) Chrome/141.0.7390.122 Mobile Safari/537.36 (compatible; Googlebot/2.1; +http://www.google.com/bot.html)"
192.178.4.96 - - [02/Jan/2026:10:32:12 +0800] "GET /wp-content/plugins/elementor/assets/js/lightbox.26bf6b6c4232d8789c0e.bundle.min.js HTTP/1.1" 200 9568 "https://impeccablerenovations.com.au/" "Mozilla/5.0 (Linux; Android 6.0.1; Nexus 5X Build/MMB29P) AppleWebKit/537.36 (KHTML, like Gecko) Chrome/141.0.7390.122 Mobile Safari/537.36 (compatible; Googlebot/2.1; +http://www.google.com/bot.html)"
192.178.4.96 - - [02/Jan/2026:10:32:12 +0800] "GET /wp-content/plugins/elementor/assets/lib/share-link/share-link.min.js?ver=3.24.5 HTTP/1.1" 200 1169 "https://impeccablerenovations.com.au/" "Mozilla/5.0 (Linux; Android 6.0.1; Nexus 5X Build/MMB29P) AppleWebKit/537.36 (KHTML, like Gecko) Chrome/141.0.7390.122 Mobile Safari/537.36 (compatible; Googlebot/2.1; +http://www.google.com/bot.html)"
192.178.4.96 - - [02/Jan/2026:10:32:12 +0800] "GET /wp-content/plugins/elementor/assets/lib/dialog/dialog.min.js?ver=4.9.3 HTTP/1.1" 200 3683 "https://impeccablerenovations.com.au/" "Mozilla/5.0 (Linux; Android 6.0.1; Nexus 5X Build/MMB29P) AppleWebKit/537.36 (KHTML, like Gecko) Chrome/141.0.7390.122 Mobile Safari/537.36 (compatible; Googlebot/2.1; +http://www.google.com/bot.html)"
192.178.4.96 - - [02/Jan/2026:10:32:13 +0800] "GET /wp-content/plugins/elementor/assets/css/conditionals/lightbox.min.css?ver=3.24.5 HTTP/1.1" 200 2021 "https://impeccablerenovations.com.au/" "Mozilla/5.0 (Linux; Android 6.0.1; Nexus 5X Build/MMB29P) AppleWebKit/537.36 (KHTML, like Gecko) Chrome/141.0.7390.122 Mobile Safari/537.36 (compatible; Googlebot/2.1; +http://www.google.com/bot.html)"
192.178.4.96 - - [02/Jan/2026:10:32:13 +0800] "GET /wp-content/plugins/elementor/assets/js/video.78c625e89ab767d621c5.bundle.min.js HTTP/1.1" 200 1298 "https://impeccablerenovations.com.au/" "Mozilla/5.0 (Linux; Android 6.0.1; Nexus 5X Build/MMB29P) AppleWebKit/537.36 (KHTML, like Gecko) Chrome/141.0.7390.122 Mobile Safari/537.36 (compatible; Googlebot/2.1; +http://www.google.com/bot.html)"
103.4.122.14 - - [02/Jan/2026:10:33:06 +0800] "POST /wp-cron.php?doing_wp_cron=1767321185.9113290309906005859375 HTTP/1.1" 200 - "-" "WordPress/6.8.3; https://impeccablerenovations.com.au"
128.140.106.114 - - [02/Jan/2026:10:33:04 +0800] "HEAD / HTTP/1.1" 200 - "https://impeccablerenovations.com.au/" "Mozilla/5.0+(compatible; UptimeRobot/2.0; http://www.uptimerobot.com/)"
103.4.122.14 - - [02/Jan/2026:10:38:14 +0800] "POST /wp-cron.php?doing_wp_cron=1767321494.0283288955688476562500 HTTP/1.1" 200 - "-" "WordPress/6.8.3; https://impeccablerenovations.com.au"
49.13.130.29 - - [02/Jan/2026:10:38:12 +0800] "HEAD / HTTP/1.1" 200 - "https://impeccablerenovations.com.au/" "Mozilla/5.0+(compatible; UptimeRobot/2.0; http://www.uptimerobot.com/)"
173.252.82.16 - - [02/Jan/2026:10:38:22 +0800] "GET /robots.txt HTTP/1.1" 200 132 "-" "facebookexternalhit/1.1 (+http://www.facebook.com/externalhit_uatext.php)"
103.4.122.14 - - [02/Jan/2026:10:43:21 +0800] "POST /wp-cron.php?doing_wp_cron=1767321801.7261850833892822265625 HTTP/1.1" 200 - "-" "WordPress/6.8.3; https://impeccablerenovations.com.au"
49.13.167.123 - - [02/Jan/2026:10:43:19 +0800] "HEAD / HTTP/1.1" 200 - "https://impeccablerenovations.com.au/" "Mozilla/5.0+(compatible; UptimeRobot/2.0; http://www.uptimerobot.com/)"
103.4.122.14 - - [02/Jan/2026:10:44:16 +0800] "POST /wp-cron.php?doing_wp_cron=1767321856.0247590541839599609375 HTTP/1.1" 200 - "-" "WordPress/6.8.3; https://impeccablerenovations.com.au"
51.68.111.241 - - [02/Jan/2026:10:44:14 +0800] "GET /robots.txt HTTP/1.1" 301 - "-" "Mozilla/5.0 (compatible; MJ12bot/v2.0.4; http://mj12bot.com/)"
51.68.111.241 - - [02/Jan/2026:10:44:16 +0800] "GET /robots.txt HTTP/1.1" 200 124 "-" "Mozilla/5.0 (compatible; MJ12bot/v2.0.4; http://mj12bot.com/)"
51.68.111.241 - - [02/Jan/2026:10:44:18 +0800] "GET / HTTP/1.1" 301 - "-" "Mozilla/5.0 (compatible; MJ12bot/v2.0.4; http://mj12bot.com/)"
51.68.111.241 - - [02/Jan/2026:10:44:20 +0800] "GET /robots.txt HTTP/1.1" 200 124 "-" "Mozilla/5.0 (compatible; MJ12bot/v2.0.4; http://mj12bot.com/)"
51.68.111.241 - - [02/Jan/2026:10:44:22 +0800] "GET / HTTP/1.1" 200 22198 "-" "Mozilla/5.0 (compatible; MJ12bot/v2.0.4; http://mj12bot.com/)"
103.4.122.14 - - [02/Jan/2026:10:44:54 +0800] "POST /wp-cron.php?doing_wp_cron=1767321894.2614951133728027343750 HTTP/1.1" 200 - "-" "WordPress/6.8.3; https://impeccablerenovations.com.au"
57.141.2.62 - - [02/Jan/2026:10:44:52 +0800] "GET /\xe0\xb8\x9d\xe0\xb8\xb2\xe0\xb8\x819\xe0\xb8\x9a\xe0\xb8\xb2\xe0\xb8\x97\xe0\xb8\xa3\xe0\xb8\xb1\xe0\xb8\x9a100\xe0\xb8\xa5\xe0\xb9\x88\xe0\xb8\xb2\xe0\xb8\xaa\xe0\xb8\xb8\xe0\xb8\x94.aspx HTTP/1.1" 404 62903 "-" "meta-externalagent/1.1 (+https://developers.facebook.com/docs/sharing/webmasters/crawler)"
103.4.122.14 - - [02/Jan/2026:10:48:29 +0800] "POST /wp-cron.php?doing_wp_cron=1767322109.7378981113433837890625 HTTP/1.1" 200 - "-" "WordPress/6.8.3; https://impeccablerenovations.com.au"
18.193.252.127 - - [02/Jan/2026:10:48:28 +0800] "HEAD / HTTP/1.1" 200 - "https://impeccablerenovations.com.au/" "Mozilla/5.0+(compatible; UptimeRobot/2.0; http://www.uptimerobot.com/)"
103.4.122.14 - - [02/Jan/2026:10:50:21 +0800] "POST /wp-cron.php?doing_wp_cron=1767322220.8518099784851074218750 HTTP/1.1" 200 - "-" "WordPress/6.8.3; https://impeccablerenovations.com.au"
202.76.177.21 - - [02/Jan/2026:10:50:19 +0800] "GET /testimonials/ HTTP/1.1" 404 62816 "-" "Mozilla/5.0 (Macintosh; U; Intel Mac OS X 10_5_8; en-US) AppleWebKit/533.2 (KHTML, like Gecko) Chrome/5.0.343.0 Safari/533.2"
103.4.122.14 - - [02/Jan/2026:10:53:36 +0800] "POST /wp-cron.php?doing_wp_cron=1767322416.8246400356292724609375 HTTP/1.1" 200 - "-" "WordPress/6.8.3; https://impeccablerenovations.com.au"
78.46.215.1 - - [02/Jan/2026:10:53:35 +0800] "HEAD / HTTP/1.1" 200 - "https://impeccablerenovations.com.au/" "Mozilla/5.0+(compatible; UptimeRobot/2.0; http://www.uptimerobot.com/)"
103.4.122.14 - - [02/Jan/2026:10:58:45 +0800] "POST /wp-cron.php?doing_wp_cron=1767322725.6599431037902832031250 HTTP/1.1" 200 - "-" "WordPress/6.8.3; https://impeccablerenovations.com.au"
49.13.164.148 - - [02/Jan/2026:10:58:43 +0800] "HEAD / HTTP/1.1" 200 - "https://impeccablerenovations.com.au/" "Mozilla/5.0+(compatible; UptimeRobot/2.0; http://www.uptimerobot.com/)"
161.35.183.115 - - [02/Jan/2026:11:00:56 +0800] "GET /wp-admin/css/ HTTP/1.1" 403 199 "binance.com" "Mozilla/5.0 (Windows NT 10.0; Win64; x64) AppleWebKit/537.36 (KHTML, like Gecko) Chrome/90.0.4430.85 Safari/537.36"
103.4.122.14 - - [02/Jan/2026:11:03:54 +0800] "POST /wp-cron.php?doing_wp_cron=1767323034.5889949798583984375000 HTTP/1.1" 200 - "-" "WordPress/6.8.3; https://impeccablerenovations.com.au"
157.90.156.63 - - [02/Jan/2026:11:03:52 +0800] "HEAD / HTTP/1.1" 200 - "https://impeccablerenovations.com.au/" "Mozilla/5.0+(compatible; UptimeRobot/2.0; http://www.uptimerobot.com/)"
103.4.122.14 - - [02/Jan/2026:11:09:03 +0800] "POST /wp-cron.php?doing_wp_cron=1767323343.0395650863647460937500 HTTP/1.1" 200 - "-" "WordPress/6.8.3; https://impeccablerenovations.com.au"
52.59.43.236 - - [02/Jan/2026:11:09:01 +0800] "HEAD / HTTP/1.1" 200 - "https://impeccablerenovations.com.au/" "Mozilla/5.0+(compatible; UptimeRobot/2.0; http://www.uptimerobot.com/)"
103.4.122.14 - - [02/Jan/2026:11:14:11 +0800] "POST /wp-cron.php?doing_wp_cron=1767323651.3938579559326171875000 HTTP/1.1" 200 - "-" "WordPress/6.8.3; https://impeccablerenovations.com.au"
168.119.123.75 - - [02/Jan/2026:11:14:09 +0800] "HEAD / HTTP/1.1" 200 - "https://impeccablerenovations.com.au/" "Mozilla/5.0+(compatible; UptimeRobot/2.0; http://www.uptimerobot.com/)"
103.4.122.14 - - [02/Jan/2026:11:19:18 +0800] "POST /wp-cron.php?doing_wp_cron=1767323958.2648899555206298828125 HTTP/1.1" 200 - "-" "WordPress/6.8.3; https://impeccablerenovations.com.au"
49.13.167.123 - - [02/Jan/2026:11:19:16 +0800] "HEAD / HTTP/1.1" 200 - "https://impeccablerenovations.com.au/" "Mozilla/5.0+(compatible; UptimeRobot/2.0; http://www.uptimerobot.com/)"
103.4.122.14 - - [02/Jan/2026:11:24:28 +0800] "POST /wp-cron.php?doing_wp_cron=1767324268.5281550884246826171875 HTTP/1.1" 200 - "-" "WordPress/6.8.3; https://impeccablerenovations.com.au"
52.28.162.93 - - [02/Jan/2026:11:24:24 +0800] "HEAD / HTTP/1.1" 200 - "https://impeccablerenovations.com.au/" "Mozilla/5.0+(compatible; UptimeRobot/2.0; http://www.uptimerobot.com/)"
103.4.122.14 - - [02/Jan/2026:11:29:34 +0800] "POST /wp-cron.php?doing_wp_cron=1767324574.5156259536743164062500 HTTP/1.1" 200 - "-" "WordPress/6.8.3; https://impeccablerenovations.com.au"
168.119.123.75 - - [02/Jan/2026:11:29:32 +0800] "HEAD / HTTP/1.1" 200 - "https://impeccablerenovations.com.au/" "Mozilla/5.0+(compatible; UptimeRobot/2.0; http://www.uptimerobot.com/)"
103.4.122.14 - - [02/Jan/2026:11:31:02 +0800] "POST /wp-cron.php?doing_wp_cron=1767324662.3878989219665527343750 HTTP/1.1" 200 - "-" "WordPress/6.8.3; https://impeccablerenovations.com.au"
15.235.96.19 - - [02/Jan/2026:11:31:00 +0800] "GET /sitemap_index.xml HTTP/1.1" 200 346 "-" "Mozilla/5.0 (compatible; AhrefsBot/7.0; +http://ahrefs.com/robot/)"
54.39.210.3 - - [02/Jan/2026:11:31:06 +0800] "GET /post-sitemap.xml HTTP/1.1" 200 481 "-" "Mozilla/5.0 (compatible; AhrefsBot/7.0; +http://ahrefs.com/robot/)"
54.39.203.82 - - [02/Jan/2026:11:31:12 +0800] "GET /page-sitemap.xml HTTP/1.1" 200 1154 "-" "Mozilla/5.0 (compatible; AhrefsBot/7.0; +http://ahrefs.com/robot/)"
167.114.139.67 - - [02/Jan/2026:11:31:17 +0800] "GET /project-sitemap.xml HTTP/1.1" 200 445 "-" "Mozilla/5.0 (compatible; AhrefsBot/7.0; +http://ahrefs.com/robot/)"
142.44.220.183 - - [02/Jan/2026:11:31:22 +0800] "GET /category-sitemap.xml HTTP/1.1" 200 376 "-" "Mozilla/5.0 (compatible; AhrefsBot/7.0; +http://ahrefs.com/robot/)"
103.4.122.14 - - [02/Jan/2026:11:34:42 +0800] "POST /wp-cron.php?doing_wp_cron=1767324882.0502400398254394531250 HTTP/1.1" 200 - "-" "WordPress/6.8.3; https://impeccablerenovations.com.au"
63.178.84.147 - - [02/Jan/2026:11:34:40 +0800] "HEAD / HTTP/1.1" 200 - "https://impeccablerenovations.com.au/" "Mozilla/5.0+(compatible; UptimeRobot/2.0; http://www.uptimerobot.com/)"
114.119.146.45 - - [02/Jan/2026:11:35:28 +0800] "GET /projects/ HTTP/1.1" 200 19523 "https://impeccablerenovations.com.au/build-it-beautiful/" "Mozilla/5.0 (Linux; Android 7.0;) AppleWebKit/537.36 (KHTML, like Gecko) Mobile Safari/537.36 (compatible; PetalBot;+https://webmaster.petalsearch.com/site/petalbot)"
103.4.122.14 - - [02/Jan/2026:11:39:48 +0800] "POST /wp-cron.php?doing_wp_cron=1767325188.0704920291900634765625 HTTP/1.1" 200 - "-" "WordPress/6.8.3; https://impeccablerenovations.com.au"
88.99.80.227 - - [02/Jan/2026:11:39:46 +0800] "HEAD / HTTP/1.1" 200 - "https://impeccablerenovations.com.au/" "Mozilla/5.0+(compatible; UptimeRobot/2.0; http://www.uptimerobot.com/)"
103.4.122.14 - - [02/Jan/2026:11:44:56 +0800] "POST /wp-cron.php?doing_wp_cron=1767325495.9742460250854492187500 HTTP/1.1" 200 - "-" "WordPress/6.8.3; https://impeccablerenovations.com.au"
128.140.106.114 - - [02/Jan/2026:11:44:54 +0800] "HEAD / HTTP/1.1" 200 - "https://impeccablerenovations.com.au/" "Mozilla/5.0+(compatible; UptimeRobot/2.0; http://www.uptimerobot.com/)"
103.4.122.14 - - [02/Jan/2026:11:50:04 +0800] "POST /wp-cron.php?doing_wp_cron=1767325804.4128489494323730468750 HTTP/1.1" 200 - "-" "WordPress/6.8.3; https://impeccablerenovations.com.au"
78.46.215.1 - - [02/Jan/2026:11:50:02 +0800] "HEAD / HTTP/1.1" 200 - "https://impeccablerenovations.com.au/" "Mozilla/5.0+(compatible; UptimeRobot/2.0; http://www.uptimerobot.com/)"
103.4.122.14 - - [02/Jan/2026:11:55:11 +0800] "POST /wp-cron.php?doing_wp_cron=1767326111.2154319286346435546875 HTTP/1.1" 200 - "-" "WordPress/6.8.3; https://impeccablerenovations.com.au"
49.13.164.148 - - [02/Jan/2026:11:55:09 +0800] "HEAD / HTTP/1.1" 200 - "https://impeccablerenovations.com.au/" "Mozilla/5.0+(compatible; UptimeRobot/2.0; http://www.uptimerobot.com/)"
103.4.122.14 - - [02/Jan/2026:12:00:18 +0800] "POST /wp-cron.php?doing_wp_cron=1767326418.2460329532623291015625 HTTP/1.1" 200 - "-" "WordPress/6.8.3; https://impeccablerenovations.com.au"
159.69.158.189 - - [02/Jan/2026:12:00:16 +0800] "HEAD / HTTP/1.1" 200 - "https://impeccablerenovations.com.au/" "Mozilla/5.0+(compatible; UptimeRobot/2.0; http://www.uptimerobot.com/)"
103.4.122.14 - - [02/Jan/2026:12:05:25 +0800] "POST /wp-cron.php?doing_wp_cron=1767326725.6215150356292724609375 HTTP/1.1" 200 - "-" "WordPress/6.8.3; https://impeccablerenovations.com.au"
18.192.166.72 - - [02/Jan/2026:12:05:23 +0800] "HEAD / HTTP/1.1" 200 - "https://impeccablerenovations.com.au/" "Mozilla/5.0+(compatible; UptimeRobot/2.0; http://www.uptimerobot.com/)"
103.4.122.14 - - [02/Jan/2026:12:10:33 +0800] "POST /wp-cron.php?doing_wp_cron=1767327033.7105081081390380859375 HTTP/1.1" 200 - "-" "WordPress/6.8.3; https://impeccablerenovations.com.au"
142.132.180.39 - - [02/Jan/2026:12:10:32 +0800] "HEAD / HTTP/1.1" 200 - "https://impeccablerenovations.com.au/" "Mozilla/5.0+(compatible; UptimeRobot/2.0; http://www.uptimerobot.com/)"
103.4.122.14 - - [02/Jan/2026:12:15:42 +0800] "POST /wp-cron.php?doing_wp_cron=1767327342.8325219154357910156250 HTTP/1.1" 200 - "-" "WordPress/6.8.3; https://impeccablerenovations.com.au"
18.193.252.127 - - [02/Jan/2026:12:15:41 +0800] "HEAD / HTTP/1.1" 200 - "https://impeccablerenovations.com.au/" "Mozilla/5.0+(compatible; UptimeRobot/2.0; http://www.uptimerobot.com/)"
103.4.122.14 - - [02/Jan/2026:12:20:50 +0800] "POST /wp-cron.php?doing_wp_cron=1767327650.8227009773254394531250 HTTP/1.1" 200 - "-" "WordPress/6.8.3; https://impeccablerenovations.com.au"
52.28.162.93 - - [02/Jan/2026:12:20:49 +0800] "HEAD / HTTP/1.1" 200 - "https://impeccablerenovations.com.au/" "Mozilla/5.0+(compatible; UptimeRobot/2.0; http://www.uptimerobot.com/)"
103.4.122.14 - - [02/Jan/2026:12:25:58 +0800] "POST /wp-cron.php?doing_wp_cron=1767327958.4619669914245605468750 HTTP/1.1" 200 - "-" "WordPress/6.8.3; https://impeccablerenovations.com.au"
49.13.134.145 - - [02/Jan/2026:12:25:56 +0800] "HEAD / HTTP/1.1" 200 - "https://impeccablerenovations.com.au/" "Mozilla/5.0+(compatible; UptimeRobot/2.0; http://www.uptimerobot.com/)"
103.4.122.14 - - [02/Jan/2026:12:31:07 +0800] "POST /wp-cron.php?doing_wp_cron=1767328267.3385179042816162109375 HTTP/1.1" 200 - "-" "WordPress/6.8.3; https://impeccablerenovations.com.au"
142.132.180.39 - - [02/Jan/2026:12:31:05 +0800] "HEAD / HTTP/1.1" 200 - "https://impeccablerenovations.com.au/" "Mozilla/5.0+(compatible; UptimeRobot/2.0; http://www.uptimerobot.com/)"
103.4.122.14 - - [02/Jan/2026:12:36:16 +0800] "POST /wp-cron.php?doing_wp_cron=1767328575.8930358886718750000000 HTTP/1.1" 200 - "-" "WordPress/6.8.3; https://impeccablerenovations.com.au"
78.46.215.1 - - [02/Jan/2026:12:36:14 +0800] "HEAD / HTTP/1.1" 200 - "https://impeccablerenovations.com.au/" "Mozilla/5.0+(compatible; UptimeRobot/2.0; http://www.uptimerobot.com/)"
103.4.122.14 - - [02/Jan/2026:12:41:23 +0800] "POST /wp-cron.php?doing_wp_cron=1767328882.9116499423980712890625 HTTP/1.1" 200 - "-" "WordPress/6.8.3; https://impeccablerenovations.com.au"
49.13.164.148 - - [02/Jan/2026:12:41:21 +0800] "HEAD / HTTP/1.1" 200 - "https://impeccablerenovations.com.au/" "Mozilla/5.0+(compatible; UptimeRobot/2.0; http://www.uptimerobot.com/)"
103.4.122.14 - - [02/Jan/2026:12:44:44 +0800] "POST /wp-cron.php?doing_wp_cron=1767329084.0596630573272705078125 HTTP/1.1" 200 - "-" "WordPress/6.8.3; https://impeccablerenovations.com.au"
54.39.203.29 - - [02/Jan/2026:12:44:42 +0800] "GET /projects/ HTTP/1.1" 200 19666 "-" "Mozilla/5.0 (compatible; AhrefsBot/7.0; +http://ahrefs.com/robot/)"
103.4.122.14 - - [02/Jan/2026:12:46:31 +0800] "POST /wp-cron.php?doing_wp_cron=1767329191.5872089862823486328125 HTTP/1.1" 200 - "-" "WordPress/6.8.3; https://impeccablerenovations.com.au"
168.119.96.239 - - [02/Jan/2026:12:46:29 +0800] "HEAD / HTTP/1.1" 200 - "https://impeccablerenovations.com.au/" "Mozilla/5.0+(compatible; UptimeRobot/2.0; http://www.uptimerobot.com/)"
103.4.122.14 - - [02/Jan/2026:12:51:40 +0800] "POST /wp-cron.php?doing_wp_cron=1767329500.1986370086669921875000 HTTP/1.1" 200 - "-" "WordPress/6.8.3; https://impeccablerenovations.com.au"
63.178.84.147 - - [02/Jan/2026:12:51:38 +0800] "HEAD / HTTP/1.1" 200 - "https://impeccablerenovations.com.au/" "Mozilla/5.0+(compatible; UptimeRobot/2.0; http://www.uptimerobot.com/)"
103.4.122.14 - - [02/Jan/2026:12:53:29 +0800] "POST /wp-cron.php?doing_wp_cron=1767329608.8717041015625000000000 HTTP/1.1" 200 - "-" "WordPress/6.8.3; https://impeccablerenovations.com.au"
216.73.216.99 - - [02/Jan/2026:12:53:27 +0800] "GET /robots.txt HTTP/1.1" 200 124 "-" "Mozilla/5.0 AppleWebKit/537.36 (KHTML, like Gecko; compatible; ClaudeBot/1.0; +claudebot@anthropic.com)"
216.73.216.99 - - [02/Jan/2026:12:53:29 +0800] "GET /sitemap_index.xml HTTP/1.1" 200 346 "-" "Mozilla/5.0 AppleWebKit/537.36 (KHTML, like Gecko; compatible; ClaudeBot/1.0; +claudebot@anthropic.com)"
103.4.122.14 - - [02/Jan/2026:12:56:47 +0800] "POST /wp-cron.php?doing_wp_cron=1767329807.6160390377044677734375 HTTP/1.1" 200 - "-" "WordPress/6.8.3; https://impeccablerenovations.com.au"
78.47.98.55 - - [02/Jan/2026:12:56:45 +0800] "HEAD / HTTP/1.1" 200 - "https://impeccablerenovations.com.au/" "Mozilla/5.0+(compatible; UptimeRobot/2.0; http://www.uptimerobot.com/)"
103.4.122.14 - - [02/Jan/2026:13:01:57 +0800] "POST /wp-cron.php?doing_wp_cron=1767330116.8523309230804443359375 HTTP/1.1" 200 - "-" "WordPress/6.8.3; https://impeccablerenovations.com.au"
157.90.156.63 - - [02/Jan/2026:13:01:55 +0800] "HEAD / HTTP/1.1" 200 - "https://impeccablerenovations.com.au/" "Mozilla/5.0+(compatible; UptimeRobot/2.0; http://www.uptimerobot.com/)"
103.4.122.14 - - [02/Jan/2026:13:03:58 +0800] "POST /wp-cron.php?doing_wp_cron=1767330238.4449911117553710937500 HTTP/1.1" 200 - "-" "WordPress/6.8.3; https://impeccablerenovations.com.au"
216.73.216.99 - - [02/Jan/2026:13:03:56 +0800] "GET /sitemap_index.xml HTTP/1.1" 200 346 "-" "Mozilla/5.0 AppleWebKit/537.36 (KHTML, like Gecko; compatible; ClaudeBot/1.0; +claudebot@anthropic.com)"
103.4.122.14 - - [02/Jan/2026:13:04:41 +0800] "POST /wp-cron.php?doing_wp_cron=1767330281.0331621170043945312500 HTTP/1.1" 200 - "-" "WordPress/6.8.3; https://impeccablerenovations.com.au"
213.180.203.75 - - [02/Jan/2026:13:04:39 +0800] "GET /robots.txt HTTP/1.1" 200 132 "-" "Mozilla/5.0 (compatible; YandexBot/3.0; +http://yandex.com/bots)"
87.250.224.3 - - [02/Jan/2026:13:04:43 +0800] "GET /about-us/ HTTP/1.1" 404 62812 "-" "Mozilla/5.0 (compatible; YandexBot/3.0; +http://yandex.com/bots)"
103.4.122.14 - - [02/Jan/2026:13:07:08 +0800] "POST /wp-cron.php?doing_wp_cron=1767330428.0011279582977294921875 HTTP/1.1" 200 - "-" "WordPress/6.8.3; https://impeccablerenovations.com.au"
49.13.24.81 - - [02/Jan/2026:13:07:06 +0800] "HEAD / HTTP/1.1" 200 - "https://impeccablerenovations.com.au/" "Mozilla/5.0+(compatible; UptimeRobot/2.0; http://www.uptimerobot.com/)"
103.4.122.14 - - [02/Jan/2026:13:11:57 +0800] "POST /wp-cron.php?doing_wp_cron=1767330717.5590760707855224609375 HTTP/1.1" 200 - "-" "WordPress/6.8.3; https://impeccablerenovations.com.au"
202.76.136.57 - - [02/Jan/2026:13:11:55 +0800] "GET /portfolio/gould-st-bathroom/ HTTP/1.1" 404 62832 "-" "Mozilla/5.0 (X11; Linux i686) AppleWebKit/534.30 (KHTML, like Gecko) Slackware/Chrome/12.0.742.100 Safari/534.30"
128.140.106.114 - - [02/Jan/2026:13:12:13 +0800] "HEAD / HTTP/1.1" 200 - "https://impeccablerenovations.com.au/" "Mozilla/5.0+(compatible; UptimeRobot/2.0; http://www.uptimerobot.com/)"
103.4.122.14 - - [02/Jan/2026:13:17:23 +0800] "POST /wp-cron.php?doing_wp_cron=1767331042.9283421039581298828125 HTTP/1.1" 200 - "-" "WordPress/6.8.3; https://impeccablerenovations.com.au"
49.13.24.81 - - [02/Jan/2026:13:17:21 +0800] "HEAD / HTTP/1.1" 200 - "https://impeccablerenovations.com.au/" "Mozilla/5.0+(compatible; UptimeRobot/2.0; http://www.uptimerobot.com/)"
103.4.122.14 - - [02/Jan/2026:13:22:30 +0800] "POST /wp-cron.php?doing_wp_cron=1767331349.8514750003814697265625 HTTP/1.1" 200 - "-" "WordPress/6.8.3; https://impeccablerenovations.com.au"
49.13.134.145 - - [02/Jan/2026:13:22:28 +0800] "HEAD / HTTP/1.1" 200 - "https://impeccablerenovations.com.au/" "Mozilla/5.0+(compatible; UptimeRobot/2.0; http://www.uptimerobot.com/)"
103.4.122.14 - - [02/Jan/2026:13:27:39 +0800] "POST /wp-cron.php?doing_wp_cron=1767331659.2810740470886230468750 HTTP/1.1" 200 - "-" "WordPress/6.8.3; https://impeccablerenovations.com.au"
52.28.162.93 - - [02/Jan/2026:13:27:36 +0800] "HEAD / HTTP/1.1" 200 - "https://impeccablerenovations.com.au/" "Mozilla/5.0+(compatible; UptimeRobot/2.0; http://www.uptimerobot.com/)"
103.4.122.14 - - [02/Jan/2026:13:32:48 +0800] "POST /wp-cron.php?doing_wp_cron=1767331968.8152239322662353515625 HTTP/1.1" 200 - "-" "WordPress/6.8.3; https://impeccablerenovations.com.au"
49.13.130.29 - - [02/Jan/2026:13:32:47 +0800] "HEAD / HTTP/1.1" 200 - "https://impeccablerenovations.com.au/" "Mozilla/5.0+(compatible; UptimeRobot/2.0; http://www.uptimerobot.com/)"
103.4.122.14 - - [02/Jan/2026:13:36:39 +0800] "POST /wp-cron.php?doing_wp_cron=1767332199.3316669464111328125000 HTTP/1.1" 200 - "-" "WordPress/6.8.3; https://impeccablerenovations.com.au"
216.73.216.99 - - [02/Jan/2026:13:36:37 +0800] "GET /sitemap_index.xml HTTP/1.1" 200 346 "-" "Mozilla/5.0 AppleWebKit/537.36 (KHTML, like Gecko; compatible; ClaudeBot/1.0; +claudebot@anthropic.com)"
103.4.122.14 - - [02/Jan/2026:13:37:58 +0800] "POST /wp-cron.php?doing_wp_cron=1767332278.3266360759735107421875 HTTP/1.1" 200 - "-" "WordPress/6.8.3; https://impeccablerenovations.com.au"
168.119.123.75 - - [02/Jan/2026:13:37:56 +0800] "HEAD / HTTP/1.1" 200 - "https://impeccablerenovations.com.au/" "Mozilla/5.0+(compatible; UptimeRobot/2.0; http://www.uptimerobot.com/)"
43.153.180.252 - - [02/Jan/2026:13:38:10 +0800] "GET /wp-json/wp/v2/posts HTTP/1.1" 200 13220 "-" "Mozilla/5.0 (Windows NT 10.0; Win64; x64) AppleWebKit/537.36 (KHTML, like Gecko) Chrome/120.0.0.0 Safari/537.36"
103.4.122.14 - - [02/Jan/2026:13:43:05 +0800] "POST /wp-cron.php?doing_wp_cron=1767332585.8133969306945800781250 HTTP/1.1" 200 - "-" "WordPress/6.8.3; https://impeccablerenovations.com.au"
3.77.67.4 - - [02/Jan/2026:13:43:04 +0800] "HEAD / HTTP/1.1" 200 - "https://impeccablerenovations.com.au/" "Mozilla/5.0+(compatible; UptimeRobot/2.0; http://www.uptimerobot.com/)"
103.4.122.14 - - [02/Jan/2026:13:48:13 +0800] "POST /wp-cron.php?doing_wp_cron=1767332893.4024300575256347656250 HTTP/1.1" 200 - "-" "WordPress/6.8.3; https://impeccablerenovations.com.au"
