159.65.65.158 - - [15/Apr/2026:03:22:01 +0800] "GET / HTTP/1.1" 200 29385 "-" "Mozilla/5.0 (Windows NT 6.1) AppleWebKit/537.36 (KHTML, like Gecko) Chrome/41.0.2228.0 Safari/537.36"
159.65.65.158 - - [15/Apr/2026:03:22:03 +0800] "GET /robots.txt HTTP/1.1" 404 196 "-" "-"
159.65.65.158 - - [15/Apr/2026:03:22:06 +0800] "GET /sitemap.xml HTTP/1.1" 404 196 "-" "-"
159.65.65.158 - - [15/Apr/2026:03:22:07 +0800] "GET /.well-known/security.txt HTTP/1.1" 404 196 "-" "-"
159.65.65.158 - - [15/Apr/2026:03:22:13 +0800] "GET /favicon.ico HTTP/1.1" 404 196 "-" "Mozilla/5.0 (Windows NT 10.0; Win64; x64) AppleWebKit/537.36 (KHTML, like Gecko) Chrome/102.0.5005.63 Safari/537.36"
207.90.244.15 - - [15/Apr/2026:03:29:57 +0800] "GET / HTTP/1.1" 200 29385 "-" "Mozilla/5.0 (Windows NT 6.1) AppleWebKit/537.36 (KHTML, like Gecko) Chrome/41.0.2228.0 Safari/537.36"
207.90.244.15 - - [15/Apr/2026:03:29:59 +0800] "GET /robots.txt HTTP/1.1" 404 196 "-" "-"
207.90.244.15 - - [15/Apr/2026:03:30:00 +0800] "GET /sitemap.xml HTTP/1.1" 404 196 "-" "-"
207.90.244.15 - - [15/Apr/2026:03:30:02 +0800] "GET /.well-known/security.txt HTTP/1.1" 404 196 "-" "-"
207.90.244.15 - - [15/Apr/2026:03:30:04 +0800] "GET /favicon.ico HTTP/1.1" 404 196 "-" "Mozilla/5.0 (Windows NT 10.0; Win64; x64) AppleWebKit/537.36 (KHTML, like Gecko) Chrome/102.0.5005.63 Safari/537.36"
66.249.68.3 - - [15/Apr/2026:04:25:01 +0800] "GET /robots.txt HTTP/1.1" 404 196 "-" "Mozilla/5.0 (compatible; Googlebot/2.1; +http://www.google.com/bot.html)"
103.4.122.13 - - [15/Apr/2026:08:50:39 +0800] "GET /wp-cron.php HTTP/1.1" 200 - "-" "WordPress/6.9.4; https://wpmain.screwlooseit.com.au"
103.4.122.13 - - [15/Apr/2026:08:58:08 +0800] "GET / HTTP/1.1" 200 29417 "https://wpmain.screwlooseit.com.au" "Mozilla/5.0 (compatible; MainWP/6.0.9; +http://mainwp.com)"
103.4.122.13 - - [15/Apr/2026:09:09:26 +0800] "GET / HTTP/1.1" 200 29417 "https://wpmain.screwlooseit.com.au" "Mozilla/5.0 (compatible; MainWP/6.0.9; +http://mainwp.com)"
103.4.122.13 - - [15/Apr/2026:09:10:05 +0800] "GET /?login_required=1&user=ACS&mainwpsignature=mNKxMqEWIj6RnPtywDuyxFl4xJhh4pCnz3JlWI%2Bpl3aKncAXT89XcH7EabTf29B5YVRrBBM0C1rVcTKJykyiu4bf5PyUO8fbshgYWCpf2XjeZNrIys4AsyMiLiULMcMjkGVoiFzFREh6oSj8o5pJgGc1PU%2FHQl1aOroxJTtZ%2FsGJ0GMQviKk440ACoPOfm1ghZkieVXtwIW5xP4dFJJkOgEukiyjGtoLxd1SEea59ptrPVaC1GlQaal3aOHnta3y2qnyn%2BP%2FPjQXAJANniBm4NoJvTlNlAbaFR2jRIR91ozv%2FOq1WH0GxXQMfFzQ%2Bl9gPkbPGT8gju1HmVvyz0T06g%3D%3D&nonce=210&where=plugins.php%3F_detect_plugins_updates%3Dyes&sign_algo=7 HTTP/1.1" 302 - "-" "WordPress/6.9.4; https://wpmain.screwlooseit.com.au"
103.4.122.13 - - [15/Apr/2026:09:10:05 +0800] "GET /wp-admin/plugins.php?_detect_plugins_updates=yes HTTP/1.1" 200 22018 "-" "WordPress/6.9.4; https://wpmain.screwlooseit.com.au"
103.4.122.13 - - [15/Apr/2026:09:10:08 +0800] "POST /wp-admin/admin-ajax.php HTTP/1.1" 200 4086 "https://wpmain.screwlooseit.com.au" "Mozilla/5.0 (compatible; MainWP/6.0.9; +http://mainwp.com)"
103.4.122.13 - - [15/Apr/2026:09:10:13 +0800] "HEAD / HTTP/1.1" 200 - "https://wpmain.screwlooseit.com.au" "Mozilla/5.0 (compatible; MainWP/6.0.9; +http://mainwp.com)"
103.4.122.13 - - [15/Apr/2026:09:17:55 +0800] "GET / HTTP/1.1" 200 29417 "https://wpmain.screwlooseit.com.au" "Mozilla/5.0 (compatible; MainWP/6.0.9; +http://mainwp.com)"
103.4.122.13 - - [15/Apr/2026:09:20:51 +0800] "GET /?login_required=1&user=ACS&mainwpsignature=5S2XsgGSDLAdwW8mbCRbvpF10ES43VH41sXXMLc7IhzvgJNGOxCFcqo%2B1WrEDTdzVsZ964scmuzvACLGkz8OHcaEgTvWHJZWSHl5WTeMxcDpgduRYh%2FNPC8bo7v0taDZT6uOU2gyN9ZSdtmctHYW47HQf6tSVYDDWdQMwNdCgjhWNO7VT%2BJLNOrqvR3qVNJBdNd8md3ndyzyfttsWDjwxroKc0ZrDo560WuHcmmm1ouyxoOJivDYVWDm1aev13UanYyBaxHnQizip11jb0Hdatu45IYRtz4bjyThZ2bSGWh6EBKhLP2vUZZaNyLdxMRA7PwvoENPuWSak0P%2BUJdIuw%3D%3D&nonce=374&where=plugins.php%3F_detect_plugins_updates%3Dyes&sign_algo=7 HTTP/1.1" 302 - "-" "WordPress/6.9.4; https://wpmain.screwlooseit.com.au"
103.4.122.13 - - [15/Apr/2026:09:20:52 +0800] "GET /wp-admin/plugins.php?_detect_plugins_updates=yes HTTP/1.1" 200 21352 "-" "WordPress/6.9.4; https://wpmain.screwlooseit.com.au"
103.4.122.13 - - [15/Apr/2026:09:20:54 +0800] "POST /wp-admin/admin-ajax.php HTTP/1.1" 200 11989 "https://wpmain.screwlooseit.com.au" "Mozilla/5.0 (compatible; MainWP/6.0.9; +http://mainwp.com)"
103.4.122.14 - - [15/Apr/2026:09:20:58 +0800] "GET / HTTP/1.1" 200 7223 "-" "WordPress/6.9.4; https://memo.carmel.wa.edu.au"
103.4.122.13 - - [15/Apr/2026:09:20:58 +0800] "POST /wp-admin/admin-ajax.php HTTP/1.1" 200 21 "https://wpmain.screwlooseit.com.au" "Mozilla/5.0 (compatible; MainWP/6.0.9; +http://mainwp.com)"
103.4.122.14 - - [15/Apr/2026:10:23:00 +0800] "POST /wp-cron.php?doing_wp_cron=1776219780.3918681144714355468750 HTTP/1.1" 200 - "-" "WordPress/6.9.4; https://memo.carmel.wa.edu.au"
103.4.122.13 - - [15/Apr/2026:10:22:59 +0800] "GET / HTTP/1.1" 200 29417 "https://wpmain.screwlooseit.com.au" "Mozilla/5.0 (compatible; MainWP/6.0.9; +http://mainwp.com)"
103.4.122.14 - - [15/Apr/2026:10:23:01 +0800] "POST /wp-cron.php?doing_wp_cron=1776219781.3340699672698974609375 HTTP/1.1" 200 - "-" "WordPress/6.9.4; https://memo.carmel.wa.edu.au"
103.4.122.13 - - [15/Apr/2026:10:23:00 +0800] "GET / HTTP/1.1" 200 29417 "https://wpmain.screwlooseit.com.au" "Mozilla/5.0 (compatible; MainWP/6.0.9; +http://mainwp.com)"
103.4.122.13 - - [15/Apr/2026:10:30:20 +0800] "GET / HTTP/1.1" 200 29417 "https://wpmain.screwlooseit.com.au" "Mozilla/5.0 (compatible; MainWP/6.0.9; +http://mainwp.com)"
15.204.0.80 - - [15/Apr/2026:10:30:48 +0800] "GET /php8.php HTTP/1.1" 404 16 "-" "Mozilla/5.0 (Windows NT 10.0; Win64; x64) AppleWebKit/537.36 (KHTML, like Gecko) Chrome/127.0.0.0 Safari/537.36"
15.204.0.80 - - [15/Apr/2026:10:33:13 +0800] "GET /blog-verify HTTP/1.1" 404 196 "-" "Mozilla/5.0 (Windows NT 10.0; Win64; x64) AppleWebKit/537.36 (KHTML, like Gecko) Chrome/127.0.0.0 Safari/537.36"
103.4.122.14 - - [15/Apr/2026:10:38:23 +0800] "POST /wp-cron.php?doing_wp_cron=1776220703.3498289585113525390625 HTTP/1.1" 200 - "-" "WordPress/6.9.4; https://memo.carmel.wa.edu.au"
103.4.122.13 - - [15/Apr/2026:10:38:22 +0800] "GET / HTTP/1.1" 200 29417 "https://wpmain.screwlooseit.com.au" "Mozilla/5.0 (compatible; MainWP/6.0.9; +http://mainwp.com)"
103.4.122.14 - - [15/Apr/2026:10:59:53 +0800] "POST /wp-cron.php?doing_wp_cron=1776221993.5019719600677490234375 HTTP/1.1" 200 - "-" "WordPress/6.9.4; https://memo.carmel.wa.edu.au"
103.89.80.162 - - [15/Apr/2026:10:59:52 +0800] "GET / HTTP/1.1" 200 7222 "-" "Mozilla/5.0 (Windows NT 10.0; Win64; x64) AppleWebKit/537.36 (KHTML, like Gecko) Chrome/145.0.0.0 Safari/537.36"
103.89.80.162 - - [15/Apr/2026:10:59:53 +0800] "GET /wp-content/themes/hello-elementor/assets/css/reset.css?ver=3.4.7 HTTP/1.1" 200 1792 "https://memo.carmel.wa.edu.au/" "Mozilla/5.0 (Windows NT 10.0; Win64; x64) AppleWebKit/537.36 (KHTML, like Gecko) Chrome/145.0.0.0 Safari/537.36"
103.89.80.162 - - [15/Apr/2026:10:59:53 +0800] "GET /wp-content/themes/hello-elementor/assets/css/theme.css?ver=3.4.7 HTTP/1.1" 200 1271 "https://memo.carmel.wa.edu.au/" "Mozilla/5.0 (Windows NT 10.0; Win64; x64) AppleWebKit/537.36 (KHTML, like Gecko) Chrome/145.0.0.0 Safari/537.36"
103.89.80.162 - - [15/Apr/2026:10:59:53 +0800] "GET /wp-content/themes/hello-elementor/assets/css/header-footer.css?ver=3.4.7 HTTP/1.1" 200 1423 "https://memo.carmel.wa.edu.au/" "Mozilla/5.0 (Windows NT 10.0; Win64; x64) AppleWebKit/537.36 (KHTML, like Gecko) Chrome/145.0.0.0 Safari/537.36"
103.89.80.162 - - [15/Apr/2026:10:59:53 +0800] "GET /wp-content/plugins/elementor/assets/css/frontend.min.css?ver=4.0.2 HTTP/1.1" 200 7271 "https://memo.carmel.wa.edu.au/" "Mozilla/5.0 (Windows NT 10.0; Win64; x64) AppleWebKit/537.36 (KHTML, like Gecko) Chrome/145.0.0.0 Safari/537.36"
103.89.80.162 - - [15/Apr/2026:10:59:53 +0800] "GET /wp-content/uploads/elementor/css/post-10.css?ver=1776215876 HTTP/1.1" 200 398 "https://memo.carmel.wa.edu.au/" "Mozilla/5.0 (Windows NT 10.0; Win64; x64) AppleWebKit/537.36 (KHTML, like Gecko) Chrome/145.0.0.0 Safari/537.36"
103.89.80.162 - - [15/Apr/2026:10:59:53 +0800] "GET /wp-content/plugins/elementor/assets/lib/eicons/css/elementor-icons.min.css?ver=5.48.0 HTTP/1.1" 200 4455 "https://memo.carmel.wa.edu.au/" "Mozilla/5.0 (Windows NT 10.0; Win64; x64) AppleWebKit/537.36 (KHTML, like Gecko) Chrome/145.0.0.0 Safari/537.36"
103.89.80.162 - - [15/Apr/2026:10:59:53 +0800] "GET /wp-content/plugins/elementor/assets/css/widget-image.min.css?ver=4.0.2 HTTP/1.1" 200 135 "https://memo.carmel.wa.edu.au/" "Mozilla/5.0 (Windows NT 10.0; Win64; x64) AppleWebKit/537.36 (KHTML, like Gecko) Chrome/145.0.0.0 Safari/537.36"
103.89.80.162 - - [15/Apr/2026:10:59:53 +0800] "GET /wp-content/plugins/elementor/assets/lib/animations/styles/e-animation-float.min.css?ver=4.0.2 HTTP/1.1" 200 139 "https://memo.carmel.wa.edu.au/" "Mozilla/5.0 (Windows NT 10.0; Win64; x64) AppleWebKit/537.36 (KHTML, like Gecko) Chrome/145.0.0.0 Safari/537.36"
103.89.80.162 - - [15/Apr/2026:10:59:53 +0800] "GET /wp-content/uploads/elementor/css/post-14.css?ver=1776215876 HTTP/1.1" 200 782 "https://memo.carmel.wa.edu.au/" "Mozilla/5.0 (Windows NT 10.0; Win64; x64) AppleWebKit/537.36 (KHTML, like Gecko) Chrome/145.0.0.0 Safari/537.36"
103.89.80.162 - - [15/Apr/2026:10:59:53 +0800] "GET /wp-content/plugins/elementor/assets/css/widget-heading.min.css?ver=4.0.2 HTTP/1.1" 200 160 "https://memo.carmel.wa.edu.au/" "Mozilla/5.0 (Windows NT 10.0; Win64; x64) AppleWebKit/537.36 (KHTML, like Gecko) Chrome/145.0.0.0 Safari/537.36"
103.89.80.162 - - [15/Apr/2026:10:59:53 +0800] "GET /wp-content/uploads/2023/11/Carmel-School-logo.png HTTP/1.1" 200 73584 "https://memo.carmel.wa.edu.au/" "Mozilla/5.0 (Windows NT 10.0; Win64; x64) AppleWebKit/537.36 (KHTML, like Gecko) Chrome/145.0.0.0 Safari/537.36"
103.89.80.162 - - [15/Apr/2026:10:59:53 +0800] "GET /wp-includes/js/jquery/jquery-migrate.min.js?ver=3.4.1 HTTP/1.1" 200 4872 "https://memo.carmel.wa.edu.au/" "Mozilla/5.0 (Windows NT 10.0; Win64; x64) AppleWebKit/537.36 (KHTML, like Gecko) Chrome/145.0.0.0 Safari/537.36"
103.89.80.162 - - [15/Apr/2026:10:59:53 +0800] "GET /wp-includes/js/jquery/jquery.min.js?ver=3.7.1 HTTP/1.1" 200 30368 "https://memo.carmel.wa.edu.au/" "Mozilla/5.0 (Windows NT 10.0; Win64; x64) AppleWebKit/537.36 (KHTML, like Gecko) Chrome/145.0.0.0 Safari/537.36"
103.89.80.162 - - [15/Apr/2026:10:59:53 +0800] "GET /wp-content/themes/hello-elementor/assets/js/hello-frontend.js?ver=3.4.7 HTTP/1.1" 200 549 "https://memo.carmel.wa.edu.au/" "Mozilla/5.0 (Windows NT 10.0; Win64; x64) AppleWebKit/537.36 (KHTML, like Gecko) Chrome/145.0.0.0 Safari/537.36"
103.89.80.162 - - [15/Apr/2026:10:59:54 +0800] "GET /wp-content/plugins/elementor/assets/js/webpack.runtime.min.js?ver=4.0.2 HTTP/1.1" 200 2496 "https://memo.carmel.wa.edu.au/" "Mozilla/5.0 (Windows NT 10.0; Win64; x64) AppleWebKit/537.36 (KHTML, like Gecko) Chrome/145.0.0.0 Safari/537.36"
103.89.80.162 - - [15/Apr/2026:10:59:54 +0800] "GET /wp-content/plugins/elementor/assets/js/frontend-modules.min.js?ver=4.0.2 HTTP/1.1" 200 15970 "https://memo.carmel.wa.edu.au/" "Mozilla/5.0 (Windows NT 10.0; Win64; x64) AppleWebKit/537.36 (KHTML, like Gecko) Chrome/145.0.0.0 Safari/537.36"
103.89.80.162 - - [15/Apr/2026:10:59:54 +0800] "GET /wp-includes/js/jquery/ui/core.min.js?ver=1.13.3 HTTP/1.1" 200 7106 "https://memo.carmel.wa.edu.au/" "Mozilla/5.0 (Windows NT 10.0; Win64; x64) AppleWebKit/537.36 (KHTML, like Gecko) Chrome/145.0.0.0 Safari/537.36"
103.89.80.162 - - [15/Apr/2026:10:59:54 +0800] "GET /wp-content/plugins/elementor/assets/js/frontend.min.js?ver=4.0.2 HTTP/1.1" 200 10339 "https://memo.carmel.wa.edu.au/" "Mozilla/5.0 (Windows NT 10.0; Win64; x64) AppleWebKit/537.36 (KHTML, like Gecko) Chrome/145.0.0.0 Safari/537.36"
103.89.80.162 - - [15/Apr/2026:10:59:54 +0800] "GET /wp-content/plugins/elementor/assets/js/shared-frontend-handlers.03caa53373b56d3bab67.bundle.min.js HTTP/1.1" 200 2644 "https://memo.carmel.wa.edu.au/" "Mozilla/5.0 (Windows NT 10.0; Win64; x64) AppleWebKit/537.36 (KHTML, like Gecko) Chrome/145.0.0.0 Safari/537.36"
103.89.80.162 - - [15/Apr/2026:10:59:54 +0800] "GET /wp-content/plugins/elementor/assets/js/section-frontend-handlers.d85ab872da118940910d.bundle.min.js HTTP/1.1" 200 269 "https://memo.carmel.wa.edu.au/" "Mozilla/5.0 (Windows NT 10.0; Win64; x64) AppleWebKit/537.36 (KHTML, like Gecko) Chrome/145.0.0.0 Safari/537.36"
103.89.80.162 - - [15/Apr/2026:10:59:54 +0800] "GET /wp-content/plugins/elementor/assets/js/text-editor.45609661e409413f1cef.bundle.min.js HTTP/1.1" 200 648 "https://memo.carmel.wa.edu.au/" "Mozilla/5.0 (Windows NT 10.0; Win64; x64) AppleWebKit/537.36 (KHTML, like Gecko) Chrome/145.0.0.0 Safari/537.36"
103.89.80.162 - - [15/Apr/2026:10:59:54 +0800] "GET /favicon.ico HTTP/1.1" 404 196 "https://memo.carmel.wa.edu.au/" "Mozilla/5.0 (Windows NT 10.0; Win64; x64) AppleWebKit/537.36 (KHTML, like Gecko) Chrome/145.0.0.0 Safari/537.36"
103.89.80.162 - - [15/Apr/2026:10:59:54 +0800] "GET /wp-includes/js/wp-emoji-release.min.js?ver=6.9.4 HTTP/1.1" 200 5375 "https://memo.carmel.wa.edu.au/" "Mozilla/5.0 (Windows NT 10.0; Win64; x64) AppleWebKit/537.36 (KHTML, like Gecko) Chrome/145.0.0.0 Safari/537.36"
103.4.122.14 - - [15/Apr/2026:15:29:10 +0800] "POST /wp-cron.php?doing_wp_cron=1776238149.9502089023590087890625 HTTP/1.1" 200 - "-" "WordPress/6.9.4; https://memo.carmel.wa.edu.au"
167.71.121.87 - - [15/Apr/2026:15:29:08 +0800] "GET / HTTP/1.1" 200 29417 "-" "Mozilla/5.0 (X11; Linux x86_64) AppleWebKit/537.36 (KHTML, like Gecko) Chrome/98.0.4758.102 Safari/537.36"
167.71.121.87 - - [15/Apr/2026:15:29:31 +0800] "GET /robots.txt HTTP/1.1" 404 196 "-" "-"
167.71.121.87 - - [15/Apr/2026:15:29:33 +0800] "GET /sitemap.xml HTTP/1.1" 404 196 "-" "-"
167.71.121.87 - - [15/Apr/2026:15:29:34 +0800] "GET /.well-known/security.txt HTTP/1.1" 404 196 "-" "-"
167.71.121.87 - - [15/Apr/2026:15:29:38 +0800] "GET /favicon.ico HTTP/1.1" 404 196 "-" "Mozilla/5.0 (Windows NT 10.0; Win64; x64) AppleWebKit/537.36 (KHTML, like Gecko) Chrome/102.0.5005.63 Safari/537.36"
167.71.121.87 - - [15/Apr/2026:15:30:40 +0800] "GET / HTTP/1.1" 200 29385 "-" "Mozilla/5.0 (Windows NT 6.1) AppleWebKit/537.36 (KHTML, like Gecko) Chrome/41.0.2228.0 Safari/537.36"
167.71.121.87 - - [15/Apr/2026:15:30:42 +0800] "GET /robots.txt HTTP/1.1" 404 196 "-" "-"
167.71.121.87 - - [15/Apr/2026:15:30:43 +0800] "GET /sitemap.xml HTTP/1.1" 404 196 "-" "-"
167.71.121.87 - - [15/Apr/2026:15:30:44 +0800] "GET /.well-known/security.txt HTTP/1.1" 404 196 "-" "-"
167.71.121.87 - - [15/Apr/2026:15:30:47 +0800] "GET /favicon.ico HTTP/1.1" 404 196 "-" "Mozilla/5.0 (Windows NT 10.0; Win64; x64) AppleWebKit/537.36 (KHTML, like Gecko) Chrome/102.0.5005.63 Safari/537.36"
103.4.122.14 - - [15/Apr/2026:16:36:04 +0800] "POST /wp-cron.php?doing_wp_cron=1776242164.5631990432739257812500 HTTP/1.1" 200 - "-" "WordPress/6.9.4; http://memo.carmel.wa.edu.au"
207.90.244.16 - - [15/Apr/2026:16:36:03 +0800] "GET / HTTP/1.1" 200 29385 "-" "Mozilla/5.0 (Windows NT 6.1) AppleWebKit/537.36 (KHTML, like Gecko) Chrome/41.0.2228.0 Safari/537.36"
207.90.244.16 - - [15/Apr/2026:16:36:09 +0800] "GET /robots.txt HTTP/1.1" 404 196 "-" "-"
207.90.244.16 - - [15/Apr/2026:16:36:12 +0800] "GET /sitemap.xml HTTP/1.1" 404 196 "-" "-"
207.90.244.16 - - [15/Apr/2026:16:36:13 +0800] "GET /.well-known/security.txt HTTP/1.1" 404 196 "-" "-"
207.90.244.16 - - [15/Apr/2026:16:36:18 +0800] "GET /favicon.ico HTTP/1.1" 404 196 "-" "Mozilla/5.0 (Windows NT 10.0; Win64; x64) AppleWebKit/537.36 (KHTML, like Gecko) Chrome/102.0.5005.63 Safari/537.36"
103.4.122.13 - - [15/Apr/2026:21:02:16 +0800] "GET / HTTP/1.1" 200 29417 "https://wpmain.screwlooseit.com.au" "Mozilla/5.0 (compatible; MainWP/6.0.9; +http://mainwp.com)"
103.4.122.14 - - [15/Apr/2026:21:02:17 +0800] "POST /wp-cron.php?doing_wp_cron=1776258137.6845769882202148437500 HTTP/1.1" 200 - "-" "WordPress/6.9.4; https://memo.carmel.wa.edu.au"
103.4.122.13 - - [15/Apr/2026:21:12:34 +0800] "GET / HTTP/1.1" 200 29417 "https://wpmain.screwlooseit.com.au" "Mozilla/5.0 (compatible; MainWP/6.0.9; +http://mainwp.com)"
103.4.122.13 - - [15/Apr/2026:21:14:05 +0800] "GET /?login_required=1&user=ACS&mainwpsignature=m7Ch6H6gMTjPH%2FgoAYWg%2Bos8SSdEKwIfTt6TDa8V05S760%2FkQynVLmZLIyPcrzjupcrAtg9QbGFJcsJdcTlCVTXRc4QsiCVNk4Ye1Pkh96uEVFIBsdW5jJ%2FVzyPlxctpK%2FOVHzLVysg54auUkO6RWV16PxyuyNHiiQ926lFIPHTc%2FXHMJSIvqsINeaBlTfA2JuySUKineLsyWVmnsmq1gmHweauSi6x7x2iJm5ySKEgCd%2F7mj8Ufi2WtCxk84WZaDfSlcjsf0iBo1ew8EKtMKzwRggsTrMdp6LpSG9NExDjOq4IKHy%2F1Gxy1OWoGv0g4Yt3bR8q3q2xjt9g3Lai2Xw%3D%3D&nonce=8849&where=plugins.php%3F_detect_plugins_updates%3Dyes&sign_algo=7 HTTP/1.1" 302 - "-" "WordPress/6.9.4; https://wpmain.screwlooseit.com.au"
103.4.122.13 - - [15/Apr/2026:21:14:06 +0800] "GET /wp-admin/plugins.php?_detect_plugins_updates=yes HTTP/1.1" 200 21354 "-" "WordPress/6.9.4; https://wpmain.screwlooseit.com.au"
103.4.122.13 - - [15/Apr/2026:21:14:09 +0800] "POST /wp-admin/admin-ajax.php HTTP/1.1" 200 178977 "https://wpmain.screwlooseit.com.au" "Mozilla/5.0 (compatible; MainWP/6.0.9; +http://mainwp.com)"
207.90.244.23 - - [15/Apr/2026:21:17:09 +0800] "GET / HTTP/1.1" 200 29385 "-" "Mozilla/5.0 (Windows NT 6.1) AppleWebKit/537.36 (KHTML, like Gecko) Chrome/41.0.2228.0 Safari/537.36"
207.90.244.23 - - [15/Apr/2026:21:17:11 +0800] "GET /robots.txt HTTP/1.1" 404 196 "-" "-"
207.90.244.23 - - [15/Apr/2026:21:17:14 +0800] "GET /sitemap.xml HTTP/1.1" 404 196 "-" "-"
207.90.244.23 - - [15/Apr/2026:21:17:16 +0800] "GET /.well-known/security.txt HTTP/1.1" 404 196 "-" "-"
207.90.244.23 - - [15/Apr/2026:21:17:20 +0800] "GET /favicon.ico HTTP/1.1" 404 196 "-" "Mozilla/5.0 (Windows NT 10.0; Win64; x64) AppleWebKit/537.36 (KHTML, like Gecko) Chrome/102.0.5005.63 Safari/537.36"
103.4.122.13 - - [15/Apr/2026:21:24:08 +0800] "GET /?login_required=1&user=ACS&mainwpsignature=hq26yeQQixEnnudb1TTvU3ZyWspJirsg%2Bulxe49LC8GOAfpn71kGtVrJT3PYAeM6fmI%2BV1ocTG5bIu2Il2iczGDp2fAimiECUmYdrqNiLjVFVN3YpkaE8o4u11mshuouYH7YYmuYlpH6Va7ir4ug6XdgPWNr%2F52W2Bu%2B1ij56pOfinNlPf%2FQVUOmM5v%2ByuUGLRRiUO%2Fu4UwZj0E456YVybd2lqbC1ReUvjag5Yeyyvzq3TE6aV93aozhi%2BDqCfDb0K1GjvEmAcjQjBO4AMNfJuFaxkj%2Fz59BZB2Q9QA1QwcA4S%2F26TUvotwiQfSxxbgS3hKjAknXZhm7rlq%2BN6YWiw%3D%3D&nonce=4608&where=plugins.php%3F_detect_plugins_updates%3Dyes&sign_algo=7 HTTP/1.1" 302 - "-" "WordPress/6.9.4; https://wpmain.screwlooseit.com.au"
103.4.122.13 - - [15/Apr/2026:21:24:09 +0800] "GET /wp-admin/plugins.php?_detect_plugins_updates=yes HTTP/1.1" 200 21351 "-" "WordPress/6.9.4; https://wpmain.screwlooseit.com.au"
103.4.122.13 - - [15/Apr/2026:21:24:10 +0800] "POST /wp-admin/admin-ajax.php HTTP/1.1" 200 178865 "https://wpmain.screwlooseit.com.au" "Mozilla/5.0 (compatible; MainWP/6.0.9; +http://mainwp.com)"
103.4.122.14 - - [15/Apr/2026:21:24:13 +0800] "GET / HTTP/1.1" 200 7222 "-" "WordPress/6.9.4; https://memo.carmel.wa.edu.au"
103.4.122.13 - - [15/Apr/2026:21:24:13 +0800] "POST /wp-admin/admin-ajax.php HTTP/1.1" 200 21 "https://wpmain.screwlooseit.com.au" "Mozilla/5.0 (compatible; MainWP/6.0.9; +http://mainwp.com)"
103.4.122.13 - - [15/Apr/2026:21:29:32 +0800] "GET / HTTP/1.1" 200 29417 "https://wpmain.screwlooseit.com.au" "Mozilla/5.0 (compatible; MainWP/6.0.9; +http://mainwp.com)"
34.96.45.226 - - [15/Apr/2026:21:40:39 +0800] "GET /wp-content/plugins/elementor/assets/js/webpack.runtime.min.js?ver=3.35.9 HTTP/1.1" 200 2496 "-" "Mozilla/5.0 (Macintosh; Intel Mac OS X 10_15_5) AppleWebKit/537.36 (KHTML, like Gecko) Chrome/83.0.4103.97 Safari/537.36"
34.96.45.226 - - [15/Apr/2026:21:40:39 +0800] "GET /wp-includes/js/jquery/jquery.min.js?ver=3.7.1 HTTP/1.1" 200 30368 "-" "Mozilla/5.0 (Windows NT 10.0) AppleWebKit/537.36 (KHTML, like Gecko) Chrome/83.0.4103.97 Safari/537.36"
34.96.45.226 - - [15/Apr/2026:21:40:39 +0800] "GET /wp-content/plugins/elementor/assets/js/frontend-modules.min.js?ver=3.35.9 HTTP/1.1" 200 15970 "-" "Mozilla/5.0 (Macintosh; Intel Mac OS X 10_15_5) AppleWebKit/537.36 (KHTML, like Gecko) Chrome/83.0.4103.97 Safari/537.36"
34.96.45.226 - - [15/Apr/2026:21:40:39 +0800] "GET /wp-content/plugins/elementor/assets/js/frontend.min.js?ver=3.35.9 HTTP/1.1" 200 10339 "-" "Mozilla/5.0 (X11; Ubuntu; Linux x86_64; rv:77.0) Gecko/20100101 Firefox/77.0"
34.96.45.226 - - [15/Apr/2026:21:40:39 +0800] "GET /wp-includes/js/jquery/jquery-migrate.min.js?ver=3.4.1 HTTP/1.1" 200 4872 "-" "Mozilla/5.0 (X11; Linux x86_64) AppleWebKit/537.36 (KHTML, like Gecko) Chrome/86.0.4240.198 Safari/537.36"
34.96.45.226 - - [15/Apr/2026:21:40:39 +0800] "GET /wp-content/themes/hello-elementor/assets/js/hello-frontend.js?ver=3.4.7 HTTP/1.1" 200 549 "-" "Mozilla/5.0 (Windows NT 10.0; WOW64) AppleWebKit/537.36 (KHTML, like Gecko) Chrome/83.0.4103.97 Safari/537.36"
34.96.45.226 - - [15/Apr/2026:21:40:39 +0800] "GET /wp-includes/js/jquery/ui/core.min.js?ver=1.13.3 HTTP/1.1" 200 7106 "-" "Mozilla/5.0 (X11; Ubuntu; Linux x86_64; rv:77.0) Gecko/20100101 Firefox/77.0"
34.96.44.63 - - [15/Apr/2026:21:40:37 +0800] "GET / HTTP/1.1" 200 7222 "-" "Mozilla/5.0 (Windows NT 10.0; Win64; x64) AppleWebKit/537.36 (KHTML, like Gecko) Chrome/58.0.3029.110 Safari/537.36 Edge/16.16299"
103.4.122.14 - - [15/Apr/2026:21:40:39 +0800] "POST /wp-cron.php?doing_wp_cron=1776260439.1064519882202148437500 HTTP/1.1" 200 - "-" "WordPress/6.9.4; http://memo.carmel.wa.edu.au"
34.96.45.161 - - [15/Apr/2026:21:40:40 +0800] "GET / HTTP/1.1" 200 7222 "-" "Mozilla/5.0 (Windows NT 10.0; Win64; x64) AppleWebKit/537.36 (KHTML, like Gecko) Chrome/58.0.3029.110 Safari/537.36 Edge/16.16299"
34.96.44.63 - - [15/Apr/2026:21:40:40 +0800] "GET / HTTP/1.1" 200 7222 "-" "Mozilla/5.0 (Windows NT 10.0; Win64; x64) AppleWebKit/537.36 (KHTML, like Gecko) Chrome/58.0.3029.110 Safari/537.36 Edge/16.16299"
34.96.45.161 - - [15/Apr/2026:21:40:43 +0800] "GET / HTTP/1.1" 200 7222 "-" "Mozilla/5.0 (Macintosh; Intel Mac OS X 10_13_4) AppleWebKit/537.36 (KHTML, like Gecko) Chrome/66.0.3359.139 Safari/537.36"
136.124.33.112 - - [15/Apr/2026:21:40:44 +0800] "GET / HTTP/1.1" 200 7222 "-" "Mozilla/5.0 (Windows NT 10.0; Win64; x64) AppleWebKit/537.36 (KHTML, like Gecko) Chrome/58.0.3029.110 Safari/537.36 Edge/16.16299"
34.96.44.63 - - [15/Apr/2026:21:40:45 +0800] "GET / HTTP/1.1" 200 7221 "-" "Mozilla/5.0 (Windows NT 10.0; Win64; x64) AppleWebKit/537.36 (KHTML, like Gecko) Chrome/58.0.3029.110 Safari/537.36 Edge/16.16299"
34.96.45.161 - - [15/Apr/2026:21:40:46 +0800] "GET / HTTP/1.1" 200 7221 "-" "Mozilla/5.0 (Windows NT 10.0; Win64; x64) AppleWebKit/537.36 (KHTML, like Gecko) Chrome/58.0.3029.110 Safari/537.36 Edge/16.16299"
136.124.33.112 - - [15/Apr/2026:21:40:47 +0800] "GET / HTTP/1.1" 200 7222 "-" "Mozilla/5.0 (Windows NT 10.0; Win64; x64; rv:59.0) Gecko/20100101 Firefox/59.0"
34.96.44.63 - - [15/Apr/2026:21:40:48 +0800] "GET / HTTP/1.1" 200 7221 "-" "Mozilla/5.0 (Windows NT 10.0; Win64; x64) AppleWebKit/537.36 (KHTML, like Gecko) Chrome/65.0.3325.181 Safari/537.36"
34.96.45.161 - - [15/Apr/2026:21:40:50 +0800] "GET / HTTP/1.1" 200 7221 "-" "Mozilla/5.0 (Macintosh; Intel Mac OS X 10_13_4) AppleWebKit/537.36 (KHTML, like Gecko) Chrome/66.0.3359.139 Safari/537.36"
136.124.33.112 - - [15/Apr/2026:21:40:50 +0800] "GET / HTTP/1.1" 200 7221 "-" "Mozilla/5.0 (Windows NT 10.0; Win64; x64) AppleWebKit/537.36 (KHTML, like Gecko) Chrome/58.0.3029.110 Safari/537.36 Edge/16.16299"
136.124.33.112 - - [15/Apr/2026:21:40:53 +0800] "GET / HTTP/1.1" 200 7221 "-" "Mozilla/5.0 (Macintosh; Intel Mac OS X 10_13_4) AppleWebKit/537.36 (KHTML, like Gecko) Chrome/66.0.3359.139 Safari/537.36"
207.90.244.23 - - [15/Apr/2026:21:57:14 +0800] "GET / HTTP/1.1" 200 29417 "-" "Mozilla/5.0 (X11; Linux x86_64) AppleWebKit/537.36 (KHTML, like Gecko) Chrome/98.0.4758.102 Safari/537.36"
103.4.122.13 - - [15/Apr/2026:22:30:14 +0800] "GET / HTTP/1.1" 200 29417 "https://wpmain.screwlooseit.com.au" "Mozilla/5.0 (compatible; MainWP/6.0.9; +http://mainwp.com)"
66.249.68.1 - - [15/Apr/2026:23:14:53 +0800] "GET /robots.txt HTTP/1.1" 404 196 "-" "Mozilla/5.0 (compatible; Googlebot/2.1; +http://www.google.com/bot.html)"
23.178.112.106 - - [16/Apr/2026:00:25:45 +0800] "GET /.well-known/acme-challenge/YpPHurgXnRpMPjKqtMcqxMEk6KOXMF7U-U6CHkBFupQ HTTP/1.1" 200 87 "-" "Mozilla/5.0 (compatible; Let's Encrypt validation server; +https://www.letsencrypt.org)"
54.191.203.125 - - [16/Apr/2026:00:25:46 +0800] "GET /.well-known/acme-challenge/YpPHurgXnRpMPjKqtMcqxMEk6KOXMF7U-U6CHkBFupQ HTTP/1.1" 200 87 "-" "Mozilla/5.0 (compatible; Let's Encrypt validation server; +https://www.letsencrypt.org)"
13.212.54.203 - - [16/Apr/2026:00:25:46 +0800] "GET /.well-known/acme-challenge/YpPHurgXnRpMPjKqtMcqxMEk6KOXMF7U-U6CHkBFupQ HTTP/1.1" 200 87 "-" "Mozilla/5.0 (compatible; Let's Encrypt validation server; +https://www.letsencrypt.org)"
16.16.218.186 - - [16/Apr/2026:00:25:46 +0800] "GET /.well-known/acme-challenge/YpPHurgXnRpMPjKqtMcqxMEk6KOXMF7U-U6CHkBFupQ HTTP/1.1" 200 87 "-" "Mozilla/5.0 (compatible; Let's Encrypt validation server; +https://www.letsencrypt.org)"
18.218.112.74 - - [16/Apr/2026:00:25:47 +0800] "GET /.well-known/acme-challenge/YpPHurgXnRpMPjKqtMcqxMEk6KOXMF7U-U6CHkBFupQ HTTP/1.1" 200 87 "-" "Mozilla/5.0 (compatible; Let's Encrypt validation server; +https://www.letsencrypt.org)"
103.4.122.14 - - [16/Apr/2026:00:29:44 +0800] "POST /wp-cron.php?doing_wp_cron=1776270584.7300519943237304687500 HTTP/1.1" 200 - "-" "WordPress/6.9.4; https://memo.carmel.wa.edu.au"
193.32.248.252 - - [16/Apr/2026:00:29:43 +0800] "GET / HTTP/1.1" 200 7221 "https://memo.carmel.wa.edu.au" "Mozilla/5.0 (X11; Linux x86_64; rv:1.9.5.20) Gecko/ Firefox/3.6.16"
193.32.248.252 - - [16/Apr/2026:00:29:49 +0800] "GET /?feed=comments-rss2 HTTP/1.1" 200 749 "https://memo.carmel.wa.edu.au" "Mozilla/5.0 (X11; Linux x86_64; rv:1.9.5.20) Gecko/ Firefox/3.6.16"
193.32.248.252 - - [16/Apr/2026:00:29:52 +0800] "GET /?feed=rss2 HTTP/1.1" 200 748 "https://memo.carmel.wa.edu.au" "Mozilla/5.0 (X11; Linux x86_64; rv:1.9.5.20) Gecko/ Firefox/3.6.16"
193.32.248.252 - - [16/Apr/2026:00:29:54 +0800] "GET /index.php?rest_route=%2Foembed%2F1.0%2Fembed&url=https%3A%2F%2Fmemo.carmel.wa.edu.au%2F HTTP/1.1" 200 2129 "https://memo.carmel.wa.edu.au" "Mozilla/5.0 (X11; Linux x86_64; rv:1.9.5.20) Gecko/ Firefox/3.6.16"
193.32.248.252 - - [16/Apr/2026:00:29:57 +0800] "GET /index.php?rest_route=%2Foembed%2F1.0%2Fembed&url=https%3A%2F%2Fmemo.carmel.wa.edu.au%2F&format=xml HTTP/1.1" 200 1097 "https://memo.carmel.wa.edu.au" "Mozilla/5.0 (X11; Linux x86_64; rv:1.9.5.20) Gecko/ Firefox/3.6.16"
193.32.248.252 - - [16/Apr/2026:00:29:59 +0800] "GET /index.php?rest_route=/wp/v2/pages/14 HTTP/1.1" 200 6396 "https://memo.carmel.wa.edu.au" "Mozilla/5.0 (X11; Linux x86_64; rv:1.9.5.20) Gecko/ Firefox/3.6.16"
103.4.122.14 - - [16/Apr/2026:00:41:46 +0800] "POST /wp-cron.php?doing_wp_cron=1776271306.5474030971527099609375 HTTP/1.1" 200 - "-" "WordPress/6.9.4; http://memo.carmel.wa.edu.au"
137.184.70.146 - - [16/Apr/2026:00:41:45 +0800] "GET / HTTP/1.1" 200 7222 "-" "Mozilla/5.0 (X11; Linux x86_64) Firefox/117.0"
137.184.70.146 - - [16/Apr/2026:00:41:47 +0800] "GET /wordpress/ HTTP/1.1" 404 196 "-" "Mozilla/5.0 (Linux; Android 12) Chrome/111.0 Mobile Safari/537.36"
205.169.39.11 - - [16/Apr/2026:00:41:54 +0800] "GET / HTTP/1.1" 200 7221 "-" "Mozilla/5.0 (Windows NT 10.0) AppleWebKit/537.36 (KHTML, like Gecko) Chrome/106.0.0.0 Safari/537.36"
91.231.89.96 - - [16/Apr/2026:00:54:41 +0800] "GET / HTTP/1.1" 200 29385 "-" "Mozilla/5.0 (X11; Ubuntu; Linux x86_64; rv:134.0) Gecko/20100101 Firefox/134.0"
91.231.89.21 - - [16/Apr/2026:00:55:52 +0800] "GET / HTTP/1.1" 200 29417 "-" "Mozilla/5.0 (X11; Ubuntu; Linux x86_64; rv:134.0) Gecko/20100101 Firefox/134.0"
91.231.89.100 - - [16/Apr/2026:01:01:41 +0800] "GET /index.php?rest_route=%2Foembed%2F1.0%2Fembed& HTTP/1.1" 400 115 "-" "Mozilla/5.0 (X11; Ubuntu; Linux x86_64; rv:134.0) Gecko/20100101 Firefox/134.0"
91.231.89.21 - - [16/Apr/2026:01:01:41 +0800] "GET / HTTP/1.1" 200 29385 "-" "Mozilla/5.0 (X11; Ubuntu; Linux x86_64; rv:134.0) Gecko/20100101 Firefox/134.0"
91.231.89.96 - - [16/Apr/2026:01:01:41 +0800] "GET /index.php?rest_route=/wp/v2/pages/14 HTTP/1.1" 200 6387 "-" "Mozilla/5.0 (X11; Ubuntu; Linux x86_64; rv:134.0) Gecko/20100101 Firefox/134.0"
91.231.89.101 - - [16/Apr/2026:01:02:00 +0800] "GET /?feed=comments-rss2 HTTP/1.1" 200 2570 "-" "Mozilla/5.0 (X11; Ubuntu; Linux x86_64; rv:134.0) Gecko/20100101 Firefox/134.0"
91.231.89.19 - - [16/Apr/2026:01:02:01 +0800] "GET /index.php?rest_route=/ HTTP/1.1" 200 235297 "-" "Mozilla/5.0 (X11; Ubuntu; Linux x86_64; rv:134.0) Gecko/20100101 Firefox/134.0"
91.231.89.21 - - [16/Apr/2026:01:02:22 +0800] "GET /?feed=rss2 HTTP/1.1" 200 2413 "-" "Mozilla/5.0 (X11; Ubuntu; Linux x86_64; rv:134.0) Gecko/20100101 Firefox/134.0"
91.231.89.96 - - [16/Apr/2026:01:02:22 +0800] "GET /xmlrpc.php?rsd HTTP/1.1" 200 848 "-" "Mozilla/5.0 (X11; Ubuntu; Linux x86_64; rv:134.0) Gecko/20100101 Firefox/134.0"
91.231.89.97 - - [16/Apr/2026:01:04:16 +0800] "GET /xmlrpc.php?rsd HTTP/1.1" 200 854 "-" "Mozilla/5.0 (X11; Ubuntu; Linux x86_64; rv:134.0) Gecko/20100101 Firefox/134.0"
103.4.122.14 - - [16/Apr/2026:01:07:10 +0800] "POST /wp-cron.php?doing_wp_cron=1776272830.2644569873809814453125 HTTP/1.1" 200 - "-" "WordPress/6.9.4; https://memo.carmel.wa.edu.au"
91.231.89.100 - - [16/Apr/2026:01:07:09 +0800] "GET / HTTP/1.1" 200 29417 "-" "Mozilla/5.0 (X11; Ubuntu; Linux x86_64; rv:134.0) Gecko/20100101 Firefox/134.0"
216.73.216.55 - - [16/Apr/2026:01:58:42 +0800] "GET /robots.txt HTTP/1.1" 404 196 "-" "Mozilla/5.0 AppleWebKit/537.36 (KHTML, like Gecko; compatible; ClaudeBot/1.0; +claudebot@anthropic.com)"
216.73.216.55 - - [16/Apr/2026:01:58:42 +0800] "GET /robots.txt HTTP/1.1" 404 196 "-" ""
103.4.122.14 - - [16/Apr/2026:01:58:43 +0800] "POST /wp-cron.php?doing_wp_cron=1776275923.6620850563049316406250 HTTP/1.1" 200 - "-" "WordPress/6.9.4; https://memo.carmel.wa.edu.au"
216.73.216.55 - - [16/Apr/2026:01:58:42 +0800] "GET / HTTP/1.1" 200 7221 "-" "Mozilla/5.0 AppleWebKit/537.36 (KHTML, like Gecko; compatible; ClaudeBot/1.0; +claudebot@anthropic.com)"
91.200.101.138 - - [16/Apr/2026:02:43:18 +0800] "POST /graphql HTTP/1.1" 403 199 "-" "Mozilla/5.0 (Windows NT 10.0; Win64; x64) WormGPT/4.1"
103.4.122.14 - - [16/Apr/2026:02:58:45 +0800] "POST /wp-cron.php?doing_wp_cron=1776279525.0941379070281982421875 HTTP/1.1" 200 - "-" "WordPress/6.9.4; https://memo.carmel.wa.edu.au"
207.90.244.23 - - [16/Apr/2026:02:58:44 +0800] "GET / HTTP/1.1" 200 29417 "-" "Mozilla/5.0 (X11; Linux x86_64) AppleWebKit/537.36 (KHTML, like Gecko) Chrome/98.0.4758.102 Safari/537.36"
216.73.216.55 - - [16/Apr/2026:03:37:11 +0800] "GET /robots.txt HTTP/1.1" 404 196 "-" "Mozilla/5.0 AppleWebKit/537.36 (KHTML, like Gecko; compatible; ClaudeBot/1.0; +claudebot@anthropic.com)"
103.4.122.14 - - [16/Apr/2026:03:37:13 +0800] "POST /wp-cron.php?doing_wp_cron=1776281832.7977740764617919921875 HTTP/1.1" 200 - "-" "WordPress/6.9.4; https://memo.carmel.wa.edu.au"
216.73.216.55 - - [16/Apr/2026:03:37:12 +0800] "GET /index.php?rest_route=%2Foembed%2F1.0%2Fembed&url=https%3A%2F%2Fmemo.carmel.wa.edu.au%2F HTTP/1.1" 200 2129 "-" "Mozilla/5.0 AppleWebKit/537.36 (KHTML, like Gecko; compatible; ClaudeBot/1.0; +claudebot@anthropic.com)"
216.73.216.55 - - [16/Apr/2026:03:37:21 +0800] "GET /index.php?format=xml&rest_route=%2Foembed%2F1.0%2Fembed&url=https%3A%2F%2Fmemo.carmel.wa.edu.au%2F HTTP/1.1" 200 1098 "-" "Mozilla/5.0 AppleWebKit/537.36 (KHTML, like Gecko; compatible; ClaudeBot/1.0; +claudebot@anthropic.com)"
216.73.216.55 - - [16/Apr/2026:03:39:47 +0800] "GET /index.php?rest_route=%2F HTTP/1.1" 200 235528 "-" "Mozilla/5.0 AppleWebKit/537.36 (KHTML, like Gecko; compatible; ClaudeBot/1.0; +claudebot@anthropic.com)"
216.73.216.55 - - [16/Apr/2026:03:40:06 +0800] "GET /?feed=rss2 HTTP/1.1" 200 748 "-" "Mozilla/5.0 AppleWebKit/537.36 (KHTML, like Gecko; compatible; ClaudeBot/1.0; +claudebot@anthropic.com)"
216.73.216.55 - - [16/Apr/2026:03:41:51 +0800] "GET /?feed=comments-rss2 HTTP/1.1" 200 749 "-" "Mozilla/5.0 AppleWebKit/537.36 (KHTML, like Gecko; compatible; ClaudeBot/1.0; +claudebot@anthropic.com)"
216.73.216.55 - - [16/Apr/2026:03:42:58 +0800] "GET /index.php?rest_route=%2Fwp%2Fv2%2Fpages%2F14 HTTP/1.1" 200 6396 "-" "Mozilla/5.0 AppleWebKit/537.36 (KHTML, like Gecko; compatible; ClaudeBot/1.0; +claudebot@anthropic.com)"
216.73.216.55 - - [16/Apr/2026:03:42:59 +0800] "GET /xmlrpc.php HTTP/1.1" 405 42 "-" "Mozilla/5.0 AppleWebKit/537.36 (KHTML, like Gecko; compatible; ClaudeBot/1.0; +claudebot@anthropic.com)"
103.4.122.14 - - [16/Apr/2026:05:05:17 +0800] "POST /wp-cron.php?doing_wp_cron=1776287117.1090619564056396484375 HTTP/1.1" 200 - "-" "WordPress/6.9.4; http://memo.carmel.wa.edu.au"
207.90.244.23 - - [16/Apr/2026:05:05:16 +0800] "GET / HTTP/1.1" 200 29385 "-" "Mozilla/5.0 (Windows NT 6.1) AppleWebKit/537.36 (KHTML, like Gecko) Chrome/41.0.2228.0 Safari/537.36"
207.90.244.23 - - [16/Apr/2026:05:05:19 +0800] "GET /robots.txt HTTP/1.1" 404 196 "-" "-"
207.90.244.23 - - [16/Apr/2026:05:05:20 +0800] "GET /sitemap.xml HTTP/1.1" 404 196 "-" "-"
207.90.244.23 - - [16/Apr/2026:05:05:21 +0800] "GET /.well-known/security.txt HTTP/1.1" 404 196 "-" "-"
207.90.244.23 - - [16/Apr/2026:05:05:25 +0800] "GET /favicon.ico HTTP/1.1" 404 196 "-" "Mozilla/5.0 (Windows NT 10.0; Win64; x64) AppleWebKit/537.36 (KHTML, like Gecko) Chrome/102.0.5005.63 Safari/537.36"
103.4.122.14 - - [16/Apr/2026:07:07:06 +0800] "POST /wp-cron.php?doing_wp_cron=1776294426.3147490024566650390625 HTTP/1.1" 200 - "-" "WordPress/6.9.4; http://memo.carmel.wa.edu.au"
207.90.244.16 - - [16/Apr/2026:07:07:05 +0800] "GET / HTTP/1.1" 200 29385 "-" "Mozilla/5.0 (Windows NT 6.1) AppleWebKit/537.36 (KHTML, like Gecko) Chrome/41.0.2228.0 Safari/537.36"
207.90.244.16 - - [16/Apr/2026:07:07:07 +0800] "GET /robots.txt HTTP/1.1" 404 196 "-" "-"
207.90.244.16 - - [16/Apr/2026:07:07:14 +0800] "GET /sitemap.xml HTTP/1.1" 404 196 "-" "-"
207.90.244.16 - - [16/Apr/2026:07:07:15 +0800] "GET /.well-known/security.txt HTTP/1.1" 404 196 "-" "-"
207.90.244.16 - - [16/Apr/2026:07:07:25 +0800] "GET /favicon.ico HTTP/1.1" 404 196 "-" "Mozilla/5.0 (Windows NT 10.0; Win64; x64) AppleWebKit/537.36 (KHTML, like Gecko) Chrome/102.0.5005.63 Safari/537.36"
51.79.137.110 - - [16/Apr/2026:07:18:30 +0800] "GET / HTTP/1.1" 200 29385 "-" "Mozilla/5.0 (Windows NT 10.0; Win64; x64) AppleWebKit/537.36 (KHTML, like Gecko) Chrome/79.0 Safari/537.36"
51.79.137.110 - - [16/Apr/2026:07:18:31 +0800] "GET / HTTP/1.1" 200 29385 "-" "Mozilla/5.0 (Windows NT 10.0; Win64; x64) AppleWebKit/537.36 (KHTML, like Gecko) Chrome/79.0 Safari/537.36"
51.79.137.110 - - [16/Apr/2026:07:18:32 +0800] "GET /wp-includes/wlwmanifest.xml HTTP/1.1" 404 196 "-" "Mozilla/5.0 (Windows NT 10.0; Win64; x64) AppleWebKit/537.36 (KHTML, like Gecko) Chrome/79.0 Safari/537.36"
51.79.137.110 - - [16/Apr/2026:07:18:32 +0800] "GET /xmlrpc.php?rsd HTTP/1.1" 200 848 "-" "Mozilla/5.0 (Windows NT 10.0; Win64; x64) AppleWebKit/537.36 (KHTML, like Gecko) Chrome/79.0 Safari/537.36"
51.79.137.110 - - [16/Apr/2026:07:18:33 +0800] "GET /wp-login.php HTTP/1.1" 200 5015 "-" "Mozilla/5.0 (Windows NT 10.0; Win64; x64) AppleWebKit/537.36 (KHTML, like Gecko) Chrome/79.0 Safari/537.36"
51.79.137.110 - - [16/Apr/2026:07:18:33 +0800] "GET /?author=1 HTTP/1.1" 200 21045 "-" "Mozilla/5.0 (Windows NT 10.0; Win64; x64) AppleWebKit/537.36 (KHTML, like Gecko) Chrome/79.0 Safari/537.36"
51.79.137.110 - - [16/Apr/2026:07:18:34 +0800] "GET /?author=2 HTTP/1.1" 200 20615 "-" "Mozilla/5.0 (Windows NT 10.0; Win64; x64) AppleWebKit/537.36 (KHTML, like Gecko) Chrome/79.0 Safari/537.36"
51.79.137.110 - - [16/Apr/2026:07:18:35 +0800] "GET /wp-json/wp/v2/users/ HTTP/1.1" 403 199 "-" "Mozilla/5.0 (Windows NT 10.0; Win64; x64) AppleWebKit/537.36 (KHTML, like Gecko) Chrome/79.0 Safari/537.36"
51.79.137.110 - - [16/Apr/2026:07:18:35 +0800] "GET /wp-json/oembed/1.0/embed?url=http://memo.carmel.wa.edu.au HTTP/1.1" 404 196 "-" "Mozilla/5.0 (Windows NT 10.0; Win64; x64) AppleWebKit/537.36 (KHTML, like Gecko) Chrome/79.0 Safari/537.36"
51.79.137.110 - - [16/Apr/2026:07:18:35 +0800] "POST /xmlrpc.php HTTP/1.1" 200 401 "-" "Mozilla/5.0 (Windows NT 10.0; Win64; x64) AppleWebKit/537.36 (KHTML, like Gecko) Chrome/79.0 Safari/537.36"
51.79.137.110 - - [16/Apr/2026:07:18:36 +0800] "POST /xmlrpc.php HTTP/1.1" 200 401 "-" "Mozilla/5.0 (Windows NT 10.0; Win64; x64) AppleWebKit/537.36 (KHTML, like Gecko) Chrome/79.0 Safari/537.36"
51.79.137.110 - - [16/Apr/2026:07:18:37 +0800] "POST /xmlrpc.php HTTP/1.1" 200 401 "-" "Mozilla/5.0 (Windows NT 10.0; Win64; x64) AppleWebKit/537.36 (KHTML, like Gecko) Chrome/79.0 Safari/537.36"
51.79.137.110 - - [16/Apr/2026:07:18:38 +0800] "POST /xmlrpc.php HTTP/1.1" 200 401 "-" "Mozilla/5.0 (Windows NT 10.0; Win64; x64) AppleWebKit/537.36 (KHTML, like Gecko) Chrome/79.0 Safari/537.36"
51.79.137.110 - - [16/Apr/2026:07:18:38 +0800] "POST /xmlrpc.php HTTP/1.1" 403 199 "-" "Mozilla/5.0 (Windows NT 10.0; Win64; x64) AppleWebKit/537.36 (KHTML, like Gecko) Chrome/79.0 Safari/537.36"
51.79.137.110 - - [16/Apr/2026:07:18:39 +0800] "POST /xmlrpc.php HTTP/1.1" 403 199 "-" "Mozilla/5.0 (Windows NT 10.0; Win64; x64) AppleWebKit/537.36 (KHTML, like Gecko) Chrome/79.0 Safari/537.36"
51.79.137.110 - - [16/Apr/2026:07:18:39 +0800] "POST /xmlrpc.php HTTP/1.1" 403 199 "-" "Mozilla/5.0 (Windows NT 10.0; Win64; x64) AppleWebKit/537.36 (KHTML, like Gecko) Chrome/79.0 Safari/537.36"
51.79.137.110 - - [16/Apr/2026:07:18:39 +0800] "POST /xmlrpc.php HTTP/1.1" 403 199 "-" "Mozilla/5.0 (Windows NT 10.0; Win64; x64) AppleWebKit/537.36 (KHTML, like Gecko) Chrome/79.0 Safari/537.36"
51.79.137.110 - - [16/Apr/2026:07:18:39 +0800] "POST /xmlrpc.php HTTP/1.1" 403 199 "-" "Mozilla/5.0 (Windows NT 10.0; Win64; x64) AppleWebKit/537.36 (KHTML, like Gecko) Chrome/79.0 Safari/537.36"
51.79.137.110 - - [16/Apr/2026:07:18:39 +0800] "POST /xmlrpc.php HTTP/1.1" 403 199 "-" "Mozilla/5.0 (Windows NT 10.0; Win64; x64) AppleWebKit/537.36 (KHTML, like Gecko) Chrome/79.0 Safari/537.36"
51.79.137.110 - - [16/Apr/2026:07:18:40 +0800] "POST /xmlrpc.php HTTP/1.1" 403 199 "-" "Mozilla/5.0 (Windows NT 10.0; Win64; x64) AppleWebKit/537.36 (KHTML, like Gecko) Chrome/79.0 Safari/537.36"
51.79.137.110 - - [16/Apr/2026:07:18:40 +0800] "POST /xmlrpc.php HTTP/1.1" 403 199 "-" "Mozilla/5.0 (Windows NT 10.0; Win64; x64) AppleWebKit/537.36 (KHTML, like Gecko) Chrome/79.0 Safari/537.36"
51.79.137.110 - - [16/Apr/2026:07:18:40 +0800] "POST /xmlrpc.php HTTP/1.1" 403 199 "-" "Mozilla/5.0 (Windows NT 10.0; Win64; x64) AppleWebKit/537.36 (KHTML, like Gecko) Chrome/79.0 Safari/537.36"
51.79.137.110 - - [16/Apr/2026:07:18:40 +0800] "POST /xmlrpc.php HTTP/1.1" 403 199 "-" "Mozilla/5.0 (Windows NT 10.0; Win64; x64) AppleWebKit/537.36 (KHTML, like Gecko) Chrome/79.0 Safari/537.36"
51.79.137.110 - - [16/Apr/2026:07:18:40 +0800] "POST /xmlrpc.php HTTP/1.1" 403 199 "-" "Mozilla/5.0 (Windows NT 10.0; Win64; x64) AppleWebKit/537.36 (KHTML, like Gecko) Chrome/79.0 Safari/537.36"
51.79.137.110 - - [16/Apr/2026:07:18:40 +0800] "POST /xmlrpc.php HTTP/1.1" 403 199 "-" "Mozilla/5.0 (Windows NT 10.0; Win64; x64) AppleWebKit/537.36 (KHTML, like Gecko) Chrome/79.0 Safari/537.36"
51.79.137.110 - - [16/Apr/2026:07:18:41 +0800] "POST /xmlrpc.php HTTP/1.1" 403 199 "-" "Mozilla/5.0 (Windows NT 10.0; Win64; x64) AppleWebKit/537.36 (KHTML, like Gecko) Chrome/79.0 Safari/537.36"
51.79.137.110 - - [16/Apr/2026:07:18:41 +0800] "POST /xmlrpc.php HTTP/1.1" 403 199 "-" "Mozilla/5.0 (Windows NT 10.0; Win64; x64) AppleWebKit/537.36 (KHTML, like Gecko) Chrome/79.0 Safari/537.36"
51.79.137.110 - - [16/Apr/2026:07:18:41 +0800] "POST /xmlrpc.php HTTP/1.1" 403 199 "-" "Mozilla/5.0 (Windows NT 10.0; Win64; x64) AppleWebKit/537.36 (KHTML, like Gecko) Chrome/79.0 Safari/537.36"
51.79.137.110 - - [16/Apr/2026:07:18:41 +0800] "POST /xmlrpc.php HTTP/1.1" 403 199 "-" "Mozilla/5.0 (Windows NT 10.0; Win64; x64) AppleWebKit/537.36 (KHTML, like Gecko) Chrome/79.0 Safari/537.36"
51.79.137.110 - - [16/Apr/2026:07:18:41 +0800] "POST /xmlrpc.php HTTP/1.1" 403 199 "-" "Mozilla/5.0 (Windows NT 10.0; Win64; x64) AppleWebKit/537.36 (KHTML, like Gecko) Chrome/79.0 Safari/537.36"
51.79.137.110 - - [16/Apr/2026:07:18:41 +0800] "POST /xmlrpc.php HTTP/1.1" 403 199 "-" "Mozilla/5.0 (Windows NT 10.0; Win64; x64) AppleWebKit/537.36 (KHTML, like Gecko) Chrome/79.0 Safari/537.36"
51.79.137.110 - - [16/Apr/2026:07:18:42 +0800] "POST /xmlrpc.php HTTP/1.1" 403 199 "-" "Mozilla/5.0 (Windows NT 10.0; Win64; x64) AppleWebKit/537.36 (KHTML, like Gecko) Chrome/79.0 Safari/537.36"
51.79.137.110 - - [16/Apr/2026:07:18:42 +0800] "POST /xmlrpc.php HTTP/1.1" 403 199 "-" "Mozilla/5.0 (Windows NT 10.0; Win64; x64) AppleWebKit/537.36 (KHTML, like Gecko) Chrome/79.0 Safari/537.36"
51.79.137.110 - - [16/Apr/2026:07:18:42 +0800] "POST /xmlrpc.php HTTP/1.1" 403 199 "-" "Mozilla/5.0 (Windows NT 10.0; Win64; x64) AppleWebKit/537.36 (KHTML, like Gecko) Chrome/79.0 Safari/537.36"
51.79.137.110 - - [16/Apr/2026:07:18:42 +0800] "POST /xmlrpc.php HTTP/1.1" 403 199 "-" "Mozilla/5.0 (Windows NT 10.0; Win64; x64) AppleWebKit/537.36 (KHTML, like Gecko) Chrome/79.0 Safari/537.36"
51.79.137.110 - - [16/Apr/2026:07:18:42 +0800] "POST /xmlrpc.php HTTP/1.1" 403 199 "-" "Mozilla/5.0 (Windows NT 10.0; Win64; x64) AppleWebKit/537.36 (KHTML, like Gecko) Chrome/79.0 Safari/537.36"
51.79.137.110 - - [16/Apr/2026:07:18:43 +0800] "POST /xmlrpc.php HTTP/1.1" 403 199 "-" "Mozilla/5.0 (Windows NT 10.0; Win64; x64) AppleWebKit/537.36 (KHTML, like Gecko) Chrome/79.0 Safari/537.36"
51.79.137.110 - - [16/Apr/2026:07:18:43 +0800] "POST /xmlrpc.php HTTP/1.1" 403 199 "-" "Mozilla/5.0 (Windows NT 10.0; Win64; x64) AppleWebKit/537.36 (KHTML, like Gecko) Chrome/79.0 Safari/537.36"
51.79.137.110 - - [16/Apr/2026:07:18:43 +0800] "POST /xmlrpc.php HTTP/1.1" 403 199 "-" "Mozilla/5.0 (Windows NT 10.0; Win64; x64) AppleWebKit/537.36 (KHTML, like Gecko) Chrome/79.0 Safari/537.36"
51.79.137.110 - - [16/Apr/2026:07:18:43 +0800] "POST /xmlrpc.php HTTP/1.1" 403 199 "-" "Mozilla/5.0 (Windows NT 10.0; Win64; x64) AppleWebKit/537.36 (KHTML, like Gecko) Chrome/79.0 Safari/537.36"
103.4.122.14 - - [16/Apr/2026:08:10:52 +0800] "POST /wp-cron.php?doing_wp_cron=1776298252.3693420886993408203125 HTTP/1.1" 200 - "-" "WordPress/6.9.4; https://memo.carmel.wa.edu.au"
207.90.244.16 - - [16/Apr/2026:08:10:51 +0800] "GET / HTTP/1.1" 200 29417 "-" "Mozilla/5.0 (X11; Linux x86_64) AppleWebKit/537.36 (KHTML, like Gecko) Chrome/98.0.4758.102 Safari/537.36"
207.90.244.16 - - [16/Apr/2026:08:11:22 +0800] "GET /robots.txt HTTP/1.1" 404 196 "-" "-"
207.90.244.16 - - [16/Apr/2026:08:11:23 +0800] "GET /sitemap.xml HTTP/1.1" 404 196 "-" "-"
207.90.244.16 - - [16/Apr/2026:08:11:27 +0800] "GET /.well-known/security.txt HTTP/1.1" 404 196 "-" "-"
207.90.244.16 - - [16/Apr/2026:08:11:31 +0800] "GET /favicon.ico HTTP/1.1" 404 196 "-" "Mozilla/5.0 (Windows NT 10.0; Win64; x64) AppleWebKit/537.36 (KHTML, like Gecko) Chrome/102.0.5005.63 Safari/537.36"
103.4.122.13 - - [16/Apr/2026:09:28:31 +0800] "GET /wp-cron.php HTTP/1.1" 200 - "-" "WordPress/6.9.4; https://wpmain.screwlooseit.com.au"
98.93.160.221 - - [16/Apr/2026:10:01:32 +0800] "GET /.git/config HTTP/1.1" 403 199 "-" "Mozilla/5.0 (Macintosh, Intel Mac OS X 10_15_7) AppleWebKit/605.1.15 (KHTML, like Gecko) Version/17.6 Safari/605.1.15"
103.4.122.14 - - [16/Apr/2026:10:33:23 +0800] "POST /wp-cron.php?doing_wp_cron=1776306803.0977699756622314453125 HTTP/1.1" 200 - "-" "WordPress/6.9.4; https://memo.carmel.wa.edu.au"
103.4.122.13 - - [16/Apr/2026:10:33:21 +0800] "GET / HTTP/1.1" 200 29417 "https://wpmain.screwlooseit.com.au" "Mozilla/5.0 (compatible; MainWP/6.0.9; +http://mainwp.com)"
103.4.122.14 - - [16/Apr/2026:12:17:16 +0800] "POST /wp-cron.php?doing_wp_cron=1776313036.3643159866333007812500 HTTP/1.1" 200 - "-" "WordPress/6.9.4; https://memo.carmel.wa.edu.au"
207.90.244.23 - - [16/Apr/2026:12:17:15 +0800] "GET / HTTP/1.1" 200 29417 "-" "Mozilla/5.0 (X11; Linux x86_64) AppleWebKit/537.36 (KHTML, like Gecko) Chrome/98.0.4758.102 Safari/537.36"
207.90.244.23 - - [16/Apr/2026:12:17:39 +0800] "GET /robots.txt HTTP/1.1" 404 196 "-" "-"
103.4.122.14 - - [16/Apr/2026:12:36:24 +0800] "POST /wp-cron.php?doing_wp_cron=1776314184.7373030185699462890625 HTTP/1.1" 200 - "-" "WordPress/6.9.4; http://memo.carmel.wa.edu.au"
207.90.244.23 - - [16/Apr/2026:12:36:23 +0800] "GET / HTTP/1.1" 200 29385 "-" "Mozilla/5.0 (Windows NT 6.1) AppleWebKit/537.36 (KHTML, like Gecko) Chrome/41.0.2228.0 Safari/537.36"
207.90.244.23 - - [16/Apr/2026:12:36:27 +0800] "GET /robots.txt HTTP/1.1" 404 196 "-" "-"
207.90.244.23 - - [16/Apr/2026:12:36:29 +0800] "GET /sitemap.xml HTTP/1.1" 404 196 "-" "-"
207.90.244.23 - - [16/Apr/2026:12:36:31 +0800] "GET /.well-known/security.txt HTTP/1.1" 404 196 "-" "-"
207.90.244.23 - - [16/Apr/2026:12:36:33 +0800] "GET /favicon.ico HTTP/1.1" 404 196 "-" "Mozilla/5.0 (Windows NT 10.0; Win64; x64) AppleWebKit/537.36 (KHTML, like Gecko) Chrome/102.0.5005.63 Safari/537.36"
124.187.133.109 - - [16/Apr/2026:13:02:43 +0800] "GET / HTTP/1.1" 200 7222 "-" "Mozilla/5.0 (Windows NT 10.0; Win64; x64) AppleWebKit/537.36 (KHTML, like Gecko) Chrome/145.0.0.0 Safari/537.36"
124.187.133.109 - - [16/Apr/2026:13:02:44 +0800] "GET /wp-content/themes/hello-elementor/assets/css/reset.css?ver=3.4.7 HTTP/1.1" 200 1792 "https://memo.carmel.wa.edu.au/" "Mozilla/5.0 (Windows NT 10.0; Win64; x64) AppleWebKit/537.36 (KHTML, like Gecko) Chrome/145.0.0.0 Safari/537.36"
124.187.133.109 - - [16/Apr/2026:13:02:44 +0800] "GET /wp-content/themes/hello-elementor/assets/css/theme.css?ver=3.4.7 HTTP/1.1" 200 1271 "https://memo.carmel.wa.edu.au/" "Mozilla/5.0 (Windows NT 10.0; Win64; x64) AppleWebKit/537.36 (KHTML, like Gecko) Chrome/145.0.0.0 Safari/537.36"
124.187.133.109 - - [16/Apr/2026:13:02:44 +0800] "GET /wp-content/themes/hello-elementor/assets/css/header-footer.css?ver=3.4.7 HTTP/1.1" 200 1423 "https://memo.carmel.wa.edu.au/" "Mozilla/5.0 (Windows NT 10.0; Win64; x64) AppleWebKit/537.36 (KHTML, like Gecko) Chrome/145.0.0.0 Safari/537.36"
124.187.133.109 - - [16/Apr/2026:13:02:44 +0800] "GET /wp-content/plugins/elementor/assets/css/frontend.min.css?ver=4.0.2 HTTP/1.1" 200 7271 "https://memo.carmel.wa.edu.au/" "Mozilla/5.0 (Windows NT 10.0; Win64; x64) AppleWebKit/537.36 (KHTML, like Gecko) Chrome/145.0.0.0 Safari/537.36"
124.187.133.109 - - [16/Apr/2026:13:02:44 +0800] "GET /wp-content/uploads/elementor/css/post-10.css?ver=1776215876 HTTP/1.1" 200 398 "https://memo.carmel.wa.edu.au/" "Mozilla/5.0 (Windows NT 10.0; Win64; x64) AppleWebKit/537.36 (KHTML, like Gecko) Chrome/145.0.0.0 Safari/537.36"
124.187.133.109 - - [16/Apr/2026:13:02:44 +0800] "GET /wp-content/plugins/elementor/assets/lib/eicons/css/elementor-icons.min.css?ver=5.48.0 HTTP/1.1" 200 4455 "https://memo.carmel.wa.edu.au/" "Mozilla/5.0 (Windows NT 10.0; Win64; x64) AppleWebKit/537.36 (KHTML, like Gecko) Chrome/145.0.0.0 Safari/537.36"
124.187.133.109 - - [16/Apr/2026:13:02:44 +0800] "GET /wp-content/plugins/elementor/assets/css/widget-image.min.css?ver=4.0.2 HTTP/1.1" 200 135 "https://memo.carmel.wa.edu.au/" "Mozilla/5.0 (Windows NT 10.0; Win64; x64) AppleWebKit/537.36 (KHTML, like Gecko) Chrome/145.0.0.0 Safari/537.36"
124.187.133.109 - - [16/Apr/2026:13:02:44 +0800] "GET /wp-content/plugins/elementor/assets/css/widget-heading.min.css?ver=4.0.2 HTTP/1.1" 200 160 "https://memo.carmel.wa.edu.au/" "Mozilla/5.0 (Windows NT 10.0; Win64; x64) AppleWebKit/537.36 (KHTML, like Gecko) Chrome/145.0.0.0 Safari/537.36"
124.187.133.109 - - [16/Apr/2026:13:02:44 +0800] "GET /wp-content/plugins/elementor/assets/lib/animations/styles/e-animation-float.min.css?ver=4.0.2 HTTP/1.1" 200 139 "https://memo.carmel.wa.edu.au/" "Mozilla/5.0 (Windows NT 10.0; Win64; x64) AppleWebKit/537.36 (KHTML, like Gecko) Chrome/145.0.0.0 Safari/537.36"
124.187.133.109 - - [16/Apr/2026:13:02:44 +0800] "GET /wp-content/uploads/elementor/css/post-14.css?ver=1776215876 HTTP/1.1" 200 782 "https://memo.carmel.wa.edu.au/" "Mozilla/5.0 (Windows NT 10.0; Win64; x64) AppleWebKit/537.36 (KHTML, like Gecko) Chrome/145.0.0.0 Safari/537.36"
124.187.133.109 - - [16/Apr/2026:13:02:44 +0800] "GET /wp-includes/js/jquery/jquery-migrate.min.js?ver=3.4.1 HTTP/1.1" 200 4872 "https://memo.carmel.wa.edu.au/" "Mozilla/5.0 (Windows NT 10.0; Win64; x64) AppleWebKit/537.36 (KHTML, like Gecko) Chrome/145.0.0.0 Safari/537.36"
124.187.133.109 - - [16/Apr/2026:13:02:44 +0800] "GET /wp-content/themes/hello-elementor/assets/js/hello-frontend.js?ver=3.4.7 HTTP/1.1" 200 549 "https://memo.carmel.wa.edu.au/" "Mozilla/5.0 (Windows NT 10.0; Win64; x64) AppleWebKit/537.36 (KHTML, like Gecko) Chrome/145.0.0.0 Safari/537.36"
124.187.133.109 - - [16/Apr/2026:13:02:44 +0800] "GET /wp-includes/js/jquery/jquery.min.js?ver=3.7.1 HTTP/1.1" 200 30368 "https://memo.carmel.wa.edu.au/" "Mozilla/5.0 (Windows NT 10.0; Win64; x64) AppleWebKit/537.36 (KHTML, like Gecko) Chrome/145.0.0.0 Safari/537.36"
124.187.133.109 - - [16/Apr/2026:13:02:44 +0800] "GET /wp-content/uploads/2023/11/Carmel-School-logo.png HTTP/1.1" 200 73584 "https://memo.carmel.wa.edu.au/" "Mozilla/5.0 (Windows NT 10.0; Win64; x64) AppleWebKit/537.36 (KHTML, like Gecko) Chrome/145.0.0.0 Safari/537.36"
124.187.133.109 - - [16/Apr/2026:13:02:45 +0800] "GET /wp-content/plugins/elementor/assets/js/webpack.runtime.min.js?ver=4.0.2 HTTP/1.1" 200 2496 "https://memo.carmel.wa.edu.au/" "Mozilla/5.0 (Windows NT 10.0; Win64; x64) AppleWebKit/537.36 (KHTML, like Gecko) Chrome/145.0.0.0 Safari/537.36"
124.187.133.109 - - [16/Apr/2026:13:02:45 +0800] "GET /wp-content/plugins/elementor/assets/js/frontend-modules.min.js?ver=4.0.2 HTTP/1.1" 200 15970 "https://memo.carmel.wa.edu.au/" "Mozilla/5.0 (Windows NT 10.0; Win64; x64) AppleWebKit/537.36 (KHTML, like Gecko) Chrome/145.0.0.0 Safari/537.36"
