34.30.153.44 - - [07/May/2026:01:20:29 +0800] "POST /xmlrpc.php HTTP/1.1" 403 199 "-" "Mozilla/5.0 (Windows NT 10.0; Win64; x64) AppleWebKit/537.36 (KHTML, like Gecko) Chrome/78.0.3904.108 Safari/537.36"
103.4.122.14 - - [07/May/2026:01:57:52 +0800] "POST /wp-cron.php?doing_wp_cron=1778090272.0966389179229736328125 HTTP/1.1" 200 - "-" "WordPress/6.9.4; http://memo.carmel.wa.edu.au"
34.82.121.206 - - [07/May/2026:01:57:51 +0800] "GET / HTTP/1.1" 200 7225 "-" "Mozilla/5.0 (compatible; CMS-Checker/1.0; +https://example.com)"
103.4.122.14 - - [07/May/2026:02:28:04 +0800] "POST /wp-cron.php?doing_wp_cron=1778092084.2613599300384521484375 HTTP/1.1" 200 - "-" "WordPress/6.9.4; http://memo.carmel.wa.edu.au"
34.82.121.206 - - [07/May/2026:02:28:03 +0800] "GET / HTTP/1.1" 200 29385 "-" "Mozilla/5.0 (Windows NT 10.0; Win64; x64) AppleWebKit/537.36 (KHTML, like Gecko) Chrome/78.0.3904.108 Safari/537.36"
34.82.121.206 - - [07/May/2026:02:28:04 +0800] "GET / HTTP/1.1" 200 29385 "-" "Mozilla/5.0 (Windows NT 10.0; Win64; x64) AppleWebKit/537.36 (KHTML, like Gecko) Chrome/78.0.3904.108 Safari/537.36"
34.82.121.206 - - [07/May/2026:02:28:05 +0800] "GET /wp-includes/wlwmanifest.xml HTTP/1.1" 404 196 "-" "Mozilla/5.0 (Windows NT 10.0; Win64; x64) AppleWebKit/537.36 (KHTML, like Gecko) Chrome/78.0.3904.108 Safari/537.36"
34.82.121.206 - - [07/May/2026:02:28:05 +0800] "GET /xmlrpc.php?rsd HTTP/1.1" 200 848 "-" "Mozilla/5.0 (Windows NT 10.0; Win64; x64) AppleWebKit/537.36 (KHTML, like Gecko) Chrome/78.0.3904.108 Safari/537.36"
34.82.121.206 - - [07/May/2026:02:28:06 +0800] "GET /?author=1 HTTP/1.1" 200 21045 "-" "Mozilla/5.0 (Windows NT 10.0; Win64; x64) AppleWebKit/537.36 (KHTML, like Gecko) Chrome/78.0.3904.108 Safari/537.36"
34.82.121.206 - - [07/May/2026:02:28:07 +0800] "GET /?author=2 HTTP/1.1" 200 20615 "-" "Mozilla/5.0 (Windows NT 10.0; Win64; x64) AppleWebKit/537.36 (KHTML, like Gecko) Chrome/78.0.3904.108 Safari/537.36"
34.82.121.206 - - [07/May/2026:02:28:07 +0800] "GET /wp-json/wp/v2/users/ HTTP/1.1" 403 199 "-" "Mozilla/5.0 (Windows NT 10.0; Win64; x64) AppleWebKit/537.36 (KHTML, like Gecko) Chrome/78.0.3904.108 Safari/537.36"
34.82.121.206 - - [07/May/2026:02:28:08 +0800] "GET /wp-json/oembed/1.0/embed?url=http://memo.carmel.wa.edu.au HTTP/1.1" 404 196 "-" "Mozilla/5.0 (Windows NT 10.0; Win64; x64) AppleWebKit/537.36 (KHTML, like Gecko) Chrome/78.0.3904.108 Safari/537.36"
34.82.121.206 - - [07/May/2026:02:28:08 +0800] "POST /xmlrpc.php HTTP/1.1" 200 401 "-" "Mozilla/5.0 (Windows NT 10.0; Win64; x64) AppleWebKit/537.36 (KHTML, like Gecko) Chrome/78.0.3904.108 Safari/537.36"
34.82.121.206 - - [07/May/2026:02:28:09 +0800] "POST /xmlrpc.php HTTP/1.1" 200 401 "-" "Mozilla/5.0 (Windows NT 10.0; Win64; x64) AppleWebKit/537.36 (KHTML, like Gecko) Chrome/78.0.3904.108 Safari/537.36"
34.82.121.206 - - [07/May/2026:02:28:10 +0800] "POST /xmlrpc.php HTTP/1.1" 200 401 "-" "Mozilla/5.0 (Windows NT 10.0; Win64; x64) AppleWebKit/537.36 (KHTML, like Gecko) Chrome/78.0.3904.108 Safari/537.36"
34.82.121.206 - - [07/May/2026:02:28:11 +0800] "POST /xmlrpc.php HTTP/1.1" 200 401 "-" "Mozilla/5.0 (Windows NT 10.0; Win64; x64) AppleWebKit/537.36 (KHTML, like Gecko) Chrome/78.0.3904.108 Safari/537.36"
34.82.121.206 - - [07/May/2026:02:28:12 +0800] "POST /xmlrpc.php HTTP/1.1" 403 199 "-" "Mozilla/5.0 (Windows NT 10.0; Win64; x64) AppleWebKit/537.36 (KHTML, like Gecko) Chrome/78.0.3904.108 Safari/537.36"
103.4.122.14 - - [07/May/2026:04:01:55 +0800] "POST /wp-cron.php?doing_wp_cron=1778097715.4263410568237304687500 HTTP/1.1" 200 - "-" "WordPress/6.9.4; https://memo.carmel.wa.edu.au"
103.4.122.22 - - [07/May/2026:04:01:54 +0800] "HEAD / HTTP/1.1" 200 - "http://mainwp.rankaholics.com.au" "Mozilla/5.0 (compatible; MainWP/6.0.11; +http://mainwp.com)"
103.4.122.22 - - [07/May/2026:04:01:55 +0800] "HEAD / HTTP/1.1" 200 - "http://mainwp.rankaholics.com.au" "Mozilla/5.0 (compatible; MainWP/6.0.11; +http://mainwp.com)"
4.199.143.131 - - [07/May/2026:04:23:54 +0800] "GET /wp-content/themes/hello-elementor/assets/css/theme.css?ver=3.4.7 HTTP/1.1" 200 1271 "https://memo.carmel.wa.edu.au/" "Mozilla/5.0 (Windows NT 10.0; Win64; x64) AppleWebKit/537.36 (KHTML, like Gecko) Chrome/142.0.7444.175 Safari/537.36"
4.199.143.131 - - [07/May/2026:04:23:54 +0800] "GET /wp-content/uploads/elementor/css/post-10.css?ver=1777881831 HTTP/1.1" 200 398 "https://memo.carmel.wa.edu.au/" "Mozilla/5.0 (Windows NT 10.0; Win64; x64) AppleWebKit/537.36 (KHTML, like Gecko) Chrome/142.0.7444.175 Safari/537.36"
4.199.143.131 - - [07/May/2026:04:23:54 +0800] "GET /wp-content/themes/hello-elementor/assets/css/header-footer.css?ver=3.4.7 HTTP/1.1" 200 1423 "https://memo.carmel.wa.edu.au/" "Mozilla/5.0 (Windows NT 10.0; Win64; x64) AppleWebKit/537.36 (KHTML, like Gecko) Chrome/142.0.7444.175 Safari/537.36"
4.199.143.131 - - [07/May/2026:04:23:54 +0800] "GET /wp-content/plugins/elementor/assets/css/widget-image.min.css?ver=4.0.5 HTTP/1.1" 200 135 "https://memo.carmel.wa.edu.au/" "Mozilla/5.0 (Windows NT 10.0; Win64; x64) AppleWebKit/537.36 (KHTML, like Gecko) Chrome/142.0.7444.175 Safari/537.36"
4.199.143.131 - - [07/May/2026:04:23:54 +0800] "GET /wp-content/plugins/elementor/assets/lib/eicons/css/elementor-icons.min.css?ver=5.48.0 HTTP/1.1" 200 4455 "https://memo.carmel.wa.edu.au/" "Mozilla/5.0 (Windows NT 10.0; Win64; x64) AppleWebKit/537.36 (KHTML, like Gecko) Chrome/142.0.7444.175 Safari/537.36"
4.199.143.131 - - [07/May/2026:04:23:54 +0800] "GET /wp-content/plugins/elementor/assets/css/frontend.min.css?ver=4.0.5 HTTP/1.1" 200 7271 "https://memo.carmel.wa.edu.au/" "Mozilla/5.0 (Windows NT 10.0; Win64; x64) AppleWebKit/537.36 (KHTML, like Gecko) Chrome/142.0.7444.175 Safari/537.36"
4.199.143.131 - - [07/May/2026:04:23:54 +0800] "GET /wp-content/plugins/elementor/assets/lib/animations/styles/e-animation-float.min.css?ver=4.0.5 HTTP/1.1" 200 139 "https://memo.carmel.wa.edu.au/" "Mozilla/5.0 (Windows NT 10.0; Win64; x64) AppleWebKit/537.36 (KHTML, like Gecko) Chrome/142.0.7444.175 Safari/537.36"
4.199.143.131 - - [07/May/2026:04:23:54 +0800] "GET /wp-content/uploads/elementor/css/post-14.css?ver=1777881831 HTTP/1.1" 200 782 "https://memo.carmel.wa.edu.au/" "Mozilla/5.0 (Windows NT 10.0; Win64; x64) AppleWebKit/537.36 (KHTML, like Gecko) Chrome/142.0.7444.175 Safari/537.36"
4.199.143.131 - - [07/May/2026:04:23:54 +0800] "GET /wp-includes/js/jquery/jquery-migrate.min.js?ver=3.4.1 HTTP/1.1" 200 4872 "https://memo.carmel.wa.edu.au/" "Mozilla/5.0 (Windows NT 10.0; Win64; x64) AppleWebKit/537.36 (KHTML, like Gecko) Chrome/142.0.7444.175 Safari/537.36"
4.199.143.131 - - [07/May/2026:04:23:54 +0800] "GET /wp-includes/js/jquery/jquery.min.js?ver=3.7.1 HTTP/1.1" 200 30368 "https://memo.carmel.wa.edu.au/" "Mozilla/5.0 (Windows NT 10.0; Win64; x64) AppleWebKit/537.36 (KHTML, like Gecko) Chrome/142.0.7444.175 Safari/537.36"
4.199.143.131 - - [07/May/2026:04:23:54 +0800] "GET /wp-content/themes/hello-elementor/assets/js/hello-frontend.js?ver=3.4.7 HTTP/1.1" 200 549 "https://memo.carmel.wa.edu.au/" "Mozilla/5.0 (Windows NT 10.0; Win64; x64) AppleWebKit/537.36 (KHTML, like Gecko) Chrome/142.0.7444.175 Safari/537.36"
4.199.143.131 - - [07/May/2026:04:23:54 +0800] "GET /wp-content/plugins/elementor/assets/js/webpack.runtime.min.js?ver=4.0.5 HTTP/1.1" 200 2496 "https://memo.carmel.wa.edu.au/" "Mozilla/5.0 (Windows NT 10.0; Win64; x64) AppleWebKit/537.36 (KHTML, like Gecko) Chrome/142.0.7444.175 Safari/537.36"
4.199.143.131 - - [07/May/2026:04:23:55 +0800] "GET /wp-content/plugins/elementor/assets/js/frontend-modules.min.js?ver=4.0.5 HTTP/1.1" 200 15970 "https://memo.carmel.wa.edu.au/" "Mozilla/5.0 (Windows NT 10.0; Win64; x64) AppleWebKit/537.36 (KHTML, like Gecko) Chrome/142.0.7444.175 Safari/537.36"
4.199.143.131 - - [07/May/2026:04:23:55 +0800] "GET /wp-includes/js/jquery/ui/core.min.js?ver=1.13.3 HTTP/1.1" 200 7106 "https://memo.carmel.wa.edu.au/" "Mozilla/5.0 (Windows NT 10.0; Win64; x64) AppleWebKit/537.36 (KHTML, like Gecko) Chrome/142.0.7444.175 Safari/537.36"
4.199.143.131 - - [07/May/2026:04:23:55 +0800] "GET /wp-content/plugins/elementor/assets/js/frontend.min.js?ver=4.0.5 HTTP/1.1" 200 10339 "https://memo.carmel.wa.edu.au/" "Mozilla/5.0 (Windows NT 10.0; Win64; x64) AppleWebKit/537.36 (KHTML, like Gecko) Chrome/142.0.7444.175 Safari/537.36"
4.199.143.131 - - [07/May/2026:04:23:53 +0800] "GET / HTTP/1.1" 200 7224 "-" "Mozilla/5.0 (Windows NT 10.0; Win64; x64) AppleWebKit/537.36 (KHTML, like Gecko) Chrome/142.0.7444.175 Safari/537.36"
4.199.143.131 - - [07/May/2026:04:23:56 +0800] "GET /wp-content/themes/hello-elementor/assets/css/reset.css?ver=3.4.7 HTTP/1.1" 200 1792 "https://memo.carmel.wa.edu.au/" "Mozilla/5.0 (Windows NT 10.0; Win64; x64) AppleWebKit/537.36 (KHTML, like Gecko) Chrome/142.0.7444.175 Safari/537.36"
103.4.122.14 - - [07/May/2026:04:23:54 +0800] "POST /wp-cron.php?doing_wp_cron=1778099034.3184010982513427734375 HTTP/1.1" 200 - "-" "WordPress/6.9.4; https://memo.carmel.wa.edu.au"
4.199.143.131 - - [07/May/2026:04:23:54 +0800] "GET /wp-content/plugins/elementor/assets/css/widget-heading.min.css?ver=4.0.5 HTTP/1.1" 200 160 "https://memo.carmel.wa.edu.au/" "Mozilla/5.0 (Windows NT 10.0; Win64; x64) AppleWebKit/537.36 (KHTML, like Gecko) Chrome/142.0.7444.175 Safari/537.36"
4.199.143.131 - - [07/May/2026:04:23:56 +0800] "GET /wp-content/uploads/2023/11/Carmel-School-logo-300x85.png HTTP/1.1" 200 27831 "https://memo.carmel.wa.edu.au/" "Mozilla/5.0 (Windows NT 10.0; Win64; x64) AppleWebKit/537.36 (KHTML, like Gecko) Chrome/142.0.7444.175 Safari/537.36"
4.199.143.131 - - [07/May/2026:04:23:56 +0800] "GET /wp-content/plugins/elementor/assets/js/section-frontend-handlers.d85ab872da118940910d.bundle.min.js HTTP/1.1" 200 269 "https://memo.carmel.wa.edu.au/" "Mozilla/5.0 (Windows NT 10.0; Win64; x64) AppleWebKit/537.36 (KHTML, like Gecko) Chrome/142.0.7444.175 Safari/537.36"
4.199.143.131 - - [07/May/2026:04:23:56 +0800] "GET /wp-content/plugins/elementor/assets/js/shared-frontend-handlers.03caa53373b56d3bab67.bundle.min.js HTTP/1.1" 200 2644 "https://memo.carmel.wa.edu.au/" "Mozilla/5.0 (Windows NT 10.0; Win64; x64) AppleWebKit/537.36 (KHTML, like Gecko) Chrome/142.0.7444.175 Safari/537.36"
4.199.143.131 - - [07/May/2026:04:23:56 +0800] "GET /favicon.ico HTTP/1.1" 404 196 "https://memo.carmel.wa.edu.au/" "Mozilla/5.0 (Windows NT 10.0; Win64; x64) AppleWebKit/537.36 (KHTML, like Gecko) Chrome/142.0.7444.175 Safari/537.36"
4.199.143.131 - - [07/May/2026:04:23:56 +0800] "GET /wp-content/plugins/elementor/assets/js/text-editor.45609661e409413f1cef.bundle.min.js HTTP/1.1" 200 648 "https://memo.carmel.wa.edu.au/" "Mozilla/5.0 (Windows NT 10.0; Win64; x64) AppleWebKit/537.36 (KHTML, like Gecko) Chrome/142.0.7444.175 Safari/537.36"
4.199.143.131 - - [07/May/2026:04:23:57 +0800] "GET /wp-includes/js/wp-emoji-release.min.js?ver=6.9.4 HTTP/1.1" 200 5375 "https://memo.carmel.wa.edu.au/" "Mozilla/5.0 (Windows NT 10.0; Win64; x64) AppleWebKit/537.36 (KHTML, like Gecko) Chrome/142.0.7444.175 Safari/537.36"
103.4.122.14 - - [07/May/2026:06:43:46 +0800] "POST /wp-cron.php?doing_wp_cron=1778107426.3246541023254394531250 HTTP/1.1" 200 - "-" "WordPress/6.9.4; https://memo.carmel.wa.edu.au"
103.4.122.22 - - [07/May/2026:06:43:45 +0800] "HEAD / HTTP/1.1" 200 - "http://mainwp.rankaholics.com.au" "Mozilla/5.0 (compatible; MainWP/6.0.11; +http://mainwp.com)"
103.4.122.22 - - [07/May/2026:06:43:46 +0800] "HEAD / HTTP/1.1" 200 - "http://mainwp.rankaholics.com.au" "Mozilla/5.0 (compatible; MainWP/6.0.11; +http://mainwp.com)"
103.4.122.14 - - [07/May/2026:07:27:17 +0800] "POST /wp-cron.php?doing_wp_cron=1778110037.4331610202789306640625 HTTP/1.1" 200 - "-" "WordPress/6.9.4; https://memo.carmel.wa.edu.au"
68.218.165.140 - - [07/May/2026:07:27:16 +0800] "GET / HTTP/1.1" 200 7224 "-" "Mozilla/5.0 (Windows NT 10.0; Win64; x64) AppleWebKit/537.36 (KHTML, like Gecko) Chrome/142.0.7444.175 Safari/537.36"
68.218.165.140 - - [07/May/2026:07:27:17 +0800] "GET /wp-content/themes/hello-elementor/assets/css/theme.css?ver=3.4.7 HTTP/1.1" 200 1271 "https://memo.carmel.wa.edu.au/" "Mozilla/5.0 (Windows NT 10.0; Win64; x64) AppleWebKit/537.36 (KHTML, like Gecko) Chrome/142.0.7444.175 Safari/537.36"
68.218.165.140 - - [07/May/2026:07:27:17 +0800] "GET /wp-content/themes/hello-elementor/assets/css/reset.css?ver=3.4.7 HTTP/1.1" 200 1792 "https://memo.carmel.wa.edu.au/" "Mozilla/5.0 (Windows NT 10.0; Win64; x64) AppleWebKit/537.36 (KHTML, like Gecko) Chrome/142.0.7444.175 Safari/537.36"
68.218.165.140 - - [07/May/2026:07:27:17 +0800] "GET /wp-content/themes/hello-elementor/assets/css/header-footer.css?ver=3.4.7 HTTP/1.1" 200 1423 "https://memo.carmel.wa.edu.au/" "Mozilla/5.0 (Windows NT 10.0; Win64; x64) AppleWebKit/537.36 (KHTML, like Gecko) Chrome/142.0.7444.175 Safari/537.36"
68.218.165.140 - - [07/May/2026:07:27:17 +0800] "GET /wp-content/uploads/elementor/css/post-10.css?ver=1777881831 HTTP/1.1" 200 398 "https://memo.carmel.wa.edu.au/" "Mozilla/5.0 (Windows NT 10.0; Win64; x64) AppleWebKit/537.36 (KHTML, like Gecko) Chrome/142.0.7444.175 Safari/537.36"
68.218.165.140 - - [07/May/2026:07:27:17 +0800] "GET /wp-content/plugins/elementor/assets/lib/eicons/css/elementor-icons.min.css?ver=5.48.0 HTTP/1.1" 200 4455 "https://memo.carmel.wa.edu.au/" "Mozilla/5.0 (Windows NT 10.0; Win64; x64) AppleWebKit/537.36 (KHTML, like Gecko) Chrome/142.0.7444.175 Safari/537.36"
68.218.165.140 - - [07/May/2026:07:27:17 +0800] "GET /wp-content/plugins/elementor/assets/css/frontend.min.css?ver=4.0.5 HTTP/1.1" 200 7271 "https://memo.carmel.wa.edu.au/" "Mozilla/5.0 (Windows NT 10.0; Win64; x64) AppleWebKit/537.36 (KHTML, like Gecko) Chrome/142.0.7444.175 Safari/537.36"
68.218.165.140 - - [07/May/2026:07:27:17 +0800] "GET /wp-content/plugins/elementor/assets/css/widget-image.min.css?ver=4.0.5 HTTP/1.1" 200 135 "https://memo.carmel.wa.edu.au/" "Mozilla/5.0 (Windows NT 10.0; Win64; x64) AppleWebKit/537.36 (KHTML, like Gecko) Chrome/142.0.7444.175 Safari/537.36"
68.218.165.140 - - [07/May/2026:07:27:17 +0800] "GET /wp-content/uploads/elementor/css/post-14.css?ver=1777881831 HTTP/1.1" 200 782 "https://memo.carmel.wa.edu.au/" "Mozilla/5.0 (Windows NT 10.0; Win64; x64) AppleWebKit/537.36 (KHTML, like Gecko) Chrome/142.0.7444.175 Safari/537.36"
68.218.165.140 - - [07/May/2026:07:27:17 +0800] "GET /wp-content/plugins/elementor/assets/css/widget-heading.min.css?ver=4.0.5 HTTP/1.1" 200 160 "https://memo.carmel.wa.edu.au/" "Mozilla/5.0 (Windows NT 10.0; Win64; x64) AppleWebKit/537.36 (KHTML, like Gecko) Chrome/142.0.7444.175 Safari/537.36"
68.218.165.140 - - [07/May/2026:07:27:17 +0800] "GET /wp-content/plugins/elementor/assets/lib/animations/styles/e-animation-float.min.css?ver=4.0.5 HTTP/1.1" 200 139 "https://memo.carmel.wa.edu.au/" "Mozilla/5.0 (Windows NT 10.0; Win64; x64) AppleWebKit/537.36 (KHTML, like Gecko) Chrome/142.0.7444.175 Safari/537.36"
68.218.165.140 - - [07/May/2026:07:27:17 +0800] "GET /wp-includes/js/jquery/jquery-migrate.min.js?ver=3.4.1 HTTP/1.1" 200 4872 "https://memo.carmel.wa.edu.au/" "Mozilla/5.0 (Windows NT 10.0; Win64; x64) AppleWebKit/537.36 (KHTML, like Gecko) Chrome/142.0.7444.175 Safari/537.36"
68.218.165.140 - - [07/May/2026:07:27:17 +0800] "GET /wp-includes/js/jquery/jquery.min.js?ver=3.7.1 HTTP/1.1" 200 30368 "https://memo.carmel.wa.edu.au/" "Mozilla/5.0 (Windows NT 10.0; Win64; x64) AppleWebKit/537.36 (KHTML, like Gecko) Chrome/142.0.7444.175 Safari/537.36"
68.218.165.140 - - [07/May/2026:07:27:17 +0800] "GET /wp-content/uploads/2023/11/Carmel-School-logo-300x85.png HTTP/1.1" 200 27831 "https://memo.carmel.wa.edu.au/" "Mozilla/5.0 (Windows NT 10.0; Win64; x64) AppleWebKit/537.36 (KHTML, like Gecko) Chrome/142.0.7444.175 Safari/537.36"
68.218.165.140 - - [07/May/2026:07:27:17 +0800] "GET /wp-content/themes/hello-elementor/assets/js/hello-frontend.js?ver=3.4.7 HTTP/1.1" 200 549 "https://memo.carmel.wa.edu.au/" "Mozilla/5.0 (Windows NT 10.0; Win64; x64) AppleWebKit/537.36 (KHTML, like Gecko) Chrome/142.0.7444.175 Safari/537.36"
68.218.165.140 - - [07/May/2026:07:27:17 +0800] "GET /wp-content/plugins/elementor/assets/js/webpack.runtime.min.js?ver=4.0.5 HTTP/1.1" 200 2496 "https://memo.carmel.wa.edu.au/" "Mozilla/5.0 (Windows NT 10.0; Win64; x64) AppleWebKit/537.36 (KHTML, like Gecko) Chrome/142.0.7444.175 Safari/537.36"
68.218.165.140 - - [07/May/2026:07:27:18 +0800] "GET /wp-content/plugins/elementor/assets/js/frontend-modules.min.js?ver=4.0.5 HTTP/1.1" 200 15970 "https://memo.carmel.wa.edu.au/" "Mozilla/5.0 (Windows NT 10.0; Win64; x64) AppleWebKit/537.36 (KHTML, like Gecko) Chrome/142.0.7444.175 Safari/537.36"
68.218.165.140 - - [07/May/2026:07:27:18 +0800] "GET /wp-content/plugins/elementor/assets/js/frontend.min.js?ver=4.0.5 HTTP/1.1" 200 10339 "https://memo.carmel.wa.edu.au/" "Mozilla/5.0 (Windows NT 10.0; Win64; x64) AppleWebKit/537.36 (KHTML, like Gecko) Chrome/142.0.7444.175 Safari/537.36"
68.218.165.140 - - [07/May/2026:07:27:18 +0800] "GET /wp-includes/js/jquery/ui/core.min.js?ver=1.13.3 HTTP/1.1" 200 7106 "https://memo.carmel.wa.edu.au/" "Mozilla/5.0 (Windows NT 10.0; Win64; x64) AppleWebKit/537.36 (KHTML, like Gecko) Chrome/142.0.7444.175 Safari/537.36"
68.218.165.140 - - [07/May/2026:07:27:18 +0800] "GET /wp-content/plugins/elementor/assets/js/text-editor.45609661e409413f1cef.bundle.min.js HTTP/1.1" 200 648 "https://memo.carmel.wa.edu.au/" "Mozilla/5.0 (Windows NT 10.0; Win64; x64) AppleWebKit/537.36 (KHTML, like Gecko) Chrome/142.0.7444.175 Safari/537.36"
68.218.165.140 - - [07/May/2026:07:27:18 +0800] "GET /wp-content/plugins/elementor/assets/js/section-frontend-handlers.d85ab872da118940910d.bundle.min.js HTTP/1.1" 200 269 "https://memo.carmel.wa.edu.au/" "Mozilla/5.0 (Windows NT 10.0; Win64; x64) AppleWebKit/537.36 (KHTML, like Gecko) Chrome/142.0.7444.175 Safari/537.36"
68.218.165.140 - - [07/May/2026:07:27:18 +0800] "GET /wp-content/plugins/elementor/assets/js/shared-frontend-handlers.03caa53373b56d3bab67.bundle.min.js HTTP/1.1" 200 2644 "https://memo.carmel.wa.edu.au/" "Mozilla/5.0 (Windows NT 10.0; Win64; x64) AppleWebKit/537.36 (KHTML, like Gecko) Chrome/142.0.7444.175 Safari/537.36"
68.218.165.140 - - [07/May/2026:07:27:18 +0800] "GET /favicon.ico HTTP/1.1" 404 196 "https://memo.carmel.wa.edu.au/" "Mozilla/5.0 (Windows NT 10.0; Win64; x64) AppleWebKit/537.36 (KHTML, like Gecko) Chrome/142.0.7444.175 Safari/537.36"
68.218.165.140 - - [07/May/2026:07:27:19 +0800] "GET /wp-includes/js/wp-emoji-release.min.js?ver=6.9.4 HTTP/1.1" 200 5375 "https://memo.carmel.wa.edu.au/" "Mozilla/5.0 (Windows NT 10.0; Win64; x64) AppleWebKit/537.36 (KHTML, like Gecko) Chrome/142.0.7444.175 Safari/537.36"
103.4.122.14 - - [07/May/2026:09:04:49 +0800] "POST /wp-cron.php?doing_wp_cron=1778115888.9775950908660888671875 HTTP/1.1" 200 - "-" "WordPress/6.9.4; https://memo.carmel.wa.edu.au"
103.4.122.22 - - [07/May/2026:09:04:48 +0800] "HEAD / HTTP/1.1" 200 - "http://mainwp.rankaholics.com.au" "Mozilla/5.0 (compatible; MainWP/6.0.11; +http://mainwp.com)"
103.4.122.22 - - [07/May/2026:09:04:49 +0800] "HEAD / HTTP/1.1" 200 - "http://mainwp.rankaholics.com.au" "Mozilla/5.0 (compatible; MainWP/6.0.11; +http://mainwp.com)"
68.218.165.142 - - [07/May/2026:09:07:31 +0800] "GET / HTTP/1.1" 200 7225 "-" "Mozilla/5.0 (Windows NT 10.0; Win64; x64) AppleWebKit/537.36 (KHTML, like Gecko) Chrome/142.0.7444.175 Safari/537.36"
68.218.165.142 - - [07/May/2026:09:07:32 +0800] "GET /wp-content/themes/hello-elementor/assets/css/reset.css?ver=3.4.7 HTTP/1.1" 200 1792 "https://memo.carmel.wa.edu.au/" "Mozilla/5.0 (Windows NT 10.0; Win64; x64) AppleWebKit/537.36 (KHTML, like Gecko) Chrome/142.0.7444.175 Safari/537.36"
68.218.165.142 - - [07/May/2026:09:07:32 +0800] "GET /wp-content/themes/hello-elementor/assets/css/theme.css?ver=3.4.7 HTTP/1.1" 200 1271 "https://memo.carmel.wa.edu.au/" "Mozilla/5.0 (Windows NT 10.0; Win64; x64) AppleWebKit/537.36 (KHTML, like Gecko) Chrome/142.0.7444.175 Safari/537.36"
68.218.165.142 - - [07/May/2026:09:07:32 +0800] "GET /wp-content/uploads/elementor/css/post-10.css?ver=1777881831 HTTP/1.1" 200 398 "https://memo.carmel.wa.edu.au/" "Mozilla/5.0 (Windows NT 10.0; Win64; x64) AppleWebKit/537.36 (KHTML, like Gecko) Chrome/142.0.7444.175 Safari/537.36"
68.218.165.142 - - [07/May/2026:09:07:32 +0800] "GET /wp-content/themes/hello-elementor/assets/css/header-footer.css?ver=3.4.7 HTTP/1.1" 200 1423 "https://memo.carmel.wa.edu.au/" "Mozilla/5.0 (Windows NT 10.0; Win64; x64) AppleWebKit/537.36 (KHTML, like Gecko) Chrome/142.0.7444.175 Safari/537.36"
68.218.165.142 - - [07/May/2026:09:07:32 +0800] "GET /wp-content/plugins/elementor/assets/css/widget-image.min.css?ver=4.0.5 HTTP/1.1" 200 135 "https://memo.carmel.wa.edu.au/" "Mozilla/5.0 (Windows NT 10.0; Win64; x64) AppleWebKit/537.36 (KHTML, like Gecko) Chrome/142.0.7444.175 Safari/537.36"
68.218.165.142 - - [07/May/2026:09:07:32 +0800] "GET /wp-content/plugins/elementor/assets/lib/eicons/css/elementor-icons.min.css?ver=5.48.0 HTTP/1.1" 200 4455 "https://memo.carmel.wa.edu.au/" "Mozilla/5.0 (Windows NT 10.0; Win64; x64) AppleWebKit/537.36 (KHTML, like Gecko) Chrome/142.0.7444.175 Safari/537.36"
68.218.165.142 - - [07/May/2026:09:07:32 +0800] "GET /wp-content/plugins/elementor/assets/css/frontend.min.css?ver=4.0.5 HTTP/1.1" 200 7271 "https://memo.carmel.wa.edu.au/" "Mozilla/5.0 (Windows NT 10.0; Win64; x64) AppleWebKit/537.36 (KHTML, like Gecko) Chrome/142.0.7444.175 Safari/537.36"
68.218.165.142 - - [07/May/2026:09:07:32 +0800] "GET /wp-content/plugins/elementor/assets/css/widget-heading.min.css?ver=4.0.5 HTTP/1.1" 200 160 "https://memo.carmel.wa.edu.au/" "Mozilla/5.0 (Windows NT 10.0; Win64; x64) AppleWebKit/537.36 (KHTML, like Gecko) Chrome/142.0.7444.175 Safari/537.36"
68.218.165.142 - - [07/May/2026:09:07:32 +0800] "GET /wp-content/plugins/elementor/assets/lib/animations/styles/e-animation-float.min.css?ver=4.0.5 HTTP/1.1" 200 139 "https://memo.carmel.wa.edu.au/" "Mozilla/5.0 (Windows NT 10.0; Win64; x64) AppleWebKit/537.36 (KHTML, like Gecko) Chrome/142.0.7444.175 Safari/537.36"
68.218.165.142 - - [07/May/2026:09:07:32 +0800] "GET /wp-content/uploads/elementor/css/post-14.css?ver=1777881831 HTTP/1.1" 200 782 "https://memo.carmel.wa.edu.au/" "Mozilla/5.0 (Windows NT 10.0; Win64; x64) AppleWebKit/537.36 (KHTML, like Gecko) Chrome/142.0.7444.175 Safari/537.36"
68.218.165.142 - - [07/May/2026:09:07:32 +0800] "GET /wp-includes/js/jquery/jquery.min.js?ver=3.7.1 HTTP/1.1" 200 30368 "https://memo.carmel.wa.edu.au/" "Mozilla/5.0 (Windows NT 10.0; Win64; x64) AppleWebKit/537.36 (KHTML, like Gecko) Chrome/142.0.7444.175 Safari/537.36"
68.218.165.142 - - [07/May/2026:09:07:32 +0800] "GET /wp-includes/js/jquery/jquery-migrate.min.js?ver=3.4.1 HTTP/1.1" 200 4872 "https://memo.carmel.wa.edu.au/" "Mozilla/5.0 (Windows NT 10.0; Win64; x64) AppleWebKit/537.36 (KHTML, like Gecko) Chrome/142.0.7444.175 Safari/537.36"
68.218.165.142 - - [07/May/2026:09:07:32 +0800] "GET /wp-content/uploads/2023/11/Carmel-School-logo-300x85.png HTTP/1.1" 200 27831 "https://memo.carmel.wa.edu.au/" "Mozilla/5.0 (Windows NT 10.0; Win64; x64) AppleWebKit/537.36 (KHTML, like Gecko) Chrome/142.0.7444.175 Safari/537.36"
68.218.165.142 - - [07/May/2026:09:07:32 +0800] "GET /wp-content/themes/hello-elementor/assets/js/hello-frontend.js?ver=3.4.7 HTTP/1.1" 200 549 "https://memo.carmel.wa.edu.au/" "Mozilla/5.0 (Windows NT 10.0; Win64; x64) AppleWebKit/537.36 (KHTML, like Gecko) Chrome/142.0.7444.175 Safari/537.36"
68.218.165.142 - - [07/May/2026:09:07:33 +0800] "GET /wp-content/plugins/elementor/assets/js/webpack.runtime.min.js?ver=4.0.5 HTTP/1.1" 200 2496 "https://memo.carmel.wa.edu.au/" "Mozilla/5.0 (Windows NT 10.0; Win64; x64) AppleWebKit/537.36 (KHTML, like Gecko) Chrome/142.0.7444.175 Safari/537.36"
68.218.165.142 - - [07/May/2026:09:07:33 +0800] "GET /wp-content/plugins/elementor/assets/js/frontend-modules.min.js?ver=4.0.5 HTTP/1.1" 200 15970 "https://memo.carmel.wa.edu.au/" "Mozilla/5.0 (Windows NT 10.0; Win64; x64) AppleWebKit/537.36 (KHTML, like Gecko) Chrome/142.0.7444.175 Safari/537.36"
68.218.165.142 - - [07/May/2026:09:07:34 +0800] "GET /wp-includes/js/jquery/ui/core.min.js?ver=1.13.3 HTTP/1.1" 200 7106 "https://memo.carmel.wa.edu.au/" "Mozilla/5.0 (Windows NT 10.0; Win64; x64) AppleWebKit/537.36 (KHTML, like Gecko) Chrome/142.0.7444.175 Safari/537.36"
68.218.165.142 - - [07/May/2026:09:07:34 +0800] "GET /wp-content/plugins/elementor/assets/js/frontend.min.js?ver=4.0.5 HTTP/1.1" 200 10339 "https://memo.carmel.wa.edu.au/" "Mozilla/5.0 (Windows NT 10.0; Win64; x64) AppleWebKit/537.36 (KHTML, like Gecko) Chrome/142.0.7444.175 Safari/537.36"
68.218.165.142 - - [07/May/2026:09:07:35 +0800] "GET /favicon.ico HTTP/1.1" 404 196 "https://memo.carmel.wa.edu.au/" "Mozilla/5.0 (Windows NT 10.0; Win64; x64) AppleWebKit/537.36 (KHTML, like Gecko) Chrome/142.0.7444.175 Safari/537.36"
68.218.165.142 - - [07/May/2026:09:07:35 +0800] "GET /wp-content/plugins/elementor/assets/js/section-frontend-handlers.d85ab872da118940910d.bundle.min.js HTTP/1.1" 200 269 "https://memo.carmel.wa.edu.au/" "Mozilla/5.0 (Windows NT 10.0; Win64; x64) AppleWebKit/537.36 (KHTML, like Gecko) Chrome/142.0.7444.175 Safari/537.36"
68.218.165.142 - - [07/May/2026:09:07:35 +0800] "GET /wp-content/plugins/elementor/assets/js/text-editor.45609661e409413f1cef.bundle.min.js HTTP/1.1" 200 648 "https://memo.carmel.wa.edu.au/" "Mozilla/5.0 (Windows NT 10.0; Win64; x64) AppleWebKit/537.36 (KHTML, like Gecko) Chrome/142.0.7444.175 Safari/537.36"
68.218.165.142 - - [07/May/2026:09:07:35 +0800] "GET /wp-content/plugins/elementor/assets/js/shared-frontend-handlers.03caa53373b56d3bab67.bundle.min.js HTTP/1.1" 200 2644 "https://memo.carmel.wa.edu.au/" "Mozilla/5.0 (Windows NT 10.0; Win64; x64) AppleWebKit/537.36 (KHTML, like Gecko) Chrome/142.0.7444.175 Safari/537.36"
68.218.165.142 - - [07/May/2026:09:07:36 +0800] "GET /wp-includes/js/wp-emoji-release.min.js?ver=6.9.4 HTTP/1.1" 200 5375 "https://memo.carmel.wa.edu.au/" "Mozilla/5.0 (Windows NT 10.0; Win64; x64) AppleWebKit/537.36 (KHTML, like Gecko) Chrome/142.0.7444.175 Safari/537.36"
103.4.122.14 - - [07/May/2026:10:01:12 +0800] "POST /wp-cron.php?doing_wp_cron=1778119271.9480230808258056640625 HTTP/1.1" 200 - "-" "WordPress/6.9.4; https://memo.carmel.wa.edu.au"
99.81.216.206 - - [07/May/2026:10:01:11 +0800] "GET / HTTP/1.1" 200 7225 "-" "Mozilla/5.0 (Windows NT 10.0; Win64; x64) AppleWebKit/537.36 (KHTML, like Gecko) Chrome/120.0.0.0 Safari/537.36 Edg/120.0.0.0"
103.4.122.14 - - [07/May/2026:10:27:02 +0800] "POST /wp-cron.php?doing_wp_cron=1778120822.3929209709167480468750 HTTP/1.1" 200 - "-" "WordPress/6.9.4; https://memo.carmel.wa.edu.au"
103.4.122.22 - - [07/May/2026:10:27:01 +0800] "HEAD / HTTP/1.1" 200 - "http://mainwp.rankaholics.com.au" "Mozilla/5.0 (compatible; MainWP/6.0.12; +http://mainwp.com)"
103.4.122.22 - - [07/May/2026:10:27:02 +0800] "HEAD / HTTP/1.1" 200 - "http://mainwp.rankaholics.com.au" "Mozilla/5.0 (compatible; MainWP/6.0.12; +http://mainwp.com)"
103.4.122.22 - - [07/May/2026:10:28:09 +0800] "GET /?login_required=1&user=ACS&mainwpsignature=WbCzj0%2FDQCpI0TyHxQuMUcjHwX2oyBs6a5tbfHvekWnKeqVdLFMnaLLx80r4Ot0CWl97xJ4YWuybQAGEJLbceek5r%2BvehEqf2P%2By2ZlO%2FJk4mZHcIn1Ab7Uc1ZqBqaXBg9IyET04Ze%2BY1AN1NnRiiAY4883Jo9n9xaM%2F7DI3YUetVTNWTs6B4swnf8hy%2B2E734sNWL2CyzZNzFTWiVGCen2bvqXEa0Xm92fzFmczC%2Br06aRUaFhl6Rp2ehJZXdCAXon4nV3TawKb2Ipx78UZ1NnwVdXgsclOmKxAYQmrkrMDMNd9DyHhSuIJecrp%2BCpTdVweBhpb6OHSMCttRdZiag%3D%3D&nonce=9678&where=plugins.php%3F_detect_plugins_updates%3Dyes&sign_algo=7 HTTP/1.1" 302 - "-" "WordPress/6.9.4; https://mainwp.rankaholics.com.au"
103.4.122.22 - - [07/May/2026:10:28:10 +0800] "GET /wp-admin/plugins.php?_detect_plugins_updates=yes HTTP/1.1" 200 20927 "-" "WordPress/6.9.4; https://mainwp.rankaholics.com.au"
103.4.122.22 - - [07/May/2026:10:28:14 +0800] "POST /wp-admin/admin-ajax.php HTTP/1.1" 200 17669 "http://mainwp.rankaholics.com.au" "Mozilla/5.0 (compatible; MainWP/6.0.12; +http://mainwp.com)"
103.4.122.14 - - [07/May/2026:10:28:18 +0800] "GET / HTTP/1.1" 200 7226 "-" "WordPress/6.9.4; https://memo.carmel.wa.edu.au"
103.4.122.22 - - [07/May/2026:10:28:18 +0800] "POST /wp-admin/admin-ajax.php HTTP/1.1" 200 21 "http://mainwp.rankaholics.com.au" "Mozilla/5.0 (compatible; MainWP/6.0.12; +http://mainwp.com)"
4.199.143.131 - - [07/May/2026:10:28:46 +0800] "GET / HTTP/1.1" 200 7225 "-" "Mozilla/5.0 (Windows NT 10.0; Win64; x64) AppleWebKit/537.36 (KHTML, like Gecko) Chrome/142.0.7444.175 Safari/537.36"
4.199.143.131 - - [07/May/2026:10:28:46 +0800] "GET /wp-content/themes/hello-elementor/assets/css/reset.css?ver=3.4.7 HTTP/1.1" 200 1792 "https://memo.carmel.wa.edu.au/" "Mozilla/5.0 (Windows NT 10.0; Win64; x64) AppleWebKit/537.36 (KHTML, like Gecko) Chrome/142.0.7444.175 Safari/537.36"
4.199.143.131 - - [07/May/2026:10:28:46 +0800] "GET /wp-content/themes/hello-elementor/assets/css/theme.css?ver=3.4.7 HTTP/1.1" 200 1271 "https://memo.carmel.wa.edu.au/" "Mozilla/5.0 (Windows NT 10.0; Win64; x64) AppleWebKit/537.36 (KHTML, like Gecko) Chrome/142.0.7444.175 Safari/537.36"
4.199.143.131 - - [07/May/2026:10:28:46 +0800] "GET /wp-content/themes/hello-elementor/assets/css/header-footer.css?ver=3.4.7 HTTP/1.1" 200 1423 "https://memo.carmel.wa.edu.au/" "Mozilla/5.0 (Windows NT 10.0; Win64; x64) AppleWebKit/537.36 (KHTML, like Gecko) Chrome/142.0.7444.175 Safari/537.36"
4.199.143.131 - - [07/May/2026:10:28:46 +0800] "GET /wp-content/uploads/elementor/css/post-10.css?ver=1777881831 HTTP/1.1" 200 398 "https://memo.carmel.wa.edu.au/" "Mozilla/5.0 (Windows NT 10.0; Win64; x64) AppleWebKit/537.36 (KHTML, like Gecko) Chrome/142.0.7444.175 Safari/537.36"
4.199.143.131 - - [07/May/2026:10:28:46 +0800] "GET /wp-content/plugins/elementor/assets/css/widget-image.min.css?ver=4.0.5 HTTP/1.1" 200 135 "https://memo.carmel.wa.edu.au/" "Mozilla/5.0 (Windows NT 10.0; Win64; x64) AppleWebKit/537.36 (KHTML, like Gecko) Chrome/142.0.7444.175 Safari/537.36"
4.199.143.131 - - [07/May/2026:10:28:46 +0800] "GET /wp-content/plugins/elementor/assets/lib/eicons/css/elementor-icons.min.css?ver=5.48.0 HTTP/1.1" 200 4455 "https://memo.carmel.wa.edu.au/" "Mozilla/5.0 (Windows NT 10.0; Win64; x64) AppleWebKit/537.36 (KHTML, like Gecko) Chrome/142.0.7444.175 Safari/537.36"
4.199.143.131 - - [07/May/2026:10:28:46 +0800] "GET /wp-content/plugins/elementor/assets/css/frontend.min.css?ver=4.0.5 HTTP/1.1" 200 7271 "https://memo.carmel.wa.edu.au/" "Mozilla/5.0 (Windows NT 10.0; Win64; x64) AppleWebKit/537.36 (KHTML, like Gecko) Chrome/142.0.7444.175 Safari/537.36"
4.199.143.131 - - [07/May/2026:10:28:47 +0800] "GET /wp-content/plugins/elementor/assets/css/widget-heading.min.css?ver=4.0.5 HTTP/1.1" 200 160 "https://memo.carmel.wa.edu.au/" "Mozilla/5.0 (Windows NT 10.0; Win64; x64) AppleWebKit/537.36 (KHTML, like Gecko) Chrome/142.0.7444.175 Safari/537.36"
4.199.143.131 - - [07/May/2026:10:28:47 +0800] "GET /wp-content/plugins/elementor/assets/lib/animations/styles/e-animation-float.min.css?ver=4.0.5 HTTP/1.1" 200 139 "https://memo.carmel.wa.edu.au/" "Mozilla/5.0 (Windows NT 10.0; Win64; x64) AppleWebKit/537.36 (KHTML, like Gecko) Chrome/142.0.7444.175 Safari/537.36"
4.199.143.131 - - [07/May/2026:10:28:47 +0800] "GET /wp-content/uploads/elementor/css/post-14.css?ver=1777881831 HTTP/1.1" 200 782 "https://memo.carmel.wa.edu.au/" "Mozilla/5.0 (Windows NT 10.0; Win64; x64) AppleWebKit/537.36 (KHTML, like Gecko) Chrome/142.0.7444.175 Safari/537.36"
4.199.143.131 - - [07/May/2026:10:28:47 +0800] "GET /wp-includes/js/jquery/jquery.min.js?ver=3.7.1 HTTP/1.1" 200 30368 "https://memo.carmel.wa.edu.au/" "Mozilla/5.0 (Windows NT 10.0; Win64; x64) AppleWebKit/537.36 (KHTML, like Gecko) Chrome/142.0.7444.175 Safari/537.36"
4.199.143.131 - - [07/May/2026:10:28:47 +0800] "GET /wp-includes/js/jquery/jquery-migrate.min.js?ver=3.4.1 HTTP/1.1" 200 4872 "https://memo.carmel.wa.edu.au/" "Mozilla/5.0 (Windows NT 10.0; Win64; x64) AppleWebKit/537.36 (KHTML, like Gecko) Chrome/142.0.7444.175 Safari/537.36"
4.199.143.131 - - [07/May/2026:10:28:47 +0800] "GET /wp-content/uploads/2023/11/Carmel-School-logo-300x85.png HTTP/1.1" 200 27831 "https://memo.carmel.wa.edu.au/" "Mozilla/5.0 (Windows NT 10.0; Win64; x64) AppleWebKit/537.36 (KHTML, like Gecko) Chrome/142.0.7444.175 Safari/537.36"
4.199.143.131 - - [07/May/2026:10:28:47 +0800] "GET /wp-content/themes/hello-elementor/assets/js/hello-frontend.js?ver=3.4.7 HTTP/1.1" 200 549 "https://memo.carmel.wa.edu.au/" "Mozilla/5.0 (Windows NT 10.0; Win64; x64) AppleWebKit/537.36 (KHTML, like Gecko) Chrome/142.0.7444.175 Safari/537.36"
4.199.143.131 - - [07/May/2026:10:28:47 +0800] "GET /wp-content/plugins/elementor/assets/js/webpack.runtime.min.js?ver=4.0.5 HTTP/1.1" 200 2496 "https://memo.carmel.wa.edu.au/" "Mozilla/5.0 (Windows NT 10.0; Win64; x64) AppleWebKit/537.36 (KHTML, like Gecko) Chrome/142.0.7444.175 Safari/537.36"
4.199.143.131 - - [07/May/2026:10:28:47 +0800] "GET /wp-includes/js/jquery/ui/core.min.js?ver=1.13.3 HTTP/1.1" 200 7106 "https://memo.carmel.wa.edu.au/" "Mozilla/5.0 (Windows NT 10.0; Win64; x64) AppleWebKit/537.36 (KHTML, like Gecko) Chrome/142.0.7444.175 Safari/537.36"
4.199.143.131 - - [07/May/2026:10:28:47 +0800] "GET /wp-content/plugins/elementor/assets/js/frontend.min.js?ver=4.0.5 HTTP/1.1" 200 10339 "https://memo.carmel.wa.edu.au/" "Mozilla/5.0 (Windows NT 10.0; Win64; x64) AppleWebKit/537.36 (KHTML, like Gecko) Chrome/142.0.7444.175 Safari/537.36"
4.199.143.131 - - [07/May/2026:10:28:47 +0800] "GET /wp-content/plugins/elementor/assets/js/frontend-modules.min.js?ver=4.0.5 HTTP/1.1" 200 15970 "https://memo.carmel.wa.edu.au/" "Mozilla/5.0 (Windows NT 10.0; Win64; x64) AppleWebKit/537.36 (KHTML, like Gecko) Chrome/142.0.7444.175 Safari/537.36"
4.199.143.131 - - [07/May/2026:10:28:48 +0800] "GET /favicon.ico HTTP/1.1" 404 196 "https://memo.carmel.wa.edu.au/" "Mozilla/5.0 (Windows NT 10.0; Win64; x64) AppleWebKit/537.36 (KHTML, like Gecko) Chrome/142.0.7444.175 Safari/537.36"
4.199.143.131 - - [07/May/2026:10:28:48 +0800] "GET /wp-content/plugins/elementor/assets/js/section-frontend-handlers.d85ab872da118940910d.bundle.min.js HTTP/1.1" 200 269 "https://memo.carmel.wa.edu.au/" "Mozilla/5.0 (Windows NT 10.0; Win64; x64) AppleWebKit/537.36 (KHTML, like Gecko) Chrome/142.0.7444.175 Safari/537.36"
4.199.143.131 - - [07/May/2026:10:28:48 +0800] "GET /wp-content/plugins/elementor/assets/js/shared-frontend-handlers.03caa53373b56d3bab67.bundle.min.js HTTP/1.1" 200 2644 "https://memo.carmel.wa.edu.au/" "Mozilla/5.0 (Windows NT 10.0; Win64; x64) AppleWebKit/537.36 (KHTML, like Gecko) Chrome/142.0.7444.175 Safari/537.36"
4.199.143.131 - - [07/May/2026:10:28:48 +0800] "GET /wp-content/plugins/elementor/assets/js/text-editor.45609661e409413f1cef.bundle.min.js HTTP/1.1" 200 648 "https://memo.carmel.wa.edu.au/" "Mozilla/5.0 (Windows NT 10.0; Win64; x64) AppleWebKit/537.36 (KHTML, like Gecko) Chrome/142.0.7444.175 Safari/537.36"
4.199.143.131 - - [07/May/2026:10:28:48 +0800] "GET /wp-includes/js/wp-emoji-release.min.js?ver=6.9.4 HTTP/1.1" 200 5375 "https://memo.carmel.wa.edu.au/" "Mozilla/5.0 (Windows NT 10.0; Win64; x64) AppleWebKit/537.36 (KHTML, like Gecko) Chrome/142.0.7444.175 Safari/537.36"
103.4.122.22 - - [07/May/2026:10:30:29 +0800] "GET /?login_required=1&user=ACS&mainwpsignature=JcjqrtEP5Uah0DjRB6STtNQYgd7mLgSNk1IGfLnPyh9nj0jda8VLDaABIDjRB%2BZ1AvU4zMPKlIEtDWU3A0c8uf961zHK4yZL5Q8liBvej4e5nBjMhF9FMKCTGDD1fYQawGYkFd%2B3vIGgnmjU0tU5L7K2EFNk51MOBOylJBJ%2FvJogMH49Tx4ub2Uiw0AHbWi1DEo1NZTm62hIwLFlOtfLy1GF%2F3U0h2itQ7S9oP8leHmZDU3YS9aGNFYzN%2FTxeIrHq6J3rp%2B%2B29%2BqcUoi0xrNt%2BDgKorsv74pjDGuAfrqg0dBhqn93CJC83fz1OQs9WPxtRVlCz22htZq6AghiVOwMw%3D%3D&nonce=7620&where=plugins.php%3F_detect_plugins_updates%3Dyes&sign_algo=7 HTTP/1.1" 302 - "-" "WordPress/6.9.4; https://mainwp.rankaholics.com.au"
103.4.122.22 - - [07/May/2026:10:30:30 +0800] "GET /wp-admin/plugins.php?_detect_plugins_updates=yes HTTP/1.1" 200 20934 "-" "WordPress/6.9.4; https://mainwp.rankaholics.com.au"
103.4.122.22 - - [07/May/2026:10:30:31 +0800] "POST /wp-admin/admin-ajax.php HTTP/1.1" 200 5951 "http://mainwp.rankaholics.com.au" "Mozilla/5.0 (compatible; MainWP/6.0.12; +http://mainwp.com)"
103.4.122.14 - - [07/May/2026:10:38:11 +0800] "POST /wp-cron.php?doing_wp_cron=1778121491.1517360210418701171875 HTTP/1.1" 200 - "-" "WordPress/6.9.4; https://memo.carmel.wa.edu.au"
103.4.122.22 - - [07/May/2026:10:38:10 +0800] "HEAD / HTTP/1.1" 200 - "http://mainwp.rankaholics.com.au" "Mozilla/5.0 (compatible; MainWP/6.0.12; +http://mainwp.com)"
103.4.122.22 - - [07/May/2026:10:38:11 +0800] "HEAD / HTTP/1.1" 200 - "http://mainwp.rankaholics.com.au" "Mozilla/5.0 (compatible; MainWP/6.0.12; +http://mainwp.com)"
103.4.122.22 - - [07/May/2026:10:58:02 +0800] "HEAD / HTTP/1.1" 200 - "http://mainwp.rankaholics.com.au" "Mozilla/5.0 (compatible; MainWP/6.0.12; +http://mainwp.com)"
103.4.122.22 - - [07/May/2026:10:58:03 +0800] "HEAD / HTTP/1.1" 200 - "http://mainwp.rankaholics.com.au" "Mozilla/5.0 (compatible; MainWP/6.0.12; +http://mainwp.com)"
103.4.122.14 - - [07/May/2026:11:00:15 +0800] "POST /wp-cron.php?doing_wp_cron=1778122815.7499089241027832031250 HTTP/1.1" 200 - "-" "WordPress/6.9.4; https://memo.carmel.wa.edu.au"
4.199.143.134 - - [07/May/2026:11:00:14 +0800] "GET / HTTP/1.1" 200 7222 "-" "Mozilla/5.0 (Windows NT 6.1; Win64; x64) AppleWebKit/537.36 (KHTML, like Gecko) Chrome/140.0.7339.0 Safari/537.36"
4.199.143.134 - - [07/May/2026:11:00:16 +0800] "GET /wp-content/themes/hello-elementor/assets/css/theme.css?ver=3.4.7 HTTP/1.1" 200 1271 "https://memo.carmel.wa.edu.au/" "Mozilla/5.0 (Windows NT 6.1; Win64; x64) AppleWebKit/537.36 (KHTML, like Gecko) Chrome/140.0.7339.0 Safari/537.36"
4.199.143.134 - - [07/May/2026:11:00:16 +0800] "GET /wp-content/themes/hello-elementor/assets/css/reset.css?ver=3.4.7 HTTP/1.1" 200 1792 "https://memo.carmel.wa.edu.au/" "Mozilla/5.0 (Windows NT 6.1; Win64; x64) AppleWebKit/537.36 (KHTML, like Gecko) Chrome/140.0.7339.0 Safari/537.36"
4.199.143.134 - - [07/May/2026:11:00:16 +0800] "GET /wp-content/themes/hello-elementor/assets/css/header-footer.css?ver=3.4.7 HTTP/1.1" 200 1423 "https://memo.carmel.wa.edu.au/" "Mozilla/5.0 (Windows NT 6.1; Win64; x64) AppleWebKit/537.36 (KHTML, like Gecko) Chrome/140.0.7339.0 Safari/537.36"
4.199.143.134 - - [07/May/2026:11:00:16 +0800] "GET /wp-content/plugins/elementor/assets/lib/eicons/css/elementor-icons.min.css?ver=5.48.0 HTTP/1.1" 200 4455 "https://memo.carmel.wa.edu.au/" "Mozilla/5.0 (Windows NT 6.1; Win64; x64) AppleWebKit/537.36 (KHTML, like Gecko) Chrome/140.0.7339.0 Safari/537.36"
4.199.143.134 - - [07/May/2026:11:00:16 +0800] "GET /wp-content/plugins/elementor/assets/css/frontend.min.css?ver=4.0.5 HTTP/1.1" 200 7271 "https://memo.carmel.wa.edu.au/" "Mozilla/5.0 (Windows NT 6.1; Win64; x64) AppleWebKit/537.36 (KHTML, like Gecko) Chrome/140.0.7339.0 Safari/537.36"
4.199.143.134 - - [07/May/2026:11:00:16 +0800] "GET /wp-content/plugins/elementor/assets/css/widget-image.min.css?ver=4.0.5 HTTP/1.1" 200 135 "https://memo.carmel.wa.edu.au/" "Mozilla/5.0 (Windows NT 6.1; Win64; x64) AppleWebKit/537.36 (KHTML, like Gecko) Chrome/140.0.7339.0 Safari/537.36"
4.199.143.134 - - [07/May/2026:11:00:16 +0800] "GET /wp-content/uploads/elementor/css/post-10.css?ver=1778122815 HTTP/1.1" 200 398 "https://memo.carmel.wa.edu.au/" "Mozilla/5.0 (Windows NT 6.1; Win64; x64) AppleWebKit/537.36 (KHTML, like Gecko) Chrome/140.0.7339.0 Safari/537.36"
4.199.143.134 - - [07/May/2026:11:00:16 +0800] "GET /wp-content/plugins/elementor/assets/css/widget-heading.min.css?ver=4.0.5 HTTP/1.1" 200 160 "https://memo.carmel.wa.edu.au/" "Mozilla/5.0 (Windows NT 6.1; Win64; x64) AppleWebKit/537.36 (KHTML, like Gecko) Chrome/140.0.7339.0 Safari/537.36"
4.199.143.134 - - [07/May/2026:11:00:16 +0800] "GET /wp-content/plugins/elementor/assets/lib/animations/styles/e-animation-float.min.css?ver=4.0.5 HTTP/1.1" 200 139 "https://memo.carmel.wa.edu.au/" "Mozilla/5.0 (Windows NT 6.1; Win64; x64) AppleWebKit/537.36 (KHTML, like Gecko) Chrome/140.0.7339.0 Safari/537.36"
4.199.143.134 - - [07/May/2026:11:00:16 +0800] "GET /wp-content/uploads/elementor/css/post-14.css?ver=1778122815 HTTP/1.1" 200 782 "https://memo.carmel.wa.edu.au/" "Mozilla/5.0 (Windows NT 6.1; Win64; x64) AppleWebKit/537.36 (KHTML, like Gecko) Chrome/140.0.7339.0 Safari/537.36"
4.199.143.134 - - [07/May/2026:11:00:16 +0800] "GET /wp-includes/js/jquery/jquery-migrate.min.js?ver=3.4.1 HTTP/1.1" 200 4872 "https://memo.carmel.wa.edu.au/" "Mozilla/5.0 (Windows NT 6.1; Win64; x64) AppleWebKit/537.36 (KHTML, like Gecko) Chrome/140.0.7339.0 Safari/537.36"
4.199.143.134 - - [07/May/2026:11:00:16 +0800] "GET /wp-includes/js/jquery/jquery.min.js?ver=3.7.1 HTTP/1.1" 200 30368 "https://memo.carmel.wa.edu.au/" "Mozilla/5.0 (Windows NT 6.1; Win64; x64) AppleWebKit/537.36 (KHTML, like Gecko) Chrome/140.0.7339.0 Safari/537.36"
4.199.143.134 - - [07/May/2026:11:00:16 +0800] "GET /wp-content/uploads/2023/11/Carmel-School-logo-300x85.png HTTP/1.1" 200 27831 "https://memo.carmel.wa.edu.au/" "Mozilla/5.0 (Windows NT 6.1; Win64; x64) AppleWebKit/537.36 (KHTML, like Gecko) Chrome/140.0.7339.0 Safari/537.36"
4.199.143.134 - - [07/May/2026:11:00:16 +0800] "GET /wp-content/themes/hello-elementor/assets/js/hello-frontend.js?ver=3.4.7 HTTP/1.1" 200 549 "https://memo.carmel.wa.edu.au/" "Mozilla/5.0 (Windows NT 6.1; Win64; x64) AppleWebKit/537.36 (KHTML, like Gecko) Chrome/140.0.7339.0 Safari/537.36"
4.199.143.134 - - [07/May/2026:11:00:16 +0800] "GET /wp-content/plugins/elementor/assets/js/webpack.runtime.min.js?ver=4.0.5 HTTP/1.1" 200 2496 "https://memo.carmel.wa.edu.au/" "Mozilla/5.0 (Windows NT 6.1; Win64; x64) AppleWebKit/537.36 (KHTML, like Gecko) Chrome/140.0.7339.0 Safari/537.36"
4.199.143.134 - - [07/May/2026:11:00:16 +0800] "GET /wp-includes/js/jquery/ui/core.min.js?ver=1.13.3 HTTP/1.1" 200 7106 "https://memo.carmel.wa.edu.au/" "Mozilla/5.0 (Windows NT 6.1; Win64; x64) AppleWebKit/537.36 (KHTML, like Gecko) Chrome/140.0.7339.0 Safari/537.36"
4.199.143.134 - - [07/May/2026:11:00:16 +0800] "GET /wp-content/plugins/elementor/assets/js/frontend.min.js?ver=4.0.5 HTTP/1.1" 200 10339 "https://memo.carmel.wa.edu.au/" "Mozilla/5.0 (Windows NT 6.1; Win64; x64) AppleWebKit/537.36 (KHTML, like Gecko) Chrome/140.0.7339.0 Safari/537.36"
4.199.143.134 - - [07/May/2026:11:00:16 +0800] "GET /wp-content/plugins/elementor/assets/js/frontend-modules.min.js?ver=4.0.5 HTTP/1.1" 200 15970 "https://memo.carmel.wa.edu.au/" "Mozilla/5.0 (Windows NT 6.1; Win64; x64) AppleWebKit/537.36 (KHTML, like Gecko) Chrome/140.0.7339.0 Safari/537.36"
4.199.143.134 - - [07/May/2026:11:00:17 +0800] "GET /favicon.ico HTTP/1.1" 404 196 "https://memo.carmel.wa.edu.au/" "Mozilla/5.0 (Windows NT 6.1; Win64; x64) AppleWebKit/537.36 (KHTML, like Gecko) Chrome/140.0.7339.0 Safari/537.36"
4.199.143.134 - - [07/May/2026:11:00:17 +0800] "GET /wp-content/plugins/elementor/assets/js/shared-frontend-handlers.03caa53373b56d3bab67.bundle.min.js HTTP/1.1" 200 2644 "https://memo.carmel.wa.edu.au/" "Mozilla/5.0 (Windows NT 6.1; Win64; x64) AppleWebKit/537.36 (KHTML, like Gecko) Chrome/140.0.7339.0 Safari/537.36"
4.199.143.134 - - [07/May/2026:11:00:17 +0800] "GET /wp-content/plugins/elementor/assets/js/section-frontend-handlers.d85ab872da118940910d.bundle.min.js HTTP/1.1" 200 269 "https://memo.carmel.wa.edu.au/" "Mozilla/5.0 (Windows NT 6.1; Win64; x64) AppleWebKit/537.36 (KHTML, like Gecko) Chrome/140.0.7339.0 Safari/537.36"
4.199.143.134 - - [07/May/2026:11:00:17 +0800] "GET /wp-content/plugins/elementor/assets/js/text-editor.45609661e409413f1cef.bundle.min.js HTTP/1.1" 200 648 "https://memo.carmel.wa.edu.au/" "Mozilla/5.0 (Windows NT 6.1; Win64; x64) AppleWebKit/537.36 (KHTML, like Gecko) Chrome/140.0.7339.0 Safari/537.36"
4.199.143.134 - - [07/May/2026:11:00:17 +0800] "GET /wp-includes/js/wp-emoji-release.min.js?ver=6.9.4 HTTP/1.1" 200 5375 "https://memo.carmel.wa.edu.au/" "Mozilla/5.0 (Windows NT 6.1; Win64; x64) AppleWebKit/537.36 (KHTML, like Gecko) Chrome/140.0.7339.0 Safari/537.36"
103.4.122.22 - - [07/May/2026:11:02:34 +0800] "GET /?login_required=1&user=ACS&mainwpsignature=MNkYXuAHK6Depesi7heDSvywES2CLk9P8oiRjBJukWP%2FqutR2Ur0nm4sF%2FNZJiKPtDAhJJx3NAxlNpIPSOcnv%2Bo5z2GjaneFhGftWhLteT8fz7bs1bp673acakQjUkTr774VnB%2FlZCzXYipaoobJdpxXtrvN6QnfAguCnB%2BQqSe0cTDHxjX1xwkSLt8Ef2FwyPj83xZSaPohAaBbyVXQSVc6gRG4W1FHmu6dckWbP6OKA8pzFpEBxCogkmimA4iHP5Z3qecD4cfGwQyL1snEpSVVqLu2PuMeD8%2FCYEqO3b6NejDMzA9og3fsEEnfGfbL922MKtcYrYeOdbg1qAm%2B9g%3D%3D&nonce=1296&where=plugins.php%3F_detect_plugins_updates%3Dyes&sign_algo=7 HTTP/1.1" 302 - "-" "WordPress/6.9.4; https://mainwp.rankaholics.com.au"
103.4.122.22 - - [07/May/2026:11:02:34 +0800] "GET /wp-admin/plugins.php?_detect_plugins_updates=yes HTTP/1.1" 200 20849 "-" "WordPress/6.9.4; https://mainwp.rankaholics.com.au"
103.4.122.22 - - [07/May/2026:11:02:37 +0800] "POST /wp-admin/admin-ajax.php HTTP/1.1" 200 3929 "http://mainwp.rankaholics.com.au" "Mozilla/5.0 (compatible; MainWP/6.0.12; +http://mainwp.com)"
103.4.122.14 - - [07/May/2026:11:08:28 +0800] "POST /wp-admin/admin-ajax.php?action=elementor_1_elementor_updater&nonce=ebc61b4c9c HTTP/1.1" 400 1 "-" "WordPress/6.9.4; https://memo.carmel.wa.edu.au"
103.4.122.22 - - [07/May/2026:11:08:27 +0800] "HEAD / HTTP/1.1" 200 - "http://mainwp.rankaholics.com.au" "Mozilla/5.0 (compatible; MainWP/6.0.12; +http://mainwp.com)"
103.4.122.22 - - [07/May/2026:11:08:29 +0800] "HEAD / HTTP/1.1" 200 - "http://mainwp.rankaholics.com.au" "Mozilla/5.0 (compatible; MainWP/6.0.12; +http://mainwp.com)"
173.252.87.115 - - [07/May/2026:12:19:40 +0800] "GET /robots.txt HTTP/1.1" 404 196 "-" "facebookexternalhit/1.1 (+http://www.facebook.com/externalhit_uatext.php)"
195.178.110.241 - - [07/May/2026:13:46:35 +0800] "GET /.git/config HTTP/1.1" 403 199 "-" "Mozilla/5.0 (Windows NT 6.1; rv:38.0) Gecko/20100101 Firefox/38.0"
103.4.122.14 - - [07/May/2026:14:04:04 +0800] "POST /wp-cron.php?doing_wp_cron=1778133843.9708950519561767578125 HTTP/1.1" 200 - "-" "WordPress/6.9.4; https://memo.carmel.wa.edu.au"
103.4.122.22 - - [07/May/2026:14:04:03 +0800] "HEAD / HTTP/1.1" 200 - "http://mainwp.rankaholics.com.au" "Mozilla/5.0 (compatible; MainWP/6.0.12; +http://mainwp.com)"
103.4.122.22 - - [07/May/2026:14:04:04 +0800] "HEAD / HTTP/1.1" 200 - "http://mainwp.rankaholics.com.au" "Mozilla/5.0 (compatible; MainWP/6.0.12; +http://mainwp.com)"
68.218.165.88 - - [07/May/2026:14:09:51 +0800] "GET / HTTP/1.1" 200 7224 "-" "Mozilla/5.0 (Windows NT 10.0; Win64; x64) AppleWebKit/537.36 (KHTML, like Gecko) Chrome/142.0.7444.163 Safari/537.36"
68.218.165.88 - - [07/May/2026:14:09:53 +0800] "GET /wp-content/themes/hello-elementor/assets/css/reset.css?ver=3.4.7 HTTP/1.1" 200 1792 "https://memo.carmel.wa.edu.au/" "Mozilla/5.0 (Windows NT 10.0; Win64; x64) AppleWebKit/537.36 (KHTML, like Gecko) Chrome/142.0.7444.163 Safari/537.36"
68.218.165.88 - - [07/May/2026:14:09:53 +0800] "GET /wp-content/themes/hello-elementor/assets/css/theme.css?ver=3.4.7 HTTP/1.1" 200 1271 "https://memo.carmel.wa.edu.au/" "Mozilla/5.0 (Windows NT 10.0; Win64; x64) AppleWebKit/537.36 (KHTML, like Gecko) Chrome/142.0.7444.163 Safari/537.36"
68.218.165.88 - - [07/May/2026:14:09:53 +0800] "GET /wp-content/uploads/elementor/css/post-10.css?ver=1778134192 HTTP/1.1" 200 398 "https://memo.carmel.wa.edu.au/" "Mozilla/5.0 (Windows NT 10.0; Win64; x64) AppleWebKit/537.36 (KHTML, like Gecko) Chrome/142.0.7444.163 Safari/537.36"
68.218.165.88 - - [07/May/2026:14:09:53 +0800] "GET /wp-content/themes/hello-elementor/assets/css/header-footer.css?ver=3.4.7 HTTP/1.1" 200 1423 "https://memo.carmel.wa.edu.au/" "Mozilla/5.0 (Windows NT 10.0; Win64; x64) AppleWebKit/537.36 (KHTML, like Gecko) Chrome/142.0.7444.163 Safari/537.36"
68.218.165.88 - - [07/May/2026:14:09:53 +0800] "GET /wp-content/plugins/elementor/assets/css/frontend.min.css?ver=4.0.7 HTTP/1.1" 200 7271 "https://memo.carmel.wa.edu.au/" "Mozilla/5.0 (Windows NT 10.0; Win64; x64) AppleWebKit/537.36 (KHTML, like Gecko) Chrome/142.0.7444.163 Safari/537.36"
68.218.165.88 - - [07/May/2026:14:09:53 +0800] "GET /wp-content/plugins/elementor/assets/css/widget-heading.min.css?ver=4.0.7 HTTP/1.1" 200 160 "https://memo.carmel.wa.edu.au/" "Mozilla/5.0 (Windows NT 10.0; Win64; x64) AppleWebKit/537.36 (KHTML, like Gecko) Chrome/142.0.7444.163 Safari/537.36"
68.218.165.88 - - [07/May/2026:14:09:53 +0800] "GET /wp-content/plugins/elementor/assets/css/widget-image.min.css?ver=4.0.7 HTTP/1.1" 200 135 "https://memo.carmel.wa.edu.au/" "Mozilla/5.0 (Windows NT 10.0; Win64; x64) AppleWebKit/537.36 (KHTML, like Gecko) Chrome/142.0.7444.163 Safari/537.36"
68.218.165.88 - - [07/May/2026:14:09:53 +0800] "GET /wp-content/plugins/elementor/assets/lib/eicons/css/elementor-icons.min.css?ver=5.48.0 HTTP/1.1" 200 4455 "https://memo.carmel.wa.edu.au/" "Mozilla/5.0 (Windows NT 10.0; Win64; x64) AppleWebKit/537.36 (KHTML, like Gecko) Chrome/142.0.7444.163 Safari/537.36"
68.218.165.88 - - [07/May/2026:14:09:53 +0800] "GET /wp-content/uploads/elementor/css/post-14.css?ver=1778134193 HTTP/1.1" 200 782 "https://memo.carmel.wa.edu.au/" "Mozilla/5.0 (Windows NT 10.0; Win64; x64) AppleWebKit/537.36 (KHTML, like Gecko) Chrome/142.0.7444.163 Safari/537.36"
68.218.165.88 - - [07/May/2026:14:09:53 +0800] "GET /wp-content/plugins/elementor/assets/lib/animations/styles/e-animation-float.min.css?ver=4.0.7 HTTP/1.1" 200 139 "https://memo.carmel.wa.edu.au/" "Mozilla/5.0 (Windows NT 10.0; Win64; x64) AppleWebKit/537.36 (KHTML, like Gecko) Chrome/142.0.7444.163 Safari/537.36"
68.218.165.88 - - [07/May/2026:14:09:53 +0800] "GET /wp-includes/js/jquery/jquery-migrate.min.js?ver=3.4.1 HTTP/1.1" 200 4872 "https://memo.carmel.wa.edu.au/" "Mozilla/5.0 (Windows NT 10.0; Win64; x64) AppleWebKit/537.36 (KHTML, like Gecko) Chrome/142.0.7444.163 Safari/537.36"
