103.172.76.41 - - [23/Apr/2026:09:44:55 +0800] "GET /wp-content/uploads/2023/11/Carmel-School-logo.png HTTP/1.1" 200 73584 "https://memo.carmel.wa.edu.au/" "Mozilla/5.0 (Windows NT 10.0; Win64; x64) AppleWebKit/537.36 (KHTML, like Gecko) Chrome/147.0.0.0 Safari/537.36"
103.172.76.41 - - [23/Apr/2026:09:44:55 +0800] "GET /wp-content/themes/hello-elementor/assets/js/hello-frontend.js?ver=3.4.7 HTTP/1.1" 200 549 "https://memo.carmel.wa.edu.au/" "Mozilla/5.0 (Windows NT 10.0; Win64; x64) AppleWebKit/537.36 (KHTML, like Gecko) Chrome/147.0.0.0 Safari/537.36"
103.172.76.41 - - [23/Apr/2026:09:44:55 +0800] "GET /wp-content/plugins/elementor/assets/js/webpack.runtime.min.js?ver=4.0.2 HTTP/1.1" 200 2496 "https://memo.carmel.wa.edu.au/" "Mozilla/5.0 (Windows NT 10.0; Win64; x64) AppleWebKit/537.36 (KHTML, like Gecko) Chrome/147.0.0.0 Safari/537.36"
103.172.76.41 - - [23/Apr/2026:09:44:55 +0800] "GET /wp-content/plugins/elementor/assets/js/frontend-modules.min.js?ver=4.0.2 HTTP/1.1" 200 15970 "https://memo.carmel.wa.edu.au/" "Mozilla/5.0 (Windows NT 10.0; Win64; x64) AppleWebKit/537.36 (KHTML, like Gecko) Chrome/147.0.0.0 Safari/537.36"
103.172.76.41 - - [23/Apr/2026:09:44:55 +0800] "GET /wp-includes/js/jquery/ui/core.min.js?ver=1.13.3 HTTP/1.1" 200 7106 "https://memo.carmel.wa.edu.au/" "Mozilla/5.0 (Windows NT 10.0; Win64; x64) AppleWebKit/537.36 (KHTML, like Gecko) Chrome/147.0.0.0 Safari/537.36"
103.172.76.41 - - [23/Apr/2026:09:44:55 +0800] "GET /wp-content/plugins/elementor/assets/js/frontend.min.js?ver=4.0.2 HTTP/1.1" 200 10339 "https://memo.carmel.wa.edu.au/" "Mozilla/5.0 (Windows NT 10.0; Win64; x64) AppleWebKit/537.36 (KHTML, like Gecko) Chrome/147.0.0.0 Safari/537.36"
103.172.76.41 - - [23/Apr/2026:09:44:55 +0800] "GET /wp-content/plugins/elementor/assets/js/section-frontend-handlers.d85ab872da118940910d.bundle.min.js HTTP/1.1" 200 269 "https://memo.carmel.wa.edu.au/" "Mozilla/5.0 (Windows NT 10.0; Win64; x64) AppleWebKit/537.36 (KHTML, like Gecko) Chrome/147.0.0.0 Safari/537.36"
103.172.76.41 - - [23/Apr/2026:09:44:55 +0800] "GET /wp-content/plugins/elementor/assets/js/shared-frontend-handlers.03caa53373b56d3bab67.bundle.min.js HTTP/1.1" 200 2644 "https://memo.carmel.wa.edu.au/" "Mozilla/5.0 (Windows NT 10.0; Win64; x64) AppleWebKit/537.36 (KHTML, like Gecko) Chrome/147.0.0.0 Safari/537.36"
103.172.76.41 - - [23/Apr/2026:09:44:55 +0800] "GET /wp-content/plugins/elementor/assets/js/text-editor.45609661e409413f1cef.bundle.min.js HTTP/1.1" 200 648 "https://memo.carmel.wa.edu.au/" "Mozilla/5.0 (Windows NT 10.0; Win64; x64) AppleWebKit/537.36 (KHTML, like Gecko) Chrome/147.0.0.0 Safari/537.36"
103.172.76.41 - - [23/Apr/2026:09:44:55 +0800] "GET /favicon.ico HTTP/1.1" 404 196 "https://memo.carmel.wa.edu.au/" "Mozilla/5.0 (Windows NT 10.0; Win64; x64) AppleWebKit/537.36 (KHTML, like Gecko) Chrome/147.0.0.0 Safari/537.36"
103.172.76.41 - - [23/Apr/2026:09:44:55 +0800] "GET /wp-includes/js/wp-emoji-release.min.js?ver=6.9.4 HTTP/1.1" 200 5375 "https://memo.carmel.wa.edu.au/" "Mozilla/5.0 (Windows NT 10.0; Win64; x64) AppleWebKit/537.36 (KHTML, like Gecko) Chrome/147.0.0.0 Safari/537.36"
103.4.122.13 - - [23/Apr/2026:10:22:37 +0800] "GET / HTTP/1.1" 200 29417 "https://wpmain.screwlooseit.com.au" "Mozilla/5.0 (compatible; MainWP/6.0.10; +http://mainwp.com)"
103.4.122.14 - - [23/Apr/2026:12:18:06 +0800] "POST /wp-cron.php?doing_wp_cron=1776917886.8272020816802978515625 HTTP/1.1" 200 - "-" "WordPress/6.9.4; https://memo.carmel.wa.edu.au"
103.4.122.13 - - [23/Apr/2026:12:18:05 +0800] "GET / HTTP/1.1" 200 29417 "https://wpmain.screwlooseit.com.au" "Mozilla/5.0 (compatible; MainWP/6.0.10; +http://mainwp.com)"
103.4.122.14 - - [23/Apr/2026:13:24:36 +0800] "POST /wp-cron.php?doing_wp_cron=1776921876.5548789501190185546875 HTTP/1.1" 200 - "-" "WordPress/6.9.4; https://memo.carmel.wa.edu.au"
103.4.122.13 - - [23/Apr/2026:13:24:36 +0800] "GET /?login_required=1&user=ACS&mainwpsignature=U49soDWRFhl%2FFUUCV8kpZLcpouK1tP8Av%2Bm9yUQR9djVBQ0HOxhjHO9YPr6k7rdxPHFG4fVWKHQ5TNP2rAxLpmRiztNoCoii0EYBqADOxZvPAyyKvPLS1y6Vb6CE2ezB%2Faa4pE8gzyhs%2F4lsQCYJwWYNOIp3f7UPTE61VTTi2z%2FZjoyKxDpjQCnFVxSdZSxmcax5fuhqGDORQdcfbhqw9RttmBwJBrl2I3nblM6v7LP2TXof%2Bf2SjK3BnIUWktd77hqj5WONyeZvdi2G0mJBFpABd1rGelvQut8SBTvi95oFuLNxXuhvY1zM%2FhABI65gwkC3W513QIllEJfmBQfDxw%3D%3D&nonce=8673&where=plugins.php%3F_detect_plugins_updates%3Dyes&sign_algo=7 HTTP/1.1" 302 - "-" "WordPress/6.9.4; https://wpmain.screwlooseit.com.au"
103.4.122.13 - - [23/Apr/2026:13:24:36 +0800] "GET /wp-admin/plugins.php?_detect_plugins_updates=yes HTTP/1.1" 200 22115 "-" "WordPress/6.9.4; https://wpmain.screwlooseit.com.au"
103.4.122.13 - - [23/Apr/2026:13:24:44 +0800] "POST /wp-admin/admin-ajax.php HTTP/1.1" 200 182841 "https://wpmain.screwlooseit.com.au" "Mozilla/5.0 (compatible; MainWP/6.0.10; +http://mainwp.com)"
103.4.122.14 - - [23/Apr/2026:13:24:47 +0800] "GET / HTTP/1.1" 200 7224 "-" "WordPress/6.9.4; https://memo.carmel.wa.edu.au"
103.4.122.13 - - [23/Apr/2026:13:24:46 +0800] "POST /wp-admin/admin-ajax.php HTTP/1.1" 200 21 "https://wpmain.screwlooseit.com.au" "Mozilla/5.0 (compatible; MainWP/6.0.10; +http://mainwp.com)"
103.65.236.131 - - [23/Apr/2026:13:34:24 +0800] "GET / HTTP/1.1" 403 199 "-" "Go-http-client/1.1"
103.4.122.14 - - [23/Apr/2026:15:03:08 +0800] "POST /wp-cron.php?doing_wp_cron=1776927788.4353539943695068359375 HTTP/1.1" 200 - "-" "WordPress/6.9.4; https://memo.carmel.wa.edu.au"
103.4.122.13 - - [23/Apr/2026:15:03:07 +0800] "GET / HTTP/1.1" 200 29417 "https://wpmain.screwlooseit.com.au" "Mozilla/5.0 (compatible; MainWP/6.0.10; +http://mainwp.com)"
103.4.122.14 - - [23/Apr/2026:23:32:38 +0800] "POST /wp-cron.php?doing_wp_cron=1776958358.6897480487823486328125 HTTP/1.1" 200 - "-" "WordPress/6.9.4; https://memo.carmel.wa.edu.au"
45.157.54.12 - - [23/Apr/2026:23:32:38 +0800] "POST /xmlrpc.php HTTP/1.1" 200 403 "-" "Mozilla/5.0 (Windows NT 10.0; Win64; x64) AppleWebKit/537.36 (KHTML, like Gecko) Chrome/127.0.0.0 Safari/537.36"
45.157.54.12 - - [23/Apr/2026:23:32:43 +0800] "POST /xmlrpc.php HTTP/1.1" 200 403 "-" "Mozilla/5.0 (Windows NT 10.0; Win64; x64) AppleWebKit/537.36 (KHTML, like Gecko) Chrome/127.0.0.0 Safari/537.36"
66.249.68.3 - - [24/Apr/2026:00:42:07 +0800] "GET /robots.txt HTTP/1.1" 404 196 "-" "Mozilla/5.0 (compatible; Googlebot/2.1; +http://www.google.com/bot.html)"
103.4.122.14 - - [24/Apr/2026:01:50:28 +0800] "POST /wp-cron.php?doing_wp_cron=1776966628.5569949150085449218750 HTTP/1.1" 200 - "-" "WordPress/6.9.4; https://memo.carmel.wa.edu.au"
103.4.122.13 - - [24/Apr/2026:01:50:26 +0800] "GET / HTTP/1.1" 200 29417 "https://wpmain.screwlooseit.com.au" "Mozilla/5.0 (compatible; MainWP/6.0.10; +http://mainwp.com)"
74.7.241.174 - - [24/Apr/2026:02:15:09 +0800] "GET /robots.txt HTTP/1.1" 404 196 "-" "Mozilla/5.0 (Macintosh; Intel Mac OS X 10_15_7) AppleWebKit/537.36 (KHTML, like Gecko) Chrome/131.0.0.0 Safari/537.36; compatible; OAI-SearchBot/1.3; robots.txt; +https://openai.com/searchbot"
74.7.227.129 - - [24/Apr/2026:02:15:10 +0800] "GET / HTTP/1.1" 200 7222 "-" "Mozilla/5.0 AppleWebKit/537.36 (KHTML, like Gecko; compatible; GPTBot/1.3; +https://openai.com/gptbot)"
74.7.241.174 - - [24/Apr/2026:02:15:11 +0800] "GET /robots.txt HTTP/1.1" 404 196 "-" "Mozilla/5.0 (Macintosh; Intel Mac OS X 10_15_7) AppleWebKit/537.36 (KHTML, like Gecko) Chrome/131.0.0.0 Safari/537.36; compatible; OAI-SearchBot/1.3; robots.txt; +https://openai.com/searchbot"
74.7.227.129 - - [24/Apr/2026:02:15:12 +0800] "GET /xmlrpc.php?rsd HTTP/1.1" 200 319 "https://memo.carmel.wa.edu.au/" "Mozilla/5.0 AppleWebKit/537.36 (KHTML, like Gecko; compatible; GPTBot/1.3; +https://openai.com/gptbot)"
74.7.227.129 - - [24/Apr/2026:02:15:15 +0800] "GET /wp-content/uploads/elementor/css/post-10.css?ver=1776399734 HTTP/1.1" 200 398 "https://memo.carmel.wa.edu.au/" "Mozilla/5.0 AppleWebKit/537.36 (KHTML, like Gecko; compatible; GPTBot/1.3; +https://openai.com/gptbot)"
74.7.227.129 - - [24/Apr/2026:02:15:18 +0800] "GET /wp-content/uploads/elementor/css/post-14.css?ver=1776399734 HTTP/1.1" 200 782 "https://memo.carmel.wa.edu.au/" "Mozilla/5.0 AppleWebKit/537.36 (KHTML, like Gecko; compatible; GPTBot/1.3; +https://openai.com/gptbot)"
74.7.227.129 - - [24/Apr/2026:02:15:20 +0800] "GET /wp-content/themes/hello-elementor/assets/js/hello-frontend.js?ver=3.4.7 HTTP/1.1" 200 549 "https://memo.carmel.wa.edu.au/" "Mozilla/5.0 AppleWebKit/537.36 (KHTML, like Gecko; compatible; GPTBot/1.3; +https://openai.com/gptbot)"
74.7.227.129 - - [24/Apr/2026:02:15:22 +0800] "GET /wp-content/uploads/elementor/google-fonts/css/roboto.css?ver=1742691105 HTTP/1.1" 200 2873 "https://memo.carmel.wa.edu.au" "Mozilla/5.0 AppleWebKit/537.36 (KHTML, like Gecko; compatible; GPTBot/1.3; +https://openai.com/gptbot)"
74.7.227.129 - - [24/Apr/2026:02:15:24 +0800] "GET /wp-content/uploads/elementor/google-fonts/css/robotoslab.css?ver=1742691113 HTTP/1.1" 200 963 "https://memo.carmel.wa.edu.au" "Mozilla/5.0 AppleWebKit/537.36 (KHTML, like Gecko; compatible; GPTBot/1.3; +https://openai.com/gptbot)"
74.7.227.129 - - [24/Apr/2026:02:15:26 +0800] "GET /wp-includes/js/jquery/jquery.min.js?ver=3.7.1 HTTP/1.1" 200 30368 "https://memo.carmel.wa.edu.au/" "Mozilla/5.0 AppleWebKit/537.36 (KHTML, like Gecko; compatible; GPTBot/1.3; +https://openai.com/gptbot)"
74.7.227.129 - - [24/Apr/2026:02:15:27 +0800] "GET /?feed=rss2 HTTP/1.1" 200 748 "https://memo.carmel.wa.edu.au/" "Mozilla/5.0 AppleWebKit/537.36 (KHTML, like Gecko; compatible; GPTBot/1.3; +https://openai.com/gptbot)"
74.7.227.129 - - [24/Apr/2026:02:15:29 +0800] "GET /wp-includes/js/jquery/ui/core.min.js?ver=1.13.3 HTTP/1.1" 200 7106 "https://memo.carmel.wa.edu.au/" "Mozilla/5.0 AppleWebKit/537.36 (KHTML, like Gecko; compatible; GPTBot/1.3; +https://openai.com/gptbot)"
74.7.227.129 - - [24/Apr/2026:02:15:30 +0800] "GET /wp-content/plugins/elementor/assets/lib/eicons/css/elementor-icons.min.css?ver=5.48.0 HTTP/1.1" 200 4455 "https://memo.carmel.wa.edu.au/" "Mozilla/5.0 AppleWebKit/537.36 (KHTML, like Gecko; compatible; GPTBot/1.3; +https://openai.com/gptbot)"
74.7.227.129 - - [24/Apr/2026:02:15:31 +0800] "GET /?feed=comments-rss2 HTTP/1.1" 200 749 "https://memo.carmel.wa.edu.au/" "Mozilla/5.0 AppleWebKit/537.36 (KHTML, like Gecko; compatible; GPTBot/1.3; +https://openai.com/gptbot)"
74.7.227.129 - - [24/Apr/2026:02:15:32 +0800] "GET /index.php?rest_route=/wp/v2/pages/14 HTTP/1.1" 200 6396 "https://memo.carmel.wa.edu.au/" "Mozilla/5.0 AppleWebKit/537.36 (KHTML, like Gecko; compatible; GPTBot/1.3; +https://openai.com/gptbot)"
74.7.227.129 - - [24/Apr/2026:02:15:33 +0800] "GET /index.php?rest_route=%2Foembed%2F1.0%2Fembed&url=https%3A%2F%2Fmemo.carmel.wa.edu.au%2F HTTP/1.1" 200 2129 "https://memo.carmel.wa.edu.au/" "Mozilla/5.0 AppleWebKit/537.36 (KHTML, like Gecko; compatible; GPTBot/1.3; +https://openai.com/gptbot)"
74.7.227.129 - - [24/Apr/2026:02:15:35 +0800] "GET /wp-includes/js/jquery/jquery-migrate.min.js?ver=3.4.1 HTTP/1.1" 200 4872 "https://memo.carmel.wa.edu.au/" "Mozilla/5.0 AppleWebKit/537.36 (KHTML, like Gecko; compatible; GPTBot/1.3; +https://openai.com/gptbot)"
74.7.227.129 - - [24/Apr/2026:02:15:35 +0800] "GET /wp-includes/js/wp-emoji-release.min.js?ver=6.9.4 HTTP/1.1" 200 5375 "https://memo.carmel.wa.edu.au/" "Mozilla/5.0 AppleWebKit/537.36 (KHTML, like Gecko; compatible; GPTBot/1.3; +https://openai.com/gptbot)"
74.7.227.129 - - [24/Apr/2026:02:15:36 +0800] "GET /wp-content/uploads/elementor/google-fonts/fonts/roboto-kfo7cnqeu92fr1me7ksn66agldtyluama3oubgee.woff2 HTTP/1.1" 200 13004 "http://memo.carmel.wa.edu.au/wp-content/uploads/elementor/google-fonts/css/roboto.css?ver=1742691105" "Mozilla/5.0 AppleWebKit/537.36 (KHTML, like Gecko; compatible; GPTBot/1.3; +https://openai.com/gptbot)"
74.7.227.129 - - [24/Apr/2026:02:15:37 +0800] "GET /wp-content/uploads/elementor/google-fonts/fonts/roboto-kfo7cnqeu92fr1me7ksn66agldtyluama3gubgee.woff2 HTTP/1.1" 200 35568 "http://memo.carmel.wa.edu.au/wp-content/uploads/elementor/google-fonts/css/roboto.css?ver=1742691105" "Mozilla/5.0 AppleWebKit/537.36 (KHTML, like Gecko; compatible; GPTBot/1.3; +https://openai.com/gptbot)"
74.7.227.129 - - [24/Apr/2026:02:15:37 +0800] "GET /wp-content/uploads/elementor/google-fonts/fonts/roboto-kfo7cnqeu92fr1me7ksn66agldtyluamawcubgee.woff2 HTTP/1.1" 200 40572 "http://memo.carmel.wa.edu.au/wp-content/uploads/elementor/google-fonts/css/roboto.css?ver=1742691105" "Mozilla/5.0 AppleWebKit/537.36 (KHTML, like Gecko; compatible; GPTBot/1.3; +https://openai.com/gptbot)"
74.7.227.129 - - [24/Apr/2026:02:15:38 +0800] "GET /wp-content/uploads/elementor/google-fonts/fonts/roboto-kfo5cnqeu92fr1mu53zec9_vu3r1gihoszmkbxkawzu.woff2 HTTP/1.1" 200 18800 "http://memo.carmel.wa.edu.au/wp-content/uploads/elementor/google-fonts/css/roboto.css?ver=1742691105" "Mozilla/5.0 AppleWebKit/537.36 (KHTML, like Gecko; compatible; GPTBot/1.3; +https://openai.com/gptbot)"
74.7.227.129 - - [24/Apr/2026:02:15:38 +0800] "GET /wp-content/uploads/elementor/google-fonts/fonts/roboto-kfo5cnqeu92fr1mu53zec9_vu3r1gihoszmkcxkawzu.woff2 HTTP/1.1" 200 13888 "http://memo.carmel.wa.edu.au/wp-content/uploads/elementor/google-fonts/css/roboto.css?ver=1742691105" "Mozilla/5.0 AppleWebKit/537.36 (KHTML, like Gecko; compatible; GPTBot/1.3; +https://openai.com/gptbot)"
74.7.227.129 - - [24/Apr/2026:02:15:39 +0800] "GET /wp-content/uploads/elementor/google-fonts/fonts/roboto-kfo5cnqeu92fr1mu53zec9_vu3r1gihoszmkbnka.woff2 HTTP/1.1" 200 44192 "http://memo.carmel.wa.edu.au/wp-content/uploads/elementor/google-fonts/css/roboto.css?ver=1742691105" "Mozilla/5.0 AppleWebKit/537.36 (KHTML, like Gecko; compatible; GPTBot/1.3; +https://openai.com/gptbot)"
74.7.227.129 - - [24/Apr/2026:02:15:39 +0800] "GET /wp-content/uploads/elementor/google-fonts/fonts/roboto-kfo5cnqeu92fr1mu53zec9_vu3r1gihoszmkankawzu.woff2 HTTP/1.1" 200 24576 "http://memo.carmel.wa.edu.au/wp-content/uploads/elementor/google-fonts/css/roboto.css?ver=1742691105" "Mozilla/5.0 AppleWebKit/537.36 (KHTML, like Gecko; compatible; GPTBot/1.3; +https://openai.com/gptbot)"
74.7.227.129 - - [24/Apr/2026:02:15:40 +0800] "GET /wp-content/uploads/elementor/google-fonts/fonts/roboto-kfo5cnqeu92fr1mu53zec9_vu3r1gihoszmkcnkawzu.woff2 HTTP/1.1" 200 4468 "http://memo.carmel.wa.edu.au/wp-content/uploads/elementor/google-fonts/css/roboto.css?ver=1742691105" "Mozilla/5.0 AppleWebKit/537.36 (KHTML, like Gecko; compatible; GPTBot/1.3; +https://openai.com/gptbot)"
74.7.227.129 - - [24/Apr/2026:02:15:40 +0800] "GET /wp-content/uploads/elementor/google-fonts/fonts/roboto-kfo5cnqeu92fr1mu53zec9_vu3r1gihoszmkahkawzu.woff2 HTTP/1.1" 200 22288 "http://memo.carmel.wa.edu.au/wp-content/uploads/elementor/google-fonts/css/roboto.css?ver=1742691105" "Mozilla/5.0 AppleWebKit/537.36 (KHTML, like Gecko; compatible; GPTBot/1.3; +https://openai.com/gptbot)"
74.7.227.129 - - [24/Apr/2026:02:15:41 +0800] "GET /wp-content/uploads/elementor/google-fonts/fonts/roboto-kfo5cnqeu92fr1mu53zec9_vu3r1gihoszmkenkawzu.woff2 HTTP/1.1" 200 44336 "http://memo.carmel.wa.edu.au/wp-content/uploads/elementor/google-fonts/css/roboto.css?ver=1742691105" "Mozilla/5.0 AppleWebKit/537.36 (KHTML, like Gecko; compatible; GPTBot/1.3; +https://openai.com/gptbot)"
74.7.227.129 - - [24/Apr/2026:02:15:41 +0800] "GET /wp-content/uploads/elementor/google-fonts/fonts/roboto-kfo5cnqeu92fr1mu53zec9_vu3r1gihoszmkchkawzu.woff2 HTTP/1.1" 200 28536 "http://memo.carmel.wa.edu.au/wp-content/uploads/elementor/google-fonts/css/roboto.css?ver=1742691105" "Mozilla/5.0 AppleWebKit/537.36 (KHTML, like Gecko; compatible; GPTBot/1.3; +https://openai.com/gptbot)"
74.7.227.129 - - [24/Apr/2026:02:15:42 +0800] "GET /wp-content/uploads/elementor/google-fonts/fonts/roboto-kfo7cnqeu92fr1me7ksn66agldtyluama3-ubgee.woff2 HTTP/1.1" 200 17628 "http://memo.carmel.wa.edu.au/wp-content/uploads/elementor/google-fonts/css/roboto.css?ver=1742691105" "Mozilla/5.0 AppleWebKit/537.36 (KHTML, like Gecko; compatible; GPTBot/1.3; +https://openai.com/gptbot)"
74.7.227.129 - - [24/Apr/2026:02:15:42 +0800] "GET /wp-content/uploads/elementor/google-fonts/fonts/roboto-kfo5cnqeu92fr1mu53zec9_vu3r1gihoszmkc3kawzu.woff2 HTTP/1.1" 200 39456 "http://memo.carmel.wa.edu.au/wp-content/uploads/elementor/google-fonts/css/roboto.css?ver=1742691105" "Mozilla/5.0 AppleWebKit/537.36 (KHTML, like Gecko; compatible; GPTBot/1.3; +https://openai.com/gptbot)"
74.7.227.129 - - [24/Apr/2026:02:15:43 +0800] "GET /wp-content/uploads/elementor/google-fonts/fonts/roboto-kfo7cnqeu92fr1me7ksn66agldtyluama3yuba.woff2 HTTP/1.1" 200 40128 "http://memo.carmel.wa.edu.au/wp-content/uploads/elementor/google-fonts/css/roboto.css?ver=1742691105" "Mozilla/5.0 AppleWebKit/537.36 (KHTML, like Gecko; compatible; GPTBot/1.3; +https://openai.com/gptbot)"
74.7.227.129 - - [24/Apr/2026:02:15:44 +0800] "GET /wp-content/uploads/elementor/google-fonts/fonts/roboto-kfo7cnqeu92fr1me7ksn66agldtyluama3iubgee.woff2 HTTP/1.1" 200 22796 "http://memo.carmel.wa.edu.au/wp-content/uploads/elementor/google-fonts/css/roboto.css?ver=1742691105" "Mozilla/5.0 AppleWebKit/537.36 (KHTML, like Gecko; compatible; GPTBot/1.3; +https://openai.com/gptbot)"
74.7.227.129 - - [24/Apr/2026:02:15:44 +0800] "GET /wp-content/uploads/elementor/google-fonts/fonts/roboto-kfo7cnqeu92fr1me7ksn66agldtyluama3cubgee.woff2 HTTP/1.1" 200 4340 "http://memo.carmel.wa.edu.au/wp-content/uploads/elementor/google-fonts/css/roboto.css?ver=1742691105" "Mozilla/5.0 AppleWebKit/537.36 (KHTML, like Gecko; compatible; GPTBot/1.3; +https://openai.com/gptbot)"
74.7.227.129 - - [24/Apr/2026:02:15:45 +0800] "GET /wp-content/uploads/elementor/google-fonts/fonts/roboto-kfo7cnqeu92fr1me7ksn66agldtyluama3kubgee.woff2 HTTP/1.1" 200 26428 "http://memo.carmel.wa.edu.au/wp-content/uploads/elementor/google-fonts/css/roboto.css?ver=1742691105" "Mozilla/5.0 AppleWebKit/537.36 (KHTML, like Gecko; compatible; GPTBot/1.3; +https://openai.com/gptbot)"
74.7.227.129 - - [24/Apr/2026:02:15:45 +0800] "GET /wp-content/uploads/elementor/google-fonts/fonts/roboto-kfo7cnqeu92fr1me7ksn66agldtyluamaxkubgee.woff2 HTTP/1.1" 200 20408 "http://memo.carmel.wa.edu.au/wp-content/uploads/elementor/google-fonts/css/roboto.css?ver=1742691105" "Mozilla/5.0 AppleWebKit/537.36 (KHTML, like Gecko; compatible; GPTBot/1.3; +https://openai.com/gptbot)"
74.7.227.129 - - [24/Apr/2026:02:15:46 +0800] "GET /wp-content/uploads/elementor/google-fonts/fonts/robotoslab-bngmuxzytxpivibgjjsb6ufc5qw54a.woff2 HTTP/1.1" 200 9872 "http://memo.carmel.wa.edu.au/wp-content/uploads/elementor/google-fonts/css/robotoslab.css?ver=1742691113" "Mozilla/5.0 AppleWebKit/537.36 (KHTML, like Gecko; compatible; GPTBot/1.3; +https://openai.com/gptbot)"
74.7.227.129 - - [24/Apr/2026:02:15:46 +0800] "GET /wp-content/uploads/elementor/google-fonts/fonts/robotoslab-bngmuxzytxpivibgjjsb6ufb5qw54a.woff2 HTTP/1.1" 200 2184 "http://memo.carmel.wa.edu.au/wp-content/uploads/elementor/google-fonts/css/robotoslab.css?ver=1742691113" "Mozilla/5.0 AppleWebKit/537.36 (KHTML, like Gecko; compatible; GPTBot/1.3; +https://openai.com/gptbot)"
74.7.227.129 - - [24/Apr/2026:02:15:47 +0800] "GET /wp-content/uploads/elementor/google-fonts/fonts/robotoslab-bngmuxzytxpivibgjjsb6ufo5qw54a.woff2 HTTP/1.1" 200 14852 "http://memo.carmel.wa.edu.au/wp-content/uploads/elementor/google-fonts/css/robotoslab.css?ver=1742691113" "Mozilla/5.0 AppleWebKit/537.36 (KHTML, like Gecko; compatible; GPTBot/1.3; +https://openai.com/gptbot)"
74.7.227.129 - - [24/Apr/2026:02:15:47 +0800] "GET /wp-content/uploads/elementor/google-fonts/fonts/robotoslab-bngmuxzytxpivibgjjsb6ufj5qw54a.woff2 HTTP/1.1" 200 21272 "http://memo.carmel.wa.edu.au/wp-content/uploads/elementor/google-fonts/css/robotoslab.css?ver=1742691113" "Mozilla/5.0 AppleWebKit/537.36 (KHTML, like Gecko; compatible; GPTBot/1.3; +https://openai.com/gptbot)"
74.7.227.129 - - [24/Apr/2026:02:15:48 +0800] "GET /wp-content/uploads/elementor/google-fonts/fonts/robotoslab-bngmuxzytxpivibgjjsb6ufd5qw54a.woff2 HTTP/1.1" 200 20760 "http://memo.carmel.wa.edu.au/wp-content/uploads/elementor/google-fonts/css/robotoslab.css?ver=1742691113" "Mozilla/5.0 AppleWebKit/537.36 (KHTML, like Gecko; compatible; GPTBot/1.3; +https://openai.com/gptbot)"
74.7.227.129 - - [24/Apr/2026:02:15:48 +0800] "GET /wp-content/uploads/elementor/google-fonts/fonts/robotoslab-bngmuxzytxpivibgjjsb6ufa5qw54a.woff2 HTTP/1.1" 200 32284 "http://memo.carmel.wa.edu.au/wp-content/uploads/elementor/google-fonts/css/robotoslab.css?ver=1742691113" "Mozilla/5.0 AppleWebKit/537.36 (KHTML, like Gecko; compatible; GPTBot/1.3; +https://openai.com/gptbot)"
74.7.227.129 - - [24/Apr/2026:02:15:49 +0800] "GET /wp-content/uploads/elementor/google-fonts/fonts/robotoslab-bngmuxzytxpivibgjjsb6ufn5qu.woff2 HTTP/1.1" 200 34328 "http://memo.carmel.wa.edu.au/wp-content/uploads/elementor/google-fonts/css/robotoslab.css?ver=1742691113" "Mozilla/5.0 AppleWebKit/537.36 (KHTML, like Gecko; compatible; GPTBot/1.3; +https://openai.com/gptbot)"
74.7.227.129 - - [24/Apr/2026:02:15:50 +0800] "GET /wp-includes/js/',b,' HTTP/1.1" 404 196 "https://memo.carmel.wa.edu.au/wp-includes/js/wp-emoji-release.min.js?ver=6.9.4" "Mozilla/5.0 AppleWebKit/537.36 (KHTML, like Gecko; compatible; GPTBot/1.3; +https://openai.com/gptbot)"
74.7.227.129 - - [24/Apr/2026:02:15:50 +0800] "GET /index.php?format=xml&rest_route=%2Foembed%2F1.0%2Fembed&url=https%3A%2F%2Fmemo.carmel.wa.edu.au%2F HTTP/1.1" 200 1098 "https://memo.carmel.wa.edu.au/" "Mozilla/5.0 AppleWebKit/537.36 (KHTML, like Gecko; compatible; GPTBot/1.3; +https://openai.com/gptbot)"
74.7.227.129 - - [24/Apr/2026:02:15:52 +0800] "GET /?author=1 HTTP/1.1" 200 5234 "https://memo.carmel.wa.edu.au/index.php?format=xml&rest_route=%2Foembed%2F1.0%2Fembed&url=https%3A%2F%2Fmemo.carmel.wa.edu.au%2F" "Mozilla/5.0 AppleWebKit/537.36 (KHTML, like Gecko; compatible; GPTBot/1.3; +https://openai.com/gptbot)"
74.7.227.129 - - [24/Apr/2026:02:15:54 +0800] "GET /?author=1&feed=rss2 HTTP/1.1" 200 766 "https://memo.carmel.wa.edu.au/?author=1" "Mozilla/5.0 AppleWebKit/537.36 (KHTML, like Gecko; compatible; GPTBot/1.3; +https://openai.com/gptbot)"
74.7.227.129 - - [24/Apr/2026:02:15:54 +0800] "GET /wp-includes/css/dist/block-library/style.min.css?ver=6.9.4 HTTP/1.1" 200 15916 "https://memo.carmel.wa.edu.au/?author=1" "Mozilla/5.0 AppleWebKit/537.36 (KHTML, like Gecko; compatible; GPTBot/1.3; +https://openai.com/gptbot)"
74.7.227.129 - - [24/Apr/2026:02:15:55 +0800] "GET /?p=4 HTTP/1.1" 200 6023 "https://memo.carmel.wa.edu.au/?author=1" "Mozilla/5.0 AppleWebKit/537.36 (KHTML, like Gecko; compatible; GPTBot/1.3; +https://openai.com/gptbot)"
74.7.227.129 - - [24/Apr/2026:02:15:56 +0800] "GET /index.php?rest_route=/wp/v2/users/1 HTTP/1.1" 200 900 "https://memo.carmel.wa.edu.au/?author=1" "Mozilla/5.0 AppleWebKit/537.36 (KHTML, like Gecko; compatible; GPTBot/1.3; +https://openai.com/gptbot)"
74.7.227.129 - - [24/Apr/2026:02:15:57 +0800] "GET /?p=1 HTTP/1.1" 200 6740 "https://memo.carmel.wa.edu.au/?author=1" "Mozilla/5.0 AppleWebKit/537.36 (KHTML, like Gecko; compatible; GPTBot/1.3; +https://openai.com/gptbot)"
74.7.227.129 - - [24/Apr/2026:02:15:58 +0800] "GET /wp-includes/js/comment-reply.min.js?ver=6.9.4 HTTP/1.1" 200 1375 "https://memo.carmel.wa.edu.au/?p=4" "Mozilla/5.0 AppleWebKit/537.36 (KHTML, like Gecko; compatible; GPTBot/1.3; +https://openai.com/gptbot)"
74.7.227.129 - - [24/Apr/2026:02:15:58 +0800] "GET /index.php?format=xml&rest_route=%2Foembed%2F1.0%2Fembed&url=https%3A%2F%2Fmemo.carmel.wa.edu.au%2F%3Fp%3D4 HTTP/1.1" 200 1109 "https://memo.carmel.wa.edu.au/?p=4" "Mozilla/5.0 AppleWebKit/537.36 (KHTML, like Gecko; compatible; GPTBot/1.3; +https://openai.com/gptbot)"
74.7.227.129 - - [24/Apr/2026:02:15:59 +0800] "GET /?feed=rss2&p=4 HTTP/1.1" 200 424 "https://memo.carmel.wa.edu.au/?p=4" "Mozilla/5.0 AppleWebKit/537.36 (KHTML, like Gecko; compatible; GPTBot/1.3; +https://openai.com/gptbot)"
74.7.227.129 - - [24/Apr/2026:02:16:00 +0800] "GET /index.php?rest_route=%2Foembed%2F1.0%2Fembed&url=https%3A%2F%2Fmemo.carmel.wa.edu.au%2F%3Fp%3D4 HTTP/1.1" 200 2163 "https://memo.carmel.wa.edu.au/?p=4" "Mozilla/5.0 AppleWebKit/537.36 (KHTML, like Gecko; compatible; GPTBot/1.3; +https://openai.com/gptbot)"
74.7.227.129 - - [24/Apr/2026:02:16:01 +0800] "GET /index.php?rest_route=/wp/v2/posts/4 HTTP/1.1" 200 2035 "https://memo.carmel.wa.edu.au/?p=4" "Mozilla/5.0 AppleWebKit/537.36 (KHTML, like Gecko; compatible; GPTBot/1.3; +https://openai.com/gptbot)"
74.7.227.129 - - [24/Apr/2026:02:16:02 +0800] "GET /index.php?rest_route=/wp/v2/posts/1 HTTP/1.1" 200 2061 "https://memo.carmel.wa.edu.au/?p=1" "Mozilla/5.0 AppleWebKit/537.36 (KHTML, like Gecko; compatible; GPTBot/1.3; +https://openai.com/gptbot)"
74.7.227.129 - - [24/Apr/2026:02:16:03 +0800] "GET /index.php?format=xml&rest_route=%2Foembed%2F1.0%2Fembed&url=https%3A%2F%2Fmemo.carmel.wa.edu.au%2F%3Fp%3D1 HTTP/1.1" 200 1110 "https://memo.carmel.wa.edu.au/?p=1" "Mozilla/5.0 AppleWebKit/537.36 (KHTML, like Gecko; compatible; GPTBot/1.3; +https://openai.com/gptbot)"
74.7.227.129 - - [24/Apr/2026:02:16:04 +0800] "GET /?feed=rss2&p=1 HTTP/1.1" 200 745 "https://memo.carmel.wa.edu.au/?p=1" "Mozilla/5.0 AppleWebKit/537.36 (KHTML, like Gecko; compatible; GPTBot/1.3; +https://openai.com/gptbot)"
74.7.227.129 - - [24/Apr/2026:02:16:04 +0800] "GET /index.php?rest_route=%2Foembed%2F1.0%2Fembed&url=https%3A%2F%2Fmemo.carmel.wa.edu.au%2F%3Fp%3D1 HTTP/1.1" 200 2163 "https://memo.carmel.wa.edu.au/?p=1" "Mozilla/5.0 AppleWebKit/537.36 (KHTML, like Gecko; compatible; GPTBot/1.3; +https://openai.com/gptbot)"
57.141.14.27 - - [24/Apr/2026:05:38:31 +0800] "GET /robots.txt HTTP/1.1" 404 196 "-" "facebookexternalhit/1.1 (+http://www.facebook.com/externalhit_uatext.php)"
103.4.122.14 - - [24/Apr/2026:05:38:37 +0800] "POST /wp-cron.php?doing_wp_cron=1776980317.2705609798431396484375 HTTP/1.1" 200 - "-" "WordPress/6.9.4; https://memo.carmel.wa.edu.au"
57.141.14.79 - - [24/Apr/2026:05:38:36 +0800] "GET / HTTP/1.1" 200 29417 "-" "meta-externalagent/1.1 (+https://developers.facebook.com/docs/sharing/webmasters/crawler)"
103.4.122.13 - - [24/Apr/2026:10:33:24 +0800] "GET /wp-cron.php HTTP/1.1" 200 - "-" "WordPress/6.9.4; https://wpmain.screwlooseit.com.au"
103.4.122.13 - - [24/Apr/2026:10:35:20 +0800] "GET /?login_required=1&user=ACS&mainwpsignature=2aXyMkhBAcEBLdmkrjrr44COCKhG4hovi1NuLAcmugV8fmXkEs%2F22vaj6yShibUGaVpggq5EUStqiVmx6OlTw49W%2B0U2puXadwKOOml9vzGY51KE0foCFtCVWl9%2FoDbHzjo%2F2utDyZMVTXfS9hieD2PTZ9R5j2KqeqzxPczzmywKj0B5dZVdaGaOTxyKPoJiCxgnY54FjzW%2BLnsGD5ph%2FKquEp64LvSEVQAN41UmX0XJQrlGUyori0JBKBNCiIgf%2F7fm71nE%2Bh5edO4Ecqz6KBzQyUvO18GlqdLVmiW4qZRWbyBZVEhmyS1NU8g9RWVXutbgNf0syKlZBnU%2BZ%2F5eqA%3D%3D&nonce=9929&where=plugins.php%3F_detect_plugins_updates%3Dyes&sign_algo=7 HTTP/1.1" 302 - "-" "WordPress/6.9.4; https://wpmain.screwlooseit.com.au"
103.4.122.13 - - [24/Apr/2026:10:35:21 +0800] "GET /wp-admin/plugins.php?_detect_plugins_updates=yes HTTP/1.1" 200 22170 "-" "WordPress/6.9.4; https://wpmain.screwlooseit.com.au"
103.4.122.13 - - [24/Apr/2026:10:35:23 +0800] "POST /wp-admin/admin-ajax.php HTTP/1.1" 200 184641 "https://wpmain.screwlooseit.com.au" "Mozilla/5.0 (compatible; MainWP/6.0.10; +http://mainwp.com)"
103.4.122.14 - - [24/Apr/2026:10:35:30 +0800] "GET / HTTP/1.1" 200 7223 "-" "WordPress/6.9.4; https://memo.carmel.wa.edu.au"
103.4.122.13 - - [24/Apr/2026:10:35:29 +0800] "POST /wp-admin/admin-ajax.php HTTP/1.1" 200 21 "https://wpmain.screwlooseit.com.au" "Mozilla/5.0 (compatible; MainWP/6.0.10; +http://mainwp.com)"
34.44.58.154 - - [24/Apr/2026:10:48:32 +0800] "POST / HTTP/1.1" 200 7222 "https://memo.carmel.wa.edu.au/" "Mozilla/5.0 (Macintosh; Intel Mac OS X 10_15_7) AppleWebKit/537.36 (KHTML, like Gecko) Chrome/135.0.0.0 Safari/537.36"
103.4.122.14 - - [24/Apr/2026:13:16:25 +0800] "POST /wp-cron.php?doing_wp_cron=1777007785.7717111110687255859375 HTTP/1.1" 200 - "-" "WordPress/6.9.4; https://memo.carmel.wa.edu.au"
103.4.122.13 - - [24/Apr/2026:13:16:24 +0800] "GET / HTTP/1.1" 200 29417 "https://wpmain.screwlooseit.com.au" "Mozilla/5.0 (compatible; MainWP/6.0.10; +http://mainwp.com)"
103.4.122.14 - - [24/Apr/2026:13:16:31 +0800] "POST /wp-cron.php HTTP/1.1" 200 - "-" "WordPress/6.9.4; https://memo.carmel.wa.edu.au"
103.4.122.14 - - [24/Apr/2026:13:16:31 +0800] "GET / HTTP/1.1" 200 7222 "-" "WordPress/6.9.4; https://memo.carmel.wa.edu.au"
103.4.122.14 - - [24/Apr/2026:13:16:34 +0800] "GET / HTTP/1.1" 200 7222 "-" "WordPress/6.9.4; https://memo.carmel.wa.edu.au"
103.4.122.14 - - [24/Apr/2026:13:16:35 +0800] "GET / HTTP/1.1" 200 7222 "-" "WordPress/6.9.4; https://memo.carmel.wa.edu.au"
103.4.122.14 - - [24/Apr/2026:13:16:36 +0800] "GET / HTTP/1.1" 200 7222 "-" "WordPress/6.9.4; https://memo.carmel.wa.edu.au"
103.4.122.14 - - [24/Apr/2026:13:16:36 +0800] "GET / HTTP/1.1" 200 7222 "-" "WordPress/6.9.4; https://memo.carmel.wa.edu.au"
103.4.122.14 - - [24/Apr/2026:16:03:25 +0800] "POST /wp-cron.php?doing_wp_cron=1777017805.8161818981170654296875 HTTP/1.1" 200 - "-" "WordPress/6.9.4; http://memo.carmel.wa.edu.au"
207.90.244.15 - - [24/Apr/2026:16:03:24 +0800] "GET / HTTP/1.1" 200 29385 "-" "Mozilla/5.0 (Windows NT 6.1) AppleWebKit/537.36 (KHTML, like Gecko) Chrome/41.0.2228.0 Safari/537.36"
207.90.244.15 - - [24/Apr/2026:16:03:27 +0800] "GET /robots.txt HTTP/1.1" 404 196 "-" "-"
207.90.244.15 - - [24/Apr/2026:16:03:28 +0800] "GET /sitemap.xml HTTP/1.1" 404 196 "-" "-"
207.90.244.15 - - [24/Apr/2026:16:03:32 +0800] "GET /.well-known/security.txt HTTP/1.1" 404 196 "-" "-"
207.90.244.15 - - [24/Apr/2026:16:03:34 +0800] "GET /favicon.ico HTTP/1.1" 404 196 "-" "Mozilla/5.0 (Windows NT 10.0; Win64; x64) AppleWebKit/537.36 (KHTML, like Gecko) Chrome/102.0.5005.63 Safari/537.36"
207.90.244.15 - - [24/Apr/2026:16:11:18 +0800] "GET / HTTP/1.1" 200 29417 "-" "Mozilla/5.0 (X11; Linux x86_64) AppleWebKit/537.36 (KHTML, like Gecko) Chrome/98.0.4758.102 Safari/537.36"
207.90.244.15 - - [24/Apr/2026:16:11:45 +0800] "GET /robots.txt HTTP/1.1" 404 196 "-" "-"
207.90.244.15 - - [24/Apr/2026:16:11:49 +0800] "GET /sitemap.xml HTTP/1.1" 404 196 "-" "-"
207.90.244.15 - - [24/Apr/2026:16:11:52 +0800] "GET /.well-known/security.txt HTTP/1.1" 404 196 "-" "-"
207.90.244.15 - - [24/Apr/2026:16:11:57 +0800] "GET /favicon.ico HTTP/1.1" 404 196 "-" "Mozilla/5.0 (Windows NT 10.0; Win64; x64) AppleWebKit/537.36 (KHTML, like Gecko) Chrome/102.0.5005.63 Safari/537.36"
195.178.110.241 - - [24/Apr/2026:17:39:34 +0800] "GET /.git/config HTTP/1.1" 403 199 "-" "Mozilla/5.0 (X11; Ubuntu; Linux x86_64; rv:109.0) Gecko/20100101 Firefox/114.0"
103.4.122.14 - - [24/Apr/2026:20:55:42 +0800] "POST /wp-cron.php?doing_wp_cron=1777035342.3897879123687744140625 HTTP/1.1" 200 - "-" "WordPress/6.9.4; https://memo.carmel.wa.edu.au"
103.4.122.13 - - [24/Apr/2026:20:55:41 +0800] "GET / HTTP/1.1" 200 29417 "https://wpmain.screwlooseit.com.au" "Mozilla/5.0 (compatible; MainWP/6.0.10; +http://mainwp.com)"
103.4.122.13 - - [24/Apr/2026:21:17:51 +0800] "GET / HTTP/1.1" 200 29417 "https://wpmain.screwlooseit.com.au" "Mozilla/5.0 (compatible; MainWP/6.0.10; +http://mainwp.com)"
51.89.12.179 - - [24/Apr/2026:21:24:02 +0800] "GET /wp-json/wp/v3/ HTTP/1.1" 404 196 "-" "Mozilla/5.0 (X11; Linux x86_64) AppleWebKit/537.36 (KHTML, like Gecko) Chrome/147.0.0.0 Safari/537.36"
51.89.12.179 - - [24/Apr/2026:21:24:02 +0800] "GET /blog-verify HTTP/1.1" 404 196 "-" "Mozilla/5.0 (Macintosh; Intel Mac OS X 10_15_7) AppleWebKit/537.36 (KHTML, like Gecko) Chrome/146.0.0.0 Safari/537.36"
51.89.12.179 - - [24/Apr/2026:21:25:07 +0800] "GET /?wmo_hc=k7Hx9mQp2wRt HTTP/1.1" 200 29417 "-" "Mozilla/5.0 (Windows NT 10.0; Win64; x64; rv:149.0) Gecko/20100101 Firefox/149.0"
103.4.122.14 - - [24/Apr/2026:21:40:37 +0800] "POST /wp-cron.php?doing_wp_cron=1777038037.3766269683837890625000 HTTP/1.1" 200 - "-" "WordPress/6.9.4; https://memo.carmel.wa.edu.au"
103.4.122.13 - - [24/Apr/2026:21:40:36 +0800] "GET /?login_required=1&user=ACS&mainwpsignature=YssgdFrTwi1H8a6KmkBMdqTjHuEsYAsVP%2BsFqn2iKG06n2BUdKz2l5BN2%2B%2FQ%2BCbXe7w9AjtLcaqMR5Iat0Z3rr5cNfwFRG1IOtBVgVAaMjKDGFZrvZ%2FJKLlpDjPVYQs%2Bq7bqjpyxR%2BCyVJIg%2BWGAQRNdA40wWTUKpjXaaq1IztCiOjw7GqQH0%2FplYTQlPXrNpquEsmS5FuNt0NecarLrc4aO4uln5Mwgq1YsoGWC2bUAl4Z9Ov8CtEmGPB60fSxHmbcYXWz6NSBt0tkYf7loWscoff2DdesUs9yq0nMgqC1uKgvIdn7FeA%2FC1ZJpU8L9vwg2CbrvSk5X1UytaOIj0A%3D%3D&nonce=6278&where=plugins.php%3F_detect_plugins_updates%3Dyes&sign_algo=7 HTTP/1.1" 302 - "-" "WordPress/6.9.4; https://wpmain.screwlooseit.com.au"
103.4.122.13 - - [24/Apr/2026:21:40:37 +0800] "GET /wp-admin/plugins.php?_detect_plugins_updates=yes HTTP/1.1" 200 22179 "-" "WordPress/6.9.4; https://wpmain.screwlooseit.com.au"
103.4.122.13 - - [24/Apr/2026:21:40:39 +0800] "POST /wp-admin/admin-ajax.php HTTP/1.1" 200 184677 "https://wpmain.screwlooseit.com.au" "Mozilla/5.0 (compatible; MainWP/6.0.10; +http://mainwp.com)"
103.4.122.14 - - [24/Apr/2026:21:40:44 +0800] "GET / HTTP/1.1" 200 7223 "-" "WordPress/6.9.4; https://memo.carmel.wa.edu.au"
103.4.122.13 - - [24/Apr/2026:21:40:44 +0800] "POST /wp-admin/admin-ajax.php HTTP/1.1" 200 21 "https://wpmain.screwlooseit.com.au" "Mozilla/5.0 (compatible; MainWP/6.0.10; +http://mainwp.com)"
103.4.122.13 - - [24/Apr/2026:22:17:38 +0800] "GET / HTTP/1.1" 200 29417 "https://wpmain.screwlooseit.com.au" "Mozilla/5.0 (compatible; MainWP/6.0.10; +http://mainwp.com)"
103.4.122.14 - - [24/Apr/2026:22:41:40 +0800] "POST /wp-cron.php?doing_wp_cron=1777041700.5081779956817626953125 HTTP/1.1" 200 - "-" "WordPress/6.9.4; http://memo.carmel.wa.edu.au"
207.90.244.15 - - [24/Apr/2026:22:41:39 +0800] "GET / HTTP/1.1" 200 29385 "-" "Mozilla/5.0 (Windows NT 6.1) AppleWebKit/537.36 (KHTML, like Gecko) Chrome/41.0.2228.0 Safari/537.36"
207.90.244.15 - - [24/Apr/2026:22:41:42 +0800] "GET /robots.txt HTTP/1.1" 404 196 "-" "-"
207.90.244.15 - - [24/Apr/2026:22:41:44 +0800] "GET /sitemap.xml HTTP/1.1" 404 196 "-" "-"
207.90.244.15 - - [24/Apr/2026:22:41:46 +0800] "GET /.well-known/security.txt HTTP/1.1" 404 196 "-" "-"
207.90.244.15 - - [24/Apr/2026:22:41:50 +0800] "GET /favicon.ico HTTP/1.1" 404 196 "-" "Mozilla/5.0 (Windows NT 10.0; Win64; x64) AppleWebKit/537.36 (KHTML, like Gecko) Chrome/102.0.5005.63 Safari/537.36"
103.4.122.14 - - [24/Apr/2026:23:46:18 +0800] "POST /wp-cron.php?doing_wp_cron=1777045578.0759360790252685546875 HTTP/1.1" 200 - "-" "WordPress/6.9.4; https://memo.carmel.wa.edu.au"
103.4.122.13 - - [24/Apr/2026:23:46:17 +0800] "GET / HTTP/1.1" 200 29417 "https://wpmain.screwlooseit.com.au" "Mozilla/5.0 (compatible; MainWP/6.0.10; +http://mainwp.com)"
74.7.241.174 - - [25/Apr/2026:00:31:19 +0800] "GET /robots.txt HTTP/1.1" 404 196 "-" "Mozilla/5.0 (Macintosh; Intel Mac OS X 10_15_7) AppleWebKit/537.36 (KHTML, like Gecko) Chrome/131.0.0.0 Safari/537.36; compatible; OAI-SearchBot/1.3; robots.txt; +https://openai.com/searchbot"
103.4.122.14 - - [25/Apr/2026:01:01:17 +0800] "POST /wp-cron.php?doing_wp_cron=1777050077.4199340343475341796875 HTTP/1.1" 200 - "-" "WordPress/6.9.4; https://memo.carmel.wa.edu.au"
103.4.122.13 - - [25/Apr/2026:01:01:16 +0800] "GET / HTTP/1.1" 200 29417 "https://wpmain.screwlooseit.com.au" "Mozilla/5.0 (compatible; MainWP/6.0.10; +http://mainwp.com)"
173.252.82.14 - - [25/Apr/2026:01:43:32 +0800] "GET /robots.txt HTTP/1.1" 404 196 "-" "facebookexternalhit/1.1 (+http://www.facebook.com/externalhit_uatext.php)"
51.81.129.208 - - [25/Apr/2026:01:49:20 +0800] "GET /assets/images/accesson.php HTTP/1.1" 404 196 "-" "Mozilla/5.0 (Windows NT 10.0; Win64; x64) AppleWebKit/537.36 (KHTML, like Gecko) Chrome/127.0.0.0 Safari/537.36"
103.4.122.14 - - [25/Apr/2026:01:49:21 +0800] "POST /wp-cron.php?doing_wp_cron=1777052961.5877139568328857421875 HTTP/1.1" 200 - "-" "WordPress/6.9.4; https://memo.carmel.wa.edu.au"
51.81.129.208 - - [25/Apr/2026:01:49:20 +0800] "GET / HTTP/1.1" 200 29417 "-" "doors_user"
207.90.244.15 - - [25/Apr/2026:01:53:21 +0800] "GET / HTTP/1.1" 200 29382 "-" "Mozilla/5.0 (Windows NT 6.1) AppleWebKit/537.36 (KHTML, like Gecko) Chrome/41.0.2228.0 Safari/537.36"
207.90.244.15 - - [25/Apr/2026:01:53:23 +0800] "GET /robots.txt HTTP/1.1" 404 196 "-" "-"
207.90.244.15 - - [25/Apr/2026:01:53:27 +0800] "GET /sitemap.xml HTTP/1.1" 404 196 "-" "-"
207.90.244.15 - - [25/Apr/2026:01:53:28 +0800] "GET /.well-known/security.txt HTTP/1.1" 404 196 "-" "-"
207.90.244.15 - - [25/Apr/2026:01:53:32 +0800] "GET /favicon.ico HTTP/1.1" 404 196 "-" "Mozilla/5.0 (Windows NT 10.0; Win64; x64) AppleWebKit/537.36 (KHTML, like Gecko) Chrome/102.0.5005.63 Safari/537.36"
207.90.244.15 - - [25/Apr/2026:02:12:02 +0800] "GET / HTTP/1.1" 200 29414 "-" "Mozilla/5.0 (X11; Linux x86_64) AppleWebKit/537.36 (KHTML, like Gecko) Chrome/98.0.4758.102 Safari/537.36"
207.90.244.15 - - [25/Apr/2026:02:12:25 +0800] "GET /robots.txt HTTP/1.1" 404 196 "-" "-"
207.90.244.15 - - [25/Apr/2026:02:12:27 +0800] "GET /sitemap.xml HTTP/1.1" 404 196 "-" "-"
207.90.244.15 - - [25/Apr/2026:02:12:29 +0800] "GET /.well-known/security.txt HTTP/1.1" 404 196 "-" "-"
207.90.244.15 - - [25/Apr/2026:02:12:33 +0800] "GET /favicon.ico HTTP/1.1" 404 196 "-" "Mozilla/5.0 (Windows NT 10.0; Win64; x64) AppleWebKit/537.36 (KHTML, like Gecko) Chrome/102.0.5005.63 Safari/537.36"
103.4.122.13 - - [25/Apr/2026:02:31:13 +0800] "GET / HTTP/1.1" 200 29414 "https://wpmain.screwlooseit.com.au" "Mozilla/5.0 (compatible; MainWP/6.0.10; +http://mainwp.com)"
103.4.122.14 - - [25/Apr/2026:04:22:38 +0800] "POST /wp-cron.php?doing_wp_cron=1777062158.2309350967407226562500 HTTP/1.1" 200 - "-" "WordPress/6.9.4; https://memo.carmel.wa.edu.au"
103.4.122.13 - - [25/Apr/2026:04:22:35 +0800] "GET /?login_required=1&user=ACS&mainwpsignature=BJvITdC8nQDKWMAY2cKIBNa5kx0kxqSlqgInvXcZoVHP8dY4oY7A2mc%2BaA6UXRMtODN1RzWq%2BvjLiLgDAsJjvs%2FzrY34AydTG7gV8h%2Bs8qnw46m5znCWwTGNMTzgiOz8GnAo0X97QQ5Q3TJR1qWHWQaR%2B0lcpslQs1fyzdXnt5SFExvGP1Fd9oBkpX17wwxva53R4BXuKWrMGYm329Rc9GAltirMr4mOaF68Kv0QxbAAzOnkhGMIF3LQ%2F%2F1Ac1Xr0Ik73y6%2F1tuRKnnFVNo6i7xbVKqREJek3bGrXXqtaaEpc6ZHPow1B8%2BWCJrrJwU6LzoFCcsD0GmeEQ%2BzcMDHGw%3D%3D&nonce=4687&where=plugins.php%3F_detect_plugins_updates%3Dyes&sign_algo=7 HTTP/1.1" 302 - "-" "WordPress/6.9.4; https://wpmain.screwlooseit.com.au"
103.4.122.13 - - [25/Apr/2026:04:22:38 +0800] "GET /wp-admin/plugins.php?_detect_plugins_updates=yes HTTP/1.1" 200 22177 "-" "WordPress/6.9.4; https://wpmain.screwlooseit.com.au"
103.4.122.13 - - [25/Apr/2026:04:22:41 +0800] "POST /wp-admin/admin-ajax.php HTTP/1.1" 200 184681 "https://wpmain.screwlooseit.com.au" "Mozilla/5.0 (compatible; MainWP/6.0.10; +http://mainwp.com)"
103.4.122.14 - - [25/Apr/2026:04:22:47 +0800] "GET / HTTP/1.1" 200 7222 "-" "WordPress/6.9.4; https://memo.carmel.wa.edu.au"
103.4.122.13 - - [25/Apr/2026:04:22:46 +0800] "POST /wp-admin/admin-ajax.php HTTP/1.1" 200 21 "https://wpmain.screwlooseit.com.au" "Mozilla/5.0 (compatible; MainWP/6.0.10; +http://mainwp.com)"
103.4.122.14 - - [25/Apr/2026:04:47:44 +0800] "POST /wp-cron.php?doing_wp_cron=1777063664.0201919078826904296875 HTTP/1.1" 200 - "-" "WordPress/6.9.4; https://memo.carmel.wa.edu.au"
103.4.122.13 - - [25/Apr/2026:04:47:43 +0800] "GET / HTTP/1.1" 200 29414 "https://wpmain.screwlooseit.com.au" "Mozilla/5.0 (compatible; MainWP/6.0.10; +http://mainwp.com)"
103.4.122.14 - - [25/Apr/2026:05:52:05 +0800] "POST /wp-cron.php?doing_wp_cron=1777067525.1091549396514892578125 HTTP/1.1" 200 - "-" "WordPress/6.9.4; https://memo.carmel.wa.edu.au"
167.172.118.68 - - [25/Apr/2026:05:52:04 +0800] "GET / HTTP/1.1" 200 29414 "-" "Mozilla/5.0 (X11; Linux x86_64) AppleWebKit/537.36 (KHTML, like Gecko) Chrome/98.0.4758.102 Safari/537.36"
167.172.118.68 - - [25/Apr/2026:05:52:39 +0800] "GET /robots.txt HTTP/1.1" 404 196 "-" "-"
167.172.118.68 - - [25/Apr/2026:05:52:41 +0800] "GET /sitemap.xml HTTP/1.1" 404 196 "-" "-"
167.172.118.68 - - [25/Apr/2026:05:52:42 +0800] "GET /.well-known/security.txt HTTP/1.1" 404 196 "-" "-"
167.172.118.68 - - [25/Apr/2026:05:52:45 +0800] "GET /favicon.ico HTTP/1.1" 404 196 "-" "Mozilla/5.0 (Windows NT 10.0; Win64; x64) AppleWebKit/537.36 (KHTML, like Gecko) Chrome/102.0.5005.63 Safari/537.36"
103.4.122.14 - - [25/Apr/2026:08:22:15 +0800] "POST /wp-cron.php?doing_wp_cron=1777076535.7845680713653564453125 HTTP/1.1" 200 - "-" "WordPress/6.9.4; http://memo.carmel.wa.edu.au"
167.172.118.68 - - [25/Apr/2026:08:22:14 +0800] "GET / HTTP/1.1" 200 29382 "-" "Mozilla/5.0 (Windows NT 6.1) AppleWebKit/537.36 (KHTML, like Gecko) Chrome/41.0.2228.0 Safari/537.36"
167.172.118.68 - - [25/Apr/2026:08:22:17 +0800] "GET /robots.txt HTTP/1.1" 404 196 "-" "-"
167.172.118.68 - - [25/Apr/2026:08:22:18 +0800] "GET /sitemap.xml HTTP/1.1" 404 196 "-" "-"
167.172.118.68 - - [25/Apr/2026:08:22:20 +0800] "GET /.well-known/security.txt HTTP/1.1" 404 196 "-" "-"
167.172.118.68 - - [25/Apr/2026:08:22:22 +0800] "GET /favicon.ico HTTP/1.1" 404 196 "-" "Mozilla/5.0 (Windows NT 10.0; Win64; x64) AppleWebKit/537.36 (KHTML, like Gecko) Chrome/102.0.5005.63 Safari/537.36"
103.4.122.14 - - [25/Apr/2026:10:05:12 +0800] "POST /wp-cron.php?doing_wp_cron=1777082712.5487549304962158203125 HTTP/1.1" 200 - "-" "WordPress/6.9.4; https://memo.carmel.wa.edu.au"
103.4.122.13 - - [25/Apr/2026:10:05:10 +0800] "GET / HTTP/1.1" 200 29414 "https://wpmain.screwlooseit.com.au" "Mozilla/5.0 (compatible; MainWP/6.0.10; +http://mainwp.com)"
103.4.122.14 - - [25/Apr/2026:11:31:31 +0800] "POST /wp-cron.php?doing_wp_cron=1777087891.5436470508575439453125 HTTP/1.1" 200 - "-" "WordPress/6.9.4; https://memo.carmel.wa.edu.au"
159.65.65.158 - - [25/Apr/2026:11:31:30 +0800] "GET / HTTP/1.1" 200 29414 "-" "Mozilla/5.0 (X11; Linux x86_64) AppleWebKit/537.36 (KHTML, like Gecko) Chrome/98.0.4758.102 Safari/537.36"
159.65.65.158 - - [25/Apr/2026:11:31:56 +0800] "GET /robots.txt HTTP/1.1" 404 196 "-" "-"
159.65.65.158 - - [25/Apr/2026:11:31:58 +0800] "GET /sitemap.xml HTTP/1.1" 404 196 "-" "-"
159.65.65.158 - - [25/Apr/2026:11:32:00 +0800] "GET /.well-known/security.txt HTTP/1.1" 404 196 "-" "-"
159.65.65.158 - - [25/Apr/2026:11:32:03 +0800] "GET /favicon.ico HTTP/1.1" 404 196 "-" "Mozilla/5.0 (Windows NT 10.0; Win64; x64) AppleWebKit/537.36 (KHTML, like Gecko) Chrome/102.0.5005.63 Safari/537.36"
103.4.122.14 - - [25/Apr/2026:13:00:00 +0800] "POST /wp-cron.php?doing_wp_cron=1777093200.2865769863128662109375 HTTP/1.1" 200 - "-" "WordPress/6.9.4; https://memo.carmel.wa.edu.au"
103.4.122.13 - - [25/Apr/2026:12:59:59 +0800] "GET / HTTP/1.1" 200 29414 "https://wpmain.screwlooseit.com.au" "Mozilla/5.0 (compatible; MainWP/6.0.10; +http://mainwp.com)"
103.4.122.14 - - [25/Apr/2026:16:51:02 +0800] "POST /wp-cron.php?doing_wp_cron=1777107062.6136810779571533203125 HTTP/1.1" 200 - "-" "WordPress/6.9.4; http://memo.carmel.wa.edu.au"
161.118.239.144 - - [25/Apr/2026:16:51:00 +0800] "GET / HTTP/1.1" 200 7223 "-" "Mozilla/5.0 (Macintosh; Intel Mac OS X 10_15_7; rv:92.0) Gecko/20100101 Firefox/92.0"
161.118.239.144 - - [25/Apr/2026:16:51:02 +0800] "GET /wp-content/uploads/ HTTP/1.1" 403 13 "-" "Mozilla/5.0 (Macintosh; Intel Mac OS X 10_15_7; rv:91.0) Gecko/20100101 Firefox/91.0"
161.118.239.144 - - [25/Apr/2026:16:51:03 +0800] "GET /wp-content/themes/twentytwenty/ HTTP/1.1" 404 196 "-" "Mozilla/5.0 (Windows NT 6.1; Win64; x64) AppleWebKit/537.36 (KHTML, like Gecko) Chrome/94.0.4606.71 Safari/537.36"
161.118.239.144 - - [25/Apr/2026:16:51:03 +0800] "GET /wp-content/themes/twentytwentyone/ HTTP/1.1" 404 196 "-" "Mozilla/5.0 (Windows NT 10.0; Win64; x64) AppleWebKit/605.1.15 (KHTML, like Gecko) Version/14.0.3 Safari/605.1.15"
161.118.239.144 - - [25/Apr/2026:16:51:03 +0800] "GET /wp-content/themes/twentytwentytwo/ HTTP/1.1" 404 196 "-" "Mozilla/5.0 (Windows NT 10.0; Win64; x64; rv:93.0) Gecko/20100101 Firefox/93.0"
161.118.239.144 - - [25/Apr/2026:16:51:03 +0800] "GET /wp-content/themes/twentytwentythree/ HTTP/1.1" 403 199 "-" "Mozilla/5.0 (Macintosh; Intel Mac OS X 10_15_7) AppleWebKit/605.1.15 (KHTML, like Gecko) Version/14.1.2 Safari/605.1.15"
161.118.239.144 - - [25/Apr/2026:16:51:03 +0800] "GET /wp-content/plugins/hello.php HTTP/1.1" 404 16 "-" "Mozilla/5.0 (X11; Linux x86_64; rv:90.0) Gecko/20100101 Firefox/90.0.1"
161.118.239.144 - - [25/Apr/2026:16:51:03 +0800] "GET /wp-content/plugins/akismet/ HTTP/1.1" 404 196 "-" "Mozilla/5.0 (X11; Linux x86_64) AppleWebKit/537.36 (KHTML, like Gecko) Chrome/90.0.4430.212 Safari/537.36"
161.118.239.144 - - [25/Apr/2026:16:51:04 +0800] "GET /wp-includes/images/w-logo-blue.png HTTP/1.1" 200 3113 "-" "Mozilla/5.0 (Macintosh; Intel Mac OS X 10_15_7) AppleWebKit/605.1.15 (KHTML, like Gecko) Version/14.0.3 Safari/605.1.15"
161.118.239.144 - - [25/Apr/2026:16:53:49 +0800] "POST /wp-login.php HTTP/1.1" 200 2136 "http://memo.carmel.wa.edu.au/wp-login.php" "Mozilla/5.0 (X11; Linux x86_64; rv:93.0) Gecko/20100101 Firefox/93.0"
161.118.239.144 - - [25/Apr/2026:16:53:49 +0800] "GET /wp-admin/index.php HTTP/1.1" 302 - "http://memo.carmel.wa.edu.au/wp-login.php" "Mozilla/5.0 (Windows NT 6.1; Win64; x64) AppleWebKit/537.36 (KHTML, like Gecko) Chrome/90.0.4430.212 Safari/537.36"
161.118.239.144 - - [25/Apr/2026:16:53:50 +0800] "GET /wp-login.php?redirect_to=http%3A%2F%2Fmemo.carmel.wa.edu.au%2Fwp-admin%2Findex.php&reauth=1 HTTP/1.1" 200 1991 "http://memo.carmel.wa.edu.au/wp-login.php" "Mozilla/5.0 (Windows NT 6.1; Win64; x64) AppleWebKit/537.36 (KHTML, like Gecko) Chrome/90.0.4430.212 Safari/537.36"
161.118.239.144 - - [25/Apr/2026:16:53:52 +0800] "GET /wp-admin/index.php HTTP/1.1" 302 - "http://memo.carmel.wa.edu.au/wp-login.php" "Mozilla/5.0 (Windows NT 6.1; Win64; x64) AppleWebKit/537.36 (KHTML, like Gecko) Chrome/90.0.4430.212 Safari/537.36"
161.118.239.144 - - [25/Apr/2026:16:53:52 +0800] "GET /wp-login.php?redirect_to=http%3A%2F%2Fmemo.carmel.wa.edu.au%2Fwp-admin%2Findex.php&reauth=1 HTTP/1.1" 200 1991 "http://memo.carmel.wa.edu.au/wp-login.php" "Mozilla/5.0 (Windows NT 6.1; Win64; x64) AppleWebKit/537.36 (KHTML, like Gecko) Chrome/90.0.4430.212 Safari/537.36"
161.118.239.144 - - [25/Apr/2026:16:53:53 +0800] "POST /wp-login.php HTTP/1.1" 200 2082 "http://memo.carmel.wa.edu.au/wp-login.php" "Mozilla/5.0 (Windows NT 6.1; Win64; x64) AppleWebKit/537.36 (KHTML, like Gecko) Chrome/92.0.4515.131 Safari/537.36"
161.118.239.144 - - [25/Apr/2026:16:53:54 +0800] "GET /wp-admin/index.php HTTP/1.1" 302 - "http://memo.carmel.wa.edu.au/wp-login.php" "Mozilla/5.0 (Windows NT 6.1; Win64; x64) AppleWebKit/537.36 (KHTML, like Gecko) Chrome/92.0.4515.131 Safari/537.36"
161.118.239.144 - - [25/Apr/2026:16:53:55 +0800] "GET /wp-login.php?redirect_to=http%3A%2F%2Fmemo.carmel.wa.edu.au%2Fwp-admin%2Findex.php&reauth=1 HTTP/1.1" 200 1991 "http://memo.carmel.wa.edu.au/wp-login.php" "Mozilla/5.0 (Windows NT 6.1; Win64; x64) AppleWebKit/537.36 (KHTML, like Gecko) Chrome/92.0.4515.131 Safari/537.36"
161.118.239.144 - - [25/Apr/2026:16:53:55 +0800] "GET /wp-admin/index.php HTTP/1.1" 302 - "http://memo.carmel.wa.edu.au/wp-login.php" "Mozilla/5.0 (Windows NT 6.1; Win64; x64) AppleWebKit/537.36 (KHTML, like Gecko) Chrome/92.0.4515.131 Safari/537.36"
161.118.239.144 - - [25/Apr/2026:16:53:56 +0800] "GET /wp-login.php?redirect_to=http%3A%2F%2Fmemo.carmel.wa.edu.au%2Fwp-admin%2Findex.php&reauth=1 HTTP/1.1" 200 1991 "http://memo.carmel.wa.edu.au/wp-login.php" "Mozilla/5.0 (Windows NT 6.1; Win64; x64) AppleWebKit/537.36 (KHTML, like Gecko) Chrome/92.0.4515.131 Safari/537.36"
161.118.239.144 - - [25/Apr/2026:16:53:57 +0800] "POST /wp-login.php HTTP/1.1" 200 2138 "http://memo.carmel.wa.edu.au/wp-login.php" "Mozilla/5.0 (Macintosh; Intel Mac OS X 10_15_7) AppleWebKit/605.1.15 (KHTML, like Gecko) Version/14.0.3 Safari/605.1.15"
161.118.239.144 - - [25/Apr/2026:16:53:58 +0800] "GET /wp-admin/index.php HTTP/1.1" 302 - "http://memo.carmel.wa.edu.au/wp-login.php" "Mozilla/5.0 (Macintosh; Intel Mac OS X 10_15_7) AppleWebKit/537.36 (KHTML, like Gecko) Chrome/91.0.4472.124 Safari/537.36"
103.4.122.14 - - [25/Apr/2026:17:49:24 +0800] "POST /wp-cron.php?doing_wp_cron=1777110564.2066919803619384765625 HTTP/1.1" 200 - "-" "WordPress/6.9.4; https://memo.carmel.wa.edu.au"
103.4.122.13 - - [25/Apr/2026:17:49:23 +0800] "GET / HTTP/1.1" 200 29414 "https://wpmain.screwlooseit.com.au" "Mozilla/5.0 (compatible; MainWP/6.0.10; +http://mainwp.com)"
103.4.122.14 - - [25/Apr/2026:18:44:34 +0800] "POST /wp-cron.php?doing_wp_cron=1777113874.5655748844146728515625 HTTP/1.1" 200 - "-" "WordPress/6.9.4; http://memo.carmel.wa.edu.au"
159.65.65.158 - - [25/Apr/2026:18:44:33 +0800] "GET / HTTP/1.1" 200 29382 "-" "Mozilla/5.0 (Windows NT 6.1) AppleWebKit/537.36 (KHTML, like Gecko) Chrome/41.0.2228.0 Safari/537.36"
159.65.65.158 - - [25/Apr/2026:18:44:37 +0800] "GET /robots.txt HTTP/1.1" 404 196 "-" "-"
159.65.65.158 - - [25/Apr/2026:18:44:38 +0800] "GET /sitemap.xml HTTP/1.1" 404 196 "-" "-"
159.65.65.158 - - [25/Apr/2026:18:44:40 +0800] "GET /.well-known/security.txt HTTP/1.1" 404 196 "-" "-"
159.65.65.158 - - [25/Apr/2026:18:44:43 +0800] "GET /favicon.ico HTTP/1.1" 404 196 "-" "Mozilla/5.0 (Windows NT 10.0; Win64; x64) AppleWebKit/537.36 (KHTML, like Gecko) Chrome/102.0.5005.63 Safari/537.36"
103.4.122.13 - - [25/Apr/2026:19:09:22 +0800] "GET /?login_required=1&user=ACS&mainwpsignature=ywsn4IWmqJfhHz52pzwN7Woj%2BNEioDnZfxT6h2VztkRuqlzTnyYTknG4fOTWloudlnXGknKQgoGwrE4DahvZwf%2F%2B6cHo4i4V8JQa12020D7SR7b%2FGM%2FEO%2F%2BN8IZKyYjZxgShMPKIKI4Fd%2F9WGF7kVF08heGkXYe5TIODDEiqrukRL0R8J%2FqieBw6B09RER3%2FYIjwITkEjGUSvqCdlcJi7zR3gXCuZusPriW6A6gKyJFpEsCJnD%2B9Ii2DhGOoyfH0xR1IxYBNuEfSzUhuvz3zIOijRjq5mr5Lv67AQHWirUcf%2F3Oeyn8kMoFaGDfdhZCIPB4Th4vqGRUeKeyqHCnsyQ%3D%3D&nonce=7735&where=plugins.php%3F_detect_plugins_updates%3Dyes&sign_algo=7 HTTP/1.1" 302 - "-" "WordPress/6.9.4; https://wpmain.screwlooseit.com.au"
103.4.122.13 - - [25/Apr/2026:19:09:23 +0800] "GET /wp-admin/plugins.php?_detect_plugins_updates=yes HTTP/1.1" 200 22185 "-" "WordPress/6.9.4; https://wpmain.screwlooseit.com.au"
103.4.122.13 - - [25/Apr/2026:19:09:25 +0800] "POST /wp-admin/admin-ajax.php HTTP/1.1" 200 184681 "https://wpmain.screwlooseit.com.au" "Mozilla/5.0 (compatible; MainWP/6.0.10; +http://mainwp.com)"
