103.4.122.13 - - [19/Apr/2026:07:42:23 +0800] "GET /wp-cron.php HTTP/1.1" 200 - "-" "WordPress/6.9.4; https://wpmain.screwlooseit.com.au"
207.90.244.24 - - [19/Apr/2026:07:48:59 +0800] "GET / HTTP/1.1" 200 29417 "-" "Mozilla/5.0 (X11; Linux x86_64) AppleWebKit/537.36 (KHTML, like Gecko) Chrome/98.0.4758.102 Safari/537.36"
207.90.244.24 - - [19/Apr/2026:07:49:27 +0800] "GET /robots.txt HTTP/1.1" 404 196 "-" "-"
207.90.244.24 - - [19/Apr/2026:07:49:31 +0800] "GET /sitemap.xml HTTP/1.1" 404 196 "-" "-"
207.90.244.24 - - [19/Apr/2026:07:49:33 +0800] "GET /.well-known/security.txt HTTP/1.1" 404 196 "-" "-"
207.90.244.24 - - [19/Apr/2026:07:49:36 +0800] "GET /favicon.ico HTTP/1.1" 404 196 "-" "Mozilla/5.0 (Windows NT 10.0; Win64; x64) AppleWebKit/537.36 (KHTML, like Gecko) Chrome/102.0.5005.63 Safari/537.36"
103.4.122.14 - - [19/Apr/2026:08:33:10 +0800] "POST /wp-cron.php?doing_wp_cron=1776558789.9711520671844482421875 HTTP/1.1" 200 - "-" "WordPress/6.9.4; https://memo.carmel.wa.edu.au"
103.4.122.13 - - [19/Apr/2026:08:33:08 +0800] "GET / HTTP/1.1" 200 29417 "https://wpmain.screwlooseit.com.au" "Mozilla/5.0 (compatible; MainWP/6.0.9; +http://mainwp.com)"
167.71.121.87 - - [19/Apr/2026:18:04:03 +0800] "GET / HTTP/1.1" 200 29382 "-" "Mozilla/5.0 (Windows NT 6.1) AppleWebKit/537.36 (KHTML, like Gecko) Chrome/41.0.2228.0 Safari/537.36"
103.4.122.14 - - [19/Apr/2026:18:04:08 +0800] "POST /wp-cron.php?doing_wp_cron=1776593048.0480589866638183593750 HTTP/1.1" 200 - "-" "WordPress/6.9.4; http://memo.carmel.wa.edu.au"
167.71.121.87 - - [19/Apr/2026:18:04:09 +0800] "GET /robots.txt HTTP/1.1" 404 196 "-" "-"
167.71.121.87 - - [19/Apr/2026:18:04:10 +0800] "GET /sitemap.xml HTTP/1.1" 404 196 "-" "-"
167.71.121.87 - - [19/Apr/2026:18:04:11 +0800] "GET /.well-known/security.txt HTTP/1.1" 404 196 "-" "-"
167.71.121.87 - - [19/Apr/2026:18:04:13 +0800] "GET /favicon.ico HTTP/1.1" 404 196 "-" "Mozilla/5.0 (Windows NT 10.0; Win64; x64) AppleWebKit/537.36 (KHTML, like Gecko) Chrome/102.0.5005.63 Safari/537.36"
66.249.68.1 - - [19/Apr/2026:20:09:24 +0800] "GET /robots.txt HTTP/1.1" 404 196 "-" "Mozilla/5.0 (compatible; Googlebot/2.1; +http://www.google.com/bot.html)"
103.4.122.14 - - [19/Apr/2026:20:36:07 +0800] "POST /wp-cron.php?doing_wp_cron=1776602167.1393909454345703125000 HTTP/1.1" 200 - "-" "WordPress/6.9.4; https://memo.carmel.wa.edu.au"
103.4.122.13 - - [19/Apr/2026:20:36:06 +0800] "GET / HTTP/1.1" 200 29414 "https://wpmain.screwlooseit.com.au" "Mozilla/5.0 (compatible; MainWP/6.0.9; +http://mainwp.com)"
167.71.121.87 - - [19/Apr/2026:21:13:06 +0800] "GET / HTTP/1.1" 200 29414 "-" "Mozilla/5.0 (X11; Linux x86_64) AppleWebKit/537.36 (KHTML, like Gecko) Chrome/98.0.4758.102 Safari/537.36"
167.71.121.87 - - [19/Apr/2026:21:13:27 +0800] "GET /robots.txt HTTP/1.1" 404 196 "-" "-"
167.71.121.87 - - [19/Apr/2026:21:13:28 +0800] "GET /sitemap.xml HTTP/1.1" 404 196 "-" "-"
167.71.121.87 - - [19/Apr/2026:21:13:30 +0800] "GET /.well-known/security.txt HTTP/1.1" 404 196 "-" "-"
167.71.121.87 - - [19/Apr/2026:21:13:34 +0800] "GET /favicon.ico HTTP/1.1" 404 196 "-" "Mozilla/5.0 (Windows NT 10.0; Win64; x64) AppleWebKit/537.36 (KHTML, like Gecko) Chrome/102.0.5005.63 Safari/537.36"
103.4.122.14 - - [19/Apr/2026:22:02:16 +0800] "POST /wp-cron.php?doing_wp_cron=1776607336.5237560272216796875000 HTTP/1.1" 200 - "-" "WordPress/6.9.4; https://memo.carmel.wa.edu.au"
217.142.190.120 - - [19/Apr/2026:22:02:15 +0800] "HEAD / HTTP/1.1" 200 - "-" "Mozilla/5.0 (Windows NT 10.0; Win64; x64) AppleWebKit/537.36 (KHTML, like Gecko) Chrome/114.0.0.0 Safari/537.36"
217.142.190.120 - - [19/Apr/2026:22:02:16 +0800] "GET / HTTP/1.1" 200 7223 "-" "Mozilla/5.0 (Windows NT 10.0; Win64; x64) AppleWebKit/537.36 (KHTML, like Gecko) Chrome/114.0.0.0 Safari/537.36"
217.142.190.120 - - [19/Apr/2026:22:02:17 +0800] "GET /wp-content/uploads/ HTTP/1.1" 403 13 "-" "Mozilla/5.0 (Windows NT 10.0; Win64; x64) AppleWebKit/537.36 (KHTML, like Gecko) Chrome/110.0.0.0 Safari/537.36"
217.142.190.120 - - [19/Apr/2026:22:02:18 +0800] "GET /wp-content/plugins/ HTTP/1.1" 200 - "-" "Mozilla/5.0 (Windows NT 10.0; Win64; x64; rv:110.0) Gecko/20100101 Firefox/110.0"
217.142.190.120 - - [19/Apr/2026:22:02:18 +0800] "GET /wp-content/plugins/elementor/ HTTP/1.1" 403 199 "-" "Mozilla/5.0 (Windows NT 10.0; Win64; x64) AppleWebKit/537.36 (KHTML, like Gecko) Chrome/110.0.0.0 Safari/537.36"
217.142.190.120 - - [19/Apr/2026:22:02:18 +0800] "GET /wp-content/themes/twentytwentytwo/ HTTP/1.1" 404 196 "-" "Mozilla/5.0 (Windows NT 10.0; Win64; x64) AppleWebKit/537.36 (KHTML, like Gecko) Chrome/114.0.0.0 Safari/537.36"
103.4.122.14 - - [19/Apr/2026:22:31:56 +0800] "POST /wp-cron.php?doing_wp_cron=1776609116.1756849288940429687500 HTTP/1.1" 200 - "-" "WordPress/6.9.4; http://memo.carmel.wa.edu.au"
207.90.244.15 - - [19/Apr/2026:22:31:55 +0800] "GET / HTTP/1.1" 200 29382 "-" "Mozilla/5.0 (Windows NT 6.1) AppleWebKit/537.36 (KHTML, like Gecko) Chrome/41.0.2228.0 Safari/537.36"
207.90.244.15 - - [19/Apr/2026:22:31:59 +0800] "GET /robots.txt HTTP/1.1" 404 196 "-" "-"
207.90.244.15 - - [19/Apr/2026:22:32:01 +0800] "GET /sitemap.xml HTTP/1.1" 404 196 "-" "-"
207.90.244.15 - - [19/Apr/2026:22:32:03 +0800] "GET /.well-known/security.txt HTTP/1.1" 404 196 "-" "-"
207.90.244.15 - - [19/Apr/2026:22:32:06 +0800] "GET /favicon.ico HTTP/1.1" 404 196 "-" "Mozilla/5.0 (Windows NT 10.0; Win64; x64) AppleWebKit/537.36 (KHTML, like Gecko) Chrome/102.0.5005.63 Safari/537.36"
103.4.122.14 - - [20/Apr/2026:00:20:24 +0800] "POST /wp-cron.php?doing_wp_cron=1776615624.1884889602661132812500 HTTP/1.1" 200 - "-" "WordPress/6.9.4; http://memo.carmel.wa.edu.au"
208.76.40.195 - - [20/Apr/2026:00:20:23 +0800] "GET / HTTP/1.1" 200 7223 "-" "Mozilla/5.0 (compatible; WP-Safe-Scanner/1.0)"
208.76.40.195 - - [20/Apr/2026:00:20:24 +0800] "GET /wp-content/uploads/ HTTP/1.1" 403 13 "-" "Mozilla/5.0 (compatible; WP-Safe-Scanner/1.0)"
208.76.40.195 - - [20/Apr/2026:00:20:25 +0800] "GET /wp-content/plugins/ HTTP/1.1" 200 - "-" "Mozilla/5.0 (compatible; WP-Safe-Scanner/1.0)"
208.76.40.195 - - [20/Apr/2026:00:20:25 +0800] "GET /wp-content/themes/ HTTP/1.1" 200 - "-" "Mozilla/5.0 (compatible; WP-Safe-Scanner/1.0)"
208.76.40.195 - - [20/Apr/2026:00:20:25 +0800] "GET /wp-includes/ HTTP/1.1" 403 199 "-" "Mozilla/5.0 (compatible; WP-Safe-Scanner/1.0)"
208.76.40.195 - - [20/Apr/2026:00:20:25 +0800] "GET /wp-admin/ HTTP/1.1" 302 - "-" "Mozilla/5.0 (compatible; WP-Safe-Scanner/1.0)"
208.76.40.195 - - [20/Apr/2026:00:20:26 +0800] "GET /wp-login.php?redirect_to=http%3A%2F%2Fmemo.carmel.wa.edu.au%2Fwp-admin%2F&reauth=1 HTTP/1.1" 200 1986 "-" "Mozilla/5.0 (compatible; WP-Safe-Scanner/1.0)"
103.4.122.14 - - [20/Apr/2026:00:42:26 +0800] "POST /wp-cron.php?doing_wp_cron=1776616946.0075500011444091796875 HTTP/1.1" 200 - "-" "WordPress/6.9.4; http://memo.carmel.wa.edu.au"
165.232.99.170 - - [20/Apr/2026:00:42:24 +0800] "GET / HTTP/1.1" 200 7223 "-" "Mozilla/5.0 (X11; Linux x86_64) AppleWebKit/537.36 (KHTML, like Gecko) Chrome/142.0.0.0 Safari/537.36"
165.232.99.170 - - [20/Apr/2026:00:42:26 +0800] "GET /favicon.ico HTTP/1.1" 404 196 "http://memo.carmel.wa.edu.au/" "Mozilla/5.0 (X11; Linux x86_64) AppleWebKit/537.36 (KHTML, like Gecko) Chrome/142.0.0.0 Safari/537.36"
165.232.99.170 - - [20/Apr/2026:00:42:27 +0800] "GET / HTTP/1.1" 200 7223 "-" "Mozilla/5.0 (X11; Linux x86_64) AppleWebKit/537.36 (KHTML, like Gecko) Chrome/142.0.0.0 Safari/537.36"
165.232.99.170 - - [20/Apr/2026:00:42:35 +0800] "GET /favicon.ico HTTP/1.1" 404 196 "https://memo.carmel.wa.edu.au/" "Mozilla/5.0 (X11; Linux x86_64) AppleWebKit/537.36 (KHTML, like Gecko) Chrome/142.0.0.0 Safari/537.36"
103.4.122.14 - - [20/Apr/2026:02:31:29 +0800] "POST /wp-cron.php?doing_wp_cron=1776623489.6450109481811523437500 HTTP/1.1" 200 - "-" "WordPress/6.9.4; https://memo.carmel.wa.edu.au"
77.74.177.114 - - [20/Apr/2026:02:31:28 +0800] "GET / HTTP/1.1" 200 7223 "-" "Mozilla/5.0 (Linux; arm_64; Android 12; CPH2205) AppleWebKit/537.36 (KHTML, like Gecko) Chrome/110.0.0.0 YaBrowser/23.3.3.86.00 SA/3 Mobile Safari/537.36"
103.4.122.14 - - [20/Apr/2026:03:53:45 +0800] "POST /wp-cron.php?doing_wp_cron=1776628425.0590710639953613281250 HTTP/1.1" 200 - "-" "WordPress/6.9.4; https://memo.carmel.wa.edu.au"
167.172.118.68 - - [20/Apr/2026:03:53:43 +0800] "GET / HTTP/1.1" 200 29414 "-" "Mozilla/5.0 (X11; Linux x86_64) AppleWebKit/537.36 (KHTML, like Gecko) Chrome/98.0.4758.102 Safari/537.36"
167.172.118.68 - - [20/Apr/2026:03:54:15 +0800] "GET /robots.txt HTTP/1.1" 404 196 "-" "-"
167.172.118.68 - - [20/Apr/2026:03:54:17 +0800] "GET /sitemap.xml HTTP/1.1" 404 196 "-" "-"
167.172.118.68 - - [20/Apr/2026:03:54:18 +0800] "GET /.well-known/security.txt HTTP/1.1" 404 196 "-" "-"
167.172.118.68 - - [20/Apr/2026:03:54:21 +0800] "GET /favicon.ico HTTP/1.1" 404 196 "-" "Mozilla/5.0 (Windows NT 10.0; Win64; x64) AppleWebKit/537.36 (KHTML, like Gecko) Chrome/102.0.5005.63 Safari/537.36"
207.90.244.24 - - [20/Apr/2026:03:59:13 +0800] "GET / HTTP/1.1" 200 29414 "-" "Mozilla/5.0 (X11; Linux x86_64) AppleWebKit/537.36 (KHTML, like Gecko) Chrome/98.0.4758.102 Safari/537.36"
167.172.118.68 - - [20/Apr/2026:04:02:18 +0800] "GET / HTTP/1.1" 200 29382 "-" "Mozilla/5.0 (Windows NT 6.1) AppleWebKit/537.36 (KHTML, like Gecko) Chrome/41.0.2228.0 Safari/537.36"
167.172.118.68 - - [20/Apr/2026:04:02:21 +0800] "GET /robots.txt HTTP/1.1" 404 196 "-" "-"
167.172.118.68 - - [20/Apr/2026:04:02:22 +0800] "GET /sitemap.xml HTTP/1.1" 404 196 "-" "-"
167.172.118.68 - - [20/Apr/2026:04:02:24 +0800] "GET /.well-known/security.txt HTTP/1.1" 404 196 "-" "-"
167.172.118.68 - - [20/Apr/2026:04:02:26 +0800] "GET /favicon.ico HTTP/1.1" 404 196 "-" "Mozilla/5.0 (Windows NT 10.0; Win64; x64) AppleWebKit/537.36 (KHTML, like Gecko) Chrome/102.0.5005.63 Safari/537.36"
103.4.122.14 - - [20/Apr/2026:06:00:47 +0800] "POST /wp-cron.php?doing_wp_cron=1776636047.7758080959320068359375 HTTP/1.1" 200 - "-" "WordPress/6.9.4; http://memo.carmel.wa.edu.au"
207.90.244.24 - - [20/Apr/2026:06:00:46 +0800] "GET / HTTP/1.1" 200 29382 "-" "Mozilla/5.0 (Windows NT 6.1) AppleWebKit/537.36 (KHTML, like Gecko) Chrome/41.0.2228.0 Safari/537.36"
207.90.244.24 - - [20/Apr/2026:06:00:49 +0800] "GET /robots.txt HTTP/1.1" 404 196 "-" "-"
207.90.244.24 - - [20/Apr/2026:06:00:52 +0800] "GET /sitemap.xml HTTP/1.1" 404 196 "-" "-"
207.90.244.24 - - [20/Apr/2026:06:00:54 +0800] "GET /.well-known/security.txt HTTP/1.1" 404 196 "-" "-"
207.90.244.24 - - [20/Apr/2026:06:00:57 +0800] "GET /favicon.ico HTTP/1.1" 404 196 "-" "Mozilla/5.0 (Windows NT 10.0; Win64; x64) AppleWebKit/537.36 (KHTML, like Gecko) Chrome/102.0.5005.63 Safari/537.36"
103.4.122.14 - - [20/Apr/2026:07:18:10 +0800] "POST /wp-cron.php?doing_wp_cron=1776640690.5182249546051025390625 HTTP/1.1" 200 - "-" "WordPress/6.9.4; https://memo.carmel.wa.edu.au"
103.4.122.13 - - [20/Apr/2026:07:18:08 +0800] "GET / HTTP/1.1" 200 29414 "https://wpmain.screwlooseit.com.au" "Mozilla/5.0 (compatible; MainWP/6.0.9; +http://mainwp.com)"
103.172.76.104 - - [20/Apr/2026:07:30:34 +0800] "GET / HTTP/1.1" 200 7223 "-" "Mozilla/5.0 (Windows NT 10.0; Win64; x64) AppleWebKit/537.36 (KHTML, like Gecko) Chrome/147.0.0.0 Safari/537.36 Edg/147.0.0.0"
103.172.76.104 - - [20/Apr/2026:07:30:35 +0800] "GET /wp-content/themes/hello-elementor/assets/css/theme.css?ver=3.4.7 HTTP/1.1" 200 1271 "https://memo.carmel.wa.edu.au/" "Mozilla/5.0 (Windows NT 10.0; Win64; x64) AppleWebKit/537.36 (KHTML, like Gecko) Chrome/147.0.0.0 Safari/537.36 Edg/147.0.0.0"
103.172.76.104 - - [20/Apr/2026:07:30:35 +0800] "GET /wp-content/themes/hello-elementor/assets/css/reset.css?ver=3.4.7 HTTP/1.1" 200 1792 "https://memo.carmel.wa.edu.au/" "Mozilla/5.0 (Windows NT 10.0; Win64; x64) AppleWebKit/537.36 (KHTML, like Gecko) Chrome/147.0.0.0 Safari/537.36 Edg/147.0.0.0"
103.172.76.104 - - [20/Apr/2026:07:30:35 +0800] "GET /wp-content/themes/hello-elementor/assets/css/header-footer.css?ver=3.4.7 HTTP/1.1" 200 1423 "https://memo.carmel.wa.edu.au/" "Mozilla/5.0 (Windows NT 10.0; Win64; x64) AppleWebKit/537.36 (KHTML, like Gecko) Chrome/147.0.0.0 Safari/537.36 Edg/147.0.0.0"
103.172.76.104 - - [20/Apr/2026:07:30:35 +0800] "GET /wp-content/plugins/elementor/assets/css/frontend.min.css?ver=4.0.2 HTTP/1.1" 200 7271 "https://memo.carmel.wa.edu.au/" "Mozilla/5.0 (Windows NT 10.0; Win64; x64) AppleWebKit/537.36 (KHTML, like Gecko) Chrome/147.0.0.0 Safari/537.36 Edg/147.0.0.0"
103.172.76.104 - - [20/Apr/2026:07:30:35 +0800] "GET /wp-content/uploads/elementor/css/post-10.css?ver=1776399734 HTTP/1.1" 200 398 "https://memo.carmel.wa.edu.au/" "Mozilla/5.0 (Windows NT 10.0; Win64; x64) AppleWebKit/537.36 (KHTML, like Gecko) Chrome/147.0.0.0 Safari/537.36 Edg/147.0.0.0"
103.172.76.104 - - [20/Apr/2026:07:30:35 +0800] "GET /wp-content/plugins/elementor/assets/css/widget-image.min.css?ver=4.0.2 HTTP/1.1" 200 135 "https://memo.carmel.wa.edu.au/" "Mozilla/5.0 (Windows NT 10.0; Win64; x64) AppleWebKit/537.36 (KHTML, like Gecko) Chrome/147.0.0.0 Safari/537.36 Edg/147.0.0.0"
103.172.76.104 - - [20/Apr/2026:07:30:35 +0800] "GET /wp-content/plugins/elementor/assets/lib/eicons/css/elementor-icons.min.css?ver=5.48.0 HTTP/1.1" 200 4455 "https://memo.carmel.wa.edu.au/" "Mozilla/5.0 (Windows NT 10.0; Win64; x64) AppleWebKit/537.36 (KHTML, like Gecko) Chrome/147.0.0.0 Safari/537.36 Edg/147.0.0.0"
103.172.76.104 - - [20/Apr/2026:07:30:35 +0800] "GET /wp-content/plugins/elementor/assets/css/widget-heading.min.css?ver=4.0.2 HTTP/1.1" 200 160 "https://memo.carmel.wa.edu.au/" "Mozilla/5.0 (Windows NT 10.0; Win64; x64) AppleWebKit/537.36 (KHTML, like Gecko) Chrome/147.0.0.0 Safari/537.36 Edg/147.0.0.0"
103.172.76.104 - - [20/Apr/2026:07:30:35 +0800] "GET /wp-content/uploads/elementor/css/post-14.css?ver=1776399734 HTTP/1.1" 200 782 "https://memo.carmel.wa.edu.au/" "Mozilla/5.0 (Windows NT 10.0; Win64; x64) AppleWebKit/537.36 (KHTML, like Gecko) Chrome/147.0.0.0 Safari/537.36 Edg/147.0.0.0"
103.172.76.104 - - [20/Apr/2026:07:30:35 +0800] "GET /wp-content/plugins/elementor/assets/lib/animations/styles/e-animation-float.min.css?ver=4.0.2 HTTP/1.1" 200 139 "https://memo.carmel.wa.edu.au/" "Mozilla/5.0 (Windows NT 10.0; Win64; x64) AppleWebKit/537.36 (KHTML, like Gecko) Chrome/147.0.0.0 Safari/537.36 Edg/147.0.0.0"
103.172.76.104 - - [20/Apr/2026:07:30:35 +0800] "GET /wp-content/themes/hello-elementor/assets/js/hello-frontend.js?ver=3.4.7 HTTP/1.1" 200 549 "https://memo.carmel.wa.edu.au/" "Mozilla/5.0 (Windows NT 10.0; Win64; x64) AppleWebKit/537.36 (KHTML, like Gecko) Chrome/147.0.0.0 Safari/537.36 Edg/147.0.0.0"
103.172.76.104 - - [20/Apr/2026:07:30:35 +0800] "GET /wp-content/plugins/elementor/assets/js/webpack.runtime.min.js?ver=4.0.2 HTTP/1.1" 200 2496 "https://memo.carmel.wa.edu.au/" "Mozilla/5.0 (Windows NT 10.0; Win64; x64) AppleWebKit/537.36 (KHTML, like Gecko) Chrome/147.0.0.0 Safari/537.36 Edg/147.0.0.0"
103.172.76.104 - - [20/Apr/2026:07:30:35 +0800] "GET /wp-includes/js/jquery/jquery-migrate.min.js?ver=3.4.1 HTTP/1.1" 200 4872 "https://memo.carmel.wa.edu.au/" "Mozilla/5.0 (Windows NT 10.0; Win64; x64) AppleWebKit/537.36 (KHTML, like Gecko) Chrome/147.0.0.0 Safari/537.36 Edg/147.0.0.0"
103.172.76.104 - - [20/Apr/2026:07:30:35 +0800] "GET /wp-includes/js/jquery/jquery.min.js?ver=3.7.1 HTTP/1.1" 200 30368 "https://memo.carmel.wa.edu.au/" "Mozilla/5.0 (Windows NT 10.0; Win64; x64) AppleWebKit/537.36 (KHTML, like Gecko) Chrome/147.0.0.0 Safari/537.36 Edg/147.0.0.0"
103.172.76.104 - - [20/Apr/2026:07:30:35 +0800] "GET /wp-content/plugins/elementor/assets/js/frontend-modules.min.js?ver=4.0.2 HTTP/1.1" 200 15970 "https://memo.carmel.wa.edu.au/" "Mozilla/5.0 (Windows NT 10.0; Win64; x64) AppleWebKit/537.36 (KHTML, like Gecko) Chrome/147.0.0.0 Safari/537.36 Edg/147.0.0.0"
103.172.76.104 - - [20/Apr/2026:07:30:35 +0800] "GET /wp-includes/js/jquery/ui/core.min.js?ver=1.13.3 HTTP/1.1" 200 7106 "https://memo.carmel.wa.edu.au/" "Mozilla/5.0 (Windows NT 10.0; Win64; x64) AppleWebKit/537.36 (KHTML, like Gecko) Chrome/147.0.0.0 Safari/537.36 Edg/147.0.0.0"
103.172.76.104 - - [20/Apr/2026:07:30:35 +0800] "GET /wp-content/plugins/elementor/assets/js/frontend.min.js?ver=4.0.2 HTTP/1.1" 200 10339 "https://memo.carmel.wa.edu.au/" "Mozilla/5.0 (Windows NT 10.0; Win64; x64) AppleWebKit/537.36 (KHTML, like Gecko) Chrome/147.0.0.0 Safari/537.36 Edg/147.0.0.0"
103.172.76.104 - - [20/Apr/2026:07:30:35 +0800] "GET /wp-content/plugins/elementor/assets/js/section-frontend-handlers.d85ab872da118940910d.bundle.min.js HTTP/1.1" 200 269 "https://memo.carmel.wa.edu.au/" "Mozilla/5.0 (Windows NT 10.0; Win64; x64) AppleWebKit/537.36 (KHTML, like Gecko) Chrome/147.0.0.0 Safari/537.36 Edg/147.0.0.0"
103.172.76.104 - - [20/Apr/2026:07:30:35 +0800] "GET /wp-content/plugins/elementor/assets/js/text-editor.45609661e409413f1cef.bundle.min.js HTTP/1.1" 200 648 "https://memo.carmel.wa.edu.au/" "Mozilla/5.0 (Windows NT 10.0; Win64; x64) AppleWebKit/537.36 (KHTML, like Gecko) Chrome/147.0.0.0 Safari/537.36 Edg/147.0.0.0"
103.172.76.104 - - [20/Apr/2026:07:30:35 +0800] "GET /wp-content/plugins/elementor/assets/js/shared-frontend-handlers.03caa53373b56d3bab67.bundle.min.js HTTP/1.1" 200 2644 "https://memo.carmel.wa.edu.au/" "Mozilla/5.0 (Windows NT 10.0; Win64; x64) AppleWebKit/537.36 (KHTML, like Gecko) Chrome/147.0.0.0 Safari/537.36 Edg/147.0.0.0"
103.172.76.104 - - [20/Apr/2026:07:30:35 +0800] "GET /favicon.ico HTTP/1.1" 404 196 "https://memo.carmel.wa.edu.au/" "Mozilla/5.0 (Windows NT 10.0; Win64; x64) AppleWebKit/537.36 (KHTML, like Gecko) Chrome/147.0.0.0 Safari/537.36 Edg/147.0.0.0"
103.172.76.104 - - [20/Apr/2026:07:30:35 +0800] "GET /wp-includes/js/wp-emoji-release.min.js?ver=6.9.4 HTTP/1.1" 200 5375 "https://memo.carmel.wa.edu.au/" "Mozilla/5.0 (Windows NT 10.0; Win64; x64) AppleWebKit/537.36 (KHTML, like Gecko) Chrome/147.0.0.0 Safari/537.36 Edg/147.0.0.0"
103.4.122.13 - - [20/Apr/2026:07:33:39 +0800] "GET /wp-cron.php HTTP/1.1" 200 - "-" "WordPress/6.9.4; https://wpmain.screwlooseit.com.au"
103.4.122.14 - - [20/Apr/2026:09:53:07 +0800] "POST /wp-cron.php?doing_wp_cron=1776649986.9976809024810791015625 HTTP/1.1" 200 - "-" "WordPress/6.9.4; https://memo.carmel.wa.edu.au"
103.172.76.41 - - [20/Apr/2026:09:53:03 +0800] "GET / HTTP/1.1" 200 7222 "-" "Mozilla/5.0 (Windows NT 10.0; Win64; x64) AppleWebKit/537.36 (KHTML, like Gecko) Chrome/147.0.0.0 Safari/537.36 Edg/147.0.0.0"
103.172.76.41 - - [20/Apr/2026:09:53:07 +0800] "GET /wp-content/themes/hello-elementor/assets/css/theme.css?ver=3.4.7 HTTP/1.1" 200 1271 "https://memo.carmel.wa.edu.au/" "Mozilla/5.0 (Windows NT 10.0; Win64; x64) AppleWebKit/537.36 (KHTML, like Gecko) Chrome/147.0.0.0 Safari/537.36 Edg/147.0.0.0"
103.172.76.41 - - [20/Apr/2026:09:53:07 +0800] "GET /wp-content/plugins/elementor/assets/lib/eicons/css/elementor-icons.min.css?ver=5.48.0 HTTP/1.1" 200 4455 "https://memo.carmel.wa.edu.au/" "Mozilla/5.0 (Windows NT 10.0; Win64; x64) AppleWebKit/537.36 (KHTML, like Gecko) Chrome/147.0.0.0 Safari/537.36 Edg/147.0.0.0"
103.172.76.41 - - [20/Apr/2026:09:53:07 +0800] "GET /wp-content/themes/hello-elementor/assets/css/reset.css?ver=3.4.7 HTTP/1.1" 200 1792 "https://memo.carmel.wa.edu.au/" "Mozilla/5.0 (Windows NT 10.0; Win64; x64) AppleWebKit/537.36 (KHTML, like Gecko) Chrome/147.0.0.0 Safari/537.36 Edg/147.0.0.0"
103.172.76.41 - - [20/Apr/2026:09:53:07 +0800] "GET /wp-content/themes/hello-elementor/assets/css/header-footer.css?ver=3.4.7 HTTP/1.1" 200 1423 "https://memo.carmel.wa.edu.au/" "Mozilla/5.0 (Windows NT 10.0; Win64; x64) AppleWebKit/537.36 (KHTML, like Gecko) Chrome/147.0.0.0 Safari/537.36 Edg/147.0.0.0"
103.172.76.41 - - [20/Apr/2026:09:53:07 +0800] "GET /wp-content/plugins/elementor/assets/css/frontend.min.css?ver=4.0.2 HTTP/1.1" 200 7271 "https://memo.carmel.wa.edu.au/" "Mozilla/5.0 (Windows NT 10.0; Win64; x64) AppleWebKit/537.36 (KHTML, like Gecko) Chrome/147.0.0.0 Safari/537.36 Edg/147.0.0.0"
103.172.76.41 - - [20/Apr/2026:09:53:07 +0800] "GET /wp-content/uploads/elementor/css/post-10.css?ver=1776399734 HTTP/1.1" 200 398 "https://memo.carmel.wa.edu.au/" "Mozilla/5.0 (Windows NT 10.0; Win64; x64) AppleWebKit/537.36 (KHTML, like Gecko) Chrome/147.0.0.0 Safari/537.36 Edg/147.0.0.0"
103.172.76.41 - - [20/Apr/2026:09:53:07 +0800] "GET /wp-content/plugins/elementor/assets/css/widget-heading.min.css?ver=4.0.2 HTTP/1.1" 200 160 "https://memo.carmel.wa.edu.au/" "Mozilla/5.0 (Windows NT 10.0; Win64; x64) AppleWebKit/537.36 (KHTML, like Gecko) Chrome/147.0.0.0 Safari/537.36 Edg/147.0.0.0"
103.172.76.41 - - [20/Apr/2026:09:53:07 +0800] "GET /wp-content/plugins/elementor/assets/css/widget-image.min.css?ver=4.0.2 HTTP/1.1" 200 135 "https://memo.carmel.wa.edu.au/" "Mozilla/5.0 (Windows NT 10.0; Win64; x64) AppleWebKit/537.36 (KHTML, like Gecko) Chrome/147.0.0.0 Safari/537.36 Edg/147.0.0.0"
103.172.76.41 - - [20/Apr/2026:09:53:07 +0800] "GET /wp-content/plugins/elementor/assets/lib/animations/styles/e-animation-float.min.css?ver=4.0.2 HTTP/1.1" 200 139 "https://memo.carmel.wa.edu.au/" "Mozilla/5.0 (Windows NT 10.0; Win64; x64) AppleWebKit/537.36 (KHTML, like Gecko) Chrome/147.0.0.0 Safari/537.36 Edg/147.0.0.0"
103.172.76.41 - - [20/Apr/2026:09:53:07 +0800] "GET /wp-content/uploads/elementor/css/post-14.css?ver=1776399734 HTTP/1.1" 200 782 "https://memo.carmel.wa.edu.au/" "Mozilla/5.0 (Windows NT 10.0; Win64; x64) AppleWebKit/537.36 (KHTML, like Gecko) Chrome/147.0.0.0 Safari/537.36 Edg/147.0.0.0"
103.172.76.41 - - [20/Apr/2026:09:53:07 +0800] "GET /wp-includes/js/jquery/jquery-migrate.min.js?ver=3.4.1 HTTP/1.1" 200 4872 "https://memo.carmel.wa.edu.au/" "Mozilla/5.0 (Windows NT 10.0; Win64; x64) AppleWebKit/537.36 (KHTML, like Gecko) Chrome/147.0.0.0 Safari/537.36 Edg/147.0.0.0"
103.172.76.41 - - [20/Apr/2026:09:53:07 +0800] "GET /wp-includes/js/jquery/jquery.min.js?ver=3.7.1 HTTP/1.1" 200 30368 "https://memo.carmel.wa.edu.au/" "Mozilla/5.0 (Windows NT 10.0; Win64; x64) AppleWebKit/537.36 (KHTML, like Gecko) Chrome/147.0.0.0 Safari/537.36 Edg/147.0.0.0"
103.172.76.41 - - [20/Apr/2026:09:53:07 +0800] "GET /wp-content/themes/hello-elementor/assets/js/hello-frontend.js?ver=3.4.7 HTTP/1.1" 200 549 "https://memo.carmel.wa.edu.au/" "Mozilla/5.0 (Windows NT 10.0; Win64; x64) AppleWebKit/537.36 (KHTML, like Gecko) Chrome/147.0.0.0 Safari/537.36 Edg/147.0.0.0"
103.172.76.41 - - [20/Apr/2026:09:53:07 +0800] "GET /wp-content/plugins/elementor/assets/js/webpack.runtime.min.js?ver=4.0.2 HTTP/1.1" 200 2496 "https://memo.carmel.wa.edu.au/" "Mozilla/5.0 (Windows NT 10.0; Win64; x64) AppleWebKit/537.36 (KHTML, like Gecko) Chrome/147.0.0.0 Safari/537.36 Edg/147.0.0.0"
103.172.76.41 - - [20/Apr/2026:09:53:07 +0800] "GET /wp-content/plugins/elementor/assets/js/frontend-modules.min.js?ver=4.0.2 HTTP/1.1" 200 15970 "https://memo.carmel.wa.edu.au/" "Mozilla/5.0 (Windows NT 10.0; Win64; x64) AppleWebKit/537.36 (KHTML, like Gecko) Chrome/147.0.0.0 Safari/537.36 Edg/147.0.0.0"
103.172.76.41 - - [20/Apr/2026:09:53:07 +0800] "GET /wp-includes/js/jquery/ui/core.min.js?ver=1.13.3 HTTP/1.1" 200 7106 "https://memo.carmel.wa.edu.au/" "Mozilla/5.0 (Windows NT 10.0; Win64; x64) AppleWebKit/537.36 (KHTML, like Gecko) Chrome/147.0.0.0 Safari/537.36 Edg/147.0.0.0"
103.172.76.41 - - [20/Apr/2026:09:53:07 +0800] "GET /wp-content/plugins/elementor/assets/js/frontend.min.js?ver=4.0.2 HTTP/1.1" 200 10339 "https://memo.carmel.wa.edu.au/" "Mozilla/5.0 (Windows NT 10.0; Win64; x64) AppleWebKit/537.36 (KHTML, like Gecko) Chrome/147.0.0.0 Safari/537.36 Edg/147.0.0.0"
103.172.76.41 - - [20/Apr/2026:09:53:07 +0800] "GET /wp-content/plugins/elementor/assets/js/section-frontend-handlers.d85ab872da118940910d.bundle.min.js HTTP/1.1" 200 269 "https://memo.carmel.wa.edu.au/" "Mozilla/5.0 (Windows NT 10.0; Win64; x64) AppleWebKit/537.36 (KHTML, like Gecko) Chrome/147.0.0.0 Safari/537.36 Edg/147.0.0.0"
103.172.76.41 - - [20/Apr/2026:09:53:07 +0800] "GET /wp-content/plugins/elementor/assets/js/text-editor.45609661e409413f1cef.bundle.min.js HTTP/1.1" 200 648 "https://memo.carmel.wa.edu.au/" "Mozilla/5.0 (Windows NT 10.0; Win64; x64) AppleWebKit/537.36 (KHTML, like Gecko) Chrome/147.0.0.0 Safari/537.36 Edg/147.0.0.0"
103.172.76.41 - - [20/Apr/2026:09:53:07 +0800] "GET /wp-content/plugins/elementor/assets/js/shared-frontend-handlers.03caa53373b56d3bab67.bundle.min.js HTTP/1.1" 200 2644 "https://memo.carmel.wa.edu.au/" "Mozilla/5.0 (Windows NT 10.0; Win64; x64) AppleWebKit/537.36 (KHTML, like Gecko) Chrome/147.0.0.0 Safari/537.36 Edg/147.0.0.0"
103.172.76.41 - - [20/Apr/2026:09:53:07 +0800] "GET /favicon.ico HTTP/1.1" 404 196 "https://memo.carmel.wa.edu.au/" "Mozilla/5.0 (Windows NT 10.0; Win64; x64) AppleWebKit/537.36 (KHTML, like Gecko) Chrome/147.0.0.0 Safari/537.36 Edg/147.0.0.0"
103.172.76.41 - - [20/Apr/2026:09:53:07 +0800] "GET /wp-includes/js/wp-emoji-release.min.js?ver=6.9.4 HTTP/1.1" 200 5375 "https://memo.carmel.wa.edu.au/" "Mozilla/5.0 (Windows NT 10.0; Win64; x64) AppleWebKit/537.36 (KHTML, like Gecko) Chrome/147.0.0.0 Safari/537.36 Edg/147.0.0.0"
103.4.122.13 - - [20/Apr/2026:10:09:19 +0800] "GET / HTTP/1.1" 200 29414 "https://wpmain.screwlooseit.com.au" "Mozilla/5.0 (compatible; MainWP/6.0.9; +http://mainwp.com)"
103.4.122.14 - - [20/Apr/2026:12:17:30 +0800] "POST /wp-cron.php?doing_wp_cron=1776658649.8708369731903076171875 HTTP/1.1" 200 - "-" "WordPress/6.9.4; https://memo.carmel.wa.edu.au"
103.4.122.13 - - [20/Apr/2026:12:17:29 +0800] "GET /?login_required=1&user=ACS&mainwpsignature=OE8czdSaZGG7nseSXRQOOAkSN0cFZK2EXy1zQjBGYtYTQeghS7PUg9uQjVuZS7z%2BIHFOhUxCon9tHVa%2BF%2FNDgLiEUD%2BTAhD2lcQZhhsBPXw%2BHCnDWH6xbaR9Uj6%2FKTed%2F2LD4mCHD18LpG%2FJD4jIvxXRjXOw9LB9ll7vlslmWl8onP9xPkfs97ppOr5VeevNtauE2g5SOBPsQBfUyH6mcIDcn4sWrB3yaeJH7AJ8yR%2BHEWK2H9ptA%2BkgbQ1wpx3CX0gtHU%2FPcAvk9X0sYeajpoatNZXZGPdybWqEjGKvcC55bHCrFk6dgi1EBumioWKjq380sFjEpuT6o2xxgxdMkA%3D%3D&nonce=2263&where=plugins.php%3F_detect_plugins_updates%3Dyes&sign_algo=7 HTTP/1.1" 302 - "-" "WordPress/6.9.4; https://wpmain.screwlooseit.com.au"
103.4.122.13 - - [20/Apr/2026:12:17:30 +0800] "GET /wp-admin/plugins.php?_detect_plugins_updates=yes HTTP/1.1" 200 21352 "-" "WordPress/6.9.4; https://wpmain.screwlooseit.com.au"
103.4.122.13 - - [20/Apr/2026:12:17:32 +0800] "POST /wp-admin/admin-ajax.php HTTP/1.1" 200 178841 "https://wpmain.screwlooseit.com.au" "Mozilla/5.0 (compatible; MainWP/6.0.9; +http://mainwp.com)"
103.4.122.14 - - [20/Apr/2026:12:17:38 +0800] "GET / HTTP/1.1" 200 7223 "-" "WordPress/6.9.4; https://memo.carmel.wa.edu.au"
103.4.122.13 - - [20/Apr/2026:12:17:37 +0800] "POST /wp-admin/admin-ajax.php HTTP/1.1" 200 21 "https://wpmain.screwlooseit.com.au" "Mozilla/5.0 (compatible; MainWP/6.0.9; +http://mainwp.com)"
103.4.122.13 - - [20/Apr/2026:12:30:05 +0800] "GET / HTTP/1.1" 200 29414 "https://wpmain.screwlooseit.com.au" "Mozilla/5.0 (compatible; MainWP/6.0.9; +http://mainwp.com)"
103.4.122.14 - - [20/Apr/2026:12:59:36 +0800] "POST /wp-cron.php?doing_wp_cron=1776661176.8675730228424072265625 HTTP/1.1" 200 - "-" "WordPress/6.9.4; https://memo.carmel.wa.edu.au"
207.90.244.23 - - [20/Apr/2026:12:59:35 +0800] "GET / HTTP/1.1" 200 29414 "-" "Mozilla/5.0 (X11; Linux x86_64) AppleWebKit/537.36 (KHTML, like Gecko) Chrome/98.0.4758.102 Safari/537.36"
207.90.244.23 - - [20/Apr/2026:13:00:29 +0800] "GET /robots.txt HTTP/1.1" 404 196 "-" "-"
207.90.244.23 - - [20/Apr/2026:13:00:30 +0800] "GET /sitemap.xml HTTP/1.1" 404 196 "-" "-"
207.90.244.23 - - [20/Apr/2026:13:00:32 +0800] "GET /.well-known/security.txt HTTP/1.1" 404 196 "-" "-"
207.90.244.23 - - [20/Apr/2026:13:00:38 +0800] "GET /favicon.ico HTTP/1.1" 404 196 "-" "Mozilla/5.0 (Windows NT 10.0; Win64; x64) AppleWebKit/537.36 (KHTML, like Gecko) Chrome/102.0.5005.63 Safari/537.36"
103.4.122.14 - - [20/Apr/2026:13:48:04 +0800] "POST /wp-cron.php?doing_wp_cron=1776664084.6415729522705078125000 HTTP/1.1" 200 - "-" "WordPress/6.9.4; https://memo.carmel.wa.edu.au"
217.142.190.120 - - [20/Apr/2026:13:48:03 +0800] "HEAD / HTTP/1.1" 200 - "-" "Mozilla/5.0 (compatible; MSIE 10.0; Windows NT 6.1; Trident/6.0)"
217.142.190.120 - - [20/Apr/2026:13:48:05 +0800] "GET / HTTP/1.1" 200 7222 "-" "Mozilla/5.0 (compatible; MSIE 10.0; Windows NT 6.1; Trident/6.0)"
217.142.190.120 - - [20/Apr/2026:13:48:06 +0800] "GET /wp-content/uploads/ HTTP/1.1" 403 13 "-" "Opera/9.80 (Windows NT 6.0) Presto/2.12.388 Version/12.14"
217.142.190.120 - - [20/Apr/2026:13:48:06 +0800] "GET /wp-content/plugins/ HTTP/1.1" 200 - "-" "Mozilla/5.0 (Linux; Android 11; vivo 2001) AppleWebKit/537.36 (KHTML, like Gecko) Chrome/96.0.4664.45 Mobile Safari/537.36"
217.142.190.120 - - [20/Apr/2026:13:48:07 +0800] "GET /wp-content/plugins/better-wp-security/ HTTP/1.1" 404 196 "-" "python-requests/2.31.0"
217.142.190.120 - - [20/Apr/2026:13:48:07 +0800] "GET /wp-content/themes/infinite/ HTTP/1.1" 404 196 "-" "Opera/9.80 (Windows NT 6.0) Presto/2.12.388 Version/12.14"
217.142.190.120 - - [20/Apr/2026:13:48:07 +0800] "GET /administrator/ HTTP/1.1" 404 196 "-" "Mozilla/5.0 (Windows NT 10.0; Win64; x64) AppleWebKit/537.36 (KHTML, like Gecko) Brave/1.60.0 Chrome/118.0.0.0 Safari/537.36"
217.142.190.120 - - [20/Apr/2026:13:48:08 +0800] "GET /components/ HTTP/1.1" 404 196 "-" "Mozilla/5.0 (PlayStation 4 3.11) AppleWebKit/537.73 (KHTML, like Gecko)"
217.142.190.120 - - [20/Apr/2026:13:48:08 +0800] "GET /modules/ HTTP/1.1" 404 196 "-" "Mozilla/5.0 (X11; Linux x86_64) AppleWebKit/537.36 (KHTML, like Gecko) Chrome/113.0.5672.63 Safari/537.36"
217.142.190.120 - - [20/Apr/2026:13:48:09 +0800] "GET /plugins/ HTTP/1.1" 404 196 "-" "Mozilla/5.0 (Windows NT 6.3; Trident/7.0; rv:11.0) like Gecko"
217.142.190.120 - - [20/Apr/2026:13:48:09 +0800] "GET /sites/default/files/ HTTP/1.1" 404 196 "-" "Mozilla/5.0 (iPhone; CPU iPhone OS 14_4 like Mac OS X) AppleWebKit/605.1.15 (KHTML, like Gecko) Version/14.0 Mobile/15E148 Safari/604.1"
217.142.190.120 - - [20/Apr/2026:13:48:09 +0800] "GET /modules/ HTTP/1.1" 404 196 "-" "Mozilla/5.0 (iPad; CPU OS 15_6 like Mac OS X) AppleWebKit/605.1.15 (KHTML, like Gecko) Mobile/15E148"
217.142.190.120 - - [20/Apr/2026:13:48:10 +0800] "GET /themes/ HTTP/1.1" 404 196 "-" "Mozilla/5.0 (Windows NT 10.0; Win64; x64) AppleWebKit/537.36 (KHTML, like Gecko) Chrome/116.0.5845.96 Safari/537.36"
217.142.190.120 - - [20/Apr/2026:13:48:10 +0800] "GET /sites/all/modules/ HTTP/1.1" 404 196 "-" "Mozilla/5.0 (Linux; Android 13; SAMSUNG SM-N986B) AppleWebKit/537.36 (KHTML, like Gecko) SamsungBrowser/20.0 Chrome/110.0.5481.153 Mobile Safari/537.36"
217.142.190.120 - - [20/Apr/2026:13:48:11 +0800] "GET /admin/ HTTP/1.1" 404 196 "-" "Mozilla/5.0 (Windows NT 10.0; Win64; x64) AppleWebKit/537.36 (KHTML, like Gecko) Chrome/116.0.5845.96 Safari/537.36"
217.142.190.120 - - [20/Apr/2026:13:48:11 +0800] "GET /modules/ HTTP/1.1" 404 196 "-" "Mozilla/5.0 (Windows NT 10.0; Win64; x64) HeadlessChrome/115.0.5790.170 Safari/537.36"
217.142.190.120 - - [20/Apr/2026:13:48:12 +0800] "GET /themes/ HTTP/1.1" 404 196 "-" "Mozilla/5.0 (Linux; Android 13; ONEPLUS A5010) AppleWebKit/537.36 (KHTML, like Gecko) Chrome/117.0.5938.92 Mobile Safari/537.36"
217.142.190.120 - - [20/Apr/2026:13:48:12 +0800] "GET /cache/ HTTP/1.1" 404 196 "-" "Mozilla/5.0 (Windows NT 10.0; Win64; x64) AppleWebKit/537.36 (KHTML, like Gecko) Brave/1.60.0 Chrome/118.0.0.0 Safari/537.36"
103.4.122.14 - - [20/Apr/2026:15:39:10 +0800] "POST /wp-cron.php?doing_wp_cron=1776670750.3286080360412597656250 HTTP/1.1" 200 - "-" "WordPress/6.9.4; https://memo.carmel.wa.edu.au"
103.4.122.13 - - [20/Apr/2026:15:39:09 +0800] "GET / HTTP/1.1" 200 29414 "https://wpmain.screwlooseit.com.au" "Mozilla/5.0 (compatible; MainWP/6.0.9; +http://mainwp.com)"
103.4.122.14 - - [20/Apr/2026:17:22:29 +0800] "POST /wp-cron.php?doing_wp_cron=1776676949.5686609745025634765625 HTTP/1.1" 200 - "-" "WordPress/6.9.4; https://memo.carmel.wa.edu.au"
103.4.122.13 - - [20/Apr/2026:17:22:28 +0800] "GET / HTTP/1.1" 200 29414 "https://wpmain.screwlooseit.com.au" "Mozilla/5.0 (compatible; MainWP/6.0.9; +http://mainwp.com)"
103.4.122.14 - - [20/Apr/2026:19:33:10 +0800] "POST /wp-cron.php?doing_wp_cron=1776684790.3594529628753662109375 HTTP/1.1" 200 - "-" "WordPress/6.9.4; https://memo.carmel.wa.edu.au"
206.189.179.221 - - [20/Apr/2026:19:33:08 +0800] "POST / HTTP/1.1" 200 7222 "https://memo.carmel.wa.edu.au/" "Mozilla/5.0 (Macintosh; Intel Mac OS X 10_15_7) AppleWebKit/537.36 (KHTML, like Gecko) Chrome/136.0.0.0 Safari/537.36"
103.4.122.13 - - [20/Apr/2026:19:35:56 +0800] "GET / HTTP/1.1" 200 29417 "https://wpmain.screwlooseit.com.au" "Mozilla/5.0 (compatible; MainWP/6.0.9; +http://mainwp.com)"
66.249.68.1 - - [20/Apr/2026:22:42:37 +0800] "GET /robots.txt HTTP/1.1" 404 196 "-" "Mozilla/5.0 (compatible; Googlebot/2.1; +http://www.google.com/bot.html)"
103.4.122.14 - - [20/Apr/2026:23:25:02 +0800] "POST /wp-cron.php?doing_wp_cron=1776698702.4135699272155761718750 HTTP/1.1" 200 - "-" "WordPress/6.9.4; http://memo.carmel.wa.edu.au"
207.90.244.16 - - [20/Apr/2026:23:25:01 +0800] "GET / HTTP/1.1" 200 29385 "-" "Mozilla/5.0 (Windows NT 6.1) AppleWebKit/537.36 (KHTML, like Gecko) Chrome/41.0.2228.0 Safari/537.36"
207.90.244.16 - - [20/Apr/2026:23:25:04 +0800] "GET /robots.txt HTTP/1.1" 404 196 "-" "-"
207.90.244.16 - - [20/Apr/2026:23:25:07 +0800] "GET /sitemap.xml HTTP/1.1" 404 196 "-" "-"
207.90.244.16 - - [20/Apr/2026:23:25:09 +0800] "GET /.well-known/security.txt HTTP/1.1" 404 196 "-" "-"
207.90.244.16 - - [20/Apr/2026:23:25:12 +0800] "GET /favicon.ico HTTP/1.1" 404 196 "-" "Mozilla/5.0 (Windows NT 10.0; Win64; x64) AppleWebKit/537.36 (KHTML, like Gecko) Chrome/102.0.5005.63 Safari/537.36"
103.4.122.13 - - [20/Apr/2026:23:25:16 +0800] "GET / HTTP/1.1" 200 29417 "https://wpmain.screwlooseit.com.au" "Mozilla/5.0 (compatible; MainWP/6.0.9; +http://mainwp.com)"
34.56.227.115 - - [20/Apr/2026:23:26:30 +0800] "GET / HTTP/1.1" 200 7223 "-" "Mozilla/5.0 (compatible; CMS-Checker/1.0; +https://example.com)"
51.89.12.179 - - [21/Apr/2026:01:49:31 +0800] "GET /blog-verify HTTP/1.1" 404 196 "-" "Mozilla/5.0 (Macintosh; Intel Mac OS X 10_15_7) AppleWebKit/537.36 (KHTML, like Gecko) Chrome/147.0.0.0 Safari/537.36"
51.89.12.179 - - [21/Apr/2026:01:49:31 +0800] "GET /wp-content/plugins/contact-form-by-supsystic/css/supsystic-for-all-admin.css HTTP/1.1" 404 196 "-" "Mozilla/5.0 (Macintosh; Intel Mac OS X 10_15_7; rv:149.0) Gecko/20100101 Firefox/149.0"
103.4.122.14 - - [21/Apr/2026:01:49:33 +0800] "POST /wp-cron.php?doing_wp_cron=1776707372.9637110233306884765625 HTTP/1.1" 200 - "-" "WordPress/6.9.4; https://memo.carmel.wa.edu.au"
51.89.12.179 - - [21/Apr/2026:01:49:31 +0800] "GET /?wmo_hc=k7Hx9mQp2wRt HTTP/1.1" 200 29417 "-" "Mozilla/5.0 (Macintosh; Intel Mac OS X 10_15_7; rv:149.0) Gecko/20100101 Firefox/149.0"
160.30.179.127 - - [21/Apr/2026:02:52:56 +0800] "GET /.env HTTP/1.1" 403 199 "-" "Mozilla/5.0 (X11; Linux x86_64; rv:83.0) Gecko/20100101 Firefox/83.0"
103.4.122.14 - - [21/Apr/2026:03:45:34 +0800] "POST /wp-cron.php?doing_wp_cron=1776714334.8940050601959228515625 HTTP/1.1" 200 - "-" "WordPress/6.9.4; http://memo.carmel.wa.edu.au"
103.253.27.23 - - [21/Apr/2026:03:45:33 +0800] "GET / HTTP/1.1" 200 29385 "-" "Mozilla/5.0 (Windows NT 10.0; Win64; x64) AppleWebKit/537.36 (KHTML, like Gecko) Chrome/95.0.4638.69 Safari/537.36"
103.253.27.23 - - [21/Apr/2026:03:45:35 +0800] "GET /wp-includes/ID3/license.txt HTTP/1.1" 200 1396 "-" "Mozilla/5.0 (Windows NT 10.0; Win64; x64) AppleWebKit/537.36 (KHTML, like Gecko) Chrome/95.0.4638.69 Safari/537.36"
103.253.27.23 - - [21/Apr/2026:03:45:35 +0800] "GET /feed/ HTTP/1.1" 404 196 "-" "Mozilla/5.0 (Windows NT 10.0; Win64; x64) AppleWebKit/537.36 (KHTML, like Gecko) Chrome/95.0.4638.69 Safari/537.36"
103.253.27.23 - - [21/Apr/2026:03:45:35 +0800] "GET /xmlrpc.php?rsd HTTP/1.1" 200 848 "-" "Mozilla/5.0 (Windows NT 10.0; Win64; x64) AppleWebKit/537.36 (KHTML, like Gecko) Chrome/95.0.4638.69 Safari/537.36"
103.253.27.23 - - [21/Apr/2026:03:45:35 +0800] "GET /wp-login.php HTTP/1.1" 200 5015 "-" "Mozilla/5.0 (Windows NT 10.0; Win64; x64) AppleWebKit/537.36 (KHTML, like Gecko) Chrome/95.0.4638.69 Safari/537.36"
103.253.27.23 - - [21/Apr/2026:03:45:36 +0800] "GET /?author=1 HTTP/1.1" 200 21045 "-" "Mozilla/5.0 (Windows NT 10.0; Win64; x64) AppleWebKit/537.36 (KHTML, like Gecko) Chrome/95.0.4638.69 Safari/537.36"
103.253.27.23 - - [21/Apr/2026:03:45:37 +0800] "GET /wp-json/wp/v2/users/ HTTP/1.1" 403 199 "-" "Mozilla/5.0 (Windows NT 10.0; Win64; x64) AppleWebKit/537.36 (KHTML, like Gecko) Chrome/95.0.4638.69 Safari/537.36"
103.253.27.23 - - [21/Apr/2026:03:45:37 +0800] "GET /wp-json/oembed/1.0/embed?url=http://memo.carmel.wa.edu.au HTTP/1.1" 404 196 "-" "Mozilla/5.0 (Windows NT 10.0; Win64; x64) AppleWebKit/537.36 (KHTML, like Gecko) Chrome/95.0.4638.69 Safari/537.36"
103.253.27.23 - - [21/Apr/2026:03:45:37 +0800] "POST /xmlrpc.php HTTP/1.1" 200 401 "-" "Mozilla/5.0 (Windows NT 10.0; Win64; x64) AppleWebKit/537.36 (KHTML, like Gecko) Chrome/95.0.4638.69 Safari/537.36"
103.253.27.23 - - [21/Apr/2026:03:45:38 +0800] "POST /xmlrpc.php HTTP/1.1" 200 401 "-" "Mozilla/5.0 (Windows NT 10.0; Win64; x64) AppleWebKit/537.36 (KHTML, like Gecko) Chrome/95.0.4638.69 Safari/537.36"
103.253.27.23 - - [21/Apr/2026:03:45:39 +0800] "POST /xmlrpc.php HTTP/1.1" 200 401 "-" "Mozilla/5.0 (Windows NT 10.0; Win64; x64) AppleWebKit/537.36 (KHTML, like Gecko) Chrome/95.0.4638.69 Safari/537.36"
103.253.27.23 - - [21/Apr/2026:03:45:40 +0800] "POST /xmlrpc.php HTTP/1.1" 200 401 "-" "Mozilla/5.0 (Windows NT 10.0; Win64; x64) AppleWebKit/537.36 (KHTML, like Gecko) Chrome/95.0.4638.69 Safari/537.36"
103.253.27.23 - - [21/Apr/2026:03:45:40 +0800] "POST /xmlrpc.php HTTP/1.1" 403 199 "-" "Mozilla/5.0 (Windows NT 10.0; Win64; x64) AppleWebKit/537.36 (KHTML, like Gecko) Chrome/95.0.4638.69 Safari/537.36"
103.253.27.23 - - [21/Apr/2026:03:45:41 +0800] "POST /wp-login.php HTTP/1.1" 403 199 "http://memo.carmel.wa.edu.au/wp-login.php" "Mozilla/5.0 (Windows NT 10.0; Win64; x64) AppleWebKit/537.36 (KHTML, like Gecko) Chrome/95.0.4638.69 Safari/537.36"
103.253.27.23 - - [21/Apr/2026:03:45:41 +0800] "POST /wp-login.php HTTP/1.1" 403 199 "http://memo.carmel.wa.edu.au/wp-login.php" "Mozilla/5.0 (Windows NT 10.0; Win64; x64) AppleWebKit/537.36 (KHTML, like Gecko) Chrome/95.0.4638.69 Safari/537.36"
103.253.27.23 - - [21/Apr/2026:03:45:41 +0800] "POST /wp-login.php HTTP/1.1" 403 199 "http://memo.carmel.wa.edu.au/wp-login.php" "Mozilla/5.0 (Windows NT 10.0; Win64; x64) AppleWebKit/537.36 (KHTML, like Gecko) Chrome/95.0.4638.69 Safari/537.36"
103.253.27.23 - - [21/Apr/2026:03:45:41 +0800] "POST /wp-login.php HTTP/1.1" 403 199 "http://memo.carmel.wa.edu.au/wp-login.php" "Mozilla/5.0 (Windows NT 10.0; Win64; x64) AppleWebKit/537.36 (KHTML, like Gecko) Chrome/95.0.4638.69 Safari/537.36"
103.253.27.23 - - [21/Apr/2026:03:45:41 +0800] "POST /wp-login.php HTTP/1.1" 403 199 "http://memo.carmel.wa.edu.au/wp-login.php" "Mozilla/5.0 (Windows NT 10.0; Win64; x64) AppleWebKit/537.36 (KHTML, like Gecko) Chrome/95.0.4638.69 Safari/537.36"
103.253.27.23 - - [21/Apr/2026:03:45:41 +0800] "POST /wp-login.php HTTP/1.1" 403 199 "http://memo.carmel.wa.edu.au/wp-login.php" "Mozilla/5.0 (Windows NT 10.0; Win64; x64) AppleWebKit/537.36 (KHTML, like Gecko) Chrome/95.0.4638.69 Safari/537.36"
103.253.27.23 - - [21/Apr/2026:03:45:42 +0800] "POST /wp-login.php HTTP/1.1" 403 199 "http://memo.carmel.wa.edu.au/wp-login.php" "Mozilla/5.0 (Windows NT 10.0; Win64; x64) AppleWebKit/537.36 (KHTML, like Gecko) Chrome/95.0.4638.69 Safari/537.36"
103.253.27.23 - - [21/Apr/2026:03:45:42 +0800] "POST /wp-login.php HTTP/1.1" 403 199 "http://memo.carmel.wa.edu.au/wp-login.php" "Mozilla/5.0 (Windows NT 10.0; Win64; x64) AppleWebKit/537.36 (KHTML, like Gecko) Chrome/95.0.4638.69 Safari/537.36"
103.253.27.23 - - [21/Apr/2026:03:45:42 +0800] "POST /wp-login.php HTTP/1.1" 403 199 "http://memo.carmel.wa.edu.au/wp-login.php" "Mozilla/5.0 (Windows NT 10.0; Win64; x64) AppleWebKit/537.36 (KHTML, like Gecko) Chrome/95.0.4638.69 Safari/537.36"
103.253.27.23 - - [21/Apr/2026:03:45:42 +0800] "POST /wp-login.php HTTP/1.1" 403 199 "http://memo.carmel.wa.edu.au/wp-login.php" "Mozilla/5.0 (Windows NT 10.0; Win64; x64) AppleWebKit/537.36 (KHTML, like Gecko) Chrome/95.0.4638.69 Safari/537.36"
103.253.27.23 - - [21/Apr/2026:03:45:42 +0800] "POST /wp-login.php HTTP/1.1" 403 199 "http://memo.carmel.wa.edu.au/wp-login.php" "Mozilla/5.0 (Windows NT 10.0; Win64; x64) AppleWebKit/537.36 (KHTML, like Gecko) Chrome/95.0.4638.69 Safari/537.36"
103.253.27.23 - - [21/Apr/2026:03:45:43 +0800] "POST /wp-login.php HTTP/1.1" 403 199 "http://memo.carmel.wa.edu.au/wp-login.php" "Mozilla/5.0 (Windows NT 10.0; Win64; x64) AppleWebKit/537.36 (KHTML, like Gecko) Chrome/95.0.4638.69 Safari/537.36"
103.253.27.23 - - [21/Apr/2026:03:45:43 +0800] "POST /wp-login.php HTTP/1.1" 403 199 "http://memo.carmel.wa.edu.au/wp-login.php" "Mozilla/5.0 (Windows NT 10.0; Win64; x64) AppleWebKit/537.36 (KHTML, like Gecko) Chrome/95.0.4638.69 Safari/537.36"
103.253.27.23 - - [21/Apr/2026:03:45:43 +0800] "POST /wp-login.php HTTP/1.1" 403 199 "http://memo.carmel.wa.edu.au/wp-login.php" "Mozilla/5.0 (Windows NT 10.0; Win64; x64) AppleWebKit/537.36 (KHTML, like Gecko) Chrome/95.0.4638.69 Safari/537.36"
103.253.27.23 - - [21/Apr/2026:03:45:43 +0800] "POST /wp-login.php HTTP/1.1" 403 199 "http://memo.carmel.wa.edu.au/wp-login.php" "Mozilla/5.0 (Windows NT 10.0; Win64; x64) AppleWebKit/537.36 (KHTML, like Gecko) Chrome/95.0.4638.69 Safari/537.36"
103.253.27.23 - - [21/Apr/2026:03:45:44 +0800] "POST /wp-login.php HTTP/1.1" 403 199 "http://memo.carmel.wa.edu.au/wp-login.php" "Mozilla/5.0 (Windows NT 10.0; Win64; x64) AppleWebKit/537.36 (KHTML, like Gecko) Chrome/95.0.4638.69 Safari/537.36"
103.253.27.23 - - [21/Apr/2026:03:45:44 +0800] "POST /wp-login.php HTTP/1.1" 403 199 "http://memo.carmel.wa.edu.au/wp-login.php" "Mozilla/5.0 (Windows NT 10.0; Win64; x64) AppleWebKit/537.36 (KHTML, like Gecko) Chrome/95.0.4638.69 Safari/537.36"
103.253.27.23 - - [21/Apr/2026:03:45:44 +0800] "POST /wp-login.php HTTP/1.1" 403 199 "http://memo.carmel.wa.edu.au/wp-login.php" "Mozilla/5.0 (Windows NT 10.0; Win64; x64) AppleWebKit/537.36 (KHTML, like Gecko) Chrome/95.0.4638.69 Safari/537.36"
103.253.27.23 - - [21/Apr/2026:03:45:43 +0800] "POST /wp-login.php HTTP/1.1" 403 199 "http://memo.carmel.wa.edu.au/wp-login.php" "Mozilla/5.0 (Windows NT 10.0; Win64; x64) AppleWebKit/537.36 (KHTML, like Gecko) Chrome/95.0.4638.69 Safari/537.36"
103.4.122.14 - - [21/Apr/2026:10:34:54 +0800] "POST /wp-cron.php?doing_wp_cron=1776738894.3744258880615234375000 HTTP/1.1" 200 - "-" "WordPress/6.9.4; https://memo.carmel.wa.edu.au"
103.4.122.13 - - [21/Apr/2026:10:34:51 +0800] "GET /?login_required=1&user=ACS&mainwpsignature=Kroe%2BezrHkzd7G%2FXs6WPUscCURrVQl0w4sQYTU6qe3BafMsSbA%2BLa1Vs%2BX7efH2pV9yJabOEmSTzmo7bsum3o6TIg2HcdhBtOU1Wes5ZiQF5Tf%2FxQ56vq0tBmE4vBPXpxBR9hGsULQ9hBSAyjrkuo1l0Msf7uiSp4tWLMyTSx1Bk4RgdncMjdPkVKIuAsFeMAxtfWH2Vc%2Bdn6M2YiWbb0pgWsVbdYpYvo8HCEKcegMA37l5k9Nxq4j2vkzqR3%2BOTVAzTjLF3bNAtXnlcGvUokYxA2xXc9wnK61j0WaCswck8dLPYcfMpZSS21FAYlqGB0u7H%2BOExD0MrH34EZh6WyQ%3D%3D&nonce=2148&where=plugins.php%3F_detect_plugins_updates%3Dyes&sign_algo=7 HTTP/1.1" 302 - "-" "WordPress/6.9.4; https://wpmain.screwlooseit.com.au"
103.4.122.13 - - [21/Apr/2026:10:34:54 +0800] "GET /wp-admin/plugins.php?_detect_plugins_updates=yes HTTP/1.1" 200 21594 "-" "WordPress/6.9.4; https://wpmain.screwlooseit.com.au"
103.4.122.13 - - [21/Apr/2026:10:34:58 +0800] "POST /wp-admin/admin-ajax.php HTTP/1.1" 200 180769 "https://wpmain.screwlooseit.com.au" "Mozilla/5.0 (compatible; MainWP/6.0.9; +http://mainwp.com)"
103.4.122.14 - - [21/Apr/2026:10:35:03 +0800] "GET / HTTP/1.1" 200 7224 "-" "WordPress/6.9.4; https://memo.carmel.wa.edu.au"
103.4.122.13 - - [21/Apr/2026:10:35:02 +0800] "POST /wp-admin/admin-ajax.php HTTP/1.1" 200 21 "https://wpmain.screwlooseit.com.au" "Mozilla/5.0 (compatible; MainWP/6.0.9; +http://mainwp.com)"
103.4.122.13 - - [21/Apr/2026:10:37:11 +0800] "GET /wp-cron.php HTTP/1.1" 200 - "-" "WordPress/6.9.4; https://wpmain.screwlooseit.com.au"
103.4.122.14 - - [21/Apr/2026:14:01:11 +0800] "POST /wp-cron.php?doing_wp_cron=1776751271.3313539028167724609375 HTTP/1.1" 200 - "-" "WordPress/6.9.4; https://memo.carmel.wa.edu.au"
103.4.122.13 - - [21/Apr/2026:14:01:10 +0800] "GET / HTTP/1.1" 200 29417 "https://wpmain.screwlooseit.com.au" "Mozilla/5.0 (compatible; MainWP/6.0.9; +http://mainwp.com)"
103.4.122.14 - - [21/Apr/2026:14:49:18 +0800] "POST /wp-cron.php?doing_wp_cron=1776754158.2386419773101806640625 HTTP/1.1" 200 - "-" "WordPress/6.9.4; https://memo.carmel.wa.edu.au"
23.104.212.156 - - [21/Apr/2026:14:49:17 +0800] "GET / HTTP/1.1" 200 7223 "-" "Mozilla/5.0 (compatible; Googlebot/2.1; +http://www.google.com/bot.html)"
103.4.122.14 - - [21/Apr/2026:18:12:15 +0800] "POST /wp-cron.php?doing_wp_cron=1776766335.1716289520263671875000 HTTP/1.1" 200 - "-" "WordPress/6.9.4; https://memo.carmel.wa.edu.au"
103.4.122.13 - - [21/Apr/2026:18:12:14 +0800] "GET / HTTP/1.1" 200 29417 "https://wpmain.screwlooseit.com.au" "Mozilla/5.0 (compatible; MainWP/6.0.9; +http://mainwp.com)"
103.4.122.13 - - [21/Apr/2026:18:21:16 +0800] "GET / HTTP/1.1" 200 29417 "https://wpmain.screwlooseit.com.au" "Mozilla/5.0 (compatible; MainWP/6.0.9; +http://mainwp.com)"
103.4.122.14 - - [21/Apr/2026:18:41:08 +0800] "POST /wp-cron.php?doing_wp_cron=1776768068.1654400825500488281250 HTTP/1.1" 200 - "-" "WordPress/6.9.4; https://memo.carmel.wa.edu.au"
103.4.122.13 - - [21/Apr/2026:18:41:07 +0800] "GET /?login_required=1&user=ACS&mainwpsignature=PP5LcRHUIHHseNvwuJHTCKDLRszxUTJy0pUcHlJA7gzvsQRk8XDmWI7JW7VqZqjRKF5%2B%2B%2BRlhDYJWErEsurYbdq39yD24PwKOfrXpg81CS48VaYludDLdXa9Bd8Bmaxzi%2BaiWBOadLqoU7Vlk9kNSLuNYhzUPQpHfumipBt6GeAYhrcVp6WA2%2FMBMPXAwHgfwwQrPGyXFwFTUrZmt%2FJBoJDEg96MzhCYMcT0BEIUXjMn94XQwCnLQDCPM0QFA3aAzoMFRDtAEAhDysxrI0n%2F4lOWuKwhO1qerN%2FLC2RPDbZq1HrxIDI8CNy9uM0TnSwunu%2F7n2y3JgU6NvjQmOL34g%3D%3D&nonce=7752&where=plugins.php%3F_detect_plugins_updates%3Dyes&sign_algo=7 HTTP/1.1" 302 - "-" "WordPress/6.9.4; https://wpmain.screwlooseit.com.au"
103.4.122.13 - - [21/Apr/2026:18:41:08 +0800] "GET /wp-admin/plugins.php?_detect_plugins_updates=yes HTTP/1.1" 200 21598 "-" "WordPress/6.9.4; https://wpmain.screwlooseit.com.au"
103.4.122.13 - - [21/Apr/2026:18:41:10 +0800] "POST /wp-admin/admin-ajax.php HTTP/1.1" 200 180857 "https://wpmain.screwlooseit.com.au" "Mozilla/5.0 (compatible; MainWP/6.0.9; +http://mainwp.com)"
103.4.122.14 - - [21/Apr/2026:18:41:15 +0800] "GET / HTTP/1.1" 200 7224 "-" "WordPress/6.9.4; https://memo.carmel.wa.edu.au"
103.4.122.13 - - [21/Apr/2026:18:41:14 +0800] "POST /wp-admin/admin-ajax.php HTTP/1.1" 200 21 "https://wpmain.screwlooseit.com.au" "Mozilla/5.0 (compatible; MainWP/6.0.9; +http://mainwp.com)"
103.4.122.13 - - [21/Apr/2026:18:45:16 +0800] "GET / HTTP/1.1" 200 29417 "https://wpmain.screwlooseit.com.au" "Mozilla/5.0 (compatible; MainWP/6.0.9; +http://mainwp.com)"
103.4.122.13 - - [21/Apr/2026:18:54:16 +0800] "GET / HTTP/1.1" 200 29417 "https://wpmain.screwlooseit.com.au" "Mozilla/5.0 (compatible; MainWP/6.0.9; +http://mainwp.com)"
103.4.122.13 - - [21/Apr/2026:19:02:16 +0800] "GET / HTTP/1.1" 200 29417 "https://wpmain.screwlooseit.com.au" "Mozilla/5.0 (compatible; MainWP/6.0.9; +http://mainwp.com)"
134.199.229.13 - - [21/Apr/2026:19:03:06 +0800] "GET /wp-login.php HTTP/1.1" 200 1987 "-" "Mozilla/5.0"
134.199.229.13 - - [21/Apr/2026:19:03:07 +0800] "GET /?author=1 HTTP/1.1" 200 5234 "-" "Mozilla/5.0"
134.199.229.13 - - [21/Apr/2026:19:03:08 +0800] "GET /?author=2 HTTP/1.1" 200 5134 "-" "Mozilla/5.0"
134.199.229.13 - - [21/Apr/2026:19:03:09 +0800] "GET /?author=3 HTTP/1.1" 200 5136 "-" "Mozilla/5.0"
134.199.229.13 - - [21/Apr/2026:19:03:10 +0800] "GET /?author=4 HTTP/1.1" 404 20343 "-" "Mozilla/5.0"
34.11.93.32 - - [21/Apr/2026:19:20:49 +0800] "GET / HTTP/1.1" 403 199 "-" "Mozilla/5.0 (Windows NT 10.0; Win64; x64) AppleWebKit/537.36 (KHTML, like Gecko) Chrome/78.0.3904.108 Safari/537.36"
34.11.93.32 - - [21/Apr/2026:19:20:49 +0800] "GET / HTTP/1.1" 403 199 "-" "Mozilla/5.0 (Windows NT 10.0; Win64; x64) AppleWebKit/537.36 (KHTML, like Gecko) Chrome/78.0.3904.108 Safari/537.36"
34.11.93.32 - - [21/Apr/2026:19:20:50 +0800] "GET /wp-includes/wlwmanifest.xml HTTP/1.1" 403 199 "-" "Mozilla/5.0 (Windows NT 10.0; Win64; x64) AppleWebKit/537.36 (KHTML, like Gecko) Chrome/78.0.3904.108 Safari/537.36"
103.4.122.14 - - [21/Apr/2026:22:27:09 +0800] "POST /wp-cron.php?doing_wp_cron=1776781629.5749099254608154296875 HTTP/1.1" 200 - "-" "WordPress/6.9.4; http://memo.carmel.wa.edu.au"
34.32.204.168 - - [21/Apr/2026:22:27:08 +0800] "GET / HTTP/1.1" 200 7223 "-" "Mozilla/5.0 (compatible; CMS-Checker/1.0; +https://example.com)"
103.4.122.14 - - [21/Apr/2026:23:04:20 +0800] "POST /wp-cron.php?doing_wp_cron=1776783860.6139700412750244140625 HTTP/1.1" 200 - "-" "WordPress/6.9.4; http://memo.carmel.wa.edu.au"
34.67.61.172 - - [21/Apr/2026:23:04:19 +0800] "GET / HTTP/1.1" 200 7223 "-" "Mozilla/5.0 (compatible; CMS-Checker/1.0; +https://example.com)"
35.240.73.209 - - [21/Apr/2026:23:17:26 +0800] "GET / HTTP/1.1" 200 7223 "-" "Mozilla/5.0 (compatible; CMS-Checker/1.0; +https://example.com)"
35.202.210.177 - - [21/Apr/2026:23:20:03 +0800] "GET / HTTP/1.1" 200 7223 "-" "Mozilla/5.0 (compatible; CMS-Checker/1.0; +https://example.com)"
66.249.68.3 - - [21/Apr/2026:23:34:28 +0800] "GET /robots.txt HTTP/1.1" 404 196 "-" "Mozilla/5.0 (compatible; Googlebot/2.1; +http://www.google.com/bot.html)"
35.240.73.209 - - [21/Apr/2026:23:40:02 +0800] "GET / HTTP/1.1" 403 199 "-" "Mozilla/5.0 (Windows NT 10.0; Win64; x64) AppleWebKit/537.36 (KHTML, like Gecko) Chrome/78.0.3904.108 Safari/537.36"
35.240.73.209 - - [21/Apr/2026:23:40:03 +0800] "GET /wp-includes/wlwmanifest.xml HTTP/1.1" 403 199 "-" "Mozilla/5.0 (Windows NT 10.0; Win64; x64) AppleWebKit/537.36 (KHTML, like Gecko) Chrome/78.0.3904.108 Safari/537.36"
