34.53.135.51 - - [29/Apr/2026:06:10:02 +0800] "GET /wp-content/plugins/elementor/assets/js/webpack.runtime.min.js?ver=4.0.3 HTTP/1.1" 200 2496 "-" "Mozilla/5.0 (compatible; Konqueror/3.5; Linux; en_US) KHTML/3.5.6 (like Gecko) (Kubuntu)"
34.53.135.51 - - [29/Apr/2026:06:10:03 +0800] "GET /wp-includes/js/jquery/jquery-migrate.min.js?ver=3.4.1 HTTP/1.1" 200 4872 "-" "Mozilla/5.0 (Linux; Android 5.1.1; SM-J111F) AppleWebKit/537.36 (KHTML, like Gecko) Chrome/76.0.3809.111 Mobile Safari/537.36"
34.53.135.51 - - [29/Apr/2026:06:10:06 +0800] "GET /wp-includes/js/jquery/ui/core.min.js?ver=1.13.3 HTTP/1.1" 200 7106 "-" "Mozilla/5.0 (iPhone; CPU iPhone OS 10_0 like Mac OS X) AppleWebKit/600.1.4 (KHTML, like Gecko) GSA/18.0.130791545 Mobile/14A5345a Safari/600.1.4"
34.53.135.51 - - [29/Apr/2026:06:10:07 +0800] "GET /wp-content/plugins/elementor/assets/js/frontend.min.js?ver=4.0.3 HTTP/1.1" 200 10339 "-" "Mozilla/5.0 (Linux; Android 7.1.2; Nexus 6P Build/N2G48C) AppleWebKit/537.36 (KHTML, like Gecko) Chrome/60.0.3112.107 Mobile Safari/537.36"
34.53.135.51 - - [29/Apr/2026:06:10:07 +0800] "GET /wp-content/plugins/elementor/assets/js/frontend-modules.min.js?ver=4.0.3 HTTP/1.1" 200 15970 "-" "Mozilla/5.0 (Windows NT 10.0) AppleWebKit/537.36 (KHTML, like Gecko) Chrome/60.0.3112.91 Safari/537.36 Vivaldi/1.92.917.39"
34.53.135.51 - - [29/Apr/2026:06:10:07 +0800] "GET /wp-content/themes/hello-elementor/assets/js/hello-frontend.js?ver=3.4.7 HTTP/1.1" 200 549 "-" "Mozilla/5.0 (X11; Linux x86_64) AppleWebKit/537.36 (KHTML, like Gecko) Chrome/71.0.3578.80 Safari/537.36"
34.53.135.51 - - [29/Apr/2026:06:10:07 +0800] "GET /wp-includes/js/jquery/ui/core.min.js?ver=1.13.3 HTTP/1.1" 200 7106 "-" "Mozilla/5.0 (Windows NT 10.0; Win64; x64) AppleWebKit/537.36 (KHTML, like Gecko) Chrome/68.0.3436.0 Safari/537.36"
34.53.135.51 - - [29/Apr/2026:06:10:07 +0800] "GET /wp-includes/js/jquery/jquery.min.js?ver=3.7.1 HTTP/1.1" 200 30368 "-" "Mozilla/5.0 (iPad; CPU OS 12_2 like Mac OS X) AppleWebKit/605.1.15 (KHTML, like Gecko) Version/12.1 Mobile/15E148 Safari/604.1"
34.53.135.51 - - [29/Apr/2026:06:10:07 +0800] "GET /wp-includes/js/jquery/jquery-migrate.min.js.map HTTP/1.1" 404 196 "-" "Mozilla/5.0 (Macintosh; Intel Mac OS X 10_11_5) AppleWebKit/537.36 (KHTML, like Gecko) Chrome/51.0.2704.84 Safari/537.36"
34.53.135.51 - - [29/Apr/2026:06:10:07 +0800] "GET /wp-includes/js/jquery/jquery.min.js.map HTTP/1.1" 404 196 "-" "Mozilla/5.0 (X11; Linux x86_64) AppleWebKit/537.36 (KHTML, like Gecko) Chrome/74.0.3729.169 YaBrowser/19.6.2.594 (beta) Yowser/2.5 Safari/537.36"
34.53.135.51 - - [29/Apr/2026:06:10:08 +0800] "GET /wp-includes/js/jquery/ui/core.min.js.map HTTP/1.1" 404 196 "-" "Mozilla/5.0 (X11; Linux x86_64) AppleWebKit/537.36 (KHTML, like Gecko) Chrome/71.0.3578.98 Safari/537.36"
147.135.215.173 - - [29/Apr/2026:10:22:52 +0800] "GET /robots.txt HTTP/1.1" 404 196 "-" "Mozilla/5.0 (compatible; MJ12bot/v1.4.8; http://mj12bot.com/)"
103.4.122.14 - - [29/Apr/2026:10:22:57 +0800] "POST /wp-cron.php?doing_wp_cron=1777429377.8346109390258789062500 HTTP/1.1" 200 - "-" "WordPress/6.9.4; http://memo.carmel.wa.edu.au"
147.135.215.173 - - [29/Apr/2026:10:22:54 +0800] "GET / HTTP/1.1" 200 7224 "-" "Mozilla/5.0 (compatible; MJ12bot/v1.4.8; http://mj12bot.com/)"
103.4.122.14 - - [29/Apr/2026:10:42:04 +0800] "POST /wp-cron.php?doing_wp_cron=1777430524.3931510448455810546875 HTTP/1.1" 200 - "-" "WordPress/6.9.4; https://memo.carmel.wa.edu.au"
103.172.76.41 - - [29/Apr/2026:10:42:03 +0800] "GET / HTTP/1.1" 200 7223 "-" "Mozilla/5.0 (Windows NT 10.0; Win64; x64) AppleWebKit/537.36 (KHTML, like Gecko) Chrome/147.0.0.0 Safari/537.36 Edg/147.0.0.0"
103.172.76.41 - - [29/Apr/2026:10:42:04 +0800] "GET /wp-content/themes/hello-elementor/assets/css/reset.css?ver=3.4.7 HTTP/1.1" 200 1792 "https://memo.carmel.wa.edu.au/" "Mozilla/5.0 (Windows NT 10.0; Win64; x64) AppleWebKit/537.36 (KHTML, like Gecko) Chrome/147.0.0.0 Safari/537.36 Edg/147.0.0.0"
103.172.76.41 - - [29/Apr/2026:10:42:04 +0800] "GET /wp-content/themes/hello-elementor/assets/css/theme.css?ver=3.4.7 HTTP/1.1" 200 1271 "https://memo.carmel.wa.edu.au/" "Mozilla/5.0 (Windows NT 10.0; Win64; x64) AppleWebKit/537.36 (KHTML, like Gecko) Chrome/147.0.0.0 Safari/537.36 Edg/147.0.0.0"
103.172.76.41 - - [29/Apr/2026:10:42:04 +0800] "GET /wp-content/themes/hello-elementor/assets/css/header-footer.css?ver=3.4.7 HTTP/1.1" 200 1423 "https://memo.carmel.wa.edu.au/" "Mozilla/5.0 (Windows NT 10.0; Win64; x64) AppleWebKit/537.36 (KHTML, like Gecko) Chrome/147.0.0.0 Safari/537.36 Edg/147.0.0.0"
103.172.76.41 - - [29/Apr/2026:10:42:04 +0800] "GET /wp-content/plugins/elementor/assets/css/frontend.min.css?ver=4.0.3 HTTP/1.1" 200 7271 "https://memo.carmel.wa.edu.au/" "Mozilla/5.0 (Windows NT 10.0; Win64; x64) AppleWebKit/537.36 (KHTML, like Gecko) Chrome/147.0.0.0 Safari/537.36 Edg/147.0.0.0"
103.172.76.41 - - [29/Apr/2026:10:42:04 +0800] "GET /wp-content/plugins/elementor/assets/css/widget-image.min.css?ver=4.0.3 HTTP/1.1" 200 135 "https://memo.carmel.wa.edu.au/" "Mozilla/5.0 (Windows NT 10.0; Win64; x64) AppleWebKit/537.36 (KHTML, like Gecko) Chrome/147.0.0.0 Safari/537.36 Edg/147.0.0.0"
103.172.76.41 - - [29/Apr/2026:10:42:04 +0800] "GET /wp-content/plugins/elementor/assets/css/widget-heading.min.css?ver=4.0.3 HTTP/1.1" 200 160 "https://memo.carmel.wa.edu.au/" "Mozilla/5.0 (Windows NT 10.0; Win64; x64) AppleWebKit/537.36 (KHTML, like Gecko) Chrome/147.0.0.0 Safari/537.36 Edg/147.0.0.0"
103.172.76.41 - - [29/Apr/2026:10:42:04 +0800] "GET /wp-content/uploads/elementor/css/post-10.css?ver=1777117698 HTTP/1.1" 200 398 "https://memo.carmel.wa.edu.au/" "Mozilla/5.0 (Windows NT 10.0; Win64; x64) AppleWebKit/537.36 (KHTML, like Gecko) Chrome/147.0.0.0 Safari/537.36 Edg/147.0.0.0"
103.172.76.41 - - [29/Apr/2026:10:42:04 +0800] "GET /wp-content/plugins/elementor/assets/lib/eicons/css/elementor-icons.min.css?ver=5.48.0 HTTP/1.1" 200 4455 "https://memo.carmel.wa.edu.au/" "Mozilla/5.0 (Windows NT 10.0; Win64; x64) AppleWebKit/537.36 (KHTML, like Gecko) Chrome/147.0.0.0 Safari/537.36 Edg/147.0.0.0"
103.172.76.41 - - [29/Apr/2026:10:42:04 +0800] "GET /wp-content/uploads/elementor/css/post-14.css?ver=1777117698 HTTP/1.1" 200 782 "https://memo.carmel.wa.edu.au/" "Mozilla/5.0 (Windows NT 10.0; Win64; x64) AppleWebKit/537.36 (KHTML, like Gecko) Chrome/147.0.0.0 Safari/537.36 Edg/147.0.0.0"
103.172.76.41 - - [29/Apr/2026:10:42:04 +0800] "GET /wp-content/plugins/elementor/assets/lib/animations/styles/e-animation-float.min.css?ver=4.0.3 HTTP/1.1" 200 139 "https://memo.carmel.wa.edu.au/" "Mozilla/5.0 (Windows NT 10.0; Win64; x64) AppleWebKit/537.36 (KHTML, like Gecko) Chrome/147.0.0.0 Safari/537.36 Edg/147.0.0.0"
103.172.76.41 - - [29/Apr/2026:10:42:04 +0800] "GET /wp-content/themes/hello-elementor/assets/js/hello-frontend.js?ver=3.4.7 HTTP/1.1" 200 549 "https://memo.carmel.wa.edu.au/" "Mozilla/5.0 (Windows NT 10.0; Win64; x64) AppleWebKit/537.36 (KHTML, like Gecko) Chrome/147.0.0.0 Safari/537.36 Edg/147.0.0.0"
103.172.76.41 - - [29/Apr/2026:10:42:04 +0800] "GET /wp-content/plugins/elementor/assets/js/webpack.runtime.min.js?ver=4.0.3 HTTP/1.1" 200 2496 "https://memo.carmel.wa.edu.au/" "Mozilla/5.0 (Windows NT 10.0; Win64; x64) AppleWebKit/537.36 (KHTML, like Gecko) Chrome/147.0.0.0 Safari/537.36 Edg/147.0.0.0"
103.172.76.41 - - [29/Apr/2026:10:42:04 +0800] "GET /wp-includes/js/jquery/jquery-migrate.min.js?ver=3.4.1 HTTP/1.1" 200 4872 "https://memo.carmel.wa.edu.au/" "Mozilla/5.0 (Windows NT 10.0; Win64; x64) AppleWebKit/537.36 (KHTML, like Gecko) Chrome/147.0.0.0 Safari/537.36 Edg/147.0.0.0"
103.172.76.41 - - [29/Apr/2026:10:42:04 +0800] "GET /wp-includes/js/jquery/jquery.min.js?ver=3.7.1 HTTP/1.1" 200 30368 "https://memo.carmel.wa.edu.au/" "Mozilla/5.0 (Windows NT 10.0; Win64; x64) AppleWebKit/537.36 (KHTML, like Gecko) Chrome/147.0.0.0 Safari/537.36 Edg/147.0.0.0"
103.172.76.41 - - [29/Apr/2026:10:42:04 +0800] "GET /wp-content/plugins/elementor/assets/js/frontend-modules.min.js?ver=4.0.3 HTTP/1.1" 200 15970 "https://memo.carmel.wa.edu.au/" "Mozilla/5.0 (Windows NT 10.0; Win64; x64) AppleWebKit/537.36 (KHTML, like Gecko) Chrome/147.0.0.0 Safari/537.36 Edg/147.0.0.0"
103.172.76.41 - - [29/Apr/2026:10:42:04 +0800] "GET /wp-includes/js/jquery/ui/core.min.js?ver=1.13.3 HTTP/1.1" 200 7106 "https://memo.carmel.wa.edu.au/" "Mozilla/5.0 (Windows NT 10.0; Win64; x64) AppleWebKit/537.36 (KHTML, like Gecko) Chrome/147.0.0.0 Safari/537.36 Edg/147.0.0.0"
103.172.76.41 - - [29/Apr/2026:10:42:04 +0800] "GET /wp-content/plugins/elementor/assets/js/frontend.min.js?ver=4.0.3 HTTP/1.1" 200 10339 "https://memo.carmel.wa.edu.au/" "Mozilla/5.0 (Windows NT 10.0; Win64; x64) AppleWebKit/537.36 (KHTML, like Gecko) Chrome/147.0.0.0 Safari/537.36 Edg/147.0.0.0"
103.172.76.41 - - [29/Apr/2026:10:42:04 +0800] "GET /wp-content/plugins/elementor/assets/js/section-frontend-handlers.d85ab872da118940910d.bundle.min.js HTTP/1.1" 200 269 "https://memo.carmel.wa.edu.au/" "Mozilla/5.0 (Windows NT 10.0; Win64; x64) AppleWebKit/537.36 (KHTML, like Gecko) Chrome/147.0.0.0 Safari/537.36 Edg/147.0.0.0"
103.172.76.41 - - [29/Apr/2026:10:42:04 +0800] "GET /wp-content/plugins/elementor/assets/js/text-editor.45609661e409413f1cef.bundle.min.js HTTP/1.1" 200 648 "https://memo.carmel.wa.edu.au/" "Mozilla/5.0 (Windows NT 10.0; Win64; x64) AppleWebKit/537.36 (KHTML, like Gecko) Chrome/147.0.0.0 Safari/537.36 Edg/147.0.0.0"
103.172.76.41 - - [29/Apr/2026:10:42:04 +0800] "GET /wp-content/plugins/elementor/assets/js/shared-frontend-handlers.03caa53373b56d3bab67.bundle.min.js HTTP/1.1" 200 2644 "https://memo.carmel.wa.edu.au/" "Mozilla/5.0 (Windows NT 10.0; Win64; x64) AppleWebKit/537.36 (KHTML, like Gecko) Chrome/147.0.0.0 Safari/537.36 Edg/147.0.0.0"
103.172.76.41 - - [29/Apr/2026:10:42:04 +0800] "GET /favicon.ico HTTP/1.1" 404 196 "https://memo.carmel.wa.edu.au/" "Mozilla/5.0 (Windows NT 10.0; Win64; x64) AppleWebKit/537.36 (KHTML, like Gecko) Chrome/147.0.0.0 Safari/537.36 Edg/147.0.0.0"
103.172.76.41 - - [29/Apr/2026:10:42:04 +0800] "GET /wp-includes/js/wp-emoji-release.min.js?ver=6.9.4 HTTP/1.1" 200 5375 "https://memo.carmel.wa.edu.au/" "Mozilla/5.0 (Windows NT 10.0; Win64; x64) AppleWebKit/537.36 (KHTML, like Gecko) Chrome/147.0.0.0 Safari/537.36 Edg/147.0.0.0"
103.4.122.14 - - [29/Apr/2026:11:39:31 +0800] "POST /wp-cron.php?doing_wp_cron=1777433971.7674870491027832031250 HTTP/1.1" 200 - "-" "WordPress/6.9.4; https://memo.carmel.wa.edu.au"
52.208.151.205 - - [29/Apr/2026:11:39:30 +0800] "GET / HTTP/1.1" 200 7223 "-" "Mozilla/5.0 (Windows NT 10.0; Win64; x64) AppleWebKit/537.36 (KHTML, like Gecko) Chrome/118.0.0.0 Safari/537.36"
103.172.76.41 - - [29/Apr/2026:11:40:00 +0800] "GET / HTTP/1.1" 200 7223 "-" "Mozilla/5.0 (Windows NT 10.0; Win64; x64) AppleWebKit/537.36 (KHTML, like Gecko) Chrome/143.0.0.0 Safari/537.36"
103.172.76.41 - - [29/Apr/2026:11:40:02 +0800] "GET /wp-content/themes/hello-elementor/assets/css/reset.css?ver=3.4.7 HTTP/1.1" 200 1792 "https://memo.carmel.wa.edu.au/" "Mozilla/5.0 (Windows NT 10.0; Win64; x64) AppleWebKit/537.36 (KHTML, like Gecko) Chrome/143.0.0.0 Safari/537.36"
103.172.76.41 - - [29/Apr/2026:11:40:02 +0800] "GET /wp-content/themes/hello-elementor/assets/css/theme.css?ver=3.4.7 HTTP/1.1" 200 1271 "https://memo.carmel.wa.edu.au/" "Mozilla/5.0 (Windows NT 10.0; Win64; x64) AppleWebKit/537.36 (KHTML, like Gecko) Chrome/143.0.0.0 Safari/537.36"
103.172.76.41 - - [29/Apr/2026:11:40:02 +0800] "GET /wp-content/themes/hello-elementor/assets/css/header-footer.css?ver=3.4.7 HTTP/1.1" 200 1423 "https://memo.carmel.wa.edu.au/" "Mozilla/5.0 (Windows NT 10.0; Win64; x64) AppleWebKit/537.36 (KHTML, like Gecko) Chrome/143.0.0.0 Safari/537.36"
103.172.76.41 - - [29/Apr/2026:11:40:02 +0800] "GET /wp-content/plugins/elementor/assets/css/frontend.min.css?ver=4.0.3 HTTP/1.1" 200 7271 "https://memo.carmel.wa.edu.au/" "Mozilla/5.0 (Windows NT 10.0; Win64; x64) AppleWebKit/537.36 (KHTML, like Gecko) Chrome/143.0.0.0 Safari/537.36"
103.172.76.41 - - [29/Apr/2026:11:40:02 +0800] "GET /wp-content/uploads/elementor/css/post-10.css?ver=1777117698 HTTP/1.1" 200 398 "https://memo.carmel.wa.edu.au/" "Mozilla/5.0 (Windows NT 10.0; Win64; x64) AppleWebKit/537.36 (KHTML, like Gecko) Chrome/143.0.0.0 Safari/537.36"
103.172.76.41 - - [29/Apr/2026:11:40:02 +0800] "GET /wp-content/plugins/elementor/assets/lib/eicons/css/elementor-icons.min.css?ver=5.48.0 HTTP/1.1" 200 4455 "https://memo.carmel.wa.edu.au/" "Mozilla/5.0 (Windows NT 10.0; Win64; x64) AppleWebKit/537.36 (KHTML, like Gecko) Chrome/143.0.0.0 Safari/537.36"
103.172.76.41 - - [29/Apr/2026:11:40:02 +0800] "GET /wp-content/plugins/elementor/assets/css/widget-image.min.css?ver=4.0.3 HTTP/1.1" 200 135 "https://memo.carmel.wa.edu.au/" "Mozilla/5.0 (Windows NT 10.0; Win64; x64) AppleWebKit/537.36 (KHTML, like Gecko) Chrome/143.0.0.0 Safari/537.36"
103.172.76.41 - - [29/Apr/2026:11:40:02 +0800] "GET /wp-content/plugins/elementor/assets/css/widget-heading.min.css?ver=4.0.3 HTTP/1.1" 200 160 "https://memo.carmel.wa.edu.au/" "Mozilla/5.0 (Windows NT 10.0; Win64; x64) AppleWebKit/537.36 (KHTML, like Gecko) Chrome/143.0.0.0 Safari/537.36"
103.172.76.41 - - [29/Apr/2026:11:40:02 +0800] "GET /wp-content/plugins/elementor/assets/lib/animations/styles/e-animation-float.min.css?ver=4.0.3 HTTP/1.1" 200 139 "https://memo.carmel.wa.edu.au/" "Mozilla/5.0 (Windows NT 10.0; Win64; x64) AppleWebKit/537.36 (KHTML, like Gecko) Chrome/143.0.0.0 Safari/537.36"
103.172.76.41 - - [29/Apr/2026:11:40:02 +0800] "GET /wp-content/uploads/elementor/css/post-14.css?ver=1777117698 HTTP/1.1" 200 782 "https://memo.carmel.wa.edu.au/" "Mozilla/5.0 (Windows NT 10.0; Win64; x64) AppleWebKit/537.36 (KHTML, like Gecko) Chrome/143.0.0.0 Safari/537.36"
103.172.76.41 - - [29/Apr/2026:11:40:02 +0800] "GET /wp-includes/js/jquery/jquery.min.js?ver=3.7.1 HTTP/1.1" 200 30368 "https://memo.carmel.wa.edu.au/" "Mozilla/5.0 (Windows NT 10.0; Win64; x64) AppleWebKit/537.36 (KHTML, like Gecko) Chrome/143.0.0.0 Safari/537.36"
103.172.76.41 - - [29/Apr/2026:11:40:03 +0800] "GET /wp-includes/js/jquery/jquery-migrate.min.js?ver=3.4.1 HTTP/1.1" 200 4872 "https://memo.carmel.wa.edu.au/" "Mozilla/5.0 (Windows NT 10.0; Win64; x64) AppleWebKit/537.36 (KHTML, like Gecko) Chrome/143.0.0.0 Safari/537.36"
103.172.76.41 - - [29/Apr/2026:11:40:03 +0800] "GET /wp-content/themes/hello-elementor/assets/js/hello-frontend.js?ver=3.4.7 HTTP/1.1" 200 549 "https://memo.carmel.wa.edu.au/" "Mozilla/5.0 (Windows NT 10.0; Win64; x64) AppleWebKit/537.36 (KHTML, like Gecko) Chrome/143.0.0.0 Safari/537.36"
103.172.76.41 - - [29/Apr/2026:11:40:03 +0800] "GET /wp-content/plugins/elementor/assets/js/webpack.runtime.min.js?ver=4.0.3 HTTP/1.1" 200 2496 "https://memo.carmel.wa.edu.au/" "Mozilla/5.0 (Windows NT 10.0; Win64; x64) AppleWebKit/537.36 (KHTML, like Gecko) Chrome/143.0.0.0 Safari/537.36"
103.172.76.41 - - [29/Apr/2026:11:40:03 +0800] "GET /wp-content/plugins/elementor/assets/js/frontend-modules.min.js?ver=4.0.3 HTTP/1.1" 200 15970 "https://memo.carmel.wa.edu.au/" "Mozilla/5.0 (Windows NT 10.0; Win64; x64) AppleWebKit/537.36 (KHTML, like Gecko) Chrome/143.0.0.0 Safari/537.36"
103.172.76.41 - - [29/Apr/2026:11:40:03 +0800] "GET /wp-includes/js/jquery/ui/core.min.js?ver=1.13.3 HTTP/1.1" 200 7106 "https://memo.carmel.wa.edu.au/" "Mozilla/5.0 (Windows NT 10.0; Win64; x64) AppleWebKit/537.36 (KHTML, like Gecko) Chrome/143.0.0.0 Safari/537.36"
103.172.76.41 - - [29/Apr/2026:11:40:03 +0800] "GET /wp-content/plugins/elementor/assets/js/frontend.min.js?ver=4.0.3 HTTP/1.1" 200 10339 "https://memo.carmel.wa.edu.au/" "Mozilla/5.0 (Windows NT 10.0; Win64; x64) AppleWebKit/537.36 (KHTML, like Gecko) Chrome/143.0.0.0 Safari/537.36"
103.172.76.41 - - [29/Apr/2026:11:40:04 +0800] "GET /wp-content/plugins/elementor/assets/js/section-frontend-handlers.d85ab872da118940910d.bundle.min.js HTTP/1.1" 200 269 "https://memo.carmel.wa.edu.au/" "Mozilla/5.0 (Windows NT 10.0; Win64; x64) AppleWebKit/537.36 (KHTML, like Gecko) Chrome/143.0.0.0 Safari/537.36"
103.172.76.41 - - [29/Apr/2026:11:40:04 +0800] "GET /wp-content/plugins/elementor/assets/js/shared-frontend-handlers.03caa53373b56d3bab67.bundle.min.js HTTP/1.1" 200 2644 "https://memo.carmel.wa.edu.au/" "Mozilla/5.0 (Windows NT 10.0; Win64; x64) AppleWebKit/537.36 (KHTML, like Gecko) Chrome/143.0.0.0 Safari/537.36"
103.172.76.41 - - [29/Apr/2026:11:40:04 +0800] "GET /wp-content/plugins/elementor/assets/js/text-editor.45609661e409413f1cef.bundle.min.js HTTP/1.1" 200 648 "https://memo.carmel.wa.edu.au/" "Mozilla/5.0 (Windows NT 10.0; Win64; x64) AppleWebKit/537.36 (KHTML, like Gecko) Chrome/143.0.0.0 Safari/537.36"
103.172.76.41 - - [29/Apr/2026:11:40:04 +0800] "GET /favicon.ico HTTP/1.1" 404 196 "https://memo.carmel.wa.edu.au/" "Mozilla/5.0 (Windows NT 10.0; Win64; x64) AppleWebKit/537.36 (KHTML, like Gecko) Chrome/143.0.0.0 Safari/537.36"
103.172.76.41 - - [29/Apr/2026:11:40:04 +0800] "GET /wp-includes/js/wp-emoji-release.min.js?ver=6.9.4 HTTP/1.1" 200 5375 "https://memo.carmel.wa.edu.au/" "Mozilla/5.0 (Windows NT 10.0; Win64; x64) AppleWebKit/537.36 (KHTML, like Gecko) Chrome/143.0.0.0 Safari/537.36"
51.77.218.189 - - [29/Apr/2026:15:12:28 +0800] "GET /robots.txt HTTP/1.1" 404 196 "-" "Mozilla/5.0 (compatible; MJ12bot/v1.4.8; http://mj12bot.com/)"
103.4.122.14 - - [29/Apr/2026:15:12:30 +0800] "POST /wp-cron.php?doing_wp_cron=1777446750.6437261104583740234375 HTTP/1.1" 200 - "-" "WordPress/6.9.4; http://memo.carmel.wa.edu.au"
51.77.218.189 - - [29/Apr/2026:15:12:30 +0800] "GET /?feed=comments-rss2 HTTP/1.1" 200 747 "-" "Mozilla/5.0 (compatible; MJ12bot/v1.4.8; http://mj12bot.com/)"
51.77.218.189 - - [29/Apr/2026:15:12:32 +0800] "GET /?feed=rss2 HTTP/1.1" 200 744 "-" "Mozilla/5.0 (compatible; MJ12bot/v1.4.8; http://mj12bot.com/)"
103.4.122.14 - - [29/Apr/2026:16:58:20 +0800] "POST /wp-cron.php?doing_wp_cron=1777453100.5820519924163818359375 HTTP/1.1" 200 - "-" "WordPress/6.9.4; https://memo.carmel.wa.edu.au"
159.196.133.1 - - [29/Apr/2026:16:58:19 +0800] "GET / HTTP/1.1" 200 7223 "-" "Mozilla/5.0 (Windows NT 10.0; Win64; x64) AppleWebKit/537.36 (KHTML, like Gecko) Chrome/147.0.0.0 Safari/537.36 Edg/147.0.0.0"
159.196.133.1 - - [29/Apr/2026:16:58:20 +0800] "GET /wp-content/themes/hello-elementor/assets/css/theme.css?ver=3.4.7 HTTP/1.1" 200 1271 "https://memo.carmel.wa.edu.au/" "Mozilla/5.0 (Windows NT 10.0; Win64; x64) AppleWebKit/537.36 (KHTML, like Gecko) Chrome/147.0.0.0 Safari/537.36 Edg/147.0.0.0"
159.196.133.1 - - [29/Apr/2026:16:58:20 +0800] "GET /wp-content/themes/hello-elementor/assets/css/reset.css?ver=3.4.7 HTTP/1.1" 200 1792 "https://memo.carmel.wa.edu.au/" "Mozilla/5.0 (Windows NT 10.0; Win64; x64) AppleWebKit/537.36 (KHTML, like Gecko) Chrome/147.0.0.0 Safari/537.36 Edg/147.0.0.0"
159.196.133.1 - - [29/Apr/2026:16:58:20 +0800] "GET /wp-content/themes/hello-elementor/assets/css/header-footer.css?ver=3.4.7 HTTP/1.1" 200 1423 "https://memo.carmel.wa.edu.au/" "Mozilla/5.0 (Windows NT 10.0; Win64; x64) AppleWebKit/537.36 (KHTML, like Gecko) Chrome/147.0.0.0 Safari/537.36 Edg/147.0.0.0"
159.196.133.1 - - [29/Apr/2026:16:58:20 +0800] "GET /wp-content/plugins/elementor/assets/css/frontend.min.css?ver=4.0.3 HTTP/1.1" 200 7271 "https://memo.carmel.wa.edu.au/" "Mozilla/5.0 (Windows NT 10.0; Win64; x64) AppleWebKit/537.36 (KHTML, like Gecko) Chrome/147.0.0.0 Safari/537.36 Edg/147.0.0.0"
159.196.133.1 - - [29/Apr/2026:16:58:20 +0800] "GET /wp-content/uploads/elementor/css/post-10.css?ver=1777117698 HTTP/1.1" 200 398 "https://memo.carmel.wa.edu.au/" "Mozilla/5.0 (Windows NT 10.0; Win64; x64) AppleWebKit/537.36 (KHTML, like Gecko) Chrome/147.0.0.0 Safari/537.36 Edg/147.0.0.0"
159.196.133.1 - - [29/Apr/2026:16:58:20 +0800] "GET /wp-content/plugins/elementor/assets/lib/eicons/css/elementor-icons.min.css?ver=5.48.0 HTTP/1.1" 200 4455 "https://memo.carmel.wa.edu.au/" "Mozilla/5.0 (Windows NT 10.0; Win64; x64) AppleWebKit/537.36 (KHTML, like Gecko) Chrome/147.0.0.0 Safari/537.36 Edg/147.0.0.0"
159.196.133.1 - - [29/Apr/2026:16:58:20 +0800] "GET /wp-content/plugins/elementor/assets/css/widget-image.min.css?ver=4.0.3 HTTP/1.1" 200 135 "https://memo.carmel.wa.edu.au/" "Mozilla/5.0 (Windows NT 10.0; Win64; x64) AppleWebKit/537.36 (KHTML, like Gecko) Chrome/147.0.0.0 Safari/537.36 Edg/147.0.0.0"
159.196.133.1 - - [29/Apr/2026:16:58:20 +0800] "GET /wp-content/plugins/elementor/assets/css/widget-heading.min.css?ver=4.0.3 HTTP/1.1" 200 160 "https://memo.carmel.wa.edu.au/" "Mozilla/5.0 (Windows NT 10.0; Win64; x64) AppleWebKit/537.36 (KHTML, like Gecko) Chrome/147.0.0.0 Safari/537.36 Edg/147.0.0.0"
159.196.133.1 - - [29/Apr/2026:16:58:20 +0800] "GET /wp-content/plugins/elementor/assets/lib/animations/styles/e-animation-float.min.css?ver=4.0.3 HTTP/1.1" 200 139 "https://memo.carmel.wa.edu.au/" "Mozilla/5.0 (Windows NT 10.0; Win64; x64) AppleWebKit/537.36 (KHTML, like Gecko) Chrome/147.0.0.0 Safari/537.36 Edg/147.0.0.0"
159.196.133.1 - - [29/Apr/2026:16:58:20 +0800] "GET /wp-content/uploads/elementor/css/post-14.css?ver=1777117698 HTTP/1.1" 200 782 "https://memo.carmel.wa.edu.au/" "Mozilla/5.0 (Windows NT 10.0; Win64; x64) AppleWebKit/537.36 (KHTML, like Gecko) Chrome/147.0.0.0 Safari/537.36 Edg/147.0.0.0"
159.196.133.1 - - [29/Apr/2026:16:58:20 +0800] "GET /wp-includes/js/jquery/jquery-migrate.min.js?ver=3.4.1 HTTP/1.1" 200 4872 "https://memo.carmel.wa.edu.au/" "Mozilla/5.0 (Windows NT 10.0; Win64; x64) AppleWebKit/537.36 (KHTML, like Gecko) Chrome/147.0.0.0 Safari/537.36 Edg/147.0.0.0"
159.196.133.1 - - [29/Apr/2026:16:58:20 +0800] "GET /wp-content/plugins/elementor/assets/js/webpack.runtime.min.js?ver=4.0.3 HTTP/1.1" 200 2496 "https://memo.carmel.wa.edu.au/" "Mozilla/5.0 (Windows NT 10.0; Win64; x64) AppleWebKit/537.36 (KHTML, like Gecko) Chrome/147.0.0.0 Safari/537.36 Edg/147.0.0.0"
159.196.133.1 - - [29/Apr/2026:16:58:20 +0800] "GET /wp-content/themes/hello-elementor/assets/js/hello-frontend.js?ver=3.4.7 HTTP/1.1" 200 549 "https://memo.carmel.wa.edu.au/" "Mozilla/5.0 (Windows NT 10.0; Win64; x64) AppleWebKit/537.36 (KHTML, like Gecko) Chrome/147.0.0.0 Safari/537.36 Edg/147.0.0.0"
159.196.133.1 - - [29/Apr/2026:16:58:20 +0800] "GET /wp-includes/js/jquery/jquery.min.js?ver=3.7.1 HTTP/1.1" 200 30368 "https://memo.carmel.wa.edu.au/" "Mozilla/5.0 (Windows NT 10.0; Win64; x64) AppleWebKit/537.36 (KHTML, like Gecko) Chrome/147.0.0.0 Safari/537.36 Edg/147.0.0.0"
159.196.133.1 - - [29/Apr/2026:16:58:20 +0800] "GET /wp-includes/js/jquery/ui/core.min.js?ver=1.13.3 HTTP/1.1" 200 7106 "https://memo.carmel.wa.edu.au/" "Mozilla/5.0 (Windows NT 10.0; Win64; x64) AppleWebKit/537.36 (KHTML, like Gecko) Chrome/147.0.0.0 Safari/537.36 Edg/147.0.0.0"
159.196.133.1 - - [29/Apr/2026:16:58:20 +0800] "GET /wp-content/plugins/elementor/assets/js/frontend-modules.min.js?ver=4.0.3 HTTP/1.1" 200 15970 "https://memo.carmel.wa.edu.au/" "Mozilla/5.0 (Windows NT 10.0; Win64; x64) AppleWebKit/537.36 (KHTML, like Gecko) Chrome/147.0.0.0 Safari/537.36 Edg/147.0.0.0"
159.196.133.1 - - [29/Apr/2026:16:58:21 +0800] "GET /wp-content/plugins/elementor/assets/js/frontend.min.js?ver=4.0.3 HTTP/1.1" 200 10339 "https://memo.carmel.wa.edu.au/" "Mozilla/5.0 (Windows NT 10.0; Win64; x64) AppleWebKit/537.36 (KHTML, like Gecko) Chrome/147.0.0.0 Safari/537.36 Edg/147.0.0.0"
159.196.133.1 - - [29/Apr/2026:16:58:21 +0800] "GET /wp-content/plugins/elementor/assets/js/section-frontend-handlers.d85ab872da118940910d.bundle.min.js HTTP/1.1" 200 269 "https://memo.carmel.wa.edu.au/" "Mozilla/5.0 (Windows NT 10.0; Win64; x64) AppleWebKit/537.36 (KHTML, like Gecko) Chrome/147.0.0.0 Safari/537.36 Edg/147.0.0.0"
159.196.133.1 - - [29/Apr/2026:16:58:21 +0800] "GET /wp-content/plugins/elementor/assets/js/shared-frontend-handlers.03caa53373b56d3bab67.bundle.min.js HTTP/1.1" 200 2644 "https://memo.carmel.wa.edu.au/" "Mozilla/5.0 (Windows NT 10.0; Win64; x64) AppleWebKit/537.36 (KHTML, like Gecko) Chrome/147.0.0.0 Safari/537.36 Edg/147.0.0.0"
159.196.133.1 - - [29/Apr/2026:16:58:21 +0800] "GET /favicon.ico HTTP/1.1" 404 196 "https://memo.carmel.wa.edu.au/" "Mozilla/5.0 (Windows NT 10.0; Win64; x64) AppleWebKit/537.36 (KHTML, like Gecko) Chrome/147.0.0.0 Safari/537.36 Edg/147.0.0.0"
159.196.133.1 - - [29/Apr/2026:16:58:21 +0800] "GET /wp-content/plugins/elementor/assets/js/text-editor.45609661e409413f1cef.bundle.min.js HTTP/1.1" 200 648 "https://memo.carmel.wa.edu.au/" "Mozilla/5.0 (Windows NT 10.0; Win64; x64) AppleWebKit/537.36 (KHTML, like Gecko) Chrome/147.0.0.0 Safari/537.36 Edg/147.0.0.0"
159.196.133.1 - - [29/Apr/2026:16:58:21 +0800] "GET /wp-includes/js/wp-emoji-release.min.js?ver=6.9.4 HTTP/1.1" 200 5375 "https://memo.carmel.wa.edu.au/" "Mozilla/5.0 (Windows NT 10.0; Win64; x64) AppleWebKit/537.36 (KHTML, like Gecko) Chrome/147.0.0.0 Safari/537.36 Edg/147.0.0.0"
103.4.122.13 - - [29/Apr/2026:17:29:59 +0800] "GET /wp-cron.php HTTP/1.1" 200 - "-" "WordPress/6.9.4; https://wpmain.screwlooseit.com.au"
103.4.122.14 - - [29/Apr/2026:19:47:01 +0800] "POST /wp-cron.php?doing_wp_cron=1777463221.6138329505920410156250 HTTP/1.1" 200 - "-" "WordPress/6.9.4; https://memo.carmel.wa.edu.au"
103.4.122.13 - - [29/Apr/2026:19:47:00 +0800] "GET / HTTP/1.1" 200 29414 "https://wpmain.screwlooseit.com.au" "Mozilla/5.0 (compatible; MainWP/6.0.11; +http://mainwp.com)"
57.141.14.11 - - [29/Apr/2026:19:49:04 +0800] "GET /robots.txt HTTP/1.1" 404 196 "-" "facebookexternalhit/1.1 (+http://www.facebook.com/externalhit_uatext.php)"
74.7.241.174 - - [29/Apr/2026:20:25:16 +0800] "GET /robots.txt HTTP/1.1" 404 196 "-" "Mozilla/5.0 (Macintosh; Intel Mac OS X 10_15_7) AppleWebKit/537.36 (KHTML, like Gecko) Chrome/131.0.0.0 Safari/537.36; compatible; OAI-SearchBot/1.3; robots.txt; +https://openai.com/searchbot"
103.4.122.14 - - [29/Apr/2026:21:43:58 +0800] "POST /wp-cron.php?doing_wp_cron=1777470238.3508698940277099609375 HTTP/1.1" 200 - "-" "WordPress/6.9.4; https://memo.carmel.wa.edu.au"
5.175.178.13 - - [29/Apr/2026:21:43:57 +0800] "GET / HTTP/1.1" 200 29414 "-" "Mozilla/5.0 (Windows NT 10.0; Win64; x64) AppleWebKit/537.36 (KHTML, like Gecko) Chrome/147.0.0.0 Safari/537.36"
34.52.137.49 - - [29/Apr/2026:22:47:18 +0800] "GET /.git/config HTTP/1.1" 403 199 "-" "Mozilla/5.0 (Macintosh; Intel Mac OS X 10_14_3) AppleWebKit/537.36 (KHTML, like Gecko) Chrome/75.0.3770.80 Safari/537.36"
34.52.137.49 - - [29/Apr/2026:22:47:24 +0800] "GET /.git/config HTTP/1.1" 403 199 "-" "Mozilla/5.0 (Linux; Android 9; POCO F1) AppleWebKit/537.36 (KHTML, like Gecko) Chrome/76.0.3809.89 Mobile Safari/537.36"
103.4.122.14 - - [30/Apr/2026:03:35:53 +0800] "POST /wp-cron.php?doing_wp_cron=1777491353.5051178932189941406250 HTTP/1.1" 200 - "-" "WordPress/6.9.4; https://memo.carmel.wa.edu.au"
103.4.122.13 - - [30/Apr/2026:03:35:52 +0800] "GET /?login_required=1&user=ACS&mainwpsignature=cF4Ks1avZpHEszWeJTD0OE7isvXPeAOk9hN8rD7L7iqRdt75x%2F%2B2El8%2FnOsnCKXLS7jp6lhaozou9PyPYHWX5y5ygvcTcg9b6C5JxLDtpD1X2P4G0KtSZD2vOPrGzuIws%2FT4X7INbV1oBPDMsyjfc3lFP7VaqRqOeJQgU5x%2FFsdZLPy0wN1seUlJv9knnxSGi58UzCcI%2BGJFta2aZWuKd%2FOlxNI9bJyhah3%2BeWjjkSs8X0I2GWeAPoZ5DniHodCEDRL3FU3uklWJZm2FkD%2BhNvViZE%2BMl91F%2BkO%2BHY5vHi8Gnw6HWFtEhQ0cS%2FykmB0na4XQHkGBSRsQGgDNrVILMQ%3D%3D&nonce=5568&where=plugins.php%3F_detect_plugins_updates%3Dyes&sign_algo=7 HTTP/1.1" 302 - "-" "WordPress/6.9.4; https://wpmain.screwlooseit.com.au"
103.4.122.13 - - [30/Apr/2026:03:35:53 +0800] "GET /wp-admin/plugins.php?_detect_plugins_updates=yes HTTP/1.1" 200 22115 "-" "WordPress/6.9.4; https://wpmain.screwlooseit.com.au"
103.4.122.13 - - [30/Apr/2026:03:35:58 +0800] "POST /wp-admin/admin-ajax.php HTTP/1.1" 200 182813 "https://wpmain.screwlooseit.com.au" "Mozilla/5.0 (compatible; MainWP/6.0.11; +http://mainwp.com)"
103.4.122.14 - - [30/Apr/2026:03:36:02 +0800] "GET / HTTP/1.1" 200 7223 "-" "WordPress/6.9.4; https://memo.carmel.wa.edu.au"
103.4.122.13 - - [30/Apr/2026:03:36:01 +0800] "POST /wp-admin/admin-ajax.php HTTP/1.1" 200 21 "https://wpmain.screwlooseit.com.au" "Mozilla/5.0 (compatible; MainWP/6.0.11; +http://mainwp.com)"
103.4.122.14 - - [30/Apr/2026:11:01:19 +0800] "POST /wp-cron.php?doing_wp_cron=1777518079.4571731090545654296875 HTTP/1.1" 200 - "-" "WordPress/6.9.4; https://memo.carmel.wa.edu.au"
52.208.151.205 - - [30/Apr/2026:11:01:16 +0800] "GET / HTTP/1.1" 200 7223 "-" "Mozilla/5.0 (Windows NT 10.0; Win64; x64) AppleWebKit/537.36 (KHTML, like Gecko) Chrome/120.0.0.0 Safari/537.36"
103.4.122.14 - - [30/Apr/2026:14:46:01 +0800] "POST /wp-cron.php?doing_wp_cron=1777531561.0856919288635253906250 HTTP/1.1" 200 - "-" "WordPress/6.9.4; https://memo.carmel.wa.edu.au"
103.4.122.13 - - [30/Apr/2026:14:45:59 +0800] "GET / HTTP/1.1" 200 29417 "https://wpmain.screwlooseit.com.au" "Mozilla/5.0 (compatible; MainWP/6.0.11; +http://mainwp.com)"
103.4.122.14 - - [30/Apr/2026:19:29:42 +0800] "POST /wp-cron.php?doing_wp_cron=1777548582.5030190944671630859375 HTTP/1.1" 200 - "-" "WordPress/6.9.4; https://memo.carmel.wa.edu.au"
106.68.59.33 - - [30/Apr/2026:19:29:40 +0800] "GET / HTTP/1.1" 200 7223 "-" "Mozilla/5.0 (Windows NT 10.0; Win64; x64) AppleWebKit/537.36 (KHTML, like Gecko) Chrome/146.0.0.0 Safari/537.36 Edg/146.0.0.0"
106.68.59.33 - - [30/Apr/2026:19:29:42 +0800] "GET /wp-content/themes/hello-elementor/assets/css/reset.css?ver=3.4.7 HTTP/1.1" 200 1792 "https://memo.carmel.wa.edu.au/" "Mozilla/5.0 (Windows NT 10.0; Win64; x64) AppleWebKit/537.36 (KHTML, like Gecko) Chrome/146.0.0.0 Safari/537.36 Edg/146.0.0.0"
106.68.59.33 - - [30/Apr/2026:19:29:42 +0800] "GET /wp-content/themes/hello-elementor/assets/css/theme.css?ver=3.4.7 HTTP/1.1" 200 1271 "https://memo.carmel.wa.edu.au/" "Mozilla/5.0 (Windows NT 10.0; Win64; x64) AppleWebKit/537.36 (KHTML, like Gecko) Chrome/146.0.0.0 Safari/537.36 Edg/146.0.0.0"
106.68.59.33 - - [30/Apr/2026:19:29:43 +0800] "GET /wp-content/themes/hello-elementor/assets/css/header-footer.css?ver=3.4.7 HTTP/1.1" 200 1423 "https://memo.carmel.wa.edu.au/" "Mozilla/5.0 (Windows NT 10.0; Win64; x64) AppleWebKit/537.36 (KHTML, like Gecko) Chrome/146.0.0.0 Safari/537.36 Edg/146.0.0.0"
106.68.59.33 - - [30/Apr/2026:19:29:43 +0800] "GET /wp-content/plugins/elementor/assets/css/frontend.min.css?ver=4.0.3 HTTP/1.1" 200 7271 "https://memo.carmel.wa.edu.au/" "Mozilla/5.0 (Windows NT 10.0; Win64; x64) AppleWebKit/537.36 (KHTML, like Gecko) Chrome/146.0.0.0 Safari/537.36 Edg/146.0.0.0"
106.68.59.33 - - [30/Apr/2026:19:29:43 +0800] "GET /wp-content/uploads/elementor/css/post-10.css?ver=1777117698 HTTP/1.1" 200 398 "https://memo.carmel.wa.edu.au/" "Mozilla/5.0 (Windows NT 10.0; Win64; x64) AppleWebKit/537.36 (KHTML, like Gecko) Chrome/146.0.0.0 Safari/537.36 Edg/146.0.0.0"
106.68.59.33 - - [30/Apr/2026:19:29:43 +0800] "GET /wp-content/plugins/elementor/assets/lib/eicons/css/elementor-icons.min.css?ver=5.48.0 HTTP/1.1" 200 4455 "https://memo.carmel.wa.edu.au/" "Mozilla/5.0 (Windows NT 10.0; Win64; x64) AppleWebKit/537.36 (KHTML, like Gecko) Chrome/146.0.0.0 Safari/537.36 Edg/146.0.0.0"
106.68.59.33 - - [30/Apr/2026:19:29:43 +0800] "GET /wp-content/plugins/elementor/assets/css/widget-image.min.css?ver=4.0.3 HTTP/1.1" 200 135 "https://memo.carmel.wa.edu.au/" "Mozilla/5.0 (Windows NT 10.0; Win64; x64) AppleWebKit/537.36 (KHTML, like Gecko) Chrome/146.0.0.0 Safari/537.36 Edg/146.0.0.0"
106.68.59.33 - - [30/Apr/2026:19:29:43 +0800] "GET /wp-content/plugins/elementor/assets/css/widget-heading.min.css?ver=4.0.3 HTTP/1.1" 200 160 "https://memo.carmel.wa.edu.au/" "Mozilla/5.0 (Windows NT 10.0; Win64; x64) AppleWebKit/537.36 (KHTML, like Gecko) Chrome/146.0.0.0 Safari/537.36 Edg/146.0.0.0"
106.68.59.33 - - [30/Apr/2026:19:29:43 +0800] "GET /wp-content/plugins/elementor/assets/lib/animations/styles/e-animation-float.min.css?ver=4.0.3 HTTP/1.1" 200 139 "https://memo.carmel.wa.edu.au/" "Mozilla/5.0 (Windows NT 10.0; Win64; x64) AppleWebKit/537.36 (KHTML, like Gecko) Chrome/146.0.0.0 Safari/537.36 Edg/146.0.0.0"
106.68.59.33 - - [30/Apr/2026:19:29:44 +0800] "GET /wp-content/uploads/elementor/css/post-14.css?ver=1777117698 HTTP/1.1" 200 782 "https://memo.carmel.wa.edu.au/" "Mozilla/5.0 (Windows NT 10.0; Win64; x64) AppleWebKit/537.36 (KHTML, like Gecko) Chrome/146.0.0.0 Safari/537.36 Edg/146.0.0.0"
106.68.59.33 - - [30/Apr/2026:19:29:44 +0800] "GET /wp-includes/js/jquery/jquery.min.js?ver=3.7.1 HTTP/1.1" 200 30368 "https://memo.carmel.wa.edu.au/" "Mozilla/5.0 (Windows NT 10.0; Win64; x64) AppleWebKit/537.36 (KHTML, like Gecko) Chrome/146.0.0.0 Safari/537.36 Edg/146.0.0.0"
106.68.59.33 - - [30/Apr/2026:19:29:44 +0800] "GET /wp-includes/js/jquery/jquery-migrate.min.js?ver=3.4.1 HTTP/1.1" 200 4872 "https://memo.carmel.wa.edu.au/" "Mozilla/5.0 (Windows NT 10.0; Win64; x64) AppleWebKit/537.36 (KHTML, like Gecko) Chrome/146.0.0.0 Safari/537.36 Edg/146.0.0.0"
106.68.59.33 - - [30/Apr/2026:19:29:44 +0800] "GET /wp-content/uploads/2023/11/Carmel-School-logo.png HTTP/1.1" 200 73584 "https://memo.carmel.wa.edu.au/" "Mozilla/5.0 (Windows NT 10.0; Win64; x64) AppleWebKit/537.36 (KHTML, like Gecko) Chrome/146.0.0.0 Safari/537.36 Edg/146.0.0.0"
106.68.59.33 - - [30/Apr/2026:19:29:44 +0800] "GET /wp-content/themes/hello-elementor/assets/js/hello-frontend.js?ver=3.4.7 HTTP/1.1" 200 549 "https://memo.carmel.wa.edu.au/" "Mozilla/5.0 (Windows NT 10.0; Win64; x64) AppleWebKit/537.36 (KHTML, like Gecko) Chrome/146.0.0.0 Safari/537.36 Edg/146.0.0.0"
106.68.59.33 - - [30/Apr/2026:19:29:45 +0800] "GET /wp-content/plugins/elementor/assets/js/webpack.runtime.min.js?ver=4.0.3 HTTP/1.1" 200 2496 "https://memo.carmel.wa.edu.au/" "Mozilla/5.0 (Windows NT 10.0; Win64; x64) AppleWebKit/537.36 (KHTML, like Gecko) Chrome/146.0.0.0 Safari/537.36 Edg/146.0.0.0"
106.68.59.33 - - [30/Apr/2026:19:29:45 +0800] "GET /wp-content/plugins/elementor/assets/js/frontend-modules.min.js?ver=4.0.3 HTTP/1.1" 200 15970 "https://memo.carmel.wa.edu.au/" "Mozilla/5.0 (Windows NT 10.0; Win64; x64) AppleWebKit/537.36 (KHTML, like Gecko) Chrome/146.0.0.0 Safari/537.36 Edg/146.0.0.0"
106.68.59.33 - - [30/Apr/2026:19:29:45 +0800] "GET /wp-includes/js/jquery/ui/core.min.js?ver=1.13.3 HTTP/1.1" 200 7106 "https://memo.carmel.wa.edu.au/" "Mozilla/5.0 (Windows NT 10.0; Win64; x64) AppleWebKit/537.36 (KHTML, like Gecko) Chrome/146.0.0.0 Safari/537.36 Edg/146.0.0.0"
106.68.59.33 - - [30/Apr/2026:19:29:45 +0800] "GET /wp-content/plugins/elementor/assets/js/frontend.min.js?ver=4.0.3 HTTP/1.1" 200 10339 "https://memo.carmel.wa.edu.au/" "Mozilla/5.0 (Windows NT 10.0; Win64; x64) AppleWebKit/537.36 (KHTML, like Gecko) Chrome/146.0.0.0 Safari/537.36 Edg/146.0.0.0"
106.68.59.33 - - [30/Apr/2026:19:29:46 +0800] "GET /wp-content/plugins/elementor/assets/js/section-frontend-handlers.d85ab872da118940910d.bundle.min.js HTTP/1.1" 200 269 "https://memo.carmel.wa.edu.au/" "Mozilla/5.0 (Windows NT 10.0; Win64; x64) AppleWebKit/537.36 (KHTML, like Gecko) Chrome/146.0.0.0 Safari/537.36 Edg/146.0.0.0"
106.68.59.33 - - [30/Apr/2026:19:29:46 +0800] "GET /wp-content/plugins/elementor/assets/js/shared-frontend-handlers.03caa53373b56d3bab67.bundle.min.js HTTP/1.1" 200 2644 "https://memo.carmel.wa.edu.au/" "Mozilla/5.0 (Windows NT 10.0; Win64; x64) AppleWebKit/537.36 (KHTML, like Gecko) Chrome/146.0.0.0 Safari/537.36 Edg/146.0.0.0"
106.68.59.33 - - [30/Apr/2026:19:29:46 +0800] "GET /wp-content/plugins/elementor/assets/js/text-editor.45609661e409413f1cef.bundle.min.js HTTP/1.1" 200 648 "https://memo.carmel.wa.edu.au/" "Mozilla/5.0 (Windows NT 10.0; Win64; x64) AppleWebKit/537.36 (KHTML, like Gecko) Chrome/146.0.0.0 Safari/537.36 Edg/146.0.0.0"
106.68.59.33 - - [30/Apr/2026:19:29:46 +0800] "GET /favicon.ico HTTP/1.1" 404 196 "https://memo.carmel.wa.edu.au/" "Mozilla/5.0 (Windows NT 10.0; Win64; x64) AppleWebKit/537.36 (KHTML, like Gecko) Chrome/146.0.0.0 Safari/537.36 Edg/146.0.0.0"
106.68.59.33 - - [30/Apr/2026:19:29:51 +0800] "GET /wp-includes/js/wp-emoji-release.min.js?ver=6.9.4 HTTP/1.1" 200 5375 "https://memo.carmel.wa.edu.au/" "Mozilla/5.0 (Windows NT 10.0; Win64; x64) AppleWebKit/537.36 (KHTML, like Gecko) Chrome/146.0.0.0 Safari/537.36 Edg/146.0.0.0"
74.7.241.174 - - [30/Apr/2026:22:58:59 +0800] "GET /robots.txt HTTP/1.1" 404 196 "-" "Mozilla/5.0 (Macintosh; Intel Mac OS X 10_15_7) AppleWebKit/537.36 (KHTML, like Gecko) Chrome/131.0.0.0 Safari/537.36; compatible; OAI-SearchBot/1.3; robots.txt; +https://openai.com/searchbot"
103.4.122.14 - - [30/Apr/2026:22:59:01 +0800] "POST /wp-cron.php?doing_wp_cron=1777561140.9304809570312500000000 HTTP/1.1" 200 - "-" "WordPress/6.9.4; https://memo.carmel.wa.edu.au"
74.7.243.228 - - [30/Apr/2026:22:58:59 +0800] "GET / HTTP/1.1" 200 7222 "-" "Mozilla/5.0 AppleWebKit/537.36 (KHTML, like Gecko; compatible; GPTBot/1.3; +https://openai.com/gptbot)"
74.7.243.228 - - [30/Apr/2026:22:59:02 +0800] "GET /?feed=comments-rss2 HTTP/1.1" 200 749 "https://memo.carmel.wa.edu.au/" "Mozilla/5.0 AppleWebKit/537.36 (KHTML, like Gecko; compatible; GPTBot/1.3; +https://openai.com/gptbot)"
74.7.243.228 - - [30/Apr/2026:22:59:05 +0800] "GET /?feed=rss2 HTTP/1.1" 200 748 "https://memo.carmel.wa.edu.au/" "Mozilla/5.0 AppleWebKit/537.36 (KHTML, like Gecko; compatible; GPTBot/1.3; +https://openai.com/gptbot)"
103.4.122.14 - - [01/May/2026:02:58:43 +0800] "POST /wp-cron.php?doing_wp_cron=1777575523.8119349479675292968750 HTTP/1.1" 200 - "-" "WordPress/6.9.4; http://memo.carmel.wa.edu.au"
35.220.207.117 - - [01/May/2026:02:58:42 +0800] "GET / HTTP/1.1" 200 7223 "-" "Mozilla/5.0 (Windows NT 10.0; Win64; x64) AppleWebKit/537.36 (KHTML, like Gecko) Chrome/67.0.3396.62 Safari/537.36"
35.220.207.117 - - [01/May/2026:03:01:31 +0800] "GET /wp-includes/js/jquery/jquery-migrate.min.js?ver=3.4.1 HTTP/1.1" 200 4872 "-" "Gregarius/0.5.2 ( http://devlog.gregarius.net/docs/ua)"
35.220.207.117 - - [01/May/2026:03:01:31 +0800] "GET /wp-includes/js/jquery/ui/core.min.js.map HTTP/1.1" 404 196 "-" "Opera/9.0 (Macintosh; PPC Mac OS X; U; en)"
35.220.207.117 - - [01/May/2026:03:01:31 +0800] "GET /wp-includes/js/jquery/ui/core.min.js?ver=1.13.3 HTTP/1.1" 200 7106 "-" "Mozilla/5.0 (Linux; Android 8.0.0; G8441) AppleWebKit/537.36 (KHTML, like Gecko) Chrome/71.0.3578.99 YaBrowser/19.1.3.198.00 Mobile Safari/537.36"
35.220.207.117 - - [01/May/2026:03:01:33 +0800] "GET /wp-includes/js/jquery/jquery.min.js.map HTTP/1.1" 404 196 "-" "Mozilla/5.0 (Linux; Android 4.1.2; SHV-E250S Build/JZO54K) AppleWebKit/537.36 (KHTML, like Gecko) Chrome/30.0.1599.82 Mobile Safari/537.36"
35.220.207.117 - - [01/May/2026:03:01:34 +0800] "GET /wp-content/plugins/elementor/assets/js/frontend-modules.min.js.map HTTP/1.1" 404 196 "-" "Mozilla/5.0 (Linux; Android 6.0; Nexus 5X Build/MDB08L) AppleWebKit/537.36 (KHTML, like Gecko) Chrome/53.0.2785.124 Mobile Safari/537.36"
35.220.207.117 - - [01/May/2026:03:01:34 +0800] "GET /wp-content/plugins/elementor/assets/js/frontend.min.js.map HTTP/1.1" 404 196 "-" "Mozilla/5.0 (X11; OpenBSD amd64; rv:30.0) Gecko/20100101 Firefox/30.0"
35.220.207.117 - - [01/May/2026:03:01:34 +0800] "GET /wp-content/themes/hello-elementor/assets/js/hello-frontend.js.map HTTP/1.1" 404 196 "-" "Mozilla/5.0 (X11; Linux x86_64) AppleWebKit/537.36 (KHTML, like Gecko) snap Chromium/76.0.3809.87 Chrome/76.0.3809.87 Safari/537.36"
35.220.207.117 - - [01/May/2026:03:01:34 +0800] "GET /wp-content/plugins/elementor/assets/js/frontend-modules.min.js?ver=4.0.3 HTTP/1.1" 200 15970 "-" "Mozilla/5.0 (Linux; Android 9; ONEPLUS A5010 Build/PKQ1.180716.001; wv) AppleWebKit/537.36 (KHTML, like Gecko) Version/4.0 Chrome/66.0.3359.126 MQQBrowser/6.2 TBS/044807 Mobile Safari/537.36 MMWEBID/1699 MicroMessenger/7.0.6.1460(0x27000634) Process/tools NetType/4G Language/zh_CN"
35.220.207.117 - - [01/May/2026:03:01:34 +0800] "GET /wp-includes/js/jquery/jquery.min.js?ver=3.7.1 HTTP/1.1" 200 30368 "-" "Mozilla/5.0 (Macintosh; Intel Mac OS X 10_10_5) AppleWebKit/603.3.8 (KHTML, like Gecko) Version/10.1.2 Safari/603.3.8"
35.220.207.117 - - [01/May/2026:03:01:34 +0800] "GET /wp-content/plugins/elementor/assets/js/webpack.runtime.min.js?ver=4.0.3 HTTP/1.1" 200 2496 "-" "Mozilla/5.0 (Macintosh; Intel Mac OS X 10_11_6) AppleWebKit/605.1.15 (KHTML, like Gecko) Version/11.1.2 Safari/605.1.15"
35.220.207.117 - - [01/May/2026:03:01:34 +0800] "GET /wp-content/themes/hello-elementor/assets/js/hello-frontend.js?ver=3.4.7 HTTP/1.1" 200 549 "-" "Mozilla/5.0 (Windows NT 6.1; WOW64) AppleWebKit/537.36 (KHTML, like Gecko) Chrome/56.0.2924.87 Safari/537.36"
35.220.207.117 - - [01/May/2026:03:01:33 +0800] "GET /wp-content/plugins/elementor/assets/js/frontend.min.js?ver=4.0.3 HTTP/1.1" 200 10339 "-" "Mozilla/5.0 (Linux; Android 5.1; Lenovo P70-A) AppleWebKit/537.36 (KHTML, like Gecko) Chrome/76.0.3809.111 Mobile Safari/537.36"
35.220.207.117 - - [01/May/2026:03:01:35 +0800] "GET /wp-content/plugins/elementor/assets/js/webpack.runtime.min.js.map HTTP/1.1" 404 196 "-" "Mozilla/5.0 (Windows NT 10.0; Win64; x64) AppleWebKit/537.36 (KHTML, like Gecko) Chrome/75.0.3770.142 Safari/537.36 OPR/62.0.3331.116 (Edition Campaign 34)"
35.220.207.117 - - [01/May/2026:03:01:37 +0800] "GET /wp-includes/js/jquery/jquery-migrate.min.js.map HTTP/1.1" 404 196 "-" "Opera/9.30 (Nintendo Wii; U; ; 2047-7; en)"
103.4.122.14 - - [01/May/2026:07:32:16 +0800] "POST /wp-cron.php?doing_wp_cron=1777591936.0926339626312255859375 HTTP/1.1" 200 - "-" "WordPress/6.9.4; https://memo.carmel.wa.edu.au"
181.233.125.233 - - [01/May/2026:07:32:10 +0800] "GET / HTTP/1.1" 200 7222 "-" "Mozilla/5.0 (Macintosh; Intel Mac OS X 10_15_7) AppleWebKit/537.36 (KHTML, like Gecko) Chrome/122.0.0.0 Safari/537.36"
103.4.122.14 - - [01/May/2026:08:52:52 +0800] "POST /wp-cron.php?doing_wp_cron=1777596772.1403739452362060546875 HTTP/1.1" 200 - "-" "WordPress/6.9.4; https://memo.carmel.wa.edu.au"
103.4.122.13 - - [01/May/2026:08:52:51 +0800] "GET / HTTP/1.1" 200 29417 "https://wpmain.screwlooseit.com.au" "Mozilla/5.0 (compatible; MainWP/6.0.11; +http://mainwp.com)"
103.4.122.13 - - [01/May/2026:08:58:17 +0800] "GET /wp-cron.php HTTP/1.1" 200 - "-" "WordPress/6.9.4; https://wpmain.screwlooseit.com.au"
103.4.122.14 - - [01/May/2026:10:17:05 +0800] "POST /wp-cron.php?doing_wp_cron=1777601825.3373010158538818359375 HTTP/1.1" 200 - "-" "WordPress/6.9.4; https://memo.carmel.wa.edu.au"
52.208.151.205 - - [01/May/2026:10:17:03 +0800] "GET / HTTP/1.1" 200 7222 "-" "Mozilla/5.0 (Windows NT 10.0; Win64; x64) AppleWebKit/537.36 (KHTML, like Gecko) Chrome/120.0.0.0 Safari/537.36 Edg/120.0.0.0"
35.188.92.12 - - [01/May/2026:11:53:41 +0800] "GET /.git/config HTTP/1.1" 403 199 "-" "Mozilla/5.0 (Linux; Android 7.0; SM-G925F) AppleWebKit/537.36 (KHTML, like Gecko) Chrome/76.0.3809.111 Mobile Safari/537.36"
103.4.122.14 - - [01/May/2026:20:44:22 +0800] "POST /wp-cron.php?doing_wp_cron=1777639462.6701350212097167968750 HTTP/1.1" 200 - "-" "WordPress/6.9.4; http://memo.carmel.wa.edu.au"
138.68.131.139 - - [01/May/2026:20:44:24 +0800] "GET /favicon.ico HTTP/1.1" 404 196 "http://memo.carmel.wa.edu.au/" "Mozilla/5.0 (X11; Linux x86_64) AppleWebKit/537.36 (KHTML, like Gecko) Chrome/142.0.0.0 Safari/537.36"
138.68.131.139 - - [01/May/2026:20:44:20 +0800] "GET / HTTP/1.1" 200 7223 "-" "Mozilla/5.0 (X11; Linux x86_64) AppleWebKit/537.36 (KHTML, like Gecko) Chrome/142.0.0.0 Safari/537.36"
138.68.131.139 - - [01/May/2026:20:44:25 +0800] "GET / HTTP/1.1" 200 7223 "-" "Mozilla/5.0 (X11; Linux x86_64; rv:142.0) Gecko/20100101 Firefox/142.0"
103.4.122.14 - - [01/May/2026:20:44:29 +0800] "POST /wp-cron.php HTTP/1.1" 200 - "-" "WordPress/6.9.4; http://memo.carmel.wa.edu.au"
103.4.122.14 - - [01/May/2026:20:44:29 +0800] "GET / HTTP/1.1" 200 7223 "-" "WordPress/6.9.4; http://memo.carmel.wa.edu.au"
103.4.122.14 - - [01/May/2026:20:44:30 +0800] "GET / HTTP/1.1" 200 7223 "-" "WordPress/6.9.4; http://memo.carmel.wa.edu.au"
103.4.122.14 - - [01/May/2026:20:44:31 +0800] "GET / HTTP/1.1" 200 7223 "-" "WordPress/6.9.4; http://memo.carmel.wa.edu.au"
103.4.122.14 - - [01/May/2026:20:44:31 +0800] "GET / HTTP/1.1" 200 7223 "-" "WordPress/6.9.4; http://memo.carmel.wa.edu.au"
103.4.122.14 - - [01/May/2026:20:44:32 +0800] "GET / HTTP/1.1" 200 7223 "-" "WordPress/6.9.4; http://memo.carmel.wa.edu.au"
138.68.131.139 - - [01/May/2026:20:44:33 +0800] "GET /favicon.ico HTTP/1.1" 404 196 "https://memo.carmel.wa.edu.au/" "Mozilla/5.0 (X11; Linux x86_64; rv:142.0) Gecko/20100101 Firefox/142.0"
74.7.241.174 - - [01/May/2026:21:56:44 +0800] "GET /robots.txt HTTP/1.1" 404 196 "-" "Mozilla/5.0 (Macintosh; Intel Mac OS X 10_15_7) AppleWebKit/537.36 (KHTML, like Gecko) Chrome/131.0.0.0 Safari/537.36; compatible; OAI-SearchBot/1.3; robots.txt; +https://openai.com/searchbot"
103.4.122.14 - - [02/May/2026:03:41:32 +0800] "POST /wp-cron.php?doing_wp_cron=1777664492.3559670448303222656250 HTTP/1.1" 200 - "-" "WordPress/6.9.4; https://memo.carmel.wa.edu.au"
103.4.122.13 - - [02/May/2026:03:41:31 +0800] "GET / HTTP/1.1" 200 29414 "https://wpmain.screwlooseit.com.au" "Mozilla/5.0 (compatible; MainWP/6.0.11; +http://mainwp.com)"
103.4.122.14 - - [02/May/2026:06:38:37 +0800] "POST /wp-cron.php?doing_wp_cron=1777675117.2981610298156738281250 HTTP/1.1" 200 - "-" "WordPress/6.9.4; https://memo.carmel.wa.edu.au"
103.4.122.13 - - [02/May/2026:06:38:36 +0800] "GET /?login_required=1&user=ACS&mainwpsignature=p0EcBR4gcLmbhjinWrvFH05A%2F35iSavt7ognijm0cTon3AyA0xMOcveWCvkangA6lBmCTjT4Ev3goVhBErM15oH2hvMPJeNg8dNpCBd4xsbwAtkMily46HGARkzCK71Grr9xZzKhsyrJVvTabX8mCKaTbN7%2FS2NhGcZNmSGAC5SVXrgQXHXTlqJl5dL1Hwd%2FxBBShZIQrWxMv99KmJbFYSglgIIp81TA6ZMQODSYW2gfHpSjNLuroy6cZ%2FcMHm6Auf8dvJZOyN8Tj960sr3PT82h7Unrl9KV1KljDOSYr6BD068uBi%2FeNaimnsk9PvTzcZ%2FF5%2BFMceSwN6D2UDzB%2Bg%3D%3D&nonce=4089&where=plugins.php%3F_detect_plugins_updates%3Dyes&sign_algo=7 HTTP/1.1" 302 - "-" "WordPress/6.9.4; https://wpmain.screwlooseit.com.au"
103.4.122.13 - - [02/May/2026:06:38:37 +0800] "GET /wp-admin/plugins.php?_detect_plugins_updates=yes HTTP/1.1" 200 22097 "-" "WordPress/6.9.4; https://wpmain.screwlooseit.com.au"
103.4.122.13 - - [02/May/2026:06:38:39 +0800] "POST /wp-admin/admin-ajax.php HTTP/1.1" 200 182897 "https://wpmain.screwlooseit.com.au" "Mozilla/5.0 (compatible; MainWP/6.0.11; +http://mainwp.com)"
103.4.122.14 - - [02/May/2026:06:38:44 +0800] "GET / HTTP/1.1" 200 7223 "-" "WordPress/6.9.4; https://memo.carmel.wa.edu.au"
103.4.122.13 - - [02/May/2026:06:38:44 +0800] "POST /wp-admin/admin-ajax.php HTTP/1.1" 200 21 "https://wpmain.screwlooseit.com.au" "Mozilla/5.0 (compatible; MainWP/6.0.11; +http://mainwp.com)"
103.4.122.13 - - [02/May/2026:10:43:53 +0800] "GET /wp-cron.php HTTP/1.1" 200 - "-" "WordPress/6.9.4; https://wpmain.screwlooseit.com.au"
103.4.122.14 - - [02/May/2026:11:18:56 +0800] "POST /wp-cron.php?doing_wp_cron=1777691936.2413640022277832031250 HTTP/1.1" 200 - "-" "WordPress/6.9.4; https://memo.carmel.wa.edu.au"
52.208.151.205 - - [02/May/2026:11:18:54 +0800] "GET / HTTP/1.1" 200 7223 "-" "Mozilla/5.0 (Windows NT 10.0; Win64; x64) AppleWebKit/537.36 (KHTML, like Gecko) Chrome/120.0.0.0 Safari/537.36"
103.4.122.13 - - [02/May/2026:19:15:06 +0800] "GET / HTTP/1.1" 200 29414 "https://wpmain.screwlooseit.com.au" "Mozilla/5.0 (compatible; MainWP/6.0.11; +http://mainwp.com)"
103.4.122.14 - - [02/May/2026:19:15:07 +0800] "POST /wp-cron.php?doing_wp_cron=1777720507.6490299701690673828125 HTTP/1.1" 200 - "-" "WordPress/6.9.4; https://memo.carmel.wa.edu.au"
74.7.241.174 - - [02/May/2026:19:23:50 +0800] "GET /robots.txt HTTP/1.1" 404 196 "-" "Mozilla/5.0 (Macintosh; Intel Mac OS X 10_15_7) AppleWebKit/537.36 (KHTML, like Gecko) Chrome/131.0.0.0 Safari/537.36; compatible; OAI-SearchBot/1.3; robots.txt; +https://openai.com/searchbot"
103.4.122.22 - - [02/May/2026:20:45:04 +0800] "POST /wp-admin/admin-ajax.php HTTP/1.1" 200 281 "http://mainwp.rankaholics.com.au" "Mozilla/5.0 (compatible; MainWP/6.0.11; +http://mainwp.com)"
103.4.122.14 - - [02/May/2026:20:48:10 +0800] "POST /wp-cron.php?doing_wp_cron=1777726090.6117990016937255859375 HTTP/1.1" 200 - "-" "WordPress/6.9.4; https://memo.carmel.wa.edu.au"
103.4.122.13 - - [02/May/2026:20:48:07 +0800] "GET / HTTP/1.1" 200 29417 "https://wpmain.screwlooseit.com.au" "Mozilla/5.0 (compatible; MainWP/6.0.11; +http://mainwp.com)"
103.4.122.13 - - [02/May/2026:21:03:53 +0800] "GET /?login_required=1&user=ACS&mainwpsignature=bB7QVacR8CaDtRZHzXH5OPtDWh5Ze%2BhGOwm4aHnaDPaReoHUj8fZvU1abvbXi98EOcDDn5ORDSEIdnEH4EcZUvFQB%2BPxuhbpZrTnWGY5XrZCtqPMYyV3cZsDL6uRTSaJMirQGhlWezrS2ih4Trt3IETNahZKJU2o%2FrsqVa6oQUFelN3mNjFoUAhUHPQpxLzVhq0A0I2L%2BxixXCw9BsRpiOMKdfU%2BvvPg%2BHoWtzTIgIB8SSvXp8bY3QoEmxFMBccu2URiKuVwlQh7Jiq2tGAALxlK2aJ1%2BJXmDqTfnKoDAL1Efpugtp96HP8Gqcz%2FeqpUjN9heHgh4Uh1JKRKbwJjlQ%3D%3D&nonce=156&where=plugins.php%3F_detect_plugins_updates%3Dyes&sign_algo=7 HTTP/1.1" 302 - "-" "WordPress/6.9.4; https://wpmain.screwlooseit.com.au"
103.4.122.13 - - [02/May/2026:21:03:54 +0800] "GET /wp-admin/plugins.php?_detect_plugins_updates=yes HTTP/1.1" 200 22097 "-" "WordPress/6.9.4; https://wpmain.screwlooseit.com.au"
103.4.122.13 - - [02/May/2026:21:03:56 +0800] "POST /wp-admin/admin-ajax.php HTTP/1.1" 200 182865 "https://wpmain.screwlooseit.com.au" "Mozilla/5.0 (compatible; MainWP/6.0.11; +http://mainwp.com)"
103.4.122.14 - - [02/May/2026:21:04:00 +0800] "GET / HTTP/1.1" 200 7224 "-" "WordPress/6.9.4; https://memo.carmel.wa.edu.au"
103.4.122.13 - - [02/May/2026:21:03:59 +0800] "POST /wp-admin/admin-ajax.php HTTP/1.1" 200 21 "https://wpmain.screwlooseit.com.au" "Mozilla/5.0 (compatible; MainWP/6.0.11; +http://mainwp.com)"
136.124.32.114 - - [02/May/2026:21:04:13 +0800] "GET /wp-content/plugins/elementor/assets/js/frontend.min.js?ver=4.0.2 HTTP/1.1" 200 10339 "-" "Mozilla/5.0 (X11; Ubuntu; Linux i686; rv:77.0) Gecko/20100101 Firefox/77.0"
136.124.32.114 - - [02/May/2026:21:04:13 +0800] "GET /wp-content/themes/hello-elementor/assets/js/hello-frontend.js?ver=3.4.7 HTTP/1.1" 200 549 "-" "Mozilla/5.0 (Macintosh; Intel Mac OS X 10_15_5) AppleWebKit/537.36 (KHTML, like Gecko) Chrome/83.0.4103.97 Safari/537.36"
