103.4.122.14 - - [25/Apr/2026:19:09:30 +0800] "GET / HTTP/1.1" 200 7223 "-" "WordPress/6.9.4; https://memo.carmel.wa.edu.au"
103.4.122.13 - - [25/Apr/2026:19:09:30 +0800] "POST /wp-admin/admin-ajax.php HTTP/1.1" 200 21 "https://wpmain.screwlooseit.com.au" "Mozilla/5.0 (compatible; MainWP/6.0.10; +http://mainwp.com)"
103.4.122.13 - - [25/Apr/2026:19:28:19 +0800] "GET / HTTP/1.1" 200 29414 "https://wpmain.screwlooseit.com.au" "Mozilla/5.0 (compatible; MainWP/6.0.10; +http://mainwp.com)"
103.4.122.13 - - [25/Apr/2026:19:29:14 +0800] "GET /?login_required=1&user=ACS&mainwpsignature=0a8J7dVTvKCvZIoeagcHlGUH0nzAIjCTRuWmQ90zMLH0CmOib72aX6Fwu9lG86NnpDcn4w10NADOhoPOgcs2FkB9PNfhUPIzoPublc5kbqiBnb6GnIzMokJMykoMXBa1yQM4FwkbG5NDWGBlT%2Bs6JJHSZdm58fxR6EPP3TbWKPOx5a5zul5WzmiZjiogFY1IGrrsJYsq5lYc4yyyf6daecAX1mKtu6JKG66wqQArCe750Vs44482Gua%2Fhz5SvV%2FWJeTnjN7UHwgjKFotGBRYDsJzHXSqRzNjHQLS%2Fs1sl6aDqcXULteVtOyZ9elcRNsSr7BaTXv8vDdORRO6CUwdZg%3D%3D&nonce=1571&where=plugins.php%3F_detect_plugins_updates%3Dyes&sign_algo=7 HTTP/1.1" 302 - "-" "WordPress/6.9.4; https://wpmain.screwlooseit.com.au"
103.4.122.13 - - [25/Apr/2026:19:29:14 +0800] "GET /wp-admin/plugins.php?_detect_plugins_updates=yes HTTP/1.1" 200 22181 "-" "WordPress/6.9.4; https://wpmain.screwlooseit.com.au"
103.4.122.13 - - [25/Apr/2026:19:29:15 +0800] "POST /wp-admin/admin-ajax.php HTTP/1.1" 200 7742 "https://wpmain.screwlooseit.com.au" "Mozilla/5.0 (compatible; MainWP/6.0.10; +http://mainwp.com)"
103.4.122.13 - - [25/Apr/2026:19:29:24 +0800] "HEAD / HTTP/1.1" 200 - "https://wpmain.screwlooseit.com.au" "Mozilla/5.0 (compatible; MainWP/6.0.10; +http://mainwp.com)"
103.4.122.14 - - [25/Apr/2026:19:34:47 +0800] "POST /wp-cron.php?doing_wp_cron=1777116886.9530289173126220703125 HTTP/1.1" 200 - "-" "WordPress/6.9.4; https://memo.carmel.wa.edu.au"
103.4.122.13 - - [25/Apr/2026:19:34:46 +0800] "GET /?login_required=1&user=ACS&mainwpsignature=SOI93FP1P8iaDagWuz36X%2FBIYWwdx02BUcyLZI%2BgWan6gUCFw8XNXYkFkXPPChTj8fahNq6dSeclc9PIs9fhxYJwh5hmSoOQjFW38u5UUmHe0LQGzMUhfdMEfX800d1fAZjUukznFv3T4hZ4cHR72wCbCpJ9GhhtDEBVyrVJIioFMPeqicGA2kgeROAuuXo2r9EtmNTTSncWNvFaKYYmg3a%2BWK5rnmN8crW1VDlhCsLw8KTcw7wW1RZJGu53F5ZJdjKxKVT6KMCmC%2FV4H0UU0xIIccgGc13CXA%2B00POsmMGBFjeP7LAOz%2BLA9Y7BGwhDUeiIPPvzj0Nd3IvwbckyIA%3D%3D&nonce=5621&where=plugins.php%3F_detect_plugins_updates%3Dyes&sign_algo=7 HTTP/1.1" 302 - "-" "WordPress/6.9.4; https://wpmain.screwlooseit.com.au"
103.4.122.13 - - [25/Apr/2026:19:34:47 +0800] "GET /wp-admin/plugins.php?_detect_plugins_updates=yes HTTP/1.1" 200 22097 "-" "WordPress/6.9.4; https://wpmain.screwlooseit.com.au"
103.4.122.13 - - [25/Apr/2026:19:34:48 +0800] "POST /wp-admin/admin-ajax.php HTTP/1.1" 200 5942 "https://wpmain.screwlooseit.com.au" "Mozilla/5.0 (compatible; MainWP/6.0.10; +http://mainwp.com)"
103.4.122.13 - - [25/Apr/2026:19:34:54 +0800] "HEAD / HTTP/1.1" 200 - "https://wpmain.screwlooseit.com.au" "Mozilla/5.0 (compatible; MainWP/6.0.10; +http://mainwp.com)"
103.4.122.13 - - [25/Apr/2026:19:38:42 +0800] "GET /?login_required=1&user=ACS&mainwpsignature=RzeRVziXA3Ixoxvb%2BFB%2FyZ6Fse3c2Leol0%2BuNVF3oVmnn1Uwwp%2BwBSa9aa0C4SLrqjOzUlxs7g%2BfkpDNYXpJtUDq59JMA9e0NAIJmx3GCsLT25Kw%2FAppn4byJTHAU9PB7g1cC1iPjrS9T5aljqlWq%2F7mMudNL4ZRSVmNLXevY1t1dkeSUx%2F0paYZj1Y0Wz7adZSIWwJu74MDS4a%2FzEOpsBg501O%2B3CCMlMvGpwjZqB4l%2F8CcSv9oOIlJIeUxKD0WP4j5c4jIjvJdDhmkYW3dIFwWuivhW9el0kJviGhrpOINROSeQ9Xwk8LJ3CqjYtq89XhQrocUvb6TenmS5i31XA%3D%3D&nonce=3833&where=plugins.php%3F_detect_plugins_updates%3Dyes&sign_algo=7 HTTP/1.1" 302 - "-" "WordPress/6.9.4; https://wpmain.screwlooseit.com.au"
103.4.122.13 - - [25/Apr/2026:19:38:45 +0800] "GET /wp-admin/plugins.php?_detect_plugins_updates=yes HTTP/1.1" 200 21607 "-" "WordPress/6.9.4; https://wpmain.screwlooseit.com.au"
103.4.122.13 - - [25/Apr/2026:19:38:48 +0800] "POST /wp-admin/admin-ajax.php HTTP/1.1" 200 3929 "https://wpmain.screwlooseit.com.au" "Mozilla/5.0 (compatible; MainWP/6.0.10; +http://mainwp.com)"
103.4.122.14 - - [25/Apr/2026:19:39:02 +0800] "POST /wp-admin/admin-ajax.php?action=elementor_1_elementor_updater&nonce=b409f05193 HTTP/1.1" 400 1 "-" "WordPress/6.9.4; https://memo.carmel.wa.edu.au"
103.4.122.13 - - [25/Apr/2026:19:39:01 +0800] "HEAD / HTTP/1.1" 200 - "https://wpmain.screwlooseit.com.au" "Mozilla/5.0 (compatible; MainWP/6.0.10; +http://mainwp.com)"
103.4.122.14 - - [25/Apr/2026:19:44:06 +0800] "POST /wp-cron.php?doing_wp_cron=1777117446.5325679779052734375000 HTTP/1.1" 200 - "-" "WordPress/6.9.4; https://memo.carmel.wa.edu.au"
103.4.122.13 - - [25/Apr/2026:19:44:04 +0800] "GET / HTTP/1.1" 200 29417 "https://wpmain.screwlooseit.com.au" "Mozilla/5.0 (compatible; MainWP/6.0.10; +http://mainwp.com)"
103.4.122.13 - - [25/Apr/2026:19:48:17 +0800] "GET / HTTP/1.1" 200 29417 "https://wpmain.screwlooseit.com.au" "Mozilla/5.0 (compatible; MainWP/6.0.10; +http://mainwp.com)"
103.4.122.13 - - [25/Apr/2026:19:52:30 +0800] "GET / HTTP/1.1" 200 29417 "https://wpmain.screwlooseit.com.au" "Mozilla/5.0 (compatible; MainWP/6.0.10; +http://mainwp.com)"
74.7.241.174 - - [25/Apr/2026:21:18:25 +0800] "GET /robots.txt HTTP/1.1" 404 196 "-" "Mozilla/5.0 (Macintosh; Intel Mac OS X 10_15_7) AppleWebKit/537.36 (KHTML, like Gecko) Chrome/131.0.0.0 Safari/537.36; compatible; OAI-SearchBot/1.3; robots.txt; +https://openai.com/searchbot"
103.4.122.14 - - [25/Apr/2026:22:25:07 +0800] "POST /wp-cron.php?doing_wp_cron=1777127107.1530020236968994140625 HTTP/1.1" 200 - "-" "WordPress/6.9.4; https://memo.carmel.wa.edu.au"
103.4.122.13 - - [25/Apr/2026:22:25:06 +0800] "GET / HTTP/1.1" 200 29417 "https://wpmain.screwlooseit.com.au" "Mozilla/5.0 (compatible; MainWP/6.0.10; +http://mainwp.com)"
173.252.87.36 - - [25/Apr/2026:22:53:27 +0800] "GET /robots.txt HTTP/1.1" 404 196 "-" "facebookexternalhit/1.1 (+http://www.facebook.com/externalhit_uatext.php)"
103.4.122.13 - - [26/Apr/2026:07:40:23 +0800] "GET /wp-cron.php HTTP/1.1" 200 - "-" "WordPress/6.9.4; https://wpmain.screwlooseit.com.au"
51.161.117.166 - - [26/Apr/2026:09:13:04 +0800] "GET /blog-verify HTTP/1.1" 404 196 "-" "Mozilla/5.0 (Macintosh; Intel Mac OS X 10_15_7) AppleWebKit/537.36 (KHTML, like Gecko) Chrome/147.0.0.0 Safari/537.36"
103.4.122.14 - - [26/Apr/2026:09:26:22 +0800] "POST /wp-cron.php?doing_wp_cron=1777166782.7470579147338867187500 HTTP/1.1" 200 - "-" "WordPress/6.9.4; https://memo.carmel.wa.edu.au"
103.4.122.13 - - [26/Apr/2026:09:26:19 +0800] "GET / HTTP/1.1" 200 29417 "https://wpmain.screwlooseit.com.au" "Mozilla/5.0 (compatible; MainWP/6.0.10; +http://mainwp.com)"
103.4.122.14 - - [26/Apr/2026:10:05:30 +0800] "POST /wp-cron.php?doing_wp_cron=1777169129.7993879318237304687500 HTTP/1.1" 200 - "-" "WordPress/6.9.4; https://memo.carmel.wa.edu.au"
103.4.122.13 - - [26/Apr/2026:10:05:29 +0800] "GET /?login_required=1&user=ACS&mainwpsignature=WRFIcAFCF1NfNAfoQQPpCbEwKOidIGB6E0qHRIdlcYUK8rGpG%2BiEM%2FFrMH9S6jcX2iKVdmiBzEYNDayPh8yj3k3a%2BOR%2FUIxtcfKvbDw1gXTPrOJUClVXr2aVIiaV7KfhellZSFafKYK4lLhRv6w%2BRGLbGv7ygM7mqceXXyKTllFEPQukxj4E%2Bhd809jZB4qKc%2F%2BGlLgzvKIBi4fjY0I%2F34fD5vAC1I1TOH7kvfnlISgA%2BNpgIsEiTssj6PVyqXjNq2rNi4bbIAAJmdWidq3lB85NsyCUKOqxFfuH4m0A7ONuIeikzx77gyy9nRYZkKZLM0etuDcTH6sFjfzYoiIjzw%3D%3D&nonce=5212&where=plugins.php%3F_detect_plugins_updates%3Dyes&sign_algo=7 HTTP/1.1" 302 - "-" "WordPress/6.9.4; https://wpmain.screwlooseit.com.au"
103.4.122.13 - - [26/Apr/2026:10:05:30 +0800] "GET /wp-admin/plugins.php?_detect_plugins_updates=yes HTTP/1.1" 200 21354 "-" "WordPress/6.9.4; https://wpmain.screwlooseit.com.au"
103.4.122.13 - - [26/Apr/2026:10:05:32 +0800] "POST /wp-admin/admin-ajax.php HTTP/1.1" 200 178905 "https://wpmain.screwlooseit.com.au" "Mozilla/5.0 (compatible; MainWP/6.0.10; +http://mainwp.com)"
103.4.122.14 - - [26/Apr/2026:10:05:37 +0800] "GET / HTTP/1.1" 200 7224 "-" "WordPress/6.9.4; https://memo.carmel.wa.edu.au"
103.4.122.13 - - [26/Apr/2026:10:05:36 +0800] "POST /wp-admin/admin-ajax.php HTTP/1.1" 200 21 "https://wpmain.screwlooseit.com.au" "Mozilla/5.0 (compatible; MainWP/6.0.10; +http://mainwp.com)"
143.198.139.193 - - [26/Apr/2026:10:33:04 +0800] "GET /.git/config HTTP/1.1" 403 199 "-" "Mozilla/5.0 (iPhone; CPU iPhone OS 12_1_2 like Mac OS X) AppleWebKit/605.1.15 (KHTML, like Gecko) Version/12.0 Mobile/15E148 Safari/604.1"
103.4.122.14 - - [26/Apr/2026:12:17:57 +0800] "POST /wp-cron.php?doing_wp_cron=1777177077.1378788948059082031250 HTTP/1.1" 200 - "-" "WordPress/6.9.4; https://memo.carmel.wa.edu.au"
103.4.122.13 - - [26/Apr/2026:12:17:56 +0800] "GET / HTTP/1.1" 200 29417 "https://wpmain.screwlooseit.com.au" "Mozilla/5.0 (compatible; MainWP/6.0.10; +http://mainwp.com)"
103.4.122.14 - - [26/Apr/2026:14:25:24 +0800] "POST /wp-cron.php?doing_wp_cron=1777184724.8802640438079833984375 HTTP/1.1" 200 - "-" "WordPress/6.9.4; https://memo.carmel.wa.edu.au"
207.90.244.23 - - [26/Apr/2026:14:25:23 +0800] "GET / HTTP/1.1" 200 29417 "-" "Mozilla/5.0 (X11; Linux x86_64) AppleWebKit/537.36 (KHTML, like Gecko) Chrome/98.0.4758.102 Safari/537.36"
207.90.244.23 - - [26/Apr/2026:14:25:52 +0800] "GET /robots.txt HTTP/1.1" 404 196 "-" "-"
207.90.244.23 - - [26/Apr/2026:14:25:54 +0800] "GET /sitemap.xml HTTP/1.1" 404 196 "-" "-"
207.90.244.23 - - [26/Apr/2026:14:25:56 +0800] "GET /.well-known/security.txt HTTP/1.1" 404 196 "-" "-"
207.90.244.23 - - [26/Apr/2026:14:26:00 +0800] "GET /favicon.ico HTTP/1.1" 404 196 "-" "Mozilla/5.0 (Windows NT 10.0; Win64; x64) AppleWebKit/537.36 (KHTML, like Gecko) Chrome/102.0.5005.63 Safari/537.36"
103.4.122.14 - - [26/Apr/2026:17:11:55 +0800] "POST /wp-cron.php?doing_wp_cron=1777194715.2923250198364257812500 HTTP/1.1" 200 - "-" "WordPress/6.9.4; http://memo.carmel.wa.edu.au"
207.90.244.24 - - [26/Apr/2026:17:11:54 +0800] "GET / HTTP/1.1" 200 29385 "-" "Mozilla/5.0 (Windows NT 6.1) AppleWebKit/537.36 (KHTML, like Gecko) Chrome/41.0.2228.0 Safari/537.36"
207.90.244.24 - - [26/Apr/2026:17:11:56 +0800] "GET /robots.txt HTTP/1.1" 404 196 "-" "-"
207.90.244.24 - - [26/Apr/2026:17:11:58 +0800] "GET /sitemap.xml HTTP/1.1" 404 196 "-" "-"
207.90.244.24 - - [26/Apr/2026:17:12:00 +0800] "GET /.well-known/security.txt HTTP/1.1" 404 196 "-" "-"
207.90.244.24 - - [26/Apr/2026:17:12:04 +0800] "GET /favicon.ico HTTP/1.1" 404 196 "-" "Mozilla/5.0 (Windows NT 10.0; Win64; x64) AppleWebKit/537.36 (KHTML, like Gecko) Chrome/102.0.5005.63 Safari/537.36"
69.171.231.3 - - [26/Apr/2026:19:48:45 +0800] "GET /robots.txt HTTP/1.1" 404 196 "-" "facebookexternalhit/1.1 (+http://www.facebook.com/externalhit_uatext.php)"
74.7.241.174 - - [26/Apr/2026:20:55:34 +0800] "GET /robots.txt HTTP/1.1" 404 196 "-" "Mozilla/5.0 (Macintosh; Intel Mac OS X 10_15_7) AppleWebKit/537.36 (KHTML, like Gecko) Chrome/131.0.0.0 Safari/537.36; compatible; OAI-SearchBot/1.3; robots.txt; +https://openai.com/searchbot"
103.4.122.14 - - [26/Apr/2026:20:55:35 +0800] "POST /wp-cron.php?doing_wp_cron=1777208134.9445168972015380859375 HTTP/1.1" 200 - "-" "WordPress/6.9.4; https://memo.carmel.wa.edu.au"
74.7.241.56 - - [26/Apr/2026:20:55:33 +0800] "GET / HTTP/1.1" 200 7223 "-" "Mozilla/5.0 AppleWebKit/537.36 (KHTML, like Gecko; compatible; GPTBot/1.3; +https://openai.com/gptbot)"
74.7.241.56 - - [26/Apr/2026:20:55:36 +0800] "GET /wp-content/plugins/elementor/assets/js/frontend.min.js?ver=4.0.3 HTTP/1.1" 200 10339 "https://memo.carmel.wa.edu.au/" "Mozilla/5.0 AppleWebKit/537.36 (KHTML, like Gecko; compatible; GPTBot/1.3; +https://openai.com/gptbot)"
74.7.241.56 - - [26/Apr/2026:20:55:39 +0800] "GET /wp-content/uploads/elementor/css/post-10.css?ver=1777117698 HTTP/1.1" 200 398 "https://memo.carmel.wa.edu.au/" "Mozilla/5.0 AppleWebKit/537.36 (KHTML, like Gecko; compatible; GPTBot/1.3; +https://openai.com/gptbot)"
74.7.241.56 - - [26/Apr/2026:20:55:41 +0800] "GET /?feed=rss2 HTTP/1.1" 200 748 "https://memo.carmel.wa.edu.au/" "Mozilla/5.0 AppleWebKit/537.36 (KHTML, like Gecko; compatible; GPTBot/1.3; +https://openai.com/gptbot)"
74.7.241.56 - - [26/Apr/2026:20:55:44 +0800] "GET /?feed=comments-rss2 HTTP/1.1" 200 749 "https://memo.carmel.wa.edu.au/" "Mozilla/5.0 AppleWebKit/537.36 (KHTML, like Gecko; compatible; GPTBot/1.3; +https://openai.com/gptbot)"
74.7.241.56 - - [26/Apr/2026:20:55:46 +0800] "GET /wp-content/plugins/elementor/assets/css/widget-image.min.css?ver=4.0.3 HTTP/1.1" 200 135 "https://memo.carmel.wa.edu.au/" "Mozilla/5.0 AppleWebKit/537.36 (KHTML, like Gecko; compatible; GPTBot/1.3; +https://openai.com/gptbot)"
74.7.241.56 - - [26/Apr/2026:20:55:47 +0800] "GET /wp-content/plugins/elementor/assets/js/frontend-modules.min.js?ver=4.0.3 HTTP/1.1" 200 15970 "https://memo.carmel.wa.edu.au/" "Mozilla/5.0 AppleWebKit/537.36 (KHTML, like Gecko; compatible; GPTBot/1.3; +https://openai.com/gptbot)"
74.7.241.56 - - [26/Apr/2026:20:55:49 +0800] "GET /wp-content/plugins/elementor/assets/lib/animations/styles/e-animation-float.min.css?ver=4.0.3 HTTP/1.1" 200 139 "https://memo.carmel.wa.edu.au/" "Mozilla/5.0 AppleWebKit/537.36 (KHTML, like Gecko; compatible; GPTBot/1.3; +https://openai.com/gptbot)"
74.7.241.56 - - [26/Apr/2026:20:55:51 +0800] "GET /wp-content/plugins/elementor/assets/js/webpack.runtime.min.js?ver=4.0.3 HTTP/1.1" 200 2496 "https://memo.carmel.wa.edu.au/" "Mozilla/5.0 AppleWebKit/537.36 (KHTML, like Gecko; compatible; GPTBot/1.3; +https://openai.com/gptbot)"
74.7.241.56 - - [26/Apr/2026:20:55:52 +0800] "GET /wp-content/plugins/elementor/assets/css/frontend.min.css?ver=4.0.3 HTTP/1.1" 200 7271 "https://memo.carmel.wa.edu.au/" "Mozilla/5.0 AppleWebKit/537.36 (KHTML, like Gecko; compatible; GPTBot/1.3; +https://openai.com/gptbot)"
74.7.241.56 - - [26/Apr/2026:20:55:53 +0800] "GET /wp-content/themes/hello-elementor/assets/css/header-footer.css?ver=3.4.7 HTTP/1.1" 200 1423 "https://memo.carmel.wa.edu.au/" "Mozilla/5.0 AppleWebKit/537.36 (KHTML, like Gecko; compatible; GPTBot/1.3; +https://openai.com/gptbot)"
74.7.241.56 - - [26/Apr/2026:20:55:54 +0800] "GET /wp-content/themes/hello-elementor/assets/css/theme.css?ver=3.4.7 HTTP/1.1" 200 1271 "https://memo.carmel.wa.edu.au/" "Mozilla/5.0 AppleWebKit/537.36 (KHTML, like Gecko; compatible; GPTBot/1.3; +https://openai.com/gptbot)"
74.7.241.56 - - [26/Apr/2026:20:55:55 +0800] "GET /wp-content/themes/hello-elementor/assets/css/reset.css?ver=3.4.7 HTTP/1.1" 200 1792 "https://memo.carmel.wa.edu.au/" "Mozilla/5.0 AppleWebKit/537.36 (KHTML, like Gecko; compatible; GPTBot/1.3; +https://openai.com/gptbot)"
74.7.241.56 - - [26/Apr/2026:20:55:56 +0800] "GET /wp-content/plugins/elementor/assets/css/widget-heading.min.css?ver=4.0.3 HTTP/1.1" 200 160 "https://memo.carmel.wa.edu.au/" "Mozilla/5.0 AppleWebKit/537.36 (KHTML, like Gecko; compatible; GPTBot/1.3; +https://openai.com/gptbot)"
74.7.241.56 - - [26/Apr/2026:20:55:57 +0800] "GET /wp-content/uploads/elementor/css/post-14.css?ver=1777117698 HTTP/1.1" 200 782 "https://memo.carmel.wa.edu.au/" "Mozilla/5.0 AppleWebKit/537.36 (KHTML, like Gecko; compatible; GPTBot/1.3; +https://openai.com/gptbot)"
66.249.68.3 - - [26/Apr/2026:21:21:58 +0800] "GET /robots.txt HTTP/1.1" 404 196 "-" "Mozilla/5.0 (compatible; Googlebot/2.1; +http://www.google.com/bot.html)"
103.4.122.14 - - [26/Apr/2026:22:58:51 +0800] "POST /wp-cron.php?doing_wp_cron=1777215531.7997589111328125000000 HTTP/1.1" 200 - "-" "WordPress/6.9.4; https://memo.carmel.wa.edu.au"
167.99.168.123 - - [26/Apr/2026:22:58:50 +0800] "GET / HTTP/1.1" 200 29417 "-" "Mozilla/5.0 (X11; Linux x86_64) AppleWebKit/537.36 (KHTML, like Gecko) Chrome/98.0.4758.102 Safari/537.36"
167.99.168.123 - - [26/Apr/2026:22:59:22 +0800] "GET /robots.txt HTTP/1.1" 404 196 "-" "-"
167.99.168.123 - - [26/Apr/2026:22:59:24 +0800] "GET /sitemap.xml HTTP/1.1" 404 196 "-" "-"
167.99.168.123 - - [26/Apr/2026:22:59:26 +0800] "GET /.well-known/security.txt HTTP/1.1" 404 196 "-" "-"
167.99.168.123 - - [26/Apr/2026:22:59:29 +0800] "GET /favicon.ico HTTP/1.1" 404 196 "-" "Mozilla/5.0 (Windows NT 10.0; Win64; x64) AppleWebKit/537.36 (KHTML, like Gecko) Chrome/102.0.5005.63 Safari/537.36"
103.4.122.14 - - [26/Apr/2026:23:01:52 +0800] "POST /wp-cron.php?doing_wp_cron=1777215712.4966549873352050781250 HTTP/1.1" 200 - "-" "WordPress/6.9.4; https://memo.carmel.wa.edu.au"
103.4.122.13 - - [26/Apr/2026:23:01:51 +0800] "GET / HTTP/1.1" 200 29417 "https://wpmain.screwlooseit.com.au" "Mozilla/5.0 (compatible; MainWP/6.0.10; +http://mainwp.com)"
103.4.122.14 - - [27/Apr/2026:01:43:11 +0800] "POST /wp-cron.php?doing_wp_cron=1777225391.3640699386596679687500 HTTP/1.1" 200 - "-" "WordPress/6.9.4; http://memo.carmel.wa.edu.au"
167.99.168.123 - - [27/Apr/2026:01:43:10 +0800] "GET / HTTP/1.1" 200 29385 "-" "Mozilla/5.0 (Windows NT 6.1) AppleWebKit/537.36 (KHTML, like Gecko) Chrome/41.0.2228.0 Safari/537.36"
167.99.168.123 - - [27/Apr/2026:01:43:12 +0800] "GET /robots.txt HTTP/1.1" 404 196 "-" "-"
167.99.168.123 - - [27/Apr/2026:01:43:13 +0800] "GET /sitemap.xml HTTP/1.1" 404 196 "-" "-"
167.99.168.123 - - [27/Apr/2026:01:43:14 +0800] "GET /.well-known/security.txt HTTP/1.1" 404 196 "-" "-"
167.99.168.123 - - [27/Apr/2026:01:43:16 +0800] "GET /favicon.ico HTTP/1.1" 404 196 "-" "Mozilla/5.0 (Windows NT 10.0; Win64; x64) AppleWebKit/537.36 (KHTML, like Gecko) Chrome/102.0.5005.63 Safari/537.36"
17.246.15.64 - - [27/Apr/2026:03:32:03 +0800] "GET /robots.txt HTTP/1.1" 404 196 "-" "Mozilla/5.0 (Macintosh; Intel Mac OS X 10_15_7) AppleWebKit/605.1.15 (KHTML, like Gecko) Version/17.4 Safari/605.1.15 (Applebot/0.1; +http://www.apple.com/go/applebot)"
103.4.122.14 - - [27/Apr/2026:05:53:07 +0800] "POST /wp-cron.php?doing_wp_cron=1777240387.0764551162719726562500 HTTP/1.1" 200 - "-" "WordPress/6.9.4; https://memo.carmel.wa.edu.au"
207.90.244.15 - - [27/Apr/2026:05:53:05 +0800] "GET / HTTP/1.1" 200 29417 "-" "Mozilla/5.0 (X11; Linux x86_64) AppleWebKit/537.36 (KHTML, like Gecko) Chrome/98.0.4758.102 Safari/537.36"
207.90.244.15 - - [27/Apr/2026:05:53:30 +0800] "GET /robots.txt HTTP/1.1" 404 196 "-" "-"
207.90.244.15 - - [27/Apr/2026:05:53:32 +0800] "GET /sitemap.xml HTTP/1.1" 404 196 "-" "-"
207.90.244.15 - - [27/Apr/2026:05:53:34 +0800] "GET /.well-known/security.txt HTTP/1.1" 404 196 "-" "-"
207.90.244.15 - - [27/Apr/2026:05:53:42 +0800] "GET /favicon.ico HTTP/1.1" 404 196 "-" "Mozilla/5.0 (Windows NT 10.0; Win64; x64) AppleWebKit/537.36 (KHTML, like Gecko) Chrome/102.0.5005.63 Safari/537.36"
207.90.244.15 - - [27/Apr/2026:06:07:16 +0800] "GET / HTTP/1.1" 200 29385 "-" "Mozilla/5.0 (Windows NT 6.1) AppleWebKit/537.36 (KHTML, like Gecko) Chrome/41.0.2228.0 Safari/537.36"
207.90.244.15 - - [27/Apr/2026:06:07:18 +0800] "GET /robots.txt HTTP/1.1" 404 196 "-" "-"
207.90.244.15 - - [27/Apr/2026:06:07:20 +0800] "GET /.well-known/security.txt HTTP/1.1" 404 196 "-" "-"
207.90.244.15 - - [27/Apr/2026:06:07:19 +0800] "GET /sitemap.xml HTTP/1.1" 404 196 "-" "-"
207.90.244.15 - - [27/Apr/2026:06:07:23 +0800] "GET /favicon.ico HTTP/1.1" 404 196 "-" "Mozilla/5.0 (Windows NT 10.0; Win64; x64) AppleWebKit/537.36 (KHTML, like Gecko) Chrome/102.0.5005.63 Safari/537.36"
103.4.122.14 - - [27/Apr/2026:07:18:48 +0800] "POST /wp-cron.php?doing_wp_cron=1777245528.9065940380096435546875 HTTP/1.1" 200 - "-" "WordPress/6.9.4; https://memo.carmel.wa.edu.au"
51.161.117.166 - - [27/Apr/2026:07:18:47 +0800] "GET /?wmo_hc=k7Hx9mQp2wRt HTTP/1.1" 200 29417 "-" "Mozilla/5.0 (Windows NT 10.0; Win64; x64) AppleWebKit/537.36 (KHTML, like Gecko) Chrome/147.0.0.0 Safari/537.36"
103.4.122.14 - - [27/Apr/2026:07:45:48 +0800] "POST /wp-cron.php?doing_wp_cron=1777247148.8452880382537841796875 HTTP/1.1" 200 - "-" "WordPress/6.9.4; http://memo.carmel.wa.edu.au"
103.253.27.23 - - [27/Apr/2026:07:45:47 +0800] "GET / HTTP/1.1" 200 29385 "-" "Mozilla/5.0 (Windows NT 10.0; Win64; x64) AppleWebKit/537.36 (KHTML, like Gecko) Chrome/79.0 Safari/537.36"
103.253.27.23 - - [27/Apr/2026:07:45:49 +0800] "GET / HTTP/1.1" 200 29385 "-" "Mozilla/5.0 (Windows NT 10.0; Win64; x64) AppleWebKit/537.36 (KHTML, like Gecko) Chrome/79.0 Safari/537.36"
103.253.27.23 - - [27/Apr/2026:07:45:49 +0800] "GET /wp-includes/wlwmanifest.xml HTTP/1.1" 404 196 "-" "Mozilla/5.0 (Windows NT 10.0; Win64; x64) AppleWebKit/537.36 (KHTML, like Gecko) Chrome/79.0 Safari/537.36"
103.253.27.23 - - [27/Apr/2026:07:45:50 +0800] "GET /xmlrpc.php?rsd HTTP/1.1" 200 848 "-" "Mozilla/5.0 (Windows NT 10.0; Win64; x64) AppleWebKit/537.36 (KHTML, like Gecko) Chrome/79.0 Safari/537.36"
103.253.27.23 - - [27/Apr/2026:07:45:50 +0800] "GET /wp-login.php HTTP/1.1" 200 5015 "-" "Mozilla/5.0 (Windows NT 10.0; Win64; x64) AppleWebKit/537.36 (KHTML, like Gecko) Chrome/79.0 Safari/537.36"
103.253.27.23 - - [27/Apr/2026:07:45:51 +0800] "GET /?author=1 HTTP/1.1" 200 21045 "-" "Mozilla/5.0 (Windows NT 10.0; Win64; x64) AppleWebKit/537.36 (KHTML, like Gecko) Chrome/79.0 Safari/537.36"
103.253.27.23 - - [27/Apr/2026:07:45:52 +0800] "GET /?author=2 HTTP/1.1" 200 20615 "-" "Mozilla/5.0 (Windows NT 10.0; Win64; x64) AppleWebKit/537.36 (KHTML, like Gecko) Chrome/79.0 Safari/537.36"
103.253.27.23 - - [27/Apr/2026:07:45:53 +0800] "GET /wp-json/wp/v2/users/ HTTP/1.1" 403 199 "-" "Mozilla/5.0 (Windows NT 10.0; Win64; x64) AppleWebKit/537.36 (KHTML, like Gecko) Chrome/79.0 Safari/537.36"
103.253.27.23 - - [27/Apr/2026:07:45:53 +0800] "GET /wp-json/oembed/1.0/embed?url=http://memo.carmel.wa.edu.au HTTP/1.1" 404 196 "-" "Mozilla/5.0 (Windows NT 10.0; Win64; x64) AppleWebKit/537.36 (KHTML, like Gecko) Chrome/79.0 Safari/537.36"
103.253.27.23 - - [27/Apr/2026:07:45:53 +0800] "POST /xmlrpc.php HTTP/1.1" 200 401 "-" "Mozilla/5.0 (Windows NT 10.0; Win64; x64) AppleWebKit/537.36 (KHTML, like Gecko) Chrome/79.0 Safari/537.36"
103.253.27.23 - - [27/Apr/2026:07:45:54 +0800] "POST /xmlrpc.php HTTP/1.1" 200 401 "-" "Mozilla/5.0 (Windows NT 10.0; Win64; x64) AppleWebKit/537.36 (KHTML, like Gecko) Chrome/79.0 Safari/537.36"
103.253.27.23 - - [27/Apr/2026:07:45:54 +0800] "POST /xmlrpc.php HTTP/1.1" 200 401 "-" "Mozilla/5.0 (Windows NT 10.0; Win64; x64) AppleWebKit/537.36 (KHTML, like Gecko) Chrome/79.0 Safari/537.36"
103.253.27.23 - - [27/Apr/2026:07:45:55 +0800] "POST /xmlrpc.php HTTP/1.1" 200 401 "-" "Mozilla/5.0 (Windows NT 10.0; Win64; x64) AppleWebKit/537.36 (KHTML, like Gecko) Chrome/79.0 Safari/537.36"
103.253.27.23 - - [27/Apr/2026:07:45:56 +0800] "POST /xmlrpc.php HTTP/1.1" 403 199 "-" "Mozilla/5.0 (Windows NT 10.0; Win64; x64) AppleWebKit/537.36 (KHTML, like Gecko) Chrome/79.0 Safari/537.36"
103.253.27.23 - - [27/Apr/2026:07:45:56 +0800] "POST /xmlrpc.php HTTP/1.1" 403 199 "-" "Mozilla/5.0 (Windows NT 10.0; Win64; x64) AppleWebKit/537.36 (KHTML, like Gecko) Chrome/79.0 Safari/537.36"
103.253.27.23 - - [27/Apr/2026:07:45:56 +0800] "POST /xmlrpc.php HTTP/1.1" 403 199 "-" "Mozilla/5.0 (Windows NT 10.0; Win64; x64) AppleWebKit/537.36 (KHTML, like Gecko) Chrome/79.0 Safari/537.36"
103.253.27.23 - - [27/Apr/2026:07:45:57 +0800] "POST /xmlrpc.php HTTP/1.1" 403 199 "-" "Mozilla/5.0 (Windows NT 10.0; Win64; x64) AppleWebKit/537.36 (KHTML, like Gecko) Chrome/79.0 Safari/537.36"
103.253.27.23 - - [27/Apr/2026:07:45:57 +0800] "POST /xmlrpc.php HTTP/1.1" 403 199 "-" "Mozilla/5.0 (Windows NT 10.0; Win64; x64) AppleWebKit/537.36 (KHTML, like Gecko) Chrome/79.0 Safari/537.36"
103.253.27.23 - - [27/Apr/2026:07:45:57 +0800] "POST /xmlrpc.php HTTP/1.1" 403 199 "-" "Mozilla/5.0 (Windows NT 10.0; Win64; x64) AppleWebKit/537.36 (KHTML, like Gecko) Chrome/79.0 Safari/537.36"
103.253.27.23 - - [27/Apr/2026:07:45:57 +0800] "POST /xmlrpc.php HTTP/1.1" 403 199 "-" "Mozilla/5.0 (Windows NT 10.0; Win64; x64) AppleWebKit/537.36 (KHTML, like Gecko) Chrome/79.0 Safari/537.36"
103.253.27.23 - - [27/Apr/2026:07:45:57 +0800] "POST /xmlrpc.php HTTP/1.1" 403 199 "-" "Mozilla/5.0 (Windows NT 10.0; Win64; x64) AppleWebKit/537.36 (KHTML, like Gecko) Chrome/79.0 Safari/537.36"
103.253.27.23 - - [27/Apr/2026:07:45:58 +0800] "POST /xmlrpc.php HTTP/1.1" 403 199 "-" "Mozilla/5.0 (Windows NT 10.0; Win64; x64) AppleWebKit/537.36 (KHTML, like Gecko) Chrome/79.0 Safari/537.36"
103.253.27.23 - - [27/Apr/2026:07:45:58 +0800] "POST /xmlrpc.php HTTP/1.1" 403 199 "-" "Mozilla/5.0 (Windows NT 10.0; Win64; x64) AppleWebKit/537.36 (KHTML, like Gecko) Chrome/79.0 Safari/537.36"
103.253.27.23 - - [27/Apr/2026:07:45:58 +0800] "POST /xmlrpc.php HTTP/1.1" 403 199 "-" "Mozilla/5.0 (Windows NT 10.0; Win64; x64) AppleWebKit/537.36 (KHTML, like Gecko) Chrome/79.0 Safari/537.36"
103.253.27.23 - - [27/Apr/2026:07:45:58 +0800] "POST /xmlrpc.php HTTP/1.1" 403 199 "-" "Mozilla/5.0 (Windows NT 10.0; Win64; x64) AppleWebKit/537.36 (KHTML, like Gecko) Chrome/79.0 Safari/537.36"
103.253.27.23 - - [27/Apr/2026:07:45:58 +0800] "POST /xmlrpc.php HTTP/1.1" 403 199 "-" "Mozilla/5.0 (Windows NT 10.0; Win64; x64) AppleWebKit/537.36 (KHTML, like Gecko) Chrome/79.0 Safari/537.36"
103.253.27.23 - - [27/Apr/2026:07:45:58 +0800] "POST /xmlrpc.php HTTP/1.1" 403 199 "-" "Mozilla/5.0 (Windows NT 10.0; Win64; x64) AppleWebKit/537.36 (KHTML, like Gecko) Chrome/79.0 Safari/537.36"
103.253.27.23 - - [27/Apr/2026:07:45:59 +0800] "POST /xmlrpc.php HTTP/1.1" 403 199 "-" "Mozilla/5.0 (Windows NT 10.0; Win64; x64) AppleWebKit/537.36 (KHTML, like Gecko) Chrome/79.0 Safari/537.36"
103.253.27.23 - - [27/Apr/2026:07:45:59 +0800] "POST /xmlrpc.php HTTP/1.1" 403 199 "-" "Mozilla/5.0 (Windows NT 10.0; Win64; x64) AppleWebKit/537.36 (KHTML, like Gecko) Chrome/79.0 Safari/537.36"
103.253.27.23 - - [27/Apr/2026:07:45:59 +0800] "POST /xmlrpc.php HTTP/1.1" 403 199 "-" "Mozilla/5.0 (Windows NT 10.0; Win64; x64) AppleWebKit/537.36 (KHTML, like Gecko) Chrome/79.0 Safari/537.36"
103.253.27.23 - - [27/Apr/2026:07:45:59 +0800] "POST /xmlrpc.php HTTP/1.1" 403 199 "-" "Mozilla/5.0 (Windows NT 10.0; Win64; x64) AppleWebKit/537.36 (KHTML, like Gecko) Chrome/79.0 Safari/537.36"
103.253.27.23 - - [27/Apr/2026:07:45:59 +0800] "POST /xmlrpc.php HTTP/1.1" 403 199 "-" "Mozilla/5.0 (Windows NT 10.0; Win64; x64) AppleWebKit/537.36 (KHTML, like Gecko) Chrome/79.0 Safari/537.36"
103.253.27.23 - - [27/Apr/2026:07:46:00 +0800] "POST /xmlrpc.php HTTP/1.1" 403 199 "-" "Mozilla/5.0 (Windows NT 10.0; Win64; x64) AppleWebKit/537.36 (KHTML, like Gecko) Chrome/79.0 Safari/537.36"
103.253.27.23 - - [27/Apr/2026:07:46:00 +0800] "POST /xmlrpc.php HTTP/1.1" 403 199 "-" "Mozilla/5.0 (Windows NT 10.0; Win64; x64) AppleWebKit/537.36 (KHTML, like Gecko) Chrome/79.0 Safari/537.36"
103.253.27.23 - - [27/Apr/2026:07:46:00 +0800] "POST /xmlrpc.php HTTP/1.1" 403 199 "-" "Mozilla/5.0 (Windows NT 10.0; Win64; x64) AppleWebKit/537.36 (KHTML, like Gecko) Chrome/79.0 Safari/537.36"
103.253.27.23 - - [27/Apr/2026:07:46:00 +0800] "POST /xmlrpc.php HTTP/1.1" 403 199 "-" "Mozilla/5.0 (Windows NT 10.0; Win64; x64) AppleWebKit/537.36 (KHTML, like Gecko) Chrome/79.0 Safari/537.36"
103.253.27.23 - - [27/Apr/2026:07:46:00 +0800] "POST /xmlrpc.php HTTP/1.1" 403 199 "-" "Mozilla/5.0 (Windows NT 10.0; Win64; x64) AppleWebKit/537.36 (KHTML, like Gecko) Chrome/79.0 Safari/537.36"
103.253.27.23 - - [27/Apr/2026:07:46:01 +0800] "POST /xmlrpc.php HTTP/1.1" 403 199 "-" "Mozilla/5.0 (Windows NT 10.0; Win64; x64) AppleWebKit/537.36 (KHTML, like Gecko) Chrome/79.0 Safari/537.36"
103.253.27.23 - - [27/Apr/2026:07:46:01 +0800] "POST /xmlrpc.php HTTP/1.1" 403 199 "-" "Mozilla/5.0 (Windows NT 10.0; Win64; x64) AppleWebKit/537.36 (KHTML, like Gecko) Chrome/79.0 Safari/537.36"
103.253.27.23 - - [27/Apr/2026:07:46:01 +0800] "POST /xmlrpc.php HTTP/1.1" 403 199 "-" "Mozilla/5.0 (Windows NT 10.0; Win64; x64) AppleWebKit/537.36 (KHTML, like Gecko) Chrome/79.0 Safari/537.36"
103.253.27.23 - - [27/Apr/2026:07:46:02 +0800] "POST /xmlrpc.php HTTP/1.1" 403 199 "-" "Mozilla/5.0 (Windows NT 10.0; Win64; x64) AppleWebKit/537.36 (KHTML, like Gecko) Chrome/79.0 Safari/537.36"
103.253.27.23 - - [27/Apr/2026:07:46:01 +0800] "POST /xmlrpc.php HTTP/1.1" 403 199 "-" "Mozilla/5.0 (Windows NT 10.0; Win64; x64) AppleWebKit/537.36 (KHTML, like Gecko) Chrome/79.0 Safari/537.36"
103.253.27.23 - - [27/Apr/2026:07:46:01 +0800] "POST /xmlrpc.php HTTP/1.1" 403 199 "-" "Mozilla/5.0 (Windows NT 10.0; Win64; x64) AppleWebKit/537.36 (KHTML, like Gecko) Chrome/79.0 Safari/537.36"
103.253.27.23 - - [27/Apr/2026:07:46:02 +0800] "POST /xmlrpc.php HTTP/1.1" 403 199 "-" "Mozilla/5.0 (Windows NT 10.0; Win64; x64) AppleWebKit/537.36 (KHTML, like Gecko) Chrome/79.0 Safari/537.36"
103.253.27.23 - - [27/Apr/2026:07:46:02 +0800] "POST /xmlrpc.php HTTP/1.1" 403 199 "-" "Mozilla/5.0 (Windows NT 10.0; Win64; x64) AppleWebKit/537.36 (KHTML, like Gecko) Chrome/79.0 Safari/537.36"
103.4.122.14 - - [27/Apr/2026:09:40:51 +0800] "POST /wp-cron.php?doing_wp_cron=1777254051.7317650318145751953125 HTTP/1.1" 200 - "-" "WordPress/6.9.4; https://memo.carmel.wa.edu.au"
54.217.83.13 - - [27/Apr/2026:09:40:50 +0800] "GET / HTTP/1.1" 200 7222 "-" "Mozilla/5.0 (Windows NT 10.0; Win64; x64) AppleWebKit/537.36 (KHTML, like Gecko) Chrome/119.0.0.0 Safari/537.36"
103.4.122.13 - - [27/Apr/2026:10:36:09 +0800] "GET /wp-cron.php HTTP/1.1" 200 - "-" "WordPress/6.9.4; https://wpmain.screwlooseit.com.au"
103.4.122.14 - - [27/Apr/2026:16:56:47 +0800] "POST /wp-cron.php?doing_wp_cron=1777280207.8317489624023437500000 HTTP/1.1" 200 - "-" "WordPress/6.9.4; https://memo.carmel.wa.edu.au"
103.4.122.13 - - [27/Apr/2026:16:56:46 +0800] "GET / HTTP/1.1" 200 29417 "https://wpmain.screwlooseit.com.au" "Mozilla/5.0 (compatible; MainWP/6.0.10; +http://mainwp.com)"
103.4.122.13 - - [27/Apr/2026:17:12:00 +0800] "GET /?login_required=1&user=ACS&mainwpsignature=RcVoRld8q3nMKrJyFyBuCg%2Fje8heQvQ7f%2BSwTwsR0DhU0FFpNWC9siDrfS3KOXUfTW6PtnvoXi2q1boGm3HF8GZnjG1nLz5rizvmuAXyLlMVApFzi%2FkxXCRzwAI9O2lCE7Dz3xiHVn44My%2BRUBpjN54VNl29tlUvRqf%2F7dNPVzCB6cj3%2B%2Fatw%2FdpSZZ%2FCRZl2FrhFb9pfLif9KfpcIGX3oPdsue%2Feh4ks89ESIEkomRrD8OxMaEiqPQIJJ5x4a1DpUiZ4ANTeLS2mfzKVd9xVUo%2Fhn%2F7ZCdNcce2JvlwaFP%2B1RUFP8rmUOUIbIXUAaw%2Fb4dhddtAWbDecwpQR4RVQw%3D%3D&nonce=2368&where=plugins.php%3F_detect_plugins_updates%3Dyes&sign_algo=7 HTTP/1.1" 302 - "-" "WordPress/6.9.4; https://wpmain.screwlooseit.com.au"
103.4.122.13 - - [27/Apr/2026:17:12:01 +0800] "GET /wp-admin/plugins.php?_detect_plugins_updates=yes HTTP/1.1" 200 21347 "-" "WordPress/6.9.4; https://wpmain.screwlooseit.com.au"
103.4.122.13 - - [27/Apr/2026:17:12:02 +0800] "POST /wp-admin/admin-ajax.php HTTP/1.1" 200 178897 "https://wpmain.screwlooseit.com.au" "Mozilla/5.0 (compatible; MainWP/6.0.10; +http://mainwp.com)"
103.4.122.14 - - [27/Apr/2026:17:12:05 +0800] "GET / HTTP/1.1" 200 7223 "-" "WordPress/6.9.4; https://memo.carmel.wa.edu.au"
103.4.122.13 - - [27/Apr/2026:17:12:05 +0800] "POST /wp-admin/admin-ajax.php HTTP/1.1" 200 21 "https://wpmain.screwlooseit.com.au" "Mozilla/5.0 (compatible; MainWP/6.0.10; +http://mainwp.com)"
103.4.122.13 - - [27/Apr/2026:17:28:28 +0800] "GET / HTTP/1.1" 200 29417 "https://wpmain.screwlooseit.com.au" "Mozilla/5.0 (compatible; MainWP/6.0.10; +http://mainwp.com)"
103.4.122.14 - - [27/Apr/2026:19:04:08 +0800] "POST /wp-cron.php?doing_wp_cron=1777287848.8685541152954101562500 HTTP/1.1" 200 - "-" "WordPress/6.9.4; https://memo.carmel.wa.edu.au"
207.90.244.23 - - [27/Apr/2026:19:04:07 +0800] "GET / HTTP/1.1" 200 29417 "-" "Mozilla/5.0 (X11; Linux x86_64) AppleWebKit/537.36 (KHTML, like Gecko) Chrome/98.0.4758.102 Safari/537.36"
207.90.244.23 - - [27/Apr/2026:19:04:40 +0800] "GET /robots.txt HTTP/1.1" 404 196 "-" "-"
207.90.244.23 - - [27/Apr/2026:19:04:43 +0800] "GET /sitemap.xml HTTP/1.1" 404 196 "-" "-"
207.90.244.23 - - [27/Apr/2026:19:04:45 +0800] "GET /.well-known/security.txt HTTP/1.1" 404 196 "-" "-"
207.90.244.23 - - [27/Apr/2026:19:04:49 +0800] "GET /favicon.ico HTTP/1.1" 404 196 "-" "Mozilla/5.0 (Windows NT 10.0; Win64; x64) AppleWebKit/537.36 (KHTML, like Gecko) Chrome/102.0.5005.63 Safari/537.36"
207.90.244.23 - - [27/Apr/2026:19:18:37 +0800] "GET / HTTP/1.1" 200 29385 "-" "Mozilla/5.0 (Windows NT 6.1) AppleWebKit/537.36 (KHTML, like Gecko) Chrome/41.0.2228.0 Safari/537.36"
207.90.244.23 - - [27/Apr/2026:19:18:39 +0800] "GET /robots.txt HTTP/1.1" 404 196 "-" "-"
207.90.244.23 - - [27/Apr/2026:19:18:42 +0800] "GET /sitemap.xml HTTP/1.1" 404 196 "-" "-"
207.90.244.23 - - [27/Apr/2026:19:18:43 +0800] "GET /.well-known/security.txt HTTP/1.1" 404 196 "-" "-"
207.90.244.23 - - [27/Apr/2026:19:18:46 +0800] "GET /favicon.ico HTTP/1.1" 404 196 "-" "Mozilla/5.0 (Windows NT 10.0; Win64; x64) AppleWebKit/537.36 (KHTML, like Gecko) Chrome/102.0.5005.63 Safari/537.36"
66.249.79.166 - - [27/Apr/2026:23:25:31 +0800] "GET /robots.txt HTTP/1.1" 404 196 "-" "Mozilla/5.0 (compatible; Googlebot/2.1; +http://www.google.com/bot.html)"
74.7.241.174 - - [28/Apr/2026:02:52:50 +0800] "GET /robots.txt HTTP/1.1" 404 196 "-" "Mozilla/5.0 (Macintosh; Intel Mac OS X 10_15_7) AppleWebKit/537.36 (KHTML, like Gecko) Chrome/131.0.0.0 Safari/537.36; compatible; OAI-SearchBot/1.3; robots.txt; +https://openai.com/searchbot"
103.4.122.14 - - [28/Apr/2026:09:59:33 +0800] "POST /wp-cron.php?doing_wp_cron=1777341573.4096910953521728515625 HTTP/1.1" 200 - "-" "WordPress/6.9.4; https://memo.carmel.wa.edu.au"
103.172.76.41 - - [28/Apr/2026:09:59:30 +0800] "GET / HTTP/1.1" 200 7223 "-" "Mozilla/5.0 (Windows NT 10.0; Win64; x64) AppleWebKit/537.36 (KHTML, like Gecko) Chrome/147.0.0.0 Safari/537.36 Edg/147.0.0.0"
52.208.151.205 - - [28/Apr/2026:10:30:12 +0800] "GET / HTTP/1.1" 200 7223 "-" "Mozilla/5.0 (Windows NT 10.0; Win64; x64) AppleWebKit/537.36 (KHTML, like Gecko) Chrome/119.0.0.0 Safari/537.36"
103.4.122.13 - - [28/Apr/2026:10:38:24 +0800] "GET /wp-cron.php HTTP/1.1" 200 - "-" "WordPress/6.9.4; https://wpmain.screwlooseit.com.au"
103.4.122.14 - - [28/Apr/2026:12:13:40 +0800] "POST /wp-cron.php?doing_wp_cron=1777349620.0326230525970458984375 HTTP/1.1" 200 - "-" "WordPress/6.9.4; http://memo.carmel.wa.edu.au"
167.172.118.68 - - [28/Apr/2026:12:13:39 +0800] "GET / HTTP/1.1" 200 29385 "-" "Mozilla/5.0 (Windows NT 6.1) AppleWebKit/537.36 (KHTML, like Gecko) Chrome/41.0.2228.0 Safari/537.36"
167.172.118.68 - - [28/Apr/2026:12:13:41 +0800] "GET /robots.txt HTTP/1.1" 404 196 "-" "-"
167.172.118.68 - - [28/Apr/2026:12:13:41 +0800] "GET /sitemap.xml HTTP/1.1" 404 196 "-" "-"
167.172.118.68 - - [28/Apr/2026:12:13:42 +0800] "GET /.well-known/security.txt HTTP/1.1" 404 196 "-" "-"
167.172.118.68 - - [28/Apr/2026:12:13:45 +0800] "GET /favicon.ico HTTP/1.1" 404 196 "-" "Mozilla/5.0 (Windows NT 10.0; Win64; x64) AppleWebKit/537.36 (KHTML, like Gecko) Chrome/102.0.5005.63 Safari/537.36"
103.4.122.14 - - [28/Apr/2026:12:35:55 +0800] "POST /wp-cron.php?doing_wp_cron=1777350955.0787189006805419921875 HTTP/1.1" 200 - "-" "WordPress/6.9.4; https://memo.carmel.wa.edu.au"
167.172.118.68 - - [28/Apr/2026:12:35:54 +0800] "GET / HTTP/1.1" 200 29417 "-" "Mozilla/5.0 (X11; Linux x86_64) AppleWebKit/537.36 (KHTML, like Gecko) Chrome/98.0.4758.102 Safari/537.36"
167.172.118.68 - - [28/Apr/2026:12:36:35 +0800] "GET /robots.txt HTTP/1.1" 404 196 "-" "-"
167.172.118.68 - - [28/Apr/2026:12:36:37 +0800] "GET /sitemap.xml HTTP/1.1" 404 196 "-" "-"
167.172.118.68 - - [28/Apr/2026:12:36:40 +0800] "GET /.well-known/security.txt HTTP/1.1" 404 196 "-" "-"
167.172.118.68 - - [28/Apr/2026:12:36:45 +0800] "GET /favicon.ico HTTP/1.1" 404 196 "-" "Mozilla/5.0 (Windows NT 10.0; Win64; x64) AppleWebKit/537.36 (KHTML, like Gecko) Chrome/102.0.5005.63 Safari/537.36"
103.4.122.14 - - [28/Apr/2026:14:20:12 +0800] "POST /wp-cron.php?doing_wp_cron=1777357212.4418299198150634765625 HTTP/1.1" 200 - "-" "WordPress/6.9.4; https://memo.carmel.wa.edu.au"
103.4.122.13 - - [28/Apr/2026:14:20:11 +0800] "GET / HTTP/1.1" 200 29417 "https://wpmain.screwlooseit.com.au" "Mozilla/5.0 (compatible; MainWP/6.0.10; +http://mainwp.com)"
103.4.122.14 - - [28/Apr/2026:14:32:31 +0800] "POST /wp-cron.php?doing_wp_cron=1777357951.4456179141998291015625 HTTP/1.1" 200 - "-" "WordPress/6.9.4; https://memo.carmel.wa.edu.au"
103.4.122.13 - - [28/Apr/2026:14:32:30 +0800] "GET / HTTP/1.1" 200 29417 "https://wpmain.screwlooseit.com.au" "Mozilla/5.0 (compatible; MainWP/6.0.10; +http://mainwp.com)"
103.4.122.13 - - [28/Apr/2026:14:35:01 +0800] "GET /?login_required=1&user=ACS&mainwpsignature=SK2D4lYYOOXXLqeUFZTUiB90e7JJcKBAQnYaYsXG2jU4tDt3kmFe5GEIz5u77uNHYk7xhB4apWLydcetd2WieXWaHNhVkyHC0aIG%2F74hiCE7Jfhojg8AAOWn71f%2BwksQ0o3sqLqd5K2ZM5PwFJKR7G2qAMnQCoRKnIIZsWZldU1qoU91kcm8kI5PrZapzsQio3Qx0gwPrsv2DtyytZOWfGvcRbGDbAqLlbdwLBPWNpzBr5%2B3TgEr%2BtRgsWm52SJE7LreHMwglvSDj9xemkWiJMSlQfPAi%2B75pZ6VbvnnaMjtKWCwzZ5Q6RDLshEc%2FCHQP2BVq0n7YYcfOAwBC%2FlSvA%3D%3D&nonce=1889&where=plugins.php%3F_detect_plugins_updates%3Dyes&sign_algo=7 HTTP/1.1" 302 - "-" "WordPress/6.9.4; https://wpmain.screwlooseit.com.au"
103.4.122.13 - - [28/Apr/2026:14:35:02 +0800] "GET /wp-admin/plugins.php?_detect_plugins_updates=yes HTTP/1.1" 200 21359 "-" "WordPress/6.9.4; https://wpmain.screwlooseit.com.au"
103.4.122.13 - - [28/Apr/2026:14:35:03 +0800] "POST /wp-admin/admin-ajax.php HTTP/1.1" 200 178865 "https://wpmain.screwlooseit.com.au" "Mozilla/5.0 (compatible; MainWP/6.0.10; +http://mainwp.com)"
103.4.122.14 - - [28/Apr/2026:14:35:06 +0800] "GET / HTTP/1.1" 200 7224 "-" "WordPress/6.9.4; https://memo.carmel.wa.edu.au"
103.4.122.13 - - [28/Apr/2026:14:35:06 +0800] "POST /wp-admin/admin-ajax.php HTTP/1.1" 200 21 "https://wpmain.screwlooseit.com.au" "Mozilla/5.0 (compatible; MainWP/6.0.10; +http://mainwp.com)"
207.90.244.24 - - [28/Apr/2026:14:38:19 +0800] "GET / HTTP/1.1" 200 29417 "-" "Mozilla/5.0 (X11; Linux x86_64) AppleWebKit/537.36 (KHTML, like Gecko) Chrome/98.0.4758.102 Safari/537.36"
207.90.244.24 - - [28/Apr/2026:14:38:46 +0800] "GET /robots.txt HTTP/1.1" 404 196 "-" "-"
207.90.244.24 - - [28/Apr/2026:14:38:49 +0800] "GET /sitemap.xml HTTP/1.1" 404 196 "-" "-"
207.90.244.24 - - [28/Apr/2026:14:38:51 +0800] "GET /.well-known/security.txt HTTP/1.1" 404 196 "-" "-"
207.90.244.24 - - [28/Apr/2026:14:38:55 +0800] "GET /favicon.ico HTTP/1.1" 404 196 "-" "Mozilla/5.0 (Windows NT 10.0; Win64; x64) AppleWebKit/537.36 (KHTML, like Gecko) Chrome/102.0.5005.63 Safari/537.36"
103.4.122.13 - - [28/Apr/2026:14:49:18 +0800] "GET / HTTP/1.1" 200 29417 "https://wpmain.screwlooseit.com.au" "Mozilla/5.0 (compatible; MainWP/6.0.10; +http://mainwp.com)"
207.90.244.24 - - [28/Apr/2026:15:02:37 +0800] "GET / HTTP/1.1" 200 29385 "-" "Mozilla/5.0 (Windows NT 6.1) AppleWebKit/537.36 (KHTML, like Gecko) Chrome/41.0.2228.0 Safari/537.36"
207.90.244.24 - - [28/Apr/2026:15:02:39 +0800] "GET /robots.txt HTTP/1.1" 404 196 "-" "-"
207.90.244.24 - - [28/Apr/2026:15:02:42 +0800] "GET /sitemap.xml HTTP/1.1" 404 196 "-" "-"
207.90.244.24 - - [28/Apr/2026:15:02:45 +0800] "GET /.well-known/security.txt HTTP/1.1" 404 196 "-" "-"
207.90.244.24 - - [28/Apr/2026:15:02:48 +0800] "GET /favicon.ico HTTP/1.1" 404 196 "-" "Mozilla/5.0 (Windows NT 10.0; Win64; x64) AppleWebKit/537.36 (KHTML, like Gecko) Chrome/102.0.5005.63 Safari/537.36"
103.4.122.13 - - [28/Apr/2026:15:26:38 +0800] "GET / HTTP/1.1" 200 29417 "https://wpmain.screwlooseit.com.au" "Mozilla/5.0 (compatible; MainWP/6.0.10; +http://mainwp.com)"
103.4.122.14 - - [28/Apr/2026:17:38:32 +0800] "POST /wp-cron.php?doing_wp_cron=1777369112.0182800292968750000000 HTTP/1.1" 200 - "-" "WordPress/6.9.4; http://memo.carmel.wa.edu.au"
136.124.34.114 - - [28/Apr/2026:17:38:31 +0800] "GET / HTTP/1.1" 200 7224 "-" "Mozilla/5.0 (Windows NT 10.0; Win64; x64) AppleWebKit/537.36 (KHTML, like Gecko) Chrome/58.0.3029.110 Safari/537.36 Edge/16.16299"
136.124.32.206 - - [28/Apr/2026:17:38:33 +0800] "GET /wp-includes/js/jquery/ui/core.min.js?ver=1.13.3 HTTP/1.1" 200 7106 "-" "Mozilla/5.0 (Windows NT 10.0; Win64; x64) AppleWebKit/537.36 (KHTML, like Gecko) Chrome/83.0.4103.97 Safari/537.36"
136.124.32.206 - - [28/Apr/2026:17:38:33 +0800] "GET /wp-content/themes/hello-elementor/assets/js/hello-frontend.js?ver=3.4.7 HTTP/1.1" 200 549 "-" "Mozilla/5.0 (Linux x86_64; rv:77.0) Gecko/20100101 Firefox/77.0"
136.124.32.206 - - [28/Apr/2026:17:38:33 +0800] "GET /wp-content/plugins/elementor/assets/js/webpack.runtime.min.js?ver=4.0.2 HTTP/1.1" 200 2496 "-" "Mozilla/5.0 (Windows NT 10.0; Win64; x64) AppleWebKit/537.36 (KHTML, like Gecko) Chrome/83.0.4103.97 Safari/537.36"
136.124.32.206 - - [28/Apr/2026:17:38:33 +0800] "GET /wp-includes/js/jquery/jquery.min.js?ver=3.7.1 HTTP/1.1" 200 30368 "-" "Mozilla/5.0 (Windows NT 10.0; Win64; x64) AppleWebKit/537.36 (KHTML, like Gecko) Chrome/83.0.4103.97 Safari/537.36"
136.124.32.206 - - [28/Apr/2026:17:38:33 +0800] "GET /wp-content/plugins/elementor/assets/js/frontend.min.js?ver=4.0.2 HTTP/1.1" 200 10339 "-" "Mozilla/5.0 (Windows NT 10.0; Win64; x64; rv:77.0) Gecko/20100101 Firefox/77.0"
136.124.32.206 - - [28/Apr/2026:17:38:33 +0800] "GET /wp-content/plugins/elementor/assets/js/frontend-modules.min.js?ver=4.0.2 HTTP/1.1" 200 15970 "-" "Mozilla/5.0 (Macintosh; Intel Mac OS X 10_15_5) AppleWebKit/537.36 (KHTML, like Gecko) Chrome/83.0.4103.97 Safari/537.36"
136.124.32.206 - - [28/Apr/2026:17:38:33 +0800] "GET /wp-includes/js/jquery/jquery-migrate.min.js?ver=3.4.1 HTTP/1.1" 200 4872 "-" "Mozilla/5.0 (Windows NT 10.0) AppleWebKit/537.36 (KHTML, like Gecko) Chrome/83.0.4103.97 Safari/537.36"
136.124.34.114 - - [28/Apr/2026:17:38:33 +0800] "GET / HTTP/1.1" 200 7224 "-" "Mozilla/5.0 (Windows NT 10.0; Win64; x64) AppleWebKit/537.36 (KHTML, like Gecko) Chrome/66.0.3359.139 Safari/537.36"
136.124.34.114 - - [28/Apr/2026:17:38:35 +0800] "GET / HTTP/1.1" 200 7223 "-" "Mozilla/5.0 (Windows NT 10.0; Win64; x64) AppleWebKit/537.36 (KHTML, like Gecko) Chrome/58.0.3029.110 Safari/537.36 Edge/16.16299"
136.124.34.114 - - [28/Apr/2026:17:38:37 +0800] "GET / HTTP/1.1" 200 7223 "-" "Mozilla/5.0 (Macintosh; Intel Mac OS X 10_13_4) AppleWebKit/605.1.15 (KHTML, like Gecko) Version/11.1 Safari/605.1.15"
172.98.168.155 - - [28/Apr/2026:17:38:40 +0800] "GET /wp-json/wp/v2/users HTTP/1.1" 403 199 "-" "Mozilla/5.0 (Macintosh; Intel Mac OS X 10_15_5) AppleWebKit/537.36 (KHTML, like Gecko) Chrome/83.0.4103.97 Safari/537.36"
103.75.230.29 - - [28/Apr/2026:17:38:43 +0800] "OPTIONS / HTTP/1.1" 200 7223 "-" "python-requests/2.31.0"
34.34.240.26 - - [28/Apr/2026:17:38:44 +0800] "GET / HTTP/1.1" 200 29417 "-" "TLS tester from https://testssl.sh/"
172.98.168.137 - - [28/Apr/2026:17:38:45 +0800] "GET /wp-json/wp/v2/users HTTP/1.1" 403 199 "-" "Mozilla/5.0 (Windows NT 10.0) AppleWebKit/537.36 (KHTML, like Gecko) Chrome/83.0.4103.97 Safari/537.36"
198.105.122.148 - - [28/Apr/2026:17:38:47 +0800] "OPTIONS / HTTP/1.1" 200 7224 "-" "python-requests/2.31.0"
34.34.240.26 - - [28/Apr/2026:17:39:59 +0800] "GET / HTTP/1.1" 200 29417 "-" "TLS tester from https://testssl.sh/"
34.34.240.26 - - [28/Apr/2026:17:40:02 +0800] "GET / HTTP/1.1" 200 29417 "-" "TLS tester from https://testssl.sh/"
34.34.240.26 - - [28/Apr/2026:17:40:32 +0800] "GET / HTTP/1.1" 200 7223 "https://google.com/" "TLS tester from https://testssl.sh/"
94.19.10.143 - - [28/Apr/2026:18:22:23 +0800] "GET /wp-content/plugins/wp-automatic/css/wp-automatic.css HTTP/1.1" 404 196 "-" "Mozilla/5.0 (Windows NT 6.3; WOW64) AppleWebKit/537.36 (KHTML, like Gecko) Chrome/49.0.2644.82 Safari/537.36"
51.89.19.199 - - [28/Apr/2026:18:52:58 +0800] "GET /blog-verify HTTP/1.1" 404 196 "-" "Mozilla/5.0 (Windows NT 10.0; Win64; x64) AppleWebKit/537.36 (KHTML, like Gecko) Chrome/147.0.0.0 Safari/537.36"
51.89.19.199 - - [28/Apr/2026:18:53:00 +0800] "GET /wp-includes/.cache_key HTTP/1.1" 404 196 "-" "Mozilla/5.0 (Windows NT 10.0; Win64; x64) AppleWebKit/537.36 (KHTML, like Gecko) Chrome/147.0.0.0 Safari/537.36"
103.4.122.14 - - [28/Apr/2026:18:55:11 +0800] "POST /wp-cron.php?doing_wp_cron=1777373711.5151770114898681640625 HTTP/1.1" 200 - "-" "WordPress/6.9.4; https://memo.carmel.wa.edu.au"
51.89.19.199 - - [28/Apr/2026:18:55:10 +0800] "GET /?wmo_hc=k7Hx9mQp2wRt HTTP/1.1" 200 29417 "-" "Mozilla/5.0 (X11; Linux x86_64) AppleWebKit/537.36 (KHTML, like Gecko) Chrome/147.0.0.0 Safari/537.36"
173.252.82.24 - - [28/Apr/2026:21:56:00 +0800] "GET /robots.txt HTTP/1.1" 404 196 "-" "facebookexternalhit/1.1 (+http://www.facebook.com/externalhit_uatext.php)"
103.4.122.14 - - [28/Apr/2026:21:56:07 +0800] "POST /wp-cron.php?doing_wp_cron=1777384567.8275959491729736328125 HTTP/1.1" 200 - "-" "WordPress/6.9.4; https://memo.carmel.wa.edu.au"
57.141.14.101 - - [28/Apr/2026:21:56:06 +0800] "GET / HTTP/1.1" 200 29417 "-" "meta-externalagent/1.1 (+https://developers.facebook.com/docs/sharing/webmasters/crawler)"
74.7.241.174 - - [28/Apr/2026:22:16:31 +0800] "GET /robots.txt HTTP/1.1" 404 196 "-" "Mozilla/5.0 (Macintosh; Intel Mac OS X 10_15_7) AppleWebKit/537.36 (KHTML, like Gecko) Chrome/131.0.0.0 Safari/537.36; compatible; OAI-SearchBot/1.3; robots.txt; +https://openai.com/searchbot"
74.7.241.56 - - [28/Apr/2026:22:16:31 +0800] "GET / HTTP/1.1" 200 7222 "-" "Mozilla/5.0 AppleWebKit/537.36 (KHTML, like Gecko; compatible; GPTBot/1.3; +https://openai.com/gptbot)"
74.7.241.56 - - [28/Apr/2026:22:16:34 +0800] "GET /?feed=comments-rss2 HTTP/1.1" 200 749 "https://memo.carmel.wa.edu.au/" "Mozilla/5.0 AppleWebKit/537.36 (KHTML, like Gecko; compatible; GPTBot/1.3; +https://openai.com/gptbot)"
74.7.241.56 - - [28/Apr/2026:22:16:37 +0800] "GET /?feed=rss2 HTTP/1.1" 200 748 "https://memo.carmel.wa.edu.au/" "Mozilla/5.0 AppleWebKit/537.36 (KHTML, like Gecko; compatible; GPTBot/1.3; +https://openai.com/gptbot)"
167.99.168.123 - - [28/Apr/2026:22:20:21 +0800] "GET / HTTP/1.1" 200 29385 "-" "Mozilla/5.0 (Windows NT 6.1) AppleWebKit/537.36 (KHTML, like Gecko) Chrome/41.0.2228.0 Safari/537.36"
167.99.168.123 - - [28/Apr/2026:22:20:23 +0800] "GET /robots.txt HTTP/1.1" 404 196 "-" "-"
167.99.168.123 - - [28/Apr/2026:22:20:24 +0800] "GET /sitemap.xml HTTP/1.1" 404 196 "-" "-"
167.99.168.123 - - [28/Apr/2026:22:20:26 +0800] "GET /.well-known/security.txt HTTP/1.1" 404 196 "-" "-"
167.99.168.123 - - [28/Apr/2026:22:20:29 +0800] "GET /favicon.ico HTTP/1.1" 404 196 "-" "Mozilla/5.0 (Windows NT 10.0; Win64; x64) AppleWebKit/537.36 (KHTML, like Gecko) Chrome/102.0.5005.63 Safari/537.36"
103.4.122.14 - - [28/Apr/2026:22:41:13 +0800] "POST /wp-cron.php?doing_wp_cron=1777387273.5540690422058105468750 HTTP/1.1" 200 - "-" "WordPress/6.9.4; https://memo.carmel.wa.edu.au"
167.99.168.123 - - [28/Apr/2026:22:41:12 +0800] "GET / HTTP/1.1" 200 29417 "-" "Mozilla/5.0 (X11; Linux x86_64) AppleWebKit/537.36 (KHTML, like Gecko) Chrome/98.0.4758.102 Safari/537.36"
167.99.168.123 - - [28/Apr/2026:22:41:32 +0800] "GET /robots.txt HTTP/1.1" 404 196 "-" "-"
167.99.168.123 - - [28/Apr/2026:22:41:34 +0800] "GET /sitemap.xml HTTP/1.1" 404 196 "-" "-"
167.99.168.123 - - [28/Apr/2026:22:41:36 +0800] "GET /.well-known/security.txt HTTP/1.1" 404 196 "-" "-"
167.99.168.123 - - [28/Apr/2026:22:41:39 +0800] "GET /favicon.ico HTTP/1.1" 404 196 "-" "Mozilla/5.0 (Windows NT 10.0; Win64; x64) AppleWebKit/537.36 (KHTML, like Gecko) Chrome/102.0.5005.63 Safari/537.36"
103.4.122.14 - - [29/Apr/2026:01:53:52 +0800] "POST /wp-cron.php?doing_wp_cron=1777398832.6202020645141601562500 HTTP/1.1" 200 - "-" "WordPress/6.9.4; https://memo.carmel.wa.edu.au"
178.128.8.21 - - [29/Apr/2026:01:53:51 +0800] "GET / HTTP/1.1" 200 29417 "-" "Mozilla/5.0 (X11; Linux x86_64) AppleWebKit/537.36 (KHTML, like Gecko) Chrome/98.0.4758.102 Safari/537.36"
103.4.122.14 - - [29/Apr/2026:04:02:31 +0800] "POST /wp-cron.php?doing_wp_cron=1777406551.8628509044647216796875 HTTP/1.1" 200 - "-" "WordPress/6.9.4; http://memo.carmel.wa.edu.au"
178.128.8.21 - - [29/Apr/2026:04:02:30 +0800] "GET / HTTP/1.1" 200 29385 "-" "Mozilla/5.0 (Windows NT 6.1) AppleWebKit/537.36 (KHTML, like Gecko) Chrome/41.0.2228.0 Safari/537.36"
178.128.8.21 - - [29/Apr/2026:04:02:33 +0800] "GET /robots.txt HTTP/1.1" 404 196 "-" "-"
178.128.8.21 - - [29/Apr/2026:04:02:34 +0800] "GET /sitemap.xml HTTP/1.1" 404 196 "-" "-"
178.128.8.21 - - [29/Apr/2026:04:02:34 +0800] "GET /.well-known/security.txt HTTP/1.1" 404 196 "-" "-"
178.128.8.21 - - [29/Apr/2026:04:02:37 +0800] "GET /favicon.ico HTTP/1.1" 404 196 "-" "Mozilla/5.0 (Windows NT 10.0; Win64; x64) AppleWebKit/537.36 (KHTML, like Gecko) Chrome/102.0.5005.63 Safari/537.36"
103.4.122.14 - - [29/Apr/2026:05:57:53 +0800] "POST /wp-cron.php?doing_wp_cron=1777413473.4201819896697998046875 HTTP/1.1" 200 - "-" "WordPress/6.9.4; https://memo.carmel.wa.edu.au"
85.137.49.10 - - [29/Apr/2026:05:57:52 +0800] "GET / HTTP/1.1" 301 - "-" "Mozilla/5.0 (Macintosh; Intel Mac OS X 10_15_7) AppleWebKit/537.36 (KHTML, like Gecko) Chrome/124.0.0.0 Safari/537.36"
85.137.49.10 - - [29/Apr/2026:05:57:55 +0800] "GET / HTTP/1.1" 200 29417 "https://memo.carmel.wa.edu.au:443" "Mozilla/5.0 (Macintosh; Intel Mac OS X 10_15_7) AppleWebKit/537.36 (KHTML, like Gecko) Chrome/124.0.0.0 Safari/537.36"
34.53.135.51 - - [29/Apr/2026:06:08:32 +0800] "GET / HTTP/1.1" 200 7222 "-" "Mozilla/5.0 (Macintosh; Intel Mac OS X 10_11_0) AppleWebKit/537.36 (KHTML, like Gecko) Chrome/74.0.3729.169 Safari/537.36"
34.53.135.51 - - [29/Apr/2026:06:08:34 +0800] "GET / HTTP/1.1" 200 7223 "-" "Mozilla/5.0 (Linux; U; Android 1.5; fr-fr; GT-I5700 Build/CUPCAKE) AppleWebKit/528.5 (KHTML, like Gecko) Version/3.1.2 Mobile Safari/525.20.1"
34.53.135.51 - - [29/Apr/2026:06:10:01 +0800] "GET /wp-content/themes/hello-elementor/assets/js/hello-frontend.js.map HTTP/1.1" 404 196 "-" "Mozilla/5.0 (iPhone; CPU iPhone OS 11_3 like Mac OS X) AppleWebKit/605.1.15 (KHTML, like Gecko) Version/11.0 Mobile/15E148 Safari/604.1"
34.53.135.51 - - [29/Apr/2026:06:10:01 +0800] "GET /wp-content/plugins/elementor/assets/js/frontend-modules.min.js.map HTTP/1.1" 404 196 "-" "Mozilla/5.0 (Linux; Android 9; BLA-L29) AppleWebKit/537.36 (KHTML, like Gecko) Chrome/75.0.3770.101 Mobile Safari/537.36"
34.53.135.51 - - [29/Apr/2026:06:10:01 +0800] "GET /wp-content/plugins/elementor/assets/js/frontend.min.js.map HTTP/1.1" 404 196 "-" "NokiaN70-1/5.0609.2.0.1 Series60/2.8 Profile/MIDP-2.0 Configuration/CLDC-1.1 UP.Link/6.3.1.13.0"
34.53.135.51 - - [29/Apr/2026:06:10:02 +0800] "GET /wp-content/plugins/elementor/assets/js/webpack.runtime.min.js.map HTTP/1.1" 404 196 "-" "Mozilla/5.0 (Linux; Android 9; Redmi Note 6 Pro) AppleWebKit/537.36 (KHTML, like Gecko) Chrome/75.0.3770.143 Mobile Safari/537.36"
