| Server IP : 103.4.122.14 / Your IP : 216.73.216.103 Web Server : Apache/2.4.62 (Unix) OpenSSL/1.0.2k-fips System : Linux cwp2.slnet.com.au 3.10.0-1160.119.1.el7.x86_64 #1 SMP Tue Jun 4 14:43:51 UTC 2024 x86_64 User : statewid ( 1251) PHP Version : 8.3.31 Disable Function : NONE MySQL : OFF | cURL : ON | WGET : ON | Perl : ON | Python : ON | Sudo : ON | Pkexec : ON Directory : /usr/local/apache/domlogs/ |
Upload File : |
158.69.227.165 - - [01/Apr/2026:00:25:07 +0800] "GET /.well-known/acme-challenge/16181095741b1ef0fdeea6e3926e816bkey HTTP/1.0" 200 33 "-" "-"
69.171.231.112 - - [01/Apr/2026:00:34:44 +0800] "GET /robots.txt HTTP/1.1" 404 196 "-" "facebookexternalhit/1.1 (+http://www.facebook.com/externalhit_uatext.php)"
103.4.122.14 - - [01/Apr/2026:02:18:07 +0800] "POST /wp-cron.php?doing_wp_cron=1774981086.8501629829406738281250 HTTP/1.1" 200 - "-" "WordPress/6.9.4; https://memo.carmel.wa.edu.au"
103.4.122.13 - - [01/Apr/2026:02:18:06 +0800] "GET / HTTP/1.1" 200 29426 "https://wpmain.screwlooseit.com.au" "Mozilla/5.0 (compatible; MainWP/6.0.6; +http://mainwp.com)"
103.4.122.14 - - [01/Apr/2026:03:34:24 +0800] "POST /wp-cron.php?doing_wp_cron=1774985663.8923981189727783203125 HTTP/1.1" 200 - "-" "WordPress/6.9.4; https://memo.carmel.wa.edu.au"
195.178.110.64 - - [01/Apr/2026:03:34:23 +0800] "GET / HTTP/1.1" 200 7217 "-" "Mozilla/5.0 (Windows NT 10.0; Win64; x64) AppleWebKit/537.36 (KHTML, like Gecko) Chrome/120.0.0.0 Safari/537.36"
74.7.244.37 - - [01/Apr/2026:05:52:01 +0800] "GET /robots.txt HTTP/1.1" 404 196 "-" "Mozilla/5.0 (Macintosh; Intel Mac OS X 10_15_7) AppleWebKit/537.36 (KHTML, like Gecko) Chrome/131.0.0.0 Safari/537.36; compatible; OAI-SearchBot/1.3; robots.txt; +https://openai.com/searchbot"
103.4.122.14 - - [01/Apr/2026:05:52:04 +0800] "POST /wp-cron.php?doing_wp_cron=1774993924.1963241100311279296875 HTTP/1.1" 200 - "-" "WordPress/6.9.4; https://memo.carmel.wa.edu.au"
74.7.242.6 - - [01/Apr/2026:05:52:01 +0800] "GET / HTTP/1.1" 200 7217 "-" "Mozilla/5.0 AppleWebKit/537.36 (KHTML, like Gecko; compatible; GPTBot/1.3; +https://openai.com/gptbot)"
74.7.244.37 - - [01/Apr/2026:05:52:06 +0800] "GET /robots.txt HTTP/1.1" 404 196 "-" "Mozilla/5.0 (Macintosh; Intel Mac OS X 10_15_7) AppleWebKit/537.36 (KHTML, like Gecko) Chrome/131.0.0.0 Safari/537.36; compatible; OAI-SearchBot/1.3; robots.txt; +https://openai.com/searchbot"
74.7.242.6 - - [01/Apr/2026:05:52:06 +0800] "GET /index.php?rest_route=%2Foembed%2F1.0%2Fembed&url=https%3A%2F%2Fmemo.carmel.wa.edu.au%2F HTTP/1.1" 200 2129 "https://memo.carmel.wa.edu.au/" "Mozilla/5.0 AppleWebKit/537.36 (KHTML, like Gecko; compatible; GPTBot/1.3; +https://openai.com/gptbot)"
74.7.242.6 - - [01/Apr/2026:05:52:10 +0800] "GET /wp-content/uploads/elementor/google-fonts/css/robotoslab.css?ver=1742691113 HTTP/1.1" 200 963 "https://memo.carmel.wa.edu.au" "Mozilla/5.0 AppleWebKit/537.36 (KHTML, like Gecko; compatible; GPTBot/1.3; +https://openai.com/gptbot)"
74.7.242.6 - - [01/Apr/2026:05:52:12 +0800] "GET /wp-includes/js/jquery/jquery.min.js?ver=3.7.1 HTTP/1.1" 200 30368 "https://memo.carmel.wa.edu.au/" "Mozilla/5.0 AppleWebKit/537.36 (KHTML, like Gecko; compatible; GPTBot/1.3; +https://openai.com/gptbot)"
74.7.242.6 - - [01/Apr/2026:05:52:14 +0800] "GET /xmlrpc.php?rsd HTTP/1.1" 200 319 "https://memo.carmel.wa.edu.au/" "Mozilla/5.0 AppleWebKit/537.36 (KHTML, like Gecko; compatible; GPTBot/1.3; +https://openai.com/gptbot)"
74.7.242.6 - - [01/Apr/2026:05:52:16 +0800] "GET /?feed=rss2 HTTP/1.1" 200 748 "https://memo.carmel.wa.edu.au/" "Mozilla/5.0 AppleWebKit/537.36 (KHTML, like Gecko; compatible; GPTBot/1.3; +https://openai.com/gptbot)"
74.7.242.6 - - [01/Apr/2026:05:52:18 +0800] "GET /?feed=comments-rss2 HTTP/1.1" 200 749 "https://memo.carmel.wa.edu.au/" "Mozilla/5.0 AppleWebKit/537.36 (KHTML, like Gecko; compatible; GPTBot/1.3; +https://openai.com/gptbot)"
74.7.242.6 - - [01/Apr/2026:05:52:20 +0800] "GET /wp-includes/js/jquery/ui/core.min.js?ver=1.13.3 HTTP/1.1" 200 7106 "https://memo.carmel.wa.edu.au/" "Mozilla/5.0 AppleWebKit/537.36 (KHTML, like Gecko; compatible; GPTBot/1.3; +https://openai.com/gptbot)"
74.7.242.6 - - [01/Apr/2026:05:52:21 +0800] "GET /wp-content/themes/hello-elementor/assets/js/hello-frontend.js?ver=3.4.7 HTTP/1.1" 200 549 "https://memo.carmel.wa.edu.au/" "Mozilla/5.0 AppleWebKit/537.36 (KHTML, like Gecko; compatible; GPTBot/1.3; +https://openai.com/gptbot)"
74.7.242.6 - - [01/Apr/2026:05:52:23 +0800] "GET /wp-includes/js/jquery/jquery-migrate.min.js?ver=3.4.1 HTTP/1.1" 200 4872 "https://memo.carmel.wa.edu.au/" "Mozilla/5.0 AppleWebKit/537.36 (KHTML, like Gecko; compatible; GPTBot/1.3; +https://openai.com/gptbot)"
74.7.242.6 - - [01/Apr/2026:05:52:24 +0800] "GET /wp-content/plugins/elementor/assets/lib/eicons/css/elementor-icons.min.css?ver=5.47.0 HTTP/1.1" 200 4429 "https://memo.carmel.wa.edu.au/" "Mozilla/5.0 AppleWebKit/537.36 (KHTML, like Gecko; compatible; GPTBot/1.3; +https://openai.com/gptbot)"
74.7.242.6 - - [01/Apr/2026:05:52:25 +0800] "GET /index.php?rest_route=/wp/v2/pages/14 HTTP/1.1" 200 6396 "https://memo.carmel.wa.edu.au/" "Mozilla/5.0 AppleWebKit/537.36 (KHTML, like Gecko; compatible; GPTBot/1.3; +https://openai.com/gptbot)"
74.7.242.6 - - [01/Apr/2026:05:52:26 +0800] "GET /wp-includes/js/wp-emoji-release.min.js?ver=6.9.4 HTTP/1.1" 200 5375 "https://memo.carmel.wa.edu.au/" "Mozilla/5.0 AppleWebKit/537.36 (KHTML, like Gecko; compatible; GPTBot/1.3; +https://openai.com/gptbot)"
74.7.242.6 - - [01/Apr/2026:05:52:27 +0800] "GET /index.php?format=xml&rest_route=%2Foembed%2F1.0%2Fembed&url=https%3A%2F%2Fmemo.carmel.wa.edu.au%2F HTTP/1.1" 200 1097 "https://memo.carmel.wa.edu.au/" "Mozilla/5.0 AppleWebKit/537.36 (KHTML, like Gecko; compatible; GPTBot/1.3; +https://openai.com/gptbot)"
74.7.242.6 - - [01/Apr/2026:05:52:28 +0800] "GET /wp-content/uploads/elementor/google-fonts/css/roboto.css?ver=1742691105 HTTP/1.1" 200 2873 "https://memo.carmel.wa.edu.au" "Mozilla/5.0 AppleWebKit/537.36 (KHTML, like Gecko; compatible; GPTBot/1.3; +https://openai.com/gptbot)"
74.7.242.6 - - [01/Apr/2026:05:52:28 +0800] "GET /?author=1 HTTP/1.1" 200 5232 "https://memo.carmel.wa.edu.au/index.php?format=xml&rest_route=%2Foembed%2F1.0%2Fembed&url=https%3A%2F%2Fmemo.carmel.wa.edu.au%2F" "Mozilla/5.0 AppleWebKit/537.36 (KHTML, like Gecko; compatible; GPTBot/1.3; +https://openai.com/gptbot)"
74.7.242.6 - - [01/Apr/2026:05:52:30 +0800] "GET /?author=1&feed=rss2 HTTP/1.1" 200 766 "https://memo.carmel.wa.edu.au/?author=1" "Mozilla/5.0 AppleWebKit/537.36 (KHTML, like Gecko; compatible; GPTBot/1.3; +https://openai.com/gptbot)"
74.7.242.6 - - [01/Apr/2026:05:52:31 +0800] "GET /?p=4 HTTP/1.1" 200 6021 "https://memo.carmel.wa.edu.au/?author=1" "Mozilla/5.0 AppleWebKit/537.36 (KHTML, like Gecko; compatible; GPTBot/1.3; +https://openai.com/gptbot)"
74.7.242.6 - - [01/Apr/2026:05:52:31 +0800] "GET /index.php?rest_route=/wp/v2/users/1 HTTP/1.1" 200 900 "https://memo.carmel.wa.edu.au/?author=1" "Mozilla/5.0 AppleWebKit/537.36 (KHTML, like Gecko; compatible; GPTBot/1.3; +https://openai.com/gptbot)"
74.7.242.6 - - [01/Apr/2026:05:52:32 +0800] "GET /?p=1 HTTP/1.1" 200 6738 "https://memo.carmel.wa.edu.au/?author=1" "Mozilla/5.0 AppleWebKit/537.36 (KHTML, like Gecko; compatible; GPTBot/1.3; +https://openai.com/gptbot)"
74.7.242.6 - - [01/Apr/2026:05:52:33 +0800] "GET /wp-includes/css/dist/block-library/style.min.css?ver=6.9.4 HTTP/1.1" 200 15916 "https://memo.carmel.wa.edu.au/?author=1" "Mozilla/5.0 AppleWebKit/537.36 (KHTML, like Gecko; compatible; GPTBot/1.3; +https://openai.com/gptbot)"
74.7.242.6 - - [01/Apr/2026:05:52:34 +0800] "GET /index.php?format=xml&rest_route=%2Foembed%2F1.0%2Fembed&url=https%3A%2F%2Fmemo.carmel.wa.edu.au%2F%3Fp%3D4 HTTP/1.1" 200 1110 "https://memo.carmel.wa.edu.au/?p=4" "Mozilla/5.0 AppleWebKit/537.36 (KHTML, like Gecko; compatible; GPTBot/1.3; +https://openai.com/gptbot)"
74.7.242.6 - - [01/Apr/2026:05:52:35 +0800] "GET /index.php?rest_route=/wp/v2/posts/4 HTTP/1.1" 200 2035 "https://memo.carmel.wa.edu.au/?p=4" "Mozilla/5.0 AppleWebKit/537.36 (KHTML, like Gecko; compatible; GPTBot/1.3; +https://openai.com/gptbot)"
74.7.242.6 - - [01/Apr/2026:05:52:35 +0800] "GET /index.php?rest_route=%2Foembed%2F1.0%2Fembed&url=https%3A%2F%2Fmemo.carmel.wa.edu.au%2F%3Fp%3D4 HTTP/1.1" 200 2163 "https://memo.carmel.wa.edu.au/?p=4" "Mozilla/5.0 AppleWebKit/537.36 (KHTML, like Gecko; compatible; GPTBot/1.3; +https://openai.com/gptbot)"
74.7.242.6 - - [01/Apr/2026:05:52:36 +0800] "GET /?feed=rss2&p=4 HTTP/1.1" 200 424 "https://memo.carmel.wa.edu.au/?p=4" "Mozilla/5.0 AppleWebKit/537.36 (KHTML, like Gecko; compatible; GPTBot/1.3; +https://openai.com/gptbot)"
74.7.242.6 - - [01/Apr/2026:05:52:37 +0800] "GET /index.php?rest_route=/wp/v2/posts/1 HTTP/1.1" 200 2061 "https://memo.carmel.wa.edu.au/?p=1" "Mozilla/5.0 AppleWebKit/537.36 (KHTML, like Gecko; compatible; GPTBot/1.3; +https://openai.com/gptbot)"
74.7.242.6 - - [01/Apr/2026:05:52:38 +0800] "GET /?feed=rss2&p=1 HTTP/1.1" 200 745 "https://memo.carmel.wa.edu.au/?p=1" "Mozilla/5.0 AppleWebKit/537.36 (KHTML, like Gecko; compatible; GPTBot/1.3; +https://openai.com/gptbot)"
74.7.242.6 - - [01/Apr/2026:05:52:39 +0800] "GET /index.php?format=xml&rest_route=%2Foembed%2F1.0%2Fembed&url=https%3A%2F%2Fmemo.carmel.wa.edu.au%2F%3Fp%3D1 HTTP/1.1" 200 1112 "https://memo.carmel.wa.edu.au/?p=1" "Mozilla/5.0 AppleWebKit/537.36 (KHTML, like Gecko; compatible; GPTBot/1.3; +https://openai.com/gptbot)"
216.244.66.200 - - [01/Apr/2026:06:17:40 +0800] "GET /robots.txt HTTP/1.1" 404 196 "-" "Mozilla/5.0 (compatible; DotBot/1.2; +https://opensiteexplorer.org/dotbot; help@moz.com)"
103.4.122.14 - - [01/Apr/2026:06:37:38 +0800] "POST /wp-cron.php?doing_wp_cron=1774996658.1320080757141113281250 HTTP/1.1" 200 - "-" "WordPress/6.9.4; http://memo.carmel.wa.edu.au"
216.244.66.200 - - [01/Apr/2026:06:37:35 +0800] "GET / HTTP/1.1" 200 29391 "-" "Mozilla/5.0 (compatible; DotBot/1.2; +https://opensiteexplorer.org/dotbot; help@moz.com)"
51.38.104.195 - - [01/Apr/2026:06:49:51 +0800] "GET /assets/images/accesson.php HTTP/1.1" 404 196 "-" "Mozilla/5.0 (Windows NT 10.0; Win64; x64) AppleWebKit/537.36 (KHTML, like Gecko) Chrome/127.0.0.0 Safari/537.36"
51.38.104.195 - - [01/Apr/2026:06:49:55 +0800] "GET /doors-test-article HTTP/1.1" 404 196 "-" "Mozilla/5.0 (Windows NT 10.0; Win64; x64) AppleWebKit/537.36 (KHTML, like Gecko) Chrome/127.0.0.0 Safari/537.36"
103.4.122.13 - - [01/Apr/2026:08:00:14 +0800] "GET /wp-cron.php HTTP/1.1" 200 - "-" "WordPress/6.9.4; https://wpmain.screwlooseit.com.au"
103.4.122.14 - - [01/Apr/2026:15:18:01 +0800] "POST /wp-cron.php?doing_wp_cron=1775027881.4541130065917968750000 HTTP/1.1" 200 - "-" "WordPress/6.9.4; https://memo.carmel.wa.edu.au"
45.64.99.120 - - [01/Apr/2026:15:17:58 +0800] "HEAD / HTTP/1.1" 200 - "-" "Mozilla/5.0 (Windows NT 10.0; Win64; x64) AppleWebKit/537.36"
45.64.99.120 - - [01/Apr/2026:15:18:03 +0800] "HEAD / HTTP/1.1" 200 - "-" "Mozilla/5.0 (Windows NT 10.0; Win64; x64) AppleWebKit/537.36"
45.64.99.120 - - [01/Apr/2026:15:18:06 +0800] "GET / HTTP/1.1" 200 7217 "-" "Mozilla/5.0 (Windows NT 10.0; Win64; x64) AppleWebKit/537.36"
103.4.122.14 - - [01/Apr/2026:18:11:43 +0800] "POST /wp-cron.php?doing_wp_cron=1775038303.3224389553070068359375 HTTP/1.1" 200 - "-" "WordPress/6.9.4; https://memo.carmel.wa.edu.au"
103.4.122.13 - - [01/Apr/2026:18:11:42 +0800] "GET / HTTP/1.1" 200 29423 "https://wpmain.screwlooseit.com.au" "Mozilla/5.0 (compatible; MainWP/6.0.7; +http://mainwp.com)"
34.96.46.110 - - [01/Apr/2026:19:11:36 +0800] "GET /wp-content/themes/hello-elementor/assets/js/hello-frontend.js?ver=3.4.7 HTTP/1.1" 200 549 "-" "Mozilla/5.0 (Windows NT 10.0; WOW64) AppleWebKit/537.36 (KHTML, like Gecko) Chrome/83.0.4103.97 Safari/537.36"
34.96.46.110 - - [01/Apr/2026:19:11:37 +0800] "GET /wp-includes/js/jquery/jquery-migrate.min.js?ver=3.4.1 HTTP/1.1" 200 4872 "-" "Mozilla/5.0 (X11; Ubuntu; Linux x86_64; rv:77.0) Gecko/20100101 Firefox/77.0"
34.96.46.110 - - [01/Apr/2026:19:11:37 +0800] "GET /wp-content/plugins/elementor/assets/js/frontend-modules.min.js?ver=3.35.9 HTTP/1.1" 200 15944 "-" "Mozilla/5.0 (X11; Linux i686; rv:77.0) Gecko/20100101 Firefox/77.0"
34.96.46.110 - - [01/Apr/2026:19:11:37 +0800] "GET /wp-content/plugins/elementor/assets/js/webpack.runtime.min.js?ver=3.35.9 HTTP/1.1" 200 2496 "-" "Mozilla/5.0 (Windows NT 10.0; Win64; x64; rv:77.0) Gecko/20100101 Firefox/77.0"
34.96.46.110 - - [01/Apr/2026:19:11:37 +0800] "GET /wp-includes/js/jquery/ui/core.min.js?ver=1.13.3 HTTP/1.1" 200 7106 "-" "Mozilla/5.0 (Macintosh; Intel Mac OS X 10_15_5) AppleWebKit/537.36 (KHTML, like Gecko) Chrome/83.0.4103.97 Safari/537.36"
34.96.46.110 - - [01/Apr/2026:19:11:37 +0800] "GET /wp-content/plugins/elementor/assets/js/frontend.min.js?ver=3.35.9 HTTP/1.1" 200 10339 "-" "Mozilla/5.0 (Macintosh; Intel Mac OS X 10_15_5) AppleWebKit/537.36 (KHTML, like Gecko) Chrome/83.0.4103.97 Safari/537.36"
34.96.46.110 - - [01/Apr/2026:19:11:37 +0800] "GET /wp-includes/js/jquery/jquery.min.js?ver=3.7.1 HTTP/1.1" 200 30368 "-" "Mozilla/5.0 (Windows NT 10.0) AppleWebKit/537.36 (KHTML, like Gecko) Chrome/83.0.4103.97 Safari/537.36"
69.171.231.114 - - [01/Apr/2026:21:37:05 +0800] "GET /robots.txt HTTP/1.1" 404 196 "-" "facebookexternalhit/1.1 (+http://www.facebook.com/externalhit_uatext.php)"
103.4.122.14 - - [01/Apr/2026:23:42:40 +0800] "POST /wp-cron.php?doing_wp_cron=1775058160.7327051162719726562500 HTTP/1.1" 200 - "-" "WordPress/6.9.4; http://memo.carmel.wa.edu.au"
91.92.243.235 - - [01/Apr/2026:23:42:40 +0800] "POST /wp-login.php HTTP/1.1" 200 5392 "-" "Mozilla/5.0"
91.92.243.235 - - [01/Apr/2026:23:42:40 +0800] "POST /wp-login.php HTTP/1.1" 200 5426 "-" "Mozilla/5.0"
103.4.122.14 - - [01/Apr/2026:23:42:40 +0800] "POST /wp-cron.php?doing_wp_cron=1775058160.7330200672149658203125 HTTP/1.1" 200 - "-" "WordPress/6.9.4; http://memo.carmel.wa.edu.au"
91.92.243.235 - - [01/Apr/2026:23:42:40 +0800] "POST /wp-login.php HTTP/1.1" 200 5395 "-" "Mozilla/5.0"
74.7.244.37 - - [02/Apr/2026:00:06:03 +0800] "GET /robots.txt HTTP/1.1" 404 196 "-" "Mozilla/5.0 (Macintosh; Intel Mac OS X 10_15_7) AppleWebKit/537.36 (KHTML, like Gecko) Chrome/131.0.0.0 Safari/537.36; compatible; OAI-SearchBot/1.3; robots.txt; +https://openai.com/searchbot"
158.69.227.165 - - [02/Apr/2026:00:24:38 +0800] "GET /.well-known/acme-challenge/3df8880d4b38fb6c6fa3785e6f9fe732key HTTP/1.0" 200 33 "-" "-"
103.4.122.14 - - [02/Apr/2026:01:19:33 +0800] "POST /wp-cron.php?doing_wp_cron=1775063972.8743760585784912109375 HTTP/1.1" 200 - "-" "WordPress/6.9.4; https://memo.carmel.wa.edu.au"
216.144.229.127 - - [02/Apr/2026:01:19:32 +0800] "GET / HTTP/1.1" 200 7216 "-" "Mozilla/5.0 (Windows NT 10.0; Win64; x64) AppleWebKit/537.36 (KHTML, like Gecko) Chrome/120.0.0.0 Safari/537.36"
103.4.122.14 - - [02/Apr/2026:07:26:01 +0800] "POST /wp-cron.php?doing_wp_cron=1775085961.1873300075531005859375 HTTP/1.1" 200 - "-" "WordPress/6.9.4; https://memo.carmel.wa.edu.au"
103.4.122.13 - - [02/Apr/2026:07:25:59 +0800] "GET / HTTP/1.1" 200 29426 "https://wpmain.screwlooseit.com.au" "Mozilla/5.0 (compatible; MainWP/6.0.7; +http://mainwp.com)"
103.4.122.14 - - [02/Apr/2026:08:00:40 +0800] "POST /wp-cron.php?doing_wp_cron=1775088039.8371660709381103515625 HTTP/1.1" 200 - "-" "WordPress/6.9.4; https://memo.carmel.wa.edu.au"
45.157.54.8 - - [02/Apr/2026:08:00:39 +0800] "POST /xmlrpc.php HTTP/1.1" 200 403 "-" "Mozilla/5.0 (Windows NT 10.0; Win64; x64) AppleWebKit/537.36 (KHTML, like Gecko) Chrome/127.0.0.0 Safari/537.36"
45.157.54.8 - - [02/Apr/2026:08:00:40 +0800] "POST /xmlrpc.php HTTP/1.1" 200 403 "-" "Mozilla/5.0 (Windows NT 10.0; Win64; x64) AppleWebKit/537.36 (KHTML, like Gecko) Chrome/127.0.0.0 Safari/537.36"
103.4.122.13 - - [02/Apr/2026:10:21:33 +0800] "GET /wp-cron.php HTTP/1.1" 200 - "-" "WordPress/6.9.4; https://wpmain.screwlooseit.com.au"
103.4.122.14 - - [02/Apr/2026:16:09:00 +0800] "POST /wp-cron.php?doing_wp_cron=1775117340.2668590545654296875000 HTTP/1.1" 200 - "-" "WordPress/6.9.4; https://memo.carmel.wa.edu.au"
103.4.122.13 - - [02/Apr/2026:16:08:59 +0800] "GET / HTTP/1.1" 200 29426 "https://wpmain.screwlooseit.com.au" "Mozilla/5.0 (compatible; MainWP/6.0.7; +http://mainwp.com)"
57.141.14.92 - - [02/Apr/2026:17:48:37 +0800] "GET /robots.txt HTTP/1.1" 404 196 "-" "facebookexternalhit/1.1 (+http://www.facebook.com/externalhit_uatext.php)"
74.7.244.37 - - [02/Apr/2026:23:11:36 +0800] "GET /robots.txt HTTP/1.1" 404 196 "-" "Mozilla/5.0 (Macintosh; Intel Mac OS X 10_15_7) AppleWebKit/537.36 (KHTML, like Gecko) Chrome/131.0.0.0 Safari/537.36; compatible; OAI-SearchBot/1.3; robots.txt; +https://openai.com/searchbot"
158.69.227.165 - - [03/Apr/2026:00:24:31 +0800] "GET /.well-known/acme-challenge/5456807b9abbff81499a4697c4783292key HTTP/1.0" 200 33 "-" "-"
103.4.122.14 - - [03/Apr/2026:09:12:06 +0800] "POST /wp-cron.php?doing_wp_cron=1775178726.2741069793701171875000 HTTP/1.1" 200 - "-" "WordPress/6.9.4; http://memo.carmel.wa.edu.au"
182.10.161.173 - - [03/Apr/2026:09:12:01 +0800] "GET / HTTP/1.1" 200 29391 "-" "fasthttp"
103.4.122.13 - - [03/Apr/2026:10:43:16 +0800] "GET /wp-cron.php HTTP/1.1" 200 - "-" "WordPress/6.9.4; https://wpmain.screwlooseit.com.au"
103.4.122.14 - - [03/Apr/2026:12:37:43 +0800] "POST /wp-cron.php?doing_wp_cron=1775191063.7304968833923339843750 HTTP/1.1" 200 - "-" "WordPress/6.9.4; https://memo.carmel.wa.edu.au"
103.4.122.13 - - [03/Apr/2026:12:37:42 +0800] "GET / HTTP/1.1" 200 29423 "https://wpmain.screwlooseit.com.au" "Mozilla/5.0 (compatible; MainWP/6.0.7; +http://mainwp.com)"
69.171.231.116 - - [03/Apr/2026:14:17:52 +0800] "GET /robots.txt HTTP/1.1" 404 196 "-" "facebookexternalhit/1.1 (+http://www.facebook.com/externalhit_uatext.php)"
103.4.122.14 - - [03/Apr/2026:19:05:12 +0800] "POST /wp-cron.php?doing_wp_cron=1775214312.0251441001892089843750 HTTP/1.1" 200 - "-" "WordPress/6.9.4; http://memo.carmel.wa.edu.au"
165.22.48.62 - - [03/Apr/2026:19:05:11 +0800] "GET / HTTP/1.1" 200 7217 "-" "WP-Safe-Scanner/2.0"
165.22.48.62 - - [03/Apr/2026:19:05:12 +0800] "GET /wp-content/uploads/ HTTP/1.1" 403 13 "-" "WP-Safe-Scanner/2.0"
165.22.48.62 - - [03/Apr/2026:19:05:12 +0800] "GET /wp-content/plugins/ HTTP/1.1" 200 - "-" "WP-Safe-Scanner/2.0"
165.22.48.62 - - [03/Apr/2026:19:05:12 +0800] "GET /wp-content/themes/ HTTP/1.1" 200 - "-" "WP-Safe-Scanner/2.0"
165.22.48.62 - - [03/Apr/2026:19:05:12 +0800] "GET /wp-includes/ HTTP/1.1" 403 199 "-" "WP-Safe-Scanner/2.0"
165.22.48.62 - - [03/Apr/2026:19:05:12 +0800] "GET /wp-admin/ HTTP/1.1" 302 - "-" "WP-Safe-Scanner/2.0"
165.22.48.62 - - [03/Apr/2026:19:05:13 +0800] "GET /wp-login.php?redirect_to=http%3A%2F%2Fmemo.carmel.wa.edu.au%2Fwp-admin%2F&reauth=1 HTTP/1.1" 200 1987 "-" "WP-Safe-Scanner/2.0"
103.4.122.14 - - [03/Apr/2026:19:05:17 +0800] "POST /wp-cron.php HTTP/1.1" 200 - "-" "WordPress/6.9.4; http://memo.carmel.wa.edu.au"
103.4.122.14 - - [03/Apr/2026:19:05:17 +0800] "GET / HTTP/1.1" 200 7217 "-" "WordPress/6.9.4; http://memo.carmel.wa.edu.au"
103.4.122.14 - - [03/Apr/2026:19:05:18 +0800] "GET / HTTP/1.1" 200 7217 "-" "WordPress/6.9.4; http://memo.carmel.wa.edu.au"
103.4.122.14 - - [03/Apr/2026:19:05:19 +0800] "GET / HTTP/1.1" 200 7217 "-" "WordPress/6.9.4; http://memo.carmel.wa.edu.au"
103.4.122.14 - - [03/Apr/2026:19:05:20 +0800] "GET / HTTP/1.1" 200 7217 "-" "WordPress/6.9.4; http://memo.carmel.wa.edu.au"
103.4.122.14 - - [03/Apr/2026:19:05:19 +0800] "GET / HTTP/1.1" 200 7217 "-" "WordPress/6.9.4; http://memo.carmel.wa.edu.au"
103.4.122.14 - - [03/Apr/2026:20:06:47 +0800] "POST /wp-cron.php?doing_wp_cron=1775218007.4043490886688232421875 HTTP/1.1" 200 - "-" "WordPress/6.9.4; https://memo.carmel.wa.edu.au"
74.7.242.6 - - [03/Apr/2026:20:06:46 +0800] "GET / HTTP/1.1" 200 7217 "-" "Mozilla/5.0 AppleWebKit/537.36 (KHTML, like Gecko; compatible; GPTBot/1.3; +https://openai.com/gptbot)"
74.7.242.6 - - [03/Apr/2026:20:06:49 +0800] "GET /?feed=rss2 HTTP/1.1" 200 748 "https://memo.carmel.wa.edu.au/" "Mozilla/5.0 AppleWebKit/537.36 (KHTML, like Gecko; compatible; GPTBot/1.3; +https://openai.com/gptbot)"
74.7.242.6 - - [03/Apr/2026:20:06:52 +0800] "GET /?feed=comments-rss2 HTTP/1.1" 200 749 "https://memo.carmel.wa.edu.au/" "Mozilla/5.0 AppleWebKit/537.36 (KHTML, like Gecko; compatible; GPTBot/1.3; +https://openai.com/gptbot)"
158.69.227.165 - - [04/Apr/2026:00:25:12 +0800] "GET /.well-known/acme-challenge/be2eb740f9e7e6d1838a72016abb920ckey HTTP/1.0" 200 33 "-" "-"
91.92.243.235 - - [04/Apr/2026:01:35:37 +0800] "POST /wp-login.php HTTP/1.1" 200 5426 "-" "Mozilla/5.0"
103.4.122.14 - - [04/Apr/2026:01:35:37 +0800] "POST /wp-cron.php?doing_wp_cron=1775237737.7126219272613525390625 HTTP/1.1" 200 - "-" "WordPress/6.9.4; http://memo.carmel.wa.edu.au"
91.92.243.235 - - [04/Apr/2026:01:35:37 +0800] "POST /wp-login.php HTTP/1.1" 200 5392 "-" "Mozilla/5.0"
91.92.243.235 - - [04/Apr/2026:01:35:37 +0800] "POST /wp-login.php HTTP/1.1" 200 5395 "-" "Mozilla/5.0"
103.4.122.13 - - [04/Apr/2026:02:05:18 +0800] "GET /?login_required=1&user=ACS&mainwpsignature=RsfBxkYpUNWpCtjqP%2Fx%2FuyK%2FYJoqz2m0Z%2BrK%2FWKC5ZzFnewSqdDh0ngVIFkfhUW%2FXul8zzNem1Y0%2BXiJoAOyxV3FKF4fZQ7IpPKfc7yyWYJVnYfjDLro4SRuOfNEXyDmpmY8lgF%2BOvEFLv%2BPEdsXE27Hia7je%2FKFV1xSxZ0%2B41HloLQvN4nJyW0o4IS%2Bc8tGJ8bS86ZH8sPKwhx1i2xOCKm6psCx54NY7uohaRoIRqKZzsBFgdlcWjrZmdn8BwZZU1zj3RipSaNvvrw5%2Btl%2FegOGZmotERN0QHuqyWdnrGE1TUKVIfLk50tKd8zbxXFuZKSTqtBkwDRi5%2FEdU6mCXQ%3D%3D&nonce=3312&where=plugins.php%3F_detect_plugins_updates%3Dyes&sign_algo=7 HTTP/1.1" 302 - "-" "WordPress/6.9.4; https://wpmain.screwlooseit.com.au"
103.4.122.13 - - [04/Apr/2026:02:05:19 +0800] "GET /wp-admin/plugins.php?_detect_plugins_updates=yes HTTP/1.1" 200 22348 "-" "WordPress/6.9.4; https://wpmain.screwlooseit.com.au"
103.4.122.13 - - [04/Apr/2026:02:05:21 +0800] "POST /wp-admin/admin-ajax.php HTTP/1.1" 200 15797 "https://wpmain.screwlooseit.com.au" "Mozilla/5.0 (compatible; MainWP/6.0.7; +http://mainwp.com)"
103.4.122.14 - - [04/Apr/2026:02:05:24 +0800] "GET / HTTP/1.1" 200 7217 "-" "WordPress/6.9.4; https://memo.carmel.wa.edu.au"
103.4.122.13 - - [04/Apr/2026:02:05:23 +0800] "POST /wp-admin/admin-ajax.php HTTP/1.1" 200 21 "https://wpmain.screwlooseit.com.au" "Mozilla/5.0 (compatible; MainWP/6.0.7; +http://mainwp.com)"
51.38.104.194 - - [04/Apr/2026:09:38:49 +0800] "GET /blog-verify HTTP/1.1" 404 196 "-" "Mozilla/5.0 (Windows NT 10.0; Win64; x64) AppleWebKit/537.36 (KHTML, like Gecko) Chrome/127.0.0.0 Safari/537.36"
51.38.104.194 - - [04/Apr/2026:09:38:49 +0800] "GET /wp-remote-api HTTP/1.1" 404 196 "-" "Mozilla/5.0 (Windows NT 10.0; Win64; x64) AppleWebKit/537.36 (KHTML, like Gecko) Chrome/127.0.0.0 Safari/537.36"
103.4.122.14 - - [04/Apr/2026:09:39:10 +0800] "POST /wp-cron.php?doing_wp_cron=1775266750.6550910472869873046875 HTTP/1.1" 200 - "-" "WordPress/6.9.4; https://memo.carmel.wa.edu.au"
51.38.104.194 - - [04/Apr/2026:09:39:07 +0800] "GET /?check_plugin HTTP/1.1" 200 29426 "-" "Mozilla/5.0 (Windows NT 10.0; Win64; x64) AppleWebKit/537.36 (KHTML, like Gecko) Chrome/127.0.0.0 Safari/537.36"
103.4.122.13 - - [04/Apr/2026:11:10:05 +0800] "GET /wp-cron.php HTTP/1.1" 200 - "-" "WordPress/6.9.4; https://wpmain.screwlooseit.com.au"
69.171.231.8 - - [04/Apr/2026:11:27:15 +0800] "GET /robots.txt HTTP/1.1" 404 196 "-" "facebookexternalhit/1.1 (+http://www.facebook.com/externalhit_uatext.php)"
103.4.122.14 - - [04/Apr/2026:16:21:27 +0800] "POST /wp-cron.php?doing_wp_cron=1775290887.3796849250793457031250 HTTP/1.1" 200 - "-" "WordPress/6.9.4; https://memo.carmel.wa.edu.au"
103.4.122.13 - - [04/Apr/2026:16:21:25 +0800] "GET / HTTP/1.1" 200 29426 "https://wpmain.screwlooseit.com.au" "Mozilla/5.0 (compatible; MainWP/6.0.7; +http://mainwp.com)"
158.69.227.165 - - [05/Apr/2026:00:25:02 +0800] "GET /.well-known/acme-challenge/e0381471d31ae1a8b67488c3332be8f3key HTTP/1.0" 200 33 "-" "-"
74.7.244.37 - - [05/Apr/2026:06:08:45 +0800] "GET /robots.txt HTTP/1.1" 404 196 "-" "Mozilla/5.0 (Macintosh; Intel Mac OS X 10_15_7) AppleWebKit/537.36 (KHTML, like Gecko) Chrome/131.0.0.0 Safari/537.36; compatible; OAI-SearchBot/1.3; robots.txt; +https://openai.com/searchbot"
57.141.14.66 - - [05/Apr/2026:06:51:31 +0800] "GET /robots.txt HTTP/1.1" 404 196 "-" "facebookexternalhit/1.1 (+http://www.facebook.com/externalhit_uatext.php)"
103.4.122.13 - - [05/Apr/2026:10:36:00 +0800] "GET /wp-cron.php HTTP/1.1" 200 - "-" "WordPress/6.9.4; https://wpmain.screwlooseit.com.au"
103.4.122.13 - - [05/Apr/2026:10:36:26 +0800] "GET / HTTP/1.1" 200 29426 "https://wpmain.screwlooseit.com.au" "Mozilla/5.0 (compatible; MainWP/6.0.7; +http://mainwp.com)"
103.4.122.14 - - [05/Apr/2026:16:15:20 +0800] "POST /wp-cron.php?doing_wp_cron=1775376920.9052989482879638671875 HTTP/1.1" 200 - "-" "WordPress/6.9.4; http://memo.carmel.wa.edu.au"
91.92.243.235 - - [05/Apr/2026:16:15:20 +0800] "POST /wp-login.php HTTP/1.1" 200 5426 "-" "Mozilla/5.0"
91.92.243.235 - - [05/Apr/2026:16:15:20 +0800] "POST /wp-login.php HTTP/1.1" 200 5395 "-" "Mozilla/5.0"
103.4.122.14 - - [05/Apr/2026:16:15:20 +0800] "POST /wp-cron.php?doing_wp_cron=1775376920.9048810005187988281250 HTTP/1.1" 200 - "-" "WordPress/6.9.4; http://memo.carmel.wa.edu.au"
91.92.243.235 - - [05/Apr/2026:16:15:20 +0800] "POST /wp-login.php HTTP/1.1" 200 5392 "-" "Mozilla/5.0"
66.249.69.199 - - [05/Apr/2026:21:15:20 +0800] "GET /robots.txt HTTP/1.1" 404 196 "-" "Mozilla/5.0 (compatible; Googlebot/2.1; +http://www.google.com/bot.html)"
103.4.122.14 - - [05/Apr/2026:23:36:58 +0800] "POST /wp-cron.php?doing_wp_cron=1775403418.4258990287780761718750 HTTP/1.1" 200 - "-" "WordPress/6.9.4; http://memo.carmel.wa.edu.au"
168.144.31.47 - - [05/Apr/2026:23:36:56 +0800] "GET / HTTP/1.1" 200 7218 "-" "Mozilla/5.0 (compatible; WP-Safe-Scanner/1.0)"
168.144.31.47 - - [05/Apr/2026:23:36:58 +0800] "GET /wp-content/uploads/ HTTP/1.1" 403 13 "-" "Mozilla/5.0 (compatible; WP-Safe-Scanner/1.0)"
168.144.31.47 - - [05/Apr/2026:23:36:58 +0800] "GET /wp-content/plugins/ HTTP/1.1" 200 - "-" "Mozilla/5.0 (compatible; WP-Safe-Scanner/1.0)"
168.144.31.47 - - [05/Apr/2026:23:36:59 +0800] "GET /wp-content/themes/ HTTP/1.1" 200 - "-" "Mozilla/5.0 (compatible; WP-Safe-Scanner/1.0)"
168.144.31.47 - - [05/Apr/2026:23:36:59 +0800] "GET /wp-includes/ HTTP/1.1" 403 199 "-" "Mozilla/5.0 (compatible; WP-Safe-Scanner/1.0)"
168.144.31.47 - - [05/Apr/2026:23:36:59 +0800] "GET /wp-admin/ HTTP/1.1" 302 - "-" "Mozilla/5.0 (compatible; WP-Safe-Scanner/1.0)"
168.144.31.47 - - [05/Apr/2026:23:37:00 +0800] "GET /wp-login.php?redirect_to=http%3A%2F%2Fmemo.carmel.wa.edu.au%2Fwp-admin%2F&reauth=1 HTTP/1.1" 200 1986 "-" "Mozilla/5.0 (compatible; WP-Safe-Scanner/1.0)"
158.69.227.165 - - [06/Apr/2026:00:25:17 +0800] "GET /.well-known/acme-challenge/0fa29f41ebaec2bbce75fe0d64c0b2fdkey HTTP/1.0" 200 33 "-" "-"
74.7.244.37 - - [06/Apr/2026:03:36:47 +0800] "GET /robots.txt HTTP/1.1" 404 196 "-" "Mozilla/5.0 (Macintosh; Intel Mac OS X 10_15_7) AppleWebKit/537.36 (KHTML, like Gecko) Chrome/131.0.0.0 Safari/537.36; compatible; OAI-SearchBot/1.3; robots.txt; +https://openai.com/searchbot"
103.4.122.14 - - [06/Apr/2026:03:36:49 +0800] "POST /wp-cron.php?doing_wp_cron=1775417808.9343519210815429687500 HTTP/1.1" 200 - "-" "WordPress/6.9.4; https://memo.carmel.wa.edu.au"
74.7.242.6 - - [06/Apr/2026:03:36:46 +0800] "GET / HTTP/1.1" 200 7217 "-" "Mozilla/5.0 AppleWebKit/537.36 (KHTML, like Gecko; compatible; GPTBot/1.3; +https://openai.com/gptbot)"
74.7.242.6 - - [06/Apr/2026:03:36:52 +0800] "GET /?feed=rss2 HTTP/1.1" 200 748 "https://memo.carmel.wa.edu.au/" "Mozilla/5.0 AppleWebKit/537.36 (KHTML, like Gecko; compatible; GPTBot/1.3; +https://openai.com/gptbot)"
74.7.242.6 - - [06/Apr/2026:03:36:55 +0800] "GET /wp-content/plugins/elementor/assets/css/frontend.min.css?ver=3.35.9 HTTP/1.1" 200 7271 "https://memo.carmel.wa.edu.au/" "Mozilla/5.0 AppleWebKit/537.36 (KHTML, like Gecko; compatible; GPTBot/1.3; +https://openai.com/gptbot)"
74.7.242.6 - - [06/Apr/2026:03:36:58 +0800] "GET /wp-content/plugins/elementor/assets/lib/animations/styles/e-animation-float.min.css?ver=3.35.9 HTTP/1.1" 200 139 "https://memo.carmel.wa.edu.au/" "Mozilla/5.0 AppleWebKit/537.36 (KHTML, like Gecko; compatible; GPTBot/1.3; +https://openai.com/gptbot)"
74.7.242.6 - - [06/Apr/2026:03:37:00 +0800] "GET /wp-content/plugins/elementor/assets/js/frontend.min.js?ver=3.35.9 HTTP/1.1" 200 10339 "https://memo.carmel.wa.edu.au/" "Mozilla/5.0 AppleWebKit/537.36 (KHTML, like Gecko; compatible; GPTBot/1.3; +https://openai.com/gptbot)"
74.7.242.6 - - [06/Apr/2026:03:37:02 +0800] "GET /wp-content/uploads/elementor/css/post-14.css?ver=1774575179 HTTP/1.1" 200 782 "https://memo.carmel.wa.edu.au/" "Mozilla/5.0 AppleWebKit/537.36 (KHTML, like Gecko; compatible; GPTBot/1.3; +https://openai.com/gptbot)"
74.7.242.6 - - [06/Apr/2026:03:37:04 +0800] "GET /wp-content/uploads/elementor/css/post-10.css?ver=1774575179 HTTP/1.1" 200 398 "https://memo.carmel.wa.edu.au/" "Mozilla/5.0 AppleWebKit/537.36 (KHTML, like Gecko; compatible; GPTBot/1.3; +https://openai.com/gptbot)"
74.7.242.6 - - [06/Apr/2026:03:37:05 +0800] "GET /?feed=comments-rss2 HTTP/1.1" 200 749 "https://memo.carmel.wa.edu.au/" "Mozilla/5.0 AppleWebKit/537.36 (KHTML, like Gecko; compatible; GPTBot/1.3; +https://openai.com/gptbot)"
74.7.242.6 - - [06/Apr/2026:03:37:07 +0800] "GET /wp-content/plugins/elementor/assets/css/widget-image.min.css?ver=3.35.9 HTTP/1.1" 200 135 "https://memo.carmel.wa.edu.au/" "Mozilla/5.0 AppleWebKit/537.36 (KHTML, like Gecko; compatible; GPTBot/1.3; +https://openai.com/gptbot)"
74.7.242.6 - - [06/Apr/2026:03:37:08 +0800] "GET /wp-content/plugins/elementor/assets/js/frontend-modules.min.js?ver=3.35.9 HTTP/1.1" 200 15944 "https://memo.carmel.wa.edu.au/" "Mozilla/5.0 AppleWebKit/537.36 (KHTML, like Gecko; compatible; GPTBot/1.3; +https://openai.com/gptbot)"
74.7.242.6 - - [06/Apr/2026:03:37:10 +0800] "GET /wp-content/plugins/elementor/assets/js/webpack.runtime.min.js?ver=3.35.9 HTTP/1.1" 200 2496 "https://memo.carmel.wa.edu.au/" "Mozilla/5.0 AppleWebKit/537.36 (KHTML, like Gecko; compatible; GPTBot/1.3; +https://openai.com/gptbot)"
74.7.242.6 - - [06/Apr/2026:03:37:11 +0800] "GET /wp-content/plugins/elementor/assets/css/widget-heading.min.css?ver=3.35.9 HTTP/1.1" 200 160 "https://memo.carmel.wa.edu.au/" "Mozilla/5.0 AppleWebKit/537.36 (KHTML, like Gecko; compatible; GPTBot/1.3; +https://openai.com/gptbot)"
69.171.231.116 - - [06/Apr/2026:04:44:05 +0800] "GET /robots.txt HTTP/1.1" 404 196 "-" "facebookexternalhit/1.1 (+http://www.facebook.com/externalhit_uatext.php)"
103.4.122.13 - - [06/Apr/2026:10:37:32 +0800] "GET /wp-cron.php HTTP/1.1" 200 - "-" "WordPress/6.9.4; https://wpmain.screwlooseit.com.au"
103.4.122.14 - - [06/Apr/2026:20:47:29 +0800] "POST /wp-cron.php?doing_wp_cron=1775479649.7895290851593017578125 HTTP/1.1" 200 - "-" "WordPress/6.9.4; https://memo.carmel.wa.edu.au"
103.4.122.13 - - [06/Apr/2026:20:47:25 +0800] "GET / HTTP/1.1" 200 29426 "https://wpmain.screwlooseit.com.au" "Mozilla/5.0 (compatible; MainWP/6.0.7; +http://mainwp.com)"
103.4.122.14 - - [06/Apr/2026:21:50:46 +0800] "POST /wp-cron.php?doing_wp_cron=1775483446.4368979930877685546875 HTTP/1.1" 200 - "-" "WordPress/6.9.4; http://memo.carmel.wa.edu.au"
205.210.31.170 - - [06/Apr/2026:21:50:45 +0800] "GET / HTTP/1.1" 200 29394 "-" "Hello from Palo Alto Networks, find out more about our scans in https://docs-cortex.paloaltonetworks.com/r/1/Cortex-Xpanse/Scanning-activity"
103.4.122.14 - - [06/Apr/2026:23:21:42 +0800] "POST /wp-cron.php?doing_wp_cron=1775488902.8427700996398925781250 HTTP/1.1" 200 - "-" "WordPress/6.9.4; http://memo.carmel.wa.edu.au"
34.30.120.124 - - [06/Apr/2026:23:21:42 +0800] "GET / HTTP/1.1" 200 7219 "-" "Mozilla/5.0 (compatible; CMS-Checker/1.0; +https://example.com)"
103.4.122.14 - - [07/Apr/2026:00:06:54 +0800] "POST /wp-cron.php?doing_wp_cron=1775491613.9727590084075927734375 HTTP/1.1" 200 - "-" "WordPress/6.9.4; http://memo.carmel.wa.edu.au"
34.30.120.124 - - [07/Apr/2026:00:06:53 +0800] "GET / HTTP/1.1" 200 29394 "-" "Mozilla/5.0 (Windows NT 10.0; Win64; x64) AppleWebKit/537.36 (KHTML, like Gecko) Chrome/78.0.3904.108 Safari/537.36"
34.30.120.124 - - [07/Apr/2026:00:06:54 +0800] "GET / HTTP/1.1" 200 29394 "-" "Mozilla/5.0 (Windows NT 10.0; Win64; x64) AppleWebKit/537.36 (KHTML, like Gecko) Chrome/78.0.3904.108 Safari/537.36"
34.30.120.124 - - [07/Apr/2026:00:06:55 +0800] "GET /wp-includes/wlwmanifest.xml HTTP/1.1" 404 196 "-" "Mozilla/5.0 (Windows NT 10.0; Win64; x64) AppleWebKit/537.36 (KHTML, like Gecko) Chrome/78.0.3904.108 Safari/537.36"
34.30.120.124 - - [07/Apr/2026:00:06:55 +0800] "GET /xmlrpc.php?rsd HTTP/1.1" 200 848 "-" "Mozilla/5.0 (Windows NT 10.0; Win64; x64) AppleWebKit/537.36 (KHTML, like Gecko) Chrome/78.0.3904.108 Safari/537.36"
34.30.120.124 - - [07/Apr/2026:00:06:56 +0800] "GET /?author=1 HTTP/1.1" 200 21047 "-" "Mozilla/5.0 (Windows NT 10.0; Win64; x64) AppleWebKit/537.36 (KHTML, like Gecko) Chrome/78.0.3904.108 Safari/537.36"
34.30.120.124 - - [07/Apr/2026:00:06:57 +0800] "GET /?author=2 HTTP/1.1" 200 20617 "-" "Mozilla/5.0 (Windows NT 10.0; Win64; x64) AppleWebKit/537.36 (KHTML, like Gecko) Chrome/78.0.3904.108 Safari/537.36"
34.30.120.124 - - [07/Apr/2026:00:06:57 +0800] "GET /wp-json/wp/v2/users/ HTTP/1.1" 403 199 "-" "Mozilla/5.0 (Windows NT 10.0; Win64; x64) AppleWebKit/537.36 (KHTML, like Gecko) Chrome/78.0.3904.108 Safari/537.36"
34.30.120.124 - - [07/Apr/2026:00:06:58 +0800] "GET /wp-json/oembed/1.0/embed?url=http://memo.carmel.wa.edu.au HTTP/1.1" 404 196 "-" "Mozilla/5.0 (Windows NT 10.0; Win64; x64) AppleWebKit/537.36 (KHTML, like Gecko) Chrome/78.0.3904.108 Safari/537.36"
34.30.120.124 - - [07/Apr/2026:00:06:58 +0800] "POST /xmlrpc.php HTTP/1.1" 200 401 "-" "Mozilla/5.0 (Windows NT 10.0; Win64; x64) AppleWebKit/537.36 (KHTML, like Gecko) Chrome/78.0.3904.108 Safari/537.36"
34.30.120.124 - - [07/Apr/2026:00:06:59 +0800] "POST /xmlrpc.php HTTP/1.1" 200 401 "-" "Mozilla/5.0 (Windows NT 10.0; Win64; x64) AppleWebKit/537.36 (KHTML, like Gecko) Chrome/78.0.3904.108 Safari/537.36"
34.30.120.124 - - [07/Apr/2026:00:07:01 +0800] "POST /xmlrpc.php HTTP/1.1" 200 401 "-" "Mozilla/5.0 (Windows NT 10.0; Win64; x64) AppleWebKit/537.36 (KHTML, like Gecko) Chrome/78.0.3904.108 Safari/537.36"
34.30.120.124 - - [07/Apr/2026:00:07:00 +0800] "POST /xmlrpc.php HTTP/1.1" 200 401 "-" "Mozilla/5.0 (Windows NT 10.0; Win64; x64) AppleWebKit/537.36 (KHTML, like Gecko) Chrome/78.0.3904.108 Safari/537.36"
34.30.120.124 - - [07/Apr/2026:00:07:02 +0800] "POST /xmlrpc.php HTTP/1.1" 403 199 "-" "Mozilla/5.0 (Windows NT 10.0; Win64; x64) AppleWebKit/537.36 (KHTML, like Gecko) Chrome/78.0.3904.108 Safari/537.36"
158.69.227.165 - - [07/Apr/2026:00:25:48 +0800] "GET /.well-known/acme-challenge/36d03e0b526e3927cc88188daba1d028key HTTP/1.0" 200 33 "-" "-"
173.252.70.1 - - [07/Apr/2026:01:29:19 +0800] "GET /robots.txt HTTP/1.1" 404 196 "-" "facebookexternalhit/1.1 (+http://www.facebook.com/externalhit_uatext.php)"
74.7.228.61 - - [07/Apr/2026:02:26:32 +0800] "GET /robots.txt HTTP/1.1" 404 196 "-" "Mozilla/5.0 (Macintosh; Intel Mac OS X 10_15_7) AppleWebKit/537.36 (KHTML, like Gecko) Chrome/131.0.0.0 Safari/537.36; compatible; OAI-SearchBot/1.3; robots.txt; +https://openai.com/searchbot"
66.249.69.198 - - [07/Apr/2026:05:11:18 +0800] "GET /robots.txt HTTP/1.1" 404 196 "-" "Mozilla/5.0 (compatible; Googlebot/2.1; +http://www.google.com/bot.html)"
161.118.247.3 - - [07/Apr/2026:08:02:42 +0800] "POST /_ignition/execute-solution HTTP/1.1" 404 196 "-" "python-requests/2.33.0"
103.4.122.14 - - [07/Apr/2026:10:06:26 +0800] "POST /wp-cron.php?doing_wp_cron=1775527586.0290369987487792968750 HTTP/1.1" 200 - "-" "WordPress/6.9.4; http://memo.carmel.wa.edu.au"
208.76.40.195 - - [07/Apr/2026:10:06:21 +0800] "GET / HTTP/1.1" 200 7218 "-" "Mozilla/5.0 (compatible; WP-Safe-Scanner/1.0)"
208.76.40.195 - - [07/Apr/2026:10:06:26 +0800] "GET /wp-content/uploads/ HTTP/1.1" 403 13 "-" "Mozilla/5.0 (compatible; WP-Safe-Scanner/1.0)"
208.76.40.195 - - [07/Apr/2026:10:06:26 +0800] "GET /wp-content/plugins/ HTTP/1.1" 200 - "-" "Mozilla/5.0 (compatible; WP-Safe-Scanner/1.0)"
208.76.40.195 - - [07/Apr/2026:10:06:27 +0800] "GET /wp-content/themes/ HTTP/1.1" 200 - "-" "Mozilla/5.0 (compatible; WP-Safe-Scanner/1.0)"
208.76.40.195 - - [07/Apr/2026:10:06:27 +0800] "GET /wp-includes/ HTTP/1.1" 403 199 "-" "Mozilla/5.0 (compatible; WP-Safe-Scanner/1.0)"
208.76.40.195 - - [07/Apr/2026:10:06:27 +0800] "GET /wp-admin/ HTTP/1.1" 302 - "-" "Mozilla/5.0 (compatible; WP-Safe-Scanner/1.0)"
208.76.40.195 - - [07/Apr/2026:10:06:28 +0800] "GET /wp-login.php?redirect_to=http%3A%2F%2Fmemo.carmel.wa.edu.au%2Fwp-admin%2F&reauth=1 HTTP/1.1" 200 1987 "-" "Mozilla/5.0 (compatible; WP-Safe-Scanner/1.0)"
103.4.122.13 - - [07/Apr/2026:10:37:31 +0800] "GET /wp-cron.php HTTP/1.1" 200 - "-" "WordPress/6.9.4; https://wpmain.screwlooseit.com.au"
45.157.54.8 - - [07/Apr/2026:10:39:00 +0800] "POST /xmlrpc.php HTTP/1.1" 200 403 "-" "Mozilla/5.0 (Windows NT 10.0; Win64; x64) AppleWebKit/537.36 (KHTML, like Gecko) Chrome/127.0.0.0 Safari/537.36"
45.157.54.8 - - [07/Apr/2026:10:39:02 +0800] "POST /xmlrpc.php HTTP/1.1" 200 403 "-" "Mozilla/5.0 (Windows NT 10.0; Win64; x64) AppleWebKit/537.36 (KHTML, like Gecko) Chrome/127.0.0.0 Safari/537.36"
103.4.122.14 - - [07/Apr/2026:12:38:17 +0800] "POST /wp-cron.php?doing_wp_cron=1775536697.0705690383911132812500 HTTP/1.1" 200 - "-" "WordPress/6.9.4; http://memo.carmel.wa.edu.au"
207.90.244.24 - - [07/Apr/2026:12:38:15 +0800] "GET / HTTP/1.1" 200 29394 "-" "Mozilla/5.0 (Windows NT 6.1) AppleWebKit/537.36 (KHTML, like Gecko) Chrome/41.0.2228.0 Safari/537.36"
207.90.244.24 - - [07/Apr/2026:12:38:19 +0800] "GET /robots.txt HTTP/1.1" 404 196 "-" "-"
207.90.244.24 - - [07/Apr/2026:12:38:22 +0800] "GET /sitemap.xml HTTP/1.1" 404 196 "-" "-"
207.90.244.24 - - [07/Apr/2026:12:38:23 +0800] "GET /.well-known/security.txt HTTP/1.1" 404 196 "-" "-"
207.90.244.24 - - [07/Apr/2026:12:38:32 +0800] "GET /favicon.ico HTTP/1.1" 404 196 "-" "Mozilla/5.0 (Windows NT 10.0; Win64; x64) AppleWebKit/537.36 (KHTML, like Gecko) Chrome/102.0.5005.63 Safari/537.36"
103.4.122.14 - - [07/Apr/2026:16:09:24 +0800] "POST /wp-cron.php?doing_wp_cron=1775549364.1143000125885009765625 HTTP/1.1" 200 - "-" "WordPress/6.9.4; https://memo.carmel.wa.edu.au"
103.4.122.13 - - [07/Apr/2026:16:09:23 +0800] "GET / HTTP/1.1" 200 29426 "https://wpmain.screwlooseit.com.au" "Mozilla/5.0 (compatible; MainWP/6.0.7; +http://mainwp.com)"
104.236.2.76 - - [07/Apr/2026:16:28:29 +0800] "GET /favicon.ico HTTP/1.1" 404 196 "http://memo.carmel.wa.edu.au/" "Mozilla/5.0 (X11; Linux x86_64) AppleWebKit/537.36 (KHTML, like Gecko) Chrome/142.0.0.0 Safari/537.36"
104.236.2.76 - - [07/Apr/2026:16:28:30 +0800] "GET / HTTP/1.1" 200 7217 "-" "Mozilla/5.0 (X11; Linux x86_64) AppleWebKit/537.36 (KHTML, like Gecko) Chrome/142.0.0.0 Safari/537.36"
104.236.2.76 - - [07/Apr/2026:16:28:28 +0800] "GET / HTTP/1.1" 200 7218 "-" "Mozilla/5.0 (X11; Linux x86_64) AppleWebKit/537.36 (KHTML, like Gecko) Chrome/142.0.0.0 Safari/537.36"
104.236.2.76 - - [07/Apr/2026:16:28:36 +0800] "GET /favicon.ico HTTP/1.1" 404 196 "https://memo.carmel.wa.edu.au/" "Mozilla/5.0 (X11; Linux x86_64) AppleWebKit/537.36 (KHTML, like Gecko) Chrome/142.0.0.0 Safari/537.36"
103.4.122.14 - - [07/Apr/2026:18:18:46 +0800] "POST /wp-cron.php?doing_wp_cron=1775557125.9444301128387451171875 HTTP/1.1" 200 - "-" "WordPress/6.9.4; https://memo.carmel.wa.edu.au"
207.90.244.15 - - [07/Apr/2026:18:18:45 +0800] "GET / HTTP/1.1" 200 29426 "-" "Mozilla/5.0 (X11; Linux x86_64) AppleWebKit/537.36 (KHTML, like Gecko) Chrome/98.0.4758.102 Safari/537.36"
207.90.244.15 - - [07/Apr/2026:18:19:11 +0800] "GET /robots.txt HTTP/1.1" 404 196 "-" "-"
207.90.244.15 - - [07/Apr/2026:18:19:12 +0800] "GET /sitemap.xml HTTP/1.1" 404 196 "-" "-"
207.90.244.15 - - [07/Apr/2026:18:19:14 +0800] "GET /.well-known/security.txt HTTP/1.1" 404 196 "-" "-"
207.90.244.15 - - [07/Apr/2026:18:19:18 +0800] "GET /favicon.ico HTTP/1.1" 404 196 "-" "Mozilla/5.0 (Windows NT 10.0; Win64; x64) AppleWebKit/537.36 (KHTML, like Gecko) Chrome/102.0.5005.63 Safari/537.36"
103.4.122.14 - - [07/Apr/2026:19:12:55 +0800] "POST /wp-cron.php?doing_wp_cron=1775560375.4480381011962890625000 HTTP/1.1" 200 - "-" "WordPress/6.9.4; http://memo.carmel.wa.edu.au"
91.92.243.235 - - [07/Apr/2026:19:12:54 +0800] "POST /wp-login.php HTTP/1.1" 200 5426 "-" "Mozilla/5.0"
91.92.243.235 - - [07/Apr/2026:19:12:54 +0800] "POST /wp-login.php HTTP/1.1" 200 5392 "-" "Mozilla/5.0"
103.4.122.14 - - [07/Apr/2026:19:12:55 +0800] "POST /wp-cron.php?doing_wp_cron=1775560375.4485609531402587890625 HTTP/1.1" 200 - "-" "WordPress/6.9.4; http://memo.carmel.wa.edu.au"
91.92.243.235 - - [07/Apr/2026:19:12:54 +0800] "POST /wp-login.php HTTP/1.1" 200 5395 "-" "Mozilla/5.0"
74.7.244.63 - - [07/Apr/2026:20:56:23 +0800] "GET /robots.txt HTTP/1.1" 404 196 "-" "Mozilla/5.0 (Macintosh; Intel Mac OS X 10_15_7) AppleWebKit/537.36 (KHTML, like Gecko) Chrome/131.0.0.0 Safari/537.36; compatible; OAI-SearchBot/1.3; robots.txt; +https://openai.com/searchbot"
69.171.231.114 - - [07/Apr/2026:21:08:54 +0800] "GET /robots.txt HTTP/1.1" 404 196 "-" "facebookexternalhit/1.1 (+http://www.facebook.com/externalhit_uatext.php)"
103.4.122.14 - - [08/Apr/2026:00:00:32 +0800] "POST /wp-cron.php?doing_wp_cron=1775577632.2214970588684082031250 HTTP/1.1" 200 - "-" "WordPress/6.9.4; https://memo.carmel.wa.edu.au"
103.4.122.13 - - [08/Apr/2026:00:00:30 +0800] "GET / HTTP/1.1" 200 29426 "https://wpmain.screwlooseit.com.au" "Mozilla/5.0 (compatible; MainWP/6.0.7; +http://mainwp.com)"
158.69.227.165 - - [08/Apr/2026:00:30:05 +0800] "GET /.well-known/acme-challenge/76265209676ff047ded2ca40f27e3942key HTTP/1.0" 200 33 "-" "-"
103.4.122.14 - - [08/Apr/2026:01:36:58 +0800] "POST /wp-cron.php?doing_wp_cron=1775583418.0811140537261962890625 HTTP/1.1" 200 - "-" "WordPress/6.9.4; https://memo.carmel.wa.edu.au"
103.4.122.13 - - [08/Apr/2026:01:36:57 +0800] "GET / HTTP/1.1" 200 29426 "https://wpmain.screwlooseit.com.au" "Mozilla/5.0 (compatible; MainWP/6.0.7; +http://mainwp.com)"
66.249.69.199 - - [08/Apr/2026:02:32:36 +0800] "GET /robots.txt HTTP/1.1" 404 196 "-" "Mozilla/5.0 (compatible; Googlebot/2.1; +http://www.google.com/bot.html)"
103.4.122.14 - - [08/Apr/2026:04:00:33 +0800] "POST /wp-cron.php?doing_wp_cron=1775592033.6898660659790039062500 HTTP/1.1" 200 - "-" "WordPress/6.9.4; https://memo.carmel.wa.edu.au"
45.64.99.120 - - [08/Apr/2026:04:00:33 +0800] "HEAD / HTTP/1.1" 200 - "-" "Mozilla/5.0 (Windows NT 10.0; Win64; x64) AppleWebKit/537.36"
45.64.99.120 - - [08/Apr/2026:04:00:36 +0800] "GET / HTTP/1.1" 200 7217 "-" "Mozilla/5.0 (Windows NT 10.0; Win64; x64) AppleWebKit/537.36"
103.4.122.14 - - [08/Apr/2026:04:50:28 +0800] "POST /wp-cron.php?doing_wp_cron=1775595028.0596539974212646484375 HTTP/1.1" 200 - "-" "WordPress/6.9.4; https://memo.carmel.wa.edu.au"
103.4.122.13 - - [08/Apr/2026:04:50:27 +0800] "GET / HTTP/1.1" 200 29426 "https://wpmain.screwlooseit.com.au" "Mozilla/5.0 (compatible; MainWP/6.0.7; +http://mainwp.com)"
103.4.122.14 - - [08/Apr/2026:06:19:14 +0800] "POST /wp-cron.php?doing_wp_cron=1775600354.0146980285644531250000 HTTP/1.1" 200 - "-" "WordPress/6.9.4; http://memo.carmel.wa.edu.au"
51.79.128.217 - - [08/Apr/2026:06:19:13 +0800] "GET / HTTP/1.1" 200 29394 "-" "Mozilla/5.0 (Windows NT 10.0; Win64; x64) AppleWebKit/537.36 (KHTML, like Gecko) Chrome/79.0 Safari/537.36"
51.79.128.217 - - [08/Apr/2026:06:19:14 +0800] "GET / HTTP/1.1" 200 29394 "-" "Mozilla/5.0 (Windows NT 10.0; Win64; x64) AppleWebKit/537.36 (KHTML, like Gecko) Chrome/79.0 Safari/537.36"
51.79.128.217 - - [08/Apr/2026:06:19:14 +0800] "GET /wp-includes/wlwmanifest.xml HTTP/1.1" 404 196 "-" "Mozilla/5.0 (Windows NT 10.0; Win64; x64) AppleWebKit/537.36 (KHTML, like Gecko) Chrome/79.0 Safari/537.36"
51.79.128.217 - - [08/Apr/2026:06:19:15 +0800] "GET /xmlrpc.php?rsd HTTP/1.1" 200 848 "-" "Mozilla/5.0 (Windows NT 10.0; Win64; x64) AppleWebKit/537.36 (KHTML, like Gecko) Chrome/79.0 Safari/537.36"
51.79.128.217 - - [08/Apr/2026:06:19:15 +0800] "GET /wp-login.php HTTP/1.1" 200 5015 "-" "Mozilla/5.0 (Windows NT 10.0; Win64; x64) AppleWebKit/537.36 (KHTML, like Gecko) Chrome/79.0 Safari/537.36"
51.79.128.217 - - [08/Apr/2026:06:19:16 +0800] "GET /?author=1 HTTP/1.1" 200 21047 "-" "Mozilla/5.0 (Windows NT 10.0; Win64; x64) AppleWebKit/537.36 (KHTML, like Gecko) Chrome/79.0 Safari/537.36"
51.79.128.217 - - [08/Apr/2026:06:19:17 +0800] "GET /?author=2 HTTP/1.1" 200 20617 "-" "Mozilla/5.0 (Windows NT 10.0; Win64; x64) AppleWebKit/537.36 (KHTML, like Gecko) Chrome/79.0 Safari/537.36"
51.79.128.217 - - [08/Apr/2026:06:19:17 +0800] "GET /wp-json/wp/v2/users/ HTTP/1.1" 403 199 "-" "Mozilla/5.0 (Windows NT 10.0; Win64; x64) AppleWebKit/537.36 (KHTML, like Gecko) Chrome/79.0 Safari/537.36"
51.79.128.217 - - [08/Apr/2026:06:19:17 +0800] "GET /wp-json/oembed/1.0/embed?url=http://memo.carmel.wa.edu.au HTTP/1.1" 404 196 "-" "Mozilla/5.0 (Windows NT 10.0; Win64; x64) AppleWebKit/537.36 (KHTML, like Gecko) Chrome/79.0 Safari/537.36"
51.79.128.217 - - [08/Apr/2026:06:19:18 +0800] "POST /xmlrpc.php HTTP/1.1" 200 401 "-" "Mozilla/5.0 (Windows NT 10.0; Win64; x64) AppleWebKit/537.36 (KHTML, like Gecko) Chrome/79.0 Safari/537.36"
51.79.128.217 - - [08/Apr/2026:06:19:18 +0800] "POST /xmlrpc.php HTTP/1.1" 200 401 "-" "Mozilla/5.0 (Windows NT 10.0; Win64; x64) AppleWebKit/537.36 (KHTML, like Gecko) Chrome/79.0 Safari/537.36"
51.79.128.217 - - [08/Apr/2026:06:19:19 +0800] "POST /xmlrpc.php HTTP/1.1" 200 401 "-" "Mozilla/5.0 (Windows NT 10.0; Win64; x64) AppleWebKit/537.36 (KHTML, like Gecko) Chrome/79.0 Safari/537.36"
51.79.128.217 - - [08/Apr/2026:06:19:20 +0800] "POST /xmlrpc.php HTTP/1.1" 200 401 "-" "Mozilla/5.0 (Windows NT 10.0; Win64; x64) AppleWebKit/537.36 (KHTML, like Gecko) Chrome/79.0 Safari/537.36"
51.79.128.217 - - [08/Apr/2026:06:19:21 +0800] "POST /xmlrpc.php HTTP/1.1" 403 199 "-" "Mozilla/5.0 (Windows NT 10.0; Win64; x64) AppleWebKit/537.36 (KHTML, like Gecko) Chrome/79.0 Safari/537.36"
51.79.128.217 - - [08/Apr/2026:06:19:21 +0800] "POST /xmlrpc.php HTTP/1.1" 403 199 "-" "Mozilla/5.0 (Windows NT 10.0; Win64; x64) AppleWebKit/537.36 (KHTML, like Gecko) Chrome/79.0 Safari/537.36"
51.79.128.217 - - [08/Apr/2026:06:19:21 +0800] "POST /xmlrpc.php HTTP/1.1" 403 199 "-" "Mozilla/5.0 (Windows NT 10.0; Win64; x64) AppleWebKit/537.36 (KHTML, like Gecko) Chrome/79.0 Safari/537.36"
51.79.128.217 - - [08/Apr/2026:06:19:21 +0800] "POST /xmlrpc.php HTTP/1.1" 403 199 "-" "Mozilla/5.0 (Windows NT 10.0; Win64; x64) AppleWebKit/537.36 (KHTML, like Gecko) Chrome/79.0 Safari/537.36"
51.79.128.217 - - [08/Apr/2026:06:19:21 +0800] "POST /xmlrpc.php HTTP/1.1" 403 199 "-" "Mozilla/5.0 (Windows NT 10.0; Win64; x64) AppleWebKit/537.36 (KHTML, like Gecko) Chrome/79.0 Safari/537.36"
51.79.128.217 - - [08/Apr/2026:06:19:22 +0800] "POST /xmlrpc.php HTTP/1.1" 403 199 "-" "Mozilla/5.0 (Windows NT 10.0; Win64; x64) AppleWebKit/537.36 (KHTML, like Gecko) Chrome/79.0 Safari/537.36"
51.79.128.217 - - [08/Apr/2026:06:19:22 +0800] "POST /xmlrpc.php HTTP/1.1" 403 199 "-" "Mozilla/5.0 (Windows NT 10.0; Win64; x64) AppleWebKit/537.36 (KHTML, like Gecko) Chrome/79.0 Safari/537.36"
51.79.128.217 - - [08/Apr/2026:06:19:22 +0800] "POST /xmlrpc.php HTTP/1.1" 403 199 "-" "Mozilla/5.0 (Windows NT 10.0; Win64; x64) AppleWebKit/537.36 (KHTML, like Gecko) Chrome/79.0 Safari/537.36"
51.79.128.217 - - [08/Apr/2026:06:19:22 +0800] "POST /xmlrpc.php HTTP/1.1" 403 199 "-" "Mozilla/5.0 (Windows NT 10.0; Win64; x64) AppleWebKit/537.36 (KHTML, like Gecko) Chrome/79.0 Safari/537.36"
51.79.128.217 - - [08/Apr/2026:06:19:23 +0800] "POST /xmlrpc.php HTTP/1.1" 403 199 "-" "Mozilla/5.0 (Windows NT 10.0; Win64; x64) AppleWebKit/537.36 (KHTML, like Gecko) Chrome/79.0 Safari/537.36"
51.79.128.217 - - [08/Apr/2026:06:19:23 +0800] "POST /xmlrpc.php HTTP/1.1" 403 199 "-" "Mozilla/5.0 (Windows NT 10.0; Win64; x64) AppleWebKit/537.36 (KHTML, like Gecko) Chrome/79.0 Safari/537.36"
51.79.128.217 - - [08/Apr/2026:06:19:23 +0800] "POST /xmlrpc.php HTTP/1.1" 403 199 "-" "Mozilla/5.0 (Windows NT 10.0; Win64; x64) AppleWebKit/537.36 (KHTML, like Gecko) Chrome/79.0 Safari/537.36"
51.79.128.217 - - [08/Apr/2026:06:19:23 +0800] "POST /xmlrpc.php HTTP/1.1" 403 199 "-" "Mozilla/5.0 (Windows NT 10.0; Win64; x64) AppleWebKit/537.36 (KHTML, like Gecko) Chrome/79.0 Safari/537.36"
51.79.128.217 - - [08/Apr/2026:06:19:23 +0800] "POST /xmlrpc.php HTTP/1.1" 403 199 "-" "Mozilla/5.0 (Windows NT 10.0; Win64; x64) AppleWebKit/537.36 (KHTML, like Gecko) Chrome/79.0 Safari/537.36"
51.79.128.217 - - [08/Apr/2026:06:19:23 +0800] "POST /xmlrpc.php HTTP/1.1" 403 199 "-" "Mozilla/5.0 (Windows NT 10.0; Win64; x64) AppleWebKit/537.36 (KHTML, like Gecko) Chrome/79.0 Safari/537.36"
51.79.128.217 - - [08/Apr/2026:06:19:24 +0800] "POST /xmlrpc.php HTTP/1.1" 403 199 "-" "Mozilla/5.0 (Windows NT 10.0; Win64; x64) AppleWebKit/537.36 (KHTML, like Gecko) Chrome/79.0 Safari/537.36"
51.79.128.217 - - [08/Apr/2026:06:19:24 +0800] "POST /xmlrpc.php HTTP/1.1" 403 199 "-" "Mozilla/5.0 (Windows NT 10.0; Win64; x64) AppleWebKit/537.36 (KHTML, like Gecko) Chrome/79.0 Safari/537.36"
51.79.128.217 - - [08/Apr/2026:06:19:22 +0800] "POST /xmlrpc.php HTTP/1.1" 403 199 "-" "Mozilla/5.0 (Windows NT 10.0; Win64; x64) AppleWebKit/537.36 (KHTML, like Gecko) Chrome/79.0 Safari/537.36"
51.79.128.217 - - [08/Apr/2026:06:19:24 +0800] "POST /xmlrpc.php HTTP/1.1" 403 199 "-" "Mozilla/5.0 (Windows NT 10.0; Win64; x64) AppleWebKit/537.36 (KHTML, like Gecko) Chrome/79.0 Safari/537.36"
51.79.128.217 - - [08/Apr/2026:06:19:24 +0800] "POST /xmlrpc.php HTTP/1.1" 403 199 "-" "Mozilla/5.0 (Windows NT 10.0; Win64; x64) AppleWebKit/537.36 (KHTML, like Gecko) Chrome/79.0 Safari/537.36"
51.79.128.217 - - [08/Apr/2026:06:19:24 +0800] "POST /xmlrpc.php HTTP/1.1" 403 199 "-" "Mozilla/5.0 (Windows NT 10.0; Win64; x64) AppleWebKit/537.36 (KHTML, like Gecko) Chrome/79.0 Safari/537.36"
