51.79.128.217 - - [08/Apr/2026:06:19:25 +0800] "POST /xmlrpc.php HTTP/1.1" 403 199 "-" "Mozilla/5.0 (Windows NT 10.0; Win64; x64) AppleWebKit/537.36 (KHTML, like Gecko) Chrome/79.0 Safari/537.36"
51.79.128.217 - - [08/Apr/2026:06:19:25 +0800] "POST /xmlrpc.php HTTP/1.1" 403 199 "-" "Mozilla/5.0 (Windows NT 10.0; Win64; x64) AppleWebKit/537.36 (KHTML, like Gecko) Chrome/79.0 Safari/537.36"
51.79.128.217 - - [08/Apr/2026:06:19:25 +0800] "POST /xmlrpc.php HTTP/1.1" 403 199 "-" "Mozilla/5.0 (Windows NT 10.0; Win64; x64) AppleWebKit/537.36 (KHTML, like Gecko) Chrome/79.0 Safari/537.36"
51.79.128.217 - - [08/Apr/2026:06:19:25 +0800] "POST /xmlrpc.php HTTP/1.1" 403 199 "-" "Mozilla/5.0 (Windows NT 10.0; Win64; x64) AppleWebKit/537.36 (KHTML, like Gecko) Chrome/79.0 Safari/537.36"
51.79.128.217 - - [08/Apr/2026:06:19:25 +0800] "POST /xmlrpc.php HTTP/1.1" 403 199 "-" "Mozilla/5.0 (Windows NT 10.0; Win64; x64) AppleWebKit/537.36 (KHTML, like Gecko) Chrome/79.0 Safari/537.36"
51.79.128.217 - - [08/Apr/2026:06:19:25 +0800] "POST /xmlrpc.php HTTP/1.1" 403 199 "-" "Mozilla/5.0 (Windows NT 10.0; Win64; x64) AppleWebKit/537.36 (KHTML, like Gecko) Chrome/79.0 Safari/537.36"
51.79.128.217 - - [08/Apr/2026:06:19:26 +0800] "POST /xmlrpc.php HTTP/1.1" 403 199 "-" "Mozilla/5.0 (Windows NT 10.0; Win64; x64) AppleWebKit/537.36 (KHTML, like Gecko) Chrome/79.0 Safari/537.36"
51.79.128.217 - - [08/Apr/2026:06:19:26 +0800] "POST /xmlrpc.php HTTP/1.1" 403 199 "-" "Mozilla/5.0 (Windows NT 10.0; Win64; x64) AppleWebKit/537.36 (KHTML, like Gecko) Chrome/79.0 Safari/537.36"
51.79.128.217 - - [08/Apr/2026:06:19:26 +0800] "POST /xmlrpc.php HTTP/1.1" 403 199 "-" "Mozilla/5.0 (Windows NT 10.0; Win64; x64) AppleWebKit/537.36 (KHTML, like Gecko) Chrome/79.0 Safari/537.36"
51.79.128.217 - - [08/Apr/2026:06:19:26 +0800] "POST /xmlrpc.php HTTP/1.1" 403 199 "-" "Mozilla/5.0 (Windows NT 10.0; Win64; x64) AppleWebKit/537.36 (KHTML, like Gecko) Chrome/79.0 Safari/537.36"
51.79.128.217 - - [08/Apr/2026:06:19:26 +0800] "POST /xmlrpc.php HTTP/1.1" 403 199 "-" "Mozilla/5.0 (Windows NT 10.0; Win64; x64) AppleWebKit/537.36 (KHTML, like Gecko) Chrome/79.0 Safari/537.36"
51.79.128.217 - - [08/Apr/2026:06:19:27 +0800] "POST /xmlrpc.php HTTP/1.1" 403 199 "-" "Mozilla/5.0 (Windows NT 10.0; Win64; x64) AppleWebKit/537.36 (KHTML, like Gecko) Chrome/79.0 Safari/537.36"
51.79.128.217 - - [08/Apr/2026:06:19:27 +0800] "POST /xmlrpc.php HTTP/1.1" 403 199 "-" "Mozilla/5.0 (Windows NT 10.0; Win64; x64) AppleWebKit/537.36 (KHTML, like Gecko) Chrome/79.0 Safari/537.36"
103.4.122.14 - - [08/Apr/2026:08:19:15 +0800] "POST /wp-cron.php?doing_wp_cron=1775607555.1133339405059814453125 HTTP/1.1" 200 - "-" "WordPress/6.9.4; http://memo.carmel.wa.edu.au"
165.22.48.62 - - [08/Apr/2026:08:19:14 +0800] "GET / HTTP/1.1" 200 7217 "-" "WP-Safe-Scanner/2.0"
165.22.48.62 - - [08/Apr/2026:08:19:15 +0800] "GET /wp-content/uploads/ HTTP/1.1" 403 13 "-" "WP-Safe-Scanner/2.0"
165.22.48.62 - - [08/Apr/2026:08:19:15 +0800] "GET /wp-content/plugins/ HTTP/1.1" 200 - "-" "WP-Safe-Scanner/2.0"
165.22.48.62 - - [08/Apr/2026:08:19:15 +0800] "GET /wp-content/themes/ HTTP/1.1" 200 - "-" "WP-Safe-Scanner/2.0"
165.22.48.62 - - [08/Apr/2026:08:19:15 +0800] "GET /wp-includes/ HTTP/1.1" 403 199 "-" "WP-Safe-Scanner/2.0"
165.22.48.62 - - [08/Apr/2026:08:19:15 +0800] "GET /wp-admin/ HTTP/1.1" 302 - "-" "WP-Safe-Scanner/2.0"
165.22.48.62 - - [08/Apr/2026:08:19:16 +0800] "GET /wp-login.php?redirect_to=http%3A%2F%2Fmemo.carmel.wa.edu.au%2Fwp-admin%2F&reauth=1 HTTP/1.1" 200 1986 "-" "WP-Safe-Scanner/2.0"
103.4.122.14 - - [08/Apr/2026:08:58:28 +0800] "POST /wp-cron.php?doing_wp_cron=1775609908.3461129665374755859375 HTTP/1.1" 200 - "-" "WordPress/6.9.4; https://memo.carmel.wa.edu.au"
103.4.122.13 - - [08/Apr/2026:08:58:27 +0800] "GET /?login_required=1&user=ACS&mainwpsignature=WSWov%2BxWKdlrhV%2FF58syXbGlit5ICNriGlTy2wLjhOskB%2FfZ52CQxSqj2k8E3oAufSEQgEZUMho5cBnGyULBU4aLeUHzvCc6Nsngsx887QyMnPClk0dGAYYbnTJ6cbdAtL4HGceNsmeq5Mrz3Wk31Xs6NmtRYz04lUX3Gp%2BvFNlSkugdZYuV0syI9vE417MhpFPLf6u6kDA3cuxIxhbDQ2XFZJa%2FHqU44dVpJNoqn%2BMcH%2F%2F%2BOYFS3a%2FcyrUl0ufJiVjMyVQNSp6aNkpZ%2BlGDv2KuulHIg3HuY8aY%2FGH%2F8WCva6BN9F6RocYLOTSUebBB1dpJLsmIBZeGp3mctXJC9w%3D%3D&nonce=9324&where=plugins.php%3F_detect_plugins_updates%3Dyes&sign_algo=7 HTTP/1.1" 302 - "-" "WordPress/6.9.4; https://wpmain.screwlooseit.com.au"
103.4.122.13 - - [08/Apr/2026:08:58:28 +0800] "GET /wp-admin/plugins.php?_detect_plugins_updates=yes HTTP/1.1" 200 23686 "-" "WordPress/6.9.4; https://wpmain.screwlooseit.com.au"
103.4.122.13 - - [08/Apr/2026:08:58:31 +0800] "POST /wp-admin/admin-ajax.php HTTP/1.1" 200 15773 "https://wpmain.screwlooseit.com.au" "Mozilla/5.0 (compatible; MainWP/6.0.8; +http://mainwp.com)"
103.4.122.13 - - [08/Apr/2026:08:59:05 +0800] "GET /?login_required=1&user=ACS&mainwpsignature=QJjCMdG6IThKSDf6nLs8geGNygHLkQEPWWZyYCqOJ%2FteE2kVK%2FsaiG7akCdxBmLnx093s8269hOd7wUDaF6r6dktWJ6ABThGFE3rb4L0X1baMveJh2DmAf%2Btl3Oqs5gzzcU3KNzN%2BVR%2FSfJkV06UDRKOdUBsn6DLGs8gLihKlSKI68xZ2lhsu1szpkIshpITw0lTfeXgUBjig8C5HQaioAYu8ZJPhqf3P0akxZHpLLtikzCUW8xBuHvCEVUTeyLOJl6lPbaU9%2B1s%2FepKYhJu%2B1L6G2%2FgE9e%2Fzdg9IdRWKNhOsroV91WjwgN56%2FGsIvb20lPodiSDnLvpiIYKsQlLrA%3D%3D&nonce=5909&where=plugins.php%3F_detect_plugins_updates%3Dyes&sign_algo=7 HTTP/1.1" 302 - "-" "WordPress/6.9.4; https://wpmain.screwlooseit.com.au"
103.4.122.13 - - [08/Apr/2026:08:59:05 +0800] "GET /wp-admin/plugins.php?_detect_plugins_updates=yes HTTP/1.1" 200 23680 "-" "WordPress/6.9.4; https://wpmain.screwlooseit.com.au"
103.4.122.13 - - [08/Apr/2026:08:59:06 +0800] "POST /wp-admin/admin-ajax.php HTTP/1.1" 200 5841 "https://wpmain.screwlooseit.com.au" "Mozilla/5.0 (compatible; MainWP/6.0.8; +http://mainwp.com)"
103.4.122.14 - - [08/Apr/2026:08:59:17 +0800] "POST /wp-admin/admin-ajax.php?action=elementor_1_elementor_updater&nonce=9ebc29264a HTTP/1.1" 400 1 "-" "WordPress/6.9.4; https://memo.carmel.wa.edu.au"
103.4.122.13 - - [08/Apr/2026:08:59:16 +0800] "HEAD / HTTP/1.1" 200 - "https://wpmain.screwlooseit.com.au" "Mozilla/5.0 (compatible; MainWP/6.0.8; +http://mainwp.com)"
103.4.122.13 - - [08/Apr/2026:10:33:08 +0800] "GET /?login_required=1&user=ACS&mainwpsignature=mxUGXHf5ZZXZGInFNbrMZB74%2FWKxQCYqIXNHwzmPjZHJBNzTGUBolc1ZKcA9T%2FuXpLEOxGfIkcVUeJr3JGe%2BIeXV%2FezL7kJwiVfw3JGF4Kuc%2B6DOLcN6sHU3qXDTiyEmVY%2BZepml0QHLhtvnZcClY%2FTxyMeiJgT4QwvGypmXRRk1ev7v87gdF26K6%2Bg1GA10zA1YvFerGv1EP%2BaxUhQkReo6AOue3uTUexLWqm2LnjHJnm%2FBpjkdI8W9nP%2FbWDX3w2QloDyodxMbte8zhBcshG3nx7YVcGqWqhM64E8SJqoZjA0wjE1zh4uzifXTzPSFmfKlbEUpbpXGeiWKkaQoLA%3D%3D&nonce=4343&where=plugins.php%3F_detect_plugins_updates%3Dyes&sign_algo=7 HTTP/1.1" 302 - "-" "WordPress/6.9.4; https://wpmain.screwlooseit.com.au"
103.4.122.13 - - [08/Apr/2026:10:33:10 +0800] "GET /wp-admin/plugins.php?_detect_plugins_updates=yes HTTP/1.1" 200 22020 "-" "WordPress/6.9.4; https://wpmain.screwlooseit.com.au"
103.4.122.13 - - [08/Apr/2026:10:33:13 +0800] "POST /wp-admin/admin-ajax.php HTTP/1.1" 200 13929 "https://wpmain.screwlooseit.com.au" "Mozilla/5.0 (compatible; MainWP/6.0.8; +http://mainwp.com)"
103.4.122.13 - - [08/Apr/2026:10:33:45 +0800] "GET /?login_required=1&user=ACS&mainwpsignature=5pRkufAIRkAnW8D2lVqYVzl5LIXopi7bC5s4pVH0%2B5z45ANRV%2BNm0c9gVAM9iOC%2FZKfBUhFPnub96YssgxCrLxO237iPSnV%2BH09eobhtBb1Ut45PdyzDJbLrPj9Mkyyzu%2FxI%2FqYKBgWx9pg5WOPlbPriiGyWZY5QNuh3irCB%2BXOqMi6qeYhV%2FfZYAIwccMdSeGHE9GDZX%2B2OkfCPnp26HNqHUnuS3kqBDkxrP%2Blk%2BCOntYlc400ZWHSiLVygqcIPhDxLcuS%2FowGpiJVwI52WqJT30QNxgkzmVuKg6q2aX9evHmvtV4RFduDwLnpOEGOVhxviyqznZHjNN7MUxxGH3Q%3D%3D&nonce=4755&where=plugins.php%3F_detect_plugins_updates%3Dyes&sign_algo=7 HTTP/1.1" 302 - "-" "WordPress/6.9.4; https://wpmain.screwlooseit.com.au"
103.4.122.13 - - [08/Apr/2026:10:33:46 +0800] "GET /wp-admin/plugins.php?_detect_plugins_updates=yes HTTP/1.1" 200 22028 "-" "WordPress/6.9.4; https://wpmain.screwlooseit.com.au"
103.4.122.13 - - [08/Apr/2026:10:33:46 +0800] "POST /wp-admin/admin-ajax.php HTTP/1.1" 200 4086 "https://wpmain.screwlooseit.com.au" "Mozilla/5.0 (compatible; MainWP/6.0.8; +http://mainwp.com)"
103.4.122.13 - - [08/Apr/2026:10:33:52 +0800] "HEAD / HTTP/1.1" 200 - "https://wpmain.screwlooseit.com.au" "Mozilla/5.0 (compatible; MainWP/6.0.8; +http://mainwp.com)"
103.4.122.14 - - [08/Apr/2026:10:37:15 +0800] "POST /wp-cron.php?doing_wp_cron=1775615834.9502880573272705078125 HTTP/1.1" 200 - "-" "WordPress/6.9.4; https://memo.carmel.wa.edu.au"
103.4.122.13 - - [08/Apr/2026:10:37:14 +0800] "GET /?login_required=1&user=ACS&mainwpsignature=WHpC0kxC8IlZQ9%2BNHZa48l4gWbqYYUYB%2Bnr3%2F3Q9ziqXppM63gt39tiWyG2rzwnw4adIsGQLR%2FEbYO7g42uZj3ZUrcEutTv84f%2BmXo1wegs6a5hmEdHL77%2FJThq0nj0uF%2BWG3aMM5C%2FB2FfY4M8D8Mmbar66AtiWUDqwG2De1b4mESBFWh42AU88baVFDmumc203zI49Yrx74aUvA0Bgjh5YJos%2B%2B%2Bla4QS3xnILpFBLrpqF%2BK9gwWpFvlEOX8Xyh%2BK%2B5i99eriLcuDRJ6TSVJOdf67v8lCVmPCIYq9mW08QEIeIpoG1rZ6sCOe%2BWYTkDkKskENc5aqJm73Kvx3FyQ%3D%3D&nonce=1210&where=plugins.php%3F_detect_plugins_updates%3Dyes&sign_algo=7 HTTP/1.1" 302 - "-" "WordPress/6.9.4; https://wpmain.screwlooseit.com.au"
103.4.122.13 - - [08/Apr/2026:10:37:15 +0800] "GET /wp-admin/plugins.php?_detect_plugins_updates=yes HTTP/1.1" 200 21352 "-" "WordPress/6.9.4; https://wpmain.screwlooseit.com.au"
103.4.122.13 - - [08/Apr/2026:10:37:17 +0800] "POST /wp-admin/admin-ajax.php HTTP/1.1" 200 11905 "https://wpmain.screwlooseit.com.au" "Mozilla/5.0 (compatible; MainWP/6.0.8; +http://mainwp.com)"
69.171.231.1 - - [08/Apr/2026:16:54:21 +0800] "GET /robots.txt HTTP/1.1" 404 196 "-" "facebookexternalhit/1.1 (+http://www.facebook.com/externalhit_uatext.php)"
103.4.122.14 - - [08/Apr/2026:18:41:30 +0800] "POST /wp-cron.php?doing_wp_cron=1775644889.8761420249938964843750 HTTP/1.1" 200 - "-" "WordPress/6.9.4; https://memo.carmel.wa.edu.au"
103.4.122.13 - - [08/Apr/2026:18:41:26 +0800] "GET / HTTP/1.1" 200 29417 "https://wpmain.screwlooseit.com.au" "Mozilla/5.0 (compatible; MainWP/6.0.8; +http://mainwp.com)"
51.38.104.194 - - [08/Apr/2026:20:27:34 +0800] "GET /wp-json/wp/v3/ HTTP/1.1" 404 196 "-" "Mozilla/5.0 (Windows NT 10.0; Win64; x64) AppleWebKit/537.36 (KHTML, like Gecko) Chrome/127.0.0.0 Safari/537.36"
51.38.104.194 - - [08/Apr/2026:20:27:34 +0800] "GET /blog-verify HTTP/1.1" 404 196 "-" "Mozilla/5.0 (Windows NT 10.0; Win64; x64) AppleWebKit/537.36 (KHTML, like Gecko) Chrome/127.0.0.0 Safari/537.36"
103.4.122.14 - - [08/Apr/2026:20:27:35 +0800] "POST /wp-cron.php?doing_wp_cron=1775651255.7427620887756347656250 HTTP/1.1" 200 - "-" "WordPress/6.9.4; https://memo.carmel.wa.edu.au"
51.38.104.194 - - [08/Apr/2026:20:27:34 +0800] "GET /?wmo_hc=k7Hx9mQp2wRt HTTP/1.1" 200 29417 "-" "Mozilla/5.0 (Windows NT 10.0; Win64; x64) AppleWebKit/537.36 (KHTML, like Gecko) Chrome/127.0.0.0 Safari/537.36"
103.4.122.14 - - [08/Apr/2026:20:51:22 +0800] "POST /wp-cron.php?doing_wp_cron=1775652682.3764140605926513671875 HTTP/1.1" 200 - "-" "WordPress/6.9.4; https://memo.carmel.wa.edu.au"
103.4.122.13 - - [08/Apr/2026:20:51:21 +0800] "GET / HTTP/1.1" 200 29417 "https://wpmain.screwlooseit.com.au" "Mozilla/5.0 (compatible; MainWP/6.0.8; +http://mainwp.com)"
103.4.122.14 - - [08/Apr/2026:23:22:49 +0800] "POST /wp-cron.php?doing_wp_cron=1775661769.7257540225982666015625 HTTP/1.1" 200 - "-" "WordPress/6.9.4; http://memo.carmel.wa.edu.au"
136.124.32.130 - - [08/Apr/2026:23:22:47 +0800] "GET / HTTP/1.1" 200 7225 "-" "Mozilla/5.0 (Windows NT 10.0; Win64; x64) AppleWebKit/537.36 (KHTML, like Gecko) Chrome/58.0.3029.110 Safari/537.36 Edge/16.16299"
136.124.32.130 - - [08/Apr/2026:23:22:50 +0800] "GET / HTTP/1.1" 200 7225 "-" "Mozilla/5.0 (Macintosh; Intel Mac OS X 10_13_4) AppleWebKit/605.1.15 (KHTML, like Gecko) Version/11.1 Safari/605.1.15"
136.124.32.104 - - [08/Apr/2026:23:22:51 +0800] "GET / HTTP/1.1" 200 7225 "-" "Mozilla/5.0 (Windows NT 10.0; Win64; x64) AppleWebKit/537.36 (KHTML, like Gecko) Chrome/58.0.3029.110 Safari/537.36 Edge/16.16299"
136.124.32.130 - - [08/Apr/2026:23:22:52 +0800] "GET / HTTP/1.1" 200 7223 "-" "Mozilla/5.0 (Windows NT 10.0; Win64; x64) AppleWebKit/537.36 (KHTML, like Gecko) Chrome/58.0.3029.110 Safari/537.36 Edge/16.16299"
136.124.32.104 - - [08/Apr/2026:23:22:53 +0800] "GET / HTTP/1.1" 200 7225 "-" "Mozilla/5.0 (Windows NT 10.0; Win64; x64) AppleWebKit/537.36 (KHTML, like Gecko) Chrome/66.0.3359.139 Safari/537.36"
136.124.32.130 - - [08/Apr/2026:23:22:53 +0800] "GET / HTTP/1.1" 200 7223 "-" "Mozilla/5.0 (Windows NT 10.0; Win64; x64; rv:59.0) Gecko/20100101 Firefox/59.0"
136.124.32.33 - - [08/Apr/2026:23:22:54 +0800] "GET / HTTP/1.1" 200 7225 "-" "Mozilla/5.0 (Windows NT 10.0; Win64; x64) AppleWebKit/537.36 (KHTML, like Gecko) Chrome/58.0.3029.110 Safari/537.36 Edge/16.16299"
136.124.32.104 - - [08/Apr/2026:23:22:54 +0800] "GET / HTTP/1.1" 200 7223 "-" "Mozilla/5.0 (Windows NT 10.0; Win64; x64) AppleWebKit/537.36 (KHTML, like Gecko) Chrome/58.0.3029.110 Safari/537.36 Edge/16.16299"
136.124.32.33 - - [08/Apr/2026:23:22:56 +0800] "GET / HTTP/1.1" 200 7225 "-" "Mozilla/5.0 (X11; Ubuntu; Linux x86_64; rv:59.0) Gecko/20100101 Firefox/59.0"
136.124.32.104 - - [08/Apr/2026:23:22:56 +0800] "GET / HTTP/1.1" 200 7223 "-" "Mozilla/5.0 (Macintosh; Intel Mac OS X 10_13_4) AppleWebKit/537.36 (KHTML, like Gecko) Chrome/66.0.3359.139 Safari/537.36"
136.124.32.33 - - [08/Apr/2026:23:22:58 +0800] "GET / HTTP/1.1" 200 7223 "-" "Mozilla/5.0 (Windows NT 10.0; Win64; x64) AppleWebKit/537.36 (KHTML, like Gecko) Chrome/58.0.3029.110 Safari/537.36 Edge/16.16299"
136.124.32.33 - - [08/Apr/2026:23:22:59 +0800] "GET / HTTP/1.1" 200 7223 "-" "Mozilla/5.0 (Macintosh; Intel Mac OS X 10_13_4) AppleWebKit/605.1.15 (KHTML, like Gecko) Version/11.1 Safari/605.1.15"
34.34.233.138 - - [08/Apr/2026:23:23:23 +0800] "GET /wp-content/plugins/elementor/assets/js/frontend-modules.min.js?ver=3.35.9 HTTP/1.1" 200 15970 "-" "Mozilla/5.0 (Macintosh; Intel Mac OS X 10_15_5) AppleWebKit/537.36 (KHTML, like Gecko) Chrome/83.0.4103.97 Safari/537.36"
34.34.233.138 - - [08/Apr/2026:23:23:23 +0800] "GET /wp-content/plugins/elementor/assets/js/webpack.runtime.min.js?ver=3.35.9 HTTP/1.1" 200 2496 "-" "Mozilla/5.0 (X11; Linux i686; rv:77.0) Gecko/20100101 Firefox/77.0"
34.34.233.138 - - [08/Apr/2026:23:23:23 +0800] "GET /wp-content/themes/hello-elementor/assets/js/hello-frontend.js?ver=3.4.7 HTTP/1.1" 200 549 "-" "Mozilla/5.0 (X11; Linux i686; rv:77.0) Gecko/20100101 Firefox/77.0"
34.34.233.138 - - [08/Apr/2026:23:23:23 +0800] "GET /wp-includes/js/jquery/ui/core.min.js?ver=1.13.3 HTTP/1.1" 200 7106 "-" "Mozilla/5.0 (X11; Linux i686; rv:77.0) Gecko/20100101 Firefox/77.0"
34.34.233.138 - - [08/Apr/2026:23:23:23 +0800] "GET /wp-content/plugins/elementor/assets/js/frontend.min.js?ver=3.35.9 HTTP/1.1" 200 10339 "-" "Mozilla/5.0 (X11; Linux x86_64) AppleWebKit/537.36 (KHTML, like Gecko) Chrome/83.0.4103.97 Safari/537.36"
34.34.233.138 - - [08/Apr/2026:23:23:23 +0800] "GET /wp-includes/js/jquery/jquery.min.js?ver=3.7.1 HTTP/1.1" 200 30368 "-" "Mozilla/5.0 (Windows NT 10.0; Win64; x64; rv:77.0) Gecko/20100101 Firefox/77.0"
34.34.233.138 - - [08/Apr/2026:23:23:23 +0800] "GET /wp-includes/js/jquery/jquery-migrate.min.js?ver=3.4.1 HTTP/1.1" 200 4872 "-" "Mozilla/5.0 (X11; Linux x86_64) AppleWebKit/537.36 (KHTML, like Gecko) Chrome/83.0.4103.97 Safari/537.36"
158.69.227.165 - - [09/Apr/2026:00:31:08 +0800] "GET /.well-known/acme-challenge/b984578c2853b24d3fb6b01721acacc9key HTTP/1.0" 200 33 "-" "-"
66.249.69.198 - - [09/Apr/2026:01:41:29 +0800] "GET /robots.txt HTTP/1.1" 404 196 "-" "Mozilla/5.0 (compatible; Googlebot/2.1; +http://www.google.com/bot.html)"
103.4.122.14 - - [09/Apr/2026:02:16:50 +0800] "POST /wp-cron.php?doing_wp_cron=1775672210.3229050636291503906250 HTTP/1.1" 200 - "-" "WordPress/6.9.4; https://memo.carmel.wa.edu.au"
103.4.122.13 - - [09/Apr/2026:02:16:49 +0800] "GET / HTTP/1.1" 200 29417 "https://wpmain.screwlooseit.com.au" "Mozilla/5.0 (compatible; MainWP/6.0.8; +http://mainwp.com)"
103.4.122.14 - - [09/Apr/2026:08:10:51 +0800] "POST /wp-cron.php?doing_wp_cron=1775693451.4713430404663085937500 HTTP/1.1" 200 - "-" "WordPress/6.9.4; https://memo.carmel.wa.edu.au"
207.90.244.24 - - [09/Apr/2026:08:10:48 +0800] "GET / HTTP/1.1" 200 29417 "-" "Mozilla/5.0 (X11; Linux x86_64) AppleWebKit/537.36 (KHTML, like Gecko) Chrome/98.0.4758.102 Safari/537.36"
207.90.244.24 - - [09/Apr/2026:08:11:15 +0800] "GET /robots.txt HTTP/1.1" 404 196 "-" "-"
207.90.244.24 - - [09/Apr/2026:08:11:19 +0800] "GET /sitemap.xml HTTP/1.1" 404 196 "-" "-"
207.90.244.24 - - [09/Apr/2026:08:11:21 +0800] "GET /.well-known/security.txt HTTP/1.1" 404 196 "-" "-"
207.90.244.24 - - [09/Apr/2026:08:11:26 +0800] "GET /favicon.ico HTTP/1.1" 404 196 "-" "Mozilla/5.0 (Windows NT 10.0; Win64; x64) AppleWebKit/537.36 (KHTML, like Gecko) Chrome/102.0.5005.63 Safari/537.36"
103.4.122.14 - - [09/Apr/2026:13:12:49 +0800] "POST /wp-cron.php?doing_wp_cron=1775711568.9589428901672363281250 HTTP/1.1" 200 - "-" "WordPress/6.9.4; https://memo.carmel.wa.edu.au"
207.90.244.16 - - [09/Apr/2026:13:12:45 +0800] "GET / HTTP/1.1" 200 29417 "-" "Mozilla/5.0 (X11; Linux x86_64) AppleWebKit/537.36 (KHTML, like Gecko) Chrome/98.0.4758.102 Safari/537.36"
69.171.231.22 - - [09/Apr/2026:13:12:49 +0800] "GET /robots.txt HTTP/1.1" 404 196 "-" "facebookexternalhit/1.1 (+http://www.facebook.com/externalhit_uatext.php)"
207.90.244.16 - - [09/Apr/2026:13:13:19 +0800] "GET /robots.txt HTTP/1.1" 404 196 "-" "-"
207.90.244.16 - - [09/Apr/2026:13:13:21 +0800] "GET /sitemap.xml HTTP/1.1" 404 196 "-" "-"
207.90.244.16 - - [09/Apr/2026:13:13:23 +0800] "GET /.well-known/security.txt HTTP/1.1" 404 196 "-" "-"
207.90.244.16 - - [09/Apr/2026:13:13:27 +0800] "GET /favicon.ico HTTP/1.1" 404 196 "-" "Mozilla/5.0 (Windows NT 10.0; Win64; x64) AppleWebKit/537.36 (KHTML, like Gecko) Chrome/102.0.5005.63 Safari/537.36"
103.4.122.14 - - [09/Apr/2026:13:18:23 +0800] "POST /wp-cron.php?doing_wp_cron=1775711903.5335268974304199218750 HTTP/1.1" 200 - "-" "WordPress/6.9.4; http://memo.carmel.wa.edu.au"
207.90.244.16 - - [09/Apr/2026:13:18:22 +0800] "GET / HTTP/1.1" 200 29385 "-" "Mozilla/5.0 (Windows NT 6.1) AppleWebKit/537.36 (KHTML, like Gecko) Chrome/41.0.2228.0 Safari/537.36"
207.90.244.16 - - [09/Apr/2026:13:18:24 +0800] "GET /robots.txt HTTP/1.1" 404 196 "-" "-"
207.90.244.16 - - [09/Apr/2026:13:18:25 +0800] "GET /sitemap.xml HTTP/1.1" 404 196 "-" "-"
207.90.244.16 - - [09/Apr/2026:13:18:27 +0800] "GET /.well-known/security.txt HTTP/1.1" 404 196 "-" "-"
207.90.244.16 - - [09/Apr/2026:13:18:30 +0800] "GET /favicon.ico HTTP/1.1" 404 196 "-" "Mozilla/5.0 (Windows NT 10.0; Win64; x64) AppleWebKit/537.36 (KHTML, like Gecko) Chrome/102.0.5005.63 Safari/537.36"
103.4.122.14 - - [09/Apr/2026:13:27:35 +0800] "POST /wp-cron.php?doing_wp_cron=1775712454.9474020004272460937500 HTTP/1.1" 200 - "-" "WordPress/6.9.4; http://memo.carmel.wa.edu.au"
207.90.244.23 - - [09/Apr/2026:13:27:33 +0800] "GET / HTTP/1.1" 200 29385 "-" "Mozilla/5.0 (Windows NT 6.1) AppleWebKit/537.36 (KHTML, like Gecko) Chrome/41.0.2228.0 Safari/537.36"
207.90.244.23 - - [09/Apr/2026:13:27:37 +0800] "GET /robots.txt HTTP/1.1" 404 196 "-" "-"
207.90.244.23 - - [09/Apr/2026:13:27:38 +0800] "GET /sitemap.xml HTTP/1.1" 404 196 "-" "-"
207.90.244.23 - - [09/Apr/2026:13:27:39 +0800] "GET /.well-known/security.txt HTTP/1.1" 404 196 "-" "-"
103.4.122.14 - - [09/Apr/2026:13:43:00 +0800] "POST /wp-cron.php?doing_wp_cron=1775713380.8802099227905273437500 HTTP/1.1" 200 - "-" "WordPress/6.9.4; https://memo.carmel.wa.edu.au"
207.90.244.23 - - [09/Apr/2026:13:42:59 +0800] "GET / HTTP/1.1" 200 29417 "-" "Mozilla/5.0 (X11; Linux x86_64) AppleWebKit/537.36 (KHTML, like Gecko) Chrome/98.0.4758.102 Safari/537.36"
207.90.244.23 - - [09/Apr/2026:13:43:32 +0800] "GET /robots.txt HTTP/1.1" 404 196 "-" "-"
207.90.244.23 - - [09/Apr/2026:13:43:34 +0800] "GET /sitemap.xml HTTP/1.1" 404 196 "-" "-"
207.90.244.23 - - [09/Apr/2026:13:43:36 +0800] "GET /.well-known/security.txt HTTP/1.1" 404 196 "-" "-"
207.90.244.23 - - [09/Apr/2026:13:43:43 +0800] "GET /favicon.ico HTTP/1.1" 404 196 "-" "Mozilla/5.0 (Windows NT 10.0; Win64; x64) AppleWebKit/537.36 (KHTML, like Gecko) Chrome/102.0.5005.63 Safari/537.36"
103.4.122.14 - - [09/Apr/2026:18:37:23 +0800] "POST /wp-cron.php?doing_wp_cron=1775731043.4550669193267822265625 HTTP/1.1" 200 - "-" "WordPress/6.9.4; http://memo.carmel.wa.edu.au"
167.71.121.87 - - [09/Apr/2026:18:37:22 +0800] "GET / HTTP/1.1" 200 29385 "-" "Mozilla/5.0 (Windows NT 6.1) AppleWebKit/537.36 (KHTML, like Gecko) Chrome/41.0.2228.0 Safari/537.36"
167.71.121.87 - - [09/Apr/2026:18:37:25 +0800] "GET /robots.txt HTTP/1.1" 404 196 "-" "-"
167.71.121.87 - - [09/Apr/2026:18:37:26 +0800] "GET /sitemap.xml HTTP/1.1" 404 196 "-" "-"
167.71.121.87 - - [09/Apr/2026:18:37:27 +0800] "GET /.well-known/security.txt HTTP/1.1" 404 196 "-" "-"
167.71.121.87 - - [09/Apr/2026:18:37:28 +0800] "GET /favicon.ico HTTP/1.1" 404 196 "-" "Mozilla/5.0 (Windows NT 10.0; Win64; x64) AppleWebKit/537.36 (KHTML, like Gecko) Chrome/102.0.5005.63 Safari/537.36"
74.7.241.181 - - [09/Apr/2026:18:55:18 +0800] "GET /robots.txt HTTP/1.1" 404 196 "-" "Mozilla/5.0 (Macintosh; Intel Mac OS X 10_15_7) AppleWebKit/537.36 (KHTML, like Gecko) Chrome/131.0.0.0 Safari/537.36; compatible; OAI-SearchBot/1.3; robots.txt; +https://openai.com/searchbot"
74.7.243.201 - - [09/Apr/2026:18:55:18 +0800] "GET / HTTP/1.1" 200 7223 "-" "Mozilla/5.0 AppleWebKit/537.36 (KHTML, like Gecko; compatible; GPTBot/1.3; +https://openai.com/gptbot)"
74.7.241.181 - - [09/Apr/2026:18:55:20 +0800] "GET /robots.txt HTTP/1.1" 404 196 "-" "Mozilla/5.0 (Macintosh; Intel Mac OS X 10_15_7) AppleWebKit/537.36 (KHTML, like Gecko) Chrome/131.0.0.0 Safari/537.36; compatible; OAI-SearchBot/1.3; robots.txt; +https://openai.com/searchbot"
74.7.243.201 - - [09/Apr/2026:18:55:21 +0800] "GET /wp-content/plugins/elementor/assets/js/frontend-modules.min.js?ver=4.0.1 HTTP/1.1" 200 15970 "https://memo.carmel.wa.edu.au/" "Mozilla/5.0 AppleWebKit/537.36 (KHTML, like Gecko; compatible; GPTBot/1.3; +https://openai.com/gptbot)"
74.7.243.201 - - [09/Apr/2026:18:55:24 +0800] "GET /wp-content/uploads/elementor/google-fonts/css/roboto.css?ver=1742691105 HTTP/1.1" 200 2873 "https://memo.carmel.wa.edu.au" "Mozilla/5.0 AppleWebKit/537.36 (KHTML, like Gecko; compatible; GPTBot/1.3; +https://openai.com/gptbot)"
74.7.243.201 - - [09/Apr/2026:18:55:27 +0800] "GET /?feed=rss2 HTTP/1.1" 200 748 "https://memo.carmel.wa.edu.au/" "Mozilla/5.0 AppleWebKit/537.36 (KHTML, like Gecko; compatible; GPTBot/1.3; +https://openai.com/gptbot)"
74.7.243.201 - - [09/Apr/2026:18:55:29 +0800] "GET /?feed=comments-rss2 HTTP/1.1" 200 749 "https://memo.carmel.wa.edu.au/" "Mozilla/5.0 AppleWebKit/537.36 (KHTML, like Gecko; compatible; GPTBot/1.3; +https://openai.com/gptbot)"
74.7.243.201 - - [09/Apr/2026:18:55:31 +0800] "GET /wp-includes/js/jquery/ui/core.min.js?ver=1.13.3 HTTP/1.1" 200 7106 "https://memo.carmel.wa.edu.au/" "Mozilla/5.0 AppleWebKit/537.36 (KHTML, like Gecko; compatible; GPTBot/1.3; +https://openai.com/gptbot)"
74.7.243.201 - - [09/Apr/2026:18:55:32 +0800] "GET /wp-includes/js/wp-emoji-release.min.js?ver=6.9.4 HTTP/1.1" 200 5375 "https://memo.carmel.wa.edu.au/" "Mozilla/5.0 AppleWebKit/537.36 (KHTML, like Gecko; compatible; GPTBot/1.3; +https://openai.com/gptbot)"
74.7.243.201 - - [09/Apr/2026:18:55:34 +0800] "GET /wp-content/uploads/elementor/css/post-10.css?ver=1775644889 HTTP/1.1" 200 398 "https://memo.carmel.wa.edu.au/" "Mozilla/5.0 AppleWebKit/537.36 (KHTML, like Gecko; compatible; GPTBot/1.3; +https://openai.com/gptbot)"
74.7.243.201 - - [09/Apr/2026:18:55:36 +0800] "GET /wp-includes/js/jquery/jquery.min.js?ver=3.7.1 HTTP/1.1" 200 30368 "https://memo.carmel.wa.edu.au/" "Mozilla/5.0 AppleWebKit/537.36 (KHTML, like Gecko; compatible; GPTBot/1.3; +https://openai.com/gptbot)"
74.7.243.201 - - [09/Apr/2026:18:55:37 +0800] "GET /wp-content/plugins/elementor/assets/css/frontend.min.css?ver=4.0.1 HTTP/1.1" 200 7271 "https://memo.carmel.wa.edu.au/" "Mozilla/5.0 AppleWebKit/537.36 (KHTML, like Gecko; compatible; GPTBot/1.3; +https://openai.com/gptbot)"
74.7.243.201 - - [09/Apr/2026:18:55:38 +0800] "GET /wp-content/uploads/elementor/css/post-14.css?ver=1775644889 HTTP/1.1" 200 782 "https://memo.carmel.wa.edu.au/" "Mozilla/5.0 AppleWebKit/537.36 (KHTML, like Gecko; compatible; GPTBot/1.3; +https://openai.com/gptbot)"
74.7.243.201 - - [09/Apr/2026:18:55:39 +0800] "GET /xmlrpc.php?rsd HTTP/1.1" 200 319 "https://memo.carmel.wa.edu.au/" "Mozilla/5.0 AppleWebKit/537.36 (KHTML, like Gecko; compatible; GPTBot/1.3; +https://openai.com/gptbot)"
74.7.243.201 - - [09/Apr/2026:18:55:40 +0800] "GET /index.php?rest_route=/wp/v2/pages/14 HTTP/1.1" 200 6396 "https://memo.carmel.wa.edu.au/" "Mozilla/5.0 AppleWebKit/537.36 (KHTML, like Gecko; compatible; GPTBot/1.3; +https://openai.com/gptbot)"
74.7.243.201 - - [09/Apr/2026:18:55:41 +0800] "GET /index.php?rest_route=%2Foembed%2F1.0%2Fembed&url=https%3A%2F%2Fmemo.carmel.wa.edu.au%2F HTTP/1.1" 200 2129 "https://memo.carmel.wa.edu.au/" "Mozilla/5.0 AppleWebKit/537.36 (KHTML, like Gecko; compatible; GPTBot/1.3; +https://openai.com/gptbot)"
74.7.243.201 - - [09/Apr/2026:18:55:42 +0800] "GET /wp-includes/js/jquery/jquery-migrate.min.js?ver=3.4.1 HTTP/1.1" 200 4872 "https://memo.carmel.wa.edu.au/" "Mozilla/5.0 AppleWebKit/537.36 (KHTML, like Gecko; compatible; GPTBot/1.3; +https://openai.com/gptbot)"
74.7.243.201 - - [09/Apr/2026:18:55:43 +0800] "GET /wp-content/plugins/elementor/assets/css/widget-heading.min.css?ver=4.0.1 HTTP/1.1" 200 160 "https://memo.carmel.wa.edu.au/" "Mozilla/5.0 AppleWebKit/537.36 (KHTML, like Gecko; compatible; GPTBot/1.3; +https://openai.com/gptbot)"
74.7.243.201 - - [09/Apr/2026:18:55:43 +0800] "GET /wp-content/plugins/elementor/assets/js/frontend.min.js?ver=4.0.1 HTTP/1.1" 200 10339 "https://memo.carmel.wa.edu.au/" "Mozilla/5.0 AppleWebKit/537.36 (KHTML, like Gecko; compatible; GPTBot/1.3; +https://openai.com/gptbot)"
74.7.243.201 - - [09/Apr/2026:18:55:44 +0800] "GET /wp-content/plugins/elementor/assets/js/webpack.runtime.min.js?ver=4.0.1 HTTP/1.1" 200 2496 "https://memo.carmel.wa.edu.au/" "Mozilla/5.0 AppleWebKit/537.36 (KHTML, like Gecko; compatible; GPTBot/1.3; +https://openai.com/gptbot)"
74.7.243.201 - - [09/Apr/2026:18:55:45 +0800] "GET /wp-content/themes/hello-elementor/assets/js/hello-frontend.js?ver=3.4.7 HTTP/1.1" 200 549 "https://memo.carmel.wa.edu.au/" "Mozilla/5.0 AppleWebKit/537.36 (KHTML, like Gecko; compatible; GPTBot/1.3; +https://openai.com/gptbot)"
74.7.243.201 - - [09/Apr/2026:18:55:45 +0800] "GET /index.php?format=xml&rest_route=%2Foembed%2F1.0%2Fembed&url=https%3A%2F%2Fmemo.carmel.wa.edu.au%2F HTTP/1.1" 200 1097 "https://memo.carmel.wa.edu.au/" "Mozilla/5.0 AppleWebKit/537.36 (KHTML, like Gecko; compatible; GPTBot/1.3; +https://openai.com/gptbot)"
74.7.243.201 - - [09/Apr/2026:18:55:46 +0800] "GET /wp-content/plugins/elementor/assets/lib/animations/styles/e-animation-float.min.css?ver=4.0.1 HTTP/1.1" 200 139 "https://memo.carmel.wa.edu.au/" "Mozilla/5.0 AppleWebKit/537.36 (KHTML, like Gecko; compatible; GPTBot/1.3; +https://openai.com/gptbot)"
74.7.243.201 - - [09/Apr/2026:18:55:46 +0800] "GET /wp-content/plugins/elementor/assets/lib/eicons/css/elementor-icons.min.css?ver=5.48.0 HTTP/1.1" 200 4455 "https://memo.carmel.wa.edu.au/" "Mozilla/5.0 AppleWebKit/537.36 (KHTML, like Gecko; compatible; GPTBot/1.3; +https://openai.com/gptbot)"
74.7.243.201 - - [09/Apr/2026:18:55:47 +0800] "GET /wp-content/plugins/elementor/assets/css/widget-image.min.css?ver=4.0.1 HTTP/1.1" 200 135 "https://memo.carmel.wa.edu.au/" "Mozilla/5.0 AppleWebKit/537.36 (KHTML, like Gecko; compatible; GPTBot/1.3; +https://openai.com/gptbot)"
74.7.243.201 - - [09/Apr/2026:18:55:48 +0800] "GET /wp-content/uploads/elementor/google-fonts/css/robotoslab.css?ver=1742691113 HTTP/1.1" 200 963 "https://memo.carmel.wa.edu.au" "Mozilla/5.0 AppleWebKit/537.36 (KHTML, like Gecko; compatible; GPTBot/1.3; +https://openai.com/gptbot)"
74.7.243.201 - - [09/Apr/2026:18:55:48 +0800] "GET /?author=1 HTTP/1.1" 200 5233 "https://memo.carmel.wa.edu.au/index.php?format=xml&rest_route=%2Foembed%2F1.0%2Fembed&url=https%3A%2F%2Fmemo.carmel.wa.edu.au%2F" "Mozilla/5.0 AppleWebKit/537.36 (KHTML, like Gecko; compatible; GPTBot/1.3; +https://openai.com/gptbot)"
74.7.243.201 - - [09/Apr/2026:18:55:49 +0800] "GET /wp-content/plugins/elementor/assets/lib/eicons/fonts/eicons.woff2?5.48.0 HTTP/1.1" 200 105704 "https://memo.carmel.wa.edu.au/wp-content/plugins/elementor/assets/lib/eicons/css/elementor-icons.min.css?ver=5.48.0" "Mozilla/5.0 AppleWebKit/537.36 (KHTML, like Gecko; compatible; GPTBot/1.3; +https://openai.com/gptbot)"
74.7.243.201 - - [09/Apr/2026:18:55:50 +0800] "GET /wp-content/plugins/elementor/assets/lib/eicons/fonts/eicons.svg?5.48.0 HTTP/1.1" 200 109693 "https://memo.carmel.wa.edu.au/wp-content/plugins/elementor/assets/lib/eicons/css/elementor-icons.min.css?ver=5.48.0" "Mozilla/5.0 AppleWebKit/537.36 (KHTML, like Gecko; compatible; GPTBot/1.3; +https://openai.com/gptbot)"
74.7.243.201 - - [09/Apr/2026:18:55:50 +0800] "GET /wp-content/plugins/elementor/assets/lib/eicons/fonts/eicons.eot?5.48.0 HTTP/1.1" 200 131304 "https://memo.carmel.wa.edu.au/wp-content/plugins/elementor/assets/lib/eicons/css/elementor-icons.min.css?ver=5.48.0" "Mozilla/5.0 AppleWebKit/537.36 (KHTML, like Gecko; compatible; GPTBot/1.3; +https://openai.com/gptbot)"
74.7.243.201 - - [09/Apr/2026:18:55:51 +0800] "GET /?p=4 HTTP/1.1" 200 6021 "https://memo.carmel.wa.edu.au/?author=1" "Mozilla/5.0 AppleWebKit/537.36 (KHTML, like Gecko; compatible; GPTBot/1.3; +https://openai.com/gptbot)"
74.7.243.201 - - [09/Apr/2026:18:55:52 +0800] "GET /wp-content/plugins/elementor/assets/lib/eicons/fonts/eicons.woff?5.48.0 HTTP/1.1" 200 130160 "https://memo.carmel.wa.edu.au/wp-content/plugins/elementor/assets/lib/eicons/css/elementor-icons.min.css?ver=5.48.0" "Mozilla/5.0 AppleWebKit/537.36 (KHTML, like Gecko; compatible; GPTBot/1.3; +https://openai.com/gptbot)"
74.7.243.201 - - [09/Apr/2026:18:55:52 +0800] "GET /wp-content/plugins/elementor/assets/lib/eicons/fonts/eicons.ttf?5.48.0 HTTP/1.1" 200 131234 "https://memo.carmel.wa.edu.au/wp-content/plugins/elementor/assets/lib/eicons/css/elementor-icons.min.css?ver=5.48.0" "Mozilla/5.0 AppleWebKit/537.36 (KHTML, like Gecko; compatible; GPTBot/1.3; +https://openai.com/gptbot)"
74.7.243.201 - - [09/Apr/2026:18:55:53 +0800] "GET /?author=1&feed=rss2 HTTP/1.1" 200 766 "https://memo.carmel.wa.edu.au/?author=1" "Mozilla/5.0 AppleWebKit/537.36 (KHTML, like Gecko; compatible; GPTBot/1.3; +https://openai.com/gptbot)"
74.7.243.201 - - [09/Apr/2026:18:55:53 +0800] "GET /index.php?rest_route=/wp/v2/users/1 HTTP/1.1" 200 900 "https://memo.carmel.wa.edu.au/?author=1" "Mozilla/5.0 AppleWebKit/537.36 (KHTML, like Gecko; compatible; GPTBot/1.3; +https://openai.com/gptbot)"
74.7.243.201 - - [09/Apr/2026:18:55:54 +0800] "GET /?p=1 HTTP/1.1" 200 6738 "https://memo.carmel.wa.edu.au/?author=1" "Mozilla/5.0 AppleWebKit/537.36 (KHTML, like Gecko; compatible; GPTBot/1.3; +https://openai.com/gptbot)"
74.7.243.201 - - [09/Apr/2026:18:55:55 +0800] "GET /wp-includes/css/dist/block-library/style.min.css?ver=6.9.4 HTTP/1.1" 200 15916 "https://memo.carmel.wa.edu.au/?author=1" "Mozilla/5.0 AppleWebKit/537.36 (KHTML, like Gecko; compatible; GPTBot/1.3; +https://openai.com/gptbot)"
74.7.243.201 - - [09/Apr/2026:18:55:56 +0800] "GET /index.php?format=xml&rest_route=%2Foembed%2F1.0%2Fembed&url=https%3A%2F%2Fmemo.carmel.wa.edu.au%2F%3Fp%3D4 HTTP/1.1" 200 1111 "https://memo.carmel.wa.edu.au/?p=4" "Mozilla/5.0 AppleWebKit/537.36 (KHTML, like Gecko; compatible; GPTBot/1.3; +https://openai.com/gptbot)"
74.7.243.201 - - [09/Apr/2026:18:55:57 +0800] "GET /wp-includes/js/comment-reply.min.js?ver=6.9.4 HTTP/1.1" 200 1375 "https://memo.carmel.wa.edu.au/?p=4" "Mozilla/5.0 AppleWebKit/537.36 (KHTML, like Gecko; compatible; GPTBot/1.3; +https://openai.com/gptbot)"
74.7.243.201 - - [09/Apr/2026:18:55:57 +0800] "GET /index.php?rest_route=%2Foembed%2F1.0%2Fembed&url=https%3A%2F%2Fmemo.carmel.wa.edu.au%2F%3Fp%3D4 HTTP/1.1" 200 2163 "https://memo.carmel.wa.edu.au/?p=4" "Mozilla/5.0 AppleWebKit/537.36 (KHTML, like Gecko; compatible; GPTBot/1.3; +https://openai.com/gptbot)"
74.7.243.201 - - [09/Apr/2026:18:55:58 +0800] "GET /?feed=rss2&p=4 HTTP/1.1" 200 424 "https://memo.carmel.wa.edu.au/?p=4" "Mozilla/5.0 AppleWebKit/537.36 (KHTML, like Gecko; compatible; GPTBot/1.3; +https://openai.com/gptbot)"
74.7.243.201 - - [09/Apr/2026:18:55:59 +0800] "GET /index.php?rest_route=/wp/v2/posts/4 HTTP/1.1" 200 2035 "https://memo.carmel.wa.edu.au/?p=4" "Mozilla/5.0 AppleWebKit/537.36 (KHTML, like Gecko; compatible; GPTBot/1.3; +https://openai.com/gptbot)"
74.7.243.201 - - [09/Apr/2026:18:56:00 +0800] "GET /index.php?rest_route=/wp/v2/posts/1 HTTP/1.1" 200 2061 "https://memo.carmel.wa.edu.au/?p=1" "Mozilla/5.0 AppleWebKit/537.36 (KHTML, like Gecko; compatible; GPTBot/1.3; +https://openai.com/gptbot)"
74.7.243.201 - - [09/Apr/2026:18:56:00 +0800] "GET /index.php?format=xml&rest_route=%2Foembed%2F1.0%2Fembed&url=https%3A%2F%2Fmemo.carmel.wa.edu.au%2F%3Fp%3D1 HTTP/1.1" 200 1108 "https://memo.carmel.wa.edu.au/?p=1" "Mozilla/5.0 AppleWebKit/537.36 (KHTML, like Gecko; compatible; GPTBot/1.3; +https://openai.com/gptbot)"
74.7.243.201 - - [09/Apr/2026:18:56:01 +0800] "GET /?feed=rss2&p=1 HTTP/1.1" 200 745 "https://memo.carmel.wa.edu.au/?p=1" "Mozilla/5.0 AppleWebKit/537.36 (KHTML, like Gecko; compatible; GPTBot/1.3; +https://openai.com/gptbot)"
74.7.243.201 - - [09/Apr/2026:18:56:02 +0800] "GET /index.php?rest_route=%2Foembed%2F1.0%2Fembed&url=https%3A%2F%2Fmemo.carmel.wa.edu.au%2F%3Fp%3D1 HTTP/1.1" 200 2163 "https://memo.carmel.wa.edu.au/?p=1" "Mozilla/5.0 AppleWebKit/537.36 (KHTML, like Gecko; compatible; GPTBot/1.3; +https://openai.com/gptbot)"
103.4.122.14 - - [09/Apr/2026:23:55:16 +0800] "POST /wp-cron.php?doing_wp_cron=1775750116.6607611179351806640625 HTTP/1.1" 200 - "-" "WordPress/6.9.4; http://memo.carmel.wa.edu.au"
207.90.244.24 - - [09/Apr/2026:23:55:15 +0800] "GET / HTTP/1.1" 200 29385 "-" "Mozilla/5.0 (Windows NT 6.1) AppleWebKit/537.36 (KHTML, like Gecko) Chrome/41.0.2228.0 Safari/537.36"
207.90.244.24 - - [09/Apr/2026:23:55:18 +0800] "GET /robots.txt HTTP/1.1" 404 196 "-" "-"
207.90.244.24 - - [09/Apr/2026:23:55:20 +0800] "GET /sitemap.xml HTTP/1.1" 404 196 "-" "-"
207.90.244.24 - - [09/Apr/2026:23:55:21 +0800] "GET /.well-known/security.txt HTTP/1.1" 404 196 "-" "-"
207.90.244.24 - - [09/Apr/2026:23:55:27 +0800] "GET /favicon.ico HTTP/1.1" 404 196 "-" "Mozilla/5.0 (Windows NT 10.0; Win64; x64) AppleWebKit/537.36 (KHTML, like Gecko) Chrome/102.0.5005.63 Safari/537.36"
158.69.227.165 - - [10/Apr/2026:00:30:41 +0800] "GET /.well-known/acme-challenge/66f87c049e5c1b789ca6cb46d11b6602key HTTP/1.0" 200 33 "-" "-"
66.249.69.199 - - [10/Apr/2026:00:59:15 +0800] "GET /robots.txt HTTP/1.1" 404 196 "-" "Mozilla/5.0 (compatible; Googlebot/2.1; +http://www.google.com/bot.html)"
103.4.122.14 - - [10/Apr/2026:01:57:53 +0800] "POST /wp-cron.php?doing_wp_cron=1775757473.2328720092773437500000 HTTP/1.1" 200 - "-" "WordPress/6.9.4; https://memo.carmel.wa.edu.au"
207.90.244.24 - - [10/Apr/2026:01:57:51 +0800] "GET / HTTP/1.1" 200 29417 "-" "Mozilla/5.0 (X11; Linux x86_64) AppleWebKit/537.36 (KHTML, like Gecko) Chrome/98.0.4758.102 Safari/537.36"
207.90.244.24 - - [10/Apr/2026:01:58:24 +0800] "GET /robots.txt HTTP/1.1" 404 196 "-" "-"
207.90.244.24 - - [10/Apr/2026:01:58:32 +0800] "GET /sitemap.xml HTTP/1.1" 404 196 "-" "-"
207.90.244.24 - - [10/Apr/2026:01:58:35 +0800] "GET /.well-known/security.txt HTTP/1.1" 404 196 "-" "-"
207.90.244.24 - - [10/Apr/2026:01:58:39 +0800] "GET /favicon.ico HTTP/1.1" 404 196 "-" "Mozilla/5.0 (Windows NT 10.0; Win64; x64) AppleWebKit/537.36 (KHTML, like Gecko) Chrome/102.0.5005.63 Safari/537.36"
91.92.243.235 - - [10/Apr/2026:02:29:00 +0800] "POST /wp-login.php HTTP/1.1" 200 5392 "-" "Mozilla/5.0"
91.92.243.235 - - [10/Apr/2026:02:29:00 +0800] "POST /wp-login.php HTTP/1.1" 200 5395 "-" "Mozilla/5.0"
91.92.243.235 - - [10/Apr/2026:02:29:00 +0800] "POST /wp-login.php HTTP/1.1" 200 5426 "-" "Mozilla/5.0"
103.4.122.14 - - [10/Apr/2026:05:12:56 +0800] "POST /wp-cron.php?doing_wp_cron=1775769175.8514020442962646484375 HTTP/1.1" 200 - "-" "WordPress/6.9.4; https://memo.carmel.wa.edu.au"
207.90.244.23 - - [10/Apr/2026:05:12:54 +0800] "GET / HTTP/1.1" 200 29417 "-" "Mozilla/5.0 (X11; Linux x86_64) AppleWebKit/537.36 (KHTML, like Gecko) Chrome/98.0.4758.102 Safari/537.36"
207.90.244.23 - - [10/Apr/2026:05:13:16 +0800] "GET /robots.txt HTTP/1.1" 404 196 "-" "-"
207.90.244.23 - - [10/Apr/2026:05:13:19 +0800] "GET /sitemap.xml HTTP/1.1" 404 196 "-" "-"
207.90.244.23 - - [10/Apr/2026:05:13:22 +0800] "GET /.well-known/security.txt HTTP/1.1" 404 196 "-" "-"
207.90.244.23 - - [10/Apr/2026:05:13:27 +0800] "GET /favicon.ico HTTP/1.1" 404 196 "-" "Mozilla/5.0 (Windows NT 10.0; Win64; x64) AppleWebKit/537.36 (KHTML, like Gecko) Chrome/102.0.5005.63 Safari/537.36"
69.171.231.112 - - [10/Apr/2026:09:20:00 +0800] "GET /robots.txt HTTP/1.1" 404 196 "-" "facebookexternalhit/1.1 (+http://www.facebook.com/externalhit_uatext.php)"
103.4.122.14 - - [10/Apr/2026:10:42:30 +0800] "POST /wp-cron.php?doing_wp_cron=1775788950.0943648815155029296875 HTTP/1.1" 200 - "-" "WordPress/6.9.4; http://memo.carmel.wa.edu.au"
207.90.244.15 - - [10/Apr/2026:10:42:26 +0800] "GET / HTTP/1.1" 200 29385 "-" "Mozilla/5.0 (Windows NT 6.1) AppleWebKit/537.36 (KHTML, like Gecko) Chrome/41.0.2228.0 Safari/537.36"
207.90.244.15 - - [10/Apr/2026:10:42:32 +0800] "GET /robots.txt HTTP/1.1" 404 196 "-" "-"
207.90.244.15 - - [10/Apr/2026:10:42:34 +0800] "GET /sitemap.xml HTTP/1.1" 404 196 "-" "-"
207.90.244.15 - - [10/Apr/2026:10:42:34 +0800] "GET /.well-known/security.txt HTTP/1.1" 404 196 "-" "-"
207.90.244.15 - - [10/Apr/2026:10:42:38 +0800] "GET /favicon.ico HTTP/1.1" 404 196 "-" "Mozilla/5.0 (Windows NT 10.0; Win64; x64) AppleWebKit/537.36 (KHTML, like Gecko) Chrome/102.0.5005.63 Safari/537.36"
207.90.244.15 - - [10/Apr/2026:10:46:45 +0800] "GET / HTTP/1.1" 200 29417 "-" "Mozilla/5.0 (X11; Linux x86_64) AppleWebKit/537.36 (KHTML, like Gecko) Chrome/98.0.4758.102 Safari/537.36"
207.90.244.15 - - [10/Apr/2026:10:47:13 +0800] "GET /robots.txt HTTP/1.1" 404 196 "-" "-"
207.90.244.15 - - [10/Apr/2026:10:47:16 +0800] "GET /sitemap.xml HTTP/1.1" 404 196 "-" "-"
207.90.244.15 - - [10/Apr/2026:10:47:18 +0800] "GET /.well-known/security.txt HTTP/1.1" 404 196 "-" "-"
207.90.244.15 - - [10/Apr/2026:10:47:23 +0800] "GET /favicon.ico HTTP/1.1" 404 196 "-" "Mozilla/5.0 (Windows NT 10.0; Win64; x64) AppleWebKit/537.36 (KHTML, like Gecko) Chrome/102.0.5005.63 Safari/537.36"
103.4.122.14 - - [10/Apr/2026:11:20:06 +0800] "POST /wp-cron.php?doing_wp_cron=1775791206.6501119136810302734375 HTTP/1.1" 200 - "-" "WordPress/6.9.4; https://memo.carmel.wa.edu.au"
143.110.194.7 - - [10/Apr/2026:11:20:05 +0800] "GET / HTTP/1.1" 200 29417 "-" "Mozilla/5.0 (X11; Linux x86_64) AppleWebKit/537.36 (KHTML, like Gecko) Chrome/98.0.4758.102 Safari/537.36"
143.110.194.7 - - [10/Apr/2026:11:20:28 +0800] "GET /robots.txt HTTP/1.1" 404 196 "-" "-"
143.110.194.7 - - [10/Apr/2026:11:20:30 +0800] "GET /sitemap.xml HTTP/1.1" 404 196 "-" "-"
143.110.194.7 - - [10/Apr/2026:11:20:34 +0800] "GET /.well-known/security.txt HTTP/1.1" 404 196 "-" "-"
143.110.194.7 - - [10/Apr/2026:11:20:38 +0800] "GET /favicon.ico HTTP/1.1" 404 196 "-" "Mozilla/5.0 (Windows NT 10.0; Win64; x64) AppleWebKit/537.36 (KHTML, like Gecko) Chrome/102.0.5005.63 Safari/537.36"
103.4.122.13 - - [10/Apr/2026:11:59:49 +0800] "GET /wp-cron.php HTTP/1.1" 200 - "-" "WordPress/6.9.4; https://wpmain.screwlooseit.com.au"
103.4.122.14 - - [10/Apr/2026:14:51:16 +0800] "POST /wp-cron.php?doing_wp_cron=1775803876.7104089260101318359375 HTTP/1.1" 200 - "-" "WordPress/6.9.4; http://memo.carmel.wa.edu.au"
103.253.27.23 - - [10/Apr/2026:14:51:15 +0800] "GET / HTTP/1.1" 200 29385 "-" "Mozilla/5.0 (Windows NT 10.0; Win64; x64) AppleWebKit/537.36 (KHTML, like Gecko) Chrome/79.0 Safari/537.36"
103.253.27.23 - - [10/Apr/2026:14:51:16 +0800] "GET / HTTP/1.1" 200 29385 "-" "Mozilla/5.0 (Windows NT 10.0; Win64; x64) AppleWebKit/537.36 (KHTML, like Gecko) Chrome/79.0 Safari/537.36"
103.253.27.23 - - [10/Apr/2026:14:51:17 +0800] "GET /wp-includes/wlwmanifest.xml HTTP/1.1" 404 196 "-" "Mozilla/5.0 (Windows NT 10.0; Win64; x64) AppleWebKit/537.36 (KHTML, like Gecko) Chrome/79.0 Safari/537.36"
103.253.27.23 - - [10/Apr/2026:14:51:17 +0800] "GET /xmlrpc.php?rsd HTTP/1.1" 200 848 "-" "Mozilla/5.0 (Windows NT 10.0; Win64; x64) AppleWebKit/537.36 (KHTML, like Gecko) Chrome/79.0 Safari/537.36"
103.253.27.23 - - [10/Apr/2026:14:51:18 +0800] "GET /wp-login.php HTTP/1.1" 200 5015 "-" "Mozilla/5.0 (Windows NT 10.0; Win64; x64) AppleWebKit/537.36 (KHTML, like Gecko) Chrome/79.0 Safari/537.36"
103.253.27.23 - - [10/Apr/2026:14:51:19 +0800] "GET /?author=1 HTTP/1.1" 200 21045 "-" "Mozilla/5.0 (Windows NT 10.0; Win64; x64) AppleWebKit/537.36 (KHTML, like Gecko) Chrome/79.0 Safari/537.36"
103.253.27.23 - - [10/Apr/2026:14:51:19 +0800] "GET /?author=2 HTTP/1.1" 200 20615 "-" "Mozilla/5.0 (Windows NT 10.0; Win64; x64) AppleWebKit/537.36 (KHTML, like Gecko) Chrome/79.0 Safari/537.36"
103.253.27.23 - - [10/Apr/2026:14:51:20 +0800] "GET /wp-json/wp/v2/users/ HTTP/1.1" 403 199 "-" "Mozilla/5.0 (Windows NT 10.0; Win64; x64) AppleWebKit/537.36 (KHTML, like Gecko) Chrome/79.0 Safari/537.36"
103.253.27.23 - - [10/Apr/2026:14:51:20 +0800] "GET /wp-json/oembed/1.0/embed?url=http://memo.carmel.wa.edu.au HTTP/1.1" 404 196 "-" "Mozilla/5.0 (Windows NT 10.0; Win64; x64) AppleWebKit/537.36 (KHTML, like Gecko) Chrome/79.0 Safari/537.36"
103.253.27.23 - - [10/Apr/2026:14:51:20 +0800] "POST /xmlrpc.php HTTP/1.1" 200 401 "-" "Mozilla/5.0 (Windows NT 10.0; Win64; x64) AppleWebKit/537.36 (KHTML, like Gecko) Chrome/79.0 Safari/537.36"
103.253.27.23 - - [10/Apr/2026:14:51:21 +0800] "POST /xmlrpc.php HTTP/1.1" 200 401 "-" "Mozilla/5.0 (Windows NT 10.0; Win64; x64) AppleWebKit/537.36 (KHTML, like Gecko) Chrome/79.0 Safari/537.36"
103.253.27.23 - - [10/Apr/2026:14:51:22 +0800] "POST /xmlrpc.php HTTP/1.1" 200 401 "-" "Mozilla/5.0 (Windows NT 10.0; Win64; x64) AppleWebKit/537.36 (KHTML, like Gecko) Chrome/79.0 Safari/537.36"
103.4.122.14 - - [10/Apr/2026:14:51:23 +0800] "POST /wp-cron.php HTTP/1.1" 200 - "-" "WordPress/6.9.4; http://memo.carmel.wa.edu.au"
103.253.27.23 - - [10/Apr/2026:14:51:23 +0800] "POST /xmlrpc.php HTTP/1.1" 200 401 "-" "Mozilla/5.0 (Windows NT 10.0; Win64; x64) AppleWebKit/537.36 (KHTML, like Gecko) Chrome/79.0 Safari/537.36"
103.253.27.23 - - [10/Apr/2026:14:51:23 +0800] "POST /xmlrpc.php HTTP/1.1" 403 199 "-" "Mozilla/5.0 (Windows NT 10.0; Win64; x64) AppleWebKit/537.36 (KHTML, like Gecko) Chrome/79.0 Safari/537.36"
103.253.27.23 - - [10/Apr/2026:14:51:24 +0800] "POST /xmlrpc.php HTTP/1.1" 403 199 "-" "Mozilla/5.0 (Windows NT 10.0; Win64; x64) AppleWebKit/537.36 (KHTML, like Gecko) Chrome/79.0 Safari/537.36"
103.4.122.14 - - [10/Apr/2026:14:51:23 +0800] "GET / HTTP/1.1" 200 7223 "-" "WordPress/6.9.4; http://memo.carmel.wa.edu.au"
103.253.27.23 - - [10/Apr/2026:14:51:24 +0800] "POST /xmlrpc.php HTTP/1.1" 403 199 "-" "Mozilla/5.0 (Windows NT 10.0; Win64; x64) AppleWebKit/537.36 (KHTML, like Gecko) Chrome/79.0 Safari/537.36"
103.253.27.23 - - [10/Apr/2026:14:51:24 +0800] "POST /xmlrpc.php HTTP/1.1" 403 199 "-" "Mozilla/5.0 (Windows NT 10.0; Win64; x64) AppleWebKit/537.36 (KHTML, like Gecko) Chrome/79.0 Safari/537.36"
103.253.27.23 - - [10/Apr/2026:14:51:24 +0800] "POST /xmlrpc.php HTTP/1.1" 403 199 "-" "Mozilla/5.0 (Windows NT 10.0; Win64; x64) AppleWebKit/537.36 (KHTML, like Gecko) Chrome/79.0 Safari/537.36"
103.253.27.23 - - [10/Apr/2026:14:51:24 +0800] "POST /xmlrpc.php HTTP/1.1" 403 199 "-" "Mozilla/5.0 (Windows NT 10.0; Win64; x64) AppleWebKit/537.36 (KHTML, like Gecko) Chrome/79.0 Safari/537.36"
103.4.122.14 - - [10/Apr/2026:14:51:24 +0800] "GET / HTTP/1.1" 200 7223 "-" "WordPress/6.9.4; http://memo.carmel.wa.edu.au"
103.253.27.23 - - [10/Apr/2026:14:51:25 +0800] "POST /xmlrpc.php HTTP/1.1" 403 199 "-" "Mozilla/5.0 (Windows NT 10.0; Win64; x64) AppleWebKit/537.36 (KHTML, like Gecko) Chrome/79.0 Safari/537.36"
103.253.27.23 - - [10/Apr/2026:14:51:25 +0800] "POST /xmlrpc.php HTTP/1.1" 403 199 "-" "Mozilla/5.0 (Windows NT 10.0; Win64; x64) AppleWebKit/537.36 (KHTML, like Gecko) Chrome/79.0 Safari/537.36"
103.253.27.23 - - [10/Apr/2026:14:51:25 +0800] "POST /xmlrpc.php HTTP/1.1" 403 199 "-" "Mozilla/5.0 (Windows NT 10.0; Win64; x64) AppleWebKit/537.36 (KHTML, like Gecko) Chrome/79.0 Safari/537.36"
103.253.27.23 - - [10/Apr/2026:14:51:25 +0800] "POST /xmlrpc.php HTTP/1.1" 403 199 "-" "Mozilla/5.0 (Windows NT 10.0; Win64; x64) AppleWebKit/537.36 (KHTML, like Gecko) Chrome/79.0 Safari/537.36"
103.4.122.14 - - [10/Apr/2026:14:51:25 +0800] "GET / HTTP/1.1" 200 7224 "-" "WordPress/6.9.4; http://memo.carmel.wa.edu.au"
103.253.27.23 - - [10/Apr/2026:14:51:25 +0800] "POST /xmlrpc.php HTTP/1.1" 403 199 "-" "Mozilla/5.0 (Windows NT 10.0; Win64; x64) AppleWebKit/537.36 (KHTML, like Gecko) Chrome/79.0 Safari/537.36"
103.253.27.23 - - [10/Apr/2026:14:51:26 +0800] "POST /xmlrpc.php HTTP/1.1" 403 199 "-" "Mozilla/5.0 (Windows NT 10.0; Win64; x64) AppleWebKit/537.36 (KHTML, like Gecko) Chrome/79.0 Safari/537.36"
103.253.27.23 - - [10/Apr/2026:14:51:26 +0800] "POST /xmlrpc.php HTTP/1.1" 403 199 "-" "Mozilla/5.0 (Windows NT 10.0; Win64; x64) AppleWebKit/537.36 (KHTML, like Gecko) Chrome/79.0 Safari/537.36"
103.253.27.23 - - [10/Apr/2026:14:51:26 +0800] "POST /xmlrpc.php HTTP/1.1" 403 199 "-" "Mozilla/5.0 (Windows NT 10.0; Win64; x64) AppleWebKit/537.36 (KHTML, like Gecko) Chrome/79.0 Safari/537.36"
103.253.27.23 - - [10/Apr/2026:14:51:26 +0800] "POST /xmlrpc.php HTTP/1.1" 403 199 "-" "Mozilla/5.0 (Windows NT 10.0; Win64; x64) AppleWebKit/537.36 (KHTML, like Gecko) Chrome/79.0 Safari/537.36"
103.253.27.23 - - [10/Apr/2026:14:51:26 +0800] "POST /xmlrpc.php HTTP/1.1" 403 199 "-" "Mozilla/5.0 (Windows NT 10.0; Win64; x64) AppleWebKit/537.36 (KHTML, like Gecko) Chrome/79.0 Safari/537.36"
103.253.27.23 - - [10/Apr/2026:14:51:27 +0800] "POST /xmlrpc.php HTTP/1.1" 403 199 "-" "Mozilla/5.0 (Windows NT 10.0; Win64; x64) AppleWebKit/537.36 (KHTML, like Gecko) Chrome/79.0 Safari/537.36"
103.253.27.23 - - [10/Apr/2026:14:51:27 +0800] "POST /xmlrpc.php HTTP/1.1" 403 199 "-" "Mozilla/5.0 (Windows NT 10.0; Win64; x64) AppleWebKit/537.36 (KHTML, like Gecko) Chrome/79.0 Safari/537.36"
103.253.27.23 - - [10/Apr/2026:14:51:27 +0800] "POST /xmlrpc.php HTTP/1.1" 403 199 "-" "Mozilla/5.0 (Windows NT 10.0; Win64; x64) AppleWebKit/537.36 (KHTML, like Gecko) Chrome/79.0 Safari/537.36"
103.4.122.14 - - [10/Apr/2026:14:51:26 +0800] "GET / HTTP/1.1" 200 7224 "-" "WordPress/6.9.4; http://memo.carmel.wa.edu.au"
103.253.27.23 - - [10/Apr/2026:14:51:27 +0800] "POST /xmlrpc.php HTTP/1.1" 403 199 "-" "Mozilla/5.0 (Windows NT 10.0; Win64; x64) AppleWebKit/537.36 (KHTML, like Gecko) Chrome/79.0 Safari/537.36"
103.253.27.23 - - [10/Apr/2026:14:51:27 +0800] "POST /xmlrpc.php HTTP/1.1" 403 199 "-" "Mozilla/5.0 (Windows NT 10.0; Win64; x64) AppleWebKit/537.36 (KHTML, like Gecko) Chrome/79.0 Safari/537.36"
103.253.27.23 - - [10/Apr/2026:14:51:27 +0800] "POST /xmlrpc.php HTTP/1.1" 403 199 "-" "Mozilla/5.0 (Windows NT 10.0; Win64; x64) AppleWebKit/537.36 (KHTML, like Gecko) Chrome/79.0 Safari/537.36"
103.253.27.23 - - [10/Apr/2026:14:51:28 +0800] "POST /xmlrpc.php HTTP/1.1" 403 199 "-" "Mozilla/5.0 (Windows NT 10.0; Win64; x64) AppleWebKit/537.36 (KHTML, like Gecko) Chrome/79.0 Safari/537.36"
103.253.27.23 - - [10/Apr/2026:14:51:28 +0800] "POST /xmlrpc.php HTTP/1.1" 403 199 "-" "Mozilla/5.0 (Windows NT 10.0; Win64; x64) AppleWebKit/537.36 (KHTML, like Gecko) Chrome/79.0 Safari/537.36"
103.4.122.14 - - [10/Apr/2026:14:51:25 +0800] "GET / HTTP/1.1" 200 7224 "-" "WordPress/6.9.4; http://memo.carmel.wa.edu.au"
103.253.27.23 - - [10/Apr/2026:14:51:28 +0800] "POST /xmlrpc.php HTTP/1.1" 403 199 "-" "Mozilla/5.0 (Windows NT 10.0; Win64; x64) AppleWebKit/537.36 (KHTML, like Gecko) Chrome/79.0 Safari/537.36"
103.253.27.23 - - [10/Apr/2026:14:51:28 +0800] "POST /xmlrpc.php HTTP/1.1" 403 199 "-" "Mozilla/5.0 (Windows NT 10.0; Win64; x64) AppleWebKit/537.36 (KHTML, like Gecko) Chrome/79.0 Safari/537.36"
103.253.27.23 - - [10/Apr/2026:14:51:28 +0800] "POST /xmlrpc.php HTTP/1.1" 403 199 "-" "Mozilla/5.0 (Windows NT 10.0; Win64; x64) AppleWebKit/537.36 (KHTML, like Gecko) Chrome/79.0 Safari/537.36"
103.253.27.23 - - [10/Apr/2026:14:51:29 +0800] "POST /xmlrpc.php HTTP/1.1" 403 199 "-" "Mozilla/5.0 (Windows NT 10.0; Win64; x64) AppleWebKit/537.36 (KHTML, like Gecko) Chrome/79.0 Safari/537.36"
103.253.27.23 - - [10/Apr/2026:14:51:29 +0800] "POST /xmlrpc.php HTTP/1.1" 403 199 "-" "Mozilla/5.0 (Windows NT 10.0; Win64; x64) AppleWebKit/537.36 (KHTML, like Gecko) Chrome/79.0 Safari/537.36"
103.253.27.23 - - [10/Apr/2026:14:51:29 +0800] "POST /xmlrpc.php HTTP/1.1" 403 199 "-" "Mozilla/5.0 (Windows NT 10.0; Win64; x64) AppleWebKit/537.36 (KHTML, like Gecko) Chrome/79.0 Safari/537.36"
103.253.27.23 - - [10/Apr/2026:14:51:29 +0800] "POST /xmlrpc.php HTTP/1.1" 403 199 "-" "Mozilla/5.0 (Windows NT 10.0; Win64; x64) AppleWebKit/537.36 (KHTML, like Gecko) Chrome/79.0 Safari/537.36"
103.253.27.23 - - [10/Apr/2026:14:51:29 +0800] "POST /xmlrpc.php HTTP/1.1" 403 199 "-" "Mozilla/5.0 (Windows NT 10.0; Win64; x64) AppleWebKit/537.36 (KHTML, like Gecko) Chrome/79.0 Safari/537.36"
103.4.122.13 - - [10/Apr/2026:15:03:33 +0800] "GET / HTTP/1.1" 200 29417 "https://wpmain.screwlooseit.com.au" "Mozilla/5.0 (compatible; MainWP/6.0.8; +http://mainwp.com)"
103.4.122.14 - - [10/Apr/2026:16:00:51 +0800] "POST /wp-cron.php?doing_wp_cron=1775808050.9883439540863037109375 HTTP/1.1" 200 - "-" "WordPress/6.9.4; https://memo.carmel.wa.edu.au"
207.90.244.16 - - [10/Apr/2026:16:00:50 +0800] "GET / HTTP/1.1" 200 29417 "-" "Mozilla/5.0 (X11; Linux x86_64) AppleWebKit/537.36 (KHTML, like Gecko) Chrome/98.0.4758.102 Safari/537.36"
