207.90.244.16 - - [10/Apr/2026:16:01:12 +0800] "GET /robots.txt HTTP/1.1" 404 196 "-" "-"
207.90.244.16 - - [10/Apr/2026:16:01:14 +0800] "GET /sitemap.xml HTTP/1.1" 404 196 "-" "-"
207.90.244.16 - - [10/Apr/2026:16:01:15 +0800] "GET /.well-known/security.txt HTTP/1.1" 404 196 "-" "-"
207.90.244.16 - - [10/Apr/2026:16:01:19 +0800] "GET /favicon.ico HTTP/1.1" 404 196 "-" "Mozilla/5.0 (Windows NT 10.0; Win64; x64) AppleWebKit/537.36 (KHTML, like Gecko) Chrome/102.0.5005.63 Safari/537.36"
103.4.122.14 - - [10/Apr/2026:17:03:26 +0800] "POST /wp-cron.php?doing_wp_cron=1775811806.5185909271240234375000 HTTP/1.1" 200 - "-" "WordPress/6.9.4; https://memo.carmel.wa.edu.au"
103.4.122.13 - - [10/Apr/2026:17:03:25 +0800] "GET / HTTP/1.1" 200 29417 "https://wpmain.screwlooseit.com.au" "Mozilla/5.0 (compatible; MainWP/6.0.8; +http://mainwp.com)"
103.4.122.14 - - [10/Apr/2026:17:36:21 +0800] "POST /wp-cron.php?doing_wp_cron=1775813780.9900529384613037109375 HTTP/1.1" 200 - "-" "WordPress/6.9.4; https://memo.carmel.wa.edu.au"
54.229.239.116 - - [10/Apr/2026:17:36:20 +0800] "GET / HTTP/1.0" 200 29417 "-" "Mozilla/5.0 (compatible; NetcraftSurveyAgent/1.0; +info@netcraft.com)"
103.4.122.14 - - [10/Apr/2026:21:37:13 +0800] "POST /wp-cron.php?doing_wp_cron=1775828233.0440189838409423828125 HTTP/1.1" 200 - "-" "WordPress/6.9.4; https://memo.carmel.wa.edu.au"
207.90.244.24 - - [10/Apr/2026:21:37:11 +0800] "GET / HTTP/1.1" 200 29417 "-" "Mozilla/5.0 (X11; Linux x86_64) AppleWebKit/537.36 (KHTML, like Gecko) Chrome/98.0.4758.102 Safari/537.36"
207.90.244.24 - - [10/Apr/2026:21:37:38 +0800] "GET /robots.txt HTTP/1.1" 404 196 "-" "-"
207.90.244.24 - - [10/Apr/2026:21:37:45 +0800] "GET /sitemap.xml HTTP/1.1" 404 196 "-" "-"
207.90.244.24 - - [10/Apr/2026:21:37:48 +0800] "GET /.well-known/security.txt HTTP/1.1" 404 196 "-" "-"
207.90.244.24 - - [10/Apr/2026:21:37:52 +0800] "GET /favicon.ico HTTP/1.1" 404 196 "-" "Mozilla/5.0 (Windows NT 10.0; Win64; x64) AppleWebKit/537.36 (KHTML, like Gecko) Chrome/102.0.5005.63 Safari/537.36"
158.69.227.165 - - [11/Apr/2026:00:32:50 +0800] "GET /.well-known/acme-challenge/2102b7dc9a279a6fd1f157a3f0cb9e5akey HTTP/1.0" 200 33 "-" "-"
103.4.122.14 - - [11/Apr/2026:01:23:44 +0800] "POST /wp-cron.php?doing_wp_cron=1775841824.3358879089355468750000 HTTP/1.1" 200 - "-" "WordPress/6.9.4; http://memo.carmel.wa.edu.au"
207.90.244.16 - - [11/Apr/2026:01:23:43 +0800] "GET / HTTP/1.1" 200 29385 "-" "Mozilla/5.0 (Windows NT 6.1) AppleWebKit/537.36 (KHTML, like Gecko) Chrome/41.0.2228.0 Safari/537.36"
207.90.244.16 - - [11/Apr/2026:01:23:48 +0800] "GET /robots.txt HTTP/1.1" 404 196 "-" "-"
207.90.244.16 - - [11/Apr/2026:01:23:51 +0800] "GET /sitemap.xml HTTP/1.1" 404 196 "-" "-"
207.90.244.16 - - [11/Apr/2026:01:23:52 +0800] "GET /.well-known/security.txt HTTP/1.1" 404 196 "-" "-"
207.90.244.16 - - [11/Apr/2026:01:23:57 +0800] "GET /favicon.ico HTTP/1.1" 404 196 "-" "Mozilla/5.0 (Windows NT 10.0; Win64; x64) AppleWebKit/537.36 (KHTML, like Gecko) Chrome/102.0.5005.63 Safari/537.36"
69.63.184.113 - - [11/Apr/2026:05:15:45 +0800] "GET /robots.txt HTTP/1.1" 404 196 "-" "facebookexternalhit/1.1 (+http://www.facebook.com/externalhit_uatext.php)"
158.94.211.252 - - [11/Apr/2026:06:55:34 +0800] "GET /license.txt HTTP/1.1" 200 7292 "-" "Mozilla/5.0"
103.4.122.14 - - [11/Apr/2026:10:17:49 +0800] "POST /wp-cron.php?doing_wp_cron=1775873869.3426449298858642578125 HTTP/1.1" 200 - "-" "WordPress/6.9.4; https://memo.carmel.wa.edu.au"
103.4.123.23 - - [11/Apr/2026:10:17:45 +0800] "GET / HTTP/1.1" 200 7224 "-" "Mozilla/5.0 (Windows NT 10.0; Win64; x64) AppleWebKit/537.36 (KHTML, like Gecko) Chrome/146.0.0.0 Safari/537.36 Edg/146.0.0.0"
103.4.123.23 - - [11/Apr/2026:10:17:48 +0800] "GET / HTTP/1.1" 200 7225 "-" "Mozilla/5.0 (Windows NT 10.0; Win64; x64) AppleWebKit/537.36 (KHTML, like Gecko) Chrome/146.0.0.0 Safari/537.36 Edg/146.0.0.0"
103.4.123.23 - - [11/Apr/2026:10:17:49 +0800] "GET /wp-content/themes/hello-elementor/assets/css/reset.css?ver=3.4.7 HTTP/1.1" 200 1792 "http://memo.carmel.wa.edu.au/" "Mozilla/5.0 (Windows NT 10.0; Win64; x64) AppleWebKit/537.36 (KHTML, like Gecko) Chrome/146.0.0.0 Safari/537.36 Edg/146.0.0.0"
103.4.123.23 - - [11/Apr/2026:10:17:49 +0800] "GET /wp-content/themes/hello-elementor/assets/css/theme.css?ver=3.4.7 HTTP/1.1" 200 1271 "http://memo.carmel.wa.edu.au/" "Mozilla/5.0 (Windows NT 10.0; Win64; x64) AppleWebKit/537.36 (KHTML, like Gecko) Chrome/146.0.0.0 Safari/537.36 Edg/146.0.0.0"
103.4.123.23 - - [11/Apr/2026:10:17:49 +0800] "GET /wp-content/themes/hello-elementor/assets/css/header-footer.css?ver=3.4.7 HTTP/1.1" 200 1423 "http://memo.carmel.wa.edu.au/" "Mozilla/5.0 (Windows NT 10.0; Win64; x64) AppleWebKit/537.36 (KHTML, like Gecko) Chrome/146.0.0.0 Safari/537.36 Edg/146.0.0.0"
103.4.123.23 - - [11/Apr/2026:10:17:49 +0800] "GET /wp-content/uploads/elementor/css/post-10.css?ver=1775644889 HTTP/1.1" 200 398 "http://memo.carmel.wa.edu.au/" "Mozilla/5.0 (Windows NT 10.0; Win64; x64) AppleWebKit/537.36 (KHTML, like Gecko) Chrome/146.0.0.0 Safari/537.36 Edg/146.0.0.0"
103.4.123.23 - - [11/Apr/2026:10:17:49 +0800] "GET /wp-content/plugins/elementor/assets/lib/eicons/css/elementor-icons.min.css?ver=5.48.0 HTTP/1.1" 200 4455 "http://memo.carmel.wa.edu.au/" "Mozilla/5.0 (Windows NT 10.0; Win64; x64) AppleWebKit/537.36 (KHTML, like Gecko) Chrome/146.0.0.0 Safari/537.36 Edg/146.0.0.0"
103.4.123.23 - - [11/Apr/2026:10:17:49 +0800] "GET /wp-content/plugins/elementor/assets/css/frontend.min.css?ver=4.0.1 HTTP/1.1" 200 7271 "http://memo.carmel.wa.edu.au/" "Mozilla/5.0 (Windows NT 10.0; Win64; x64) AppleWebKit/537.36 (KHTML, like Gecko) Chrome/146.0.0.0 Safari/537.36 Edg/146.0.0.0"
103.4.123.23 - - [11/Apr/2026:10:17:49 +0800] "GET /wp-content/plugins/elementor/assets/css/widget-heading.min.css?ver=4.0.1 HTTP/1.1" 200 160 "http://memo.carmel.wa.edu.au/" "Mozilla/5.0 (Windows NT 10.0; Win64; x64) AppleWebKit/537.36 (KHTML, like Gecko) Chrome/146.0.0.0 Safari/537.36 Edg/146.0.0.0"
103.4.123.23 - - [11/Apr/2026:10:17:49 +0800] "GET /wp-content/plugins/elementor/assets/css/widget-image.min.css?ver=4.0.1 HTTP/1.1" 200 135 "http://memo.carmel.wa.edu.au/" "Mozilla/5.0 (Windows NT 10.0; Win64; x64) AppleWebKit/537.36 (KHTML, like Gecko) Chrome/146.0.0.0 Safari/537.36 Edg/146.0.0.0"
103.4.123.23 - - [11/Apr/2026:10:17:50 +0800] "GET /wp-content/plugins/elementor/assets/lib/animations/styles/e-animation-float.min.css?ver=4.0.1 HTTP/1.1" 200 139 "http://memo.carmel.wa.edu.au/" "Mozilla/5.0 (Windows NT 10.0; Win64; x64) AppleWebKit/537.36 (KHTML, like Gecko) Chrome/146.0.0.0 Safari/537.36 Edg/146.0.0.0"
103.4.123.23 - - [11/Apr/2026:10:17:50 +0800] "GET /wp-content/uploads/elementor/css/post-14.css?ver=1775644889 HTTP/1.1" 200 782 "http://memo.carmel.wa.edu.au/" "Mozilla/5.0 (Windows NT 10.0; Win64; x64) AppleWebKit/537.36 (KHTML, like Gecko) Chrome/146.0.0.0 Safari/537.36 Edg/146.0.0.0"
103.4.123.23 - - [11/Apr/2026:10:17:50 +0800] "GET /wp-content/uploads/elementor/google-fonts/css/robotoslab.css?ver=1742691113 HTTP/1.1" 200 963 "http://memo.carmel.wa.edu.au/" "Mozilla/5.0 (Windows NT 10.0; Win64; x64) AppleWebKit/537.36 (KHTML, like Gecko) Chrome/146.0.0.0 Safari/537.36 Edg/146.0.0.0"
103.4.123.23 - - [11/Apr/2026:10:17:50 +0800] "GET /wp-content/uploads/elementor/google-fonts/css/roboto.css?ver=1742691105 HTTP/1.1" 200 2873 "http://memo.carmel.wa.edu.au/" "Mozilla/5.0 (Windows NT 10.0; Win64; x64) AppleWebKit/537.36 (KHTML, like Gecko) Chrome/146.0.0.0 Safari/537.36 Edg/146.0.0.0"
103.4.123.23 - - [11/Apr/2026:10:17:50 +0800] "GET /wp-includes/js/jquery/jquery-migrate.min.js?ver=3.4.1 HTTP/1.1" 200 4872 "http://memo.carmel.wa.edu.au/" "Mozilla/5.0 (Windows NT 10.0; Win64; x64) AppleWebKit/537.36 (KHTML, like Gecko) Chrome/146.0.0.0 Safari/537.36 Edg/146.0.0.0"
103.4.123.23 - - [11/Apr/2026:10:17:50 +0800] "GET /wp-includes/js/jquery/jquery.min.js?ver=3.7.1 HTTP/1.1" 200 30368 "http://memo.carmel.wa.edu.au/" "Mozilla/5.0 (Windows NT 10.0; Win64; x64) AppleWebKit/537.36 (KHTML, like Gecko) Chrome/146.0.0.0 Safari/537.36 Edg/146.0.0.0"
103.4.123.23 - - [11/Apr/2026:10:17:50 +0800] "GET /wp-content/themes/hello-elementor/assets/js/hello-frontend.js?ver=3.4.7 HTTP/1.1" 200 549 "http://memo.carmel.wa.edu.au/" "Mozilla/5.0 (Windows NT 10.0; Win64; x64) AppleWebKit/537.36 (KHTML, like Gecko) Chrome/146.0.0.0 Safari/537.36 Edg/146.0.0.0"
103.4.123.23 - - [11/Apr/2026:10:17:50 +0800] "GET /wp-content/uploads/2023/11/Carmel-School-logo.png HTTP/1.1" 200 73584 "http://memo.carmel.wa.edu.au/" "Mozilla/5.0 (Windows NT 10.0; Win64; x64) AppleWebKit/537.36 (KHTML, like Gecko) Chrome/146.0.0.0 Safari/537.36 Edg/146.0.0.0"
103.4.123.23 - - [11/Apr/2026:10:17:50 +0800] "GET /wp-content/plugins/elementor/assets/js/webpack.runtime.min.js?ver=4.0.1 HTTP/1.1" 200 2496 "http://memo.carmel.wa.edu.au/" "Mozilla/5.0 (Windows NT 10.0; Win64; x64) AppleWebKit/537.36 (KHTML, like Gecko) Chrome/146.0.0.0 Safari/537.36 Edg/146.0.0.0"
103.4.123.23 - - [11/Apr/2026:10:17:50 +0800] "GET /wp-content/plugins/elementor/assets/js/frontend.min.js?ver=4.0.1 HTTP/1.1" 200 10339 "http://memo.carmel.wa.edu.au/" "Mozilla/5.0 (Windows NT 10.0; Win64; x64) AppleWebKit/537.36 (KHTML, like Gecko) Chrome/146.0.0.0 Safari/537.36 Edg/146.0.0.0"
103.4.123.23 - - [11/Apr/2026:10:17:50 +0800] "GET /wp-content/plugins/elementor/assets/js/frontend-modules.min.js?ver=4.0.1 HTTP/1.1" 200 15970 "http://memo.carmel.wa.edu.au/" "Mozilla/5.0 (Windows NT 10.0; Win64; x64) AppleWebKit/537.36 (KHTML, like Gecko) Chrome/146.0.0.0 Safari/537.36 Edg/146.0.0.0"
103.4.123.23 - - [11/Apr/2026:10:17:50 +0800] "GET /wp-includes/js/jquery/ui/core.min.js?ver=1.13.3 HTTP/1.1" 200 7106 "http://memo.carmel.wa.edu.au/" "Mozilla/5.0 (Windows NT 10.0; Win64; x64) AppleWebKit/537.36 (KHTML, like Gecko) Chrome/146.0.0.0 Safari/537.36 Edg/146.0.0.0"
103.4.123.23 - - [11/Apr/2026:10:17:50 +0800] "GET /wp-content/uploads/elementor/google-fonts/fonts/roboto-kfo7cnqeu92fr1me7ksn66agldtyluama3yuba.woff2 HTTP/1.1" 200 40128 "http://memo.carmel.wa.edu.au/wp-content/uploads/elementor/google-fonts/css/roboto.css?ver=1742691105" "Mozilla/5.0 (Windows NT 10.0; Win64; x64) AppleWebKit/537.36 (KHTML, like Gecko) Chrome/146.0.0.0 Safari/537.36 Edg/146.0.0.0"
103.4.123.23 - - [11/Apr/2026:10:17:50 +0800] "GET /wp-content/plugins/elementor/assets/js/shared-frontend-handlers.03caa53373b56d3bab67.bundle.min.js HTTP/1.1" 200 2644 "http://memo.carmel.wa.edu.au/" "Mozilla/5.0 (Windows NT 10.0; Win64; x64) AppleWebKit/537.36 (KHTML, like Gecko) Chrome/146.0.0.0 Safari/537.36 Edg/146.0.0.0"
103.4.123.23 - - [11/Apr/2026:10:17:50 +0800] "GET /wp-content/plugins/elementor/assets/js/section-frontend-handlers.d85ab872da118940910d.bundle.min.js HTTP/1.1" 200 269 "http://memo.carmel.wa.edu.au/" "Mozilla/5.0 (Windows NT 10.0; Win64; x64) AppleWebKit/537.36 (KHTML, like Gecko) Chrome/146.0.0.0 Safari/537.36 Edg/146.0.0.0"
103.4.123.23 - - [11/Apr/2026:10:17:50 +0800] "GET /wp-content/plugins/elementor/assets/js/text-editor.45609661e409413f1cef.bundle.min.js HTTP/1.1" 200 648 "http://memo.carmel.wa.edu.au/" "Mozilla/5.0 (Windows NT 10.0; Win64; x64) AppleWebKit/537.36 (KHTML, like Gecko) Chrome/146.0.0.0 Safari/537.36 Edg/146.0.0.0"
103.4.123.23 - - [11/Apr/2026:10:17:50 +0800] "GET /wp-includes/js/wp-emoji-release.min.js?ver=6.9.4 HTTP/1.1" 200 5375 "http://memo.carmel.wa.edu.au/" "Mozilla/5.0 (Windows NT 10.0; Win64; x64) AppleWebKit/537.36 (KHTML, like Gecko) Chrome/146.0.0.0 Safari/537.36 Edg/146.0.0.0"
103.4.123.23 - - [11/Apr/2026:10:17:50 +0800] "GET /favicon.ico HTTP/1.1" 404 196 "http://memo.carmel.wa.edu.au/" "Mozilla/5.0 (Windows NT 10.0; Win64; x64) AppleWebKit/537.36 (KHTML, like Gecko) Chrome/146.0.0.0 Safari/537.36 Edg/146.0.0.0"
103.4.122.14 - - [11/Apr/2026:10:32:57 +0800] "POST /wp-cron.php?doing_wp_cron=1775874777.3230950832366943359375 HTTP/1.1" 200 - "-" "WordPress/6.9.4; https://memo.carmel.wa.edu.au"
103.4.122.13 - - [11/Apr/2026:10:32:56 +0800] "GET / HTTP/1.1" 200 29417 "https://wpmain.screwlooseit.com.au" "Mozilla/5.0 (compatible; MainWP/6.0.8; +http://mainwp.com)"
134.185.83.25 - - [11/Apr/2026:11:57:16 +0800] "GET /.env HTTP/1.1" 403 199 "-" "python-requests/2.33.0"
134.185.83.25 - - [11/Apr/2026:11:57:17 +0800] "GET /vendor/phpunit/phpunit/src/Util/PHP/eval-stdin.php HTTP/1.1" 404 196 "-" "python-requests/2.33.0"
134.185.83.25 - - [11/Apr/2026:11:57:17 +0800] "GET /phpunit/phpunit/src/Util/PHP/eval-stdin.php HTTP/1.1" 404 196 "-" "python-requests/2.33.0"
134.185.83.25 - - [11/Apr/2026:11:57:18 +0800] "GET /phpunit/phpunit/src/Util/PHP/eval-stdin.php HTTP/1.1" 404 196 "-" "python-requests/2.33.0"
103.4.122.14 - - [11/Apr/2026:12:26:14 +0800] "POST /wp-cron.php?doing_wp_cron=1775881574.8649909496307373046875 HTTP/1.1" 200 - "-" "WordPress/6.9.4; http://memo.carmel.wa.edu.au"
207.90.244.23 - - [11/Apr/2026:12:26:13 +0800] "GET / HTTP/1.1" 200 29385 "-" "Mozilla/5.0 (Windows NT 6.1) AppleWebKit/537.36 (KHTML, like Gecko) Chrome/41.0.2228.0 Safari/537.36"
207.90.244.23 - - [11/Apr/2026:12:26:20 +0800] "GET /robots.txt HTTP/1.1" 404 196 "-" "-"
207.90.244.23 - - [11/Apr/2026:12:26:21 +0800] "GET /sitemap.xml HTTP/1.1" 404 196 "-" "-"
207.90.244.23 - - [11/Apr/2026:12:26:26 +0800] "GET /.well-known/security.txt HTTP/1.1" 404 196 "-" "-"
207.90.244.23 - - [11/Apr/2026:12:26:30 +0800] "GET /favicon.ico HTTP/1.1" 404 196 "-" "Mozilla/5.0 (Windows NT 10.0; Win64; x64) AppleWebKit/537.36 (KHTML, like Gecko) Chrome/102.0.5005.63 Safari/537.36"
74.7.175.162 - - [11/Apr/2026:13:20:33 +0800] "GET /robots.txt HTTP/1.1" 404 196 "-" "Mozilla/5.0 (Macintosh; Intel Mac OS X 10_15_7) AppleWebKit/537.36 (KHTML, like Gecko) Chrome/131.0.0.0 Safari/537.36; compatible; OAI-SearchBot/1.3; robots.txt; +https://openai.com/searchbot"
103.4.122.13 - - [11/Apr/2026:15:52:15 +0800] "GET / HTTP/1.1" 200 29417 "https://wpmain.screwlooseit.com.au" "Mozilla/5.0 (compatible; MainWP/6.0.8; +http://mainwp.com)"
103.4.122.14 - - [11/Apr/2026:15:52:16 +0800] "POST /wp-cron.php?doing_wp_cron=1775893936.1508901119232177734375 HTTP/1.1" 200 - "-" "WordPress/6.9.4; https://memo.carmel.wa.edu.au"
168.144.39.166 - - [11/Apr/2026:17:05:59 +0800] "GET / HTTP/1.1" 200 7225 "-" "Mozilla/5.0 (compatible; WP-Safe-Scanner/1.0)"
103.4.122.14 - - [11/Apr/2026:17:06:01 +0800] "POST /wp-cron.php?doing_wp_cron=1775898360.9018468856811523437500 HTTP/1.1" 200 - "-" "WordPress/6.9.4; http://memo.carmel.wa.edu.au"
168.144.39.166 - - [11/Apr/2026:17:06:02 +0800] "GET /wp-content/uploads/ HTTP/1.1" 403 13 "-" "Mozilla/5.0 (compatible; WP-Safe-Scanner/1.0)"
168.144.39.166 - - [11/Apr/2026:17:06:02 +0800] "GET /wp-content/plugins/ HTTP/1.1" 200 - "-" "Mozilla/5.0 (compatible; WP-Safe-Scanner/1.0)"
168.144.39.166 - - [11/Apr/2026:17:06:02 +0800] "GET /wp-content/themes/ HTTP/1.1" 200 - "-" "Mozilla/5.0 (compatible; WP-Safe-Scanner/1.0)"
168.144.39.166 - - [11/Apr/2026:17:06:02 +0800] "GET /wp-includes/ HTTP/1.1" 403 199 "-" "Mozilla/5.0 (compatible; WP-Safe-Scanner/1.0)"
168.144.39.166 - - [11/Apr/2026:17:06:02 +0800] "GET /wp-admin/ HTTP/1.1" 302 - "-" "Mozilla/5.0 (compatible; WP-Safe-Scanner/1.0)"
168.144.39.166 - - [11/Apr/2026:17:06:03 +0800] "GET /wp-login.php?redirect_to=http%3A%2F%2Fmemo.carmel.wa.edu.au%2Fwp-admin%2F&reauth=1 HTTP/1.1" 200 1987 "-" "Mozilla/5.0 (compatible; WP-Safe-Scanner/1.0)"
15.204.0.80 - - [11/Apr/2026:18:50:57 +0800] "GET /wp-content/plugins/ninja-forms-uploads/assets/css/file-upload.css HTTP/1.1" 404 196 "-" "Mozilla/5.0 (Windows NT 10.0; Win64; x64) AppleWebKit/537.36 (KHTML, like Gecko) Chrome/127.0.0.0 Safari/537.36"
103.4.122.14 - - [11/Apr/2026:18:52:28 +0800] "POST /wp-cron.php?doing_wp_cron=1775904748.5436339378356933593750 HTTP/1.1" 200 - "-" "WordPress/6.9.4; https://memo.carmel.wa.edu.au"
207.90.244.16 - - [11/Apr/2026:18:52:27 +0800] "GET / HTTP/1.1" 200 29417 "-" "Mozilla/5.0 (X11; Linux x86_64) AppleWebKit/537.36 (KHTML, like Gecko) Chrome/98.0.4758.102 Safari/537.36"
15.204.0.80 - - [11/Apr/2026:18:54:56 +0800] "GET /?wmo_hc=k7Hx9mQp2wRt HTTP/1.1" 200 29417 "-" "Mozilla/5.0 (Windows NT 10.0; Win64; x64) AppleWebKit/537.36 (KHTML, like Gecko) Chrome/127.0.0.0 Safari/537.36"
103.4.122.14 - - [11/Apr/2026:23:55:25 +0800] "POST /wp-cron.php?doing_wp_cron=1775922925.4979109764099121093750 HTTP/1.1" 200 - "-" "WordPress/6.9.4; https://memo.carmel.wa.edu.au"
207.90.244.15 - - [11/Apr/2026:23:55:23 +0800] "GET / HTTP/1.1" 200 29417 "-" "Mozilla/5.0 (X11; Linux x86_64) AppleWebKit/537.36 (KHTML, like Gecko) Chrome/98.0.4758.102 Safari/537.36"
207.90.244.15 - - [11/Apr/2026:23:55:51 +0800] "GET /robots.txt HTTP/1.1" 404 196 "-" "-"
207.90.244.15 - - [11/Apr/2026:23:55:53 +0800] "GET /sitemap.xml HTTP/1.1" 404 196 "-" "-"
207.90.244.15 - - [11/Apr/2026:23:55:56 +0800] "GET /.well-known/security.txt HTTP/1.1" 404 196 "-" "-"
207.90.244.15 - - [11/Apr/2026:23:56:00 +0800] "GET /favicon.ico HTTP/1.1" 404 196 "-" "Mozilla/5.0 (Windows NT 10.0; Win64; x64) AppleWebKit/537.36 (KHTML, like Gecko) Chrome/102.0.5005.63 Safari/537.36"
158.69.227.165 - - [12/Apr/2026:00:31:03 +0800] "GET /.well-known/acme-challenge/ff9308c47a80658877376c05ae5c8113key HTTP/1.0" 200 33 "-" "-"
103.4.122.14 - - [12/Apr/2026:04:43:59 +0800] "POST /wp-cron.php?doing_wp_cron=1775940239.0583879947662353515625 HTTP/1.1" 200 - "-" "WordPress/6.9.4; https://memo.carmel.wa.edu.au"
207.90.244.24 - - [12/Apr/2026:04:43:55 +0800] "GET / HTTP/1.1" 200 29417 "-" "Mozilla/5.0 (X11; Linux x86_64) AppleWebKit/537.36 (KHTML, like Gecko) Chrome/98.0.4758.102 Safari/537.36"
207.90.244.24 - - [12/Apr/2026:04:44:26 +0800] "GET /robots.txt HTTP/1.1" 404 196 "-" "-"
207.90.244.24 - - [12/Apr/2026:04:44:28 +0800] "GET /sitemap.xml HTTP/1.1" 404 196 "-" "-"
207.90.244.24 - - [12/Apr/2026:04:44:30 +0800] "GET /.well-known/security.txt HTTP/1.1" 404 196 "-" "-"
207.90.244.24 - - [12/Apr/2026:04:44:34 +0800] "GET /favicon.ico HTTP/1.1" 404 196 "-" "Mozilla/5.0 (Windows NT 10.0; Win64; x64) AppleWebKit/537.36 (KHTML, like Gecko) Chrome/102.0.5005.63 Safari/537.36"
207.90.244.24 - - [12/Apr/2026:05:14:14 +0800] "GET / HTTP/1.1" 200 29385 "-" "Mozilla/5.0 (Windows NT 6.1) AppleWebKit/537.36 (KHTML, like Gecko) Chrome/41.0.2228.0 Safari/537.36"
207.90.244.24 - - [12/Apr/2026:05:14:17 +0800] "GET /robots.txt HTTP/1.1" 404 196 "-" "-"
207.90.244.24 - - [12/Apr/2026:05:14:18 +0800] "GET /sitemap.xml HTTP/1.1" 404 196 "-" "-"
207.90.244.24 - - [12/Apr/2026:05:14:20 +0800] "GET /.well-known/security.txt HTTP/1.1" 404 196 "-" "-"
207.90.244.24 - - [12/Apr/2026:05:14:25 +0800] "GET /favicon.ico HTTP/1.1" 404 196 "-" "Mozilla/5.0 (Windows NT 10.0; Win64; x64) AppleWebKit/537.36 (KHTML, like Gecko) Chrome/102.0.5005.63 Safari/537.36"
103.4.122.13 - - [12/Apr/2026:05:28:04 +0800] "GET / HTTP/1.1" 200 29417 "https://wpmain.screwlooseit.com.au" "Mozilla/5.0 (compatible; MainWP/6.0.8; +http://mainwp.com)"
103.4.122.13 - - [12/Apr/2026:10:37:54 +0800] "GET /wp-cron.php HTTP/1.1" 200 - "-" "WordPress/6.9.4; https://wpmain.screwlooseit.com.au"
207.90.244.16 - - [12/Apr/2026:10:52:32 +0800] "GET / HTTP/1.1" 200 29417 "-" "Mozilla/5.0 (X11; Linux x86_64) AppleWebKit/537.36 (KHTML, like Gecko) Chrome/98.0.4758.102 Safari/537.36"
207.90.244.16 - - [12/Apr/2026:10:53:06 +0800] "GET /robots.txt HTTP/1.1" 404 196 "-" "-"
207.90.244.16 - - [12/Apr/2026:10:53:13 +0800] "GET /sitemap.xml HTTP/1.1" 404 196 "-" "-"
207.90.244.16 - - [12/Apr/2026:10:53:19 +0800] "GET /.well-known/security.txt HTTP/1.1" 404 196 "-" "-"
207.90.244.16 - - [12/Apr/2026:10:53:24 +0800] "GET /favicon.ico HTTP/1.1" 404 196 "-" "Mozilla/5.0 (Windows NT 10.0; Win64; x64) AppleWebKit/537.36 (KHTML, like Gecko) Chrome/102.0.5005.63 Safari/537.36"
103.4.122.14 - - [12/Apr/2026:14:53:10 +0800] "POST /wp-cron.php?doing_wp_cron=1775976790.2713630199432373046875 HTTP/1.1" 200 - "-" "WordPress/6.9.4; http://memo.carmel.wa.edu.au"
167.71.121.87 - - [12/Apr/2026:14:53:08 +0800] "GET / HTTP/1.1" 200 29385 "-" "Mozilla/5.0 (Windows NT 6.1) AppleWebKit/537.36 (KHTML, like Gecko) Chrome/41.0.2228.0 Safari/537.36"
167.71.121.87 - - [12/Apr/2026:14:53:11 +0800] "GET /robots.txt HTTP/1.1" 404 196 "-" "-"
167.71.121.87 - - [12/Apr/2026:14:53:13 +0800] "GET /sitemap.xml HTTP/1.1" 404 196 "-" "-"
167.71.121.87 - - [12/Apr/2026:14:53:13 +0800] "GET /.well-known/security.txt HTTP/1.1" 404 196 "-" "-"
167.71.121.87 - - [12/Apr/2026:14:53:17 +0800] "GET /favicon.ico HTTP/1.1" 404 196 "-" "Mozilla/5.0 (Windows NT 10.0; Win64; x64) AppleWebKit/537.36 (KHTML, like Gecko) Chrome/102.0.5005.63 Safari/537.36"
207.90.244.16 - - [12/Apr/2026:14:55:09 +0800] "GET / HTTP/1.1" 200 29417 "-" "Mozilla/5.0 (X11; Linux x86_64) AppleWebKit/537.36 (KHTML, like Gecko) Chrome/98.0.4758.102 Safari/537.36"
207.90.244.16 - - [12/Apr/2026:14:55:33 +0800] "GET /robots.txt HTTP/1.1" 404 196 "-" "-"
207.90.244.16 - - [12/Apr/2026:14:55:35 +0800] "GET /sitemap.xml HTTP/1.1" 404 196 "-" "-"
207.90.244.16 - - [12/Apr/2026:14:55:36 +0800] "GET /.well-known/security.txt HTTP/1.1" 404 196 "-" "-"
207.90.244.16 - - [12/Apr/2026:14:55:42 +0800] "GET /favicon.ico HTTP/1.1" 404 196 "-" "Mozilla/5.0 (Windows NT 10.0; Win64; x64) AppleWebKit/537.36 (KHTML, like Gecko) Chrome/102.0.5005.63 Safari/537.36"
207.90.244.16 - - [12/Apr/2026:15:08:15 +0800] "GET / HTTP/1.1" 200 29385 "-" "Mozilla/5.0 (Windows NT 6.1) AppleWebKit/537.36 (KHTML, like Gecko) Chrome/41.0.2228.0 Safari/537.36"
207.90.244.16 - - [12/Apr/2026:15:08:17 +0800] "GET /robots.txt HTTP/1.1" 404 196 "-" "-"
207.90.244.16 - - [12/Apr/2026:15:08:18 +0800] "GET /sitemap.xml HTTP/1.1" 404 196 "-" "-"
207.90.244.16 - - [12/Apr/2026:15:08:20 +0800] "GET /.well-known/security.txt HTTP/1.1" 404 196 "-" "-"
103.4.122.14 - - [12/Apr/2026:17:43:56 +0800] "POST /wp-cron.php?doing_wp_cron=1775987036.2071650028228759765625 HTTP/1.1" 200 - "-" "WordPress/6.9.4; https://memo.carmel.wa.edu.au"
103.4.122.13 - - [12/Apr/2026:17:43:55 +0800] "GET / HTTP/1.1" 200 29417 "https://wpmain.screwlooseit.com.au" "Mozilla/5.0 (compatible; MainWP/6.0.8; +http://mainwp.com)"
74.7.175.162 - - [12/Apr/2026:19:10:48 +0800] "GET /robots.txt HTTP/1.1" 404 196 "-" "Mozilla/5.0 (Macintosh; Intel Mac OS X 10_15_7) AppleWebKit/537.36 (KHTML, like Gecko) Chrome/131.0.0.0 Safari/537.36; compatible; OAI-SearchBot/1.3; robots.txt; +https://openai.com/searchbot"
103.4.122.14 - - [12/Apr/2026:20:23:08 +0800] "POST /wp-cron.php?doing_wp_cron=1775996588.0869159698486328125000 HTTP/1.1" 200 - "-" "WordPress/6.9.4; http://memo.carmel.wa.edu.au"
207.90.244.24 - - [12/Apr/2026:20:23:07 +0800] "GET / HTTP/1.1" 200 29385 "-" "Mozilla/5.0 (Windows NT 6.1) AppleWebKit/537.36 (KHTML, like Gecko) Chrome/41.0.2228.0 Safari/537.36"
207.90.244.24 - - [12/Apr/2026:20:23:11 +0800] "GET /robots.txt HTTP/1.1" 404 196 "-" "-"
207.90.244.24 - - [12/Apr/2026:20:23:12 +0800] "GET /sitemap.xml HTTP/1.1" 404 196 "-" "-"
207.90.244.24 - - [12/Apr/2026:20:23:14 +0800] "GET /.well-known/security.txt HTTP/1.1" 404 196 "-" "-"
207.90.244.24 - - [12/Apr/2026:20:23:20 +0800] "GET /favicon.ico HTTP/1.1" 404 196 "-" "Mozilla/5.0 (Windows NT 10.0; Win64; x64) AppleWebKit/537.36 (KHTML, like Gecko) Chrome/102.0.5005.63 Safari/537.36"
66.249.69.199 - - [12/Apr/2026:20:44:25 +0800] "GET /robots.txt HTTP/1.1" 404 196 "-" "Mozilla/5.0 (compatible; Googlebot/2.1; +http://www.google.com/bot.html)"
103.4.122.14 - - [12/Apr/2026:20:47:00 +0800] "POST /wp-cron.php?doing_wp_cron=1775998020.3996460437774658203125 HTTP/1.1" 200 - "-" "WordPress/6.9.4; https://memo.carmel.wa.edu.au"
45.157.54.13 - - [12/Apr/2026:20:46:59 +0800] "POST /xmlrpc.php HTTP/1.1" 200 403 "-" "Mozilla/5.0 (Windows NT 10.0; Win64; x64) AppleWebKit/537.36 (KHTML, like Gecko) Chrome/127.0.0.0 Safari/537.36"
207.90.244.24 - - [12/Apr/2026:21:10:11 +0800] "GET / HTTP/1.1" 200 29417 "-" "Mozilla/5.0 (X11; Linux x86_64) AppleWebKit/537.36 (KHTML, like Gecko) Chrome/98.0.4758.102 Safari/537.36"
207.90.244.24 - - [12/Apr/2026:21:10:39 +0800] "GET /robots.txt HTTP/1.1" 404 196 "-" "-"
207.90.244.24 - - [12/Apr/2026:21:10:41 +0800] "GET /sitemap.xml HTTP/1.1" 404 196 "-" "-"
207.90.244.24 - - [12/Apr/2026:21:10:43 +0800] "GET /.well-known/security.txt HTTP/1.1" 404 196 "-" "-"
207.90.244.24 - - [12/Apr/2026:21:10:46 +0800] "GET /favicon.ico HTTP/1.1" 404 196 "-" "Mozilla/5.0 (Windows NT 10.0; Win64; x64) AppleWebKit/537.36 (KHTML, like Gecko) Chrome/102.0.5005.63 Safari/537.36"
158.69.227.165 - - [13/Apr/2026:00:33:33 +0800] "GET /.well-known/acme-challenge/0da9ca116690027125cc354bd0ce74d4key HTTP/1.0" 200 33 "-" "-"
103.4.122.14 - - [13/Apr/2026:01:07:44 +0800] "POST /wp-cron.php?doing_wp_cron=1776013664.2954139709472656250000 HTTP/1.1" 200 - "-" "WordPress/6.9.4; http://memo.carmel.wa.edu.au"
207.90.244.16 - - [13/Apr/2026:01:07:43 +0800] "GET / HTTP/1.1" 200 29382 "-" "Mozilla/5.0 (Windows NT 6.1) AppleWebKit/537.36 (KHTML, like Gecko) Chrome/41.0.2228.0 Safari/537.36"
207.90.244.16 - - [13/Apr/2026:01:07:51 +0800] "GET /robots.txt HTTP/1.1" 404 196 "-" "-"
207.90.244.16 - - [13/Apr/2026:01:07:52 +0800] "GET /sitemap.xml HTTP/1.1" 404 196 "-" "-"
207.90.244.16 - - [13/Apr/2026:01:07:53 +0800] "GET /.well-known/security.txt HTTP/1.1" 404 196 "-" "-"
207.90.244.16 - - [13/Apr/2026:01:07:56 +0800] "GET /favicon.ico HTTP/1.1" 404 196 "-" "Mozilla/5.0 (Windows NT 10.0; Win64; x64) AppleWebKit/537.36 (KHTML, like Gecko) Chrome/102.0.5005.63 Safari/537.36"
103.4.122.14 - - [13/Apr/2026:01:50:24 +0800] "POST /wp-cron.php?doing_wp_cron=1776016224.0557780265808105468750 HTTP/1.1" 200 - "-" "WordPress/6.9.4; https://memo.carmel.wa.edu.au"
207.90.244.16 - - [13/Apr/2026:01:50:23 +0800] "GET / HTTP/1.1" 200 29414 "-" "Mozilla/5.0 (X11; Linux x86_64) AppleWebKit/537.36 (KHTML, like Gecko) Chrome/98.0.4758.102 Safari/537.36"
207.90.244.16 - - [13/Apr/2026:01:51:08 +0800] "GET /robots.txt HTTP/1.1" 404 196 "-" "-"
207.90.244.16 - - [13/Apr/2026:01:51:10 +0800] "GET /sitemap.xml HTTP/1.1" 404 196 "-" "-"
207.90.244.16 - - [13/Apr/2026:01:51:11 +0800] "GET /.well-known/security.txt HTTP/1.1" 404 196 "-" "-"
207.90.244.16 - - [13/Apr/2026:01:51:14 +0800] "GET /favicon.ico HTTP/1.1" 404 196 "-" "Mozilla/5.0 (Windows NT 10.0; Win64; x64) AppleWebKit/537.36 (KHTML, like Gecko) Chrome/102.0.5005.63 Safari/537.36"
103.4.122.14 - - [13/Apr/2026:04:08:52 +0800] "POST /wp-cron.php?doing_wp_cron=1776024532.4401259422302246093750 HTTP/1.1" 200 - "-" "WordPress/6.9.4; http://memo.carmel.wa.edu.au"
168.144.31.47 - - [13/Apr/2026:04:08:50 +0800] "GET / HTTP/1.1" 200 7226 "-" "Mozilla/5.0 (compatible; WP-Safe-Scanner/1.0)"
168.144.31.47 - - [13/Apr/2026:04:08:54 +0800] "GET /wp-content/uploads/ HTTP/1.1" 403 13 "-" "Mozilla/5.0 (compatible; WP-Safe-Scanner/1.0)"
168.144.31.47 - - [13/Apr/2026:04:08:54 +0800] "GET /wp-content/plugins/ HTTP/1.1" 200 - "-" "Mozilla/5.0 (compatible; WP-Safe-Scanner/1.0)"
168.144.31.47 - - [13/Apr/2026:04:08:54 +0800] "GET /wp-content/themes/ HTTP/1.1" 200 - "-" "Mozilla/5.0 (compatible; WP-Safe-Scanner/1.0)"
168.144.31.47 - - [13/Apr/2026:04:08:54 +0800] "GET /wp-includes/ HTTP/1.1" 403 199 "-" "Mozilla/5.0 (compatible; WP-Safe-Scanner/1.0)"
168.144.31.47 - - [13/Apr/2026:04:08:55 +0800] "GET /wp-admin/ HTTP/1.1" 302 - "-" "Mozilla/5.0 (compatible; WP-Safe-Scanner/1.0)"
168.144.31.47 - - [13/Apr/2026:04:08:56 +0800] "GET /wp-login.php?redirect_to=http%3A%2F%2Fmemo.carmel.wa.edu.au%2Fwp-admin%2F&reauth=1 HTTP/1.1" 200 1986 "-" "Mozilla/5.0 (compatible; WP-Safe-Scanner/1.0)"
103.4.122.14 - - [13/Apr/2026:05:57:29 +0800] "POST /wp-cron.php?doing_wp_cron=1776031049.7231879234313964843750 HTTP/1.1" 200 - "-" "WordPress/6.9.4; https://memo.carmel.wa.edu.au"
103.4.122.13 - - [13/Apr/2026:05:57:28 +0800] "GET / HTTP/1.1" 200 29414 "https://wpmain.screwlooseit.com.au" "Mozilla/5.0 (compatible; MainWP/6.0.8; +http://mainwp.com)"
103.4.122.13 - - [13/Apr/2026:06:03:58 +0800] "GET /?login_required=1&user=ACS&mainwpsignature=IJTXMRX2OILWPnpuA%2BONDuEw6TzzkIs0dLUdeHL%2Be9HfKxL%2FN0FwwXByc5EVoAZ0roH6SGsr63lPR4nuE%2FCwUf8NQ5h10LPm%2FXZoVMh4kfFFMPGy1Jq0LBK2akz1AHZ8e1pQ%2Bz09eZPgJHVhS9Y8BiGR34tJEXg5Q%2BL%2FqWGNNXzYpUUdKgIXfPrirTR9mu2Kz2DjkfO7dHxQip68nK5hT%2FjwRZnxlwLMI33YKxWgJ5E2MjzF6gHLKfJ%2BX%2BgKu2fKBuq0YpMDZ77JqsT5ov1heZEcQDhpaX7XiBsymKaKqnkFdM7qJpefe1KTkZJw7cTLcFM1o%2BlPbCUOOd6BNzf5bA%3D%3D&nonce=9454&where=plugins.php%3F_detect_plugins_updates%3Dyes&sign_algo=7 HTTP/1.1" 302 - "-" "WordPress/6.9.4; https://wpmain.screwlooseit.com.au"
103.4.122.13 - - [13/Apr/2026:06:03:58 +0800] "GET /wp-admin/plugins.php?_detect_plugins_updates=yes HTTP/1.1" 200 21348 "-" "WordPress/6.9.4; https://wpmain.screwlooseit.com.au"
103.4.122.13 - - [13/Apr/2026:06:04:01 +0800] "POST /wp-admin/admin-ajax.php HTTP/1.1" 200 11901 "https://wpmain.screwlooseit.com.au" "Mozilla/5.0 (compatible; MainWP/6.0.8; +http://mainwp.com)"
103.4.122.13 - - [13/Apr/2026:06:05:26 +0800] "GET / HTTP/1.1" 200 29414 "https://wpmain.screwlooseit.com.au" "Mozilla/5.0 (compatible; MainWP/6.0.8; +http://mainwp.com)"
103.4.122.13 - - [13/Apr/2026:06:13:23 +0800] "GET / HTTP/1.1" 200 29414 "https://wpmain.screwlooseit.com.au" "Mozilla/5.0 (compatible; MainWP/6.0.8; +http://mainwp.com)"
103.4.122.13 - - [13/Apr/2026:06:21:17 +0800] "GET / HTTP/1.1" 200 29414 "https://wpmain.screwlooseit.com.au" "Mozilla/5.0 (compatible; MainWP/6.0.8; +http://mainwp.com)"
103.4.122.14 - - [13/Apr/2026:09:46:13 +0800] "POST /wp-cron.php?doing_wp_cron=1776044773.7733359336853027343750 HTTP/1.1" 200 - "-" "WordPress/6.9.4; http://memo.carmel.wa.edu.au"
207.90.244.23 - - [13/Apr/2026:09:46:08 +0800] "GET / HTTP/1.1" 200 29382 "-" "Mozilla/5.0 (Windows NT 6.1) AppleWebKit/537.36 (KHTML, like Gecko) Chrome/41.0.2228.0 Safari/537.36"
207.90.244.16 - - [13/Apr/2026:10:01:45 +0800] "GET / HTTP/1.1" 200 29382 "-" "Mozilla/5.0 (Windows NT 6.1) AppleWebKit/537.36 (KHTML, like Gecko) Chrome/41.0.2228.0 Safari/537.36"
207.90.244.16 - - [13/Apr/2026:10:01:48 +0800] "GET /robots.txt HTTP/1.1" 404 196 "-" "-"
207.90.244.16 - - [13/Apr/2026:10:01:54 +0800] "GET /sitemap.xml HTTP/1.1" 404 196 "-" "-"
207.90.244.16 - - [13/Apr/2026:10:01:55 +0800] "GET /.well-known/security.txt HTTP/1.1" 404 196 "-" "-"
207.90.244.16 - - [13/Apr/2026:10:01:58 +0800] "GET /favicon.ico HTTP/1.1" 404 196 "-" "Mozilla/5.0 (Windows NT 10.0; Win64; x64) AppleWebKit/537.36 (KHTML, like Gecko) Chrome/102.0.5005.63 Safari/537.36"
207.90.244.16 - - [13/Apr/2026:10:25:33 +0800] "GET / HTTP/1.1" 200 29414 "-" "Mozilla/5.0 (X11; Linux x86_64) AppleWebKit/537.36 (KHTML, like Gecko) Chrome/98.0.4758.102 Safari/537.36"
103.4.122.14 - - [13/Apr/2026:12:11:45 +0800] "POST /wp-cron.php?doing_wp_cron=1776053505.7509760856628417968750 HTTP/1.1" 200 - "-" "WordPress/6.9.4; https://memo.carmel.wa.edu.au"
207.90.244.23 - - [13/Apr/2026:12:11:44 +0800] "GET / HTTP/1.1" 200 29414 "-" "Mozilla/5.0 (X11; Linux x86_64) AppleWebKit/537.36 (KHTML, like Gecko) Chrome/98.0.4758.102 Safari/537.36"
207.90.244.23 - - [13/Apr/2026:12:12:08 +0800] "GET /robots.txt HTTP/1.1" 404 196 "-" "-"
207.90.244.23 - - [13/Apr/2026:12:12:10 +0800] "GET /sitemap.xml HTTP/1.1" 404 196 "-" "-"
207.90.244.23 - - [13/Apr/2026:12:12:12 +0800] "GET /.well-known/security.txt HTTP/1.1" 404 196 "-" "-"
207.90.244.23 - - [13/Apr/2026:12:12:16 +0800] "GET /favicon.ico HTTP/1.1" 404 196 "-" "Mozilla/5.0 (Windows NT 10.0; Win64; x64) AppleWebKit/537.36 (KHTML, like Gecko) Chrome/102.0.5005.63 Safari/537.36"
103.4.122.14 - - [13/Apr/2026:15:27:41 +0800] "POST /wp-cron.php?doing_wp_cron=1776065261.1278440952301025390625 HTTP/1.1" 200 - "-" "WordPress/6.9.4; https://memo.carmel.wa.edu.au"
167.99.168.123 - - [13/Apr/2026:15:27:40 +0800] "GET / HTTP/1.1" 200 29414 "-" "Mozilla/5.0 (X11; Linux x86_64) AppleWebKit/537.36 (KHTML, like Gecko) Chrome/98.0.4758.102 Safari/537.36"
167.99.168.123 - - [13/Apr/2026:15:28:06 +0800] "GET /robots.txt HTTP/1.1" 404 196 "-" "-"
167.99.168.123 - - [13/Apr/2026:15:28:08 +0800] "GET /sitemap.xml HTTP/1.1" 404 196 "-" "-"
167.99.168.123 - - [13/Apr/2026:15:28:09 +0800] "GET /.well-known/security.txt HTTP/1.1" 404 196 "-" "-"
167.99.168.123 - - [13/Apr/2026:15:28:12 +0800] "GET /favicon.ico HTTP/1.1" 404 196 "-" "Mozilla/5.0 (Windows NT 10.0; Win64; x64) AppleWebKit/537.36 (KHTML, like Gecko) Chrome/102.0.5005.63 Safari/537.36"
103.4.122.14 - - [13/Apr/2026:17:49:22 +0800] "POST /wp-cron.php?doing_wp_cron=1776073762.7369570732116699218750 HTTP/1.1" 200 - "-" "WordPress/6.9.4; https://memo.carmel.wa.edu.au"
103.4.122.13 - - [13/Apr/2026:17:49:20 +0800] "GET / HTTP/1.1" 200 29414 "https://wpmain.screwlooseit.com.au" "Mozilla/5.0 (compatible; MainWP/6.0.8; +http://mainwp.com)"
103.4.122.14 - - [13/Apr/2026:20:04:01 +0800] "POST /wp-cron.php?doing_wp_cron=1776081841.3324160575866699218750 HTTP/1.1" 200 - "-" "WordPress/6.9.4; https://memo.carmel.wa.edu.au"
44.209.43.227 - - [13/Apr/2026:20:04:00 +0800] "GET / HTTP/1.1" 200 7224 "-" "Mozilla/5.0 (Macintosh; Intel Mac OS X 10.15; rv:139.0) Gecko/20100101 Firefox/139.0"
207.90.244.24 - - [13/Apr/2026:20:26:24 +0800] "GET / HTTP/1.1" 200 29414 "-" "Mozilla/5.0 (X11; Linux x86_64) AppleWebKit/537.36 (KHTML, like Gecko) Chrome/98.0.4758.102 Safari/537.36"
103.4.122.14 - - [13/Apr/2026:21:00:50 +0800] "POST /wp-cron.php?doing_wp_cron=1776085250.4504990577697753906250 HTTP/1.1" 200 - "-" "WordPress/6.9.4; http://memo.carmel.wa.edu.au"
207.90.244.24 - - [13/Apr/2026:21:00:49 +0800] "GET / HTTP/1.1" 200 29382 "-" "Mozilla/5.0 (Windows NT 6.1) AppleWebKit/537.36 (KHTML, like Gecko) Chrome/41.0.2228.0 Safari/537.36"
207.90.244.24 - - [13/Apr/2026:21:00:57 +0800] "GET /robots.txt HTTP/1.1" 404 196 "-" "-"
207.90.244.24 - - [13/Apr/2026:21:00:58 +0800] "GET /sitemap.xml HTTP/1.1" 404 196 "-" "-"
207.90.244.24 - - [13/Apr/2026:21:00:59 +0800] "GET /.well-known/security.txt HTTP/1.1" 404 196 "-" "-"
207.90.244.24 - - [13/Apr/2026:21:01:02 +0800] "GET /favicon.ico HTTP/1.1" 404 196 "-" "Mozilla/5.0 (Windows NT 10.0; Win64; x64) AppleWebKit/537.36 (KHTML, like Gecko) Chrome/102.0.5005.63 Safari/537.36"
103.4.122.14 - - [13/Apr/2026:22:43:44 +0800] "POST /wp-cron.php?doing_wp_cron=1776091424.1741609573364257812500 HTTP/1.1" 200 - "-" "WordPress/6.9.4; https://memo.carmel.wa.edu.au"
103.4.122.13 - - [13/Apr/2026:22:43:43 +0800] "GET / HTTP/1.1" 200 29414 "https://wpmain.screwlooseit.com.au" "Mozilla/5.0 (compatible; MainWP/6.0.8; +http://mainwp.com)"
66.249.68.1 - - [14/Apr/2026:00:08:40 +0800] "GET /robots.txt HTTP/1.1" 404 196 "-" "Mozilla/5.0 (compatible; Googlebot/2.1; +http://www.google.com/bot.html)"
158.69.227.165 - - [14/Apr/2026:00:31:13 +0800] "GET /.well-known/acme-challenge/d947f75cb6d8f90d099b5a71ee1beac7key HTTP/1.0" 200 33 "-" "-"
103.4.122.14 - - [14/Apr/2026:02:36:20 +0800] "POST /wp-cron.php?doing_wp_cron=1776105380.3010730743408203125000 HTTP/1.1" 200 - "-" "WordPress/6.9.4; https://memo.carmel.wa.edu.au"
103.4.122.13 - - [14/Apr/2026:02:36:17 +0800] "GET / HTTP/1.1" 200 29417 "https://wpmain.screwlooseit.com.au" "Mozilla/5.0 (compatible; MainWP/6.0.8; +http://mainwp.com)"
103.4.122.13 - - [14/Apr/2026:02:45:17 +0800] "GET / HTTP/1.1" 200 29417 "https://wpmain.screwlooseit.com.au" "Mozilla/5.0 (compatible; MainWP/6.0.8; +http://mainwp.com)"
103.4.122.13 - - [14/Apr/2026:02:48:51 +0800] "GET /?login_required=1&user=ACS&mainwpsignature=yPt0vpABOtdN9mNhjJUQ9pVG083F%2BfVWbTwsE%2BUpfS3k9tlvJIezz3jdWzvGb12jsIHdtoHoBkkGrVMo0h9pjhY7hPNAILdaNgrm7Pgw8eH7O09bKX79yJFu8lEOBXI0Cz9e%2BCHIgDjlPfPySrghRtQ3XTcyEktM45Ztdu%2BzqJLfrUQL4p2hP%2Fw37wC9VLnEfvrJyvi1jDvoqbq%2BmcEXgOmxXWbeVAk4o7elPhYXuwYp0ZdumLOH3ZNC5wHGwjGaERmn5HIV%2B2K2WUqs3qc7qrZC8WZlsurNwIJjm9paZ0K2oXlmHxS9jTryRQaExbvV176jN8GhIxx98oCCAzioww%3D%3D&nonce=334&where=plugins.php%3F_detect_plugins_updates%3Dyes&sign_algo=7 HTTP/1.1" 302 - "-" "WordPress/6.9.4; https://wpmain.screwlooseit.com.au"
103.4.122.13 - - [14/Apr/2026:02:48:52 +0800] "GET /wp-admin/plugins.php?_detect_plugins_updates=yes HTTP/1.1" 200 21594 "-" "WordPress/6.9.4; https://wpmain.screwlooseit.com.au"
103.4.122.13 - - [14/Apr/2026:02:48:53 +0800] "POST /wp-admin/admin-ajax.php HTTP/1.1" 200 13857 "https://wpmain.screwlooseit.com.au" "Mozilla/5.0 (compatible; MainWP/6.0.8; +http://mainwp.com)"
103.4.122.13 - - [14/Apr/2026:02:48:56 +0800] "GET /?login_required=1&user=ACS&mainwpsignature=t7WtyFCKe%2F%2FTAQd1qssf06eSIg0ppEHxqC8FmVSFNdJRiJJkP1aKfep4w9ywGX70jh6gZefN6DoZek8HHf8KKTn0%2BCTybWf9wbDO72fEQHAGjDDxLFmidfvF0HccW%2Bm9F53%2B60B2zp3u%2B3VX2CFVBxu45BpbH0wt6i4VMJb1hf3PCkX01LcKx2I%2BUqoHpZ0FRZ3IxRK8dTzXJwqP8s2%2B2OlcR4cctxP%2FLmUH%2F05nCPsTAEEfz2DEyfSNhT3DwMTKp6PSsrNWjtK2UDJSMPGU7Tnn7R0ZlTlgUUj26FIbejY1LMGOilFPC9ZrLtSvKLm4yOuDpxjWk6hIx09NiYTUAQ%3D%3D&nonce=3887&where=plugins.php%3F_detect_plugins_updates%3Dyes&sign_algo=7 HTTP/1.1" 302 - "-" "WordPress/6.9.4; https://wpmain.screwlooseit.com.au"
103.4.122.13 - - [14/Apr/2026:02:48:56 +0800] "GET /wp-admin/plugins.php?_detect_plugins_updates=yes HTTP/1.1" 200 21593 "-" "WordPress/6.9.4; https://wpmain.screwlooseit.com.au"
103.4.122.13 - - [14/Apr/2026:02:48:57 +0800] "POST /wp-admin/admin-ajax.php HTTP/1.1" 200 3929 "https://wpmain.screwlooseit.com.au" "Mozilla/5.0 (compatible; MainWP/6.0.8; +http://mainwp.com)"
103.4.122.14 - - [14/Apr/2026:02:49:08 +0800] "POST /wp-admin/admin-ajax.php?action=elementor_1_elementor_updater&nonce=7d317106ad HTTP/1.1" 400 1 "-" "WordPress/6.9.4; https://memo.carmel.wa.edu.au"
103.4.122.13 - - [14/Apr/2026:02:49:08 +0800] "HEAD / HTTP/1.1" 200 - "https://wpmain.screwlooseit.com.au" "Mozilla/5.0 (compatible; MainWP/6.0.8; +http://mainwp.com)"
103.4.122.14 - - [14/Apr/2026:02:49:22 +0800] "POST /wp-cron.php?doing_wp_cron=1776106162.1036779880523681640625 HTTP/1.1" 200 - "-" "WordPress/6.9.4; https://memo.carmel.wa.edu.au"
103.4.122.13 - - [14/Apr/2026:02:49:21 +0800] "GET /?login_required=1&user=ACS&mainwpsignature=vXRHo6HBHSxdUDbgxD4ZT%2BnpGMNAKPQcaXUDVWWnAA%2F%2BgXDAf9I97yi61H%2FQYeyLICKBqyr02o8QQlexag3yCNSY4hQYiveNQmIYqbwRQ8FRwI0Y90a9zTYqBcSYxfF0v1ETaf5z3qM6jPW%2BYGRHEwsYKpjUbZtZp4BrUV3xx8E8XvMZcgKZVTyJB3c0zXOSZcqHzd4okbFucOmnXJI6%2BdT1kav6pOvHEXtEe%2B%2B85wwFBRl9S9sjmqz9MTpQmzzMOR0L0Qaprzg5URmkfzeSHk219yHgRBpxpDPwj5pkVPxnoYbUbqQITm%2B%2F45xYNId%2FpwOftbWrp5Ow8SqSdu83Og%3D%3D&nonce=7123&where=plugins.php%3F_detect_plugins_updates%3Dyes&sign_algo=7 HTTP/1.1" 302 - "-" "WordPress/6.9.4; https://wpmain.screwlooseit.com.au"
103.4.122.13 - - [14/Apr/2026:02:49:22 +0800] "GET /wp-admin/plugins.php?_detect_plugins_updates=yes HTTP/1.1" 200 21351 "-" "WordPress/6.9.4; https://wpmain.screwlooseit.com.au"
103.4.122.13 - - [14/Apr/2026:02:49:24 +0800] "POST /wp-admin/admin-ajax.php HTTP/1.1" 200 11937 "https://wpmain.screwlooseit.com.au" "Mozilla/5.0 (compatible; MainWP/6.0.8; +http://mainwp.com)"
103.4.122.13 - - [14/Apr/2026:02:58:22 +0800] "GET / HTTP/1.1" 200 29417 "https://wpmain.screwlooseit.com.au" "Mozilla/5.0 (compatible; MainWP/6.0.8; +http://mainwp.com)"
103.4.122.13 - - [14/Apr/2026:03:06:17 +0800] "GET / HTTP/1.1" 200 29417 "https://wpmain.screwlooseit.com.au" "Mozilla/5.0 (compatible; MainWP/6.0.8; +http://mainwp.com)"
103.4.122.14 - - [14/Apr/2026:07:31:10 +0800] "POST /wp-cron.php?doing_wp_cron=1776123070.4447350502014160156250 HTTP/1.1" 200 - "-" "WordPress/6.9.4; https://memo.carmel.wa.edu.au"
103.4.122.13 - - [14/Apr/2026:07:31:06 +0800] "GET / HTTP/1.1" 200 29417 "https://wpmain.screwlooseit.com.au" "Mozilla/5.0 (compatible; MainWP/6.0.8; +http://mainwp.com)"
103.4.122.13 - - [14/Apr/2026:07:33:29 +0800] "GET /wp-cron.php HTTP/1.1" 200 - "-" "WordPress/6.9.4; https://wpmain.screwlooseit.com.au"
207.90.244.23 - - [14/Apr/2026:07:36:28 +0800] "GET / HTTP/1.1" 200 29385 "-" "Mozilla/5.0 (Windows NT 6.1) AppleWebKit/537.36 (KHTML, like Gecko) Chrome/41.0.2228.0 Safari/537.36"
207.90.244.23 - - [14/Apr/2026:07:36:30 +0800] "GET /robots.txt HTTP/1.1" 404 196 "-" "-"
207.90.244.23 - - [14/Apr/2026:07:36:31 +0800] "GET /sitemap.xml HTTP/1.1" 404 196 "-" "-"
207.90.244.23 - - [14/Apr/2026:07:36:33 +0800] "GET /.well-known/security.txt HTTP/1.1" 404 196 "-" "-"
207.90.244.23 - - [14/Apr/2026:07:36:38 +0800] "GET /favicon.ico HTTP/1.1" 404 196 "-" "Mozilla/5.0 (Windows NT 10.0; Win64; x64) AppleWebKit/537.36 (KHTML, like Gecko) Chrome/102.0.5005.63 Safari/537.36"
207.90.244.23 - - [14/Apr/2026:07:42:04 +0800] "GET / HTTP/1.1" 200 29417 "-" "Mozilla/5.0 (X11; Linux x86_64) AppleWebKit/537.36 (KHTML, like Gecko) Chrome/98.0.4758.102 Safari/537.36"
207.90.244.23 - - [14/Apr/2026:07:42:31 +0800] "GET /robots.txt HTTP/1.1" 404 196 "-" "-"
207.90.244.23 - - [14/Apr/2026:07:42:34 +0800] "GET /sitemap.xml HTTP/1.1" 404 196 "-" "-"
207.90.244.23 - - [14/Apr/2026:07:42:35 +0800] "GET /.well-known/security.txt HTTP/1.1" 404 196 "-" "-"
207.90.244.23 - - [14/Apr/2026:07:42:39 +0800] "GET /favicon.ico HTTP/1.1" 404 196 "-" "Mozilla/5.0 (Windows NT 10.0; Win64; x64) AppleWebKit/537.36 (KHTML, like Gecko) Chrome/102.0.5005.63 Safari/537.36"
207.90.244.24 - - [14/Apr/2026:08:25:03 +0800] "GET / HTTP/1.1" 200 29385 "-" "Mozilla/5.0 (Windows NT 6.1) AppleWebKit/537.36 (KHTML, like Gecko) Chrome/41.0.2228.0 Safari/537.36"
207.90.244.24 - - [14/Apr/2026:08:25:05 +0800] "GET /robots.txt HTTP/1.1" 404 196 "-" "-"
207.90.244.24 - - [14/Apr/2026:08:25:11 +0800] "GET /sitemap.xml HTTP/1.1" 404 196 "-" "-"
207.90.244.24 - - [14/Apr/2026:08:25:12 +0800] "GET /.well-known/security.txt HTTP/1.1" 404 196 "-" "-"
207.90.244.24 - - [14/Apr/2026:08:25:17 +0800] "GET /favicon.ico HTTP/1.1" 404 196 "-" "Mozilla/5.0 (Windows NT 10.0; Win64; x64) AppleWebKit/537.36 (KHTML, like Gecko) Chrome/102.0.5005.63 Safari/537.36"
103.4.122.14 - - [14/Apr/2026:10:37:00 +0800] "POST /wp-cron.php?doing_wp_cron=1776134220.3588590621948242187500 HTTP/1.1" 200 - "-" "WordPress/6.9.4; https://memo.carmel.wa.edu.au"
103.4.122.13 - - [14/Apr/2026:10:36:58 +0800] "GET / HTTP/1.1" 200 29417 "https://wpmain.screwlooseit.com.au" "Mozilla/5.0 (compatible; MainWP/6.0.8; +http://mainwp.com)"
103.4.122.14 - - [14/Apr/2026:12:47:10 +0800] "POST /wp-cron.php?doing_wp_cron=1776142030.3677260875701904296875 HTTP/1.1" 200 - "-" "WordPress/6.9.4; http://memo.carmel.wa.edu.au"
207.90.244.24 - - [14/Apr/2026:12:47:09 +0800] "GET / HTTP/1.1" 200 29385 "-" "Mozilla/5.0 (Windows NT 6.1) AppleWebKit/537.36 (KHTML, like Gecko) Chrome/41.0.2228.0 Safari/537.36"
207.90.244.24 - - [14/Apr/2026:12:47:11 +0800] "GET /robots.txt HTTP/1.1" 404 196 "-" "-"
207.90.244.24 - - [14/Apr/2026:12:47:12 +0800] "GET /sitemap.xml HTTP/1.1" 404 196 "-" "-"
207.90.244.24 - - [14/Apr/2026:12:47:13 +0800] "GET /.well-known/security.txt HTTP/1.1" 404 196 "-" "-"
207.90.244.24 - - [14/Apr/2026:12:47:18 +0800] "GET /favicon.ico HTTP/1.1" 404 196 "-" "Mozilla/5.0 (Windows NT 10.0; Win64; x64) AppleWebKit/537.36 (KHTML, like Gecko) Chrome/102.0.5005.63 Safari/537.36"
207.90.244.23 - - [14/Apr/2026:12:54:21 +0800] "GET / HTTP/1.1" 200 29385 "-" "Mozilla/5.0 (Windows NT 6.1) AppleWebKit/537.36 (KHTML, like Gecko) Chrome/41.0.2228.0 Safari/537.36"
207.90.244.23 - - [14/Apr/2026:12:54:23 +0800] "GET /robots.txt HTTP/1.1" 404 196 "-" "-"
207.90.244.23 - - [14/Apr/2026:12:54:24 +0800] "GET /sitemap.xml HTTP/1.1" 404 196 "-" "-"
207.90.244.23 - - [14/Apr/2026:12:54:27 +0800] "GET /.well-known/security.txt HTTP/1.1" 404 196 "-" "-"
207.90.244.23 - - [14/Apr/2026:12:54:30 +0800] "GET /favicon.ico HTTP/1.1" 404 196 "-" "Mozilla/5.0 (Windows NT 10.0; Win64; x64) AppleWebKit/537.36 (KHTML, like Gecko) Chrome/102.0.5005.63 Safari/537.36"
103.4.122.14 - - [14/Apr/2026:13:15:44 +0800] "POST /wp-cron.php?doing_wp_cron=1776143744.2608060836791992187500 HTTP/1.1" 200 - "-" "WordPress/6.9.4; https://memo.carmel.wa.edu.au"
207.90.244.23 - - [14/Apr/2026:13:15:43 +0800] "GET / HTTP/1.1" 200 29417 "-" "Mozilla/5.0 (X11; Linux x86_64) AppleWebKit/537.36 (KHTML, like Gecko) Chrome/98.0.4758.102 Safari/537.36"
207.90.244.23 - - [14/Apr/2026:13:16:48 +0800] "GET /sitemap.xml HTTP/1.1" 404 196 "-" "-"
207.90.244.23 - - [14/Apr/2026:13:16:50 +0800] "GET /.well-known/security.txt HTTP/1.1" 404 196 "-" "-"
207.90.244.23 - - [14/Apr/2026:13:16:54 +0800] "GET /favicon.ico HTTP/1.1" 404 196 "-" "Mozilla/5.0 (Windows NT 10.0; Win64; x64) AppleWebKit/537.36 (KHTML, like Gecko) Chrome/102.0.5005.63 Safari/537.36"
103.4.122.14 - - [14/Apr/2026:14:57:00 +0800] "POST /wp-cron.php?doing_wp_cron=1776149820.3328030109405517578125 HTTP/1.1" 200 - "-" "WordPress/6.9.4; https://memo.carmel.wa.edu.au"
103.4.122.13 - - [14/Apr/2026:14:56:58 +0800] "GET / HTTP/1.1" 200 29417 "https://wpmain.screwlooseit.com.au" "Mozilla/5.0 (compatible; MainWP/6.0.8; +http://mainwp.com)"
103.4.122.14 - - [14/Apr/2026:17:22:28 +0800] "POST /wp-cron.php?doing_wp_cron=1776158548.6899750232696533203125 HTTP/1.1" 200 - "-" "WordPress/6.9.4; http://memo.carmel.wa.edu.au"
207.90.244.24 - - [14/Apr/2026:17:22:27 +0800] "GET / HTTP/1.1" 200 29385 "-" "Mozilla/5.0 (Windows NT 6.1) AppleWebKit/537.36 (KHTML, like Gecko) Chrome/41.0.2228.0 Safari/537.36"
207.90.244.24 - - [14/Apr/2026:17:22:31 +0800] "GET /robots.txt HTTP/1.1" 404 196 "-" "-"
207.90.244.24 - - [14/Apr/2026:17:22:33 +0800] "GET /sitemap.xml HTTP/1.1" 404 196 "-" "-"
207.90.244.24 - - [14/Apr/2026:17:22:34 +0800] "GET /.well-known/security.txt HTTP/1.1" 404 196 "-" "-"
207.90.244.24 - - [14/Apr/2026:17:22:38 +0800] "GET /favicon.ico HTTP/1.1" 404 196 "-" "Mozilla/5.0 (Windows NT 10.0; Win64; x64) AppleWebKit/537.36 (KHTML, like Gecko) Chrome/102.0.5005.63 Safari/537.36"
103.4.122.14 - - [14/Apr/2026:17:35:38 +0800] "POST /wp-cron.php?doing_wp_cron=1776159338.4200210571289062500000 HTTP/1.1" 200 - "-" "WordPress/6.9.4; https://memo.carmel.wa.edu.au"
207.90.244.24 - - [14/Apr/2026:17:35:37 +0800] "GET / HTTP/1.1" 200 29417 "-" "Mozilla/5.0 (X11; Linux x86_64) AppleWebKit/537.36 (KHTML, like Gecko) Chrome/98.0.4758.102 Safari/537.36"
207.90.244.24 - - [14/Apr/2026:17:36:01 +0800] "GET /robots.txt HTTP/1.1" 404 196 "-" "-"
207.90.244.24 - - [14/Apr/2026:17:36:04 +0800] "GET /sitemap.xml HTTP/1.1" 404 196 "-" "-"
207.90.244.24 - - [14/Apr/2026:17:36:06 +0800] "GET /.well-known/security.txt HTTP/1.1" 404 196 "-" "-"
207.90.244.24 - - [14/Apr/2026:17:36:09 +0800] "GET /favicon.ico HTTP/1.1" 404 196 "-" "Mozilla/5.0 (Windows NT 10.0; Win64; x64) AppleWebKit/537.36 (KHTML, like Gecko) Chrome/102.0.5005.63 Safari/537.36"
15.204.0.80 - - [14/Apr/2026:21:30:51 +0800] "GET /wp-json/wp/v3/ HTTP/1.1" 404 196 "https://memo.carmel.wa.edu.au/" "Mozilla/5.0 (Macintosh; Intel Mac OS X 10_15_7) AppleWebKit/537.36 (KHTML, like Gecko) Chrome/135.0.0.0 Safari/537.36"
103.4.122.14 - - [14/Apr/2026:23:09:48 +0800] "POST /wp-cron.php?doing_wp_cron=1776179388.8573489189147949218750 HTTP/1.1" 200 - "-" "WordPress/6.9.4; http://memo.carmel.wa.edu.au"
167.71.121.87 - - [14/Apr/2026:23:09:47 +0800] "GET / HTTP/1.1" 200 29385 "-" "Mozilla/5.0 (Windows NT 6.1) AppleWebKit/537.36 (KHTML, like Gecko) Chrome/41.0.2228.0 Safari/537.36"
167.71.121.87 - - [14/Apr/2026:23:09:50 +0800] "GET /robots.txt HTTP/1.1" 404 196 "-" "-"
167.71.121.87 - - [14/Apr/2026:23:09:51 +0800] "GET /sitemap.xml HTTP/1.1" 404 196 "-" "-"
167.71.121.87 - - [14/Apr/2026:23:09:51 +0800] "GET /.well-known/security.txt HTTP/1.1" 404 196 "-" "-"
167.71.121.87 - - [14/Apr/2026:23:09:54 +0800] "GET /favicon.ico HTTP/1.1" 404 196 "-" "Mozilla/5.0 (Windows NT 10.0; Win64; x64) AppleWebKit/537.36 (KHTML, like Gecko) Chrome/102.0.5005.63 Safari/537.36"
158.69.227.165 - - [15/Apr/2026:00:33:22 +0800] "GET /.well-known/acme-challenge/1393cc5b57ab8564c3ed7a051c7e4d43key HTTP/1.0" 200 33 "-" "-"
103.4.122.14 - - [15/Apr/2026:02:05:04 +0800] "POST /wp-cron.php?doing_wp_cron=1776189904.8149681091308593750000 HTTP/1.1" 200 - "-" "WordPress/6.9.4; https://memo.carmel.wa.edu.au"
103.4.122.13 - - [15/Apr/2026:02:05:03 +0800] "GET / HTTP/1.1" 200 29417 "https://wpmain.screwlooseit.com.au" "Mozilla/5.0 (compatible; MainWP/6.0.9; +http://mainwp.com)"
103.4.122.13 - - [15/Apr/2026:02:16:16 +0800] "GET /?login_required=1&user=ACS&mainwpsignature=hsshd5Qeig2BhrhnUUK75MlHJMemmNBa3pgEDefmhpExiL24ls5yWMjEYkMRdihiRUI4CcviC7Tv5dDHCQGeoT5UOldUjR0DvNhy8xCr0sI8bfenDSxn7bHJnL0FqJ1Y9YUfd%2Bl5qn8z7qQdxyedK5lvIsFnQnqCKPQAFmmaZ9zKjGTF%2BZ5cROgk4GMECTJ5xnKyPR9h8bFd0btzjxMF4VM4qywklZf1W7YNe2%2BRreFXsT3fggJ%2B7G8W09iccmsn%2FT9N6GDIAxLXk%2BPD4xe4dPpLhPmthH8VxaYgDKinxuPSzvyBhSwq1K3FLTmvKcPthWaQDhDnriXjeHziqIpKrA%3D%3D&nonce=9735&where=plugins.php%3F_detect_plugins_updates%3Dyes&sign_algo=7 HTTP/1.1" 302 - "-" "WordPress/6.9.4; https://wpmain.screwlooseit.com.au"
103.4.122.13 - - [15/Apr/2026:02:16:16 +0800] "GET /wp-admin/plugins.php?_detect_plugins_updates=yes HTTP/1.1" 200 22019 "-" "WordPress/6.9.4; https://wpmain.screwlooseit.com.au"
103.4.122.13 - - [15/Apr/2026:02:16:17 +0800] "POST /wp-admin/admin-ajax.php HTTP/1.1" 200 14005 "https://wpmain.screwlooseit.com.au" "Mozilla/5.0 (compatible; MainWP/6.0.9; +http://mainwp.com)"
103.4.122.14 - - [15/Apr/2026:02:16:21 +0800] "GET / HTTP/1.1" 200 7222 "-" "WordPress/6.9.4; https://memo.carmel.wa.edu.au"
103.4.122.13 - - [15/Apr/2026:02:16:21 +0800] "POST /wp-admin/admin-ajax.php HTTP/1.1" 200 21 "https://wpmain.screwlooseit.com.au" "Mozilla/5.0 (compatible; MainWP/6.0.9; +http://mainwp.com)"
103.4.122.14 - - [15/Apr/2026:03:16:50 +0800] "POST /wp-cron.php?doing_wp_cron=1776194210.5254759788513183593750 HTTP/1.1" 200 - "-" "WordPress/6.9.4; https://memo.carmel.wa.edu.au"
207.90.244.15 - - [15/Apr/2026:03:16:48 +0800] "GET / HTTP/1.1" 200 29417 "-" "Mozilla/5.0 (X11; Linux x86_64) AppleWebKit/537.36 (KHTML, like Gecko) Chrome/98.0.4758.102 Safari/537.36"
207.90.244.15 - - [15/Apr/2026:03:17:20 +0800] "GET /robots.txt HTTP/1.1" 404 196 "-" "-"
207.90.244.15 - - [15/Apr/2026:03:17:22 +0800] "GET /sitemap.xml HTTP/1.1" 404 196 "-" "-"
207.90.244.15 - - [15/Apr/2026:03:17:23 +0800] "GET /.well-known/security.txt HTTP/1.1" 404 196 "-" "-"
207.90.244.15 - - [15/Apr/2026:03:17:30 +0800] "GET /favicon.ico HTTP/1.1" 404 196 "-" "Mozilla/5.0 (Windows NT 10.0; Win64; x64) AppleWebKit/537.36 (KHTML, like Gecko) Chrome/102.0.5005.63 Safari/537.36"
