161.35.195.201 - - [16/Apr/2026:13:44:59 +0800] "POST /xmlrpc.php HTTP/1.1" 200 206 "-" "Mozilla/5.0 (Windows NT 11.0; Win64; x64) AppleWebKit/537.36 (KHTML, like Gecko) Chrome/121.0.0.0 Safari/537.36"
161.35.195.201 - - [16/Apr/2026:13:44:59 +0800] "POST /xmlrpc.php HTTP/1.1" 200 206 "-" "Mozilla/5.0 (Windows NT 11.0; Win64; x64) AppleWebKit/537.36 (KHTML, like Gecko) Chrome/121.0.0.0 Safari/537.36"
161.35.195.201 - - [16/Apr/2026:13:44:59 +0800] "POST /xmlrpc.php HTTP/1.1" 200 206 "-" "Mozilla/5.0 (Macintosh; Intel Mac OS X 14_2_1) AppleWebKit/605.1.15 (KHTML, like Gecko) Version/17.1 Safari/605.1.15"
161.35.195.201 - - [16/Apr/2026:13:44:59 +0800] "POST /xmlrpc.php HTTP/1.1" 200 206 "-" "Mozilla/5.0 (Windows NT 10.0; Win64; x64; rv:121.0) Gecko/20100101 Firefox/121.0"
161.35.195.201 - - [16/Apr/2026:13:44:59 +0800] "POST /xmlrpc.php HTTP/1.1" 200 206 "-" "Mozilla/5.0 (Linux; Android 14; SM-S918B) AppleWebKit/537.36 (KHTML, like Gecko) Chrome/120.0.0.0 Mobile Safari/537.36"
74.7.175.180 - - [16/Apr/2026:15:25:58 +0800] "GET /robots.txt HTTP/1.1" 404 196 "-" "Mozilla/5.0 (Macintosh; Intel Mac OS X 10_15_7) AppleWebKit/537.36 (KHTML, like Gecko) Chrome/131.0.0.0 Safari/537.36; compatible; OAI-SearchBot/1.3; robots.txt; +https://openai.com/searchbot"
103.4.122.14 - - [16/Apr/2026:15:25:58 +0800] "POST /wp-cron.php?doing_wp_cron=1776324358.6207370758056640625000 HTTP/1.1" 200 - "-" "WordPress/6.9.4; https://memo.carmel.wa.edu.au"
74.7.241.34 - - [16/Apr/2026:15:25:57 +0800] "GET / HTTP/1.1" 200 7222 "-" "Mozilla/5.0 AppleWebKit/537.36 (KHTML, like Gecko; compatible; GPTBot/1.3; +https://openai.com/gptbot)"
74.7.241.34 - - [16/Apr/2026:15:26:00 +0800] "GET /wp-content/uploads/elementor/css/post-10.css?ver=1776215876 HTTP/1.1" 200 398 "https://memo.carmel.wa.edu.au/" "Mozilla/5.0 AppleWebKit/537.36 (KHTML, like Gecko; compatible; GPTBot/1.3; +https://openai.com/gptbot)"
74.7.241.34 - - [16/Apr/2026:15:26:03 +0800] "GET /wp-content/themes/hello-elementor/assets/css/reset.css?ver=3.4.7 HTTP/1.1" 200 1792 "https://memo.carmel.wa.edu.au/" "Mozilla/5.0 AppleWebKit/537.36 (KHTML, like Gecko; compatible; GPTBot/1.3; +https://openai.com/gptbot)"
74.7.241.34 - - [16/Apr/2026:15:26:05 +0800] "GET /wp-content/uploads/2023/11/Carmel-School-logo-300x85.png HTTP/1.1" 200 27831 "https://memo.carmel.wa.edu.au/" "Mozilla/5.0 AppleWebKit/537.36 (KHTML, like Gecko; compatible; GPTBot/1.3; +https://openai.com/gptbot)"
74.7.241.34 - - [16/Apr/2026:15:26:07 +0800] "GET /wp-content/plugins/elementor/assets/js/frontend-modules.min.js?ver=4.0.2 HTTP/1.1" 200 15970 "https://memo.carmel.wa.edu.au/" "Mozilla/5.0 AppleWebKit/537.36 (KHTML, like Gecko; compatible; GPTBot/1.3; +https://openai.com/gptbot)"
74.7.241.34 - - [16/Apr/2026:15:26:09 +0800] "GET /wp-content/plugins/elementor/assets/lib/animations/styles/e-animation-float.min.css?ver=4.0.2 HTTP/1.1" 200 139 "https://memo.carmel.wa.edu.au/" "Mozilla/5.0 AppleWebKit/537.36 (KHTML, like Gecko; compatible; GPTBot/1.3; +https://openai.com/gptbot)"
74.7.241.34 - - [16/Apr/2026:15:26:11 +0800] "GET /?feed=rss2 HTTP/1.1" 200 748 "https://memo.carmel.wa.edu.au/" "Mozilla/5.0 AppleWebKit/537.36 (KHTML, like Gecko; compatible; GPTBot/1.3; +https://openai.com/gptbot)"
74.7.241.34 - - [16/Apr/2026:15:26:13 +0800] "GET /wp-content/plugins/elementor/assets/js/webpack.runtime.min.js?ver=4.0.2 HTTP/1.1" 200 2496 "https://memo.carmel.wa.edu.au/" "Mozilla/5.0 AppleWebKit/537.36 (KHTML, like Gecko; compatible; GPTBot/1.3; +https://openai.com/gptbot)"
74.7.241.34 - - [16/Apr/2026:15:26:15 +0800] "GET /wp-content/themes/hello-elementor/assets/css/theme.css?ver=3.4.7 HTTP/1.1" 200 1271 "https://memo.carmel.wa.edu.au/" "Mozilla/5.0 AppleWebKit/537.36 (KHTML, like Gecko; compatible; GPTBot/1.3; +https://openai.com/gptbot)"
74.7.241.34 - - [16/Apr/2026:15:26:16 +0800] "GET /?feed=comments-rss2 HTTP/1.1" 200 749 "https://memo.carmel.wa.edu.au/" "Mozilla/5.0 AppleWebKit/537.36 (KHTML, like Gecko; compatible; GPTBot/1.3; +https://openai.com/gptbot)"
74.7.241.34 - - [16/Apr/2026:15:26:17 +0800] "GET /wp-content/plugins/elementor/assets/js/frontend.min.js?ver=4.0.2 HTTP/1.1" 200 10339 "https://memo.carmel.wa.edu.au/" "Mozilla/5.0 AppleWebKit/537.36 (KHTML, like Gecko; compatible; GPTBot/1.3; +https://openai.com/gptbot)"
74.7.241.34 - - [16/Apr/2026:15:26:18 +0800] "GET /wp-content/plugins/elementor/assets/css/frontend.min.css?ver=4.0.2 HTTP/1.1" 200 7271 "https://memo.carmel.wa.edu.au/" "Mozilla/5.0 AppleWebKit/537.36 (KHTML, like Gecko; compatible; GPTBot/1.3; +https://openai.com/gptbot)"
74.7.241.34 - - [16/Apr/2026:15:26:19 +0800] "GET /wp-content/plugins/elementor/assets/css/widget-image.min.css?ver=4.0.2 HTTP/1.1" 200 135 "https://memo.carmel.wa.edu.au/" "Mozilla/5.0 AppleWebKit/537.36 (KHTML, like Gecko; compatible; GPTBot/1.3; +https://openai.com/gptbot)"
74.7.241.34 - - [16/Apr/2026:15:26:20 +0800] "GET /wp-content/themes/hello-elementor/assets/css/header-footer.css?ver=3.4.7 HTTP/1.1" 200 1423 "https://memo.carmel.wa.edu.au/" "Mozilla/5.0 AppleWebKit/537.36 (KHTML, like Gecko; compatible; GPTBot/1.3; +https://openai.com/gptbot)"
74.7.241.34 - - [16/Apr/2026:15:26:21 +0800] "GET /wp-content/plugins/elementor/assets/css/widget-heading.min.css?ver=4.0.2 HTTP/1.1" 200 160 "https://memo.carmel.wa.edu.au/" "Mozilla/5.0 AppleWebKit/537.36 (KHTML, like Gecko; compatible; GPTBot/1.3; +https://openai.com/gptbot)"
74.7.241.34 - - [16/Apr/2026:15:26:22 +0800] "GET /wp-content/uploads/elementor/css/post-14.css?ver=1776215876 HTTP/1.1" 200 782 "https://memo.carmel.wa.edu.au/" "Mozilla/5.0 AppleWebKit/537.36 (KHTML, like Gecko; compatible; GPTBot/1.3; +https://openai.com/gptbot)"
103.4.122.14 - - [16/Apr/2026:16:59:57 +0800] "POST /wp-cron.php?doing_wp_cron=1776329997.6720139980316162109375 HTTP/1.1" 200 - "-" "WordPress/6.9.4; http://memo.carmel.wa.edu.au"
167.99.168.123 - - [16/Apr/2026:16:59:55 +0800] "GET / HTTP/1.1" 200 29385 "-" "Mozilla/5.0 (Windows NT 6.1) AppleWebKit/537.36 (KHTML, like Gecko) Chrome/41.0.2228.0 Safari/537.36"
167.99.168.123 - - [16/Apr/2026:17:00:01 +0800] "GET /robots.txt HTTP/1.1" 404 196 "-" "-"
167.99.168.123 - - [16/Apr/2026:17:00:04 +0800] "GET /sitemap.xml HTTP/1.1" 404 196 "-" "-"
167.99.168.123 - - [16/Apr/2026:17:00:05 +0800] "GET /.well-known/security.txt HTTP/1.1" 404 196 "-" "-"
167.99.168.123 - - [16/Apr/2026:17:00:09 +0800] "GET /favicon.ico HTTP/1.1" 404 196 "-" "Mozilla/5.0 (Windows NT 10.0; Win64; x64) AppleWebKit/537.36 (KHTML, like Gecko) Chrome/102.0.5005.63 Safari/537.36"
103.4.122.14 - - [16/Apr/2026:17:35:09 +0800] "POST /wp-cron.php?doing_wp_cron=1776332109.7553820610046386718750 HTTP/1.1" 200 - "-" "WordPress/6.9.4; https://memo.carmel.wa.edu.au"
103.4.122.13 - - [16/Apr/2026:17:35:09 +0800] "GET /?login_required=1&user=ACS&mainwpsignature=uQ8uBYvYYuJ94Yd1EGLjITsrJzKSVBFphCRtVkp8coKqKQ4ZgzkBKkbhGoxNfyZt9TsqkP1Z%2Br3I3aUmw7%2B08iTFYm7V0FmN3B2T0pjMdagEBqWuk%2F1NzeiRI0PiW6%2FcHGLne2C33Zz1WfY3HNkjaL0vgXDDMC0g3oDjjlbreGabCTAn%2BShZ%2BZ0tVKckyiS8%2Fl3r6UTi4q0nWxDu4%2F7EPfSWmuis10kAsHc44DoxgBspKHhiWS4FOQ7duB%2FoI8EOwMYi9GO8KcCQZVIBmW13PUkn07JEQcaub4nQwH7si%2BBR071f1p5H9ISklFk0TGaO3WNH5nykfkMjx9ZtzPu0Mw%3D%3D&nonce=3255&where=plugins.php%3F_detect_plugins_updates%3Dyes&sign_algo=7 HTTP/1.1" 302 - "-" "WordPress/6.9.4; https://wpmain.screwlooseit.com.au"
103.4.122.13 - - [16/Apr/2026:17:35:10 +0800] "GET /wp-admin/plugins.php?_detect_plugins_updates=yes HTTP/1.1" 200 22022 "-" "WordPress/6.9.4; https://wpmain.screwlooseit.com.au"
103.4.122.13 - - [16/Apr/2026:17:35:12 +0800] "POST /wp-admin/admin-ajax.php HTTP/1.1" 200 181033 "https://wpmain.screwlooseit.com.au" "Mozilla/5.0 (compatible; MainWP/6.0.9; +http://mainwp.com)"
103.4.122.14 - - [16/Apr/2026:17:35:17 +0800] "GET / HTTP/1.1" 200 7223 "-" "WordPress/6.9.4; https://memo.carmel.wa.edu.au"
103.4.122.13 - - [16/Apr/2026:17:35:16 +0800] "POST /wp-admin/admin-ajax.php HTTP/1.1" 200 21 "https://wpmain.screwlooseit.com.au" "Mozilla/5.0 (compatible; MainWP/6.0.9; +http://mainwp.com)"
167.172.118.68 - - [16/Apr/2026:18:03:47 +0800] "GET / HTTP/1.1" 200 29417 "-" "Mozilla/5.0 (X11; Linux x86_64) AppleWebKit/537.36 (KHTML, like Gecko) Chrome/98.0.4758.102 Safari/537.36"
167.172.118.68 - - [16/Apr/2026:18:04:13 +0800] "GET /robots.txt HTTP/1.1" 404 196 "-" "-"
167.172.118.68 - - [16/Apr/2026:18:04:14 +0800] "GET /sitemap.xml HTTP/1.1" 404 196 "-" "-"
167.172.118.68 - - [16/Apr/2026:18:04:16 +0800] "GET /.well-known/security.txt HTTP/1.1" 404 196 "-" "-"
167.99.168.123 - - [16/Apr/2026:18:08:56 +0800] "GET / HTTP/1.1" 200 29417 "-" "Mozilla/5.0 (X11; Linux x86_64) AppleWebKit/537.36 (KHTML, like Gecko) Chrome/98.0.4758.102 Safari/537.36"
167.99.168.123 - - [16/Apr/2026:18:09:28 +0800] "GET /robots.txt HTTP/1.1" 404 196 "-" "-"
167.99.168.123 - - [16/Apr/2026:18:09:30 +0800] "GET /sitemap.xml HTTP/1.1" 404 196 "-" "-"
167.99.168.123 - - [16/Apr/2026:18:09:33 +0800] "GET /.well-known/security.txt HTTP/1.1" 404 196 "-" "-"
167.99.168.123 - - [16/Apr/2026:18:09:40 +0800] "GET /favicon.ico HTTP/1.1" 404 196 "-" "Mozilla/5.0 (Windows NT 10.0; Win64; x64) AppleWebKit/537.36 (KHTML, like Gecko) Chrome/102.0.5005.63 Safari/537.36"
207.90.244.24 - - [16/Apr/2026:18:10:16 +0800] "GET / HTTP/1.1" 200 29417 "-" "Mozilla/5.0 (X11; Linux x86_64) AppleWebKit/537.36 (KHTML, like Gecko) Chrome/98.0.4758.102 Safari/537.36"
207.90.244.24 - - [16/Apr/2026:18:10:45 +0800] "GET /robots.txt HTTP/1.1" 404 196 "-" "-"
207.90.244.24 - - [16/Apr/2026:18:10:47 +0800] "GET /sitemap.xml HTTP/1.1" 404 196 "-" "-"
207.90.244.24 - - [16/Apr/2026:18:10:50 +0800] "GET /.well-known/security.txt HTTP/1.1" 404 196 "-" "-"
207.90.244.24 - - [16/Apr/2026:18:10:59 +0800] "GET /favicon.ico HTTP/1.1" 404 196 "-" "Mozilla/5.0 (Windows NT 10.0; Win64; x64) AppleWebKit/537.36 (KHTML, like Gecko) Chrome/102.0.5005.63 Safari/537.36"
103.4.122.13 - - [16/Apr/2026:18:14:02 +0800] "GET / HTTP/1.1" 200 29417 "https://wpmain.screwlooseit.com.au" "Mozilla/5.0 (compatible; MainWP/6.0.9; +http://mainwp.com)"
66.249.68.1 - - [16/Apr/2026:22:42:16 +0800] "GET /robots.txt HTTP/1.1" 404 196 "-" "Mozilla/5.0 (compatible; Googlebot/2.1; +http://www.google.com/bot.html)"
45.130.203.155 - - [16/Apr/2026:23:02:42 +0800] "GET /.git/HEAD HTTP/1.1" 403 199 "-" "Python-urllib/3.10"
103.4.122.14 - - [16/Apr/2026:23:03:23 +0800] "POST /wp-cron.php?doing_wp_cron=1776351803.1312489509582519531250 HTTP/1.1" 200 - "-" "WordPress/6.9.4; http://memo.carmel.wa.edu.au"
207.90.244.24 - - [16/Apr/2026:23:03:22 +0800] "GET / HTTP/1.1" 200 29385 "-" "Mozilla/5.0 (Windows NT 6.1) AppleWebKit/537.36 (KHTML, like Gecko) Chrome/41.0.2228.0 Safari/537.36"
207.90.244.24 - - [16/Apr/2026:23:03:24 +0800] "GET /robots.txt HTTP/1.1" 404 196 "-" "-"
207.90.244.24 - - [16/Apr/2026:23:03:32 +0800] "GET /sitemap.xml HTTP/1.1" 404 196 "-" "-"
207.90.244.24 - - [16/Apr/2026:23:03:32 +0800] "GET /.well-known/security.txt HTTP/1.1" 404 196 "-" "-"
207.90.244.24 - - [16/Apr/2026:23:03:39 +0800] "GET /favicon.ico HTTP/1.1" 404 196 "-" "Mozilla/5.0 (Windows NT 10.0; Win64; x64) AppleWebKit/537.36 (KHTML, like Gecko) Chrome/102.0.5005.63 Safari/537.36"
207.90.244.24 - - [16/Apr/2026:23:12:20 +0800] "GET / HTTP/1.1" 200 29417 "-" "Mozilla/5.0 (X11; Linux x86_64) AppleWebKit/537.36 (KHTML, like Gecko) Chrome/98.0.4758.102 Safari/537.36"
207.90.244.24 - - [16/Apr/2026:23:12:54 +0800] "GET /robots.txt HTTP/1.1" 404 196 "-" "-"
207.90.244.24 - - [16/Apr/2026:23:12:55 +0800] "GET /sitemap.xml HTTP/1.1" 404 196 "-" "-"
207.90.244.24 - - [16/Apr/2026:23:12:59 +0800] "GET /.well-known/security.txt HTTP/1.1" 404 196 "-" "-"
207.90.244.24 - - [16/Apr/2026:23:13:05 +0800] "GET /favicon.ico HTTP/1.1" 404 196 "-" "Mozilla/5.0 (Windows NT 10.0; Win64; x64) AppleWebKit/537.36 (KHTML, like Gecko) Chrome/102.0.5005.63 Safari/537.36"
34.58.172.165 - - [16/Apr/2026:23:19:46 +0800] "GET / HTTP/1.1" 200 7224 "-" "Mozilla/5.0 (compatible; CMS-Checker/1.0; +https://example.com)"
103.4.122.14 - - [16/Apr/2026:23:32:00 +0800] "POST /wp-cron.php?doing_wp_cron=1776353520.6705799102783203125000 HTTP/1.1" 200 - "-" "WordPress/6.9.4; http://memo.carmel.wa.edu.au"
104.196.33.216 - - [16/Apr/2026:23:31:59 +0800] "GET / HTTP/1.1" 200 7224 "-" "Mozilla/5.0 (compatible; CMS-Checker/1.0; +https://example.com)"
104.196.33.216 - - [16/Apr/2026:23:54:09 +0800] "GET / HTTP/1.1" 403 199 "-" "Mozilla/5.0 (Windows NT 10.0; Win64; x64) AppleWebKit/537.36 (KHTML, like Gecko) Chrome/78.0.3904.108 Safari/537.36"
104.196.33.216 - - [16/Apr/2026:23:54:10 +0800] "GET / HTTP/1.1" 403 199 "-" "Mozilla/5.0 (Windows NT 10.0; Win64; x64) AppleWebKit/537.36 (KHTML, like Gecko) Chrome/78.0.3904.108 Safari/537.36"
104.196.33.216 - - [16/Apr/2026:23:54:10 +0800] "GET /wp-includes/wlwmanifest.xml HTTP/1.1" 403 199 "-" "Mozilla/5.0 (Windows NT 10.0; Win64; x64) AppleWebKit/537.36 (KHTML, like Gecko) Chrome/78.0.3904.108 Safari/537.36"
34.58.172.165 - - [17/Apr/2026:00:08:27 +0800] "GET / HTTP/1.1" 200 29385 "-" "Mozilla/5.0 (Windows NT 10.0; Win64; x64) AppleWebKit/537.36 (KHTML, like Gecko) Chrome/78.0.3904.108 Safari/537.36"
34.58.172.165 - - [17/Apr/2026:00:08:29 +0800] "GET / HTTP/1.1" 200 29385 "-" "Mozilla/5.0 (Windows NT 10.0; Win64; x64) AppleWebKit/537.36 (KHTML, like Gecko) Chrome/78.0.3904.108 Safari/537.36"
34.58.172.165 - - [17/Apr/2026:00:08:30 +0800] "GET /wp-includes/wlwmanifest.xml HTTP/1.1" 404 196 "-" "Mozilla/5.0 (Windows NT 10.0; Win64; x64) AppleWebKit/537.36 (KHTML, like Gecko) Chrome/78.0.3904.108 Safari/537.36"
34.58.172.165 - - [17/Apr/2026:00:08:30 +0800] "GET /xmlrpc.php?rsd HTTP/1.1" 200 848 "-" "Mozilla/5.0 (Windows NT 10.0; Win64; x64) AppleWebKit/537.36 (KHTML, like Gecko) Chrome/78.0.3904.108 Safari/537.36"
34.58.172.165 - - [17/Apr/2026:00:08:31 +0800] "GET /?author=1 HTTP/1.1" 200 21045 "-" "Mozilla/5.0 (Windows NT 10.0; Win64; x64) AppleWebKit/537.36 (KHTML, like Gecko) Chrome/78.0.3904.108 Safari/537.36"
34.58.172.165 - - [17/Apr/2026:00:08:32 +0800] "GET /?author=2 HTTP/1.1" 200 20615 "-" "Mozilla/5.0 (Windows NT 10.0; Win64; x64) AppleWebKit/537.36 (KHTML, like Gecko) Chrome/78.0.3904.108 Safari/537.36"
34.58.172.165 - - [17/Apr/2026:00:08:32 +0800] "GET /wp-json/wp/v2/users/ HTTP/1.1" 403 199 "-" "Mozilla/5.0 (Windows NT 10.0; Win64; x64) AppleWebKit/537.36 (KHTML, like Gecko) Chrome/78.0.3904.108 Safari/537.36"
34.58.172.165 - - [17/Apr/2026:00:08:33 +0800] "GET /wp-json/oembed/1.0/embed?url=http://memo.carmel.wa.edu.au HTTP/1.1" 404 196 "-" "Mozilla/5.0 (Windows NT 10.0; Win64; x64) AppleWebKit/537.36 (KHTML, like Gecko) Chrome/78.0.3904.108 Safari/537.36"
34.58.172.165 - - [17/Apr/2026:00:08:33 +0800] "POST /xmlrpc.php HTTP/1.1" 200 401 "-" "Mozilla/5.0 (Windows NT 10.0; Win64; x64) AppleWebKit/537.36 (KHTML, like Gecko) Chrome/78.0.3904.108 Safari/537.36"
34.58.172.165 - - [17/Apr/2026:00:08:34 +0800] "POST /xmlrpc.php HTTP/1.1" 200 401 "-" "Mozilla/5.0 (Windows NT 10.0; Win64; x64) AppleWebKit/537.36 (KHTML, like Gecko) Chrome/78.0.3904.108 Safari/537.36"
34.58.172.165 - - [17/Apr/2026:00:08:35 +0800] "POST /xmlrpc.php HTTP/1.1" 403 199 "-" "Mozilla/5.0 (Windows NT 10.0; Win64; x64) AppleWebKit/537.36 (KHTML, like Gecko) Chrome/78.0.3904.108 Safari/537.36"
8.229.224.66 - - [17/Apr/2026:00:19:25 +0800] "GET / HTTP/1.1" 403 199 "-" "Mozilla/5.0 (Windows NT 10.0; Win64; x64) AppleWebKit/537.36 (KHTML, like Gecko) Chrome/78.0.3904.108 Safari/537.36"
8.229.224.66 - - [17/Apr/2026:00:19:26 +0800] "GET / HTTP/1.1" 403 199 "-" "Mozilla/5.0 (Windows NT 10.0; Win64; x64) AppleWebKit/537.36 (KHTML, like Gecko) Chrome/78.0.3904.108 Safari/537.36"
8.229.224.66 - - [17/Apr/2026:00:19:26 +0800] "GET /wp-includes/wlwmanifest.xml HTTP/1.1" 403 199 "-" "Mozilla/5.0 (Windows NT 10.0; Win64; x64) AppleWebKit/537.36 (KHTML, like Gecko) Chrome/78.0.3904.108 Safari/537.36"
18.212.24.65 - - [17/Apr/2026:01:10:15 +0800] "GET /_ignition/execute-solution HTTP/1.1" 404 196 "-" "Mozilla/5.0 (Kubuntu; Linux x86_64) AppleWebKit/537.36 (KHTML, like Gecko) Chrome/128.0.0.0 Safari/537.36"
103.4.122.14 - - [17/Apr/2026:01:12:56 +0800] "POST /wp-cron.php?doing_wp_cron=1776359576.8077049255371093750000 HTTP/1.1" 200 - "-" "WordPress/6.9.4; http://memo.carmel.wa.edu.au"
167.172.118.68 - - [17/Apr/2026:01:12:55 +0800] "GET / HTTP/1.1" 200 29385 "-" "Mozilla/5.0 (Windows NT 6.1) AppleWebKit/537.36 (KHTML, like Gecko) Chrome/41.0.2228.0 Safari/537.36"
167.172.118.68 - - [17/Apr/2026:01:12:58 +0800] "GET /robots.txt HTTP/1.1" 404 196 "-" "-"
167.172.118.68 - - [17/Apr/2026:01:13:01 +0800] "GET /sitemap.xml HTTP/1.1" 404 196 "-" "-"
167.172.118.68 - - [17/Apr/2026:01:13:02 +0800] "GET /.well-known/security.txt HTTP/1.1" 404 196 "-" "-"
167.172.118.68 - - [17/Apr/2026:01:13:04 +0800] "GET /favicon.ico HTTP/1.1" 404 196 "-" "Mozilla/5.0 (Windows NT 10.0; Win64; x64) AppleWebKit/537.36 (KHTML, like Gecko) Chrome/102.0.5005.63 Safari/537.36"
103.4.122.13 - - [17/Apr/2026:02:56:02 +0800] "GET / HTTP/1.1" 200 29417 "https://wpmain.screwlooseit.com.au" "Mozilla/5.0 (compatible; MainWP/6.0.9; +http://mainwp.com)"
103.4.122.14 - - [17/Apr/2026:02:56:03 +0800] "POST /wp-cron.php?doing_wp_cron=1776365763.5473248958587646484375 HTTP/1.1" 200 - "-" "WordPress/6.9.4; https://memo.carmel.wa.edu.au"
103.4.122.13 - - [17/Apr/2026:02:56:02 +0800] "GET / HTTP/1.1" 200 29417 "https://wpmain.screwlooseit.com.au" "Mozilla/5.0 (compatible; MainWP/6.0.9; +http://mainwp.com)"
103.4.122.14 - - [17/Apr/2026:04:48:36 +0800] "POST /wp-cron.php?doing_wp_cron=1776372516.2774980068206787109375 HTTP/1.1" 200 - "-" "WordPress/6.9.4; https://memo.carmel.wa.edu.au"
207.90.244.15 - - [17/Apr/2026:04:48:33 +0800] "GET / HTTP/1.1" 200 29417 "-" "Mozilla/5.0 (X11; Linux x86_64) AppleWebKit/537.36 (KHTML, like Gecko) Chrome/98.0.4758.102 Safari/537.36"
207.90.244.15 - - [17/Apr/2026:04:48:56 +0800] "GET /robots.txt HTTP/1.1" 404 196 "-" "-"
207.90.244.15 - - [17/Apr/2026:04:48:59 +0800] "GET /sitemap.xml HTTP/1.1" 404 196 "-" "-"
207.90.244.15 - - [17/Apr/2026:04:49:01 +0800] "GET /.well-known/security.txt HTTP/1.1" 404 196 "-" "-"
207.90.244.15 - - [17/Apr/2026:04:49:05 +0800] "GET /favicon.ico HTTP/1.1" 404 196 "-" "Mozilla/5.0 (Windows NT 10.0; Win64; x64) AppleWebKit/537.36 (KHTML, like Gecko) Chrome/102.0.5005.63 Safari/537.36"
207.90.244.15 - - [17/Apr/2026:05:14:41 +0800] "GET / HTTP/1.1" 200 29385 "-" "Mozilla/5.0 (Windows NT 6.1) AppleWebKit/537.36 (KHTML, like Gecko) Chrome/41.0.2228.0 Safari/537.36"
207.90.244.15 - - [17/Apr/2026:05:14:44 +0800] "GET /robots.txt HTTP/1.1" 404 196 "-" "-"
207.90.244.15 - - [17/Apr/2026:05:14:46 +0800] "GET /sitemap.xml HTTP/1.1" 404 196 "-" "-"
207.90.244.15 - - [17/Apr/2026:05:14:55 +0800] "GET /.well-known/security.txt HTTP/1.1" 404 196 "-" "-"
207.90.244.15 - - [17/Apr/2026:05:15:10 +0800] "GET /favicon.ico HTTP/1.1" 404 196 "-" "Mozilla/5.0 (Windows NT 10.0; Win64; x64) AppleWebKit/537.36 (KHTML, like Gecko) Chrome/102.0.5005.63 Safari/537.36"
103.4.122.14 - - [17/Apr/2026:05:49:00 +0800] "POST /wp-cron.php?doing_wp_cron=1776376140.4830310344696044921875 HTTP/1.1" 200 - "-" "WordPress/6.9.4; http://memo.carmel.wa.edu.au"
51.79.137.110 - - [17/Apr/2026:05:48:59 +0800] "GET / HTTP/1.1" 200 29385 "-" "Mozilla/5.0 (Windows NT 10.0; Win64; x64) AppleWebKit/537.36 (KHTML, like Gecko) Chrome/79.0 Safari/537.36"
51.79.137.110 - - [17/Apr/2026:05:49:00 +0800] "GET / HTTP/1.1" 200 29385 "-" "Mozilla/5.0 (Windows NT 10.0; Win64; x64) AppleWebKit/537.36 (KHTML, like Gecko) Chrome/79.0 Safari/537.36"
51.79.137.110 - - [17/Apr/2026:05:49:01 +0800] "GET /wp-includes/wlwmanifest.xml HTTP/1.1" 404 196 "-" "Mozilla/5.0 (Windows NT 10.0; Win64; x64) AppleWebKit/537.36 (KHTML, like Gecko) Chrome/79.0 Safari/537.36"
51.79.137.110 - - [17/Apr/2026:05:49:01 +0800] "GET /xmlrpc.php?rsd HTTP/1.1" 200 848 "-" "Mozilla/5.0 (Windows NT 10.0; Win64; x64) AppleWebKit/537.36 (KHTML, like Gecko) Chrome/79.0 Safari/537.36"
51.79.137.110 - - [17/Apr/2026:05:49:02 +0800] "GET /wp-login.php HTTP/1.1" 200 5015 "-" "Mozilla/5.0 (Windows NT 10.0; Win64; x64) AppleWebKit/537.36 (KHTML, like Gecko) Chrome/79.0 Safari/537.36"
51.79.137.110 - - [17/Apr/2026:05:49:03 +0800] "GET /?author=1 HTTP/1.1" 200 21045 "-" "Mozilla/5.0 (Windows NT 10.0; Win64; x64) AppleWebKit/537.36 (KHTML, like Gecko) Chrome/79.0 Safari/537.36"
51.79.137.110 - - [17/Apr/2026:05:49:04 +0800] "GET /?author=2 HTTP/1.1" 200 20615 "-" "Mozilla/5.0 (Windows NT 10.0; Win64; x64) AppleWebKit/537.36 (KHTML, like Gecko) Chrome/79.0 Safari/537.36"
51.79.137.110 - - [17/Apr/2026:05:49:04 +0800] "GET /wp-json/wp/v2/users/ HTTP/1.1" 403 199 "-" "Mozilla/5.0 (Windows NT 10.0; Win64; x64) AppleWebKit/537.36 (KHTML, like Gecko) Chrome/79.0 Safari/537.36"
51.79.137.110 - - [17/Apr/2026:05:49:04 +0800] "GET /wp-json/oembed/1.0/embed?url=http://memo.carmel.wa.edu.au HTTP/1.1" 404 196 "-" "Mozilla/5.0 (Windows NT 10.0; Win64; x64) AppleWebKit/537.36 (KHTML, like Gecko) Chrome/79.0 Safari/537.36"
51.79.137.110 - - [17/Apr/2026:05:49:05 +0800] "POST /xmlrpc.php HTTP/1.1" 200 403 "-" "Mozilla/5.0 (Windows NT 10.0; Win64; x64) AppleWebKit/537.36 (KHTML, like Gecko) Chrome/79.0 Safari/537.36"
51.79.137.110 - - [17/Apr/2026:05:49:05 +0800] "POST /xmlrpc.php HTTP/1.1" 200 403 "-" "Mozilla/5.0 (Windows NT 10.0; Win64; x64) AppleWebKit/537.36 (KHTML, like Gecko) Chrome/79.0 Safari/537.36"
51.79.137.110 - - [17/Apr/2026:05:49:06 +0800] "POST /xmlrpc.php HTTP/1.1" 200 401 "-" "Mozilla/5.0 (Windows NT 10.0; Win64; x64) AppleWebKit/537.36 (KHTML, like Gecko) Chrome/79.0 Safari/537.36"
51.79.137.110 - - [17/Apr/2026:05:49:07 +0800] "POST /xmlrpc.php HTTP/1.1" 200 401 "-" "Mozilla/5.0 (Windows NT 10.0; Win64; x64) AppleWebKit/537.36 (KHTML, like Gecko) Chrome/79.0 Safari/537.36"
51.79.137.110 - - [17/Apr/2026:05:49:08 +0800] "POST /xmlrpc.php HTTP/1.1" 403 199 "-" "Mozilla/5.0 (Windows NT 10.0; Win64; x64) AppleWebKit/537.36 (KHTML, like Gecko) Chrome/79.0 Safari/537.36"
51.79.137.110 - - [17/Apr/2026:05:49:09 +0800] "POST /xmlrpc.php HTTP/1.1" 403 199 "-" "Mozilla/5.0 (Windows NT 10.0; Win64; x64) AppleWebKit/537.36 (KHTML, like Gecko) Chrome/79.0 Safari/537.36"
51.79.137.110 - - [17/Apr/2026:05:49:08 +0800] "POST /xmlrpc.php HTTP/1.1" 403 199 "-" "Mozilla/5.0 (Windows NT 10.0; Win64; x64) AppleWebKit/537.36 (KHTML, like Gecko) Chrome/79.0 Safari/537.36"
51.79.137.110 - - [17/Apr/2026:05:49:08 +0800] "POST /xmlrpc.php HTTP/1.1" 403 199 "-" "Mozilla/5.0 (Windows NT 10.0; Win64; x64) AppleWebKit/537.36 (KHTML, like Gecko) Chrome/79.0 Safari/537.36"
51.79.137.110 - - [17/Apr/2026:05:49:08 +0800] "POST /xmlrpc.php HTTP/1.1" 403 199 "-" "Mozilla/5.0 (Windows NT 10.0; Win64; x64) AppleWebKit/537.36 (KHTML, like Gecko) Chrome/79.0 Safari/537.36"
51.79.137.110 - - [17/Apr/2026:05:49:09 +0800] "POST /xmlrpc.php HTTP/1.1" 403 199 "-" "Mozilla/5.0 (Windows NT 10.0; Win64; x64) AppleWebKit/537.36 (KHTML, like Gecko) Chrome/79.0 Safari/537.36"
51.79.137.110 - - [17/Apr/2026:05:49:09 +0800] "POST /xmlrpc.php HTTP/1.1" 403 199 "-" "Mozilla/5.0 (Windows NT 10.0; Win64; x64) AppleWebKit/537.36 (KHTML, like Gecko) Chrome/79.0 Safari/537.36"
51.79.137.110 - - [17/Apr/2026:05:49:09 +0800] "POST /xmlrpc.php HTTP/1.1" 403 199 "-" "Mozilla/5.0 (Windows NT 10.0; Win64; x64) AppleWebKit/537.36 (KHTML, like Gecko) Chrome/79.0 Safari/537.36"
51.79.137.110 - - [17/Apr/2026:05:49:08 +0800] "POST /xmlrpc.php HTTP/1.1" 403 199 "-" "Mozilla/5.0 (Windows NT 10.0; Win64; x64) AppleWebKit/537.36 (KHTML, like Gecko) Chrome/79.0 Safari/537.36"
51.79.137.110 - - [17/Apr/2026:05:49:09 +0800] "POST /xmlrpc.php HTTP/1.1" 403 199 "-" "Mozilla/5.0 (Windows NT 10.0; Win64; x64) AppleWebKit/537.36 (KHTML, like Gecko) Chrome/79.0 Safari/537.36"
51.79.137.110 - - [17/Apr/2026:05:49:09 +0800] "POST /xmlrpc.php HTTP/1.1" 403 199 "-" "Mozilla/5.0 (Windows NT 10.0; Win64; x64) AppleWebKit/537.36 (KHTML, like Gecko) Chrome/79.0 Safari/537.36"
51.81.129.208 - - [17/Apr/2026:05:49:32 +0800] "GET /wp-content/plugins/nextend-smart-slider3-pro/Public/SmartSlider3Pro/Application/Frontend/Assets/dist/shapedivider.min.js HTTP/1.1" 404 196 "-" "Mozilla/5.0 (Macintosh; Intel Mac OS X 10_15_7) AppleWebKit/537.36 (KHTML, like Gecko) Chrome/147.0.0.0 Safari/537.36"
51.81.129.208 - - [17/Apr/2026:05:49:32 +0800] "GET /wp-content/plugins/ninja-forms-uploads/assets/css/file-upload.css HTTP/1.1" 404 196 "-" "Mozilla/5.0 (Macintosh; Intel Mac OS X 10_15_7) AppleWebKit/537.36 (KHTML, like Gecko) Chrome/146.0.0.0 Safari/537.36"
172.71.172.39 - - [17/Apr/2026:07:35:37 +0800] "GET / HTTP/1.1" 403 199 "-" "Go-http-client/1.1"
172.70.240.26 - - [17/Apr/2026:07:35:42 +0800] "GET / HTTP/1.1" 403 199 "-" "Go-http-client/1.1"
74.7.175.180 - - [17/Apr/2026:09:10:04 +0800] "GET /robots.txt HTTP/1.1" 404 196 "-" "Mozilla/5.0 (Macintosh; Intel Mac OS X 10_15_7) AppleWebKit/537.36 (KHTML, like Gecko) Chrome/131.0.0.0 Safari/537.36; compatible; OAI-SearchBot/1.3; robots.txt; +https://openai.com/searchbot"
103.4.122.14 - - [17/Apr/2026:10:18:15 +0800] "POST /wp-cron.php?doing_wp_cron=1776392295.1845250129699707031250 HTTP/1.1" 200 - "-" "WordPress/6.9.4; http://memo.carmel.wa.edu.au"
143.110.194.7 - - [17/Apr/2026:10:18:12 +0800] "GET / HTTP/1.1" 200 29385 "-" "Mozilla/5.0 (Windows NT 6.1) AppleWebKit/537.36 (KHTML, like Gecko) Chrome/41.0.2228.0 Safari/537.36"
143.110.194.7 - - [17/Apr/2026:10:18:16 +0800] "GET /robots.txt HTTP/1.1" 404 196 "-" "-"
143.110.194.7 - - [17/Apr/2026:10:18:17 +0800] "GET /sitemap.xml HTTP/1.1" 404 196 "-" "-"
143.110.194.7 - - [17/Apr/2026:10:18:18 +0800] "GET /.well-known/security.txt HTTP/1.1" 404 196 "-" "-"
143.110.194.7 - - [17/Apr/2026:10:18:21 +0800] "GET /favicon.ico HTTP/1.1" 404 196 "-" "Mozilla/5.0 (Windows NT 10.0; Win64; x64) AppleWebKit/537.36 (KHTML, like Gecko) Chrome/102.0.5005.63 Safari/537.36"
103.4.122.13 - - [17/Apr/2026:10:34:31 +0800] "GET /wp-cron.php HTTP/1.1" 200 - "-" "WordPress/6.9.4; https://wpmain.screwlooseit.com.au"
103.4.122.14 - - [17/Apr/2026:11:09:23 +0800] "POST /wp-cron.php?doing_wp_cron=1776395363.7583019733428955078125 HTTP/1.1" 200 - "-" "WordPress/6.9.4; https://memo.carmel.wa.edu.au"
143.110.194.7 - - [17/Apr/2026:11:09:22 +0800] "GET / HTTP/1.1" 200 29417 "-" "Mozilla/5.0 (X11; Linux x86_64) AppleWebKit/537.36 (KHTML, like Gecko) Chrome/98.0.4758.102 Safari/537.36"
143.110.194.7 - - [17/Apr/2026:11:09:44 +0800] "GET /robots.txt HTTP/1.1" 404 196 "-" "-"
143.110.194.7 - - [17/Apr/2026:11:09:47 +0800] "GET /sitemap.xml HTTP/1.1" 404 196 "-" "-"
143.110.194.7 - - [17/Apr/2026:11:09:48 +0800] "GET /.well-known/security.txt HTTP/1.1" 404 196 "-" "-"
143.110.194.7 - - [17/Apr/2026:11:09:51 +0800] "GET /favicon.ico HTTP/1.1" 404 196 "-" "Mozilla/5.0 (Windows NT 10.0; Win64; x64) AppleWebKit/537.36 (KHTML, like Gecko) Chrome/102.0.5005.63 Safari/537.36"
178.128.8.21 - - [17/Apr/2026:11:11:01 +0800] "GET / HTTP/1.1" 200 29385 "-" "Mozilla/5.0 (Windows NT 6.1) AppleWebKit/537.36 (KHTML, like Gecko) Chrome/41.0.2228.0 Safari/537.36"
103.4.122.13 - - [17/Apr/2026:12:09:03 +0800] "GET / HTTP/1.1" 200 29417 "https://wpmain.screwlooseit.com.au" "Mozilla/5.0 (compatible; MainWP/6.0.9; +http://mainwp.com)"
103.4.122.14 - - [17/Apr/2026:12:09:17 +0800] "POST /wp-cron.php?doing_wp_cron=1776398957.5980739593505859375000 HTTP/1.1" 200 - "-" "WordPress/6.9.4; https://memo.carmel.wa.edu.au"
103.4.122.13 - - [17/Apr/2026:12:09:27 +0800] "GET /?login_required=1&user=ACS&mainwpsignature=cJ1SHQy%2F0G8yTmVohaDJ%2FoN6uIiv%2F9EPf8DMjWfgaTPUX1niAdu4b8k8ntwenjfsEgTYLy0pI6geIKg2YZkmkKnEwD373%2BlfICZgeGRBUt%2F209%2Bi%2Bexaj1%2FeoHshBO9ylFaXQgGTgZMOBwCyCtsfKlJTfTUtr0CX7OoKQ3nbx6IaMMySQeZE9u%2FwO86roSNge1CxzRGMlk1DfX2Y7MnBuLMy5k%2BywtaXTCMZjaUiT%2FU6thr614Gf7cTl19hDGMoMt8%2BgWncdqzb89UaVHuSAIjAgbjotsLO5plUm9%2Fm5SsNaRnbD5nCPIj5CFQDOPKI0ZvuApKOjgBXjUMdGFsBTpQ%3D%3D&nonce=2625&where=plugins.php%3F_detect_plugins_updates%3Dyes&sign_algo=7 HTTP/1.1" 302 - "-" "WordPress/6.9.4; https://wpmain.screwlooseit.com.au"
103.4.122.13 - - [17/Apr/2026:12:09:28 +0800] "GET /wp-admin/plugins.php?_detect_plugins_updates=yes HTTP/1.1" 200 22026 "-" "WordPress/6.9.4; https://wpmain.screwlooseit.com.au"
103.4.122.13 - - [17/Apr/2026:12:09:41 +0800] "POST /wp-admin/admin-ajax.php HTTP/1.1" 200 4282 "https://wpmain.screwlooseit.com.au" "Mozilla/5.0 (compatible; MainWP/6.0.9; +http://mainwp.com)"
103.4.122.13 - - [17/Apr/2026:12:09:56 +0800] "HEAD / HTTP/1.1" 200 - "https://wpmain.screwlooseit.com.au" "Mozilla/5.0 (compatible; MainWP/6.0.9; +http://mainwp.com)"
103.4.122.13 - - [17/Apr/2026:12:22:05 +0800] "GET /?login_required=1&user=ACS&mainwpsignature=XyNVmM6c7tr8xhfVS%2Bjb8s1QpbVf2RHg5zbumFhmtTrcIO918RyNxwxK0%2FXQ%2BluOb3p2qbaQ9reG%2Fm5iG5QWzUfoeb51xlvVqgohbn9CwYAXUV4dsZxftYx3TXoo1R3mX%2BWwwqDPpoqhWTzTBCAHMpx4iUYYtVjq2jKRfO1AAU8biDPcMTp15%2FX%2Be87fvzfFVMzLH9urQSi%2BnlHX8OiJOTU8DuO4yQIzdh8Yd9WCAqzIdw%2BuOfcdofaNnG4qnQxwb5ULRYQh7tjuQC3XbMlZ9LQGBT7mXUNRPxqgCoPw4MHyWtx7q5LFdyVN8fM5kmMXXXN6PXO%2Bc5ERsvqmp7hy%2Bw%3D%3D&nonce=939&where=plugins.php%3F_detect_plugins_updates%3Dyes&sign_algo=7 HTTP/1.1" 302 - "-" "WordPress/6.9.4; https://wpmain.screwlooseit.com.au"
103.4.122.13 - - [17/Apr/2026:12:22:06 +0800] "GET /wp-admin/plugins.php?_detect_plugins_updates=yes HTTP/1.1" 200 21346 "-" "WordPress/6.9.4; https://wpmain.screwlooseit.com.au"
103.4.122.13 - - [17/Apr/2026:12:22:08 +0800] "POST /wp-admin/admin-ajax.php HTTP/1.1" 200 178813 "https://wpmain.screwlooseit.com.au" "Mozilla/5.0 (compatible; MainWP/6.0.9; +http://mainwp.com)"
103.4.122.14 - - [17/Apr/2026:12:22:13 +0800] "GET / HTTP/1.1" 200 7222 "-" "WordPress/6.9.4; https://memo.carmel.wa.edu.au"
103.4.122.13 - - [17/Apr/2026:12:22:13 +0800] "POST /wp-admin/admin-ajax.php HTTP/1.1" 200 21 "https://wpmain.screwlooseit.com.au" "Mozilla/5.0 (compatible; MainWP/6.0.9; +http://mainwp.com)"
103.4.122.13 - - [17/Apr/2026:12:22:24 +0800] "GET / HTTP/1.1" 200 29414 "https://wpmain.screwlooseit.com.au" "Mozilla/5.0 (compatible; MainWP/6.0.9; +http://mainwp.com)"
103.4.122.14 - - [17/Apr/2026:12:48:29 +0800] "POST /wp-cron.php?doing_wp_cron=1776401308.9285891056060791015625 HTTP/1.1" 200 - "-" "WordPress/6.9.4; https://memo.carmel.wa.edu.au"
178.128.8.21 - - [17/Apr/2026:12:48:27 +0800] "GET / HTTP/1.1" 200 29414 "-" "Mozilla/5.0 (X11; Linux x86_64) AppleWebKit/537.36 (KHTML, like Gecko) Chrome/98.0.4758.102 Safari/537.36"
178.128.8.21 - - [17/Apr/2026:12:48:52 +0800] "GET /robots.txt HTTP/1.1" 404 196 "-" "-"
178.128.8.21 - - [17/Apr/2026:12:48:54 +0800] "GET /sitemap.xml HTTP/1.1" 404 196 "-" "-"
178.128.8.21 - - [17/Apr/2026:12:48:57 +0800] "GET /.well-known/security.txt HTTP/1.1" 404 196 "-" "-"
178.128.8.21 - - [17/Apr/2026:12:49:01 +0800] "GET /favicon.ico HTTP/1.1" 404 196 "-" "Mozilla/5.0 (Windows NT 10.0; Win64; x64) AppleWebKit/537.36 (KHTML, like Gecko) Chrome/102.0.5005.63 Safari/537.36"
103.4.122.13 - - [17/Apr/2026:12:50:27 +0800] "GET / HTTP/1.1" 200 29414 "https://wpmain.screwlooseit.com.au" "Mozilla/5.0 (compatible; MainWP/6.0.9; +http://mainwp.com)"
103.4.122.13 - - [17/Apr/2026:13:01:35 +0800] "GET / HTTP/1.1" 200 29414 "https://wpmain.screwlooseit.com.au" "Mozilla/5.0 (compatible; MainWP/6.0.9; +http://mainwp.com)"
103.4.122.14 - - [17/Apr/2026:15:02:08 +0800] "POST /wp-cron.php?doing_wp_cron=1776409328.3686950206756591796875 HTTP/1.1" 200 - "-" "WordPress/6.9.4; http://memo.carmel.wa.edu.au"
207.90.244.15 - - [17/Apr/2026:15:02:07 +0800] "GET / HTTP/1.1" 200 29382 "-" "Mozilla/5.0 (Windows NT 6.1) AppleWebKit/537.36 (KHTML, like Gecko) Chrome/41.0.2228.0 Safari/537.36"
207.90.244.15 - - [17/Apr/2026:15:02:09 +0800] "GET /robots.txt HTTP/1.1" 404 196 "-" "-"
207.90.244.15 - - [17/Apr/2026:15:02:10 +0800] "GET /sitemap.xml HTTP/1.1" 404 196 "-" "-"
207.90.244.15 - - [17/Apr/2026:15:02:11 +0800] "GET /.well-known/security.txt HTTP/1.1" 404 196 "-" "-"
207.90.244.15 - - [17/Apr/2026:15:02:14 +0800] "GET /favicon.ico HTTP/1.1" 404 196 "-" "Mozilla/5.0 (Windows NT 10.0; Win64; x64) AppleWebKit/537.36 (KHTML, like Gecko) Chrome/102.0.5005.63 Safari/537.36"
103.4.122.14 - - [17/Apr/2026:15:02:15 +0800] "POST /wp-cron.php HTTP/1.1" 200 - "-" "WordPress/6.9.4; http://memo.carmel.wa.edu.au"
103.4.122.14 - - [17/Apr/2026:15:02:15 +0800] "GET / HTTP/1.1" 200 7222 "-" "WordPress/6.9.4; http://memo.carmel.wa.edu.au"
103.4.122.14 - - [17/Apr/2026:15:02:16 +0800] "GET / HTTP/1.1" 200 7222 "-" "WordPress/6.9.4; http://memo.carmel.wa.edu.au"
103.4.122.14 - - [17/Apr/2026:15:02:16 +0800] "GET / HTTP/1.1" 200 7222 "-" "WordPress/6.9.4; http://memo.carmel.wa.edu.au"
103.4.122.14 - - [17/Apr/2026:15:02:17 +0800] "GET / HTTP/1.1" 200 7222 "-" "WordPress/6.9.4; http://memo.carmel.wa.edu.au"
103.4.122.14 - - [17/Apr/2026:15:02:18 +0800] "GET / HTTP/1.1" 200 7222 "-" "WordPress/6.9.4; http://memo.carmel.wa.edu.au"
103.4.122.14 - - [17/Apr/2026:15:40:50 +0800] "POST /wp-cron.php?doing_wp_cron=1776411649.9213910102844238281250 HTTP/1.1" 200 - "-" "WordPress/6.9.4; https://memo.carmel.wa.edu.au"
103.4.122.13 - - [17/Apr/2026:15:40:48 +0800] "GET / HTTP/1.1" 200 29414 "https://wpmain.screwlooseit.com.au" "Mozilla/5.0 (compatible; MainWP/6.0.9; +http://mainwp.com)"
103.4.122.14 - - [17/Apr/2026:16:44:47 +0800] "POST /wp-cron.php?doing_wp_cron=1776415487.1917469501495361328125 HTTP/1.1" 200 - "-" "WordPress/6.9.4; https://memo.carmel.wa.edu.au"
103.4.122.13 - - [17/Apr/2026:16:44:46 +0800] "GET / HTTP/1.1" 200 29414 "https://wpmain.screwlooseit.com.au" "Mozilla/5.0 (compatible; MainWP/6.0.9; +http://mainwp.com)"
103.4.122.14 - - [17/Apr/2026:17:48:02 +0800] "POST /wp-cron.php?doing_wp_cron=1776419282.7134780883789062500000 HTTP/1.1" 200 - "-" "WordPress/6.9.4; https://memo.carmel.wa.edu.au"
103.4.122.13 - - [17/Apr/2026:17:48:01 +0800] "GET / HTTP/1.1" 200 29414 "https://wpmain.screwlooseit.com.au" "Mozilla/5.0 (compatible; MainWP/6.0.9; +http://mainwp.com)"
103.4.122.14 - - [17/Apr/2026:20:04:19 +0800] "POST /wp-cron.php?doing_wp_cron=1776427459.1134500503540039062500 HTTP/1.1" 200 - "-" "WordPress/6.9.4; https://memo.carmel.wa.edu.au"
103.4.122.13 - - [17/Apr/2026:20:04:18 +0800] "GET / HTTP/1.1" 200 29414 "https://wpmain.screwlooseit.com.au" "Mozilla/5.0 (compatible; MainWP/6.0.9; +http://mainwp.com)"
207.90.244.16 - - [17/Apr/2026:20:28:53 +0800] "GET / HTTP/1.1" 200 29382 "-" "Mozilla/5.0 (Windows NT 6.1) AppleWebKit/537.36 (KHTML, like Gecko) Chrome/41.0.2228.0 Safari/537.36"
207.90.244.16 - - [17/Apr/2026:20:28:56 +0800] "GET /robots.txt HTTP/1.1" 404 196 "-" "-"
207.90.244.16 - - [17/Apr/2026:20:28:58 +0800] "GET /sitemap.xml HTTP/1.1" 404 196 "-" "-"
207.90.244.16 - - [17/Apr/2026:20:28:59 +0800] "GET /.well-known/security.txt HTTP/1.1" 404 196 "-" "-"
207.90.244.16 - - [17/Apr/2026:20:29:02 +0800] "GET /favicon.ico HTTP/1.1" 404 196 "-" "Mozilla/5.0 (Windows NT 10.0; Win64; x64) AppleWebKit/537.36 (KHTML, like Gecko) Chrome/102.0.5005.63 Safari/537.36"
103.4.122.14 - - [17/Apr/2026:21:08:57 +0800] "POST /wp-cron.php?doing_wp_cron=1776431337.0860729217529296875000 HTTP/1.1" 200 - "-" "WordPress/6.9.4; https://memo.carmel.wa.edu.au"
103.4.122.13 - - [17/Apr/2026:21:08:56 +0800] "GET / HTTP/1.1" 200 29414 "https://wpmain.screwlooseit.com.au" "Mozilla/5.0 (compatible; MainWP/6.0.9; +http://mainwp.com)"
103.4.122.14 - - [18/Apr/2026:01:07:25 +0800] "POST /wp-cron.php?doing_wp_cron=1776445645.6528689861297607421875 HTTP/1.1" 200 - "-" "WordPress/6.9.4; https://memo.carmel.wa.edu.au"
103.4.122.13 - - [18/Apr/2026:01:07:24 +0800] "GET / HTTP/1.1" 200 29414 "https://wpmain.screwlooseit.com.au" "Mozilla/5.0 (compatible; MainWP/6.0.9; +http://mainwp.com)"
103.4.122.14 - - [18/Apr/2026:01:34:23 +0800] "POST /wp-cron.php?doing_wp_cron=1776447263.5294411182403564453125 HTTP/1.1" 200 - "-" "WordPress/6.9.4; https://memo.carmel.wa.edu.au"
103.4.122.13 - - [18/Apr/2026:01:34:22 +0800] "GET /?login_required=1&user=ACS&mainwpsignature=gddix52K60H8LoGleJrPP2WO%2F1aIVgyG3FplpYApjsB68vdCRoC742qlGhMIEEH61pX3lUw1yLw%2Fxc6j7okJ9n1ihOE41HnfWpV6s1wrcS0HKbmxsim8s8hR66hP7FWVmu43%2B0x6IjA6jBcjBX9ylng6Wcb8k6n1ibNK0qcLzFBuvysPTdMWDEHvUcz%2Fnf2BYeGsgkCzps8CCCZki%2BN1gIxfmwbhZT5ZUTQbRW13CBqpl7qQcsEcnuOyzfenOUd%2BZgxs1YJRz2UxcbGEHueCgdcSoCnfgao2r28IpNKIK8eeCUd6VhXBtUfjWSPskm3KkCRTIPcMr2E7O9DyiAqR3g%3D%3D&nonce=365&where=plugins.php%3F_detect_plugins_updates%3Dyes&sign_algo=7 HTTP/1.1" 302 - "-" "WordPress/6.9.4; https://wpmain.screwlooseit.com.au"
103.4.122.13 - - [18/Apr/2026:01:34:23 +0800] "GET /wp-admin/plugins.php?_detect_plugins_updates=yes HTTP/1.1" 200 21349 "-" "WordPress/6.9.4; https://wpmain.screwlooseit.com.au"
103.4.122.13 - - [18/Apr/2026:01:34:26 +0800] "POST /wp-admin/admin-ajax.php HTTP/1.1" 200 178881 "https://wpmain.screwlooseit.com.au" "Mozilla/5.0 (compatible; MainWP/6.0.9; +http://mainwp.com)"
103.4.122.14 - - [18/Apr/2026:01:34:28 +0800] "GET / HTTP/1.1" 200 7223 "-" "WordPress/6.9.4; https://memo.carmel.wa.edu.au"
103.4.122.13 - - [18/Apr/2026:01:34:28 +0800] "POST /wp-admin/admin-ajax.php HTTP/1.1" 200 21 "https://wpmain.screwlooseit.com.au" "Mozilla/5.0 (compatible; MainWP/6.0.9; +http://mainwp.com)"
103.4.122.14 - - [18/Apr/2026:02:38:47 +0800] "POST /wp-cron.php?doing_wp_cron=1776451127.7493200302124023437500 HTTP/1.1" 200 - "-" "WordPress/6.9.4; https://memo.carmel.wa.edu.au"
103.4.122.13 - - [18/Apr/2026:02:38:44 +0800] "GET / HTTP/1.1" 200 29414 "https://wpmain.screwlooseit.com.au" "Mozilla/5.0 (compatible; MainWP/6.0.9; +http://mainwp.com)"
103.4.122.13 - - [18/Apr/2026:03:52:09 +0800] "GET / HTTP/1.1" 200 29414 "https://wpmain.screwlooseit.com.au" "Mozilla/5.0 (compatible; MainWP/6.0.9; +http://mainwp.com)"
103.4.122.14 - - [18/Apr/2026:03:52:10 +0800] "POST /wp-cron.php?doing_wp_cron=1776455530.5200738906860351562500 HTTP/1.1" 200 - "-" "WordPress/6.9.4; https://memo.carmel.wa.edu.au"
104.164.161.204 - - [18/Apr/2026:04:19:57 +0800] "HEAD / HTTP/1.1" 200 - "-" "Mozilla/5.0 (Macintosh; Intel Mac OS X 10_12_5; rv:123.0esr) Gecko/20100101 Firefox/123.0esr"
104.164.161.204 - - [18/Apr/2026:04:19:59 +0800] "GET / HTTP/1.1" 200 7223 "-" "Mozilla/5.0 (Macintosh; Intel Mac OS X 10_12_5; rv:123.0esr) Gecko/20100101 Firefox/123.0esr"
50.118.248.248 - - [18/Apr/2026:04:20:09 +0800] "GET / HTTP/1.1" 200 7223 "-" "Mozilla/5.0 (Windows NT 10.0; Win64; x64) AppleWebKit/537.36 (KHTML, like Gecko) Chrome/120.0.0.0 Safari/537.36"
50.118.248.248 - - [18/Apr/2026:04:20:11 +0800] "GET /robots.txt HTTP/1.1" 404 196 "https://memo.carmel.wa.edu.au/" "Mozilla/5.0 (Windows NT 10.0; Win64; x64) AppleWebKit/537.36 (KHTML, like Gecko) Chrome/120.0.0.0 Safari/537.36"
50.118.248.248 - - [18/Apr/2026:04:20:11 +0800] "GET / HTTP/1.1" 200 7223 "-" "Mozilla/5.0 (Windows NT 10.0; Win64; x64) AppleWebKit/537.36 (KHTML, like Gecko) Chrome/120.0.0.0 Safari/537.36"
50.118.248.248 - - [18/Apr/2026:04:20:13 +0800] "GET / HTTP/1.1" 200 7223 "-" "Mozilla/5.0 (Windows NT 10.0; Win64; x64) AppleWebKit/537.36 (KHTML, like Gecko) Chrome/120.0.0.0 Safari/537.36"
104.194.198.80 - - [18/Apr/2026:04:21:12 +0800] "GET /wp-login.php HTTP/1.1" 200 1988 "-" "Mozilla/5.0 (X11; Ubuntu; Linux x86_64; rv:109.0) Gecko/20100101 Firefox/121.0"
103.4.122.14 - - [18/Apr/2026:04:36:52 +0800] "POST /wp-cron.php?doing_wp_cron=1776458212.2433900833129882812500 HTTP/1.1" 200 - "-" "WordPress/6.9.4; https://memo.carmel.wa.edu.au"
103.4.122.13 - - [18/Apr/2026:04:36:51 +0800] "GET / HTTP/1.1" 200 29414 "https://wpmain.screwlooseit.com.au" "Mozilla/5.0 (compatible; MainWP/6.0.9; +http://mainwp.com)"
103.4.122.14 - - [18/Apr/2026:06:47:25 +0800] "POST /wp-cron.php?doing_wp_cron=1776466045.2521700859069824218750 HTTP/1.1" 200 - "-" "WordPress/6.9.4; http://memo.carmel.wa.edu.au"
143.110.194.7 - - [18/Apr/2026:06:47:23 +0800] "GET / HTTP/1.1" 200 29382 "-" "Mozilla/5.0 (Windows NT 6.1) AppleWebKit/537.36 (KHTML, like Gecko) Chrome/41.0.2228.0 Safari/537.36"
143.110.194.7 - - [18/Apr/2026:06:47:26 +0800] "GET /robots.txt HTTP/1.1" 404 196 "-" "-"
143.110.194.7 - - [18/Apr/2026:06:47:28 +0800] "GET /sitemap.xml HTTP/1.1" 404 196 "-" "-"
143.110.194.7 - - [18/Apr/2026:06:47:30 +0800] "GET /.well-known/security.txt HTTP/1.1" 404 196 "-" "-"
143.110.194.7 - - [18/Apr/2026:06:47:33 +0800] "GET /favicon.ico HTTP/1.1" 404 196 "-" "Mozilla/5.0 (Windows NT 10.0; Win64; x64) AppleWebKit/537.36 (KHTML, like Gecko) Chrome/102.0.5005.63 Safari/537.36"
103.4.122.13 - - [18/Apr/2026:07:00:01 +0800] "GET / HTTP/1.1" 200 29414 "https://wpmain.screwlooseit.com.au" "Mozilla/5.0 (compatible; MainWP/6.0.9; +http://mainwp.com)"
103.4.122.14 - - [18/Apr/2026:10:08:56 +0800] "POST /wp-cron.php?doing_wp_cron=1776478136.0995569229125976562500 HTTP/1.1" 200 - "-" "WordPress/6.9.4; https://memo.carmel.wa.edu.au"
103.4.122.13 - - [18/Apr/2026:10:08:53 +0800] "GET / HTTP/1.1" 200 29414 "https://wpmain.screwlooseit.com.au" "Mozilla/5.0 (compatible; MainWP/6.0.9; +http://mainwp.com)"
103.4.122.14 - - [18/Apr/2026:11:30:49 +0800] "POST /wp-cron.php?doing_wp_cron=1776483049.0317099094390869140625 HTTP/1.1" 200 - "-" "WordPress/6.9.4; http://memo.carmel.wa.edu.au"
207.90.244.16 - - [18/Apr/2026:11:30:48 +0800] "GET / HTTP/1.1" 200 29382 "-" "Mozilla/5.0 (Windows NT 6.1) AppleWebKit/537.36 (KHTML, like Gecko) Chrome/41.0.2228.0 Safari/537.36"
207.90.244.16 - - [18/Apr/2026:11:30:50 +0800] "GET /robots.txt HTTP/1.1" 404 196 "-" "-"
207.90.244.16 - - [18/Apr/2026:11:30:52 +0800] "GET /sitemap.xml HTTP/1.1" 404 196 "-" "-"
207.90.244.16 - - [18/Apr/2026:11:30:53 +0800] "GET /.well-known/security.txt HTTP/1.1" 404 196 "-" "-"
207.90.244.16 - - [18/Apr/2026:11:30:56 +0800] "GET /favicon.ico HTTP/1.1" 404 196 "-" "Mozilla/5.0 (Windows NT 10.0; Win64; x64) AppleWebKit/537.36 (KHTML, like Gecko) Chrome/102.0.5005.63 Safari/537.36"
103.4.122.14 - - [18/Apr/2026:11:34:33 +0800] "POST /wp-cron.php?doing_wp_cron=1776483273.7404539585113525390625 HTTP/1.1" 200 - "-" "WordPress/6.9.4; https://memo.carmel.wa.edu.au"
207.90.244.16 - - [18/Apr/2026:11:34:32 +0800] "GET / HTTP/1.1" 200 29414 "-" "Mozilla/5.0 (X11; Linux x86_64) AppleWebKit/537.36 (KHTML, like Gecko) Chrome/98.0.4758.102 Safari/537.36"
207.90.244.16 - - [18/Apr/2026:11:34:58 +0800] "GET /robots.txt HTTP/1.1" 404 196 "-" "-"
207.90.244.16 - - [18/Apr/2026:11:35:00 +0800] "GET /sitemap.xml HTTP/1.1" 404 196 "-" "-"
207.90.244.16 - - [18/Apr/2026:11:35:02 +0800] "GET /.well-known/security.txt HTTP/1.1" 404 196 "-" "-"
207.90.244.16 - - [18/Apr/2026:11:35:07 +0800] "GET /favicon.ico HTTP/1.1" 404 196 "-" "Mozilla/5.0 (Windows NT 10.0; Win64; x64) AppleWebKit/537.36 (KHTML, like Gecko) Chrome/102.0.5005.63 Safari/537.36"
143.110.194.7 - - [18/Apr/2026:12:10:06 +0800] "GET / HTTP/1.1" 200 29414 "-" "Mozilla/5.0 (X11; Linux x86_64) AppleWebKit/537.36 (KHTML, like Gecko) Chrome/98.0.4758.102 Safari/537.36"
143.110.194.7 - - [18/Apr/2026:12:10:29 +0800] "GET /robots.txt HTTP/1.1" 404 196 "-" "-"
143.110.194.7 - - [18/Apr/2026:12:10:30 +0800] "GET /sitemap.xml HTTP/1.1" 404 196 "-" "-"
143.110.194.7 - - [18/Apr/2026:12:10:32 +0800] "GET /.well-known/security.txt HTTP/1.1" 404 196 "-" "-"
143.110.194.7 - - [18/Apr/2026:12:10:38 +0800] "GET /favicon.ico HTTP/1.1" 404 196 "-" "Mozilla/5.0 (Windows NT 10.0; Win64; x64) AppleWebKit/537.36 (KHTML, like Gecko) Chrome/102.0.5005.63 Safari/537.36"
103.4.122.14 - - [18/Apr/2026:13:05:27 +0800] "POST /wp-cron.php?doing_wp_cron=1776488727.7849121093750000000000 HTTP/1.1" 200 - "-" "WordPress/6.9.4; https://memo.carmel.wa.edu.au"
103.4.122.13 - - [18/Apr/2026:13:05:26 +0800] "GET / HTTP/1.1" 200 29417 "https://wpmain.screwlooseit.com.au" "Mozilla/5.0 (compatible; MainWP/6.0.9; +http://mainwp.com)"
103.4.122.14 - - [18/Apr/2026:15:04:53 +0800] "POST /wp-cron.php?doing_wp_cron=1776495892.9344129562377929687500 HTTP/1.1" 200 - "-" "WordPress/6.9.4; https://memo.carmel.wa.edu.au"
103.4.122.13 - - [18/Apr/2026:15:04:52 +0800] "GET /?login_required=1&user=ACS&mainwpsignature=dJx%2BGFGuHgcp1F8MY%2BhLeqCgEB2enuZiCZ4BhxMa4efBzdMzin2GCziAMjNa5PfR2sm3NjhdPodPf9S8LJND3U1QvsqogcVeRoAjBEbPOTvW5H7AF3WZRLKYXezuANH38ZQzvEST4DAyfz4Gz%2B2U2G4mqkDfzjMkhiNrXOMIsUKsYcNR%2F3WH9aQS4IezzLZ%2FyRUFH0kMMtAGTxTjdB8L04MhQCt8eFkX0fJVqNLXwvyn7GKm%2B1cQVscWhndvTkwyyJlM2e2799LCt%2BREGuU2PfsnjQJop6nEugFxvz8EUJ9owCbz1k%2F8Gp%2FWPmZdxAiLJXPoBlyF7N4FVv3dDxussQ%3D%3D&nonce=2530&where=plugins.php%3F_detect_plugins_updates%3Dyes&sign_algo=7 HTTP/1.1" 302 - "-" "WordPress/6.9.4; https://wpmain.screwlooseit.com.au"
103.4.122.13 - - [18/Apr/2026:15:04:53 +0800] "GET /wp-admin/plugins.php?_detect_plugins_updates=yes HTTP/1.1" 200 21347 "-" "WordPress/6.9.4; https://wpmain.screwlooseit.com.au"
103.4.122.13 - - [18/Apr/2026:15:04:56 +0800] "POST /wp-admin/admin-ajax.php HTTP/1.1" 200 178853 "https://wpmain.screwlooseit.com.au" "Mozilla/5.0 (compatible; MainWP/6.0.9; +http://mainwp.com)"
103.4.122.14 - - [18/Apr/2026:15:04:59 +0800] "GET / HTTP/1.1" 200 7224 "-" "WordPress/6.9.4; https://memo.carmel.wa.edu.au"
103.4.122.13 - - [18/Apr/2026:15:04:58 +0800] "POST /wp-admin/admin-ajax.php HTTP/1.1" 200 21 "https://wpmain.screwlooseit.com.au" "Mozilla/5.0 (compatible; MainWP/6.0.9; +http://mainwp.com)"
103.4.122.14 - - [18/Apr/2026:16:14:09 +0800] "POST /wp-cron.php?doing_wp_cron=1776500049.5148770809173583984375 HTTP/1.1" 200 - "-" "WordPress/6.9.4; http://memo.carmel.wa.edu.au"
207.90.244.24 - - [18/Apr/2026:16:14:08 +0800] "GET / HTTP/1.1" 200 29385 "-" "Mozilla/5.0 (Windows NT 6.1) AppleWebKit/537.36 (KHTML, like Gecko) Chrome/41.0.2228.0 Safari/537.36"
207.90.244.24 - - [18/Apr/2026:16:14:11 +0800] "GET /robots.txt HTTP/1.1" 404 196 "-" "-"
207.90.244.24 - - [18/Apr/2026:16:14:14 +0800] "GET /sitemap.xml HTTP/1.1" 404 196 "-" "-"
207.90.244.24 - - [18/Apr/2026:16:14:15 +0800] "GET /.well-known/security.txt HTTP/1.1" 404 196 "-" "-"
207.90.244.24 - - [18/Apr/2026:16:14:18 +0800] "GET /favicon.ico HTTP/1.1" 404 196 "-" "Mozilla/5.0 (Windows NT 10.0; Win64; x64) AppleWebKit/537.36 (KHTML, like Gecko) Chrome/102.0.5005.63 Safari/537.36"
103.4.122.14 - - [18/Apr/2026:16:32:08 +0800] "POST /wp-cron.php?doing_wp_cron=1776501128.4521520137786865234375 HTTP/1.1" 200 - "-" "WordPress/6.9.4; https://memo.carmel.wa.edu.au"
103.4.122.13 - - [18/Apr/2026:16:32:07 +0800] "GET / HTTP/1.1" 200 29417 "https://wpmain.screwlooseit.com.au" "Mozilla/5.0 (compatible; MainWP/6.0.9; +http://mainwp.com)"
103.4.122.14 - - [18/Apr/2026:20:41:04 +0800] "POST /wp-cron.php?doing_wp_cron=1776516063.9656820297241210937500 HTTP/1.1" 200 - "-" "WordPress/6.9.4; https://memo.carmel.wa.edu.au"
103.4.122.13 - - [18/Apr/2026:20:41:02 +0800] "GET / HTTP/1.1" 200 29417 "https://wpmain.screwlooseit.com.au" "Mozilla/5.0 (compatible; MainWP/6.0.9; +http://mainwp.com)"
91.200.101.138 - - [19/Apr/2026:00:19:33 +0800] "GET / HTTP/1.1" 200 7223 "-" "Mozilla/5.0 (Windows NT 10.0; Win64; x64) AppleWebKit/537.36 (KHTML, like Gecko) Chrome/120.0.0.0 Safari/537.36"
103.4.122.14 - - [19/Apr/2026:00:19:35 +0800] "POST /wp-cron.php?doing_wp_cron=1776529175.3643920421600341796875 HTTP/1.1" 200 - "-" "WordPress/6.9.4; https://memo.carmel.wa.edu.au"
103.4.122.14 - - [19/Apr/2026:02:45:50 +0800] "POST /wp-cron.php?doing_wp_cron=1776537950.0968649387359619140625 HTTP/1.1" 200 - "-" "WordPress/6.9.4; https://memo.carmel.wa.edu.au"
103.4.122.13 - - [19/Apr/2026:02:45:49 +0800] "GET / HTTP/1.1" 200 29417 "https://wpmain.screwlooseit.com.au" "Mozilla/5.0 (compatible; MainWP/6.0.9; +http://mainwp.com)"
207.90.244.16 - - [19/Apr/2026:03:00:39 +0800] "GET / HTTP/1.1" 200 29385 "-" "Mozilla/5.0 (Windows NT 6.1) AppleWebKit/537.36 (KHTML, like Gecko) Chrome/41.0.2228.0 Safari/537.36"
207.90.244.16 - - [19/Apr/2026:03:00:41 +0800] "GET /robots.txt HTTP/1.1" 404 196 "-" "-"
207.90.244.16 - - [19/Apr/2026:03:00:42 +0800] "GET /sitemap.xml HTTP/1.1" 404 196 "-" "-"
207.90.244.16 - - [19/Apr/2026:03:00:43 +0800] "GET /.well-known/security.txt HTTP/1.1" 404 196 "-" "-"
207.90.244.16 - - [19/Apr/2026:03:00:46 +0800] "GET /favicon.ico HTTP/1.1" 404 196 "-" "Mozilla/5.0 (Windows NT 10.0; Win64; x64) AppleWebKit/537.36 (KHTML, like Gecko) Chrome/102.0.5005.63 Safari/537.36"
103.4.122.14 - - [19/Apr/2026:03:51:26 +0800] "POST /wp-cron.php?doing_wp_cron=1776541886.4357399940490722656250 HTTP/1.1" 200 - "-" "WordPress/6.9.4; https://memo.carmel.wa.edu.au"
103.4.122.13 - - [19/Apr/2026:03:51:25 +0800] "GET / HTTP/1.1" 200 29417 "https://wpmain.screwlooseit.com.au" "Mozilla/5.0 (compatible; MainWP/6.0.9; +http://mainwp.com)"
207.90.244.16 - - [19/Apr/2026:04:34:09 +0800] "GET / HTTP/1.1" 200 29417 "-" "Mozilla/5.0 (X11; Linux x86_64) AppleWebKit/537.36 (KHTML, like Gecko) Chrome/98.0.4758.102 Safari/537.36"
103.4.122.14 - - [19/Apr/2026:04:41:53 +0800] "POST /wp-cron.php?doing_wp_cron=1776544913.7345120906829833984375 HTTP/1.1" 200 - "-" "WordPress/6.9.4; https://memo.carmel.wa.edu.au"
103.4.122.13 - - [19/Apr/2026:04:41:53 +0800] "GET /?login_required=1&user=ACS&mainwpsignature=M6WDbUQJbWXVjz%2FKBxsqdzBQWWcuM1tfU7%2F1Nd90dmGyHkpodZIRxckQpiESjDanuuKhGmSguIrtQzlzjNHqDgrjiMV91y6F%2Fb7bLo31ubkPswXX9hk3sGyGM6ATdIFOMk066LVfM1oPT1UoGnGbspwDPOl9srunh9%2F1Mt%2B7InKO0cvr7iRX90QH%2B9pqRdspr%2B6ahtl2BjqJhrToRKwUkDqrNjPLw0ezjgXZy6ldMntgBDVO3%2FReM%2B0myRvgb5yUcJw4OafasvEfqxEX53txCkSo3h4zuyH2QdXKhhJpqYnLN%2F%2FNsEJLJj1rlPeukx7FQjOWcYg78FKpfYpG3%2Bi6gQ%3D%3D&nonce=741&where=plugins.php%3F_detect_plugins_updates%3Dyes&sign_algo=7 HTTP/1.1" 302 - "-" "WordPress/6.9.4; https://wpmain.screwlooseit.com.au"
103.4.122.13 - - [19/Apr/2026:04:41:54 +0800] "GET /wp-admin/plugins.php?_detect_plugins_updates=yes HTTP/1.1" 200 21354 "-" "WordPress/6.9.4; https://wpmain.screwlooseit.com.au"
103.4.122.13 - - [19/Apr/2026:04:41:56 +0800] "POST /wp-admin/admin-ajax.php HTTP/1.1" 200 178889 "https://wpmain.screwlooseit.com.au" "Mozilla/5.0 (compatible; MainWP/6.0.9; +http://mainwp.com)"
103.4.122.14 - - [19/Apr/2026:04:42:00 +0800] "GET / HTTP/1.1" 200 7224 "-" "WordPress/6.9.4; https://memo.carmel.wa.edu.au"
103.4.122.13 - - [19/Apr/2026:04:41:59 +0800] "POST /wp-admin/admin-ajax.php HTTP/1.1" 200 21 "https://wpmain.screwlooseit.com.au" "Mozilla/5.0 (compatible; MainWP/6.0.9; +http://mainwp.com)"
