103.4.122.14 - - [11/Jan/2026:22:33:16 +0800] "POST /wp-cron.php?doing_wp_cron=1768141996.3430910110473632812500 HTTP/1.1" 200 - "-" "WordPress/6.9; https://nutritaste.com.au"
4.241.208.191 - - [11/Jan/2026:22:33:13 +0800] "GET /file.php HTTP/1.1" 404 52508 "https://duckduckgo.com/" "Mozilla/5.0 (Linux; Android 12; V2134) AppleWebKit/537.36 (KHTML, like Gecko) Chrome/116.0.0.0 Mobile Safari/537.36"
4.241.208.191 - - [11/Jan/2026:22:33:16 +0800] "GET /info.php HTTP/1.1" 404 52508 "https://www.google.fr/" "Mozilla/5.0 (Linux; Android 12; 2201116SG) AppleWebKit/537.36 (KHTML, like Gecko) Chrome/116.0.0.0 Mobile Safari/537.36"
103.4.122.14 - - [11/Jan/2026:22:33:21 +0800] "POST /wp-cron.php?doing_wp_cron=1768142001.6861300468444824218750 HTTP/1.1" 200 - "-" "WordPress/6.9; https://nutritaste.com.au"
4.241.208.191 - - [11/Jan/2026:22:33:19 +0800] "GET /wp-editor.php HTTP/1.1" 404 52513 "https://duckduckgo.com/" "Mozilla/5.0 (iPad; CPU OS 16_7_2 like Mac OS X) AppleWebKit/605.1.15 (KHTML, like Gecko) Version/16.6 Mobile/15E148 Safari/604.1"
4.241.208.191 - - [11/Jan/2026:22:33:21 +0800] "GET /themes.php HTTP/1.1" 404 52510 "https://www.bing.com/" "Mozilla/5.0 (Linux; Android 12; 2201116SG) AppleWebKit/537.36 (KHTML, like Gecko) Chrome/116.0.0.0 Mobile Safari/537.36"
103.4.122.14 - - [11/Jan/2026:22:33:26 +0800] "POST /wp-cron.php?doing_wp_cron=1768142006.9468030929565429687500 HTTP/1.1" 200 - "-" "WordPress/6.9; https://nutritaste.com.au"
4.241.208.191 - - [11/Jan/2026:22:33:24 +0800] "GET /classwithtostring.php HTTP/1.1" 404 52521 "https://www.google.fr/" "Mozilla/5.0 (iPad; CPU OS 16_7_2 like Mac OS X) AppleWebKit/605.1.15 (KHTML, like Gecko) Version/16.6 Mobile/15E148 Safari/604.1"
4.241.208.191 - - [11/Jan/2026:22:33:27 +0800] "GET /class.php HTTP/1.1" 404 52509 "https://www.google.fr/" "Mozilla/5.0 (iPhone; CPU iPhone OS 16_0 like Mac OS X) AppleWebKit/605.1.15 (KHTML, like Gecko) FxiOS/118.0 Mobile/15E148 Safari/605.1.15"
103.4.122.14 - - [11/Jan/2026:22:33:32 +0800] "POST /wp-cron.php?doing_wp_cron=1768142012.2571959495544433593750 HTTP/1.1" 200 - "-" "WordPress/6.9; https://nutritaste.com.au"
4.241.208.191 - - [11/Jan/2026:22:33:29 +0800] "GET /gelay.php HTTP/1.1" 404 52509 "https://www.google.de/" "Mozilla/5.0 (iPad; CPU OS 17_0_3 like Mac OS X) AppleWebKit/605.1.15 (KHTML, like Gecko) Version/17.0.1 Mobile/15E148 Safari/604.1"
4.241.208.191 - - [11/Jan/2026:22:33:32 +0800] "GET /wp.php HTTP/1.1" 404 52506 "https://www.google.co.uk/" "Mozilla/5.0 (Linux; Android 13; SM-G991U) AppleWebKit/537.36 (KHTML, like Gecko) Chrome/117.0.0.0 Mobile Safari/537.36"
103.4.122.14 - - [11/Jan/2026:22:33:37 +0800] "POST /wp-cron.php?doing_wp_cron=1768142017.7345681190490722656250 HTTP/1.1" 200 - "-" "WordPress/6.9; https://nutritaste.com.au"
4.241.208.191 - - [11/Jan/2026:22:33:35 +0800] "GET /13.php HTTP/1.1" 404 52506 "https://www.google.co.uk/" "Mozilla/5.g (Linux; Android 13; Pixel 7) AppleWebKit/537.36 (KHTML, like Gecko) Chrome/116.0.0.0 Mobile Safari/537.36"
4.241.208.191 - - [11/Jan/2026:22:33:37 +0800] "GET /fx.php HTTP/1.1" 404 52506 "https://www.google.fr/" "Mozilla/5.0 (Linux; Android 12; SM-A525F) AppleWebKit/537.36 (KHTML, like Gecko) Chrome/117.0.0.0 Mobile Safari/537.36"
103.4.122.14 - - [11/Jan/2026:22:33:43 +0800] "POST /wp-cron.php?doing_wp_cron=1768142023.0627539157867431640625 HTTP/1.1" 200 - "-" "WordPress/6.9; https://nutritaste.com.au"
4.241.208.191 - - [11/Jan/2026:22:33:40 +0800] "GET /black.php HTTP/1.1" 404 52509 "https://www.google.fr/" "Mozilla/5.0 (Linux; Android 12; V2134) AppleWebKit/537.36 (KHTML, like Gecko) Chrome/116.0.0.0 Mobile Safari/537.36"
4.241.208.191 - - [11/Jan/2026:22:33:43 +0800] "GET /ioxi-o.php HTTP/1.1" 404 52510 "https://www.google.co.uk/" "Mozilla/5.0 (Linux; Android 13; SM-G991U) AppleWebKit/537.36 (KHTML, like Gecko) Chrome/117.0.0.0 Mobile Safari/537.36"
103.4.122.14 - - [11/Jan/2026:22:33:48 +0800] "POST /wp-cron.php?doing_wp_cron=1768142028.4531331062316894531250 HTTP/1.1" 200 - "-" "WordPress/6.9; https://nutritaste.com.au"
4.241.208.191 - - [11/Jan/2026:22:33:45 +0800] "GET /php.php HTTP/1.1" 404 52507 "https://www.google.com/" "Mozilla/5.0 (Linux; Android 10; K) AppleWebKit/537.36 (KHTML, like Gecko) Chrome/117.0.0.0 Mobile Safari/537.36"
4.241.208.191 - - [11/Jan/2026:22:33:48 +0800] "GET /s.php HTTP/1.1" 404 52505 "https://duckduckgo.com/" "Mozilla/5.0 (iPhone; CPU iPhone OS 15_7_9 like Mac OS X) AppleWebKit/605.1.15 (KHTML, like Gecko) Version/15.6.5 Mobile/15E148 Safari/604.1"
103.4.122.14 - - [11/Jan/2026:22:33:53 +0800] "POST /wp-cron.php?doing_wp_cron=1768142033.7531208992004394531250 HTTP/1.1" 200 - "-" "WordPress/6.9; https://nutritaste.com.au"
4.241.208.191 - - [11/Jan/2026:22:33:51 +0800] "GET /akcc.php HTTP/1.1" 404 52508 "https://www.google.com/" "Mozilla/5.0 (Linux; Android 11; 21081111RG) AppleWebKit/537.36 (KHTML, like Gecko) Chrome/116.0.0.0 Mobile Safari/537.36"
4.241.208.191 - - [11/Jan/2026:22:33:53 +0800] "GET /buy.php HTTP/1.1" 404 52507 "https://www.google.co.uk/" "Mozilla/5.0 (iPhone; CPU iPhone OS 15_7_9 like Mac OS X) AppleWebKit/605.1.15 (KHTML, like Gecko) Version/15.6.5 Mobile/15E148 Safari/604.1"
103.4.122.14 - - [11/Jan/2026:22:33:59 +0800] "POST /wp-cron.php?doing_wp_cron=1768142039.1068279743194580078125 HTTP/1.1" 200 - "-" "WordPress/6.9; https://nutritaste.com.au"
4.241.208.191 - - [11/Jan/2026:22:33:56 +0800] "GET /xmrlpc.php HTTP/1.1" 404 52510 "https://www.google.fr/" "Mozilla/5.0 (iPad; CPU OS 16_7_2 like Mac OS X) AppleWebKit/605.1.15 (KHTML, like Gecko) Version/16.6 Mobile/15E148 Safari/604.1"
4.241.208.191 - - [11/Jan/2026:22:33:59 +0800] "GET /defaults.php HTTP/1.1" 404 52512 "https://www.google.fr/" "Mozilla/5.0 (Linux; Android 12; V2134) AppleWebKit/537.36 (KHTML, like Gecko) Chrome/116.0.0.0 Mobile Safari/537.36"
103.4.122.14 - - [11/Jan/2026:22:34:04 +0800] "POST /wp-cron.php?doing_wp_cron=1768142044.4767730236053466796875 HTTP/1.1" 200 - "-" "WordPress/6.9; https://nutritaste.com.au"
4.241.208.191 - - [11/Jan/2026:22:34:02 +0800] "GET /radio.php HTTP/1.1" 404 52509 "https://www.google.fr/" "Mozilla/5.0 (iPhone; CPU iPhone OS 16_6_1 like Mac OS X) AppleWebKit/605.1.15 (KHTML, like Gecko) Version/16.6 Mobile/15E148 Safari/604.1"
4.241.208.191 - - [11/Jan/2026:22:34:04 +0800] "GET /images/wso.php HTTP/1.1" 404 52503 "https://www.google.de/" "Mozilla/5.0 (iPhone; CPU iPhone OS 15_7_9 like Mac OS X) AppleWebKit/605.1.15 (KHTML, like Gecko) Version/15.6.5 Mobile/15E148 Safari/604.1"
103.4.122.14 - - [11/Jan/2026:22:34:09 +0800] "POST /wp-cron.php?doing_wp_cron=1768142049.7900199890136718750000 HTTP/1.1" 200 - "-" "WordPress/6.9; https://nutritaste.com.au"
4.241.208.191 - - [11/Jan/2026:22:34:07 +0800] "GET /wp-xml.php HTTP/1.1" 404 52510 "https://www.google.com/" "Mozilla/5.0 (iPhone; CPU iPhone OS 17_1 like Mac OS X) AppleWebKit/605.1.15 (KHTML, like Gecko) CriOS/119.0.6045.109 Mobile/15E148 Safari/604.1"
4.241.208.191 - - [11/Jan/2026:22:34:10 +0800] "GET /wp-conflg.php HTTP/1.1" 404 52513 "https://www.google.com/" "Mozilla/5.0 (Linux; Android 10; LM-Q720) AppleWebKit/537.36 (KHTML, like Gecko) Chrome/116.0.0.0 Mobile Safari/537.36"
103.4.122.14 - - [11/Jan/2026:22:34:15 +0800] "POST /wp-cron.php?doing_wp_cron=1768142055.2146730422973632812500 HTTP/1.1" 200 - "-" "WordPress/6.9; https://nutritaste.com.au"
4.241.208.191 - - [11/Jan/2026:22:34:12 +0800] "GET /wp1.php HTTP/1.1" 404 52507 "https://duckduckgo.com/" "Mozilla/5.0 (Linux; Android 11; CPH2251) AppleWebKit/537.36 (KHTML, like Gecko) Chrome/116.0.0.0 Mobile Safari/537.36"
4.241.208.191 - - [11/Jan/2026:22:34:15 +0800] "GET /wp-content/uploads/index.php HTTP/1.1" 403 199 "https://www.bing.com/" "Mozilla/5.0 (Linux; Android 12; 2201116SG) AppleWebKit/537.36 (KHTML, like Gecko) Chrome/116.0.0.0 Mobile Safari/537.36"
4.241.208.191 - - [11/Jan/2026:22:34:15 +0800] "GET /wp-includes/sitemaps/wp-conflg.php HTTP/1.1" 403 199 "https://www.google.co.uk/" "Mozilla/5.0 (Linux; Android 13; SM-G991U) AppleWebKit/537.36 (KHTML, like Gecko) Chrome/117.0.0.0 Mobile Safari/537.36"
103.4.122.14 - - [11/Jan/2026:22:34:18 +0800] "POST /wp-cron.php?doing_wp_cron=1768142058.2868869304656982421875 HTTP/1.1" 200 - "-" "WordPress/6.9; https://nutritaste.com.au"
4.241.208.191 - - [11/Jan/2026:22:34:15 +0800] "GET /wp-admin/alfa.php HTTP/1.1" 404 52505 "https://www.yahoo.com/" "Mozilla/5.0 (iPhone; CPU iPhone OS 16_6_1 like Mac OS X) AppleWebKit/605.1.15 (KHTML, like Gecko) Version/16.6 Mobile/15E148 Safari/604.1"
4.241.208.191 - - [11/Jan/2026:22:34:18 +0800] "GET /wp-admin/images/atomlib.php HTTP/1.1" 404 52492 "https://www.google.co.uk/" "Mozilla/5.0 (Linux; Android 12; V2134) AppleWebKit/537.36 (KHTML, like Gecko) Chrome/116.0.0.0 Mobile Safari/537.36"
103.4.122.14 - - [11/Jan/2026:22:34:25 +0800] "POST /wp-cron.php?doing_wp_cron=1768142065.2183101177215576171875 HTTP/1.1" 200 - "-" "WordPress/6.9; https://nutritaste.com.au"
4.241.208.191 - - [11/Jan/2026:22:34:22 +0800] "GET /wp-admin/images/admin.php HTTP/1.1" 404 52492 "https://www.google.co.uk/" "Mozilla/5.0 (Linux; Android 13; SM-G991U) AppleWebKit/537.36 (KHTML, like Gecko) Chrome/117.0.0.0 Mobile Safari/537.36"
4.241.208.191 - - [11/Jan/2026:22:34:25 +0800] "GET /wp-admin/images/file.php HTTP/1.1" 404 52492 "https://www.google.co.uk/" "Mozilla/5.0 (iPad; CPU OS 16_7_2 like Mac OS X) AppleWebKit/605.1.15 (KHTML, like Gecko) Version/16.6 Mobile/15E148 Safari/604.1"
4.241.208.191 - - [11/Jan/2026:22:34:28 +0800] "GET /wp-admin/includes/rk2.php HTTP/1.1" 403 199 "https://www.google.co.uk/" "Mozilla/5.0 (Linux; Android 13; SM-G991U) AppleWebKit/537.36 (KHTML, like Gecko) Chrome/117.0.0.0 Mobile Safari/537.36"
103.4.122.14 - - [11/Jan/2026:22:34:30 +0800] "POST /wp-cron.php?doing_wp_cron=1768142070.4653449058532714843750 HTTP/1.1" 200 - "-" "WordPress/6.9; https://nutritaste.com.au"
4.241.208.191 - - [11/Jan/2026:22:34:28 +0800] "GET /wp-admin/network/index.php HTTP/1.1" 302 - "https://www.google.fr/" "Mozilla/5.0 (iPhone; CPU iPhone OS 17_0_3 like Mac OS X) AppleWebKit/605.1.15 (KHTML, like Gecko) Version/17.0.1 Mobile/15E148 Safari/604.1"
103.4.122.14 - - [11/Jan/2026:22:34:33 +0800] "POST /wp-cron.php?doing_wp_cron=1768142073.2692201137542724609375 HTTP/1.1" 200 - "-" "WordPress/6.9; https://nutritaste.com.au"
4.241.208.191 - - [11/Jan/2026:22:34:31 +0800] "GET /wp-admin/network/index.php HTTP/1.1" 302 - "https://www.google.fr/" "Mozilla/5.0 (iPhone; CPU iPhone OS 17_0_3 like Mac OS X) AppleWebKit/605.1.15 (KHTML, like Gecko) Version/17.0.1 Mobile/15E148 Safari/604.1"
4.241.208.191 - - [11/Jan/2026:22:34:33 +0800] "GET /wp-login.php?redirect_to=https%3A%2F%2Fnutritaste.com.au%2Fwp-admin%2Fnetwork%2Findex.php&reauth=1 HTTP/1.1" 200 11401 "https://www.google.fr/" "Mozilla/5.0 (iPhone; CPU iPhone OS 17_0_3 like Mac OS X) AppleWebKit/605.1.15 (KHTML, like Gecko) Version/17.0.1 Mobile/15E148 Safari/604.1"
103.4.122.14 - - [11/Jan/2026:22:34:38 +0800] "POST /wp-cron.php?doing_wp_cron=1768142078.5676550865173339843750 HTTP/1.1" 200 - "-" "WordPress/6.9; https://nutritaste.com.au"
4.241.208.191 - - [11/Jan/2026:22:34:36 +0800] "GET /wp-content/mini.php HTTP/1.1" 404 52505 "https://www.google.de/" "Mozilla/5.0 (iPhone; CPU iPhone OS 15_7_9 like Mac OS X) AppleWebKit/605.1.15 (KHTML, like Gecko) Version/15.6.5 Mobile/15E148 Safari/604.1"
4.241.208.191 - - [11/Jan/2026:22:34:38 +0800] "GET /wp-content/bypass.php HTTP/1.1" 404 52509 "https://www.yahoo.com/" "Mozilla/5.0 (Linux; Android 13; M2101K6G) AppleWebKit/537.36 (KHTML, like Gecko) Chrome/116.0.0.0 Mobile Safari/537.36"
103.4.122.14 - - [11/Jan/2026:22:34:44 +0800] "POST /wp-cron.php?doing_wp_cron=1768142084.1228890419006347656250 HTTP/1.1" 200 - "-" "WordPress/6.9; https://nutritaste.com.au"
4.241.208.191 - - [11/Jan/2026:22:34:41 +0800] "GET /wp-content/admin.php HTTP/1.1" 404 52507 "https://www.google.com/" "Mozilla/5.0 (iPad; CPU OS 17_0_3 like Mac OS X) AppleWebKit/605.1.15 (KHTML, like Gecko) Version/17.0.1 Mobile/15E148 Safari/604.1"
4.241.208.191 - - [11/Jan/2026:22:34:44 +0800] "GET /.well-known/admin.php HTTP/1.1" 404 52507 "https://www.google.de/" "Mozilla/5.0 (Linux; Android 13; SM-S908E) AppleWebKit/537.36 (KHTML, like Gecko) Chrome/116.0.0.0 Mobile Safari/537.36"
4.241.208.191 - - [11/Jan/2026:22:34:46 +0800] "GET /wp-includes/js/crop/about.php HTTP/1.1" 403 199 "https://www.yahoo.com/" "Mozilla/5.0 (Linux; Android 12; SM-A525F) AppleWebKit/537.36 (KHTML, like Gecko) Chrome/117.0.0.0 Mobile Safari/537.36"
4.241.208.191 - - [11/Jan/2026:22:34:47 +0800] "GET /wp-content/plugins/core-plugin/include.php HTTP/1.1" 403 199 "https://www.google.fr/" "Mozilla/5.0 (Linux; Android 12; V2134) AppleWebKit/537.36 (KHTML, like Gecko) Chrome/116.0.0.0 Mobile Safari/537.36"
4.241.208.191 - - [11/Jan/2026:22:34:47 +0800] "GET /wp-includes/ID3/ HTTP/1.1" 403 199 "https://www.bing.com/" "Mozilla/5.0 (iPad; CPU OS 17_0_3 like Mac OS X) AppleWebKit/605.1.15 (KHTML, like Gecko) Version/17.0.1 Mobile/15E148 Safari/604.1"
4.241.208.191 - - [11/Jan/2026:22:34:47 +0800] "GET /wp-includes/block-bindings/ HTTP/1.1" 403 199 "https://www.google.de/" "Mozilla/5.0 (Linux; Android 12; V2134) AppleWebKit/537.36 (KHTML, like Gecko) Chrome/116.0.0.0 Mobile Safari/537.36"
4.241.208.191 - - [11/Jan/2026:22:34:47 +0800] "GET /wp-includes/js/dist/ HTTP/1.1" 403 199 "https://www.yahoo.com/" "Mozilla/5.0 (Linux; Android 12; 2201116SG) AppleWebKit/537.36 (KHTML, like Gecko) Chrome/116.0.0.0 Mobile Safari/537.36"
4.241.208.191 - - [11/Jan/2026:22:34:47 +0800] "GET /wp-admin/includes/ HTTP/1.1" 403 199 "https://www.google.co.uk/" "Mozilla/5.0 (Linux; Android 13; SM-G991U) AppleWebKit/537.36 (KHTML, like Gecko) Chrome/117.0.0.0 Mobile Safari/537.36"
4.241.208.191 - - [11/Jan/2026:22:34:47 +0800] "GET /wp-admin/js/widgets/ HTTP/1.1" 403 199 "https://www.google.com/" "Mozilla/5.0 (Linux; Android 12; 2201116SG) AppleWebKit/537.36 (KHTML, like Gecko) Chrome/116.0.0.0 Mobile Safari/537.36"
4.241.208.191 - - [11/Jan/2026:22:34:47 +0800] "GET /wp-content/plugins/admin.php HTTP/1.1" 403 199 "https://www.google.com/" "Mozilla/5.0 (Linux; Android 12; SM-A525F) AppleWebKit/537.36 (KHTML, like Gecko) Chrome/117.0.0.0 Mobile Safari/537.36"
4.241.208.191 - - [11/Jan/2026:22:34:48 +0800] "GET /wp-content/uploads/ HTTP/1.1" 403 199 "https://www.google.fr/" "Mozilla/5.0 (iPad; CPU OS 16_7_2 like Mac OS X) AppleWebKit/605.1.15 (KHTML, like Gecko) Version/16.6 Mobile/15E148 Safari/604.1"
4.241.208.191 - - [11/Jan/2026:22:34:48 +0800] "GET /wp-includes/Requests/about.php HTTP/1.1" 403 199 "https://www.google.de/" "Mozilla/5.0 (iPhone; CPU iPhone OS 16_0 like Mac OS X) AppleWebKit/605.1.15 (KHTML, like Gecko) FxiOS/118.0 Mobile/15E148 Safari/605.1.15"
4.241.208.191 - - [11/Jan/2026:22:34:48 +0800] "GET /wp-includes/style-engine/index.php HTTP/1.1" 403 199 "https://duckduckgo.com/" "Mozilla/5.0 (iPhone; CPU iPhone OS 17_0_3 like Mac OS X) AppleWebKit/605.1.15 (KHTML, like Gecko) Version/17.0.1 Mobile/15E148 Safari/604.1"
103.4.122.14 - - [11/Jan/2026:22:34:51 +0800] "POST /wp-cron.php?doing_wp_cron=1768142091.1101279258728027343750 HTTP/1.1" 200 - "-" "WordPress/6.9; https://nutritaste.com.au"
4.241.208.191 - - [11/Jan/2026:22:34:48 +0800] "GET /images/wso.php HTTP/1.1" 404 52503 "https://www.yahoo.com/" "Mozilla/5.0 (iPhone; CPU iPhone OS 16_6_1 like Mac OS X) AppleWebKit/605.1.15 (KHTML, like Gecko) Version/16.6 Mobile/15E148 Safari/604.1"
4.241.208.191 - - [11/Jan/2026:22:34:51 +0800] "GET /wp-admin/css/colors/ HTTP/1.1" 403 199 "https://www.bing.com/" "Mozilla/5.0 (iPad; CPU OS 17_0_3 like Mac OS X) AppleWebKit/605.1.15 (KHTML, like Gecko) Version/17.0.1 Mobile/15E148 Safari/604.1"
4.241.208.191 - - [11/Jan/2026:22:34:51 +0800] "GET /wp-admin/includes/chosen.php HTTP/1.1" 403 199 "https://www.google.co.uk/" "Mozilla/5.0 (Linux; Android 12; SM-A525F) AppleWebKit/537.36 (KHTML, like Gecko) Chrome/117.0.0.0 Mobile Safari/537.36"
103.4.122.14 - - [11/Jan/2026:22:34:53 +0800] "POST /wp-cron.php?doing_wp_cron=1768142093.9558889865875244140625 HTTP/1.1" 200 - "-" "WordPress/6.9; https://nutritaste.com.au"
4.241.208.191 - - [11/Jan/2026:22:34:51 +0800] "GET /wp-admin/index.php HTTP/1.1" 302 - "https://www.bing.com/" "Mozilla/5.0 (iPad; CPU OS 16_7_2 like Mac OS X) AppleWebKit/605.1.15 (KHTML, like Gecko) Version/16.6 Mobile/15E148 Safari/604.1"
103.4.122.14 - - [11/Jan/2026:22:34:56 +0800] "POST /wp-cron.php?doing_wp_cron=1768142096.8028581142425537109375 HTTP/1.1" 200 - "-" "WordPress/6.9; https://nutritaste.com.au"
4.241.208.191 - - [11/Jan/2026:22:34:54 +0800] "GET /wp-admin/index.php HTTP/1.1" 302 - "https://www.bing.com/" "Mozilla/5.0 (iPad; CPU OS 16_7_2 like Mac OS X) AppleWebKit/605.1.15 (KHTML, like Gecko) Version/16.6 Mobile/15E148 Safari/604.1"
4.241.208.191 - - [11/Jan/2026:22:34:57 +0800] "GET /wp-login.php?redirect_to=https%3A%2F%2Fnutritaste.com.au%2Fwp-admin%2Findex.php&reauth=1 HTTP/1.1" 200 11393 "https://www.bing.com/" "Mozilla/5.0 (iPad; CPU OS 16_7_2 like Mac OS X) AppleWebKit/605.1.15 (KHTML, like Gecko) Version/16.6 Mobile/15E148 Safari/604.1"
103.4.122.14 - - [11/Jan/2026:22:35:02 +0800] "POST /wp-cron.php?doing_wp_cron=1768142102.1364169120788574218750 HTTP/1.1" 200 - "-" "WordPress/6.9; https://nutritaste.com.au"
4.241.208.191 - - [11/Jan/2026:22:34:59 +0800] "GET /wp-admin/radio.php HTTP/1.1" 404 52507 "https://www.google.de/" "Mozilla/5.0 (Linux; Android 13; SM-S908E) AppleWebKit/537.36 (KHTML, like Gecko) Chrome/116.0.0.0 Mobile Safari/537.36"
4.241.208.191 - - [11/Jan/2026:22:35:02 +0800] "GET /wp-conflg/function.php HTTP/1.1" 404 52513 "https://www.bing.com/" "Mozilla/5.0 (Linux; Android 13; M2101K6G) AppleWebKit/537.36 (KHTML, like Gecko) Chrome/116.0.0.0 Mobile Safari/537.36"
103.4.122.14 - - [11/Jan/2026:22:35:07 +0800] "POST /wp-cron.php?doing_wp_cron=1768142107.5823440551757812500000 HTTP/1.1" 200 - "-" "WordPress/6.9; https://nutritaste.com.au"
4.241.208.191 - - [11/Jan/2026:22:35:05 +0800] "GET /wp-content/plugins/akismet/ HTTP/1.1" 404 52492 "https://www.yahoo.com/" "Mozilla/5.0 (iPhone; CPU iPhone OS 16_6_1 like Mac OS X) AppleWebKit/605.1.15 (KHTML, like Gecko) Version/16.6 Mobile/15E148 Safari/604.1"
4.241.208.191 - - [11/Jan/2026:22:35:07 +0800] "GET /wp-content/plugins/wp-diambar/includes/loadme.php HTTP/1.1" 403 199 "https://www.bing.com/" "Mozilla/5.0 (Linux; Android 13; M2101K6G) AppleWebKit/537.36 (KHTML, like Gecko) Chrome/116.0.0.0 Mobile Safari/537.36"
4.241.208.191 - - [11/Jan/2026:22:35:07 +0800] "GET /wp-content/themes/twentythirteen/ HTTP/1.1" 404 52492 "https://www.google.com/" "Mozilla/5.0 (iPad; CPU OS 16_7_2 like Mac OS X) AppleWebKit/605.1.15 (KHTML, like Gecko) Version/16.6 Mobile/15E148 Safari/604.1"
103.4.122.14 - - [11/Jan/2026:22:35:12 +0800] "POST /wp-cron.php?doing_wp_cron=1768142112.9653279781341552734375 HTTP/1.1" 200 - "-" "WordPress/6.9; https://nutritaste.com.au"
4.241.208.191 - - [11/Jan/2026:22:35:10 +0800] "GET /wp-content/themes/twentyfourteen/ HTTP/1.1" 404 52492 "https://www.google.co.uk/" "Mozilla/5.0 (iPhone; CPU iPhone OS 15_7_9 like Mac OS X) AppleWebKit/605.1.15 (KHTML, like Gecko) Version/15.6.5 Mobile/15E148 Safari/604.1"
4.241.208.191 - - [11/Jan/2026:22:35:13 +0800] "GET /wp-content/themes/twentyfifteen/ HTTP/1.1" 404 52492 "https://duckduckgo.com/" "Mozilla/5.0 (iPad; CPU OS 17_0_3 like Mac OS X) AppleWebKit/605.1.15 (KHTML, like Gecko) Version/17.0.1 Mobile/15E148 Safari/604.1"
4.241.208.191 - - [11/Jan/2026:22:35:15 +0800] "GET /wp-content/themes/twentyfifteen/404.php HTTP/1.1" 403 199 "https://www.bing.com/" "Mozilla/5.0 (iPhone; CPU iPhone OS 16_0 like Mac OS X) AppleWebKit/605.1.15 (KHTML, like Gecko) FxiOS/118.0 Mobile/15E148 Safari/605.1.15"
4.241.208.191 - - [11/Jan/2026:22:35:15 +0800] "GET /wp-includes/js/crop/ HTTP/1.1" 403 199 "https://www.yahoo.com/" "Mozilla/5.0 (iPad; CPU OS 17_0_3 like Mac OS X) AppleWebKit/605.1.15 (KHTML, like Gecko) Version/17.0.1 Mobile/15E148 Safari/604.1"
4.241.208.191 - - [11/Jan/2026:22:35:16 +0800] "GET /wp-includes/js/crop/cropper.php HTTP/1.1" 403 199 "https://www.bing.com/" "Mozilla/5.0 (iPad; CPU OS 16_7_2 like Mac OS X) AppleWebKit/605.1.15 (KHTML, like Gecko) Version/16.6 Mobile/15E148 Safari/604.1"
4.241.208.191 - - [11/Jan/2026:22:35:16 +0800] "GET /wp-includes/js/thickbox/thickbox.php HTTP/1.1" 403 199 "https://www.google.com/" "Mozilla/5.0 (Linux; Android 11; CPH2251) AppleWebKit/537.36 (KHTML, like Gecko) Chrome/116.0.0.0 Mobile Safari/537.36"
4.241.208.191 - - [11/Jan/2026:22:35:16 +0800] "GET /wp-includes/js/thickbox/ HTTP/1.1" 403 199 "https://www.google.com/" "Mozilla/5.0 (iPhone; CPU iPhone OS 15_7_9 like Mac OS X) AppleWebKit/605.1.15 (KHTML, like Gecko) Version/15.6.5 Mobile/15E148 Safari/604.1"
4.241.208.191 - - [11/Jan/2026:22:35:16 +0800] "GET /wp-includes/widgets/autoload_classmap.php HTTP/1.1" 403 199 "https://www.google.com/" "Mozilla/5.0 (Linux; Android 13; M2101K6G) AppleWebKit/537.36 (KHTML, like Gecko) Chrome/116.0.0.0 Mobile Safari/537.36"
4.241.208.191 - - [11/Jan/2026:22:35:16 +0800] "GET /wp-includes/widgets/ HTTP/1.1" 403 199 "https://www.bing.com/" "Mozilla/5.0 (iPhone; CPU iPhone OS 17_1 like Mac OS X) AppleWebKit/605.1.15 (KHTML, like Gecko) CriOS/119.0.6045.109 Mobile/15E148 Safari/604.1"
27.115.124.53 - - [12/Jan/2026:00:37:25 +0800] "GET / HTTP/1.1" 301 - "-" "Mozilla/5.0 (Linux; Android 10; HUAWEI P30 Pro) AppleWebKit/537.36 (KHTML, like Gecko) Chrome/89.0.4389.105 Mobile Safari/537.36"
103.4.122.14 - - [12/Jan/2026:00:37:34 +0800] "POST /wp-cron.php?doing_wp_cron=1768149454.6417939662933349609375 HTTP/1.1" 200 - "-" "WordPress/6.9; https://nutritaste.com.au"
106.75.164.76 - - [12/Jan/2026:00:37:30 +0800] "GET / HTTP/1.1" 301 - "-" "Mozilla/5.0 (Windows NT 6.1) AppleWebKit/537.36 (KHTML, like Gecko) Chrome/49.0.2623.112 Safari/537.36"
106.75.144.250 - - [12/Jan/2026:00:37:33 +0800] "GET / HTTP/1.1" 200 86984 "-" "Mozilla/5.0 (Windows NT 6.1) AppleWebKit/537.36 (KHTML, like Gecko) Chrome/49.0.2623.112 Safari/537.36"
106.75.164.76 - - [12/Jan/2026:00:37:36 +0800] "GET / HTTP/1.1" 200 86984 "http://nutritaste.com.au" "Mozilla/5.0 (Windows NT 6.1) AppleWebKit/537.36 (KHTML, like Gecko) Chrome/49.0.2623.112 Safari/537.36"
106.75.144.250 - - [12/Jan/2026:00:37:45 +0800] "GET /wp-content/uploads/2025/03/cropped-NutriTaste-favicon2-32x32.png HTTP/1.1" 200 1243 "https://nutritaste.com.au" "Mozilla/5.0 (Windows NT 6.1) AppleWebKit/537.36 (KHTML, like Gecko) Chrome/49.0.2623.112 Safari/537.36"
103.4.122.14 - - [12/Jan/2026:00:37:45 +0800] "POST /wp-cron.php?doing_wp_cron=1768149465.6432740688323974609375 HTTP/1.1" 200 - "-" "WordPress/6.9; https://nutritaste.com.au"
103.4.122.14 - - [12/Jan/2026:00:37:43 +0800] "POST /wp-admin/admin-ajax.php HTTP/1.1" 200 21 "-" "WordPress/6.9; https://nutritaste.com.au"
103.4.122.14 - - [12/Jan/2026:00:37:54 +0800] "POST /wp-cron.php?doing_wp_cron=1768149474.7152199745178222656250 HTTP/1.1" 200 - "-" "WordPress/6.9; https://nutritaste.com.au"
42.240.130.185 - - [12/Jan/2026:00:37:53 +0800] "GET / HTTP/1.1" 301 - "-" "Mozilla/5.0 (Windows NT 6.1) AppleWebKit/537.36 (KHTML, like Gecko) Chrome/49.0.2623.112 Safari/537.36"
42.240.130.124 - - [12/Jan/2026:00:37:54 +0800] "GET / HTTP/1.1" 301 - "-" "Mozilla/5.0 (Windows NT 6.1) AppleWebKit/537.36 (KHTML, like Gecko) Chrome/49.0.2623.112 Safari/537.36"
106.75.164.76 - - [12/Jan/2026:00:42:36 +0800] "GET /wp-content/uploads/2025/03/cropped-NutriTaste-favicon2-32x32.png HTTP/1.1" 200 1243 "https://nutritaste.com.au" "Mozilla/5.0 (Windows NT 6.1) AppleWebKit/537.36 (KHTML, like Gecko) Chrome/49.0.2623.112 Safari/537.36"
106.75.164.76 - - [12/Jan/2026:00:42:39 +0800] "GET /wp-content/plugins/dethemekit-for-elementor/assets/js/jquery-1.12.4-wp.js?ver=6.9 HTTP/1.1" 200 96854 "-" "Mozilla/5.0 (Windows NT 6.1) AppleWebKit/537.36 (KHTML, like Gecko) Chrome/49.0.2623.112 Safari/537.36"
106.75.164.76 - - [12/Jan/2026:00:42:53 +0800] "GET /wp-content/plugins/dethemekit-for-elementor/assets/js/jquery-migrate-1.4.1-wp.js?ver=6.9 HTTP/1.1" 200 23673 "-" "Mozilla/5.0 (Windows NT 6.1) AppleWebKit/537.36 (KHTML, like Gecko) Chrome/49.0.2623.112 Safari/537.36"
106.75.164.76 - - [12/Jan/2026:00:43:02 +0800] "GET /wp-content/plugins/dethemekit-for-elementor/assets/js/de_loop/ecs_ajax_pagination.js?ver=2.1.10 HTTP/1.1" 200 3469 "-" "Mozilla/5.0 (Windows NT 6.1) AppleWebKit/537.36 (KHTML, like Gecko) Chrome/49.0.2623.112 Safari/537.36"
106.75.164.76 - - [12/Jan/2026:00:43:09 +0800] "GET /wp-content/plugins/dethemekit-for-elementor/assets/js/de_loop/ecs.js?ver=2.1.10 HTTP/1.1" 200 284 "-" "Mozilla/5.0 (Windows NT 6.1) AppleWebKit/537.36 (KHTML, like Gecko) Chrome/49.0.2623.112 Safari/537.36"
106.75.164.76 - - [12/Jan/2026:00:43:12 +0800] "GET /wp-content/plugins/elementor/assets/js/webpack.runtime.min.js?ver=3.33.4 HTTP/1.1" 200 5667 "-" "Mozilla/5.0 (Windows NT 6.1) AppleWebKit/537.36 (KHTML, like Gecko) Chrome/49.0.2623.112 Safari/537.36"
106.75.164.76 - - [12/Jan/2026:00:43:15 +0800] "GET /wp-content/plugins/elementor/assets/js/frontend-modules.min.js?ver=3.33.4 HTTP/1.1" 200 84517 "-" "Mozilla/5.0 (Windows NT 6.1) AppleWebKit/537.36 (KHTML, like Gecko) Chrome/49.0.2623.112 Safari/537.36"
27.115.124.113 - - [12/Jan/2026:00:43:42 +0800] "GET / HTTP/1.1" 200 86984 "-" "Mozilla/5.0 (Macintosh; Intel Mac OS X 10_15_7) AppleWebKit/537.36 (KHTML, like Gecko) Chrome/120.0.0.0 Safari/537.36 Edg/120.0.0.0"
103.4.122.14 - - [12/Jan/2026:00:43:52 +0800] "POST /wp-cron.php?doing_wp_cron=1768149832.3115680217742919921875 HTTP/1.1" 200 - "-" "WordPress/6.9; https://nutritaste.com.au"
27.115.124.34 - - [12/Jan/2026:00:43:50 +0800] "GET / HTTP/1.1" 301 - "-" "Mozilla/5.0 (Macintosh; Intel Mac OS X 10_15_7) AppleWebKit/537.36 (KHTML, like Gecko) Chrome/120.0.0.0 Safari/537.36 Edg/120.0.0.0"
27.115.124.113 - - [12/Jan/2026:00:44:05 +0800] "GET / HTTP/1.1" 200 16720 "http://nutritaste.com.au/" "Mozilla/5.0 (Macintosh; Intel Mac OS X 10_7_0) AppleWebKit/535.11 (KHTML, like Gecko) Chrome/17.0.963.56 Safari/535.11"
93.158.91.11 - - [12/Jan/2026:00:46:10 +0800] "GET / HTTP/1.1" 200 16720 "-" "Mozilla/5.0 (Windows NT 10.0; Win64; x64) AppleWebKit/537.36 (KHTML, like Gecko) Chrome/105.0.0.0 Safari/537.36"
93.158.91.11 - - [12/Jan/2026:00:46:12 +0800] "GET /wp-content/uploads/2025/03/cropped-NutriTaste-favicon2-32x32.png HTTP/1.1" 200 1243 "-" "Mozilla/5.0 (Windows NT 10.0; Win64; x64) AppleWebKit/537.36 (KHTML, like Gecko) Chrome/105.0.0.0 Safari/537.36"
103.4.122.14 - - [12/Jan/2026:01:07:08 +0800] "POST /wp-cron.php?doing_wp_cron=1768151228.1311929225921630859375 HTTP/1.1" 200 - "-" "WordPress/6.9; https://nutritaste.com.au"
173.199.71.107 - - [12/Jan/2026:01:07:06 +0800] "GET /wp-login.php HTTP/1.1" 200 3205 "-" "Mozilla/5.0 (Windows NT 10.0; Win64; rv:143.0) Gecko/20100101 Firefox/143.0"
173.199.71.107 - - [12/Jan/2026:01:07:08 +0800] "GET /?author=1 HTTP/1.1" 302 - "-" "Mozilla/5.0 (Macintosh; Intel Mac OS X 10_15_7) AppleWebKit/605.1.15 (KHTML, like Gecko) Version/17.0 Safari/605.1.15"
173.199.71.107 - - [12/Jan/2026:01:07:09 +0800] "GET /?rest_route=/wp/v2/users HTTP/1.1" 401 110 "-" "Mozilla/5.0 (Windows NT 10.0; Win64; rv:143.0) Gecko/20100101 Firefox/143.0"
103.4.122.14 - - [12/Jan/2026:01:07:14 +0800] "POST /wp-cron.php?doing_wp_cron=1768151234.1046121120452880859375 HTTP/1.1" 200 - "-" "WordPress/6.9; https://nutritaste.com.au"
173.199.71.107 - - [12/Jan/2026:01:07:12 +0800] "GET /feed HTTP/1.1" 301 - "-" "Mozilla/5.0 (iPhone; CPU iPhone OS 17_0 like Mac OS X) AppleWebKit/605.1.15 (KHTML, like Gecko) Version/17.0 Mobile/15E148 Safari/604.1"
173.199.71.107 - - [12/Jan/2026:01:07:14 +0800] "GET /feed/ HTTP/1.1" 200 512 "-" "Mozilla/5.0 (iPhone; CPU iPhone OS 17_0 like Mac OS X) AppleWebKit/605.1.15 (KHTML, like Gecko) Version/17.0 Mobile/15E148 Safari/604.1"
103.4.122.14 - - [12/Jan/2026:01:38:36 +0800] "POST /wp-cron.php?doing_wp_cron=1768153116.1201090812683105468750 HTTP/1.1" 200 - "-" "WordPress/6.9; https://nutritaste.com.au"
111.194.233.224 - - [12/Jan/2026:01:38:34 +0800] "GET //wp-json/wp/v2/posts HTTP/1.0" 200 22 "-" "Mozilla/5.0 (Windows NT 10.0; Win64; x64) AppleWebKit/537.36 (KHTML, like Gecko) Chrome/120.0.0.0 Safari/537.36"
68.218.59.25 - - [12/Jan/2026:02:12:21 +0800] "GET /wp-content/plugins/hellopress/wp_filemanager.php HTTP/1.1" 403 199 "-" "-"
103.4.122.14 - - [12/Jan/2026:02:12:24 +0800] "POST /wp-cron.php?doing_wp_cron=1768155143.9619069099426269531250 HTTP/1.1" 200 - "-" "WordPress/6.9; https://nutritaste.com.au"
68.218.59.25 - - [12/Jan/2026:02:12:21 +0800] "GET /c99.php HTTP/1.1" 404 52507 "-" "-"
68.218.59.25 - - [12/Jan/2026:02:12:24 +0800] "GET /wp-sample-load.php HTTP/1.1" 404 52518 "-" "-"
68.218.59.25 - - [12/Jan/2026:02:12:26 +0800] "GET /wp-header-json.php HTTP/1.1" 404 52518 "-" "-"
103.4.122.14 - - [12/Jan/2026:02:12:28 +0800] "POST /wp-cron.php?doing_wp_cron=1768155148.5478971004486083984375 HTTP/1.1" 200 - "-" "WordPress/6.9; https://nutritaste.com.au"
103.4.122.14 - - [12/Jan/2026:02:12:26 +0800] "POST /wp-admin/admin-ajax.php HTTP/1.1" 200 21 "-" "WordPress/6.9; https://nutritaste.com.au"
68.218.59.25 - - [12/Jan/2026:02:12:28 +0800] "GET /NewFile.php HTTP/1.1" 404 52511 "-" "-"
103.4.122.14 - - [12/Jan/2026:02:12:32 +0800] "POST /wp-cron.php?doing_wp_cron=1768155152.6610949039459228515625 HTTP/1.1" 200 - "-" "WordPress/6.9; https://nutritaste.com.au"
68.218.59.25 - - [12/Jan/2026:02:12:30 +0800] "GET /old.php HTTP/1.1" 404 52507 "-" "-"
68.218.59.25 - - [12/Jan/2026:02:12:32 +0800] "GET /z.php HTTP/1.1" 404 52505 "-" "-"
103.4.122.14 - - [12/Jan/2026:02:12:36 +0800] "POST /wp-cron.php?doing_wp_cron=1768155156.6612780094146728515625 HTTP/1.1" 200 - "-" "WordPress/6.9; https://nutritaste.com.au"
68.218.59.25 - - [12/Jan/2026:02:12:34 +0800] "GET /ultra.php HTTP/1.1" 404 52509 "-" "-"
68.218.59.25 - - [12/Jan/2026:02:12:36 +0800] "GET /abc.php HTTP/1.1" 404 52507 "-" "-"
103.4.122.14 - - [12/Jan/2026:02:12:40 +0800] "POST /wp-cron.php?doing_wp_cron=1768155160.1786389350891113281250 HTTP/1.1" 200 - "-" "WordPress/6.9; https://nutritaste.com.au"
68.218.59.25 - - [12/Jan/2026:02:12:38 +0800] "GET /info.php HTTP/1.1" 404 52508 "-" "-"
68.218.59.25 - - [12/Jan/2026:02:12:40 +0800] "GET /log.php HTTP/1.1" 404 52507 "-" "-"
103.4.122.14 - - [12/Jan/2026:02:12:43 +0800] "POST /wp-cron.php?doing_wp_cron=1768155163.8755290508270263671875 HTTP/1.1" 200 - "-" "WordPress/6.9; https://nutritaste.com.au"
68.218.59.25 - - [12/Jan/2026:02:12:42 +0800] "GET /test.php HTTP/1.1" 404 52508 "-" "-"
68.218.59.25 - - [12/Jan/2026:02:12:44 +0800] "GET /1.php HTTP/1.1" 403 199 "-" "-"
68.218.59.25 - - [12/Jan/2026:02:12:46 +0800] "GET /1.php HTTP/1.1" 403 199 "-" "-"
68.218.59.25 - - [12/Jan/2026:02:12:47 +0800] "GET /1.php HTTP/1.1" 403 199 "-" "-"
68.218.59.25 - - [12/Jan/2026:02:12:48 +0800] "GET /1.php HTTP/1.1" 403 199 "-" "-"
68.218.59.25 - - [12/Jan/2026:02:12:58 +0800] "GET /check.php HTTP/1.1" 403 199 "-" "-"
68.218.59.25 - - [12/Jan/2026:02:13:01 +0800] "GET /check.php HTTP/1.1" 403 199 "-" "-"
68.218.59.25 - - [12/Jan/2026:02:13:02 +0800] "GET /check.php HTTP/1.1" 403 199 "-" "-"
68.218.59.25 - - [12/Jan/2026:02:13:05 +0800] "GET /wso.php HTTP/1.1" 403 199 "-" "-"
68.218.59.25 - - [12/Jan/2026:02:13:10 +0800] "GET /wso.php HTTP/1.1" 403 199 "-" "-"
68.218.59.25 - - [12/Jan/2026:02:13:16 +0800] "GET /wso.php HTTP/1.1" 403 199 "-" "-"
68.218.59.25 - - [12/Jan/2026:02:13:23 +0800] "GET /inject.php HTTP/1.1" 403 199 "-" "-"
68.218.59.25 - - [12/Jan/2026:02:13:27 +0800] "GET /inject.php HTTP/1.1" 403 199 "-" "-"
103.4.122.14 - - [12/Jan/2026:02:13:52 +0800] "POST /wp-cron.php?doing_wp_cron=1768155232.6380360126495361328125 HTTP/1.1" 200 - "-" "WordPress/6.9; https://nutritaste.com.au"
68.218.59.25 - - [12/Jan/2026:02:13:50 +0800] "GET /t.php HTTP/1.1" 404 52505 "-" "-"
103.4.122.14 - - [12/Jan/2026:02:13:56 +0800] "POST /wp-cron.php?doing_wp_cron=1768155236.1518359184265136718750 HTTP/1.1" 200 - "-" "WordPress/6.9; https://nutritaste.com.au"
68.218.59.25 - - [12/Jan/2026:02:13:54 +0800] "GET /pro.php HTTP/1.1" 404 52507 "-" "-"
68.218.59.25 - - [12/Jan/2026:02:13:56 +0800] "GET /e.php HTTP/1.1" 404 52505 "-" "-"
103.4.122.14 - - [12/Jan/2026:02:14:00 +0800] "POST /wp-cron.php?doing_wp_cron=1768155239.9820640087127685546875 HTTP/1.1" 200 - "-" "WordPress/6.9; https://nutritaste.com.au"
68.218.59.25 - - [12/Jan/2026:02:13:58 +0800] "GET /d.php HTTP/1.1" 404 52505 "-" "-"
68.218.59.25 - - [12/Jan/2026:02:14:00 +0800] "GET /phpinfo.php HTTP/1.1" 404 52511 "-" "-"
103.4.122.14 - - [12/Jan/2026:02:14:03 +0800] "POST /wp-cron.php?doing_wp_cron=1768155243.9496049880981445312500 HTTP/1.1" 200 - "-" "WordPress/6.9; https://nutritaste.com.au"
68.218.59.25 - - [12/Jan/2026:02:14:02 +0800] "GET /bypass.php HTTP/1.1" 404 52510 "-" "-"
68.218.59.25 - - [12/Jan/2026:02:14:04 +0800] "GET /error.php HTTP/1.1" 404 52509 "-" "-"
103.4.122.14 - - [12/Jan/2026:02:14:07 +0800] "POST /wp-cron.php?doing_wp_cron=1768155247.7393839359283447265625 HTTP/1.1" 200 - "-" "WordPress/6.9; https://nutritaste.com.au"
68.218.59.25 - - [12/Jan/2026:02:14:06 +0800] "GET /p.php HTTP/1.1" 404 52505 "-" "-"
68.218.59.25 - - [12/Jan/2026:02:14:07 +0800] "GET /mini.php HTTP/1.1" 404 52508 "-" "-"
103.4.122.14 - - [12/Jan/2026:02:14:11 +0800] "POST /wp-cron.php?doing_wp_cron=1768155251.3956530094146728515625 HTTP/1.1" 200 - "-" "WordPress/6.9; https://nutritaste.com.au"
68.218.59.25 - - [12/Jan/2026:02:14:09 +0800] "GET /x.php HTTP/1.1" 404 52505 "-" "-"
68.218.59.25 - - [12/Jan/2026:02:14:11 +0800] "GET /a.php HTTP/1.1" 404 52505 "-" "-"
68.218.59.25 - - [12/Jan/2026:02:14:13 +0800] "GET /debug.php HTTP/1.1" 403 199 "-" "-"
68.218.59.25 - - [12/Jan/2026:02:14:13 +0800] "GET /debug.php HTTP/1.1" 403 199 "-" "-"
68.218.59.25 - - [12/Jan/2026:02:14:32 +0800] "GET /0.php HTTP/1.1" 403 199 "-" "-"
68.218.59.25 - - [12/Jan/2026:02:14:32 +0800] "GET /0.php HTTP/1.1" 403 199 "-" "-"
68.218.59.25 - - [12/Jan/2026:02:14:36 +0800] "GET /0.php HTTP/1.1" 403 199 "-" "-"
68.218.59.25 - - [12/Jan/2026:02:14:38 +0800] "GET /0.php HTTP/1.1" 403 199 "-" "-"
68.218.59.25 - - [12/Jan/2026:02:14:40 +0800] "GET /manager.php HTTP/1.1" 403 199 "-" "-"
68.218.59.25 - - [12/Jan/2026:02:14:41 +0800] "GET /manager.php HTTP/1.1" 403 199 "-" "-"
68.218.59.25 - - [12/Jan/2026:02:14:42 +0800] "GET /manager.php HTTP/1.1" 403 199 "-" "-"
68.218.59.25 - - [12/Jan/2026:02:14:47 +0800] "GET /manager.php HTTP/1.1" 403 199 "-" "-"
68.218.59.25 - - [12/Jan/2026:02:14:48 +0800] "GET /999.php HTTP/1.1" 403 199 "-" "-"
68.218.59.25 - - [12/Jan/2026:02:14:59 +0800] "GET /999.php HTTP/1.1" 403 199 "-" "-"
68.218.59.25 - - [12/Jan/2026:02:15:01 +0800] "GET /999.php HTTP/1.1" 403 199 "-" "-"
68.218.59.25 - - [12/Jan/2026:02:15:01 +0800] "GET /999.php HTTP/1.1" 403 199 "-" "-"
68.218.59.25 - - [12/Jan/2026:02:15:02 +0800] "GET /system.php HTTP/1.1" 403 199 "-" "-"
68.218.59.25 - - [12/Jan/2026:02:15:05 +0800] "GET /system.php HTTP/1.1" 403 199 "-" "-"
68.218.59.25 - - [12/Jan/2026:02:15:06 +0800] "GET /system.php HTTP/1.1" 403 199 "-" "-"
68.218.59.25 - - [12/Jan/2026:02:15:07 +0800] "GET /system.php HTTP/1.1" 403 199 "-" "-"
68.218.59.25 - - [12/Jan/2026:02:15:08 +0800] "GET /data.php HTTP/1.1" 403 199 "-" "-"
103.4.122.14 - - [12/Jan/2026:02:15:18 +0800] "POST /wp-cron.php?doing_wp_cron=1768155318.7953801155090332031250 HTTP/1.1" 200 - "-" "WordPress/6.9; https://nutritaste.com.au"
68.218.59.25 - - [12/Jan/2026:02:15:16 +0800] "GET /data.php HTTP/1.1" 404 52508 "-" "-"
68.218.59.25 - - [12/Jan/2026:02:15:19 +0800] "GET /xx.php HTTP/1.1" 404 52506 "-" "-"
103.4.122.14 - - [12/Jan/2026:02:15:22 +0800] "POST /wp-cron.php?doing_wp_cron=1768155322.5969669818878173828125 HTTP/1.1" 200 - "-" "WordPress/6.9; https://nutritaste.com.au"
68.218.59.25 - - [12/Jan/2026:02:15:20 +0800] "GET /2.php HTTP/1.1" 404 52505 "-" "-"
68.218.59.25 - - [12/Jan/2026:02:15:22 +0800] "GET /new.php HTTP/1.1" 404 52507 "-" "-"
103.4.122.14 - - [12/Jan/2026:02:15:26 +0800] "POST /wp-cron.php?doing_wp_cron=1768155326.1342740058898925781250 HTTP/1.1" 200 - "-" "WordPress/6.9; https://nutritaste.com.au"
68.218.59.25 - - [12/Jan/2026:02:15:24 +0800] "GET /backup.php HTTP/1.1" 404 52510 "-" "-"
68.218.59.25 - - [12/Jan/2026:02:15:26 +0800] "GET /222.php HTTP/1.1" 404 52507 "-" "-"
103.4.122.14 - - [12/Jan/2026:02:15:29 +0800] "POST /wp-cron.php?doing_wp_cron=1768155329.6281731128692626953125 HTTP/1.1" 200 - "-" "WordPress/6.9; https://nutritaste.com.au"
68.218.59.25 - - [12/Jan/2026:02:15:27 +0800] "GET /security.php HTTP/1.1" 404 52512 "-" "-"
68.218.59.25 - - [12/Jan/2026:02:15:29 +0800] "GET /404.php HTTP/1.1" 404 52507 "-" "-"
103.4.122.14 - - [12/Jan/2026:02:15:33 +0800] "POST /wp-cron.php?doing_wp_cron=1768155333.1524410247802734375000 HTTP/1.1" 200 - "-" "WordPress/6.9; https://nutritaste.com.au"
68.218.59.25 - - [12/Jan/2026:02:15:31 +0800] "GET /simple.php HTTP/1.1" 404 52510 "-" "-"
68.218.59.25 - - [12/Jan/2026:02:15:33 +0800] "GET /up.php HTTP/1.1" 404 52506 "-" "-"
103.4.122.14 - - [12/Jan/2026:02:15:36 +0800] "POST /wp-cron.php?doing_wp_cron=1768155336.9555099010467529296875 HTTP/1.1" 200 - "-" "WordPress/6.9; https://nutritaste.com.au"
68.218.59.25 - - [12/Jan/2026:02:15:35 +0800] "GET /c.php HTTP/1.1" 404 52505 "-" "-"
68.218.59.25 - - [12/Jan/2026:02:15:37 +0800] "GET /b.php HTTP/1.1" 403 199 "-" "-"
68.218.59.25 - - [12/Jan/2026:02:15:39 +0800] "GET /b.php HTTP/1.1" 403 199 "-" "-"
68.218.59.25 - - [12/Jan/2026:02:15:42 +0800] "GET /b.php HTTP/1.1" 403 199 "-" "-"
68.218.59.25 - - [12/Jan/2026:02:15:44 +0800] "GET /b.php HTTP/1.1" 403 199 "-" "-"
68.218.59.25 - - [12/Jan/2026:02:15:46 +0800] "GET /db.php HTTP/1.1" 403 199 "-" "-"
68.218.59.25 - - [12/Jan/2026:02:15:49 +0800] "GET /db.php HTTP/1.1" 403 199 "-" "-"
68.218.59.25 - - [12/Jan/2026:02:15:59 +0800] "GET /db.php HTTP/1.1" 403 199 "-" "-"
68.218.59.25 - - [12/Jan/2026:02:16:03 +0800] "GET /shell.exe HTTP/1.1" 403 199 "-" "-"
68.218.59.25 - - [12/Jan/2026:02:16:05 +0800] "GET /shell.exe HTTP/1.1" 403 199 "-" "-"
68.218.59.25 - - [12/Jan/2026:02:16:16 +0800] "GET /u.php HTTP/1.1" 403 199 "-" "-"
68.218.59.25 - - [12/Jan/2026:02:16:21 +0800] "GET /u.php HTTP/1.1" 403 199 "-" "-"
68.218.59.25 - - [12/Jan/2026:02:16:22 +0800] "GET /u.php HTTP/1.1" 403 199 "-" "-"
68.218.59.25 - - [12/Jan/2026:02:16:26 +0800] "GET /u.php HTTP/1.1" 403 199 "-" "-"
68.218.59.25 - - [12/Jan/2026:02:16:28 +0800] "GET /alfa.php HTTP/1.1" 403 199 "-" "-"
68.218.59.25 - - [12/Jan/2026:02:16:28 +0800] "GET /alfa.php HTTP/1.1" 403 199 "-" "-"
103.4.122.14 - - [12/Jan/2026:02:16:39 +0800] "POST /wp-cron.php?doing_wp_cron=1768155399.0980350971221923828125 HTTP/1.1" 200 - "-" "WordPress/6.9; https://nutritaste.com.au"
68.218.59.25 - - [12/Jan/2026:02:16:37 +0800] "GET /alfa.php HTTP/1.1" 404 52508 "-" "-"
68.218.59.25 - - [12/Jan/2026:02:16:39 +0800] "GET /info.phpquebecoils.com HTTP/1.1" 403 199 "-" "-"
103.4.122.14 - - [12/Jan/2026:02:19:52 +0800] "POST /wp-cron.php?doing_wp_cron=1768155592.7799370288848876953125 HTTP/1.1" 200 - "-" "WordPress/6.9; https://nutritaste.com.au"
34.30.197.40 - - [12/Jan/2026:02:19:51 +0800] "GET / HTTP/1.1" 301 - "-" "Mozilla/5.0 (Windows NT 10.0; Win64; x64) AppleWebKit/537.36 (KHTML, like Gecko) Chrome/78.0.3904.108 Safari/537.36"
34.30.197.40 - - [12/Jan/2026:02:19:53 +0800] "GET / HTTP/1.1" 200 86984 "-" "Mozilla/5.0 (Windows NT 10.0; Win64; x64) AppleWebKit/537.36 (KHTML, like Gecko) Chrome/78.0.3904.108 Safari/537.36"
103.4.122.14 - - [12/Jan/2026:02:19:55 +0800] "POST /wp-cron.php?doing_wp_cron=1768155595.7391769886016845703125 HTTP/1.1" 200 - "-" "WordPress/6.9; https://nutritaste.com.au"
34.30.197.40 - - [12/Jan/2026:02:19:54 +0800] "GET //wp-includes/wlwmanifest.xml HTTP/1.1" 301 - "-" "Mozilla/5.0 (Windows NT 10.0; Win64; x64) AppleWebKit/537.36 (KHTML, like Gecko) Chrome/78.0.3904.108 Safari/537.36"
34.30.197.40 - - [12/Jan/2026:02:19:56 +0800] "GET //xmlrpc.php?rsd HTTP/1.1" 200 816 "-" "Mozilla/5.0 (Windows NT 10.0; Win64; x64) AppleWebKit/537.36 (KHTML, like Gecko) Chrome/78.0.3904.108 Safari/537.36"
34.30.197.40 - - [12/Jan/2026:02:19:57 +0800] "GET //?author=1 HTTP/1.1" 302 - "-" "Mozilla/5.0 (Windows NT 10.0; Win64; x64) AppleWebKit/537.36 (KHTML, like Gecko) Chrome/78.0.3904.108 Safari/537.36"
34.30.197.40 - - [12/Jan/2026:02:19:58 +0800] "GET //?author=2 HTTP/1.1" 302 - "-" "Mozilla/5.0 (Windows NT 10.0; Win64; x64) AppleWebKit/537.36 (KHTML, like Gecko) Chrome/78.0.3904.108 Safari/537.36"
34.30.197.40 - - [12/Jan/2026:02:19:58 +0800] "GET //wp-json/wp/v2/users/ HTTP/1.1" 403 199 "-" "Mozilla/5.0 (Windows NT 10.0; Win64; x64) AppleWebKit/537.36 (KHTML, like Gecko) Chrome/78.0.3904.108 Safari/537.36"
103.4.122.14 - - [12/Jan/2026:02:20:00 +0800] "POST /wp-cron.php?doing_wp_cron=1768155600.7566840648651123046875 HTTP/1.1" 200 - "-" "WordPress/6.9; https://nutritaste.com.au"
34.30.197.40 - - [12/Jan/2026:02:19:59 +0800] "GET //wp-json/oembed/1.0/embed?url=https://nutritaste.com.au/ HTTP/1.1" 200 2026 "-" "Mozilla/5.0 (Windows NT 10.0; Win64; x64) AppleWebKit/537.36 (KHTML, like Gecko) Chrome/78.0.3904.108 Safari/537.36"
34.30.197.40 - - [12/Jan/2026:02:20:01 +0800] "POST //xmlrpc.php HTTP/1.1" 503 18950 "-" "Mozilla/5.0 (Windows NT 10.0; Win64; x64) AppleWebKit/537.36 (KHTML, like Gecko) Chrome/78.0.3904.108 Safari/537.36"
178.40.56.201 - - [12/Jan/2026:03:40:30 +0800] "POST / HTTP/1.1" 403 199 "-" "Mozilla/5.0 (Windows NT 10.0; Win64; x64) AppleWebKit/537.36 (KHTML, like Gecko) Chrome/140.0.0.0 Safari/537.36"
44.234.21.222 - - [12/Jan/2026:15:03:50 +0800] "GET / HTTP/1.1" 200 86984 "-" "Mozilla/5.0 (Macintosh; Intel Mac OS X 10_15_7) AppleWebKit/537.36 (KHTML, like Gecko) Chrome/134.0.0.0 Safari/537.36"
103.4.122.14 - - [12/Jan/2026:16:19:38 +0800] "POST /wp-cron.php?doing_wp_cron=1768205978.0163419246673583984375 HTTP/1.1" 200 - "-" "WordPress/6.9; https://nutritaste.com.au"
51.68.236.73 - - [12/Jan/2026:16:19:17 +0800] "GET /robots.txt HTTP/1.1" 301 - "-" "Mozilla/5.0 (compatible; MJ12bot/v2.0.4; http://mj12bot.com/)"
103.4.122.14 - - [12/Jan/2026:16:20:04 +0800] "POST /wp-admin/admin-post.php HTTP/1.1" 200 32 "-" "WordPress/6.9; https://nutritaste.com.au"
103.4.122.14 - - [12/Jan/2026:16:20:19 +0800] "POST /wp-admin/admin-ajax.php?action=wordfence_testAjax HTTP/1.1" 200 32 "-" "WordPress/6.9; https://nutritaste.com.au"
103.4.122.14 - - [12/Jan/2026:16:20:41 +0800] "POST /wp-cron.php?doing_wp_cron=1768206041.2879340648651123046875 HTTP/1.1" 200 - "-" "WordPress/6.9; https://nutritaste.com.au"
103.4.122.14 - - [12/Jan/2026:16:20:21 +0800] "GET /wp-admin/admin-ajax.php?action=wordfence_doScan&isFork=0&scanMode=standard&cronKey=839ba2d617de96754b171f4448a7a53c&signature=95a4c0f76cc928e115c03984683f844ccb0ef5a7d2257cba2c7770fd47e115cf HTTP/1.1" 200 - "-" "WordPress/6.9; https://nutritaste.com.au"
103.4.122.14 - - [12/Jan/2026:16:20:59 +0800] "POST /wp-cron.php?doing_wp_cron=1768206059.5513429641723632812500 HTTP/1.1" 200 - "-" "WordPress/6.9; https://nutritaste.com.au"
103.4.122.14 - - [12/Jan/2026:16:20:40 +0800] "GET /wp-admin/admin-ajax.php?action=wordfence_doScan&isFork=1&scanMode=standard&cronKey=2ba3f8b434a0f0d873db34975084c8cf&signature=1de668ef048fa4c8d04d79ae031ad7b8d91e3458b62edb73ad87d084e7eec198 HTTP/1.1" 200 - "-" "WordPress/6.9; https://nutritaste.com.au"
103.4.122.14 - - [12/Jan/2026:16:21:03 +0800] "POST /wp-cron.php?doing_wp_cron=1768206063.8639619350433349609375 HTTP/1.1" 200 - "-" "WordPress/6.9; https://nutritaste.com.au"
103.4.122.14 - - [12/Jan/2026:16:21:02 +0800] "POST /wp-admin/admin-ajax.php HTTP/1.1" 200 21 "-" "WordPress/6.9; https://nutritaste.com.au"
103.4.122.14 - - [12/Jan/2026:16:21:06 +0800] "GET /.user.ini HTTP/1.1" 403 199 "-" "WordPress/6.9; https://nutritaste.com.au"
103.4.122.14 - - [12/Jan/2026:16:21:17 +0800] "POST /wp-cron.php?doing_wp_cron=1768206077.3201310634613037109375 HTTP/1.1" 200 - "-" "WordPress/6.9; https://nutritaste.com.au"
103.4.122.14 - - [12/Jan/2026:16:20:58 +0800] "GET /wp-admin/admin-ajax.php?action=wordfence_doScan&isFork=1&scanMode=standard&cronKey=f5a6930d963452f4b3c787b4e66522bf&signature=a2bb5477c0ef993a755056f1c609b4df72a4ddfe2759d035c1ed1685a3c88411 HTTP/1.1" 200 - "-" "WordPress/6.9; https://nutritaste.com.au"
103.4.122.14 - - [12/Jan/2026:16:21:35 +0800] "POST /wp-cron.php?doing_wp_cron=1768206095.3070130348205566406250 HTTP/1.1" 200 - "-" "WordPress/6.9; https://nutritaste.com.au"
103.4.122.14 - - [12/Jan/2026:16:21:16 +0800] "GET /wp-admin/admin-ajax.php?action=wordfence_doScan&isFork=1&scanMode=standard&cronKey=5c4f35343f1c7071cad2750d5dd6bbb0&signature=7bd706a68e8c92ae30face65062a5e2fbebb3e7da527b32e093321bfc946748a HTTP/1.1" 200 - "-" "WordPress/6.9; https://nutritaste.com.au"
103.4.122.14 - - [12/Jan/2026:16:21:53 +0800] "POST /wp-cron.php?doing_wp_cron=1768206113.2997889518737792968750 HTTP/1.1" 200 - "-" "WordPress/6.9; https://nutritaste.com.au"
103.4.122.14 - - [12/Jan/2026:16:21:34 +0800] "GET /wp-admin/admin-ajax.php?action=wordfence_doScan&isFork=1&scanMode=standard&cronKey=ed9704f99c53f29f09b0965ae94fca7c&signature=61c6e0fe9a2a8cfe03c20c1fcf8ffac79e22b87fb7045c6c7a676775c3748110 HTTP/1.1" 200 - "-" "WordPress/6.9; https://nutritaste.com.au"
103.4.122.14 - - [12/Jan/2026:16:22:11 +0800] "POST /wp-cron.php?doing_wp_cron=1768206131.2948210239410400390625 HTTP/1.1" 200 - "-" "WordPress/6.9; https://nutritaste.com.au"
103.4.122.14 - - [12/Jan/2026:16:21:52 +0800] "GET /wp-admin/admin-ajax.php?action=wordfence_doScan&isFork=1&scanMode=standard&cronKey=b9a5ae93bc8deaf618ded4aa6168e103&signature=ced236c7d4598861e499fe45dd7cc4a6021efb892262c255215a21212c56f287 HTTP/1.1" 200 - "-" "WordPress/6.9; https://nutritaste.com.au"
103.4.122.14 - - [12/Jan/2026:16:22:29 +0800] "POST /wp-cron.php?doing_wp_cron=1768206149.3972380161285400390625 HTTP/1.1" 200 - "-" "WordPress/6.9; https://nutritaste.com.au"
103.4.122.14 - - [12/Jan/2026:16:22:10 +0800] "GET /wp-admin/admin-ajax.php?action=wordfence_doScan&isFork=1&scanMode=standard&cronKey=59cef564ea8930c8a4ae5e97babbce59&signature=e9d6491fc0325703641599832a01382332c9706dcb0c3e085f5cf36071a63c28 HTTP/1.1" 200 - "-" "WordPress/6.9; https://nutritaste.com.au"
103.4.122.14 - - [12/Jan/2026:16:22:47 +0800] "POST /wp-cron.php?doing_wp_cron=1768206167.2870359420776367187500 HTTP/1.1" 200 - "-" "WordPress/6.9; https://nutritaste.com.au"
103.4.122.14 - - [12/Jan/2026:16:22:28 +0800] "GET /wp-admin/admin-ajax.php?action=wordfence_doScan&isFork=1&scanMode=standard&cronKey=bfd3c6775bec13a6150c71144537686c&signature=f92d82d3e0b8a4990caa3c71b04fd466118033a7dcb28befed28aafb0966e6dc HTTP/1.1" 200 - "-" "WordPress/6.9; https://nutritaste.com.au"
103.4.122.14 - - [12/Jan/2026:16:23:04 +0800] "POST /wp-cron.php?doing_wp_cron=1768206184.3006639480590820312500 HTTP/1.1" 200 - "-" "WordPress/6.9; https://nutritaste.com.au"
103.4.122.14 - - [12/Jan/2026:16:22:46 +0800] "GET /wp-admin/admin-ajax.php?action=wordfence_doScan&isFork=1&scanMode=standard&cronKey=8ed0ae200e7762f95341060f14023484&signature=4ba7994f587e139a0c7523f175bfbbc6deeb2c320fb41bbac73a0f197f7285c2 HTTP/1.1" 200 - "-" "WordPress/6.9; https://nutritaste.com.au"
103.4.122.14 - - [12/Jan/2026:16:23:22 +0800] "POST /wp-cron.php?doing_wp_cron=1768206202.2893691062927246093750 HTTP/1.1" 200 - "-" "WordPress/6.9; https://nutritaste.com.au"
103.4.122.14 - - [12/Jan/2026:16:23:03 +0800] "GET /wp-admin/admin-ajax.php?action=wordfence_doScan&isFork=1&scanMode=standard&cronKey=93331a5ea62e65b7d6733f4ad9140f95&signature=6a568d77e76e65788e2c8c75d203203d48f3bd96be4983dfed45617944c8858c HTTP/1.1" 200 - "-" "WordPress/6.9; https://nutritaste.com.au"
103.4.122.14 - - [12/Jan/2026:16:23:40 +0800] "POST /wp-cron.php?doing_wp_cron=1768206220.2946960926055908203125 HTTP/1.1" 200 - "-" "WordPress/6.9; https://nutritaste.com.au"
103.4.122.14 - - [12/Jan/2026:16:23:21 +0800] "GET /wp-admin/admin-ajax.php?action=wordfence_doScan&isFork=1&scanMode=standard&cronKey=4bd61a56c22290101e981ee0dfdd136e&signature=719170e347bccf4f93667642a7fd28d67fba9aa6d96199ad9e8e60ec4242197a HTTP/1.1" 200 - "-" "WordPress/6.9; https://nutritaste.com.au"
103.4.122.14 - - [12/Jan/2026:16:23:58 +0800] "POST /wp-cron.php?doing_wp_cron=1768206238.3004310131072998046875 HTTP/1.1" 200 - "-" "WordPress/6.9; https://nutritaste.com.au"
103.4.122.14 - - [12/Jan/2026:16:23:39 +0800] "GET /wp-admin/admin-ajax.php?action=wordfence_doScan&isFork=1&scanMode=standard&cronKey=e71873cf11b2ca5cc1bfd3a4bf14ff08&signature=54ab57d45467a17557a6e131486dba6258881d3c2a660a06022d4e42388df9b6 HTTP/1.1" 200 - "-" "WordPress/6.9; https://nutritaste.com.au"
103.4.122.14 - - [12/Jan/2026:16:24:16 +0800] "POST /wp-cron.php?doing_wp_cron=1768206256.3173339366912841796875 HTTP/1.1" 200 - "-" "WordPress/6.9; https://nutritaste.com.au"
103.4.122.14 - - [12/Jan/2026:16:23:57 +0800] "GET /wp-admin/admin-ajax.php?action=wordfence_doScan&isFork=1&scanMode=standard&cronKey=a28180600321857a86059d4b8e9c6966&signature=374439e1a12fb4c545e8f8e0c6c30cc20ea822c2d81d40b6de8abc52f5a06ae0 HTTP/1.1" 200 - "-" "WordPress/6.9; https://nutritaste.com.au"
103.4.122.14 - - [12/Jan/2026:16:24:34 +0800] "POST /wp-cron.php?doing_wp_cron=1768206274.2993071079254150390625 HTTP/1.1" 200 - "-" "WordPress/6.9; https://nutritaste.com.au"
103.4.122.14 - - [12/Jan/2026:16:24:15 +0800] "GET /wp-admin/admin-ajax.php?action=wordfence_doScan&isFork=1&scanMode=standard&cronKey=8f53587d85cef6a8dc02de8fe6a0d7f4&signature=80869c1e106aee49360739ec345f9f50dbaf4c91c6ea1778e07b431c2d6aafa8 HTTP/1.1" 200 - "-" "WordPress/6.9; https://nutritaste.com.au"
103.4.122.14 - - [12/Jan/2026:16:24:52 +0800] "POST /wp-cron.php?doing_wp_cron=1768206292.3316400051116943359375 HTTP/1.1" 200 - "-" "WordPress/6.9; https://nutritaste.com.au"
103.4.122.14 - - [12/Jan/2026:16:24:33 +0800] "GET /wp-admin/admin-ajax.php?action=wordfence_doScan&isFork=1&scanMode=standard&cronKey=de5f0d86469f72d86d94a4bdc42be21e&signature=32ae8a91949ceda351326f25be7064a1060d7fc3d148d2f8d4d4e2a4bb272279 HTTP/1.1" 200 - "-" "WordPress/6.9; https://nutritaste.com.au"
