202.8.42.200 - - [18/Jan/2026:18:41:35 +0800] "GET /wp-content/plugins/metform/public/assets/lib/cute-alert/cute-alert.js?ver=4.0.8 HTTP/1.1" 200 1177 "https://nutritaste.com.au/" "Mozilla/5.0 (compatible; AhrefsBot/7.0; +http://ahrefs.com/robot/)"
202.8.42.200 - - [18/Jan/2026:18:41:36 +0800] "GET /wp-content/themes/hello-elementor/assets/js/hello-frontend.js?ver=3.4.5 HTTP/1.1" 200 549 "https://nutritaste.com.au/" "Mozilla/5.0 (compatible; AhrefsBot/7.0; +http://ahrefs.com/robot/)"
202.8.42.200 - - [18/Jan/2026:18:41:36 +0800] "GET /wp-content/plugins/elementor/assets/lib/font-awesome/js/v4-shims.min.js?ver=3.33.4 HTTP/1.1" 200 4209 "https://nutritaste.com.au/" "Mozilla/5.0 (compatible; AhrefsBot/7.0; +http://ahrefs.com/robot/)"
202.8.42.200 - - [18/Jan/2026:18:41:36 +0800] "GET /wp-content/plugins/elementskit-lite/widgets/init/assets/js/widget-scripts.js?ver=3.7.7 HTTP/1.1" 200 41596 "https://nutritaste.com.au/" "Mozilla/5.0 (compatible; AhrefsBot/7.0; +http://ahrefs.com/robot/)"
202.8.42.200 - - [18/Jan/2026:18:41:36 +0800] "GET /wp-content/plugins/metform/public/assets/js/htm.js?ver=4.0.8 HTTP/1.1" 200 675 "https://nutritaste.com.au/" "Mozilla/5.0 (compatible; AhrefsBot/7.0; +http://ahrefs.com/robot/)"
202.8.42.200 - - [18/Jan/2026:18:41:36 +0800] "GET /wp-includes/js/dist/element.min.js?ver=6a582b0c827fa25df3dd HTTP/1.1" 200 4993 "https://nutritaste.com.au/" "Mozilla/5.0 (compatible; AhrefsBot/7.0; +http://ahrefs.com/robot/)"
202.8.42.200 - - [18/Jan/2026:18:41:36 +0800] "GET /wp-content/plugins/jeg-elementor-kit/assets/js/elements/sticky-element.js?ver=3.0.1 HTTP/1.1" 200 1573 "https://nutritaste.com.au/" "Mozilla/5.0 (compatible; AhrefsBot/7.0; +http://ahrefs.com/robot/)"
202.8.42.200 - - [18/Jan/2026:18:41:36 +0800] "GET /wp-includes/js/dist/vendor/react.min.js?ver=18.3.1.1 HTTP/1.1" 200 4165 "https://nutritaste.com.au/" "Mozilla/5.0 (compatible; AhrefsBot/7.0; +http://ahrefs.com/robot/)"
202.8.42.200 - - [18/Jan/2026:18:41:36 +0800] "GET /wp-includes/js/dist/escape-html.min.js?ver=6561a406d2d232a6fbd2 HTTP/1.1" 200 532 "https://nutritaste.com.au/" "Mozilla/5.0 (compatible; AhrefsBot/7.0; +http://ahrefs.com/robot/)"
202.8.42.200 - - [18/Jan/2026:18:41:36 +0800] "GET /wp-includes/js/dist/vendor/react-dom.min.js?ver=18.3.1.1 HTTP/1.1" 200 41888 "https://nutritaste.com.au/" "Mozilla/5.0 (compatible; AhrefsBot/7.0; +http://ahrefs.com/robot/)"
202.8.42.200 - - [18/Jan/2026:18:41:36 +0800] "GET /wp-content/plugins/metform/public/assets/js/recaptcha-support.js?ver=4.0.8 HTTP/1.1" 200 135 "https://nutritaste.com.au/" "Mozilla/5.0 (compatible; AhrefsBot/7.0; +http://ahrefs.com/robot/)"
202.8.42.200 - - [18/Jan/2026:18:41:36 +0800] "GET /wp-content/plugins/dethemekit-for-elementor/assets/js/lib/ResizeSensor.min.js?ver=1.7.0 HTTP/1.1" 200 937 "https://nutritaste.com.au/" "Mozilla/5.0 (compatible; AhrefsBot/7.0; +http://ahrefs.com/robot/)"
202.8.42.200 - - [18/Jan/2026:18:41:36 +0800] "GET /wp-content/plugins/dethemekit-for-elementor/assets/js/lib/sticky-sidebar/sticky-sidebar.min.js?ver=3.3.1 HTTP/1.1" 200 3493 "https://nutritaste.com.au/" "Mozilla/5.0 (compatible; AhrefsBot/7.0; +http://ahrefs.com/robot/)"
202.8.42.200 - - [18/Jan/2026:18:41:36 +0800] "GET /wp-content/plugins/elementor-pro/assets/js/webpack-pro.runtime.min.js?ver=3.33.2 HTTP/1.1" 200 2856 "https://nutritaste.com.au/" "Mozilla/5.0 (compatible; AhrefsBot/7.0; +http://ahrefs.com/robot/)"
202.8.42.200 - - [18/Jan/2026:18:41:36 +0800] "GET /wp-includes/js/dist/hooks.min.js?ver=dd5603f07f9220ed27f1 HTTP/1.1" 200 1941 "https://nutritaste.com.au/" "Mozilla/5.0 (compatible; AhrefsBot/7.0; +http://ahrefs.com/robot/)"
202.8.42.200 - - [18/Jan/2026:18:41:36 +0800] "GET /wp-content/plugins/metform/public/assets/js/app.js?ver=4.0.8 HTTP/1.1" 200 161184 "https://nutritaste.com.au/" "Mozilla/5.0 (compatible; AhrefsBot/7.0; +http://ahrefs.com/robot/)"
202.8.42.200 - - [18/Jan/2026:18:41:36 +0800] "GET /wp-includes/js/dist/i18n.min.js?ver=c26c3dc7bed366793375 HTTP/1.1" 200 2229 "https://nutritaste.com.au/" "Mozilla/5.0 (compatible; AhrefsBot/7.0; +http://ahrefs.com/robot/)"
202.8.42.200 - - [18/Jan/2026:18:41:36 +0800] "GET /wp-content/plugins/elementor-pro/assets/js/frontend.min.js?ver=3.33.2 HTTP/1.1" 200 6434 "https://nutritaste.com.au/" "Mozilla/5.0 (compatible; AhrefsBot/7.0; +http://ahrefs.com/robot/)"
202.8.42.200 - - [18/Jan/2026:18:41:36 +0800] "GET /wp-content/plugins/metform-pro/public/assets/js/repeater.js?ver=3.9.1 HTTP/1.1" 200 1369 "https://nutritaste.com.au/" "Mozilla/5.0 (compatible; AhrefsBot/7.0; +http://ahrefs.com/robot/)"
202.8.42.200 - - [18/Jan/2026:18:41:36 +0800] "GET /wp-content/plugins/dethemekit-for-elementor/assets/js/de-sticky-frontend.js?ver=2.1.10 HTTP/1.1" 200 2077 "https://nutritaste.com.au/" "Mozilla/5.0 (compatible; AhrefsBot/7.0; +http://ahrefs.com/robot/)"
202.8.42.200 - - [18/Jan/2026:18:41:36 +0800] "GET /wp-content/plugins/dethemekit-for-elementor/assets/js/de-active-icon-box.js?ver=2.1.10 HTTP/1.1" 200 751 "https://nutritaste.com.au/" "Mozilla/5.0 (compatible; AhrefsBot/7.0; +http://ahrefs.com/robot/)"
202.8.42.200 - - [18/Jan/2026:18:41:36 +0800] "GET /wp-content/plugins/dethemekit-for-elementor/assets/js/de-active-column.js?ver=2.1.10 HTTP/1.1" 200 812 "https://nutritaste.com.au/" "Mozilla/5.0 (compatible; AhrefsBot/7.0; +http://ahrefs.com/robot/)"
202.8.42.200 - - [18/Jan/2026:18:41:36 +0800] "GET /wp-content/plugins/dethemekit-for-elementor/includes/ext/sina/assets/js/scrollMonitor.js?ver=6.9 HTTP/1.1" 200 2547 "https://nutritaste.com.au/" "Mozilla/5.0 (compatible; AhrefsBot/7.0; +http://ahrefs.com/robot/)"
202.8.42.200 - - [18/Jan/2026:18:41:36 +0800] "GET /wp-content/plugins/elementskit-lite/widgets/init/assets/js/animate-circle.min.js?ver=3.7.7 HTTP/1.1" 200 451 "https://nutritaste.com.au/" "Mozilla/5.0 (compatible; AhrefsBot/7.0; +http://ahrefs.com/robot/)"
202.8.42.200 - - [18/Jan/2026:18:41:36 +0800] "GET /wp-content/plugins/elementor-pro/assets/js/elements-handlers.min.js?ver=3.33.2 HTTP/1.1" 200 10568 "https://nutritaste.com.au/" "Mozilla/5.0 (compatible; AhrefsBot/7.0; +http://ahrefs.com/robot/)"
202.8.42.200 - - [18/Jan/2026:18:41:36 +0800] "GET /wp-content/plugins/elementskit-lite/widgets/init/assets/js/elementor.js?ver=3.7.7 HTTP/1.1" 200 5998 "https://nutritaste.com.au/" "Mozilla/5.0 (compatible; AhrefsBot/7.0; +http://ahrefs.com/robot/)"
202.8.42.200 - - [18/Jan/2026:18:41:37 +0800] "GET /wp-content/plugins/dethemekit-for-elementor/includes/ext/sina/assets/js/anime.min.js?ver=6.9 HTTP/1.1" 200 7133 "https://nutritaste.com.au/" "Mozilla/5.0 (compatible; AhrefsBot/7.0; +http://ahrefs.com/robot/)"
202.8.42.200 - - [18/Jan/2026:18:41:37 +0800] "GET /wp-content/plugins/dethemekit-for-elementor/includes/ext/sina/assets/js/letter/charming.min.js?ver=6.9 HTTP/1.1" 200 354 "https://nutritaste.com.au/" "Mozilla/5.0 (compatible; AhrefsBot/7.0; +http://ahrefs.com/robot/)"
202.8.42.200 - - [18/Jan/2026:18:41:37 +0800] "GET /wp-content/plugins/dethemekit-for-elementor/includes/ext/sina/assets/js/de_scroll_animation.preview.js?ver=6.9 HTTP/1.1" 200 2989 "https://nutritaste.com.au/" "Mozilla/5.0 (compatible; AhrefsBot/7.0; +http://ahrefs.com/robot/)"
202.8.42.200 - - [18/Jan/2026:18:41:37 +0800] "GET /wp-content/plugins/dethemekit-for-elementor/includes/ext/sina/assets/js/intersectionobserver.js?ver=6.9 HTTP/1.1" 200 6555 "https://nutritaste.com.au/" "Mozilla/5.0 (compatible; AhrefsBot/7.0; +http://ahrefs.com/robot/)"
202.8.42.200 - - [18/Jan/2026:18:41:37 +0800] "GET /wp-content/plugins/dethemekit-for-elementor/includes/ext/sina/assets/js/letter/lineMaker.js?ver=6.9 HTTP/1.1" 200 2517 "https://nutritaste.com.au/" "Mozilla/5.0 (compatible; AhrefsBot/7.0; +http://ahrefs.com/robot/)"
202.8.42.200 - - [18/Jan/2026:18:41:37 +0800] "GET /wp-content/plugins/dethemekit-for-elementor/includes/ext/sina/assets/js/letter/imagesloaded.pkgd.min.js?ver=6.9 HTTP/1.1" 200 1765 "https://nutritaste.com.au/" "Mozilla/5.0 (compatible; AhrefsBot/7.0; +http://ahrefs.com/robot/)"
202.8.42.200 - - [18/Jan/2026:18:41:37 +0800] "GET /wp-content/plugins/dethemekit-for-elementor/includes/ext/sina/assets/js/main.js?ver=6.9 HTTP/1.1" 200 2292 "https://nutritaste.com.au/" "Mozilla/5.0 (compatible; AhrefsBot/7.0; +http://ahrefs.com/robot/)"
202.8.42.200 - - [18/Jan/2026:18:41:37 +0800] "GET /wp-content/plugins/dethemekit-for-elementor/includes/ext/sina/assets/js/letter/textfx.js?ver=6.9 HTTP/1.1" 200 2393 "https://nutritaste.com.au/" "Mozilla/5.0 (compatible; AhrefsBot/7.0; +http://ahrefs.com/robot/)"
202.8.42.200 - - [18/Jan/2026:18:41:37 +0800] "GET /wp-content/plugins/dethemekit-for-elementor/includes/ext/sina/assets/js/de_reveal_animation.preview.js?ver=6.9 HTTP/1.1" 200 7133 "https://nutritaste.com.au/" "Mozilla/5.0 (compatible; AhrefsBot/7.0; +http://ahrefs.com/robot/)"
202.8.42.200 - - [18/Jan/2026:18:41:37 +0800] "GET /wp-content/plugins/dethemekit-for-elementor/includes/ext/sina/assets/js/de_staggering/de_staggering.js?ver=6.9 HTTP/1.1" 200 2626 "https://nutritaste.com.au/" "Mozilla/5.0 (compatible; AhrefsBot/7.0; +http://ahrefs.com/robot/)"
202.8.42.200 - - [18/Jan/2026:18:41:39 +0800] "GET /wp-content/plugins/elementor/assets/js/section-frontend-handlers.d85ab872da118940910d.bundle.min.js HTTP/1.1" 200 269 "https://nutritaste.com.au/" "Mozilla/5.0 (compatible; AhrefsBot/7.0; +http://ahrefs.com/robot/)"
202.8.42.200 - - [18/Jan/2026:18:41:39 +0800] "GET /wp-content/plugins/elementor/assets/js/text-editor.45609661e409413f1cef.bundle.min.js HTTP/1.1" 200 648 "https://nutritaste.com.au/" "Mozilla/5.0 (compatible; AhrefsBot/7.0; +http://ahrefs.com/robot/)"
202.8.42.200 - - [18/Jan/2026:18:41:39 +0800] "GET /wp-content/plugins/elementor/assets/js/shared-frontend-handlers.03caa53373b56d3bab67.bundle.min.js HTTP/1.1" 200 2644 "https://nutritaste.com.au/" "Mozilla/5.0 (compatible; AhrefsBot/7.0; +http://ahrefs.com/robot/)"
202.8.42.200 - - [18/Jan/2026:18:41:39 +0800] "GET /wp-content/uploads/elementor/google-fonts/fonts/ibmplexsans-zyxzkvelmyyaje8bplhncwdkr932-g7dytd-dmu1syxekyy.woff2 HTTP/1.1" 200 45594 "https://nutritaste.com.au/wp-content/uploads/elementor/google-fonts/css/ibmplexsans.css?ver=1749610296" "Mozilla/5.0 (compatible; AhrefsBot/7.0; +http://ahrefs.com/robot/)"
202.8.42.200 - - [18/Jan/2026:18:41:39 +0800] "GET /wp-content/uploads/elementor/google-fonts/fonts/roboto-kfo5cnqeu92fr1mu53zec9_vu3r1gihoszmkbnka.woff2 HTTP/1.1" 200 44220 "https://nutritaste.com.au/wp-content/uploads/elementor/google-fonts/css/roboto.css?ver=1749610262" "Mozilla/5.0 (compatible; AhrefsBot/7.0; +http://ahrefs.com/robot/)"
202.8.42.200 - - [18/Jan/2026:18:41:40 +0800] "GET /wp-includes/js/wp-emoji-release.min.js?ver=6.9 HTTP/1.1" 200 5375 "https://nutritaste.com.au/" "Mozilla/5.0 (compatible; AhrefsBot/7.0; +http://ahrefs.com/robot/)"
103.4.122.14 - - [18/Jan/2026:18:41:41 +0800] "POST /wp-cron.php?doing_wp_cron=1768732901.4899239540100097656250 HTTP/1.1" 200 - "-" "WordPress/6.9; https://nutritaste.com.au"
202.8.42.200 - - [18/Jan/2026:18:41:39 +0800] "POST /wp-json/metform/v1/forms/views/328 HTTP/1.1" 403 100 "https://nutritaste.com.au/" "Mozilla/5.0 (compatible; AhrefsBot/7.0; +http://ahrefs.com/robot/)"
103.4.122.14 - - [18/Jan/2026:20:16:28 +0800] "POST /wp-cron.php?doing_wp_cron=1768738588.8490579128265380859375 HTTP/1.1" 200 - "-" "WordPress/6.9; https://nutritaste.com.au"
91.189.127.4 - - [18/Jan/2026:20:16:23 +0800] "POST /wp-login.php HTTP/1.1" 503 7315 "-" "Mozilla/5.0 (Windows NT 10.0; Win64; x64; rv:69.0) Gecko/20100101 Firefox/69.0"
207.246.255.44 - - [18/Jan/2026:20:16:35 +0800] "POST / HTTP/1.1" 200 44 "-" "Mozilla/5.0 (Windows NT 10.0; Win64; x64) AppleWebKit/537.36 (KHTML, like Gecko) Chrome/59.0.3071.115 Safari/537.36"
103.4.122.14 - - [18/Jan/2026:21:31:19 +0800] "POST /wp-cron.php?doing_wp_cron=1768743079.4411830902099609375000 HTTP/1.1" 200 - "-" "WordPress/6.9; https://nutritaste.com.au"
216.18.207.11 - - [18/Jan/2026:21:31:16 +0800] "POST /wp-login.php HTTP/1.1" 503 7316 "-" "Mozilla/5.0 (Windows NT 10.0; Win64; x64; rv:41.0) Gecko/20100101 Firefox/41.0"
103.4.122.14 - - [18/Jan/2026:21:31:24 +0800] "POST /wp-cron.php?doing_wp_cron=1768743084.0727949142456054687500 HTTP/1.1" 200 - "-" "WordPress/6.9; https://nutritaste.com.au"
103.4.122.14 - - [18/Jan/2026:21:31:22 +0800] "POST /wp-admin/admin-ajax.php HTTP/1.1" 200 21 "-" "WordPress/6.9; https://nutritaste.com.au"
103.4.122.14 - - [18/Jan/2026:22:44:40 +0800] "POST /wp-cron.php?doing_wp_cron=1768747480.7139599323272705078125 HTTP/1.1" 200 - "-" "WordPress/6.9; https://nutritaste.com.au"
141.94.206.106 - - [18/Jan/2026:22:44:36 +0800] "POST /wp-login.php HTTP/1.1" 503 7314 "-" "Mozilla/5.0 (Windows NT 10.0; Win64; x64; rv:85.0) Gecko/20100101 Firefox/85.0"
103.4.122.14 - - [19/Jan/2026:01:50:13 +0800] "POST /wp-cron.php?doing_wp_cron=1768758613.3759000301361083984375 HTTP/1.1" 200 - "-" "WordPress/6.9; https://nutritaste.com.au"
205.210.31.177 - - [19/Jan/2026:01:49:59 +0800] "GET / HTTP/1.1" 301 - "-" "-"
103.4.122.14 - - [19/Jan/2026:01:50:19 +0800] "POST /wp-admin/admin-ajax.php?action=wordfence_testAjax HTTP/1.1" 200 32 "-" "WordPress/6.9; https://nutritaste.com.au"
103.4.122.14 - - [19/Jan/2026:01:50:22 +0800] "GET /wp-admin/admin-ajax.php?action=wordfence_doScan&isFork=0&scanMode=quick&cronKey=54f5043d94a9c7ea67ea183ab5a1c1ad&signature=23f1b09c21b9826842cef6eec15dd826da304ef3473cd21e058afd16ee7d4449 HTTP/1.1" 200 - "-" "WordPress/6.9; https://nutritaste.com.au"
103.4.122.14 - - [19/Jan/2026:01:50:26 +0800] "POST /wp-cron.php?doing_wp_cron=1768758626.1614708900451660156250 HTTP/1.1" 200 - "-" "WordPress/6.9; https://nutritaste.com.au"
103.4.122.14 - - [19/Jan/2026:01:50:24 +0800] "POST /wp-admin/admin-ajax.php HTTP/1.1" 200 21 "-" "WordPress/6.9; https://nutritaste.com.au"
103.4.122.14 - - [19/Jan/2026:02:38:21 +0800] "POST /wp-cron.php?doing_wp_cron=1768761501.4063229560852050781250 HTTP/1.1" 200 - "-" "WordPress/6.9; https://nutritaste.com.au"
213.160.71.18 - - [19/Jan/2026:02:38:18 +0800] "POST /wp-login.php HTTP/1.1" 503 7316 "-" "Mozilla/5.0 (Windows NT 10.0; Win64; x64; rv:62.0) Gecko/20100101 Firefox/62.0"
103.4.122.14 - - [19/Jan/2026:03:53:56 +0800] "POST /wp-cron.php?doing_wp_cron=1768766036.5445640087127685546875 HTTP/1.1" 200 - "-" "WordPress/6.9; https://nutritaste.com.au"
68.178.164.217 - - [19/Jan/2026:03:53:51 +0800] "POST /wp-login.php HTTP/1.1" 503 7315 "-" "Mozilla/5.0 (Windows NT 10.0; Win64; x64; rv:52.0) Gecko/20100101 Firefox/52.0"
103.4.122.14 - - [19/Jan/2026:03:54:01 +0800] "POST /wp-cron.php?doing_wp_cron=1768766041.8268859386444091796875 HTTP/1.1" 200 - "-" "WordPress/6.9; https://nutritaste.com.au"
103.4.122.14 - - [19/Jan/2026:03:53:59 +0800] "POST /wp-admin/admin-ajax.php HTTP/1.1" 200 21 "-" "WordPress/6.9; https://nutritaste.com.au"
103.4.122.14 - - [19/Jan/2026:04:41:42 +0800] "POST /wp-cron.php?doing_wp_cron=1768768902.4872450828552246093750 HTTP/1.1" 200 - "-" "WordPress/6.9; https://nutritaste.com.au"
35.229.47.100 - - [19/Jan/2026:04:41:40 +0800] "GET / HTTP/1.1" 301 - "-" "Mozilla/5.0 (Windows NT 10.0; Win64; x64) AppleWebKit/537.36 (KHTML, like Gecko) Chrome/78.0.3904.108 Safari/537.36"
35.229.47.100 - - [19/Jan/2026:04:41:43 +0800] "GET / HTTP/1.1" 200 87136 "-" "Mozilla/5.0 (Windows NT 10.0; Win64; x64) AppleWebKit/537.36 (KHTML, like Gecko) Chrome/78.0.3904.108 Safari/537.36"
103.4.122.14 - - [19/Jan/2026:04:41:46 +0800] "POST /wp-cron.php?doing_wp_cron=1768768906.3554570674896240234375 HTTP/1.1" 200 - "-" "WordPress/6.9; https://nutritaste.com.au"
35.229.47.100 - - [19/Jan/2026:04:41:44 +0800] "GET //wp-includes/wlwmanifest.xml HTTP/1.1" 301 - "-" "Mozilla/5.0 (Windows NT 10.0; Win64; x64) AppleWebKit/537.36 (KHTML, like Gecko) Chrome/78.0.3904.108 Safari/537.36"
35.229.47.100 - - [19/Jan/2026:04:41:46 +0800] "GET //xmlrpc.php?rsd HTTP/1.1" 200 816 "-" "Mozilla/5.0 (Windows NT 10.0; Win64; x64) AppleWebKit/537.36 (KHTML, like Gecko) Chrome/78.0.3904.108 Safari/537.36"
35.229.47.100 - - [19/Jan/2026:04:41:48 +0800] "GET //?author=1 HTTP/1.1" 302 - "-" "Mozilla/5.0 (Windows NT 10.0; Win64; x64) AppleWebKit/537.36 (KHTML, like Gecko) Chrome/78.0.3904.108 Safari/537.36"
35.229.47.100 - - [19/Jan/2026:04:41:49 +0800] "GET //?author=2 HTTP/1.1" 302 - "-" "Mozilla/5.0 (Windows NT 10.0; Win64; x64) AppleWebKit/537.36 (KHTML, like Gecko) Chrome/78.0.3904.108 Safari/537.36"
35.229.47.100 - - [19/Jan/2026:04:41:49 +0800] "GET //wp-json/wp/v2/users/ HTTP/1.1" 403 199 "-" "Mozilla/5.0 (Windows NT 10.0; Win64; x64) AppleWebKit/537.36 (KHTML, like Gecko) Chrome/78.0.3904.108 Safari/537.36"
103.4.122.14 - - [19/Jan/2026:04:41:51 +0800] "POST /wp-cron.php?doing_wp_cron=1768768911.7167420387268066406250 HTTP/1.1" 200 - "-" "WordPress/6.9; https://nutritaste.com.au"
35.229.47.100 - - [19/Jan/2026:04:41:49 +0800] "GET //wp-json/oembed/1.0/embed?url=https://nutritaste.com.au/ HTTP/1.1" 200 2026 "-" "Mozilla/5.0 (Windows NT 10.0; Win64; x64) AppleWebKit/537.36 (KHTML, like Gecko) Chrome/78.0.3904.108 Safari/537.36"
35.229.47.100 - - [19/Jan/2026:04:41:52 +0800] "POST //xmlrpc.php HTTP/1.1" 503 18950 "-" "Mozilla/5.0 (Windows NT 10.0; Win64; x64) AppleWebKit/537.36 (KHTML, like Gecko) Chrome/78.0.3904.108 Safari/537.36"
103.4.122.14 - - [19/Jan/2026:05:12:34 +0800] "POST /wp-cron.php?doing_wp_cron=1768770753.8645999431610107421875 HTTP/1.1" 200 - "-" "WordPress/6.9; https://nutritaste.com.au"
23.239.25.95 - - [19/Jan/2026:05:12:31 +0800] "POST /wp-login.php HTTP/1.1" 503 7316 "-" "Mozilla/5.0 (Windows NT 10.0; Win64; x64; rv:98.0) Gecko/20100101 Firefox/98.0"
103.4.122.14 - - [19/Jan/2026:05:12:39 +0800] "POST /wp-cron.php?doing_wp_cron=1768770759.3730289936065673828125 HTTP/1.1" 200 - "-" "WordPress/6.9; https://nutritaste.com.au"
103.4.122.14 - - [19/Jan/2026:05:12:37 +0800] "POST /wp-admin/admin-ajax.php HTTP/1.1" 200 21 "-" "WordPress/6.9; https://nutritaste.com.au"
103.4.122.14 - - [19/Jan/2026:05:25:47 +0800] "POST /wp-cron.php?doing_wp_cron=1768771547.8149070739746093750000 HTTP/1.1" 200 - "-" "WordPress/6.9; https://nutritaste.com.au"
34.81.160.132 - - [19/Jan/2026:05:25:46 +0800] "GET /wp-json/wp/v2/posts HTTP/1.1" 200 22 "-" "Mozilla/5.0 (Windows NT 10.0; Win64; x64) AppleWebKit/537.36 (KHTML, like Gecko) Chrome/120.0.0.0 Safari/537.36"
103.4.122.14 - - [19/Jan/2026:06:31:25 +0800] "POST /wp-cron.php?doing_wp_cron=1768775485.7669990062713623046875 HTTP/1.1" 200 - "-" "WordPress/6.9; https://nutritaste.com.au"
195.201.83.173 - - [19/Jan/2026:06:31:20 +0800] "POST /wp-login.php HTTP/1.1" 503 7316 "-" "Mozilla/5.0 (Windows NT 10.0; Win64; x64; rv:84.0) Gecko/20100101 Firefox/84.0"
138.124.66.85 - - [19/Jan/2026:06:52:57 +0800] "HEAD / HTTP/1.1" 200 - "-" "Mozilla/5.0 (X11; Ubuntu; Linux x86_64; rv:146.0) Gecko/20100101 Firefox/146.0"
103.4.122.14 - - [19/Jan/2026:06:58:23 +0800] "POST /wp-cron.php?doing_wp_cron=1768777103.3361480236053466796875 HTTP/1.1" 200 - "-" "WordPress/6.9; https://nutritaste.com.au"
51.89.25.52 - - [19/Jan/2026:06:58:19 +0800] "GET /assets/images/accesson.php HTTP/1.1" 404 52577 "-" "Mozilla/5.0 (Windows NT 10.0; Win64; x64) AppleWebKit/537.36 (KHTML, like Gecko) Chrome/127.0.0.0 Safari/537.36"
103.4.122.14 - - [19/Jan/2026:06:58:27 +0800] "POST /wp-cron.php?doing_wp_cron=1768777107.6830890178680419921875 HTTP/1.1" 200 - "-" "WordPress/6.9; https://nutritaste.com.au"
103.4.122.14 - - [19/Jan/2026:06:58:25 +0800] "POST /wp-admin/admin-ajax.php HTTP/1.1" 200 21 "-" "WordPress/6.9; https://nutritaste.com.au"
103.4.122.14 - - [19/Jan/2026:07:38:43 +0800] "POST /wp-cron.php?doing_wp_cron=1768779523.8522748947143554687500 HTTP/1.1" 200 - "-" "WordPress/6.9; https://nutritaste.com.au"
211.21.61.225 - - [19/Jan/2026:07:38:41 +0800] "POST /wp-login.php HTTP/1.1" 503 7316 "-" "Mozilla/5.0 (Windows NT 10.0; Win64; x64; rv:65.0) Gecko/20100101 Firefox/65.0"
103.4.122.14 - - [19/Jan/2026:07:47:21 +0800] "POST /wp-cron.php?doing_wp_cron=1768780041.8189730644226074218750 HTTP/1.1" 200 - "-" "WordPress/6.9; https://nutritaste.com.au"
51.89.25.52 - - [19/Jan/2026:07:47:19 +0800] "GET /?check_plugin HTTP/1.1" 200 85724 "-" "Mozilla/5.0 (Windows NT 10.0; Win64; x64) AppleWebKit/537.36 (KHTML, like Gecko) Chrome/127.0.0.0 Safari/537.36"
167.99.240.84 - - [19/Jan/2026:08:50:52 +0800] "POST /wp-login.php HTTP/1.1" 503 7312 "-" "Mozilla/5.0 (Windows NT 10.0; Win64; x64; rv:61.0) Gecko/20100101 Firefox/61.0"
103.4.122.14 - - [19/Jan/2026:09:34:40 +0800] "POST /wp-cron.php?doing_wp_cron=1768786480.7703690528869628906250 HTTP/1.1" 200 - "-" "WordPress/6.9; https://nutritaste.com.au"
113.204.79.230 - - [19/Jan/2026:09:34:38 +0800] "GET /wp-json/wp/v2/posts HTTP/1.0" 200 2 "-" "Mozilla/5.0 (Windows NT 10.0; Win64; x64) AppleWebKit/537.36 (KHTML, like Gecko) Chrome/120.0.0.0 Safari/537.36"
103.4.122.14 - - [19/Jan/2026:09:35:05 +0800] "POST /wp-admin/admin-post.php HTTP/1.1" 200 32 "-" "WordPress/6.9; https://nutritaste.com.au"
103.4.122.14 - - [19/Jan/2026:10:01:26 +0800] "POST /wp-cron.php?doing_wp_cron=1768788086.3201069831848144531250 HTTP/1.1" 200 - "-" "WordPress/6.9; https://nutritaste.com.au"
51.159.214.31 - - [19/Jan/2026:10:01:22 +0800] "POST /wp-login.php HTTP/1.1" 503 7312 "-" "Mozilla/5.0 (Windows NT 10.0; Win64; x64; rv:43.0) Gecko/20100101 Firefox/43.0"
173.214.167.46 - - [19/Jan/2026:10:02:55 +0800] "GET /wp-content/plugins/fix/up.php HTTP/1.1" 403 199 "-" "Mozilla/5.0 (Windows NT 10.0; Win64; x64) AppleWebKit/537.36 (KHTML, like Gecko) Chrome/87.0.4280.141 Safari/537.36"
103.4.122.14 - - [19/Jan/2026:10:14:02 +0800] "POST /wp-cron.php?doing_wp_cron=1768788842.4548640251159667968750 HTTP/1.1" 200 - "-" "WordPress/6.9; https://nutritaste.com.au"
14.42.58.191 - - [19/Jan/2026:10:14:00 +0800] "GET //wp-json/wp/v2/posts HTTP/1.0" 200 22 "-" "Mozilla/5.0 (Windows NT 10.0; Win64; x64) AppleWebKit/537.36 (KHTML, like Gecko) Chrome/120.0.0.0 Safari/537.36"
103.4.122.14 - - [19/Jan/2026:10:14:08 +0800] "POST /wp-cron.php?doing_wp_cron=1768788847.9283950328826904296875 HTTP/1.1" 200 - "-" "WordPress/6.9; https://nutritaste.com.au"
103.4.122.14 - - [19/Jan/2026:10:14:05 +0800] "POST /wp-admin/admin-ajax.php HTTP/1.1" 200 21 "-" "WordPress/6.9; https://nutritaste.com.au"
103.4.122.14 - - [19/Jan/2026:11:12:13 +0800] "POST /wp-cron.php?doing_wp_cron=1768792333.0297639369964599609375 HTTP/1.1" 200 - "-" "WordPress/6.9; https://nutritaste.com.au"
134.122.6.46 - - [19/Jan/2026:11:12:08 +0800] "POST /wp-login.php HTTP/1.1" 503 7312 "-" "Mozilla/5.0 (Windows NT 10.0; Win64; x64; rv:90.0) Gecko/20100101 Firefox/90.0"
103.4.122.14 - - [19/Jan/2026:11:12:24 +0800] "POST /wp-cron.php?doing_wp_cron=1768792344.8383340835571289062500 HTTP/1.1" 200 - "-" "WordPress/6.9; https://nutritaste.com.au"
103.4.122.14 - - [19/Jan/2026:11:12:23 +0800] "POST /wp-admin/admin-ajax.php HTTP/1.1" 200 21 "-" "WordPress/6.9; https://nutritaste.com.au"
103.4.122.14 - - [19/Jan/2026:11:18:16 +0800] "POST /wp-cron.php?doing_wp_cron=1768792696.0972819328308105468750 HTTP/1.1" 200 - "-" "WordPress/6.9; https://nutritaste.com.au"
152.57.105.57 - - [19/Jan/2026:11:18:13 +0800] "POST /xmlrpc.php HTTP/1.1" 503 18948 "-" "Mozilla/5.0 (X11; Ubuntu; Linux x86_64; arm64) AppleWebKit/537.36 (KHTML, like Gecko) Safari/13.0.0.0 Safari/537.36"
103.4.122.14 - - [19/Jan/2026:12:26:31 +0800] "POST /wp-cron.php?doing_wp_cron=1768796791.3165628910064697265625 HTTP/1.1" 200 - "-" "WordPress/6.9; https://nutritaste.com.au"
82.223.128.142 - - [19/Jan/2026:12:26:27 +0800] "POST /wp-login.php HTTP/1.1" 503 7313 "-" "Mozilla/5.0 (Windows NT 10.0; Win64; x64; rv:74.0) Gecko/20100101 Firefox/74.0"
103.4.122.14 - - [19/Jan/2026:12:26:37 +0800] "POST /wp-cron.php?doing_wp_cron=1768796797.9311640262603759765625 HTTP/1.1" 200 - "-" "WordPress/6.9; https://nutritaste.com.au"
103.4.122.14 - - [19/Jan/2026:12:26:36 +0800] "POST /wp-admin/admin-ajax.php HTTP/1.1" 200 21 "-" "WordPress/6.9; https://nutritaste.com.au"
103.77.106.118 - - [19/Jan/2026:12:48:53 +0800] "GET /sftp-config.json HTTP/1.1" 403 199 "-" "Mozilla/5.0 (Macintosh; Intel Mac OS X 10.15; rv:77.0) Gecko/20100101 Firefox/77.0"
103.77.106.118 - - [19/Jan/2026:12:48:54 +0800] "GET /.vscode/sftp.json HTTP/1.1" 403 199 "-" "Mozilla/5.0 (Macintosh; Intel Mac OS X 10.15; rv:77.0) Gecko/20100101 Firefox/77.0"
65.21.137.8 - - [19/Jan/2026:13:37:35 +0800] "POST /wp-login.php HTTP/1.1" 503 7313 "-" "Mozilla/5.0 (Windows NT 10.0; Win64; x64; rv:73.0) Gecko/20100101 Firefox/73.0"
103.4.122.14 - - [19/Jan/2026:14:52:33 +0800] "POST /wp-cron.php?doing_wp_cron=1768805553.6235589981079101562500 HTTP/1.1" 200 - "-" "WordPress/6.9; https://nutritaste.com.au"
65.38.25.38 - - [19/Jan/2026:14:52:20 +0800] "POST /wp-login.php HTTP/1.1" 503 7313 "-" "Mozilla/5.0 (Windows NT 10.0; Win64; x64; rv:84.0) Gecko/20100101 Firefox/84.0"
103.4.122.14 - - [19/Jan/2026:14:52:38 +0800] "POST /wp-cron.php?doing_wp_cron=1768805558.4454009532928466796875 HTTP/1.1" 200 - "-" "WordPress/6.9; https://nutritaste.com.au"
103.4.122.14 - - [19/Jan/2026:14:52:36 +0800] "POST /wp-admin/admin-ajax.php HTTP/1.1" 200 21 "-" "WordPress/6.9; https://nutritaste.com.au"
103.4.122.14 - - [19/Jan/2026:16:07:39 +0800] "POST /wp-cron.php?doing_wp_cron=1768810059.4729499816894531250000 HTTP/1.1" 200 - "-" "WordPress/6.9; https://nutritaste.com.au"
68.183.94.38 - - [19/Jan/2026:16:07:34 +0800] "POST /wp-login.php HTTP/1.1" 503 7313 "-" "Mozilla/5.0 (Windows NT 10.0; Win64; x64; rv:75.0) Gecko/20100101 Firefox/75.0"
103.4.122.14 - - [19/Jan/2026:16:35:37 +0800] "POST /wp-cron.php?doing_wp_cron=1768811737.5419209003448486328125 HTTP/1.1" 200 - "-" "WordPress/6.9; https://nutritaste.com.au"
102.68.135.148 - - [19/Jan/2026:16:35:35 +0800] "GET /wp-json/wp/v2/posts HTTP/1.1" 200 22 "-" "Mozilla/5.0 (Windows NT 10.0; Win64; x64) AppleWebKit/537.36 (KHTML, like Gecko) Chrome/120.0.0.0 Safari/537.36"
103.4.122.14 - - [19/Jan/2026:17:16:49 +0800] "POST /wp-cron.php?doing_wp_cron=1768814209.2682991027832031250000 HTTP/1.1" 200 - "-" "WordPress/6.9; https://nutritaste.com.au"
192.71.224.240 - - [19/Jan/2026:17:16:47 +0800] "GET / HTTP/1.1" 301 - "-" "Mozilla/5.0 (iPhone; CPU iPhone OS 17_1_2 like Mac OS X) AppleWebKit/605.1.15 (KHTML, like Gecko) Version/17.1.2 Mobile/15E148 Safari/604"
192.71.10.105 - - [19/Jan/2026:17:16:50 +0800] "GET / HTTP/1.1" 200 16321 "http://nutritaste.com.au/" "Mozilla/5.0 (iPhone; CPU iPhone OS 17_1_2 like Mac OS X) AppleWebKit/605.1.15 (KHTML, like Gecko) Version/17.1.2 Mobile/15E148 Safari/604"
103.4.122.14 - - [19/Jan/2026:17:16:56 +0800] "POST /wp-cron.php?doing_wp_cron=1768814216.4197900295257568359375 HTTP/1.1" 200 - "-" "WordPress/6.9; https://nutritaste.com.au"
192.36.70.176 - - [19/Jan/2026:17:16:54 +0800] "GET /brochure/ HTTP/1.1" 200 11511 "-" "Mozilla/5.0 (iPhone; CPU iPhone OS 17_1_2 like Mac OS X) AppleWebKit/605.1.15 (KHTML, like Gecko) Version/17.1.2 Mobile/15E148 Safari/604"
103.4.122.14 - - [19/Jan/2026:17:22:00 +0800] "POST /wp-cron.php?doing_wp_cron=1768814520.2956130504608154296875 HTTP/1.1" 200 - "-" "WordPress/6.9; https://nutritaste.com.au"
116.203.27.22 - - [19/Jan/2026:17:21:57 +0800] "POST /wp-login.php HTTP/1.1" 503 7313 "-" "Mozilla/5.0 (Windows NT 10.0; Win64; x64; rv:66.0) Gecko/20100101 Firefox/66.0"
103.4.122.14 - - [19/Jan/2026:18:33:57 +0800] "POST /wp-cron.php?doing_wp_cron=1768818837.1564710140228271484375 HTTP/1.1" 200 - "-" "WordPress/6.9; https://nutritaste.com.au"
68.183.24.222 - - [19/Jan/2026:18:33:52 +0800] "POST /wp-login.php HTTP/1.1" 503 7313 "-" "Mozilla/5.0 (Windows NT 10.0; Win64; x64; rv:83.0) Gecko/20100101 Firefox/83.0"
103.4.122.14 - - [19/Jan/2026:18:42:29 +0800] "POST /wp-cron.php?doing_wp_cron=1768819349.3612580299377441406250 HTTP/1.1" 200 - "-" "WordPress/6.9; https://nutritaste.com.au"
31.56.146.236 - - [19/Jan/2026:18:42:27 +0800] "GET / HTTP/1.1" 301 - "-" "Mozilla/5.0 (Windows NT 10.0; Win64; x64) AppleWebKit/537.36 (KHTML, like Gecko) Chrome/140.0.0.0 Safari/537.36"
103.4.122.14 - - [19/Jan/2026:19:42:52 +0800] "POST /wp-cron.php?doing_wp_cron=1768822971.9037170410156250000000 HTTP/1.1" 200 - "-" "WordPress/6.9; https://nutritaste.com.au"
35.226.125.165 - - [19/Jan/2026:19:42:48 +0800] "POST /wp-login.php HTTP/1.1" 503 7313 "-" "Mozilla/5.0 (Windows NT 10.0; Win64; x64; rv:94.0) Gecko/20100101 Firefox/94.0"
207.246.255.44 - - [19/Jan/2026:19:42:56 +0800] "POST / HTTP/1.1" 200 44 "-" "Mozilla/5.0 (Windows NT 10.0; Win64; x64) AppleWebKit/537.36 (KHTML, like Gecko) Chrome/59.0.3071.115 Safari/537.36"
103.4.122.14 - - [19/Jan/2026:19:43:01 +0800] "POST /wp-cron.php?doing_wp_cron=1768822981.1167941093444824218750 HTTP/1.1" 200 - "-" "WordPress/6.9; https://nutritaste.com.au"
103.4.122.14 - - [19/Jan/2026:19:42:59 +0800] "POST /wp-admin/admin-ajax.php HTTP/1.1" 200 21 "-" "WordPress/6.9; https://nutritaste.com.au"
104.28.157.224 - - [19/Jan/2026:19:59:15 +0800] "GET /style.php HTTP/1.1" 403 199 "-" "Go-http-client/1.1"
103.4.122.14 - - [19/Jan/2026:20:54:25 +0800] "POST /wp-cron.php?doing_wp_cron=1768827265.6295659542083740234375 HTTP/1.1" 200 - "-" "WordPress/6.9; https://nutritaste.com.au"
65.21.137.8 - - [19/Jan/2026:20:54:20 +0800] "POST /wp-login.php HTTP/1.1" 503 7314 "-" "Mozilla/5.0 (Windows NT 10.0; Win64; x64; rv:83.0) Gecko/20100101 Firefox/83.0"
103.4.122.14 - - [19/Jan/2026:20:54:30 +0800] "POST /wp-cron.php?doing_wp_cron=1768827270.6211009025573730468750 HTTP/1.1" 200 - "-" "WordPress/6.9; https://nutritaste.com.au"
103.4.122.14 - - [19/Jan/2026:20:54:28 +0800] "POST /wp-admin/admin-ajax.php HTTP/1.1" 200 21 "-" "WordPress/6.9; https://nutritaste.com.au"
103.4.122.14 - - [19/Jan/2026:22:01:34 +0800] "POST /wp-cron.php?doing_wp_cron=1768831294.3575150966644287109375 HTTP/1.1" 200 - "-" "WordPress/6.9; https://nutritaste.com.au"
212.118.36.6 - - [19/Jan/2026:22:01:31 +0800] "POST /wp-login.php HTTP/1.1" 503 7313 "-" "Mozilla/5.0 (Windows NT 10.0; Win64; x64; rv:95.0) Gecko/20100101 Firefox/95.0"
103.4.122.14 - - [19/Jan/2026:23:08:57 +0800] "POST /wp-cron.php?doing_wp_cron=1768835337.4141709804534912109375 HTTP/1.1" 200 - "-" "WordPress/6.9; https://nutritaste.com.au"
8.219.244.135 - - [19/Jan/2026:23:08:53 +0800] "POST /wp-login.php HTTP/1.1" 503 7315 "-" "Mozilla/5.0 (Windows NT 10.0; Win64; x64; rv:57.0) Gecko/20100101 Firefox/57.0"
103.4.122.14 - - [20/Jan/2026:00:17:35 +0800] "POST /wp-cron.php?doing_wp_cron=1768839455.4111800193786621093750 HTTP/1.1" 200 - "-" "WordPress/6.9; https://nutritaste.com.au"
194.182.64.134 - - [20/Jan/2026:00:17:28 +0800] "POST /wp-login.php HTTP/1.1" 503 7314 "-" "Mozilla/5.0 (Windows NT 10.0; Win64; x64; rv:88.0) Gecko/20100101 Firefox/88.0"
103.4.122.14 - - [20/Jan/2026:00:17:46 +0800] "POST /wp-admin/admin-ajax.php?action=wordfence_testAjax HTTP/1.1" 200 32 "-" "WordPress/6.9; https://nutritaste.com.au"
103.4.122.14 - - [20/Jan/2026:00:17:50 +0800] "GET /wp-admin/admin-ajax.php?action=wordfence_doScan&isFork=0&scanMode=quick&cronKey=9c3d587f30e1a4f3360c51bc93b2c3dc&signature=d8d7f975d5f13219d6e00dafaafe330e9ae74a9edd5a26d1a5b626ef0992c6c9 HTTP/1.1" 200 - "-" "WordPress/6.9; https://nutritaste.com.au"
103.4.122.14 - - [20/Jan/2026:00:18:01 +0800] "POST /wp-cron.php?doing_wp_cron=1768839481.1969480514526367187500 HTTP/1.1" 200 - "-" "WordPress/6.9; https://nutritaste.com.au"
103.4.122.14 - - [20/Jan/2026:00:17:58 +0800] "POST /wp-admin/admin-ajax.php HTTP/1.1" 200 21 "-" "WordPress/6.9; https://nutritaste.com.au"
103.4.122.14 - - [20/Jan/2026:01:32:31 +0800] "POST /wp-cron.php?doing_wp_cron=1768843951.6404669284820556640625 HTTP/1.1" 200 - "-" "WordPress/6.9; https://nutritaste.com.au"
59.125.102.142 - - [20/Jan/2026:01:32:27 +0800] "POST /wp-login.php HTTP/1.1" 503 7315 "-" "Mozilla/5.0 (Windows NT 10.0; Win64; x64; rv:59.0) Gecko/20100101 Firefox/59.0"
103.4.122.14 - - [20/Jan/2026:03:48:16 +0800] "POST /wp-cron.php?doing_wp_cron=1768852096.9658041000366210937500 HTTP/1.1" 200 - "-" "WordPress/6.9; https://nutritaste.com.au"
45.87.221.196 - - [20/Jan/2026:03:48:01 +0800] "POST /wp-login.php HTTP/1.1" 503 7314 "-" "Mozilla/5.0 (Windows NT 10.0; Win64; x64; rv:65.0) Gecko/20100101 Firefox/65.0"
103.4.122.14 - - [20/Jan/2026:03:48:22 +0800] "POST /wp-cron.php?doing_wp_cron=1768852102.1630990505218505859375 HTTP/1.1" 200 - "-" "WordPress/6.9; https://nutritaste.com.au"
103.4.122.14 - - [20/Jan/2026:03:48:19 +0800] "POST /wp-admin/admin-ajax.php HTTP/1.1" 200 21 "-" "WordPress/6.9; https://nutritaste.com.au"
103.4.122.14 - - [20/Jan/2026:04:15:36 +0800] "POST /wp-cron.php?doing_wp_cron=1768853736.8139400482177734375000 HTTP/1.1" 200 - "-" "WordPress/6.9; https://nutritaste.com.au"
147.45.220.67 - - [20/Jan/2026:04:15:34 +0800] "GET /wp-json/wp/v2/posts HTTP/1.1" 200 22 "-" "Mozilla/5.0 (Windows NT 10.0; Win64; x64) AppleWebKit/537.36 (KHTML, like Gecko) Chrome/120.0.0.0 Safari/537.36"
103.4.122.14 - - [20/Jan/2026:04:19:30 +0800] "POST /wp-cron.php?doing_wp_cron=1768853970.5193920135498046875000 HTTP/1.1" 200 - "-" "WordPress/6.9; https://nutritaste.com.au"
39.104.201.40 - - [20/Jan/2026:04:19:28 +0800] "GET /wp-json/wp/v2/posts HTTP/1.1" 200 22 "-" "Mozilla/5.0 (Windows NT 10.0; Win64; x64) AppleWebKit/537.36 (KHTML, like Gecko) Chrome/120.0.0.0 Safari/537.36"
157.15.90.169 - - [20/Jan/2026:04:28:35 +0800] "GET / HTTP/1.1" 200 16952 "-" "Mozilla/5.0 (Windows NT 10.0; Win64; x64) AppleWebKit/537.36 (KHTML, like Gecko) Chrome/57.0.2987.133 Safari/537.36"
103.4.122.14 - - [20/Jan/2026:05:04:17 +0800] "POST /wp-cron.php?doing_wp_cron=1768856657.6588730812072753906250 HTTP/1.1" 200 - "-" "WordPress/6.9; https://nutritaste.com.au"
148.113.128.134 - - [20/Jan/2026:05:04:15 +0800] "GET /robots.txt HTTP/1.1" 200 69 "-" "Mozilla/5.0 (compatible; AhrefsBot/7.0; +http://ahrefs.com/robot/)"
142.44.233.96 - - [20/Jan/2026:05:04:22 +0800] "GET / HTTP/1.1" 200 16952 "-" "Mozilla/5.0 (compatible; AhrefsBot/7.0; +http://ahrefs.com/robot/)"
103.4.122.14 - - [20/Jan/2026:05:25:33 +0800] "POST /wp-cron.php?doing_wp_cron=1768857933.0319070816040039062500 HTTP/1.1" 200 - "-" "WordPress/6.9; https://nutritaste.com.au"
136.144.19.152 - - [20/Jan/2026:05:25:30 +0800] "GET /wp-login.php HTTP/1.1" 200 11384 "-" "Mozilla/5.0 (Windows NT 10.0; Win64; x64) AppleWebKit/537.36 Chrome/129.0.0.0 Safari/537.36"
136.144.19.152 - - [20/Jan/2026:05:25:33 +0800] "GET /?author=1 HTTP/1.1" 302 - "-" "Mozilla/5.0 (Windows NT 10.0; Win64; rv:143.0) Gecko/20100101 Firefox/143.0"
136.144.19.152 - - [20/Jan/2026:05:25:35 +0800] "GET /?rest_route=/wp/v2/users HTTP/1.1" 401 108 "-" "Mozilla/5.0 (Windows NT 10.0; Win64; x64) AppleWebKit/537.36 Chrome/129.0.0.0 Safari/537.36"
103.4.122.14 - - [20/Jan/2026:05:25:35 +0800] "POST /wp-admin/admin-ajax.php HTTP/1.1" 200 21 "-" "WordPress/6.9; https://nutritaste.com.au"
136.144.19.152 - - [20/Jan/2026:05:25:39 +0800] "GET /feed HTTP/1.1" 301 - "-" "Mozilla/5.0 (Windows NT 10.0; Win64; x64) AppleWebKit/537.36 Chrome/129.0.0.0 Safari/537.36"
136.144.19.152 - - [20/Jan/2026:05:25:42 +0800] "GET /feed/ HTTP/1.1" 200 1052 "-" "Mozilla/5.0 (Windows NT 10.0; Win64; x64) AppleWebKit/537.36 Chrome/129.0.0.0 Safari/537.36"
103.4.122.14 - - [20/Jan/2026:06:10:38 +0800] "POST /wp-cron.php?doing_wp_cron=1768860638.6366839408874511718750 HTTP/1.1" 200 - "-" "WordPress/6.9; https://nutritaste.com.au"
107.180.252.236 - - [20/Jan/2026:06:10:34 +0800] "POST /wp-login.php HTTP/1.1" 503 7315 "-" "Mozilla/5.0 (Windows NT 10.0; Win64; x64; rv:58.0) Gecko/20100101 Firefox/58.0"
103.4.122.14 - - [20/Jan/2026:06:10:42 +0800] "POST /wp-cron.php?doing_wp_cron=1768860642.8992700576782226562500 HTTP/1.1" 200 - "-" "WordPress/6.9; https://nutritaste.com.au"
103.4.122.14 - - [20/Jan/2026:06:10:41 +0800] "POST /wp-admin/admin-ajax.php HTTP/1.1" 200 21 "-" "WordPress/6.9; https://nutritaste.com.au"
34.23.236.19 - - [20/Jan/2026:06:39:43 +0800] "GET /.git/config HTTP/1.1" 403 199 "-" "-"
185.108.129.81 - - [20/Jan/2026:07:14:47 +0800] "POST /wp-login.php HTTP/1.1" 503 7314 "-" "Mozilla/5.0 (Windows NT 10.0; Win64; x64; rv:68.0) Gecko/20100101 Firefox/68.0"
103.4.122.14 - - [20/Jan/2026:07:36:08 +0800] "POST /wp-cron.php?doing_wp_cron=1768865768.5828049182891845703125 HTTP/1.1" 200 - "-" "WordPress/6.9; https://nutritaste.com.au"
190.97.254.250 - - [20/Jan/2026:07:36:06 +0800] "GET /wp-json/wp/v2/posts HTTP/1.1" 200 22 "-" "Mozilla/5.0 (Windows NT 10.0; Win64; x64) AppleWebKit/537.36 (KHTML, like Gecko) Chrome/120.0.0.0 Safari/537.36"
103.4.122.14 - - [20/Jan/2026:07:36:13 +0800] "POST /wp-cron.php?doing_wp_cron=1768865773.0904200077056884765625 HTTP/1.1" 200 - "-" "WordPress/6.9; https://nutritaste.com.au"
103.4.122.14 - - [20/Jan/2026:07:36:11 +0800] "POST /wp-admin/admin-ajax.php HTTP/1.1" 200 21 "-" "WordPress/6.9; https://nutritaste.com.au"
103.4.122.14 - - [20/Jan/2026:07:55:19 +0800] "POST /wp-cron.php?doing_wp_cron=1768866919.2968320846557617187500 HTTP/1.1" 200 - "-" "WordPress/6.9; https://nutritaste.com.au"
64.225.132.85 - - [20/Jan/2026:07:55:16 +0800] "GET /wp-content/plugins/wc-designer-pro/assets/css/wcdp-design.min.css HTTP/1.1" 404 10858 "-" "Mozilla/5.0 (Windows NT 10.0; Win64; x64) AppleWebKit/537.36"
103.4.122.14 - - [20/Jan/2026:08:21:29 +0800] "POST /wp-cron.php?doing_wp_cron=1768868489.3961420059204101562500 HTTP/1.1" 200 - "-" "WordPress/6.9; https://nutritaste.com.au"
213.160.71.82 - - [20/Jan/2026:08:21:24 +0800] "POST /wp-login.php HTTP/1.1" 503 7314 "-" "Mozilla/5.0 (Windows NT 10.0; Win64; x64; rv:99.0) Gecko/20100101 Firefox/99.0"
103.4.122.14 - - [20/Jan/2026:08:21:56 +0800] "POST /wp-cron.php?doing_wp_cron=1768868516.5262439250946044921875 HTTP/1.1" 200 - "-" "WordPress/6.9; https://nutritaste.com.au"
103.4.122.14 - - [20/Jan/2026:08:21:54 +0800] "POST /wp-admin/admin-ajax.php HTTP/1.1" 200 21 "-" "WordPress/6.9; https://nutritaste.com.au"
103.4.122.14 - - [20/Jan/2026:08:48:18 +0800] "POST /wp-cron.php?doing_wp_cron=1768870097.9795119762420654296875 HTTP/1.1" 200 - "-" "WordPress/6.9; https://nutritaste.com.au"
185.12.148.78 - - [20/Jan/2026:08:48:16 +0800] "GET / HTTP/1.1" 301 - "-" "Mozilla/5.0 (Android 14; Mobile; rv:123.0) Gecko/123.0 Firefox/123"
5.133.192.188 - - [20/Jan/2026:08:48:19 +0800] "GET / HTTP/1.1" 200 16319 "http://nutritaste.com.au/" "Mozilla/5.0 (Android 14; Mobile; rv:123.0) Gecko/123.0 Firefox/123"
103.4.122.14 - - [20/Jan/2026:08:48:25 +0800] "POST /wp-cron.php?doing_wp_cron=1768870105.0436370372772216796875 HTTP/1.1" 200 - "-" "WordPress/6.9; https://nutritaste.com.au"
185.12.151.99 - - [20/Jan/2026:08:48:22 +0800] "GET /brochure/ HTTP/1.1" 200 11510 "-" "Mozilla/5.0 (Android 14; Mobile; rv:123.0) Gecko/123.0 Firefox/123"
103.4.122.14 - - [20/Jan/2026:09:33:42 +0800] "POST /wp-cron.php?doing_wp_cron=1768872822.0143170356750488281250 HTTP/1.1" 200 - "-" "WordPress/6.9; https://nutritaste.com.au"
205.210.31.254 - - [20/Jan/2026:09:33:40 +0800] "GET / HTTP/1.1" 301 - "-" "Hello from Palo Alto Networks, find out more about our scans in https://docs-cortex.paloaltonetworks.com/r/1/Cortex-Xpanse/Scanning-activity"
103.4.122.14 - - [20/Jan/2026:09:33:44 +0800] "POST /wp-admin/admin-post.php HTTP/1.1" 200 32 "-" "WordPress/6.9; https://nutritaste.com.au"
3.150.120.236 - - [20/Jan/2026:10:21:06 +0800] "GET / HTTP/1.1" 200 16952 "-" "Mozilla/5.0 (Macintosh; Intel Mac OS X 10_15_7) AppleWebKit/537.36 (KHTML, like Gecko) Chrome/121.0.0.0 Safari/537.36"
103.4.122.14 - - [20/Jan/2026:10:21:07 +0800] "POST /wp-cron.php?doing_wp_cron=1768875666.9406130313873291015625 HTTP/1.1" 200 - "-" "WordPress/6.9; https://nutritaste.com.au"
3.150.120.236 - - [20/Jan/2026:10:21:04 +0800] "GET / HTTP/1.1" 301 - "-" "Mozilla/5.0 (Macintosh; Intel Mac OS X 10_15_7) AppleWebKit/537.36 (KHTML, like Gecko) Chrome/121.0.0.0 Safari/537.36"
3.150.120.236 - - [20/Jan/2026:10:21:07 +0800] "GET / HTTP/1.1" 200 16952 "-" "Mozilla/5.0 (Macintosh; Intel Mac OS X 10_15_7) AppleWebKit/537.36 (KHTML, like Gecko) Chrome/121.0.0.0 Safari/537.36"
3.150.120.236 - - [20/Jan/2026:10:21:08 +0800] "GET / HTTP/1.1" 200 16952 "-" "Mozilla/5.0 (Macintosh; Intel Mac OS X 10_15_7) AppleWebKit/537.36 (KHTML, like Gecko) Chrome/121.0.0.0 Safari/537.36"
3.150.120.236 - - [20/Jan/2026:10:21:09 +0800] "GET /wp-content/uploads/2025/03/cropped-NutriTaste-favicon2-32x32.png HTTP/1.1" 200 1243 "https://nutritaste.com.au" "Mozilla/5.0 (Macintosh; Intel Mac OS X 10_15_7) AppleWebKit/537.36 (KHTML, like Gecko) Chrome/121.0.0.0 Safari/537.36"
3.150.120.236 - - [20/Jan/2026:10:21:09 +0800] "HEAD / HTTP/1.1" 200 - "-" "python-requests/2.31.0"
3.150.120.236 - - [20/Jan/2026:10:21:08 +0800] "GET / HTTP/1.1" 301 - "-" "Mozilla/5.0 (Macintosh; Intel Mac OS X 10_15_7) AppleWebKit/537.36 (KHTML, like Gecko) Chrome/121.0.0.0 Safari/537.36"
3.150.120.236 - - [20/Jan/2026:10:21:08 +0800] "GET / HTTP/1.1" 301 - "-" "Mozilla/5.0 (Macintosh; Intel Mac OS X 10_15_7) AppleWebKit/537.36 (KHTML, like Gecko) Chrome/121.0.0.0 Safari/537.36"
3.150.120.236 - - [20/Jan/2026:10:21:11 +0800] "GET / HTTP/1.1" 200 16952 "-" "Mozilla/5.0 (Macintosh; Intel Mac OS X 10_15_7) AppleWebKit/537.36 (KHTML, like Gecko) Chrome/121.0.0.0 Safari/537.36"
3.150.120.236 - - [20/Jan/2026:10:21:11 +0800] "GET / HTTP/1.1" 200 16952 "-" "Mozilla/5.0 (Macintosh; Intel Mac OS X 10_15_7) AppleWebKit/537.36 (KHTML, like Gecko) Chrome/121.0.0.0 Safari/537.36"
103.4.122.14 - - [20/Jan/2026:10:21:12 +0800] "POST /wp-cron.php?doing_wp_cron=1768875672.2384350299835205078125 HTTP/1.1" 200 - "-" "WordPress/6.9; https://nutritaste.com.au"
3.150.120.236 - - [20/Jan/2026:10:21:10 +0800] "HEAD / HTTP/1.1" 301 - "-" "python-requests/2.31.0"
103.4.122.14 - - [20/Jan/2026:10:21:33 +0800] "POST /wp-cron.php?doing_wp_cron=1768875693.1322529315948486328125 HTTP/1.1" 200 - "-" "WordPress/6.9; https://nutritaste.com.au"
3.150.120.236 - - [20/Jan/2026:10:21:30 +0800] "GET /robots.txt HTTP/1.1" 200 69 "-" "python-requests/2.31.0"
103.4.122.14 - - [20/Jan/2026:10:33:41 +0800] "POST /wp-cron.php?doing_wp_cron=1768876421.6782629489898681640625 HTTP/1.1" 200 - "-" "WordPress/6.9; https://nutritaste.com.au"
8.219.244.135 - - [20/Jan/2026:10:33:38 +0800] "POST /wp-login.php HTTP/1.1" 503 7314 "-" "Mozilla/5.0 (Windows NT 10.0; Win64; x64; rv:88.0) Gecko/20100101 Firefox/88.0"
47.244.90.157 - - [20/Jan/2026:11:37:02 +0800] "POST /wp-login.php HTTP/1.1" 503 7314 "-" "Mozilla/5.0 (Windows NT 10.0; Win64; x64; rv:52.0) Gecko/20100101 Firefox/52.0"
103.4.122.14 - - [20/Jan/2026:12:12:53 +0800] "POST /wp-cron.php?doing_wp_cron=1768882373.1400530338287353515625 HTTP/1.1" 200 - "-" "WordPress/6.9; https://nutritaste.com.au"
64.225.8.2 - - [20/Jan/2026:12:12:50 +0800] "GET /ftp.json HTTP/1.1" 404 52593 "-" "Mozilla/5.0 (X11; Linux x86_64) AppleWebKit/537.36 (KHTML, like Gecko) Chrome/81.0.4044.129 Safari/537.36"
103.4.122.14 - - [20/Jan/2026:12:13:08 +0800] "POST /wp-cron.php?doing_wp_cron=1768882388.9031341075897216796875 HTTP/1.1" 200 - "-" "WordPress/6.9; https://nutritaste.com.au"
103.4.122.14 - - [20/Jan/2026:12:13:06 +0800] "POST /wp-admin/admin-ajax.php HTTP/1.1" 200 21 "-" "WordPress/6.9; https://nutritaste.com.au"
162.142.125.114 - - [20/Jan/2026:12:28:42 +0800] "GET / HTTP/1.1" 200 16952 "-" "Mozilla/5.0 (compatible; CensysInspect/1.1; +https://about.censys.io/)"
162.142.125.114 - - [20/Jan/2026:12:28:44 +0800] "GET /wp-content/uploads/2025/03/cropped-NutriTaste-favicon2-32x32.png HTTP/1.1" 200 1243 "-" "Mozilla/5.0 (compatible; CensysInspect/1.1; +https://about.censys.io/)"
162.142.125.114 - - [20/Jan/2026:12:28:45 +0800] "GET /wp-content/uploads/2025/03/cropped-NutriTaste-favicon2-192x192.png HTTP/1.1" 200 11647 "-" "Mozilla/5.0 (compatible; CensysInspect/1.1; +https://about.censys.io/)"
162.142.125.114 - - [20/Jan/2026:12:28:47 +0800] "GET /wp-content/uploads/2025/03/cropped-NutriTaste-favicon2-180x180.png HTTP/1.1" 200 10524 "-" "Mozilla/5.0 (compatible; CensysInspect/1.1; +https://about.censys.io/)"
103.4.122.14 - - [20/Jan/2026:12:28:51 +0800] "POST /wp-cron.php?doing_wp_cron=1768883331.2823629379272460937500 HTTP/1.1" 200 - "-" "WordPress/6.9; https://nutritaste.com.au"
162.142.125.114 - - [20/Jan/2026:12:28:48 +0800] "GET /favicon.ico HTTP/1.1" 302 - "-" "Mozilla/5.0 (compatible; CensysInspect/1.1; +https://about.censys.io/)"
162.142.125.114 - - [20/Jan/2026:12:28:52 +0800] "GET /wp-content/uploads/2025/03/cropped-NutriTaste-favicon2-32x32.png HTTP/1.1" 200 1243 "https://nutritaste.com.au/favicon.ico" "Mozilla/5.0 (compatible; CensysInspect/1.1; +https://about.censys.io/)"
103.4.122.14 - - [20/Jan/2026:12:42:22 +0800] "POST /wp-cron.php?doing_wp_cron=1768884142.0407021045684814453125 HTTP/1.1" 200 - "-" "WordPress/6.9; https://nutritaste.com.au"
193.70.32.184 - - [20/Jan/2026:12:42:18 +0800] "POST /wp-login.php HTTP/1.1" 503 7314 "-" "Mozilla/5.0 (Windows NT 10.0; Win64; x64; rv:56.0) Gecko/20100101 Firefox/56.0"
103.77.107.178 - - [20/Jan/2026:13:31:27 +0800] "GET /sftp-config.json HTTP/1.1" 403 199 "-" "Mozilla/5.0 (Macintosh; Intel Mac OS X 10.15; rv:77.0) Gecko/20100101 Firefox/77.0"
103.77.107.178 - - [20/Jan/2026:13:31:27 +0800] "GET /.vscode/sftp.json HTTP/1.1" 403 199 "-" "Mozilla/5.0 (Macintosh; Intel Mac OS X 10.15; rv:77.0) Gecko/20100101 Firefox/77.0"
106.215.161.193 - - [20/Jan/2026:15:48:00 +0800] "POST /xmlrpc.php HTTP/1.1" 200 403 "-" "Mozilla/5.0 (Windows NT 10.0; x86) AppleWebKit/537.36 (KHTML, like Gecko) Safari/12.0.0.0 Safari/537.36"
103.4.122.14 - - [20/Jan/2026:15:48:05 +0800] "POST /wp-cron.php?doing_wp_cron=1768895285.2422680854797363281250 HTTP/1.1" 200 - "-" "WordPress/6.9; https://nutritaste.com.au"
103.4.122.14 - - [20/Jan/2026:15:48:27 +0800] "POST /wp-cron.php?doing_wp_cron=1768895307.1485719680786132812500 HTTP/1.1" 200 - "-" "WordPress/6.9; https://nutritaste.com.au"
49.37.108.249 - - [20/Jan/2026:15:48:23 +0800] "POST /xmlrpc.php HTTP/1.1" 503 18948 "-" "Mozilla/5.0 (X11; Ubuntu; Linux x86_64; x86) AppleWebKit/537.36 (KHTML, like Gecko) Edge/91.0.0.0 Safari/537.36"
103.4.122.14 - - [20/Jan/2026:16:19:52 +0800] "POST /wp-cron.php?doing_wp_cron=1768897192.6847119331359863281250 HTTP/1.1" 200 - "-" "WordPress/6.9; https://nutritaste.com.au"
3.146.161.159 - - [20/Jan/2026:16:19:49 +0800] "POST /wp-login.php HTTP/1.1" 503 7315 "-" "Mozilla/5.0 (Windows NT 10.0; Win64; x64; rv:63.0) Gecko/20100101 Firefox/63.0"
37.187.75.30 - - [20/Jan/2026:17:18:55 +0800] "POST /wp-login.php HTTP/1.1" 503 7314 "-" "Mozilla/5.0 (Windows NT 10.0; Win64; x64; rv:92.0) Gecko/20100101 Firefox/92.0"
103.4.122.14 - - [20/Jan/2026:18:15:03 +0800] "POST /wp-cron.php?doing_wp_cron=1768904103.1347649097442626953125 HTTP/1.1" 200 - "-" "WordPress/6.9; https://nutritaste.com.au"
74.7.230.30 - - [20/Jan/2026:18:15:00 +0800] "GET /robots.txt HTTP/1.1" 301 - "-" "Mozilla/5.0 (Macintosh; Intel Mac OS X 10_15_7) AppleWebKit/537.36 (KHTML, like Gecko) Chrome/131.0.0.0 Safari/537.36; compatible; OAI-SearchBot/1.3; robots.txt; +https://openai.com/searchbot"
74.7.230.30 - - [20/Jan/2026:18:15:04 +0800] "GET /robots.txt HTTP/1.1" 200 69 "https://www.nutritaste.com.au/robots.txt" "Mozilla/5.0 (Macintosh; Intel Mac OS X 10_15_7) AppleWebKit/537.36 (KHTML, like Gecko) Chrome/131.0.0.0 Safari/537.36; compatible; OAI-SearchBot/1.3; robots.txt; +https://openai.com/searchbot"
74.7.227.39 - - [20/Jan/2026:18:15:06 +0800] "GET / HTTP/1.1" 301 - "-" "Mozilla/5.0 AppleWebKit/537.36 (KHTML, like Gecko; compatible; GPTBot/1.3; +https://openai.com/gptbot)"
103.4.122.14 - - [20/Jan/2026:18:15:08 +0800] "POST /wp-cron.php?doing_wp_cron=1768904108.0984420776367187500000 HTTP/1.1" 200 - "-" "WordPress/6.9; https://nutritaste.com.au"
103.4.122.14 - - [20/Jan/2026:18:15:06 +0800] "POST /wp-admin/admin-ajax.php HTTP/1.1" 200 21 "-" "WordPress/6.9; https://nutritaste.com.au"
103.4.122.14 - - [20/Jan/2026:18:15:15 +0800] "POST /wp-cron.php?doing_wp_cron=1768904115.3519179821014404296875 HTTP/1.1" 200 - "-" "WordPress/6.9; https://nutritaste.com.au"
74.7.244.55 - - [20/Jan/2026:18:15:13 +0800] "GET /robots.txt HTTP/1.1" 200 69 "-" "Mozilla/5.0 (Macintosh; Intel Mac OS X 10_15_7) AppleWebKit/537.36 (KHTML, like Gecko) Chrome/131.0.0.0 Safari/537.36; compatible; OAI-SearchBot/1.3; robots.txt; +https://openai.com/searchbot"
74.7.242.14 - - [20/Jan/2026:18:15:16 +0800] "GET / HTTP/1.1" 200 16952 "https://www.nutritaste.com.au" "Mozilla/5.0 AppleWebKit/537.36 (KHTML, like Gecko; compatible; GPTBot/1.3; +https://openai.com/gptbot)"
74.7.242.14 - - [20/Jan/2026:18:15:18 +0800] "GET /wp-content/plugins/wp-rocket/assets/js/wpr-beacon.min.js HTTP/1.1" 200 8097 "https://nutritaste.com.au/" "Mozilla/5.0 AppleWebKit/537.36 (KHTML, like Gecko; compatible; GPTBot/1.3; +https://openai.com/gptbot)"
74.7.242.14 - - [20/Jan/2026:18:15:21 +0800] "GET /wp-content/plugins/wp-rocket/assets/js/wpr-beacon.min.js.map HTTP/1.1" 200 23625 "https://nutritaste.com.au/wp-content/plugins/wp-rocket/assets/js/wpr-beacon.min.js" "Mozilla/5.0 AppleWebKit/537.36 (KHTML, like Gecko; compatible; GPTBot/1.3; +https://openai.com/gptbot)"
103.4.122.14 - - [20/Jan/2026:18:35:31 +0800] "POST /wp-cron.php?doing_wp_cron=1768905331.7058959007263183593750 HTTP/1.1" 200 - "-" "WordPress/6.9; https://nutritaste.com.au"
160.250.186.233 - - [20/Jan/2026:18:35:28 +0800] "POST /wp-login.php HTTP/1.1" 503 7315 "-" "Mozilla/5.0 (Windows NT 10.0; Win64; x64; rv:49.0) Gecko/20100101 Firefox/49.0"
103.4.122.14 - - [20/Jan/2026:19:24:28 +0800] "POST /wp-cron.php?doing_wp_cron=1768908268.5210330486297607421875 HTTP/1.1" 200 - "-" "WordPress/6.9; https://nutritaste.com.au"
130.89.144.165 - - [20/Jan/2026:19:24:26 +0800] "GET /robots.txt HTTP/1.1" 200 69 "-" "OI-Crawler/Nutch (https://openintel.nl/webcrawl/)"
130.89.144.165 - - [20/Jan/2026:19:24:29 +0800] "GET / HTTP/1.1" 301 - "-" "OI-Crawler/Nutch (https://openintel.nl/webcrawl/)"
130.89.144.165 - - [20/Jan/2026:19:24:32 +0800] "GET /robots.txt HTTP/1.1" 200 69 "-" "OI-Crawler/Nutch (https://openintel.nl/webcrawl/)"
207.246.255.44 - - [20/Jan/2026:19:24:32 +0800] "POST / HTTP/1.1" 200 44 "-" "Mozilla/5.0 (Windows NT 10.0; Win64; x64) AppleWebKit/537.36 (KHTML, like Gecko) Chrome/59.0.3071.115 Safari/537.36"
