49.249.93.58 - - [09/Jan/2026:20:45:24 +0800] "GET /wp-content/uploads/elementor/google-fonts/css/robotocondensed.css?ver=1749610278 HTTP/1.1" 200 1333 "https://nutritaste.com.au/" "Mozilla/5.0 (Windows NT 10.0; Win64; x64) AppleWebKit/537.36 (KHTML, like Gecko) Chrome/143.0.0.0 Safari/537.36"
49.249.93.58 - - [09/Jan/2026:20:45:24 +0800] "GET /wp-content/plugins/dethemekit-for-elementor/assets/js/jquery-migrate-1.4.1-wp.js?ver=6.9 HTTP/1.1" 200 7877 "https://nutritaste.com.au/" "Mozilla/5.0 (Windows NT 10.0; Win64; x64) AppleWebKit/537.36 (KHTML, like Gecko) Chrome/143.0.0.0 Safari/537.36"
49.249.93.58 - - [09/Jan/2026:20:45:24 +0800] "GET /wp-content/plugins/dethemekit-for-elementor/assets/js/de_loop/ecs_ajax_pagination.js?ver=2.1.10 HTTP/1.1" 200 1228 "https://nutritaste.com.au/" "Mozilla/5.0 (Windows NT 10.0; Win64; x64) AppleWebKit/537.36 (KHTML, like Gecko) Chrome/143.0.0.0 Safari/537.36"
49.249.93.58 - - [09/Jan/2026:20:45:25 +0800] "GET /wp-content/plugins/dethemekit-for-elementor/assets/js/de_loop/ecs.js?ver=2.1.10 HTTP/1.1" 200 167 "https://nutritaste.com.au/" "Mozilla/5.0 (Windows NT 10.0; Win64; x64) AppleWebKit/537.36 (KHTML, like Gecko) Chrome/143.0.0.0 Safari/537.36"
49.249.93.58 - - [09/Jan/2026:20:45:25 +0800] "GET /wp-content/uploads/2025/03/Complementary-food-and-nutrition-768x91.png HTTP/1.1" 200 17734 "https://nutritaste.com.au/" "Mozilla/5.0 (Windows NT 10.0; Win64; x64) AppleWebKit/537.36 (KHTML, like Gecko) Chrome/143.0.0.0 Safari/537.36"
49.249.93.58 - - [09/Jan/2026:20:45:25 +0800] "GET /wp-content/uploads/2025/02/NutriTaste-strap-v3.png HTTP/1.1" 200 29289 "https://nutritaste.com.au/" "Mozilla/5.0 (Windows NT 10.0; Win64; x64) AppleWebKit/537.36 (KHTML, like Gecko) Chrome/143.0.0.0 Safari/537.36"
49.249.93.58 - - [09/Jan/2026:20:45:25 +0800] "GET /wp-content/uploads/2025/03/FN-Brochure-Update-February-2024-cover_Page_1-min.jpg HTTP/1.1" 200 203920 "https://nutritaste.com.au/" "Mozilla/5.0 (Windows NT 10.0; Win64; x64) AppleWebKit/537.36 (KHTML, like Gecko) Chrome/143.0.0.0 Safari/537.36"
49.249.93.58 - - [09/Jan/2026:20:45:26 +0800] "GET /wp-content/plugins/jeg-elementor-kit/lib/jeg-framework/assets/css/jeg-dynamic-styles.css?ver=1.3.0 HTTP/1.1" 200 - "https://nutritaste.com.au/" "Mozilla/5.0 (Windows NT 10.0; Win64; x64) AppleWebKit/537.36 (KHTML, like Gecko) Chrome/143.0.0.0 Safari/537.36"
49.249.93.58 - - [09/Jan/2026:20:45:26 +0800] "GET /wp-content/plugins/elementor/assets/lib/font-awesome/css/all.min.css?ver=2.1.10 HTTP/1.1" 200 12869 "https://nutritaste.com.au/" "Mozilla/5.0 (Windows NT 10.0; Win64; x64) AppleWebKit/537.36 (KHTML, like Gecko) Chrome/143.0.0.0 Safari/537.36"
49.249.93.58 - - [09/Jan/2026:20:45:26 +0800] "GET /wp-content/plugins/elementor/assets/lib/font-awesome/css/v4-shims.min.css?ver=3.33.4 HTTP/1.1" 200 4229 "https://nutritaste.com.au/" "Mozilla/5.0 (Windows NT 10.0; Win64; x64) AppleWebKit/537.36 (KHTML, like Gecko) Chrome/143.0.0.0 Safari/537.36"
49.249.93.58 - - [09/Jan/2026:20:45:26 +0800] "GET /wp-content/uploads/elementor/css/post-328.css?ver=1765449563 HTTP/1.1" 200 3803 "https://nutritaste.com.au/" "Mozilla/5.0 (Windows NT 10.0; Win64; x64) AppleWebKit/537.36 (KHTML, like Gecko) Chrome/143.0.0.0 Safari/537.36"
49.249.93.58 - - [09/Jan/2026:20:45:26 +0800] "GET /wp-content/plugins/metform/public/assets/css/metform-ui.css?ver=4.0.8 HTTP/1.1" 200 15415 "https://nutritaste.com.au/" "Mozilla/5.0 (Windows NT 10.0; Win64; x64) AppleWebKit/537.36 (KHTML, like Gecko) Chrome/143.0.0.0 Safari/537.36"
49.249.93.58 - - [09/Jan/2026:20:45:26 +0800] "GET /wp-content/plugins/metform/public/assets/css/style.css?ver=4.0.8 HTTP/1.1" 200 4944 "https://nutritaste.com.au/" "Mozilla/5.0 (Windows NT 10.0; Win64; x64) AppleWebKit/537.36 (KHTML, like Gecko) Chrome/143.0.0.0 Safari/537.36"
49.249.93.58 - - [09/Jan/2026:20:45:27 +0800] "GET /wp-content/uploads/elementor/google-fonts/fonts/roboto-kfo7cnqeu92fr1me7ksn66agldtyluama3yuba.woff2 HTTP/1.1" 200 40156 "https://nutritaste.com.au/wp-content/uploads/elementor/google-fonts/css/roboto.css?ver=1749610262" "Mozilla/5.0 (Windows NT 10.0; Win64; x64) AppleWebKit/537.36 (KHTML, like Gecko) Chrome/143.0.0.0 Safari/537.36"
49.249.93.58 - - [09/Jan/2026:20:45:27 +0800] "GET /wp-content/uploads/elementor/google-fonts/fonts/publicsans-ijwrs572xtc6zyqws9yvwnngfj4.woff2 HTTP/1.1" 200 26855 "https://nutritaste.com.au/wp-content/uploads/elementor/google-fonts/css/publicsans.css?ver=1749610285" "Mozilla/5.0 (Windows NT 10.0; Win64; x64) AppleWebKit/537.36 (KHTML, like Gecko) Chrome/143.0.0.0 Safari/537.36"
49.249.93.58 - - [09/Jan/2026:20:45:27 +0800] "GET /wp-content/plugins/elementskit-lite/modules/elementskit-icon-pack/assets/css/ekiticons.css?ver=3.7.7 HTTP/1.1" 200 10919 "https://nutritaste.com.au/" "Mozilla/5.0 (Windows NT 10.0; Win64; x64) AppleWebKit/537.36 (KHTML, like Gecko) Chrome/143.0.0.0 Safari/537.36"
49.249.93.58 - - [09/Jan/2026:20:45:27 +0800] "GET /wp-content/uploads/elementor/google-fonts/fonts/robotocondensed-ievl2zhzi2ecn5jzbjeets9weq8-19k7dq.woff2 HTTP/1.1" 200 51440 "https://nutritaste.com.au/wp-content/uploads/elementor/google-fonts/css/robotocondensed.css?ver=1749610278" "Mozilla/5.0 (Windows NT 10.0; Win64; x64) AppleWebKit/537.36 (KHTML, like Gecko) Chrome/143.0.0.0 Safari/537.36"
49.249.93.58 - - [09/Jan/2026:20:45:27 +0800] "GET /wp-content/uploads/elementor/google-fonts/css/ibmplexsans.css?ver=1749610296 HTTP/1.1" 200 1157 "https://nutritaste.com.au/" "Mozilla/5.0 (Windows NT 10.0; Win64; x64) AppleWebKit/537.36 (KHTML, like Gecko) Chrome/143.0.0.0 Safari/537.36"
49.249.93.58 - - [09/Jan/2026:20:45:27 +0800] "GET /wp-content/plugins/elementor/assets/js/webpack.runtime.min.js?ver=3.33.4 HTTP/1.1" 200 2482 "https://nutritaste.com.au/" "Mozilla/5.0 (Windows NT 10.0; Win64; x64) AppleWebKit/537.36 (KHTML, like Gecko) Chrome/143.0.0.0 Safari/537.36"
49.249.93.58 - - [09/Jan/2026:20:45:27 +0800] "GET /wp-content/plugins/elementor/assets/js/frontend-modules.min.js?ver=3.33.4 HTTP/1.1" 200 25268 "https://nutritaste.com.au/" "Mozilla/5.0 (Windows NT 10.0; Win64; x64) AppleWebKit/537.36 (KHTML, like Gecko) Chrome/143.0.0.0 Safari/537.36"
49.249.93.58 - - [09/Jan/2026:20:45:27 +0800] "GET /wp-content/plugins/elementor/assets/js/frontend.min.js?ver=3.33.4 HTTP/1.1" 200 10325 "https://nutritaste.com.au/" "Mozilla/5.0 (Windows NT 10.0; Win64; x64) AppleWebKit/537.36 (KHTML, like Gecko) Chrome/143.0.0.0 Safari/537.36"
49.249.93.58 - - [09/Jan/2026:20:45:27 +0800] "GET /wp-includes/js/jquery/ui/core.min.js?ver=1.13.3 HTTP/1.1" 200 7106 "https://nutritaste.com.au/" "Mozilla/5.0 (Windows NT 10.0; Win64; x64) AppleWebKit/537.36 (KHTML, like Gecko) Chrome/143.0.0.0 Safari/537.36"
49.249.93.58 - - [09/Jan/2026:20:45:27 +0800] "GET /wp-content/plugins/metform/public/assets/lib/cute-alert/cute-alert.js?ver=4.0.8 HTTP/1.1" 200 1177 "https://nutritaste.com.au/" "Mozilla/5.0 (Windows NT 10.0; Win64; x64) AppleWebKit/537.36 (KHTML, like Gecko) Chrome/143.0.0.0 Safari/537.36"
49.249.93.58 - - [09/Jan/2026:20:45:27 +0800] "GET /wp-content/plugins/jeg-elementor-kit/assets/fonts/jkiticon/jkiticon.woff2?bv8d8l HTTP/1.1" 200 218602 "https://nutritaste.com.au/wp-content/plugins/jeg-elementor-kit/assets/fonts/jkiticon/jkiticon.css?ver=3.0.1" "Mozilla/5.0 (Windows NT 10.0; Win64; x64) AppleWebKit/537.36 (KHTML, like Gecko) Chrome/143.0.0.0 Safari/537.36"
49.249.93.58 - - [09/Jan/2026:20:45:28 +0800] "GET /wp-includes/js/jquery/ui/core.min.js?ver=1.13.3 HTTP/1.1" 200 7106 "https://nutritaste.com.au/" "Mozilla/5.0 (Windows NT 10.0; Win64; x64) AppleWebKit/537.36 (KHTML, like Gecko) Chrome/143.0.0.0 Safari/537.36"
49.249.93.58 - - [09/Jan/2026:20:45:28 +0800] "GET /wp-content/plugins/metform/public/assets/lib/cute-alert/cute-alert.js?ver=4.0.8 HTTP/1.1" 200 1177 "https://nutritaste.com.au/" "Mozilla/5.0 (Windows NT 10.0; Win64; x64) AppleWebKit/537.36 (KHTML, like Gecko) Chrome/143.0.0.0 Safari/537.36"
49.249.93.58 - - [09/Jan/2026:20:45:28 +0800] "GET /wp-content/themes/hello-elementor/assets/js/hello-frontend.js?ver=3.4.5 HTTP/1.1" 200 549 "https://nutritaste.com.au/" "Mozilla/5.0 (Windows NT 10.0; Win64; x64) AppleWebKit/537.36 (KHTML, like Gecko) Chrome/143.0.0.0 Safari/537.36"
49.249.93.58 - - [09/Jan/2026:20:45:28 +0800] "GET /wp-content/plugins/elementskit-lite/libs/framework/assets/js/frontend-script.js?ver=3.7.7 HTTP/1.1" 200 40 "https://nutritaste.com.au/" "Mozilla/5.0 (Windows NT 10.0; Win64; x64) AppleWebKit/537.36 (KHTML, like Gecko) Chrome/143.0.0.0 Safari/537.36"
49.249.93.58 - - [09/Jan/2026:20:45:28 +0800] "GET /wp-content/plugins/elementskit-lite/widgets/init/assets/js/widget-scripts.js?ver=3.7.7 HTTP/1.1" 200 41596 "https://nutritaste.com.au/" "Mozilla/5.0 (Windows NT 10.0; Win64; x64) AppleWebKit/537.36 (KHTML, like Gecko) Chrome/143.0.0.0 Safari/537.36"
49.249.93.58 - - [09/Jan/2026:20:45:28 +0800] "GET /wp-content/plugins/jeg-elementor-kit/assets/js/elements/sticky-element.js?ver=3.0.1 HTTP/1.1" 200 1573 "https://nutritaste.com.au/" "Mozilla/5.0 (Windows NT 10.0; Win64; x64) AppleWebKit/537.36 (KHTML, like Gecko) Chrome/143.0.0.0 Safari/537.36"
49.249.93.58 - - [09/Jan/2026:20:45:28 +0800] "GET /wp-content/plugins/elementor/assets/lib/font-awesome/js/v4-shims.min.js?ver=3.33.4 HTTP/1.1" 200 4209 "https://nutritaste.com.au/" "Mozilla/5.0 (Windows NT 10.0; Win64; x64) AppleWebKit/537.36 (KHTML, like Gecko) Chrome/143.0.0.0 Safari/537.36"
49.249.93.58 - - [09/Jan/2026:20:45:28 +0800] "GET /wp-content/plugins/metform/public/assets/js/htm.js?ver=4.0.8 HTTP/1.1" 200 675 "https://nutritaste.com.au/" "Mozilla/5.0 (Windows NT 10.0; Win64; x64) AppleWebKit/537.36 (KHTML, like Gecko) Chrome/143.0.0.0 Safari/537.36"
49.249.93.58 - - [09/Jan/2026:20:45:29 +0800] "GET /wp-includes/js/dist/vendor/react.min.js?ver=18.3.1.1 HTTP/1.1" 200 4165 "https://nutritaste.com.au/" "Mozilla/5.0 (Windows NT 10.0; Win64; x64) AppleWebKit/537.36 (KHTML, like Gecko) Chrome/143.0.0.0 Safari/537.36"
49.249.93.58 - - [09/Jan/2026:20:45:29 +0800] "GET /wp-includes/js/dist/vendor/react-dom.min.js?ver=18.3.1.1 HTTP/1.1" 200 41888 "https://nutritaste.com.au/" "Mozilla/5.0 (Windows NT 10.0; Win64; x64) AppleWebKit/537.36 (KHTML, like Gecko) Chrome/143.0.0.0 Safari/537.36"
49.249.93.58 - - [09/Jan/2026:20:45:29 +0800] "GET /wp-includes/js/dist/escape-html.min.js?ver=6561a406d2d232a6fbd2 HTTP/1.1" 200 532 "https://nutritaste.com.au/" "Mozilla/5.0 (Windows NT 10.0; Win64; x64) AppleWebKit/537.36 (KHTML, like Gecko) Chrome/143.0.0.0 Safari/537.36"
49.249.93.58 - - [09/Jan/2026:20:45:29 +0800] "GET /wp-includes/js/dist/element.min.js?ver=6a582b0c827fa25df3dd HTTP/1.1" 200 4993 "https://nutritaste.com.au/" "Mozilla/5.0 (Windows NT 10.0; Win64; x64) AppleWebKit/537.36 (KHTML, like Gecko) Chrome/143.0.0.0 Safari/537.36"
49.249.93.58 - - [09/Jan/2026:20:45:29 +0800] "GET /wp-content/plugins/metform/public/assets/js/app.js?ver=4.0.8 HTTP/1.1" 200 161184 "https://nutritaste.com.au/" "Mozilla/5.0 (Windows NT 10.0; Win64; x64) AppleWebKit/537.36 (KHTML, like Gecko) Chrome/143.0.0.0 Safari/537.36"
49.249.93.58 - - [09/Jan/2026:20:45:29 +0800] "GET /wp-content/plugins/dethemekit-for-elementor/assets/js/lib/ResizeSensor.min.js?ver=1.7.0 HTTP/1.1" 200 937 "https://nutritaste.com.au/" "Mozilla/5.0 (Windows NT 10.0; Win64; x64) AppleWebKit/537.36 (KHTML, like Gecko) Chrome/143.0.0.0 Safari/537.36"
49.249.93.58 - - [09/Jan/2026:20:45:29 +0800] "GET /wp-content/plugins/metform/public/assets/js/recaptcha-support.js?ver=4.0.8 HTTP/1.1" 200 135 "https://nutritaste.com.au/" "Mozilla/5.0 (Windows NT 10.0; Win64; x64) AppleWebKit/537.36 (KHTML, like Gecko) Chrome/143.0.0.0 Safari/537.36"
49.249.93.58 - - [09/Jan/2026:20:45:29 +0800] "GET /wp-content/plugins/dethemekit-for-elementor/assets/js/lib/sticky-sidebar/sticky-sidebar.min.js?ver=3.3.1 HTTP/1.1" 200 3493 "https://nutritaste.com.au/" "Mozilla/5.0 (Windows NT 10.0; Win64; x64) AppleWebKit/537.36 (KHTML, like Gecko) Chrome/143.0.0.0 Safari/537.36"
49.249.93.58 - - [09/Jan/2026:20:45:29 +0800] "GET /wp-content/plugins/elementor-pro/assets/js/webpack-pro.runtime.min.js?ver=3.33.2 HTTP/1.1" 200 2856 "https://nutritaste.com.au/" "Mozilla/5.0 (Windows NT 10.0; Win64; x64) AppleWebKit/537.36 (KHTML, like Gecko) Chrome/143.0.0.0 Safari/537.36"
49.249.93.58 - - [09/Jan/2026:20:45:29 +0800] "GET /wp-includes/js/dist/hooks.min.js?ver=dd5603f07f9220ed27f1 HTTP/1.1" 200 1941 "https://nutritaste.com.au/" "Mozilla/5.0 (Windows NT 10.0; Win64; x64) AppleWebKit/537.36 (KHTML, like Gecko) Chrome/143.0.0.0 Safari/537.36"
49.249.93.58 - - [09/Jan/2026:20:45:29 +0800] "GET /wp-includes/js/dist/i18n.min.js?ver=c26c3dc7bed366793375 HTTP/1.1" 200 2229 "https://nutritaste.com.au/" "Mozilla/5.0 (Windows NT 10.0; Win64; x64) AppleWebKit/537.36 (KHTML, like Gecko) Chrome/143.0.0.0 Safari/537.36"
49.249.93.58 - - [09/Jan/2026:20:45:29 +0800] "GET /wp-content/plugins/elementor-pro/assets/js/frontend.min.js?ver=3.33.2 HTTP/1.1" 200 6434 "https://nutritaste.com.au/" "Mozilla/5.0 (Windows NT 10.0; Win64; x64) AppleWebKit/537.36 (KHTML, like Gecko) Chrome/143.0.0.0 Safari/537.36"
49.249.93.58 - - [09/Jan/2026:20:45:29 +0800] "GET /wp-content/plugins/elementor-pro/assets/js/elements-handlers.min.js?ver=3.33.2 HTTP/1.1" 200 10568 "https://nutritaste.com.au/" "Mozilla/5.0 (Windows NT 10.0; Win64; x64) AppleWebKit/537.36 (KHTML, like Gecko) Chrome/143.0.0.0 Safari/537.36"
49.249.93.58 - - [09/Jan/2026:20:45:30 +0800] "GET /wp-content/plugins/dethemekit-for-elementor/assets/js/de-sticky-frontend.js?ver=2.1.10 HTTP/1.1" 200 2077 "https://nutritaste.com.au/" "Mozilla/5.0 (Windows NT 10.0; Win64; x64) AppleWebKit/537.36 (KHTML, like Gecko) Chrome/143.0.0.0 Safari/537.36"
49.249.93.58 - - [09/Jan/2026:20:45:30 +0800] "GET /wp-content/plugins/dethemekit-for-elementor/assets/js/de-active-icon-box.js?ver=2.1.10 HTTP/1.1" 200 751 "https://nutritaste.com.au/" "Mozilla/5.0 (Windows NT 10.0; Win64; x64) AppleWebKit/537.36 (KHTML, like Gecko) Chrome/143.0.0.0 Safari/537.36"
49.249.93.58 - - [09/Jan/2026:20:45:30 +0800] "GET /wp-content/plugins/dethemekit-for-elementor/assets/js/de-active-column.js?ver=2.1.10 HTTP/1.1" 200 812 "https://nutritaste.com.au/" "Mozilla/5.0 (Windows NT 10.0; Win64; x64) AppleWebKit/537.36 (KHTML, like Gecko) Chrome/143.0.0.0 Safari/537.36"
49.249.93.58 - - [09/Jan/2026:20:45:30 +0800] "GET /wp-content/plugins/elementskit-lite/widgets/init/assets/js/animate-circle.min.js?ver=3.7.7 HTTP/1.1" 200 451 "https://nutritaste.com.au/" "Mozilla/5.0 (Windows NT 10.0; Win64; x64) AppleWebKit/537.36 (KHTML, like Gecko) Chrome/143.0.0.0 Safari/537.36"
49.249.93.58 - - [09/Jan/2026:20:45:30 +0800] "GET /wp-content/plugins/elementskit-lite/widgets/init/assets/js/elementor.js?ver=3.7.7 HTTP/1.1" 200 5998 "https://nutritaste.com.au/" "Mozilla/5.0 (Windows NT 10.0; Win64; x64) AppleWebKit/537.36 (KHTML, like Gecko) Chrome/143.0.0.0 Safari/537.36"
49.249.93.58 - - [09/Jan/2026:20:45:30 +0800] "GET /wp-content/plugins/dethemekit-for-elementor/includes/ext/sina/assets/js/anime.min.js?ver=6.9 HTTP/1.1" 200 7133 "https://nutritaste.com.au/" "Mozilla/5.0 (Windows NT 10.0; Win64; x64) AppleWebKit/537.36 (KHTML, like Gecko) Chrome/143.0.0.0 Safari/537.36"
49.249.93.58 - - [09/Jan/2026:20:45:30 +0800] "GET /wp-content/plugins/dethemekit-for-elementor/includes/ext/sina/assets/js/scrollMonitor.js?ver=6.9 HTTP/1.1" 200 2547 "https://nutritaste.com.au/" "Mozilla/5.0 (Windows NT 10.0; Win64; x64) AppleWebKit/537.36 (KHTML, like Gecko) Chrome/143.0.0.0 Safari/537.36"
49.249.93.58 - - [09/Jan/2026:20:45:30 +0800] "GET /wp-content/plugins/dethemekit-for-elementor/includes/ext/sina/assets/js/de_scroll_animation.preview.js?ver=6.9 HTTP/1.1" 200 2989 "https://nutritaste.com.au/" "Mozilla/5.0 (Windows NT 10.0; Win64; x64) AppleWebKit/537.36 (KHTML, like Gecko) Chrome/143.0.0.0 Safari/537.36"
49.249.93.58 - - [09/Jan/2026:20:45:30 +0800] "GET /wp-content/plugins/dethemekit-for-elementor/includes/ext/sina/assets/js/intersectionobserver.js?ver=6.9 HTTP/1.1" 200 6555 "https://nutritaste.com.au/" "Mozilla/5.0 (Windows NT 10.0; Win64; x64) AppleWebKit/537.36 (KHTML, like Gecko) Chrome/143.0.0.0 Safari/537.36"
49.249.93.58 - - [09/Jan/2026:20:45:30 +0800] "GET /wp-content/plugins/metform-pro/public/assets/js/repeater.js?ver=3.9.1 HTTP/1.1" 200 1369 "https://nutritaste.com.au/" "Mozilla/5.0 (Windows NT 10.0; Win64; x64) AppleWebKit/537.36 (KHTML, like Gecko) Chrome/143.0.0.0 Safari/537.36"
49.249.93.58 - - [09/Jan/2026:20:45:30 +0800] "GET /wp-content/plugins/dethemekit-for-elementor/includes/ext/sina/assets/js/letter/charming.min.js?ver=6.9 HTTP/1.1" 200 354 "https://nutritaste.com.au/" "Mozilla/5.0 (Windows NT 10.0; Win64; x64) AppleWebKit/537.36 (KHTML, like Gecko) Chrome/143.0.0.0 Safari/537.36"
49.249.93.58 - - [09/Jan/2026:20:45:30 +0800] "GET /wp-content/plugins/dethemekit-for-elementor/includes/ext/sina/assets/js/letter/lineMaker.js?ver=6.9 HTTP/1.1" 200 2517 "https://nutritaste.com.au/" "Mozilla/5.0 (Windows NT 10.0; Win64; x64) AppleWebKit/537.36 (KHTML, like Gecko) Chrome/143.0.0.0 Safari/537.36"
49.249.93.58 - - [09/Jan/2026:20:45:30 +0800] "GET /wp-content/plugins/dethemekit-for-elementor/includes/ext/sina/assets/js/letter/imagesloaded.pkgd.min.js?ver=6.9 HTTP/1.1" 200 1765 "https://nutritaste.com.au/" "Mozilla/5.0 (Windows NT 10.0; Win64; x64) AppleWebKit/537.36 (KHTML, like Gecko) Chrome/143.0.0.0 Safari/537.36"
49.249.93.58 - - [09/Jan/2026:20:45:30 +0800] "GET /wp-content/plugins/dethemekit-for-elementor/includes/ext/sina/assets/js/letter/textfx.js?ver=6.9 HTTP/1.1" 200 2393 "https://nutritaste.com.au/" "Mozilla/5.0 (Windows NT 10.0; Win64; x64) AppleWebKit/537.36 (KHTML, like Gecko) Chrome/143.0.0.0 Safari/537.36"
49.249.93.58 - - [09/Jan/2026:20:45:31 +0800] "GET /wp-content/plugins/dethemekit-for-elementor/includes/ext/sina/assets/js/de_staggering/de_staggering.js?ver=6.9 HTTP/1.1" 200 2626 "https://nutritaste.com.au/" "Mozilla/5.0 (Windows NT 10.0; Win64; x64) AppleWebKit/537.36 (KHTML, like Gecko) Chrome/143.0.0.0 Safari/537.36"
49.249.93.58 - - [09/Jan/2026:20:45:31 +0800] "GET /wp-content/plugins/dethemekit-for-elementor/includes/ext/sina/assets/js/main.js?ver=6.9 HTTP/1.1" 200 2292 "https://nutritaste.com.au/" "Mozilla/5.0 (Windows NT 10.0; Win64; x64) AppleWebKit/537.36 (KHTML, like Gecko) Chrome/143.0.0.0 Safari/537.36"
49.249.93.58 - - [09/Jan/2026:20:45:31 +0800] "GET /wp-content/plugins/dethemekit-for-elementor/includes/ext/sina/assets/js/de_reveal_animation.preview.js?ver=6.9 HTTP/1.1" 200 7133 "https://nutritaste.com.au/" "Mozilla/5.0 (Windows NT 10.0; Win64; x64) AppleWebKit/537.36 (KHTML, like Gecko) Chrome/143.0.0.0 Safari/537.36"
49.249.93.58 - - [09/Jan/2026:20:45:28 +0800] "GET /wp-content/plugins/jeg-elementor-kit/assets/fonts/jkiticon/jkiticon.woff2?bv8d8l HTTP/1.1" 200 400162 "https://nutritaste.com.au/wp-content/plugins/jeg-elementor-kit/assets/fonts/jkiticon/jkiticon.css?ver=3.0.1" "Mozilla/5.0 (Windows NT 10.0; Win64; x64) AppleWebKit/537.36 (KHTML, like Gecko) Chrome/143.0.0.0 Safari/537.36"
49.249.93.58 - - [09/Jan/2026:20:45:31 +0800] "GET /wp-content/uploads/2025/02/19366-1.jpg HTTP/1.1" 200 142700 "https://nutritaste.com.au/wp-content/uploads/elementor/css/post-240.css?ver=1765449559" "Mozilla/5.0 (Windows NT 10.0; Win64; x64) AppleWebKit/537.36 (KHTML, like Gecko) Chrome/143.0.0.0 Safari/537.36"
49.249.93.58 - - [09/Jan/2026:20:45:31 +0800] "GET /wp-content/plugins/elementor/assets/js/text-editor.45609661e409413f1cef.bundle.min.js HTTP/1.1" 200 648 "https://nutritaste.com.au/" "Mozilla/5.0 (Windows NT 10.0; Win64; x64) AppleWebKit/537.36 (KHTML, like Gecko) Chrome/143.0.0.0 Safari/537.36"
49.249.93.58 - - [09/Jan/2026:20:45:32 +0800] "GET /wp-content/uploads/elementor/google-fonts/fonts/roboto-kfo5cnqeu92fr1mu53zec9_vu3r1gihoszmkbnka.woff2 HTTP/1.1" 200 44220 "https://nutritaste.com.au/wp-content/uploads/elementor/google-fonts/css/roboto.css?ver=1749610262" "Mozilla/5.0 (Windows NT 10.0; Win64; x64) AppleWebKit/537.36 (KHTML, like Gecko) Chrome/143.0.0.0 Safari/537.36"
49.249.93.58 - - [09/Jan/2026:20:45:32 +0800] "GET /wp-content/plugins/elementor/assets/js/shared-frontend-handlers.03caa53373b56d3bab67.bundle.min.js HTTP/1.1" 200 2644 "https://nutritaste.com.au/" "Mozilla/5.0 (Windows NT 10.0; Win64; x64) AppleWebKit/537.36 (KHTML, like Gecko) Chrome/143.0.0.0 Safari/537.36"
49.249.93.58 - - [09/Jan/2026:20:45:32 +0800] "GET /wp-content/plugins/elementor/assets/js/section-frontend-handlers.d85ab872da118940910d.bundle.min.js HTTP/1.1" 200 269 "https://nutritaste.com.au/" "Mozilla/5.0 (Windows NT 10.0; Win64; x64) AppleWebKit/537.36 (KHTML, like Gecko) Chrome/143.0.0.0 Safari/537.36"
49.249.93.58 - - [09/Jan/2026:20:45:32 +0800] "GET /wp-content/uploads/elementor/google-fonts/fonts/ibmplexsans-zyxzkvelmyyaje8bplhncwdkr932-g7dytd-dmu1syxekyy.woff2 HTTP/1.1" 200 45594 "https://nutritaste.com.au/wp-content/uploads/elementor/google-fonts/css/ibmplexsans.css?ver=1749610296" "Mozilla/5.0 (Windows NT 10.0; Win64; x64) AppleWebKit/537.36 (KHTML, like Gecko) Chrome/143.0.0.0 Safari/537.36"
49.249.93.58 - - [09/Jan/2026:20:45:32 +0800] "GET /wp-includes/js/wp-emoji-release.min.js?ver=6.9 HTTP/1.1" 200 5375 "https://nutritaste.com.au/" "Mozilla/5.0 (Windows NT 10.0; Win64; x64) AppleWebKit/537.36 (KHTML, like Gecko) Chrome/143.0.0.0 Safari/537.36"
103.4.122.14 - - [09/Jan/2026:20:45:33 +0800] "POST /wp-cron.php?doing_wp_cron=1767962733.5566930770874023437500 HTTP/1.1" 200 - "-" "WordPress/6.9; https://nutritaste.com.au"
49.249.93.58 - - [09/Jan/2026:20:45:31 +0800] "POST /wp-json/metform/v1/forms/views/328 HTTP/1.1" 403 100 "https://nutritaste.com.au/" "Mozilla/5.0 (Windows NT 10.0; Win64; x64) AppleWebKit/537.36 (KHTML, like Gecko) Chrome/143.0.0.0 Safari/537.36"
49.249.93.58 - - [09/Jan/2026:20:45:36 +0800] "GET /wp-content/uploads/2025/03/cropped-NutriTaste-favicon2-32x32.png HTTP/1.1" 200 1243 "https://nutritaste.com.au/" "Mozilla/5.0 (Windows NT 10.0; Win64; x64) AppleWebKit/537.36 (KHTML, like Gecko) Chrome/143.0.0.0 Safari/537.36"
35.183.137.143 - - [09/Jan/2026:21:08:49 +0800] "GET / HTTP/1.1" 200 16720 "-" "Mozilla/5.0 (Windows NT 10.0; Win64; x64) AppleWebKit/537.36 (KHTML, like Gecko) Chrome/60.0.3112.113 Safari/537.36 Assetnote/1.0.0"
103.4.122.14 - - [09/Jan/2026:21:08:51 +0800] "POST /wp-cron.php?doing_wp_cron=1767964131.7163500785827636718750 HTTP/1.1" 200 - "-" "WordPress/6.9; https://nutritaste.com.au"
35.183.137.143 - - [09/Jan/2026:21:08:49 +0800] "HEAD /apps HTTP/1.1" 404 - "-" "Mozilla/5.0 (Windows NT 10.0; Win64; x64) AppleWebKit/537.36 (KHTML, like Gecko) Chrome/60.0.3112.113 Safari/537.36 Assetnote/1.0.0"
35.183.137.143 - - [09/Jan/2026:21:08:52 +0800] "HEAD /api/action HTTP/1.1" 404 - "-" "Mozilla/5.0 (Windows NT 10.0; Win64; x64) AppleWebKit/537.36 (KHTML, like Gecko) Chrome/60.0.3112.113 Safari/537.36 Assetnote/1.0.0"
103.4.122.14 - - [09/Jan/2026:21:08:55 +0800] "POST /wp-cron.php?doing_wp_cron=1767964135.2996020317077636718750 HTTP/1.1" 200 - "-" "WordPress/6.9; https://nutritaste.com.au"
35.183.137.143 - - [09/Jan/2026:21:08:53 +0800] "HEAD /api/actions HTTP/1.1" 404 - "-" "Mozilla/5.0 (Windows NT 10.0; Win64; x64) AppleWebKit/537.36 (KHTML, like Gecko) Chrome/60.0.3112.113 Safari/537.36 Assetnote/1.0.0"
35.183.137.143 - - [09/Jan/2026:21:08:55 +0800] "HEAD /_next/data HTTP/1.1" 404 - "-" "Mozilla/5.0 (Windows NT 10.0; Win64; x64) AppleWebKit/537.36 (KHTML, like Gecko) Chrome/60.0.3112.113 Safari/537.36 Assetnote/1.0.0"
103.4.122.14 - - [09/Jan/2026:21:08:59 +0800] "POST /wp-cron.php?doing_wp_cron=1767964139.5793259143829345703125 HTTP/1.1" 200 - "-" "WordPress/6.9; https://nutritaste.com.au"
35.183.137.143 - - [09/Jan/2026:21:08:57 +0800] "POST / HTTP/1.1" 200 16319 "-" "Mozilla/5.0 (Windows NT 10.0; Win64; x64) AppleWebKit/537.36 (KHTML, like Gecko) Chrome/60.0.3112.113 Safari/537.36 Assetnote/1.0.0"
109.227.84.39 - - [09/Jan/2026:21:13:56 +0800] "GET / HTTP/1.1" 200 16720 "-" "BulkIndexabilityChecker/1.0"
103.4.122.14 - - [09/Jan/2026:21:45:19 +0800] "POST /wp-cron.php?doing_wp_cron=1767966319.4971570968627929687500 HTTP/1.1" 200 - "-" "WordPress/6.9; https://nutritaste.com.au"
35.243.165.31 - - [09/Jan/2026:21:45:16 +0800] "GET / HTTP/1.1" 301 - "-" "Mozilla/5.0 (compatible; CMS-Checker/1.0; +https://example.com)"
35.243.165.31 - - [09/Jan/2026:21:45:22 +0800] "GET / HTTP/1.1" 200 16720 "http://nutritaste.com.au" "Mozilla/5.0 (compatible; CMS-Checker/1.0; +https://example.com)"
103.4.122.14 - - [09/Jan/2026:21:51:15 +0800] "POST /wp-cron.php?doing_wp_cron=1767966675.8516039848327636718750 HTTP/1.1" 200 - "-" "WordPress/6.9; https://nutritaste.com.au"
34.74.242.101 - - [09/Jan/2026:21:51:14 +0800] "GET / HTTP/1.1" 301 - "-" "Mozilla/5.0 (compatible; CMS-Checker/1.0; +https://example.com)"
34.74.242.101 - - [09/Jan/2026:21:51:19 +0800] "GET / HTTP/1.1" 200 16720 "http://www.nutritaste.com.au" "Mozilla/5.0 (compatible; CMS-Checker/1.0; +https://example.com)"
103.4.122.14 - - [09/Jan/2026:21:51:20 +0800] "POST /wp-cron.php?doing_wp_cron=1767966680.1682860851287841796875 HTTP/1.1" 200 - "-" "WordPress/6.9; https://nutritaste.com.au"
103.4.122.14 - - [09/Jan/2026:21:51:18 +0800] "POST /wp-admin/admin-ajax.php HTTP/1.1" 200 21 "-" "WordPress/6.9; https://nutritaste.com.au"
103.4.122.14 - - [09/Jan/2026:21:51:53 +0800] "POST /wp-cron.php?doing_wp_cron=1767966713.5052289962768554687500 HTTP/1.1" 200 - "-" "WordPress/6.9; https://nutritaste.com.au"
142.44.220.168 - - [09/Jan/2026:21:51:51 +0800] "GET /robots.txt HTTP/1.1" 200 69 "-" "Mozilla/5.0 (compatible; AhrefsBot/7.0; +http://ahrefs.com/robot/)"
142.44.228.63 - - [09/Jan/2026:21:51:57 +0800] "GET / HTTP/1.1" 200 16720 "-" "Mozilla/5.0 (compatible; AhrefsBot/7.0; +http://ahrefs.com/robot/)"
103.4.122.14 - - [09/Jan/2026:22:16:38 +0800] "POST /wp-cron.php?doing_wp_cron=1767968198.7430651187896728515625 HTTP/1.1" 200 - "-" "WordPress/6.9; https://nutritaste.com.au"
138.246.253.24 - - [09/Jan/2026:22:16:37 +0800] "GET /robots.txt HTTP/1.1" 301 - "-" "Mozilla/5.0 (Windows NT 10.0; Win64; x64) AppleWebKit/537.36 (KHTML, like Gecko) Chrome/103.0.5060.134 Safari/537.36"
103.4.122.14 - - [09/Jan/2026:22:18:32 +0800] "POST /wp-cron.php?doing_wp_cron=1767968312.2485139369964599609375 HTTP/1.1" 200 - "-" "WordPress/6.9; https://nutritaste.com.au"
35.243.165.31 - - [09/Jan/2026:22:18:30 +0800] "GET / HTTP/1.1" 301 - "-" "Mozilla/5.0 (Windows NT 10.0; Win64; x64) AppleWebKit/537.36 (KHTML, like Gecko) Chrome/78.0.3904.108 Safari/537.36"
35.243.165.31 - - [09/Jan/2026:22:18:33 +0800] "GET / HTTP/1.1" 200 86984 "-" "Mozilla/5.0 (Windows NT 10.0; Win64; x64) AppleWebKit/537.36 (KHTML, like Gecko) Chrome/78.0.3904.108 Safari/537.36"
103.4.122.14 - - [09/Jan/2026:22:18:36 +0800] "POST /wp-cron.php?doing_wp_cron=1767968315.5570108890533447265625 HTTP/1.1" 200 - "-" "WordPress/6.9; https://nutritaste.com.au"
35.243.165.31 - - [09/Jan/2026:22:18:33 +0800] "GET //wp-includes/wlwmanifest.xml HTTP/1.1" 301 - "-" "Mozilla/5.0 (Windows NT 10.0; Win64; x64) AppleWebKit/537.36 (KHTML, like Gecko) Chrome/78.0.3904.108 Safari/537.36"
35.243.165.31 - - [09/Jan/2026:22:18:36 +0800] "GET //xmlrpc.php?rsd HTTP/1.1" 200 816 "-" "Mozilla/5.0 (Windows NT 10.0; Win64; x64) AppleWebKit/537.36 (KHTML, like Gecko) Chrome/78.0.3904.108 Safari/537.36"
35.243.165.31 - - [09/Jan/2026:22:18:38 +0800] "GET //?author=1 HTTP/1.1" 302 - "-" "Mozilla/5.0 (Windows NT 10.0; Win64; x64) AppleWebKit/537.36 (KHTML, like Gecko) Chrome/78.0.3904.108 Safari/537.36"
35.243.165.31 - - [09/Jan/2026:22:18:39 +0800] "GET //?author=2 HTTP/1.1" 302 - "-" "Mozilla/5.0 (Windows NT 10.0; Win64; x64) AppleWebKit/537.36 (KHTML, like Gecko) Chrome/78.0.3904.108 Safari/537.36"
35.243.165.31 - - [09/Jan/2026:22:18:39 +0800] "GET //wp-json/wp/v2/users/ HTTP/1.1" 403 199 "-" "Mozilla/5.0 (Windows NT 10.0; Win64; x64) AppleWebKit/537.36 (KHTML, like Gecko) Chrome/78.0.3904.108 Safari/537.36"
103.4.122.14 - - [09/Jan/2026:22:18:41 +0800] "POST /wp-cron.php?doing_wp_cron=1767968321.5978760719299316406250 HTTP/1.1" 200 - "-" "WordPress/6.9; https://nutritaste.com.au"
35.243.165.31 - - [09/Jan/2026:22:18:39 +0800] "GET //wp-json/oembed/1.0/embed?url=https://nutritaste.com.au/ HTTP/1.1" 200 2026 "-" "Mozilla/5.0 (Windows NT 10.0; Win64; x64) AppleWebKit/537.36 (KHTML, like Gecko) Chrome/78.0.3904.108 Safari/537.36"
35.243.165.31 - - [09/Jan/2026:22:18:42 +0800] "POST //xmlrpc.php HTTP/1.1" 503 18948 "-" "Mozilla/5.0 (Windows NT 10.0; Win64; x64) AppleWebKit/537.36 (KHTML, like Gecko) Chrome/78.0.3904.108 Safari/537.36"
103.4.122.14 - - [09/Jan/2026:22:20:43 +0800] "POST /wp-cron.php?doing_wp_cron=1767968443.5415990352630615234375 HTTP/1.1" 200 - "-" "WordPress/6.9; https://nutritaste.com.au"
34.74.242.101 - - [09/Jan/2026:22:20:41 +0800] "GET / HTTP/1.1" 301 - "-" "Mozilla/5.0 (Windows NT 10.0; Win64; x64) AppleWebKit/537.36 (KHTML, like Gecko) Chrome/78.0.3904.108 Safari/537.36"
34.74.242.101 - - [09/Jan/2026:22:20:44 +0800] "GET / HTTP/1.1" 200 86984 "-" "Mozilla/5.0 (Windows NT 10.0; Win64; x64) AppleWebKit/537.36 (KHTML, like Gecko) Chrome/78.0.3904.108 Safari/537.36"
103.4.122.14 - - [09/Jan/2026:22:20:47 +0800] "POST /wp-cron.php?doing_wp_cron=1767968447.0173370838165283203125 HTTP/1.1" 200 - "-" "WordPress/6.9; https://nutritaste.com.au"
34.74.242.101 - - [09/Jan/2026:22:20:45 +0800] "GET //wp-includes/wlwmanifest.xml HTTP/1.1" 301 - "-" "Mozilla/5.0 (Windows NT 10.0; Win64; x64) AppleWebKit/537.36 (KHTML, like Gecko) Chrome/78.0.3904.108 Safari/537.36"
34.74.242.101 - - [09/Jan/2026:22:20:47 +0800] "GET //xmlrpc.php?rsd HTTP/1.1" 200 816 "-" "Mozilla/5.0 (Windows NT 10.0; Win64; x64) AppleWebKit/537.36 (KHTML, like Gecko) Chrome/78.0.3904.108 Safari/537.36"
34.74.242.101 - - [09/Jan/2026:22:20:49 +0800] "GET //?author=1 HTTP/1.1" 302 - "-" "Mozilla/5.0 (Windows NT 10.0; Win64; x64) AppleWebKit/537.36 (KHTML, like Gecko) Chrome/78.0.3904.108 Safari/537.36"
34.74.242.101 - - [09/Jan/2026:22:20:50 +0800] "GET //?author=2 HTTP/1.1" 302 - "-" "Mozilla/5.0 (Windows NT 10.0; Win64; x64) AppleWebKit/537.36 (KHTML, like Gecko) Chrome/78.0.3904.108 Safari/537.36"
34.74.242.101 - - [09/Jan/2026:22:20:51 +0800] "GET //wp-json/wp/v2/users/ HTTP/1.1" 403 199 "-" "Mozilla/5.0 (Windows NT 10.0; Win64; x64) AppleWebKit/537.36 (KHTML, like Gecko) Chrome/78.0.3904.108 Safari/537.36"
103.4.122.14 - - [09/Jan/2026:22:20:52 +0800] "POST /wp-cron.php?doing_wp_cron=1767968452.8267619609832763671875 HTTP/1.1" 200 - "-" "WordPress/6.9; https://nutritaste.com.au"
34.74.242.101 - - [09/Jan/2026:22:20:51 +0800] "GET //wp-json/oembed/1.0/embed?url=https://nutritaste.com.au/ HTTP/1.1" 200 2026 "-" "Mozilla/5.0 (Windows NT 10.0; Win64; x64) AppleWebKit/537.36 (KHTML, like Gecko) Chrome/78.0.3904.108 Safari/537.36"
34.74.242.101 - - [09/Jan/2026:22:20:53 +0800] "POST //xmlrpc.php HTTP/1.1" 503 18948 "-" "Mozilla/5.0 (Windows NT 10.0; Win64; x64) AppleWebKit/537.36 (KHTML, like Gecko) Chrome/78.0.3904.108 Safari/537.36"
103.4.122.14 - - [09/Jan/2026:22:24:40 +0800] "POST /wp-cron.php?doing_wp_cron=1767968680.0485439300537109375000 HTTP/1.1" 200 - "-" "WordPress/6.9; https://nutritaste.com.au"
34.245.148.72 - - [09/Jan/2026:22:24:38 +0800] "GET / HTTP/1.0" 301 - "-" "Mozilla/5.0 (compatible; NetcraftSurveyAgent/1.0; +info@netcraft.com)"
103.4.122.14 - - [09/Jan/2026:22:54:38 +0800] "POST /wp-cron.php?doing_wp_cron=1767970478.3224680423736572265625 HTTP/1.1" 200 - "-" "WordPress/6.9; https://nutritaste.com.au"
136.158.79.147 - - [09/Jan/2026:22:54:35 +0800] "POST /xmlrpc.php HTTP/1.1" 503 18948 "-" "Mozilla/5.0 (Linux; Android 10; x86) AppleWebKit/537.36 (KHTML, like Gecko) Safari/12.0.0.0 Safari/537.36"
103.4.122.14 - - [09/Jan/2026:23:11:31 +0800] "POST /wp-cron.php?doing_wp_cron=1767971490.9853019714355468750000 HTTP/1.1" 200 - "-" "WordPress/6.9; https://nutritaste.com.au"
161.35.89.82 - - [09/Jan/2026:23:11:29 +0800] "GET /wp-login.php HTTP/1.1" 302 - "-" "Mozilla/5.0"
161.35.89.82 - - [09/Jan/2026:23:11:32 +0800] "GET /wp-login.php HTTP/1.1" 200 3203 "-" "Mozilla/5.0"
161.35.89.82 - - [09/Jan/2026:23:11:34 +0800] "GET /?author=1 HTTP/1.1" 302 - "-" "Mozilla/5.0"
161.35.89.82 - - [09/Jan/2026:23:11:34 +0800] "GET /?feed=rss2 HTTP/1.1" 301 - "-" "Mozilla/5.0"
103.4.122.14 - - [09/Jan/2026:23:11:35 +0800] "POST /wp-admin/admin-ajax.php HTTP/1.1" 200 21 "-" "WordPress/6.9; https://nutritaste.com.au"
103.4.122.14 - - [09/Jan/2026:23:11:38 +0800] "POST /wp-cron.php?doing_wp_cron=1767971497.8767030239105224609375 HTTP/1.1" 200 - "-" "WordPress/6.9; https://nutritaste.com.au"
161.35.89.82 - - [09/Jan/2026:23:11:36 +0800] "GET /feed/ HTTP/1.1" 200 512 "-" "Mozilla/5.0"
35.176.11.9 - - [09/Jan/2026:23:17:17 +0800] "GET /.git/config HTTP/1.1" 403 199 "-" "python-httpx/0.28.1"
35.176.11.9 - - [09/Jan/2026:23:17:18 +0800] "GET /.env HTTP/1.1" 403 199 "-" "python-httpx/0.28.1"
103.4.122.14 - - [09/Jan/2026:23:17:21 +0800] "POST /wp-cron.php?doing_wp_cron=1767971841.4426579475402832031250 HTTP/1.1" 200 - "-" "WordPress/6.9; https://nutritaste.com.au"
35.176.11.9 - - [09/Jan/2026:23:17:19 +0800] "GET /index.js HTTP/1.1" 404 10866 "-" "python-httpx/0.28.1"
35.176.11.9 - - [09/Jan/2026:23:17:22 +0800] "GET /backup.sql HTTP/1.1" 403 199 "-" "python-httpx/0.28.1"
35.176.11.9 - - [09/Jan/2026:23:17:23 +0800] "GET /debug.log HTTP/1.1" 403 199 "-" "python-httpx/0.28.1"
35.176.11.9 - - [09/Jan/2026:23:17:24 +0800] "GET /database.sql HTTP/1.1" 403 199 "-" "python-httpx/0.28.1"
35.176.11.9 - - [09/Jan/2026:23:17:25 +0800] "GET /storage/logs/laravel.log HTTP/1.1" 403 199 "-" "python-httpx/0.28.1"
103.4.122.14 - - [09/Jan/2026:23:17:28 +0800] "POST /wp-cron.php?doing_wp_cron=1767971848.8380138874053955078125 HTTP/1.1" 200 - "-" "WordPress/6.9; https://nutritaste.com.au"
35.176.11.9 - - [09/Jan/2026:23:17:27 +0800] "GET /auth.json HTTP/1.1" 404 10868 "-" "python-httpx/0.28.1"
35.176.11.9 - - [09/Jan/2026:23:17:30 +0800] "GET /music.js HTTP/1.1" 404 10868 "-" "python-httpx/0.28.1"
103.4.122.14 - - [09/Jan/2026:23:17:34 +0800] "POST /wp-cron.php?doing_wp_cron=1767971854.6569550037384033203125 HTTP/1.1" 200 - "-" "WordPress/6.9; https://nutritaste.com.au"
35.176.11.9 - - [09/Jan/2026:23:17:32 +0800] "GET /phpinfo HTTP/1.1" 404 10865 "-" "python-httpx/0.28.1"
35.176.11.9 - - [09/Jan/2026:23:17:35 +0800] "GET /_profiler/phpinfo HTTP/1.1" 404 10862 "-" "python-httpx/0.28.1"
35.176.11.9 - - [09/Jan/2026:23:17:38 +0800] "GET /dump.sql HTTP/1.1" 403 199 "-" "python-httpx/0.28.1"
103.4.122.14 - - [09/Jan/2026:23:17:41 +0800] "POST /wp-cron.php?doing_wp_cron=1767971861.3592109680175781250000 HTTP/1.1" 200 - "-" "WordPress/6.9; https://nutritaste.com.au"
35.176.11.9 - - [09/Jan/2026:23:17:39 +0800] "GET /YK_KZ_Base.js HTTP/1.1" 404 10872 "-" "python-httpx/0.28.1"
35.176.11.9 - - [09/Jan/2026:23:17:42 +0800] "GET /api/.env HTTP/1.1" 403 199 "-" "python-httpx/0.28.1"
35.176.11.9 - - [09/Jan/2026:23:17:43 +0800] "GET /log/error.log HTTP/1.1" 403 199 "-" "python-httpx/0.28.1"
35.176.11.9 - - [09/Jan/2026:23:17:44 +0800] "GET /backend/.env HTTP/1.1" 403 199 "-" "python-httpx/0.28.1"
103.4.122.14 - - [09/Jan/2026:23:17:47 +0800] "POST /wp-cron.php?doing_wp_cron=1767971867.3758161067962646484375 HTTP/1.1" 200 - "-" "WordPress/6.9; https://nutritaste.com.au"
35.176.11.9 - - [09/Jan/2026:23:17:45 +0800] "GET /main.js HTTP/1.1" 404 10867 "-" "python-httpx/0.28.1"
35.176.11.9 - - [09/Jan/2026:23:17:48 +0800] "GET /phpinfo.php HTTP/1.1" 404 10868 "-" "python-httpx/0.28.1"
103.4.122.14 - - [09/Jan/2026:23:17:53 +0800] "POST /wp-cron.php?doing_wp_cron=1767971873.0056760311126708984375 HTTP/1.1" 200 - "-" "WordPress/6.9; https://nutritaste.com.au"
35.176.11.9 - - [09/Jan/2026:23:17:51 +0800] "GET /js HTTP/1.1" 404 10863 "-" "python-httpx/0.28.1"
35.176.11.9 - - [09/Jan/2026:23:17:54 +0800] "GET /.env.local HTTP/1.1" 403 199 "-" "python-httpx/0.28.1"
103.4.122.14 - - [09/Jan/2026:23:17:56 +0800] "POST /wp-cron.php?doing_wp_cron=1767971876.9578709602355957031250 HTTP/1.1" 200 - "-" "WordPress/6.9; https://nutritaste.com.au"
35.176.11.9 - - [09/Jan/2026:23:17:55 +0800] "GET /info.php HTTP/1.1" 404 10866 "-" "python-httpx/0.28.1"
35.176.11.9 - - [09/Jan/2026:23:17:58 +0800] "GET /.env.production HTTP/1.1" 403 199 "-" "python-httpx/0.28.1"
35.176.11.9 - - [09/Jan/2026:23:17:59 +0800] "GET /admin/.env HTTP/1.1" 403 199 "-" "python-httpx/0.28.1"
35.176.11.9 - - [09/Jan/2026:23:18:00 +0800] "GET /core/.env HTTP/1.1" 403 199 "-" "python-httpx/0.28.1"
35.176.11.9 - - [09/Jan/2026:23:18:01 +0800] "GET /laravel/.env HTTP/1.1" 403 199 "-" "python-httpx/0.28.1"
103.4.122.14 - - [09/Jan/2026:23:18:04 +0800] "POST /wp-cron.php?doing_wp_cron=1767971884.0420520305633544921875 HTTP/1.1" 200 - "-" "WordPress/6.9; https://nutritaste.com.au"
35.176.11.9 - - [09/Jan/2026:23:18:02 +0800] "GET /test.php HTTP/1.1" 404 10867 "-" "python-httpx/0.28.1"
74.7.227.34 - - [10/Jan/2026:00:11:27 +0800] "GET / HTTP/1.1" 200 16720 "-" "Mozilla/5.0 AppleWebKit/537.36 (KHTML, like Gecko; compatible; GPTBot/1.3; +https://openai.com/gptbot)"
103.4.122.14 - - [10/Jan/2026:00:11:31 +0800] "POST /wp-cron.php?doing_wp_cron=1767975091.6338610649108886718750 HTTP/1.1" 200 - "-" "WordPress/6.9; https://nutritaste.com.au"
74.7.244.42 - - [10/Jan/2026:00:11:28 +0800] "GET /robots.txt HTTP/1.1" 200 69 "-" "Mozilla/5.0 (Macintosh; Intel Mac OS X 10_15_7) AppleWebKit/537.36 (KHTML, like Gecko) Chrome/131.0.0.0 Safari/537.36; compatible; OAI-SearchBot/1.3; robots.txt; +https://openai.com/searchbot"
103.4.122.14 - - [10/Jan/2026:00:11:40 +0800] "POST /wp-cron.php?doing_wp_cron=1767975100.2033510208129882812500 HTTP/1.1" 200 - "-" "WordPress/6.9; https://nutritaste.com.au"
103.4.122.14 - - [10/Jan/2026:00:11:38 +0800] "POST /wp-admin/admin-ajax.php HTTP/1.1" 200 21 "-" "WordPress/6.9; https://nutritaste.com.au"
103.4.122.14 - - [10/Jan/2026:00:21:33 +0800] "POST /wp-cron.php?doing_wp_cron=1767975693.1391410827636718750000 HTTP/1.1" 200 - "-" "WordPress/6.9; https://nutritaste.com.au"
136.117.140.60 - - [10/Jan/2026:00:21:30 +0800] "GET / HTTP/1.1" 301 - "-" "Mozilla/5.0 (compatible; CMS-Checker/1.0; +https://example.com)"
136.117.140.60 - - [10/Jan/2026:00:21:34 +0800] "GET / HTTP/1.1" 200 16720 "http://nutritaste.com.au" "Mozilla/5.0 (compatible; CMS-Checker/1.0; +https://example.com)"
103.4.122.14 - - [10/Jan/2026:00:36:20 +0800] "POST /wp-cron.php?doing_wp_cron=1767976580.1386721134185791015625 HTTP/1.1" 200 - "-" "WordPress/6.9; https://nutritaste.com.au"
74.7.241.51 - - [10/Jan/2026:00:36:17 +0800] "GET / HTTP/1.1" 301 - "-" "Mozilla/5.0 AppleWebKit/537.36 (KHTML, like Gecko; compatible; GPTBot/1.3; +https://openai.com/gptbot)"
74.7.175.169 - - [10/Jan/2026:00:36:19 +0800] "GET /robots.txt HTTP/1.1" 301 - "-" "Mozilla/5.0 (Macintosh; Intel Mac OS X 10_15_7) AppleWebKit/537.36 (KHTML, like Gecko) Chrome/131.0.0.0 Safari/537.36; compatible; OAI-SearchBot/1.3; robots.txt; +https://openai.com/searchbot"
74.7.175.169 - - [10/Jan/2026:00:36:21 +0800] "GET /robots.txt HTTP/1.1" 200 69 "https://www.nutritaste.com.au/robots.txt" "Mozilla/5.0 (Macintosh; Intel Mac OS X 10_15_7) AppleWebKit/537.36 (KHTML, like Gecko) Chrome/131.0.0.0 Safari/537.36; compatible; OAI-SearchBot/1.3; robots.txt; +https://openai.com/searchbot"
103.4.122.14 - - [10/Jan/2026:00:38:56 +0800] "POST /wp-cron.php?doing_wp_cron=1767976736.5124039649963378906250 HTTP/1.1" 200 - "-" "WordPress/6.9; https://nutritaste.com.au"
104.196.43.14 - - [10/Jan/2026:00:38:50 +0800] "GET / HTTP/1.1" 301 - "-" "Mozilla/5.0 (compatible; CMS-Checker/1.0; +https://example.com)"
103.4.122.14 - - [10/Jan/2026:01:23:47 +0800] "POST /wp-cron.php?doing_wp_cron=1767979427.6450979709625244140625 HTTP/1.1" 200 - "-" "WordPress/6.9; https://nutritaste.com.au"
136.117.140.60 - - [10/Jan/2026:01:23:45 +0800] "GET / HTTP/1.1" 301 - "-" "Mozilla/5.0 (Windows NT 10.0; Win64; x64) AppleWebKit/537.36 (KHTML, like Gecko) Chrome/78.0.3904.108 Safari/537.36"
136.117.140.60 - - [10/Jan/2026:01:23:48 +0800] "GET / HTTP/1.1" 200 86984 "-" "Mozilla/5.0 (Windows NT 10.0; Win64; x64) AppleWebKit/537.36 (KHTML, like Gecko) Chrome/78.0.3904.108 Safari/537.36"
136.117.140.60 - - [10/Jan/2026:01:23:49 +0800] "GET //wp-includes/wlwmanifest.xml HTTP/1.1" 301 - "-" "Mozilla/5.0 (Windows NT 10.0; Win64; x64) AppleWebKit/537.36 (KHTML, like Gecko) Chrome/78.0.3904.108 Safari/537.36"
136.117.140.60 - - [10/Jan/2026:01:23:50 +0800] "GET //xmlrpc.php?rsd HTTP/1.1" 200 816 "-" "Mozilla/5.0 (Windows NT 10.0; Win64; x64) AppleWebKit/537.36 (KHTML, like Gecko) Chrome/78.0.3904.108 Safari/537.36"
103.4.122.14 - - [10/Jan/2026:01:23:52 +0800] "POST /wp-cron.php?doing_wp_cron=1767979432.1780350208282470703125 HTTP/1.1" 200 - "-" "WordPress/6.9; https://nutritaste.com.au"
103.4.122.14 - - [10/Jan/2026:01:23:50 +0800] "POST /wp-admin/admin-ajax.php HTTP/1.1" 200 21 "-" "WordPress/6.9; https://nutritaste.com.au"
136.117.140.60 - - [10/Jan/2026:01:23:52 +0800] "GET //?author=1 HTTP/1.1" 302 - "-" "Mozilla/5.0 (Windows NT 10.0; Win64; x64) AppleWebKit/537.36 (KHTML, like Gecko) Chrome/78.0.3904.108 Safari/537.36"
136.117.140.60 - - [10/Jan/2026:01:23:52 +0800] "GET //?author=2 HTTP/1.1" 302 - "-" "Mozilla/5.0 (Windows NT 10.0; Win64; x64) AppleWebKit/537.36 (KHTML, like Gecko) Chrome/78.0.3904.108 Safari/537.36"
136.117.140.60 - - [10/Jan/2026:01:23:53 +0800] "GET //wp-json/wp/v2/users/ HTTP/1.1" 403 199 "-" "Mozilla/5.0 (Windows NT 10.0; Win64; x64) AppleWebKit/537.36 (KHTML, like Gecko) Chrome/78.0.3904.108 Safari/537.36"
103.4.122.14 - - [10/Jan/2026:01:23:55 +0800] "POST /wp-cron.php?doing_wp_cron=1767979435.4716761112213134765625 HTTP/1.1" 200 - "-" "WordPress/6.9; https://nutritaste.com.au"
136.117.140.60 - - [10/Jan/2026:01:23:53 +0800] "GET //wp-json/oembed/1.0/embed?url=https://nutritaste.com.au/ HTTP/1.1" 200 2026 "-" "Mozilla/5.0 (Windows NT 10.0; Win64; x64) AppleWebKit/537.36 (KHTML, like Gecko) Chrome/78.0.3904.108 Safari/537.36"
136.117.140.60 - - [10/Jan/2026:01:23:55 +0800] "POST //xmlrpc.php HTTP/1.1" 503 18948 "-" "Mozilla/5.0 (Windows NT 10.0; Win64; x64) AppleWebKit/537.36 (KHTML, like Gecko) Chrome/78.0.3904.108 Safari/537.36"
103.4.122.14 - - [10/Jan/2026:01:41:57 +0800] "POST /wp-cron.php?doing_wp_cron=1767980517.3764150142669677734375 HTTP/1.1" 200 - "-" "WordPress/6.9; https://nutritaste.com.au"
4.214.32.32 - - [10/Jan/2026:01:41:55 +0800] "GET /.tresh/index.php HTTP/1.1" 301 - "https://www.yahoo.com/" "Mozilla/5.0 (Linux; Android 14; Pixel 8 Pro) AppleWebKit/537.36 (KHTML, like Gecko) Chrome/119.0.0.0 Mobile Safari/537.36"
4.214.32.32 - - [10/Jan/2026:01:41:57 +0800] "GET /.tresh/ HTTP/1.1" 404 52505 "https://www.yahoo.com/" "Mozilla/5.0 (Linux; Android 14; Pixel 8 Pro) AppleWebKit/537.36 (KHTML, like Gecko) Chrome/119.0.0.0 Mobile Safari/537.36"
103.4.122.14 - - [10/Jan/2026:01:42:02 +0800] "POST /wp-cron.php?doing_wp_cron=1767980522.1866788864135742187500 HTTP/1.1" 200 - "-" "WordPress/6.9; https://nutritaste.com.au"
4.214.32.32 - - [10/Jan/2026:01:42:00 +0800] "GET /.well-known/ HTTP/1.1" 404 52510 "https://duckduckgo.com/" "Mozilla/5.0 (iPhone; CPU iPhone OS 17_0_3 like Mac OS X) AppleWebKit/605.1.15 (KHTML, like Gecko) Version/17.0.1 Mobile/15E148 Safari/604.1"
4.214.32.32 - - [10/Jan/2026:01:42:02 +0800] "GET /.well-known/acme-challenge/index.php HTTP/1.1" 404 16 "https://duckduckgo.com/" "Mozilla/5.0 (iPhone; CPU iPhone OS 17_0_3 like Mac OS X) AppleWebKit/605.1.15 (KHTML, like Gecko) Version/17.0.1 Mobile/15E148 Safari/604.1"
4.214.32.32 - - [10/Jan/2026:01:42:02 +0800] "GET /.well-known/error.php HTTP/1.1" 404 52507 "https://www.google.com/" "Mozilla/5.0 (Linux; Android 10; K) AppleWebKit/537.36 (KHTML, like Gecko) Chrome/117.0.0.0 Mobile Safari/537.36"
103.4.122.14 - - [10/Jan/2026:01:42:06 +0800] "POST /wp-cron.php?doing_wp_cron=1767980526.4318449497222900390625 HTTP/1.1" 200 - "-" "WordPress/6.9; https://nutritaste.com.au"
4.214.32.32 - - [10/Jan/2026:01:42:04 +0800] "GET /.well-known/gecko-litespeed.php HTTP/1.1" 404 52527 "https://www.google.fr/" "Mozilla/5.0 (Linux; Android 13; SM-S908E) AppleWebKit/537.36 (KHTML, like Gecko) Chrome/116.0.0.0 Mobile Safari/537.36"
4.214.32.32 - - [10/Jan/2026:01:42:06 +0800] "GET //wp-includes/fonts/ HTTP/1.1" 403 199 "https://www.google.co.uk/" "Mozilla/5.0 (Linux; Android 13; SM-S908E) AppleWebKit/537.36 (KHTML, like Gecko) Chrome/116.0.0.0 Mobile Safari/537.36"
4.214.32.32 - - [10/Jan/2026:01:42:06 +0800] "GET /ALFA_DATA/alfacgiapi/ HTTP/1.1" 404 52509 "https://www.google.fr/" "Mozilla/5.0 (iPhone; CPU iPhone OS 15_7_9 like Mac OS X) AppleWebKit/605.1.15 (KHTML, like Gecko) Version/15.6.5 Mobile/15E148 Safari/604.1"
103.4.122.14 - - [10/Jan/2026:01:42:10 +0800] "POST /wp-cron.php?doing_wp_cron=1767980530.4910049438476562500000 HTTP/1.1" 200 - "-" "WordPress/6.9; https://nutritaste.com.au"
4.214.32.32 - - [10/Jan/2026:01:42:08 +0800] "GET /about/function.php HTTP/1.1" 404 52513 "https://www.yahoo.com/" "Mozilla/5.0 (iPhone; CPU iPhone OS 16_6_1 like Mac OS X) AppleWebKit/605.1.15 (KHTML, like Gecko) Version/16.6 Mobile/15E148 Safari/604.1"
4.214.32.32 - - [10/Jan/2026:01:42:11 +0800] "GET /admin/controller/extension/extension/ HTTP/1.1" 404 52492 "https://www.yahoo.com/" "Mozilla/5.0 (iPhone; CPU iPhone OS 15_7_9 like Mac OS X) AppleWebKit/605.1.15 (KHTML, like Gecko) Version/15.6.5 Mobile/15E148 Safari/604.1"
103.4.122.14 - - [10/Jan/2026:01:42:15 +0800] "POST /wp-cron.php?doing_wp_cron=1767980535.1527199745178222656250 HTTP/1.1" 200 - "-" "WordPress/6.9; https://nutritaste.com.au"
4.214.32.32 - - [10/Jan/2026:01:42:13 +0800] "GET /admin/controller/extension/extension/ultra.php HTTP/1.1" 404 52492 "https://www.google.com/" "Mozilla/5.0 (Linux; Android 10; K) AppleWebKit/537.36 (KHTML, like Gecko) Chrome/117.0.0.0 Mobile Safari/537.36"
4.214.32.32 - - [10/Jan/2026:01:42:15 +0800] "GET /admin/controller/extension/extension/vx.php HTTP/1.1" 404 52492 "https://www.google.de/" "Mozilla/5.0 (Linux; Android 11; 21081111RG) AppleWebKit/537.36 (KHTML, like Gecko) Chrome/116.0.0.0 Mobile Safari/537.36"
103.4.122.14 - - [10/Jan/2026:01:42:18 +0800] "POST /wp-cron.php?doing_wp_cron=1767980538.8822300434112548828125 HTTP/1.1" 200 - "-" "WordPress/6.9; https://nutritaste.com.au"
4.214.32.32 - - [10/Jan/2026:01:42:17 +0800] "GET /admin/function.php HTTP/1.1" 404 52513 "https://www.google.de/" "Mozilla/5.0 (Linux; Android 13; SM-G991U) AppleWebKit/537.36 (KHTML, like Gecko) Chrome/117.0.0.0 Mobile Safari/537.36"
103.4.122.14 - - [10/Jan/2026:01:42:22 +0800] "POST /wp-cron.php?doing_wp_cron=1767980542.1068260669708251953125 HTTP/1.1" 200 - "-" "WordPress/6.9; https://nutritaste.com.au"
4.214.32.32 - - [10/Jan/2026:01:42:20 +0800] "GET /adminfuns.php/.well-known/acme-challenge/file.php HTTP/1.1" 404 52492 "https://duckduckgo.com/" "Mozilla/5.0 (iPhone; CPU iPhone OS 16_0 like Mac OS X) AppleWebKit/605.1.15 (KHTML, like Gecko) FxiOS/118.0 Mobile/15E148 Safari/605.1.15"
4.214.32.32 - - [10/Jan/2026:01:42:22 +0800] "GET /assets/ HTTP/1.1" 404 52506 "https://www.google.de/" "Mozilla/5.0 (iPad; CPU OS 17_0_3 like Mac OS X) AppleWebKit/605.1.15 (KHTML, like Gecko) Version/17.0.1 Mobile/15E148 Safari/604.1"
103.4.122.14 - - [10/Jan/2026:01:42:25 +0800] "POST /wp-cron.php?doing_wp_cron=1767980545.8550920486450195312500 HTTP/1.1" 200 - "-" "WordPress/6.9; https://nutritaste.com.au"
4.214.32.32 - - [10/Jan/2026:01:42:24 +0800] "GET /assets/images/ HTTP/1.1" 404 52501 "https://www.google.de/" "Mozilla/5.g (Linux; Android 13; Pixel 7) AppleWebKit/537.36 (KHTML, like Gecko) Chrome/116.0.0.0 Mobile Safari/537.36"
4.214.32.32 - - [10/Jan/2026:01:42:26 +0800] "GET /assets/vx.php HTTP/1.1" 404 52501 "https://www.google.de/" "Mozilla/5.0 (iPhone; CPU iPhone OS 16_6_1 like Mac OS X) AppleWebKit/605.1.15 (KHTML, like Gecko) Version/16.6 Mobile/15E148 Safari/604.1"
103.4.122.14 - - [10/Jan/2026:01:42:29 +0800] "POST /wp-cron.php?doing_wp_cron=1767980549.7758760452270507812500 HTTP/1.1" 200 - "-" "WordPress/6.9; https://nutritaste.com.au"
4.214.32.32 - - [10/Jan/2026:01:42:28 +0800] "GET /autoload_classmap/function.php HTTP/1.1" 404 52513 "https://www.bing.com/" "Mozilla/5.0 (iPhone; CPU iPhone OS 16_0 like Mac OS X) AppleWebKit/605.1.15 (KHTML, like Gecko) FxiOS/118.0 Mobile/15E148 Safari/605.1.15"
4.214.32.32 - - [10/Jan/2026:01:42:29 +0800] "GET /bk/index.php HTTP/1.1" 301 - "https://www.yahoo.com/" "Mozilla/5.0 (Linux; Android 12; SM-A525F) AppleWebKit/537.36 (KHTML, like Gecko) Chrome/117.0.0.0 Mobile Safari/537.36"
103.4.122.14 - - [10/Jan/2026:01:42:33 +0800] "POST /wp-cron.php?doing_wp_cron=1767980553.1978271007537841796875 HTTP/1.1" 200 - "-" "WordPress/6.9; https://nutritaste.com.au"
4.214.32.32 - - [10/Jan/2026:01:42:31 +0800] "GET /bk/ HTTP/1.1" 404 52502 "https://www.yahoo.com/" "Mozilla/5.0 (Linux; Android 12; SM-A525F) AppleWebKit/537.36 (KHTML, like Gecko) Chrome/117.0.0.0 Mobile Safari/537.36"
4.214.32.32 - - [10/Jan/2026:01:42:33 +0800] "GET /cgi-bin/ HTTP/1.1" 404 52507 "https://www.yahoo.com/" "Mozilla/5.0 (Linux; Android 11; CPH2251) AppleWebKit/537.36 (KHTML, like Gecko) Chrome/116.0.0.0 Mobile Safari/537.36"
103.4.122.14 - - [10/Jan/2026:01:42:37 +0800] "POST /wp-cron.php?doing_wp_cron=1767980556.9842770099639892578125 HTTP/1.1" 200 - "-" "WordPress/6.9; https://nutritaste.com.au"
4.214.32.32 - - [10/Jan/2026:01:42:35 +0800] "GET /css/admin.php HTTP/1.1" 404 52507 "https://www.google.com/" "Mozilla/5.0 (Linux; Android 11; CPH2251) AppleWebKit/537.36 (KHTML, like Gecko) Chrome/116.0.0.0 Mobile Safari/537.36"
4.214.32.32 - - [10/Jan/2026:01:42:37 +0800] "GET /css/index.php HTTP/1.1" 301 - "https://www.google.fr/" "Mozilla/5.0 (Linux; Android 12; 2201116SG) AppleWebKit/537.36 (KHTML, like Gecko) Chrome/116.0.0.0 Mobile Safari/537.36"
103.4.122.14 - - [10/Jan/2026:01:42:40 +0800] "POST /wp-cron.php?doing_wp_cron=1767980560.4367001056671142578125 HTTP/1.1" 200 - "-" "WordPress/6.9; https://nutritaste.com.au"
