3.107.198.234 - - [14/Jan/2026:19:43:04 +0800] "GET /music.js HTTP/1.1" 404 10867 "-" "python-httpx/0.28.1"
3.107.198.234 - - [14/Jan/2026:19:43:06 +0800] "GET /phpinfo HTTP/1.1" 404 10864 "-" "python-httpx/0.28.1"
103.4.122.14 - - [14/Jan/2026:19:43:10 +0800] "POST /wp-cron.php?doing_wp_cron=1768390990.0852510929107666015625 HTTP/1.1" 200 - "-" "WordPress/6.9; https://nutritaste.com.au"
3.107.198.234 - - [14/Jan/2026:19:43:08 +0800] "GET /_profiler/phpinfo HTTP/1.1" 404 10862 "-" "python-httpx/0.28.1"
3.107.198.234 - - [14/Jan/2026:19:43:10 +0800] "GET /dump.sql HTTP/1.1" 403 199 "-" "python-httpx/0.28.1"
3.107.198.234 - - [14/Jan/2026:19:43:10 +0800] "GET /YK_KZ_Base.js HTTP/1.1" 404 10871 "-" "python-httpx/0.28.1"
3.107.198.234 - - [14/Jan/2026:19:43:12 +0800] "GET /api/.env HTTP/1.1" 403 199 "-" "python-httpx/0.28.1"
3.107.198.234 - - [14/Jan/2026:19:43:12 +0800] "GET /log/error.log HTTP/1.1" 403 199 "-" "python-httpx/0.28.1"
3.107.198.234 - - [14/Jan/2026:19:43:12 +0800] "GET /backend/.env HTTP/1.1" 403 199 "-" "python-httpx/0.28.1"
103.4.122.14 - - [14/Jan/2026:19:43:14 +0800] "POST /wp-cron.php?doing_wp_cron=1768390994.1397819519042968750000 HTTP/1.1" 200 - "-" "WordPress/6.9; https://nutritaste.com.au"
3.107.198.234 - - [14/Jan/2026:19:43:12 +0800] "GET /main.js HTTP/1.1" 404 10867 "-" "python-httpx/0.28.1"
3.107.198.234 - - [14/Jan/2026:19:43:14 +0800] "GET /phpinfo.php HTTP/1.1" 404 10867 "-" "python-httpx/0.28.1"
103.4.122.14 - - [14/Jan/2026:19:43:18 +0800] "POST /wp-cron.php?doing_wp_cron=1768390998.0270309448242187500000 HTTP/1.1" 200 - "-" "WordPress/6.9; https://nutritaste.com.au"
3.107.198.234 - - [14/Jan/2026:19:43:16 +0800] "GET /js HTTP/1.1" 404 10863 "-" "python-httpx/0.28.1"
3.107.198.234 - - [14/Jan/2026:19:43:18 +0800] "GET /.env.local HTTP/1.1" 403 199 "-" "python-httpx/0.28.1"
3.107.198.234 - - [14/Jan/2026:19:43:18 +0800] "GET /info.php HTTP/1.1" 404 10865 "-" "python-httpx/0.28.1"
3.107.198.234 - - [14/Jan/2026:19:43:20 +0800] "GET /.env.production HTTP/1.1" 403 199 "-" "python-httpx/0.28.1"
3.107.198.234 - - [14/Jan/2026:19:43:20 +0800] "GET /admin/.env HTTP/1.1" 403 199 "-" "python-httpx/0.28.1"
3.107.198.234 - - [14/Jan/2026:19:43:20 +0800] "GET /core/.env HTTP/1.1" 403 199 "-" "python-httpx/0.28.1"
3.107.198.234 - - [14/Jan/2026:19:43:20 +0800] "GET /laravel/.env HTTP/1.1" 403 199 "-" "python-httpx/0.28.1"
103.4.122.14 - - [14/Jan/2026:19:43:22 +0800] "POST /wp-cron.php?doing_wp_cron=1768391002.1668119430541992187500 HTTP/1.1" 200 - "-" "WordPress/6.9; https://nutritaste.com.au"
3.107.198.234 - - [14/Jan/2026:19:43:22 +0800] "GET /config/.env HTTP/1.1" 403 199 "-" "python-httpx/0.28.1"
3.107.198.234 - - [14/Jan/2026:19:43:22 +0800] "GET /app/.env HTTP/1.1" 403 199 "-" "python-httpx/0.28.1"
3.107.198.234 - - [14/Jan/2026:19:43:22 +0800] "GET /src/.env HTTP/1.1" 403 199 "-" "python-httpx/0.28.1"
3.107.198.234 - - [14/Jan/2026:19:43:22 +0800] "GET /storage/.env HTTP/1.1" 403 199 "-" "python-httpx/0.28.1"
3.107.198.234 - - [14/Jan/2026:19:43:22 +0800] "GET /vendor/.env HTTP/1.1" 403 199 "-" "python-httpx/0.28.1"
3.107.198.234 - - [14/Jan/2026:19:43:22 +0800] "GET /assets/.env HTTP/1.1" 403 199 "-" "python-httpx/0.28.1"
3.107.198.234 - - [14/Jan/2026:19:43:22 +0800] "GET /server/.env HTTP/1.1" 403 199 "-" "python-httpx/0.28.1"
3.107.198.234 - - [14/Jan/2026:19:43:22 +0800] "GET /v2/.env HTTP/1.1" 403 199 "-" "python-httpx/0.28.1"
3.107.198.234 - - [14/Jan/2026:19:43:22 +0800] "GET /Dockerfile HTTP/1.1" 403 199 "-" "python-httpx/0.28.1"
3.107.198.234 - - [14/Jan/2026:19:43:22 +0800] "GET /docker/.env HTTP/1.1" 403 199 "-" "python-httpx/0.28.1"
3.107.198.234 - - [14/Jan/2026:19:43:22 +0800] "GET /.env.save HTTP/1.1" 403 199 "-" "python-httpx/0.28.1"
3.107.198.234 - - [14/Jan/2026:19:43:23 +0800] "GET /frontend/.env HTTP/1.1" 403 199 "-" "python-httpx/0.28.1"
3.107.198.234 - - [14/Jan/2026:19:43:23 +0800] "GET /public/.env HTTP/1.1" 403 199 "-" "python-httpx/0.28.1"
3.107.198.234 - - [14/Jan/2026:19:43:23 +0800] "GET /uploads/.env HTTP/1.1" 403 199 "-" "python-httpx/0.28.1"
3.107.198.234 - - [14/Jan/2026:19:43:23 +0800] "GET /administrator/.env HTTP/1.1" 403 199 "-" "python-httpx/0.28.1"
3.107.198.234 - - [14/Jan/2026:19:43:23 +0800] "GET /v1/.env HTTP/1.1" 403 199 "-" "python-httpx/0.28.1"
3.107.198.234 - - [14/Jan/2026:19:43:23 +0800] "GET /tools/.env HTTP/1.1" 403 199 "-" "python-httpx/0.28.1"
3.107.198.234 - - [14/Jan/2026:19:43:23 +0800] "GET /en/.env HTTP/1.1" 403 199 "-" "python-httpx/0.28.1"
3.107.198.234 - - [14/Jan/2026:19:43:20 +0800] "GET /test.php HTTP/1.1" 404 10866 "-" "python-httpx/0.28.1"
103.4.122.14 - - [14/Jan/2026:22:38:45 +0800] "POST /wp-cron.php?doing_wp_cron=1768401525.7481319904327392578125 HTTP/1.1" 200 - "-" "WordPress/6.9; https://nutritaste.com.au"
82.180.154.228 - - [14/Jan/2026:22:38:40 +0800] "POST /wp-login.php HTTP/1.1" 503 7315 "-" "Mozilla/5.0 (Windows NT 10.0; Win64; x64; rv:97.0) Gecko/20100101 Firefox/97.0"
103.4.122.14 - - [14/Jan/2026:22:38:50 +0800] "POST /wp-cron.php?doing_wp_cron=1768401530.8834180831909179687500 HTTP/1.1" 200 - "-" "WordPress/6.9; https://nutritaste.com.au"
103.4.122.14 - - [14/Jan/2026:22:38:48 +0800] "POST /wp-admin/admin-ajax.php HTTP/1.1" 200 21 "-" "WordPress/6.9; https://nutritaste.com.au"
103.4.122.14 - - [15/Jan/2026:00:12:43 +0800] "POST /wp-cron.php?doing_wp_cron=1768407163.3196558952331542968750 HTTP/1.1" 200 - "-" "WordPress/6.9; https://nutritaste.com.au"
54.38.147.126 - - [15/Jan/2026:00:12:41 +0800] "GET /robots.txt HTTP/1.1" 200 69 "-" "Mozilla/5.0 (compatible; AhrefsBot/7.0; +http://ahrefs.com/robot/)"
51.161.65.189 - - [15/Jan/2026:00:12:47 +0800] "GET / HTTP/1.1" 200 16952 "-" "Mozilla/5.0 (compatible; AhrefsBot/7.0; +http://ahrefs.com/robot/)"
103.4.122.14 - - [15/Jan/2026:00:12:49 +0800] "POST /wp-admin/admin-ajax.php?action=wordfence_testAjax HTTP/1.1" 200 32 "-" "WordPress/6.9; https://nutritaste.com.au"
103.4.122.14 - - [15/Jan/2026:00:12:51 +0800] "GET /wp-admin/admin-ajax.php?action=wordfence_doScan&isFork=0&scanMode=quick&cronKey=ac0463b91f535e7eee775daaf50f580f&signature=de7bc59d9813dfe101b963d3fbe3fb061bbb0321461b05aa08c0e5369002314b HTTP/1.1" 200 - "-" "WordPress/6.9; https://nutritaste.com.au"
103.4.122.14 - - [15/Jan/2026:00:12:55 +0800] "POST /wp-cron.php?doing_wp_cron=1768407175.1719510555267333984375 HTTP/1.1" 200 - "-" "WordPress/6.9; https://nutritaste.com.au"
103.4.122.14 - - [15/Jan/2026:00:12:53 +0800] "POST /wp-admin/admin-ajax.php HTTP/1.1" 200 21 "-" "WordPress/6.9; https://nutritaste.com.au"
142.44.220.51 - - [15/Jan/2026:00:16:15 +0800] "GET /wp-content/plugins/wp-rocket/assets/js/wpr-beacon.min.js HTTP/1.1" 200 8097 "-" "Mozilla/5.0 (compatible; AhrefsBot/7.0; +http://ahrefs.com/robot/)"
103.4.122.14 - - [15/Jan/2026:00:34:21 +0800] "POST /wp-cron.php?doing_wp_cron=1768408461.5321850776672363281250 HTTP/1.1" 200 - "-" "WordPress/6.9; https://nutritaste.com.au"
87.255.196.143 - - [15/Jan/2026:00:34:19 +0800] "GET /wp-json/wp/v2/posts HTTP/1.1" 200 22 "-" "Mozilla/5.0 (Windows NT 10.0; Win64; x64) AppleWebKit/537.36 (KHTML, like Gecko) Chrome/120.0.0.0 Safari/537.36"
103.4.122.14 - - [15/Jan/2026:00:35:08 +0800] "POST /wp-cron.php?doing_wp_cron=1768408508.9193620681762695312500 HTTP/1.1" 200 - "-" "WordPress/6.9; https://nutritaste.com.au"
46.105.42.135 - - [15/Jan/2026:00:35:06 +0800] "GET /robots.txt HTTP/1.1" 200 69 "-" "Mozilla/5.0 (compatible; MJ12bot/v2.0.4; http://mj12bot.com/)"
46.105.42.135 - - [15/Jan/2026:00:35:09 +0800] "GET / HTTP/1.1" 301 - "-" "Mozilla/5.0 (compatible; MJ12bot/v2.0.4; http://mj12bot.com/)"
103.4.122.14 - - [15/Jan/2026:00:35:14 +0800] "POST /wp-cron.php?doing_wp_cron=1768408514.5859770774841308593750 HTTP/1.1" 200 - "-" "WordPress/6.9; https://nutritaste.com.au"
46.105.42.135 - - [15/Jan/2026:00:35:13 +0800] "GET /robots.txt HTTP/1.1" 200 69 "-" "Mozilla/5.0 (compatible; MJ12bot/v2.0.4; http://mj12bot.com/)"
46.105.42.135 - - [15/Jan/2026:00:35:15 +0800] "GET / HTTP/1.1" 200 16952 "-" "Mozilla/5.0 (compatible; MJ12bot/v2.0.4; http://mj12bot.com/)"
103.4.122.14 - - [15/Jan/2026:00:35:18 +0800] "POST /wp-cron.php?doing_wp_cron=1768408518.1963469982147216796875 HTTP/1.1" 200 - "-" "WordPress/6.9; https://nutritaste.com.au"
46.105.42.135 - - [15/Jan/2026:00:35:16 +0800] "GET /robots.txt HTTP/1.1" 301 - "-" "Mozilla/5.0 (compatible; MJ12bot/v2.0.4; http://mj12bot.com/)"
46.105.42.135 - - [15/Jan/2026:00:35:19 +0800] "GET /robots.txt HTTP/1.1" 200 69 "-" "Mozilla/5.0 (compatible; MJ12bot/v2.0.4; http://mj12bot.com/)"
103.4.122.14 - - [15/Jan/2026:00:35:22 +0800] "POST /wp-cron.php?doing_wp_cron=1768408522.4818089008331298828125 HTTP/1.1" 200 - "-" "WordPress/6.9; https://nutritaste.com.au"
46.105.42.135 - - [15/Jan/2026:00:35:20 +0800] "GET / HTTP/1.1" 301 - "-" "Mozilla/5.0 (compatible; MJ12bot/v2.0.4; http://mj12bot.com/)"
46.105.42.135 - - [15/Jan/2026:00:35:23 +0800] "GET / HTTP/1.1" 200 16952 "-" "Mozilla/5.0 (compatible; MJ12bot/v2.0.4; http://mj12bot.com/)"
103.4.122.14 - - [15/Jan/2026:02:02:13 +0800] "POST /wp-cron.php?doing_wp_cron=1768413733.7150480747222900390625 HTTP/1.1" 200 - "-" "WordPress/6.9; https://nutritaste.com.au"
34.187.213.155 - - [15/Jan/2026:02:02:09 +0800] "GET / HTTP/1.1" 301 - "-" "Mozilla/5.0 (Windows NT 10.0; Win64; x64) AppleWebKit/537.36 (KHTML, like Gecko) Chrome/78.0.3904.108 Safari/537.36"
34.187.213.155 - - [15/Jan/2026:02:02:14 +0800] "GET / HTTP/1.1" 200 87136 "-" "Mozilla/5.0 (Windows NT 10.0; Win64; x64) AppleWebKit/537.36 (KHTML, like Gecko) Chrome/78.0.3904.108 Safari/537.36"
34.187.213.155 - - [15/Jan/2026:02:02:15 +0800] "GET //wp-includes/wlwmanifest.xml HTTP/1.1" 301 - "-" "Mozilla/5.0 (Windows NT 10.0; Win64; x64) AppleWebKit/537.36 (KHTML, like Gecko) Chrome/78.0.3904.108 Safari/537.36"
103.4.122.14 - - [15/Jan/2026:02:02:20 +0800] "POST /wp-cron.php?doing_wp_cron=1768413740.2425150871276855468750 HTTP/1.1" 200 - "-" "WordPress/6.9; https://nutritaste.com.au"
34.187.213.155 - - [15/Jan/2026:02:02:17 +0800] "GET //xmlrpc.php?rsd HTTP/1.1" 200 816 "-" "Mozilla/5.0 (Windows NT 10.0; Win64; x64) AppleWebKit/537.36 (KHTML, like Gecko) Chrome/78.0.3904.108 Safari/537.36"
34.187.213.155 - - [15/Jan/2026:02:02:20 +0800] "GET //?author=1 HTTP/1.1" 302 - "-" "Mozilla/5.0 (Windows NT 10.0; Win64; x64) AppleWebKit/537.36 (KHTML, like Gecko) Chrome/78.0.3904.108 Safari/537.36"
34.187.213.155 - - [15/Jan/2026:02:02:21 +0800] "GET //?author=2 HTTP/1.1" 302 - "-" "Mozilla/5.0 (Windows NT 10.0; Win64; x64) AppleWebKit/537.36 (KHTML, like Gecko) Chrome/78.0.3904.108 Safari/537.36"
34.187.213.155 - - [15/Jan/2026:02:02:23 +0800] "GET //wp-json/wp/v2/users/ HTTP/1.1" 403 199 "-" "Mozilla/5.0 (Windows NT 10.0; Win64; x64) AppleWebKit/537.36 (KHTML, like Gecko) Chrome/78.0.3904.108 Safari/537.36"
103.4.122.14 - - [15/Jan/2026:02:02:25 +0800] "POST /wp-cron.php?doing_wp_cron=1768413745.8914849758148193359375 HTTP/1.1" 200 - "-" "WordPress/6.9; https://nutritaste.com.au"
34.187.213.155 - - [15/Jan/2026:02:02:23 +0800] "GET //wp-json/oembed/1.0/embed?url=https://nutritaste.com.au/ HTTP/1.1" 200 2026 "-" "Mozilla/5.0 (Windows NT 10.0; Win64; x64) AppleWebKit/537.36 (KHTML, like Gecko) Chrome/78.0.3904.108 Safari/537.36"
34.187.213.155 - - [15/Jan/2026:02:02:26 +0800] "POST //xmlrpc.php HTTP/1.1" 503 18950 "-" "Mozilla/5.0 (Windows NT 10.0; Win64; x64) AppleWebKit/537.36 (KHTML, like Gecko) Chrome/78.0.3904.108 Safari/537.36"
103.4.122.14 - - [15/Jan/2026:02:17:57 +0800] "POST /wp-cron.php?doing_wp_cron=1768414677.5586380958557128906250 HTTP/1.1" 200 - "-" "WordPress/6.9; https://nutritaste.com.au"
138.201.62.99 - - [15/Jan/2026:02:17:54 +0800] "POST /wp-login.php HTTP/1.1" 503 7317 "-" "Mozilla/5.0 (Windows NT 10.0; Win64; x64; rv:85.0) Gecko/20100101 Firefox/85.0"
103.4.122.14 - - [15/Jan/2026:02:18:02 +0800] "POST /wp-cron.php?doing_wp_cron=1768414682.5073258876800537109375 HTTP/1.1" 200 - "-" "WordPress/6.9; https://nutritaste.com.au"
103.4.122.14 - - [15/Jan/2026:02:18:00 +0800] "POST /wp-admin/admin-ajax.php HTTP/1.1" 200 21 "-" "WordPress/6.9; https://nutritaste.com.au"
103.4.122.14 - - [15/Jan/2026:03:10:40 +0800] "POST /wp-cron.php?doing_wp_cron=1768417840.2500610351562500000000 HTTP/1.1" 200 - "-" "WordPress/6.9; https://nutritaste.com.au"
66.249.79.235 - - [15/Jan/2026:03:10:38 +0800] "GET /robots.txt HTTP/1.1" 200 69 "-" "Mozilla/5.0 (compatible; Googlebot/2.1; +http://www.google.com/bot.html)"
66.249.79.234 - - [15/Jan/2026:03:10:41 +0800] "GET /games/%E0%B8%9A%E0%B8%AD%E0%B8%A5%20%E0%B8%A7%E0%B8%B1%E0%B8%99%E0%B8%99%E0%B8%B5%E0%B9%89%20%E0%B8%AA%E0%B8%94.html HTTP/1.1" 404 10904 "-" "Mozilla/5.0 (Linux; Android 6.0.1; Nexus 5X Build/MMB29P) AppleWebKit/537.36 (KHTML, like Gecko) Chrome/143.0.7499.192 Mobile Safari/537.36 (compatible; Googlebot/2.1; +http://www.google.com/bot.html)"
103.4.122.14 - - [15/Jan/2026:03:24:25 +0800] "POST /wp-cron.php?doing_wp_cron=1768418665.5788230895996093750000 HTTP/1.1" 200 - "-" "WordPress/6.9; https://nutritaste.com.au"
162.55.254.149 - - [15/Jan/2026:03:24:22 +0800] "POST /wp-login.php HTTP/1.1" 503 7316 "-" "Mozilla/5.0 (Windows NT 10.0; Win64; x64; rv:57.0) Gecko/20100101 Firefox/57.0"
103.4.122.14 - - [15/Jan/2026:03:24:29 +0800] "POST /wp-cron.php?doing_wp_cron=1768418669.9583709239959716796875 HTTP/1.1" 200 - "-" "WordPress/6.9; https://nutritaste.com.au"
103.4.122.14 - - [15/Jan/2026:03:24:28 +0800] "POST /wp-admin/admin-ajax.php HTTP/1.1" 200 21 "-" "WordPress/6.9; https://nutritaste.com.au"
103.4.122.14 - - [15/Jan/2026:03:45:35 +0800] "POST /wp-cron.php?doing_wp_cron=1768419935.1518669128417968750000 HTTP/1.1" 200 - "-" "WordPress/6.9; https://nutritaste.com.au"
34.38.32.188 - - [15/Jan/2026:03:45:31 +0800] "POST /wp-login.php HTTP/1.1" 503 7316 "-" "Mozilla/5.0 (Windows NT 10.0; Win64; x64; rv:69.0) Gecko/20100101 Firefox/69.0"
103.4.122.14 - - [15/Jan/2026:03:45:39 +0800] "POST /wp-cron.php?doing_wp_cron=1768419939.4018630981445312500000 HTTP/1.1" 200 - "-" "WordPress/6.9; https://nutritaste.com.au"
103.4.122.14 - - [15/Jan/2026:03:45:37 +0800] "POST /wp-admin/admin-ajax.php HTTP/1.1" 200 21 "-" "WordPress/6.9; https://nutritaste.com.au"
3.129.194.109 - - [15/Jan/2026:04:10:37 +0800] "GET / HTTP/1.1" 200 16952 "-" "Mozilla/5.0 (Windows NT 10.0; Win64; x64) AppleWebKit/537.36 (KHTML, like Gecko) Chrome/60.0.3112.113 Safari/537.36 Assetnote/1.0.0"
103.4.122.14 - - [15/Jan/2026:04:10:41 +0800] "POST /wp-cron.php?doing_wp_cron=1768421441.0755629539489746093750 HTTP/1.1" 200 - "-" "WordPress/6.9; https://nutritaste.com.au"
3.129.194.109 - - [15/Jan/2026:04:10:37 +0800] "HEAD /apps HTTP/1.1" 404 - "-" "Mozilla/5.0 (Windows NT 10.0; Win64; x64) AppleWebKit/537.36 (KHTML, like Gecko) Chrome/60.0.3112.113 Safari/537.36 Assetnote/1.0.0"
3.129.194.109 - - [15/Jan/2026:04:10:41 +0800] "HEAD /api/action HTTP/1.1" 404 - "-" "Mozilla/5.0 (Windows NT 10.0; Win64; x64) AppleWebKit/537.36 (KHTML, like Gecko) Chrome/60.0.3112.113 Safari/537.36 Assetnote/1.0.0"
103.4.122.14 - - [15/Jan/2026:04:10:45 +0800] "POST /wp-cron.php?doing_wp_cron=1768421445.1303389072418212890625 HTTP/1.1" 200 - "-" "WordPress/6.9; https://nutritaste.com.au"
3.129.194.109 - - [15/Jan/2026:04:10:43 +0800] "HEAD /api/actions HTTP/1.1" 404 - "-" "Mozilla/5.0 (Windows NT 10.0; Win64; x64) AppleWebKit/537.36 (KHTML, like Gecko) Chrome/60.0.3112.113 Safari/537.36 Assetnote/1.0.0"
3.129.194.109 - - [15/Jan/2026:04:10:45 +0800] "HEAD /_next/data HTTP/1.1" 404 - "-" "Mozilla/5.0 (Windows NT 10.0; Win64; x64) AppleWebKit/537.36 (KHTML, like Gecko) Chrome/60.0.3112.113 Safari/537.36 Assetnote/1.0.0"
103.4.122.14 - - [15/Jan/2026:04:10:49 +0800] "POST /wp-cron.php?doing_wp_cron=1768421449.4818019866943359375000 HTTP/1.1" 200 - "-" "WordPress/6.9; https://nutritaste.com.au"
3.129.194.109 - - [15/Jan/2026:04:10:47 +0800] "POST / HTTP/1.1" 200 16320 "-" "Mozilla/5.0 (Windows NT 10.0; Win64; x64) AppleWebKit/537.36 (KHTML, like Gecko) Chrome/60.0.3112.113 Safari/537.36 Assetnote/1.0.0"
103.4.122.14 - - [15/Jan/2026:04:33:56 +0800] "POST /wp-cron.php?doing_wp_cron=1768422836.6970338821411132812500 HTTP/1.1" 200 - "-" "WordPress/6.9; https://nutritaste.com.au"
59.125.102.227 - - [15/Jan/2026:04:33:53 +0800] "POST /wp-login.php HTTP/1.1" 503 7316 "-" "Mozilla/5.0 (Windows NT 10.0; Win64; x64; rv:66.0) Gecko/20100101 Firefox/66.0"
103.4.122.14 - - [15/Jan/2026:06:53:59 +0800] "POST /wp-cron.php?doing_wp_cron=1768431239.7890260219573974609375 HTTP/1.1" 200 - "-" "WordPress/6.9; https://nutritaste.com.au"
138.246.253.24 - - [15/Jan/2026:06:53:45 +0800] "GET /robots.txt HTTP/1.1" 200 67 "-" "Mozilla/5.0 (Windows NT 10.0; Win64; x64) AppleWebKit/537.36 (KHTML, like Gecko) Chrome/103.0.5060.134 Safari/537.36"
103.4.122.14 - - [15/Jan/2026:06:54:06 +0800] "POST /wp-cron.php?doing_wp_cron=1768431246.0177481174468994140625 HTTP/1.1" 200 - "-" "WordPress/6.9; https://nutritaste.com.au"
103.4.122.14 - - [15/Jan/2026:06:54:04 +0800] "POST /wp-admin/admin-ajax.php HTTP/1.1" 200 21 "-" "WordPress/6.9; https://nutritaste.com.au"
103.4.122.14 - - [15/Jan/2026:07:08:09 +0800] "POST /wp-cron.php?doing_wp_cron=1768432088.9693009853363037109375 HTTP/1.1" 200 - "-" "WordPress/6.9; https://nutritaste.com.au"
51.89.25.52 - - [15/Jan/2026:07:08:06 +0800] "GET /blog-verify HTTP/1.1" 404 52596 "-" "Mozilla/5.0 (Windows NT 10.0; Win64; x64) AppleWebKit/537.36 (KHTML, like Gecko) Chrome/127.0.0.0 Safari/537.36"
51.89.25.52 - - [15/Jan/2026:07:08:09 +0800] "GET /?check_plugin HTTP/1.1" 200 85724 "-" "Mozilla/5.0 (Windows NT 10.0; Win64; x64) AppleWebKit/537.36 (KHTML, like Gecko) Chrome/127.0.0.0 Safari/537.36"
103.4.122.14 - - [15/Jan/2026:08:06:05 +0800] "POST /wp-cron.php?doing_wp_cron=1768435565.9170188903808593750000 HTTP/1.1" 200 - "-" "WordPress/6.9; https://nutritaste.com.au"
35.222.71.213 - - [15/Jan/2026:08:06:02 +0800] "POST /wp-login.php HTTP/1.1" 503 7315 "-" "Mozilla/5.0 (Windows NT 10.0; Win64; x64; rv:45.0) Gecko/20100101 Firefox/45.0"
213.165.71.118 - - [15/Jan/2026:09:18:48 +0800] "POST /wp-login.php HTTP/1.1" 503 7315 "-" "Mozilla/5.0 (Windows NT 10.0; Win64; x64; rv:82.0) Gecko/20100101 Firefox/82.0"
149.50.97.212 - - [15/Jan/2026:09:39:04 +0800] "GET / HTTP/1.1" 200 16320 "-" "Mozilla/5.0 (Linux; Android 10; M2007J20CI) AppleWebKit/537.36 (KHTML, like Gecko) Chrome/101.0.4951.41 Mobile Safari/537.36"
149.50.97.212 - - [15/Jan/2026:09:39:07 +0800] "GET / HTTP/1.1" 301 - "-" "AndroidDownloadManager/5.1 (Linux; U; Android 5.1; Z820 Build/LMY47D)"
103.4.122.14 - - [15/Jan/2026:10:32:05 +0800] "POST /wp-cron.php?doing_wp_cron=1768444325.1219449043273925781250 HTTP/1.1" 200 - "-" "WordPress/6.9; https://nutritaste.com.au"
35.234.37.132 - - [15/Jan/2026:10:32:01 +0800] "POST /wp-login.php HTTP/1.1" 503 7315 "-" "Mozilla/5.0 (Windows NT 10.0; Win64; x64; rv:84.0) Gecko/20100101 Firefox/84.0"
103.4.122.14 - - [15/Jan/2026:10:32:08 +0800] "POST /wp-admin/admin-post.php HTTP/1.1" 200 32 "-" "WordPress/6.9; https://nutritaste.com.au"
103.4.122.14 - - [15/Jan/2026:11:50:15 +0800] "POST /wp-cron.php?doing_wp_cron=1768449015.8026139736175537109375 HTTP/1.1" 200 - "-" "WordPress/6.9; https://nutritaste.com.au"
218.75.102.198 - - [15/Jan/2026:11:50:12 +0800] "GET //wp-json/wp/v2/posts HTTP/1.0" 200 22 "-" "Mozilla/5.0 (Windows NT 10.0; Win64; x64) AppleWebKit/537.36 (KHTML, like Gecko) Chrome/120.0.0.0 Safari/537.36"
103.4.122.14 - - [15/Jan/2026:13:37:14 +0800] "POST /wp-cron.php?doing_wp_cron=1768455434.0533070564270019531250 HTTP/1.1" 200 - "-" "WordPress/6.9; https://nutritaste.com.au"
74.63.235.227 - - [15/Jan/2026:13:37:11 +0800] "GET / HTTP/1.1" 301 - "-" "Mozilla/5.0 (iPhone; CPU iPhone OS 18_0 like Mac OS X) AppleWebKit/605.1.15 (KHTML, like Gecko) Version/18.4 Mobile/15E148 Safari/604.1"
74.63.235.227 - - [15/Jan/2026:13:37:14 +0800] "GET / HTTP/1.1" 200 16320 "-" "Mozilla/5.0 (iPhone; CPU iPhone OS 18_0 like Mac OS X) AppleWebKit/605.1.15 (KHTML, like Gecko) Version/18.4 Mobile/15E148 Safari/604.1"
103.4.122.14 - - [15/Jan/2026:13:37:19 +0800] "POST /wp-admin/admin-ajax.php?action=wordfence_testAjax HTTP/1.1" 200 32 "-" "WordPress/6.9; https://nutritaste.com.au"
103.4.122.14 - - [15/Jan/2026:13:37:24 +0800] "POST /wp-cron.php?doing_wp_cron=1768455444.7974588871002197265625 HTTP/1.1" 200 - "-" "WordPress/6.9; https://nutritaste.com.au"
103.4.122.14 - - [15/Jan/2026:13:37:22 +0800] "POST /wp-admin/admin-ajax.php HTTP/1.1" 200 21 "-" "WordPress/6.9; https://nutritaste.com.au"
54.68.32.247 - - [15/Jan/2026:13:37:30 +0800] "POST /?_wfsf=detectProxy HTTP/1.1" 200 11 "-" "Wordfence API/1.0 (+https://www.wordfence.com/help/api-callbacks/)"
103.4.122.14 - - [15/Jan/2026:13:37:21 +0800] "GET /wp-admin/admin-ajax.php?action=wordfence_doScan&isFork=0&scanMode=standard&cronKey=e5fda65673da4ff7690b2837b947f351&signature=7bc33abc151171914f748076a222aaca42eb1a0d6fc4cdace56452b0e0637d20 HTTP/1.1" 200 - "-" "WordPress/6.9; https://nutritaste.com.au"
103.4.122.14 - - [15/Jan/2026:13:37:59 +0800] "POST /wp-cron.php?doing_wp_cron=1768455479.2552819252014160156250 HTTP/1.1" 200 - "-" "WordPress/6.9; https://nutritaste.com.au"
103.4.122.14 - - [15/Jan/2026:13:37:40 +0800] "GET /wp-admin/admin-ajax.php?action=wordfence_doScan&isFork=1&scanMode=standard&cronKey=e4947e81ad5c02008ab9f336841c2d77&signature=85ae78d77602af366d87bad17f7e483c48130f7abf0283bf0c215a4f1c221463 HTTP/1.1" 200 - "-" "WordPress/6.9; https://nutritaste.com.au"
103.4.122.14 - - [15/Jan/2026:13:38:08 +0800] "GET /.user.ini HTTP/1.1" 403 199 "-" "WordPress/6.9; https://nutritaste.com.au"
103.4.122.14 - - [15/Jan/2026:13:38:17 +0800] "POST /wp-cron.php?doing_wp_cron=1768455497.2987990379333496093750 HTTP/1.1" 200 - "-" "WordPress/6.9; https://nutritaste.com.au"
103.4.122.14 - - [15/Jan/2026:13:37:58 +0800] "GET /wp-admin/admin-ajax.php?action=wordfence_doScan&isFork=1&scanMode=standard&cronKey=d35b7800be6bfa73758261ef8096daca&signature=b8de0fe995efa3980e8488d4f7d9f578849459176797de23c12efe812a554035 HTTP/1.1" 200 - "-" "WordPress/6.9; https://nutritaste.com.au"
103.4.122.14 - - [15/Jan/2026:13:38:35 +0800] "POST /wp-cron.php?doing_wp_cron=1768455515.2939050197601318359375 HTTP/1.1" 200 - "-" "WordPress/6.9; https://nutritaste.com.au"
103.4.122.14 - - [15/Jan/2026:13:38:16 +0800] "GET /wp-admin/admin-ajax.php?action=wordfence_doScan&isFork=1&scanMode=standard&cronKey=89d7b167cedb98239f7ed4f1dde196ba&signature=c915f54526a30bb674459b06e0ffcfcf4959cb4609acd344f4ff8b1fefe6f85b HTTP/1.1" 200 - "-" "WordPress/6.9; https://nutritaste.com.au"
103.4.122.14 - - [15/Jan/2026:13:38:53 +0800] "POST /wp-cron.php?doing_wp_cron=1768455533.3173580169677734375000 HTTP/1.1" 200 - "-" "WordPress/6.9; https://nutritaste.com.au"
103.4.122.14 - - [15/Jan/2026:13:38:34 +0800] "GET /wp-admin/admin-ajax.php?action=wordfence_doScan&isFork=1&scanMode=standard&cronKey=9ef368d7162a049f3f6446b96e344e50&signature=3a845dc6e7a2f2319e90725bd3b36c7fd15580e7a0dbd2e3897d1096871539f8 HTTP/1.1" 200 - "-" "WordPress/6.9; https://nutritaste.com.au"
103.4.122.14 - - [15/Jan/2026:13:39:11 +0800] "POST /wp-cron.php?doing_wp_cron=1768455551.3335630893707275390625 HTTP/1.1" 200 - "-" "WordPress/6.9; https://nutritaste.com.au"
103.4.122.14 - - [15/Jan/2026:13:38:52 +0800] "GET /wp-admin/admin-ajax.php?action=wordfence_doScan&isFork=1&scanMode=standard&cronKey=c9e2176c59022d2c9c54120e13a19e25&signature=950dc0e0c9a6fd8f960783de6cefd90fa7fe22eb115f24724dc3150a8e569cb2 HTTP/1.1" 200 - "-" "WordPress/6.9; https://nutritaste.com.au"
103.4.122.14 - - [15/Jan/2026:13:39:29 +0800] "POST /wp-cron.php?doing_wp_cron=1768455569.3840920925140380859375 HTTP/1.1" 200 - "-" "WordPress/6.9; https://nutritaste.com.au"
103.4.122.14 - - [15/Jan/2026:13:39:10 +0800] "GET /wp-admin/admin-ajax.php?action=wordfence_doScan&isFork=1&scanMode=standard&cronKey=0cd0be55c192e3c83bfabf7bb937fbcc&signature=6b93fa0dd7aa308d838dabaefcabf896d71ba35876861aedc1dd725b441d7c6c HTTP/1.1" 200 - "-" "WordPress/6.9; https://nutritaste.com.au"
103.4.122.14 - - [15/Jan/2026:13:39:47 +0800] "POST /wp-cron.php?doing_wp_cron=1768455587.3414850234985351562500 HTTP/1.1" 200 - "-" "WordPress/6.9; https://nutritaste.com.au"
103.4.122.14 - - [15/Jan/2026:13:39:28 +0800] "GET /wp-admin/admin-ajax.php?action=wordfence_doScan&isFork=1&scanMode=standard&cronKey=30296f5c1685362af41d36ad0d0943ed&signature=e04c3f48da0cc611cbb119c5af6a44c67a92ed613ee7e09746d9d143f4b8616f HTTP/1.1" 200 - "-" "WordPress/6.9; https://nutritaste.com.au"
103.4.122.14 - - [15/Jan/2026:13:40:05 +0800] "POST /wp-cron.php?doing_wp_cron=1768455605.2993121147155761718750 HTTP/1.1" 200 - "-" "WordPress/6.9; https://nutritaste.com.au"
103.4.122.14 - - [15/Jan/2026:13:39:46 +0800] "GET /wp-admin/admin-ajax.php?action=wordfence_doScan&isFork=1&scanMode=standard&cronKey=8eb90821194079a1d02b2010760af35c&signature=3ef21bbfc199a33645bf3ba0f07dda129b063ed46578946e0ea3284a3a9c3486 HTTP/1.1" 200 - "-" "WordPress/6.9; https://nutritaste.com.au"
103.4.122.14 - - [15/Jan/2026:13:40:23 +0800] "POST /wp-cron.php?doing_wp_cron=1768455623.3274600505828857421875 HTTP/1.1" 200 - "-" "WordPress/6.9; https://nutritaste.com.au"
103.4.122.14 - - [15/Jan/2026:13:40:04 +0800] "GET /wp-admin/admin-ajax.php?action=wordfence_doScan&isFork=1&scanMode=standard&cronKey=de089a7baae14f438ebb522a6ff55f5e&signature=3449f9494aa6d78571dd23eb637e42d1a956703de6a0505b63947926a6191446 HTTP/1.1" 200 - "-" "WordPress/6.9; https://nutritaste.com.au"
103.4.122.14 - - [15/Jan/2026:13:40:41 +0800] "POST /wp-cron.php?doing_wp_cron=1768455641.3261580467224121093750 HTTP/1.1" 200 - "-" "WordPress/6.9; https://nutritaste.com.au"
103.4.122.14 - - [15/Jan/2026:13:40:22 +0800] "GET /wp-admin/admin-ajax.php?action=wordfence_doScan&isFork=1&scanMode=standard&cronKey=f24a9e36c06cb17700c0645a55d0f619&signature=2311cc2b9334b1d90e2593c2aa7181245869bde9b4a2a995a13be92f001a231c HTTP/1.1" 200 - "-" "WordPress/6.9; https://nutritaste.com.au"
103.4.122.14 - - [15/Jan/2026:13:40:59 +0800] "POST /wp-cron.php?doing_wp_cron=1768455659.3480379581451416015625 HTTP/1.1" 200 - "-" "WordPress/6.9; https://nutritaste.com.au"
103.4.122.14 - - [15/Jan/2026:13:40:40 +0800] "GET /wp-admin/admin-ajax.php?action=wordfence_doScan&isFork=1&scanMode=standard&cronKey=9e8c7332b281151ab305ebadeeaf5c8f&signature=784229f5c6a88ad41a8644fd68298bfa271e43423f7c77b41cdf673f824c1f5b HTTP/1.1" 200 - "-" "WordPress/6.9; https://nutritaste.com.au"
103.4.122.14 - - [15/Jan/2026:13:41:17 +0800] "POST /wp-cron.php?doing_wp_cron=1768455677.9160220623016357421875 HTTP/1.1" 200 - "-" "WordPress/6.9; https://nutritaste.com.au"
103.4.122.14 - - [15/Jan/2026:13:40:58 +0800] "GET /wp-admin/admin-ajax.php?action=wordfence_doScan&isFork=1&scanMode=standard&cronKey=e33ba0e6192a80117fb945afb8bf36a0&signature=9c585ae64fde6ce50a12ec0dbe63f3a9b80336a76115c89f09527a2909557100 HTTP/1.1" 200 - "-" "WordPress/6.9; https://nutritaste.com.au"
103.4.122.14 - - [15/Jan/2026:13:41:35 +0800] "POST /wp-cron.php?doing_wp_cron=1768455695.2934830188751220703125 HTTP/1.1" 200 - "-" "WordPress/6.9; https://nutritaste.com.au"
103.4.122.14 - - [15/Jan/2026:13:41:17 +0800] "GET /wp-admin/admin-ajax.php?action=wordfence_doScan&isFork=1&scanMode=standard&cronKey=a4725c6ec1aa82e038a68774e5899bec&signature=372dac8c8c5723c5e5e0f35f3669081b347209b55c20387caf64caefc26c7c38 HTTP/1.1" 200 - "-" "WordPress/6.9; https://nutritaste.com.au"
103.4.122.14 - - [15/Jan/2026:13:41:53 +0800] "POST /wp-cron.php?doing_wp_cron=1768455713.3126530647277832031250 HTTP/1.1" 200 - "-" "WordPress/6.9; https://nutritaste.com.au"
103.4.122.14 - - [15/Jan/2026:13:41:34 +0800] "GET /wp-admin/admin-ajax.php?action=wordfence_doScan&isFork=1&scanMode=standard&cronKey=cd15477ea4e54ee8beb015c1412b9c02&signature=3606def56a0ec2ed5ce0c61cde98fcffaa55969eb7d97295e4a5d88c7c7e1e55 HTTP/1.1" 200 - "-" "WordPress/6.9; https://nutritaste.com.au"
103.4.122.14 - - [15/Jan/2026:13:42:11 +0800] "POST /wp-cron.php?doing_wp_cron=1768455731.3208560943603515625000 HTTP/1.1" 200 - "-" "WordPress/6.9; https://nutritaste.com.au"
103.4.122.14 - - [15/Jan/2026:13:41:52 +0800] "GET /wp-admin/admin-ajax.php?action=wordfence_doScan&isFork=1&scanMode=standard&cronKey=96d606eaf9d9a32ff3951e5a31aef38c&signature=0e2561b45a19acfc11851697fa90c16bd530d6ce16db1f79a24e29a8a878d10f HTTP/1.1" 200 - "-" "WordPress/6.9; https://nutritaste.com.au"
103.4.122.14 - - [15/Jan/2026:13:42:29 +0800] "POST /wp-cron.php?doing_wp_cron=1768455749.2995810508728027343750 HTTP/1.1" 200 - "-" "WordPress/6.9; https://nutritaste.com.au"
103.4.122.14 - - [15/Jan/2026:13:42:10 +0800] "GET /wp-admin/admin-ajax.php?action=wordfence_doScan&isFork=1&scanMode=standard&cronKey=4328fcc2dca866b2900253f2df45cb86&signature=51ac11f6a702731aa19f1d42b49669057fe69cbb6c1e661b723b83f1b7658eca HTTP/1.1" 200 - "-" "WordPress/6.9; https://nutritaste.com.au"
184.94.240.88 - - [15/Jan/2026:13:42:33 +0800] "GET / HTTP/1.1" 301 - "-" "Mozilla/5.0 (Windows NT 10.0; Win64; x64; rv:104.0) Gecko/20100101 Firefox/104.0"
103.4.122.14 - - [15/Jan/2026:13:42:34 +0800] "POST /wp-cron.php?doing_wp_cron=1768455754.8248400688171386718750 HTTP/1.1" 200 - "-" "WordPress/6.9; https://nutritaste.com.au"
184.94.240.88 - - [15/Jan/2026:13:42:36 +0800] "GET / HTTP/1.1" 200 87136 "-" "Mozilla/5.0 (Windows NT 10.0; Win64; x64; rv:104.0) Gecko/20100101 Firefox/104.0"
103.4.122.14 - - [15/Jan/2026:13:42:47 +0800] "POST /wp-cron.php?doing_wp_cron=1768455767.2857010364532470703125 HTTP/1.1" 200 - "-" "WordPress/6.9; https://nutritaste.com.au"
103.4.122.14 - - [15/Jan/2026:13:42:28 +0800] "GET /wp-admin/admin-ajax.php?action=wordfence_doScan&isFork=1&scanMode=standard&cronKey=d3764abc61a9202c4eea4b79abb52eba&signature=48e4e4ea932b86cf13295ed7f30c093c1c1410770e6f16e629ffcd6d8c718987 HTTP/1.1" 200 - "-" "WordPress/6.9; https://nutritaste.com.au"
103.4.122.14 - - [15/Jan/2026:13:43:05 +0800] "POST /wp-cron.php?doing_wp_cron=1768455785.2853579521179199218750 HTTP/1.1" 200 - "-" "WordPress/6.9; https://nutritaste.com.au"
103.4.122.14 - - [15/Jan/2026:13:42:46 +0800] "GET /wp-admin/admin-ajax.php?action=wordfence_doScan&isFork=1&scanMode=standard&cronKey=43e0592332c10e592e9373c301921b63&signature=08b2bc3b9f791d560448def933a000318d20764718b9c3603140bfb1e5f79901 HTTP/1.1" 200 - "-" "WordPress/6.9; https://nutritaste.com.au"
103.4.122.14 - - [15/Jan/2026:13:43:23 +0800] "POST /wp-cron.php?doing_wp_cron=1768455803.3013150691986083984375 HTTP/1.1" 200 - "-" "WordPress/6.9; https://nutritaste.com.au"
103.4.122.14 - - [15/Jan/2026:13:43:04 +0800] "GET /wp-admin/admin-ajax.php?action=wordfence_doScan&isFork=1&scanMode=standard&cronKey=996ec9df98820502044c45f04803e6d9&signature=316170a1e631ac2d0044226306471962a2c30e20f59d2f7584639e0d21e55b1b HTTP/1.1" 200 - "-" "WordPress/6.9; https://nutritaste.com.au"
103.4.122.14 - - [15/Jan/2026:13:43:41 +0800] "POST /wp-cron.php?doing_wp_cron=1768455821.3145329952239990234375 HTTP/1.1" 200 - "-" "WordPress/6.9; https://nutritaste.com.au"
103.4.122.14 - - [15/Jan/2026:13:43:22 +0800] "GET /wp-admin/admin-ajax.php?action=wordfence_doScan&isFork=1&scanMode=standard&cronKey=f7f8d8fce15ff5445a19cfda85e31494&signature=da55f0270502b7724288025edec735da045f6890a0df1c150243cff9604e98bd HTTP/1.1" 200 - "-" "WordPress/6.9; https://nutritaste.com.au"
103.4.122.14 - - [15/Jan/2026:13:43:59 +0800] "POST /wp-cron.php?doing_wp_cron=1768455839.2895650863647460937500 HTTP/1.1" 200 - "-" "WordPress/6.9; https://nutritaste.com.au"
103.4.122.14 - - [15/Jan/2026:13:43:40 +0800] "GET /wp-admin/admin-ajax.php?action=wordfence_doScan&isFork=1&scanMode=standard&cronKey=276e41f7584f30edf50a870372bd5235&signature=749136ce4d9988b8005f19faabdcccf260637a37276f44824320c101dca0d5f2 HTTP/1.1" 200 - "-" "WordPress/6.9; https://nutritaste.com.au"
103.4.122.14 - - [15/Jan/2026:13:44:17 +0800] "POST /wp-cron.php?doing_wp_cron=1768455857.2934548854827880859375 HTTP/1.1" 200 - "-" "WordPress/6.9; https://nutritaste.com.au"
103.4.122.14 - - [15/Jan/2026:13:43:58 +0800] "GET /wp-admin/admin-ajax.php?action=wordfence_doScan&isFork=1&scanMode=standard&cronKey=f63056f230e411d10d321ce3e00f4682&signature=f57a49024c7450335569926117a17592cee6e21e157aa25fb5e4e2776c92d47e HTTP/1.1" 200 - "-" "WordPress/6.9; https://nutritaste.com.au"
103.4.122.14 - - [15/Jan/2026:13:44:35 +0800] "POST /wp-cron.php?doing_wp_cron=1768455875.3161230087280273437500 HTTP/1.1" 200 - "-" "WordPress/6.9; https://nutritaste.com.au"
103.4.122.14 - - [15/Jan/2026:13:44:16 +0800] "GET /wp-admin/admin-ajax.php?action=wordfence_doScan&isFork=1&scanMode=standard&cronKey=b9319135b02c07673697cabba407b903&signature=614f00173c0412153331ced0ff144c2ac9132c826aa75c4ac31cb92ce4eb07c2 HTTP/1.1" 200 - "-" "WordPress/6.9; https://nutritaste.com.au"
103.4.122.14 - - [15/Jan/2026:13:44:53 +0800] "POST /wp-cron.php?doing_wp_cron=1768455893.2982931137084960937500 HTTP/1.1" 200 - "-" "WordPress/6.9; https://nutritaste.com.au"
103.4.122.14 - - [15/Jan/2026:13:44:34 +0800] "GET /wp-admin/admin-ajax.php?action=wordfence_doScan&isFork=1&scanMode=standard&cronKey=cc9bc2bdcc8fb77914a71f051ea331fe&signature=18fe18b1eba7c9234caf46f2113c3c95b6d6eb5a5da28bb583c1090dafc89559 HTTP/1.1" 200 - "-" "WordPress/6.9; https://nutritaste.com.au"
103.4.122.14 - - [15/Jan/2026:13:45:11 +0800] "POST /wp-cron.php?doing_wp_cron=1768455911.2859349250793457031250 HTTP/1.1" 200 - "-" "WordPress/6.9; https://nutritaste.com.au"
103.4.122.14 - - [15/Jan/2026:13:44:52 +0800] "GET /wp-admin/admin-ajax.php?action=wordfence_doScan&isFork=1&scanMode=standard&cronKey=f5b7b4839e1b419a58c659c00dedd382&signature=f5bc2455d4be42f00eee9dd1e3705b15fad39a0d069497cfa4ccc714c1cc962d HTTP/1.1" 200 - "-" "WordPress/6.9; https://nutritaste.com.au"
103.4.122.14 - - [15/Jan/2026:13:45:29 +0800] "POST /wp-cron.php?doing_wp_cron=1768455929.3040819168090820312500 HTTP/1.1" 200 - "-" "WordPress/6.9; https://nutritaste.com.au"
103.4.122.14 - - [15/Jan/2026:13:45:10 +0800] "GET /wp-admin/admin-ajax.php?action=wordfence_doScan&isFork=1&scanMode=standard&cronKey=fa5bed0b1967882f34a0aebe2d31e489&signature=be0e53a3d4ddd1b5ef312b623bf024b221b901ff41c7c0437d7529d2a4e3b51d HTTP/1.1" 200 - "-" "WordPress/6.9; https://nutritaste.com.au"
103.4.122.14 - - [15/Jan/2026:13:45:47 +0800] "POST /wp-cron.php?doing_wp_cron=1768455947.2901849746704101562500 HTTP/1.1" 200 - "-" "WordPress/6.9; https://nutritaste.com.au"
103.4.122.14 - - [15/Jan/2026:13:45:28 +0800] "GET /wp-admin/admin-ajax.php?action=wordfence_doScan&isFork=1&scanMode=standard&cronKey=dfbbae7cd1b8e2d6d3ae6e6273134afa&signature=7584ce69632f74fe9d395cc824d01821bf8a23c3478ab9d1c47ad34957099f0c HTTP/1.1" 200 - "-" "WordPress/6.9; https://nutritaste.com.au"
103.4.122.14 - - [15/Jan/2026:13:45:46 +0800] "GET /wp-admin/admin-ajax.php?action=wordfence_doScan&isFork=1&scanMode=standard&cronKey=083a90bd2fe5e2a9889bbe8255e5b2d8&signature=0934dedf564eee8ce79c18307f1b5e3732dcd11aa3e0096ed2fa9c7e51748d90 HTTP/1.1" 200 - "-" "WordPress/6.9; https://nutritaste.com.au"
103.4.122.14 - - [15/Jan/2026:13:46:05 +0800] "POST /wp-cron.php?doing_wp_cron=1768455965.2827498912811279296875 HTTP/1.1" 200 - "-" "WordPress/6.9; https://nutritaste.com.au"
103.4.122.14 - - [15/Jan/2026:13:46:04 +0800] "GET /wp-admin/admin-ajax.php?action=wordfence_doScan&isFork=1&scanMode=standard&cronKey=99fdb9420b71b087505a758ecbcab886&signature=bba81741a74e48b9ecb9476a607babaed590b6e997281f9dad97a47250b8d394 HTTP/1.1" 200 - "-" "WordPress/6.9; https://nutritaste.com.au"
103.4.122.14 - - [15/Jan/2026:13:46:42 +0800] "POST /wp-cron.php?doing_wp_cron=1768456002.3332860469818115234375 HTTP/1.1" 200 - "-" "WordPress/6.9; https://nutritaste.com.au"
103.4.122.14 - - [15/Jan/2026:13:46:23 +0800] "GET /wp-admin/admin-ajax.php?action=wordfence_doScan&isFork=1&scanMode=standard&cronKey=d007d063c46dbd8429282f2d89ca757d&signature=d1a24e1c9dbadb02e14f77dfaa4be69552dd198879374875ebbc250b51e80c9e HTTP/1.1" 200 - "-" "WordPress/6.9; https://nutritaste.com.au"
103.4.122.14 - - [15/Jan/2026:13:46:41 +0800] "GET /wp-admin/admin-ajax.php?action=wordfence_doScan&isFork=1&scanMode=standard&cronKey=ab7b4580544508118d46c03772e165be&signature=23edf15145783d262ecabbfdc51abf9647930a6a1849588f17295eea01f37e6d HTTP/1.1" 200 - "-" "WordPress/6.9; https://nutritaste.com.au"
103.4.122.14 - - [15/Jan/2026:13:47:00 +0800] "POST /wp-cron.php?doing_wp_cron=1768456020.3305089473724365234375 HTTP/1.1" 200 - "-" "WordPress/6.9; https://nutritaste.com.au"
103.4.122.14 - - [15/Jan/2026:13:46:59 +0800] "GET /wp-admin/admin-ajax.php?action=wordfence_doScan&isFork=1&scanMode=standard&cronKey=a25e3f5b8a01f663888f675514faada5&signature=4509e705176dc45f0e9f368a2e9805453780c603fbc374e673e3f07be1c36cff HTTP/1.1" 200 - "-" "WordPress/6.9; https://nutritaste.com.au"
103.4.122.14 - - [15/Jan/2026:13:47:37 +0800] "POST /wp-cron.php?doing_wp_cron=1768456057.2943589687347412109375 HTTP/1.1" 200 - "-" "WordPress/6.9; https://nutritaste.com.au"
103.4.122.14 - - [15/Jan/2026:13:47:18 +0800] "GET /wp-admin/admin-ajax.php?action=wordfence_doScan&isFork=1&scanMode=standard&cronKey=ebabbcf19d571c35958827d3df579a96&signature=dee1fb89e1ae89d9b395b7a50f3ab6a0fe2b5a4a3ebfbf86efa0fc1d91c5ead3 HTTP/1.1" 200 - "-" "WordPress/6.9; https://nutritaste.com.au"
103.4.122.14 - - [15/Jan/2026:13:47:55 +0800] "POST /wp-cron.php?doing_wp_cron=1768456075.2884759902954101562500 HTTP/1.1" 200 - "-" "WordPress/6.9; https://nutritaste.com.au"
103.4.122.14 - - [15/Jan/2026:13:47:36 +0800] "GET /wp-admin/admin-ajax.php?action=wordfence_doScan&isFork=1&scanMode=standard&cronKey=16caed46edc6bb1d4b25830ce49eb9b1&signature=aad1d93881365c1d114509c26bb8b0ff143147dd94de017edc5f287490f90a27 HTTP/1.1" 200 - "-" "WordPress/6.9; https://nutritaste.com.au"
103.4.122.14 - - [15/Jan/2026:13:48:13 +0800] "POST /wp-cron.php?doing_wp_cron=1768456093.2997739315032958984375 HTTP/1.1" 200 - "-" "WordPress/6.9; https://nutritaste.com.au"
103.4.122.14 - - [15/Jan/2026:13:47:54 +0800] "GET /wp-admin/admin-ajax.php?action=wordfence_doScan&isFork=1&scanMode=standard&cronKey=e6cb99f1da9572ac0ea59b7b27b65bf8&signature=4b058cc4f18fb6ee09c0e12418c7101a5809542a6dc188d13206ae3e327b2708 HTTP/1.1" 200 - "-" "WordPress/6.9; https://nutritaste.com.au"
103.4.122.14 - - [15/Jan/2026:13:48:31 +0800] "POST /wp-cron.php?doing_wp_cron=1768456111.3002901077270507812500 HTTP/1.1" 200 - "-" "WordPress/6.9; https://nutritaste.com.au"
103.4.122.14 - - [15/Jan/2026:13:48:12 +0800] "GET /wp-admin/admin-ajax.php?action=wordfence_doScan&isFork=1&scanMode=standard&cronKey=8c76b80794f41c635982d5ceee00684e&signature=ad623955a1844529c2fc627258eca53d19bbf0d7dcbc91f2c89589dadc633e00 HTTP/1.1" 200 - "-" "WordPress/6.9; https://nutritaste.com.au"
103.4.122.14 - - [15/Jan/2026:13:48:49 +0800] "POST /wp-cron.php?doing_wp_cron=1768456129.2881419658660888671875 HTTP/1.1" 200 - "-" "WordPress/6.9; https://nutritaste.com.au"
103.4.122.14 - - [15/Jan/2026:13:48:30 +0800] "GET /wp-admin/admin-ajax.php?action=wordfence_doScan&isFork=1&scanMode=standard&cronKey=0164f42f7f81de83221b40398b255a93&signature=e193de5a642c7215bb08ba257237233656f0149fb8272ae6b6762dcacca03622 HTTP/1.1" 200 - "-" "WordPress/6.9; https://nutritaste.com.au"
103.4.122.14 - - [15/Jan/2026:13:49:07 +0800] "POST /wp-cron.php?doing_wp_cron=1768456147.2966370582580566406250 HTTP/1.1" 200 - "-" "WordPress/6.9; https://nutritaste.com.au"
103.4.122.14 - - [15/Jan/2026:13:48:48 +0800] "GET /wp-admin/admin-ajax.php?action=wordfence_doScan&isFork=1&scanMode=standard&cronKey=a0cd6cd41969b40135f995bc533926eb&signature=8f9c3fccf0f56f8e87b775d17be90a4a1ad4ab3eb9ab60c9df387d38c5036d37 HTTP/1.1" 200 - "-" "WordPress/6.9; https://nutritaste.com.au"
103.4.122.14 - - [15/Jan/2026:13:49:25 +0800] "POST /wp-cron.php?doing_wp_cron=1768456165.3490300178527832031250 HTTP/1.1" 200 - "-" "WordPress/6.9; https://nutritaste.com.au"
103.4.122.14 - - [15/Jan/2026:13:49:06 +0800] "GET /wp-admin/admin-ajax.php?action=wordfence_doScan&isFork=1&scanMode=standard&cronKey=baf63b52eb6d838c242e8798dd438f1c&signature=c977ec717991e68aef5a82aa6799b6002cc2339b9f8f5c362ca321936dd2abea HTTP/1.1" 200 - "-" "WordPress/6.9; https://nutritaste.com.au"
103.4.122.14 - - [15/Jan/2026:13:49:43 +0800] "POST /wp-cron.php?doing_wp_cron=1768456183.2860710620880126953125 HTTP/1.1" 200 - "-" "WordPress/6.9; https://nutritaste.com.au"
103.4.122.14 - - [15/Jan/2026:13:49:24 +0800] "GET /wp-admin/admin-ajax.php?action=wordfence_doScan&isFork=1&scanMode=standard&cronKey=d7c8f402216baa8d5f7a342f2f172a3a&signature=1d123856cd8765dfdf49f68495c84fb7e05f5688452d28b4ee792e01f0b0ce26 HTTP/1.1" 200 - "-" "WordPress/6.9; https://nutritaste.com.au"
103.4.122.14 - - [15/Jan/2026:13:50:01 +0800] "POST /wp-cron.php?doing_wp_cron=1768456201.3330969810485839843750 HTTP/1.1" 200 - "-" "WordPress/6.9; https://nutritaste.com.au"
103.4.122.14 - - [15/Jan/2026:13:49:42 +0800] "GET /wp-admin/admin-ajax.php?action=wordfence_doScan&isFork=1&scanMode=standard&cronKey=63ddf7ad552f570738cfd8394c702256&signature=3e1b4ddce17e8ab9277b109d4c1882b15371ac84e68bd22f7714fce32430efb3 HTTP/1.1" 200 - "-" "WordPress/6.9; https://nutritaste.com.au"
103.4.122.14 - - [15/Jan/2026:13:50:19 +0800] "POST /wp-cron.php?doing_wp_cron=1768456219.2898900508880615234375 HTTP/1.1" 200 - "-" "WordPress/6.9; https://nutritaste.com.au"
103.4.122.14 - - [15/Jan/2026:13:50:00 +0800] "GET /wp-admin/admin-ajax.php?action=wordfence_doScan&isFork=1&scanMode=standard&cronKey=86267d30a3035b2a8a9d564d84a44a17&signature=63ffbc02449220f39fc55f0d5f9572ae5826dcde993e8184fcb4a651831d9281 HTTP/1.1" 200 - "-" "WordPress/6.9; https://nutritaste.com.au"
103.4.122.14 - - [15/Jan/2026:13:50:18 +0800] "GET /wp-admin/admin-ajax.php?action=wordfence_doScan&isFork=1&scanMode=standard&cronKey=163fe32c4cd3f072123f0df18bab8579&signature=186a7eb486cbd30e24fbf0abf6dc568a15fcf18b084383993f0e07d22b074781 HTTP/1.1" 200 - "-" "WordPress/6.9; https://nutritaste.com.au"
103.4.122.14 - - [15/Jan/2026:13:50:56 +0800] "POST /wp-cron.php?doing_wp_cron=1768456256.2962000370025634765625 HTTP/1.1" 200 - "-" "WordPress/6.9; https://nutritaste.com.au"
103.4.122.14 - - [15/Jan/2026:13:50:37 +0800] "GET /wp-admin/admin-ajax.php?action=wordfence_doScan&isFork=1&scanMode=standard&cronKey=b1fe30f23c08f903e759e18f5a126b32&signature=a930b06b1736ca5e72aa3dba4b38c3bb9ee351d01178ef883cfccbe6121ef88b HTTP/1.1" 200 - "-" "WordPress/6.9; https://nutritaste.com.au"
103.4.122.14 - - [15/Jan/2026:13:51:14 +0800] "POST /wp-cron.php?doing_wp_cron=1768456274.3248810768127441406250 HTTP/1.1" 200 - "-" "WordPress/6.9; https://nutritaste.com.au"
103.4.122.14 - - [15/Jan/2026:13:50:55 +0800] "GET /wp-admin/admin-ajax.php?action=wordfence_doScan&isFork=1&scanMode=standard&cronKey=33a95a5a5fd302c61c2d3e5668805c47&signature=adb147e03ea6e0690b24cb981816be416c2306d435460322429e56bc3f31e7bc HTTP/1.1" 200 - "-" "WordPress/6.9; https://nutritaste.com.au"
103.4.122.14 - - [15/Jan/2026:13:51:32 +0800] "POST /wp-cron.php?doing_wp_cron=1768456292.3551480770111083984375 HTTP/1.1" 200 - "-" "WordPress/6.9; https://nutritaste.com.au"
103.4.122.14 - - [15/Jan/2026:13:51:13 +0800] "GET /wp-admin/admin-ajax.php?action=wordfence_doScan&isFork=1&scanMode=standard&cronKey=ce53cb2383748067aa9db203afb713ed&signature=838363d6eb1e7b699f9960cd7775ace095b805e2cc79e36a050cecc4a05342f0 HTTP/1.1" 200 - "-" "WordPress/6.9; https://nutritaste.com.au"
103.4.122.14 - - [15/Jan/2026:13:51:50 +0800] "POST /wp-cron.php?doing_wp_cron=1768456310.3828349113464355468750 HTTP/1.1" 200 - "-" "WordPress/6.9; https://nutritaste.com.au"
103.4.122.14 - - [15/Jan/2026:13:51:31 +0800] "GET /wp-admin/admin-ajax.php?action=wordfence_doScan&isFork=1&scanMode=standard&cronKey=2eb2e2294de1870a74bdbe5f18df2a1d&signature=2d9decd59070d05415853eae9c69935a943f15a93c2912f76596805bd846a85c HTTP/1.1" 200 - "-" "WordPress/6.9; https://nutritaste.com.au"
103.4.122.14 - - [15/Jan/2026:13:52:08 +0800] "POST /wp-cron.php?doing_wp_cron=1768456328.3129200935363769531250 HTTP/1.1" 200 - "-" "WordPress/6.9; https://nutritaste.com.au"
103.4.122.14 - - [15/Jan/2026:13:51:49 +0800] "GET /wp-admin/admin-ajax.php?action=wordfence_doScan&isFork=1&scanMode=standard&cronKey=b11967e3f6571cd1992a36e1b304759d&signature=92c83f134c54bd740818a4e47c9c6363271fadab9f1e63160a31c1c2b61a7090 HTTP/1.1" 200 - "-" "WordPress/6.9; https://nutritaste.com.au"
103.4.122.14 - - [15/Jan/2026:13:52:12 +0800] "POST /wp-cron.php?doing_wp_cron=1768456332.6879529953002929687500 HTTP/1.1" 200 - "-" "WordPress/6.9; https://nutritaste.com.au"
103.4.122.14 - - [15/Jan/2026:13:52:07 +0800] "GET /wp-admin/admin-ajax.php?action=wordfence_doScan&isFork=1&scanMode=standard&cronKey=77fb4b364db2646771422d7fc256455d&signature=9d83e0bb5f6fc39c3663824c90fb29a13701282909b51ba1fb7d788f990a9ed0 HTTP/1.1" 200 - "-" "WordPress/6.9; https://nutritaste.com.au"
103.4.122.14 - - [15/Jan/2026:14:22:26 +0800] "POST /wp-cron.php?doing_wp_cron=1768458146.2780449390411376953125 HTTP/1.1" 200 - "-" "WordPress/6.9; https://nutritaste.com.au"
100.52.3.146 - - [15/Jan/2026:14:22:24 +0800] "GET / HTTP/1.1" 301 - "-" "Mozilla/5.0 (Windows NT 10.0; Win64; x64) AppleWebKit/537.36 (KHTML, like Gecko) Chrome/135.0.0.0 Safari/537.36 Edg/135.0.0.0"
100.52.3.146 - - [15/Jan/2026:14:22:28 +0800] "GET / HTTP/1.1" 200 16952 "-" "Mozilla/5.0 (Windows NT 10.0; Win64; x64) AppleWebKit/537.36 (KHTML, like Gecko) Chrome/135.0.0.0 Safari/537.36 Edg/135.0.0.0"
103.4.122.14 - - [15/Jan/2026:14:22:41 +0800] "POST /wp-cron.php?doing_wp_cron=1768458161.8234100341796875000000 HTTP/1.1" 200 - "-" "WordPress/6.9; https://nutritaste.com.au"
104.248.33.228 - - [15/Jan/2026:14:22:38 +0800] "POST /wp-login.php HTTP/1.1" 503 7315 "-" "Mozilla/5.0 (Windows NT 10.0; Win64; x64; rv:84.0) Gecko/20100101 Firefox/84.0"
103.4.122.14 - - [15/Jan/2026:15:37:14 +0800] "POST /wp-cron.php?doing_wp_cron=1768462634.6638228893280029296875 HTTP/1.1" 200 - "-" "WordPress/6.9; https://nutritaste.com.au"
212.38.94.93 - - [15/Jan/2026:15:37:10 +0800] "POST /wp-login.php HTTP/1.1" 503 7316 "-" "Mozilla/5.0 (Windows NT 10.0; Win64; x64; rv:73.0) Gecko/20100101 Firefox/73.0"
195.10.205.227 - - [15/Jan/2026:16:38:10 +0800] "GET /phpMyAdmin/ HTTP/1.1" 301 237 "-" "Mozilla/5.0 (Windows NT 10.0; Win64; x64) AppleWebKit/537.36 (KHTML, like Gecko) Chrome/130.0.0.0 Safari/537.36"
195.10.205.227 - - [15/Jan/2026:16:38:10 +0800] "GET /phpmyadmin/index.php HTTP/1.1" 301 246 "-" "Mozilla/5.0 (Windows NT 10.0; Win64; x64) AppleWebKit/537.36 (KHTML, like Gecko) Chrome/130.0.0.0 Safari/537.36"
195.10.205.227 - - [15/Jan/2026:16:38:10 +0800] "GET /phpmyadmin/ HTTP/1.1" 301 237 "-" "Mozilla/5.0 (Windows NT 10.0; Win64; x64) AppleWebKit/537.36 (KHTML, like Gecko) Chrome/130.0.0.0 Safari/537.36"
195.10.205.227 - - [15/Jan/2026:16:38:10 +0800] "GET /phpMyAdmin/index.php HTTP/1.1" 301 246 "-" "Mozilla/5.0 (Windows NT 10.0; Win64; x64) AppleWebKit/537.36 (KHTML, like Gecko) Chrome/130.0.0.0 Safari/537.36"
195.10.205.227 - - [15/Jan/2026:16:38:10 +0800] "GET / HTTP/1.1" 200 16952 "-" "Mozilla/5.0 (Windows NT 10.0; Win64; x64) AppleWebKit/537.36 (KHTML, like Gecko) Chrome/130.0.0.0 Safari/537.36"
103.4.122.14 - - [15/Jan/2026:16:57:21 +0800] "POST /wp-cron.php?doing_wp_cron=1768467441.4559669494628906250000 HTTP/1.1" 200 - "-" "WordPress/6.9; https://nutritaste.com.au"
51.68.236.95 - - [15/Jan/2026:16:57:18 +0800] "GET /robots.txt HTTP/1.1" 200 69 "-" "Mozilla/5.0 (compatible; MJ12bot/v2.0.4; http://mj12bot.com/)"
51.68.236.95 - - [15/Jan/2026:16:57:21 +0800] "GET / HTTP/1.1" 301 - "-" "Mozilla/5.0 (compatible; MJ12bot/v2.0.4; http://mj12bot.com/)"
103.4.122.14 - - [15/Jan/2026:16:57:25 +0800] "POST /wp-cron.php?doing_wp_cron=1768467445.8698740005493164062500 HTTP/1.1" 200 - "-" "WordPress/6.9; https://nutritaste.com.au"
103.4.122.14 - - [15/Jan/2026:16:57:24 +0800] "POST /wp-admin/admin-ajax.php HTTP/1.1" 200 21 "-" "WordPress/6.9; https://nutritaste.com.au"
51.68.236.95 - - [15/Jan/2026:16:57:24 +0800] "GET /robots.txt HTTP/1.1" 200 69 "-" "Mozilla/5.0 (compatible; MJ12bot/v2.0.4; http://mj12bot.com/)"
51.68.236.95 - - [15/Jan/2026:16:57:26 +0800] "GET / HTTP/1.1" 200 16952 "-" "Mozilla/5.0 (compatible; MJ12bot/v2.0.4; http://mj12bot.com/)"
103.4.122.14 - - [15/Jan/2026:16:59:00 +0800] "POST /wp-cron.php?doing_wp_cron=1768467540.0399990081787109375000 HTTP/1.1" 200 - "-" "WordPress/6.9; https://nutritaste.com.au"
123.31.41.118 - - [15/Jan/2026:16:58:56 +0800] "POST /wp-login.php HTTP/1.1" 503 7315 "-" "Mozilla/5.0 (Windows NT 10.0; Win64; x64; rv:89.0) Gecko/20100101 Firefox/89.0"
223.231.232.228 - - [15/Jan/2026:17:34:36 +0800] "POST /xmlrpc.php HTTP/1.1" 503 15037 "-" "Mozilla/5.0 (X11; Ubuntu; Linux x86_64; x86) AppleWebKit/537.36 (KHTML, like Gecko) Opera/70.0.0.0 Safari/537.36"
103.4.122.14 - - [15/Jan/2026:17:34:39 +0800] "POST /wp-cron.php?doing_wp_cron=1768469679.2097499370574951171875 HTTP/1.1" 200 - "-" "WordPress/6.9; https://nutritaste.com.au"
103.4.122.14 - - [15/Jan/2026:18:03:06 +0800] "POST /wp-cron.php?doing_wp_cron=1768471386.0306699275970458984375 HTTP/1.1" 200 - "-" "WordPress/6.9; https://nutritaste.com.au"
103.7.206.0 - - [15/Jan/2026:18:03:03 +0800] "POST /xmlrpc.php HTTP/1.1" 200 403 "-" "Mozilla/5.0 (Windows NT 10.0; Win64; x64) AppleWebKit/537.36 (KHTML, like Gecko) Chrome/91.0.4472.124 Safari/537.36"
103.4.122.14 - - [15/Jan/2026:18:03:10 +0800] "POST /wp-cron.php?doing_wp_cron=1768471390.4840450286865234375000 HTTP/1.1" 200 - "-" "WordPress/6.9; https://nutritaste.com.au"
103.4.122.14 - - [15/Jan/2026:18:03:08 +0800] "POST /wp-admin/admin-ajax.php HTTP/1.1" 200 21 "-" "WordPress/6.9; https://nutritaste.com.au"
103.4.122.14 - - [15/Jan/2026:18:04:58 +0800] "POST /wp-cron.php?doing_wp_cron=1768471498.1402781009674072265625 HTTP/1.1" 200 - "-" "WordPress/6.9; https://nutritaste.com.au"
195.10.205.227 - - [15/Jan/2026:18:04:56 +0800] "GET /adminer.php HTTP/1.1" 404 10866 "-" "Mozilla/5.0 (Windows NT 10.0; Win64; x64) AppleWebKit/537.36 (KHTML, like Gecko) Chrome/130.0.0.0 Safari/537.36"
195.10.205.227 - - [15/Jan/2026:18:04:59 +0800] "GET /adminer/ HTTP/1.1" 404 10864 "-" "Mozilla/5.0 (Windows NT 10.0; Win64; x64) AppleWebKit/537.36 (KHTML, like Gecko) Chrome/130.0.0.0 Safari/537.36"
