91.98.178.14 - - [25/Jan/2026:19:40:49 +0800] "GET /wp-content/uploads/elementor/google-fonts/fonts/ibmplexsans-zyxzkvelmyyaje8bplhncwdkr932-g7dytd-dmu1syxekyy.woff2 HTTP/1.1" 200 45594 "https://nutritaste.com.au/wp-content/uploads/elementor/google-fonts/css/ibmplexsans.css?ver=1749610296" "Mozilla/5.0 (Windows NT 10.0; Win64; x64) AppleWebKit/537.36 (KHTML, like Gecko) Chrome/131.0.0.0 Safari/537.36"
91.98.178.14 - - [25/Jan/2026:19:40:50 +0800] "GET /wp-content/uploads/elementor/google-fonts/fonts/roboto-kfo5cnqeu92fr1mu53zec9_vu3r1gihoszmkbnka.woff2 HTTP/1.1" 200 44220 "https://nutritaste.com.au/wp-content/uploads/elementor/google-fonts/css/roboto.css?ver=1749610262" "Mozilla/5.0 (Windows NT 10.0; Win64; x64) AppleWebKit/537.36 (KHTML, like Gecko) Chrome/131.0.0.0 Safari/537.36"
103.4.122.14 - - [25/Jan/2026:19:40:52 +0800] "POST /wp-cron.php?doing_wp_cron=1769341251.9521269798278808593750 HTTP/1.1" 200 - "-" "WordPress/6.9; https://nutritaste.com.au"
91.98.178.14 - - [25/Jan/2026:19:40:50 +0800] "POST /wp-json/metform/v1/forms/views/328 HTTP/1.1" 403 100 "https://nutritaste.com.au/" "Mozilla/5.0 (Windows NT 10.0; Win64; x64) AppleWebKit/537.36 (KHTML, like Gecko) Chrome/131.0.0.0 Safari/537.36"
91.98.178.14 - - [25/Jan/2026:19:40:54 +0800] "GET /wp-content/uploads/2025/03/cropped-NutriTaste-favicon2-32x32.png HTTP/1.1" 200 1243 "https://nutritaste.com.au/" "Mozilla/5.0 (Windows NT 10.0; Win64; x64) AppleWebKit/537.36 (KHTML, like Gecko) Chrome/131.0.0.0 Safari/537.36"
103.4.122.14 - - [25/Jan/2026:19:50:51 +0800] "POST /wp-cron.php?doing_wp_cron=1769341851.3623840808868408203125 HTTP/1.1" 200 - "-" "WordPress/6.9; https://nutritaste.com.au"
15.204.155.25 - - [25/Jan/2026:19:50:49 +0800] "GET /images/images/cache.php HTTP/1.1" 404 52577 "-" "Mozilla/5.0 (Windows NT 10.0; Win64; x64) AppleWebKit/537.36 (KHTML, like Gecko) Chrome/127.0.0.0 Safari/537.36"
103.4.122.14 - - [25/Jan/2026:20:12:23 +0800] "POST /wp-cron.php?doing_wp_cron=1769343143.6896920204162597656250 HTTP/1.1" 200 - "-" "WordPress/6.9; https://nutritaste.com.au"
66.249.79.234 - - [25/Jan/2026:20:12:11 +0800] "GET /robots.txt HTTP/1.1" 200 69 "-" "Mozilla/5.0 (compatible; Googlebot/2.1; +http://www.google.com/bot.html)"
103.4.122.14 - - [25/Jan/2026:20:12:28 +0800] "POST /wp-cron.php?doing_wp_cron=1769343148.7523839473724365234375 HTTP/1.1" 200 - "-" "WordPress/6.9; https://nutritaste.com.au"
103.4.122.14 - - [25/Jan/2026:20:12:26 +0800] "POST /wp-admin/admin-ajax.php HTTP/1.1" 200 21 "-" "WordPress/6.9; https://nutritaste.com.au"
103.4.122.14 - - [25/Jan/2026:20:37:56 +0800] "POST /wp-cron.php?doing_wp_cron=1769344676.5079419612884521484375 HTTP/1.1" 200 - "-" "WordPress/6.9; https://nutritaste.com.au"
46.62.194.3 - - [25/Jan/2026:20:37:52 +0800] "POST /wp-login.php HTTP/1.1" 503 7315 "-" "Mozilla/5.0 (Windows NT 10.0; Win64; x64; rv:83.0) Gecko/20100101 Firefox/83.0"
103.4.122.14 - - [25/Jan/2026:20:38:27 +0800] "POST /wp-cron.php?doing_wp_cron=1769344707.4377369880676269531250 HTTP/1.1" 200 - "-" "WordPress/6.9; https://nutritaste.com.au"
15.204.155.25 - - [25/Jan/2026:20:38:24 +0800] "GET /?check_plugin HTTP/1.1" 200 85724 "-" "Mozilla/5.0 (Windows NT 10.0; Win64; x64) AppleWebKit/537.36 (KHTML, like Gecko) Chrome/127.0.0.0 Safari/537.36"
103.4.122.14 - - [25/Jan/2026:20:56:53 +0800] "POST /wp-cron.php?doing_wp_cron=1769345813.8273310661315917968750 HTTP/1.1" 200 - "-" "WordPress/6.9; https://nutritaste.com.au"
192.36.166.94 - - [25/Jan/2026:20:56:52 +0800] "GET / HTTP/1.1" 301 - "-" "Mozilla/5.0 (Linux; Android 12; SAMSUNG SM-A415F) AppleWebKit/537.36 (KHTML, like Gecko) SamsungBrowser/23.0 Chrome/115.0.0.0 Mobile Safari/537.3"
192.121.146.24 - - [25/Jan/2026:20:56:55 +0800] "GET / HTTP/1.1" 200 16320 "http://nutritaste.com.au/" "Mozilla/5.0 (Linux; Android 12; SAMSUNG SM-A415F) AppleWebKit/537.36 (KHTML, like Gecko) SamsungBrowser/23.0 Chrome/115.0.0.0 Mobile Safari/537.3"
103.4.122.14 - - [25/Jan/2026:20:57:00 +0800] "POST /wp-cron.php?doing_wp_cron=1769345820.5619480609893798828125 HTTP/1.1" 200 - "-" "WordPress/6.9; https://nutritaste.com.au"
192.36.217.48 - - [25/Jan/2026:20:56:58 +0800] "GET /brochure/ HTTP/1.1" 200 11510 "-" "Mozilla/5.0 (Linux; Android 12; SAMSUNG SM-A415F) AppleWebKit/537.36 (KHTML, like Gecko) SamsungBrowser/23.0 Chrome/115.0.0.0 Mobile Safari/537.3"
103.4.122.14 - - [25/Jan/2026:21:45:59 +0800] "POST /wp-cron.php?doing_wp_cron=1769348759.9532179832458496093750 HTTP/1.1" 200 - "-" "WordPress/6.9; https://nutritaste.com.au"
85.128.143.141 - - [25/Jan/2026:21:45:56 +0800] "POST /wp-login.php HTTP/1.1" 503 7315 "-" "Mozilla/5.0 (Windows NT 10.0; Win64; x64; rv:82.0) Gecko/20100101 Firefox/82.0"
103.4.122.14 - - [25/Jan/2026:21:58:54 +0800] "POST /wp-cron.php?doing_wp_cron=1769349534.4545478820800781250000 HTTP/1.1" 200 - "-" "WordPress/6.9; https://nutritaste.com.au"
74.7.228.1 - - [25/Jan/2026:21:58:52 +0800] "GET /robots.txt HTTP/1.1" 301 - "-" "Mozilla/5.0 (Macintosh; Intel Mac OS X 10_15_7) AppleWebKit/537.36 (KHTML, like Gecko) Chrome/131.0.0.0 Safari/537.36; compatible; OAI-SearchBot/1.3; robots.txt; +https://openai.com/searchbot"
74.7.228.1 - - [25/Jan/2026:21:58:54 +0800] "GET /robots.txt HTTP/1.1" 200 69 "http://www.nutritaste.com.au/robots.txt" "Mozilla/5.0 (Macintosh; Intel Mac OS X 10_15_7) AppleWebKit/537.36 (KHTML, like Gecko) Chrome/131.0.0.0 Safari/537.36; compatible; OAI-SearchBot/1.3; robots.txt; +https://openai.com/searchbot"
103.4.122.14 - - [25/Jan/2026:22:18:09 +0800] "POST /wp-cron.php?doing_wp_cron=1769350689.0958459377288818359375 HTTP/1.1" 200 - "-" "WordPress/6.9; https://nutritaste.com.au"
92.255.85.73 - - [25/Jan/2026:22:18:07 +0800] "GET / HTTP/1.0" 301 - "http://nutritaste.com.au/" "Mozilla/5.0 (Windows NT 10.0; Win64; x64) AppleWebKit/537.36 (KHTML, like Gecko) Chrome/129.0.0.0 Safari/537.36"
92.255.85.73 - - [25/Jan/2026:22:18:10 +0800] "GET / HTTP/1.0" 200 87136 "https://nutritaste.com.au/" "Mozilla/5.0 (Windows NT 10.0; Win64; x64) AppleWebKit/537.36 (KHTML, like Gecko) Chrome/129.0.0.0 Safari/537.36"
103.4.122.14 - - [25/Jan/2026:22:18:13 +0800] "POST /wp-cron.php?doing_wp_cron=1769350693.5178198814392089843750 HTTP/1.1" 200 - "-" "WordPress/6.9; https://nutritaste.com.au"
103.4.122.14 - - [25/Jan/2026:22:18:11 +0800] "POST /wp-admin/admin-ajax.php HTTP/1.1" 200 21 "-" "WordPress/6.9; https://nutritaste.com.au"
92.255.85.73 - - [25/Jan/2026:22:18:12 +0800] "POST /wp-admin/admin-ajax.php HTTP/1.0" 200 112 "https://nutritaste.com.au/" "Mozilla/5.0 (Windows NT 10.0; Win64; x64) AppleWebKit/537.36 (KHTML, like Gecko) Chrome/129.0.0.0 Safari/537.36"
103.4.122.14 - - [25/Jan/2026:22:57:30 +0800] "POST /wp-cron.php?doing_wp_cron=1769353050.2490100860595703125000 HTTP/1.1" 200 - "-" "WordPress/6.9; https://nutritaste.com.au"
141.94.139.189 - - [25/Jan/2026:22:57:25 +0800] "POST /wp-login.php HTTP/1.1" 503 7314 "-" "Mozilla/5.0 (Windows NT 10.0; Win64; x64; rv:77.0) Gecko/20100101 Firefox/77.0"
103.4.122.14 - - [25/Jan/2026:22:57:35 +0800] "POST /wp-cron.php?doing_wp_cron=1769353055.5359070301055908203125 HTTP/1.1" 200 - "-" "WordPress/6.9; https://nutritaste.com.au"
103.4.122.14 - - [25/Jan/2026:22:57:33 +0800] "POST /wp-admin/admin-ajax.php HTTP/1.1" 200 21 "-" "WordPress/6.9; https://nutritaste.com.au"
103.4.122.14 - - [25/Jan/2026:23:00:29 +0800] "POST /wp-cron.php?doing_wp_cron=1769353229.2162930965423583984375 HTTP/1.1" 200 - "-" "WordPress/6.9; https://nutritaste.com.au"
113.166.92.134 - - [25/Jan/2026:23:00:26 +0800] "GET /wp-json/wp/v2/posts?per_page=5&_fields=author%2Clink&timeout=15&follow_redirects=true&decode=auto-html HTTP/1.1" 200 22 "-" "Mozilla/5.0 (X11; Linux x86_64) AppleWebKit/537.36 (KHTML, like Gecko) Chrome/143.0.0.0 Safari/537.36"
103.4.122.14 - - [25/Jan/2026:23:03:40 +0800] "POST /wp-cron.php?doing_wp_cron=1769353420.2771899700164794921875 HTTP/1.1" 200 - "-" "WordPress/6.9; https://nutritaste.com.au"
103.82.22.214 - - [25/Jan/2026:23:03:38 +0800] "GET /index.php?rest_route=%2Fwp%2Fv2%2Fusers&timeout=15&follow_redirects=true&decode=auto-html HTTP/1.1" 401 110 "-" "Mozilla/5.0 (X11; Linux x86_64) AppleWebKit/537.36 (KHTML, like Gecko) Chrome/143.0.0.0 Safari/537.36"
103.4.122.14 - - [25/Jan/2026:23:04:09 +0800] "POST /wp-cron.php?doing_wp_cron=1769353449.9250841140747070312500 HTTP/1.1" 200 - "-" "WordPress/6.9; https://nutritaste.com.au"
78.153.151.6 - - [25/Jan/2026:23:04:08 +0800] "GET / HTTP/1.1" 301 - "-" "Mozilla/5.0 (Windows NT 10.0; Win64; x64) AppleWebKit/537.36 (KHTML, like Gecko; compatible; BW/1.3; rb.gy/qyzae5) Chrome/124.0.0.0 Safari/537.36"
78.153.151.6 - - [25/Jan/2026:23:04:11 +0800] "GET / HTTP/1.1" 200 16952 "-" "Mozilla/5.0 (Windows NT 10.0; Win64; x64) AppleWebKit/537.36 (KHTML, like Gecko; compatible; BW/1.3; rb.gy/qyzae5) Chrome/124.0.0.0 Safari/537.36"
103.4.122.14 - - [25/Jan/2026:23:04:15 +0800] "POST /wp-cron.php?doing_wp_cron=1769353455.2968189716339111328125 HTTP/1.1" 200 - "-" "WordPress/6.9; https://nutritaste.com.au"
78.153.151.6 - - [25/Jan/2026:23:04:13 +0800] "GET /robots.txt HTTP/1.1" 200 69 "-" "Mozilla/5.0 (Windows NT 10.0; Win64; x64) AppleWebKit/537.36 (KHTML, like Gecko; compatible; BW/1.3; rb.gy/qyzae5) Chrome/124.0.0.0 Safari/537.36"
78.153.151.6 - - [25/Jan/2026:23:04:16 +0800] "GET /brochure/ HTTP/1.1" 200 12090 "-" "Mozilla/5.0 (Windows NT 10.0; Win64; x64) AppleWebKit/537.36 (KHTML, like Gecko; compatible; BW/1.3; rb.gy/qyzae5) Chrome/124.0.0.0 Safari/537.36"
78.153.151.6 - - [25/Jan/2026:23:04:16 +0800] "GET /ads.txt HTTP/1.1" 404 10866 "-" "Mozilla/5.0 (Windows NT 10.0; Win64; x64) AppleWebKit/537.36 (KHTML, like Gecko; compatible; BW/1.3; rb.gy/qyzae5) Chrome/124.0.0.0 Safari/537.36"
103.4.122.14 - - [25/Jan/2026:23:05:22 +0800] "POST /wp-cron.php?doing_wp_cron=1769353522.1999850273132324218750 HTTP/1.1" 200 - "-" "WordPress/6.9; https://nutritaste.com.au"
103.48.194.67 - - [25/Jan/2026:23:05:19 +0800] "GET /feed/?timeout=15&follow_redirects=true&decode=auto-html HTTP/1.1" 200 555 "-" "Mozilla/5.0 (X11; Linux x86_64) AppleWebKit/537.36 (KHTML, like Gecko) Chrome/143.0.0.0 Safari/537.36"
150.129.44.212 - - [25/Jan/2026:23:56:08 +0800] "GET / HTTP/1.1" 200 16952 "-" "Mozilla/5.0 (Windows NT 10.0; Win64; x64) AppleWebKit/537.36 (KHTML, like Gecko) Chrome/57.0.2987.133 Safari/537.36"
150.129.44.212 - - [25/Jan/2026:23:56:08 +0800] "GET /brochure/ HTTP/1.1" 200 12090 "-" "Mozilla/5.0 (Windows NT 10.0; Win64; x64) AppleWebKit/537.36 (KHTML, like Gecko) Chrome/57.0.2987.133 Safari/537.36"
103.4.122.14 - - [26/Jan/2026:00:13:26 +0800] "POST /wp-cron.php?doing_wp_cron=1769357606.5741748809814453125000 HTTP/1.1" 200 - "-" "WordPress/6.9; https://nutritaste.com.au"
5.129.215.121 - - [26/Jan/2026:00:13:23 +0800] "POST /wp-login.php HTTP/1.1" 503 7315 "-" "Mozilla/5.0 (Windows NT 10.0; Win64; x64; rv:84.0) Gecko/20100101 Firefox/84.0"
103.4.122.14 - - [26/Jan/2026:00:13:28 +0800] "GET /wp-json/wp/v2/types/post HTTP/1.1" 200 274 "-" "WordPress/6.9; https://nutritaste.com.au"
103.4.122.14 - - [26/Jan/2026:00:13:32 +0800] "POST /wp-admin/admin-ajax.php?action=wordfence_testAjax HTTP/1.1" 200 32 "-" "WordPress/6.9; https://nutritaste.com.au"
103.4.122.14 - - [26/Jan/2026:00:13:34 +0800] "GET /wp-admin/admin-ajax.php?action=wordfence_doScan&isFork=0&scanMode=quick&cronKey=1497e85111dd90eda9a9a793cd66d165&signature=00fb686f0bfaf2f0cda216db53ccbc4f0fb7d3dad8da698595bad20ea6d696b8 HTTP/1.1" 200 - "-" "WordPress/6.9; https://nutritaste.com.au"
103.4.122.14 - - [26/Jan/2026:00:13:39 +0800] "POST /wp-cron.php?doing_wp_cron=1769357618.8814918994903564453125 HTTP/1.1" 200 - "-" "WordPress/6.9; https://nutritaste.com.au"
103.4.122.14 - - [26/Jan/2026:00:13:37 +0800] "POST /wp-admin/admin-ajax.php HTTP/1.1" 200 21 "-" "WordPress/6.9; https://nutritaste.com.au"
150.129.44.212 - - [26/Jan/2026:00:44:32 +0800] "GET /brochure/ HTTP/1.1" 200 12090 "-" "Mozilla/5.0 (Windows NT 10.0; Win64; x64) AppleWebKit/537.36 (KHTML, like Gecko) Chrome/57.0.2987.133 Safari/537.36"
103.4.122.14 - - [26/Jan/2026:00:44:36 +0800] "POST /wp-cron.php?doing_wp_cron=1769359475.9355039596557617187500 HTTP/1.1" 200 - "-" "WordPress/6.9; https://nutritaste.com.au"
150.129.44.212 - - [26/Jan/2026:00:44:33 +0800] "GET /?pdfemb-data=eyJ1cmwiOiJodHRwczpcL1wvbnV0cml0YXN0ZS5jb20uYXVcL3dwLWNvbnRlbnRcL3VwbG9hZHNcLzIwMjVcLzAyXC9GTi1Ccm9jaHVyZS1VcGRhdGUtRmVicnVhcnktMjAyNC1lbWFpbC5wZGYiLCJpbmRleCI6MSwicGRmSUQiOjM3N30 HTTP/1.1" 200 3576 "-" "Mozilla/5.0 (Windows NT 10.0; Win64; x64) AppleWebKit/537.36 (KHTML, like Gecko) Chrome/57.0.2987.133 Safari/537.36"
4.147.25.85 - - [26/Jan/2026:00:51:58 +0800] "GET / HTTP/1.1" 200 16952 "-" "Mozilla/5.0 (Windows NT 10.0; Win64; x64) AppleWebKit/537.36 (KHTML, like Gecko) Chrome/91.0.4472.124 Safari/537.36"
103.4.122.14 - - [26/Jan/2026:00:52:01 +0800] "POST /wp-cron.php?doing_wp_cron=1769359920.8300640583038330078125 HTTP/1.1" 200 - "-" "WordPress/6.9; https://nutritaste.com.au"
4.147.25.85 - - [26/Jan/2026:00:51:58 +0800] "GET /magento_version HTTP/1.1" 404 10871 "-" "Mozilla/5.0 (Windows NT 10.0; Win64; x64) AppleWebKit/537.36 (KHTML, like Gecko) Chrome/91.0.4472.124 Safari/537.36"
4.147.25.85 - - [26/Jan/2026:00:52:01 +0800] "GET /index.php?route=checkout/cart HTTP/1.1" 301 - "-" "Mozilla/5.0 (Windows NT 10.0; Win64; x64) AppleWebKit/537.36 (KHTML, like Gecko) Chrome/91.0.4472.124 Safari/537.36"
103.4.122.14 - - [26/Jan/2026:00:52:06 +0800] "POST /wp-cron.php?doing_wp_cron=1769359926.3295779228210449218750 HTTP/1.1" 200 - "-" "WordPress/6.9; https://nutritaste.com.au"
4.147.25.85 - - [26/Jan/2026:00:52:04 +0800] "GET /?route=checkout%2Fcart HTTP/1.1" 200 16320 "https://nutritaste.com.au/index.php?route=checkout/cart" "Mozilla/5.0 (Windows NT 10.0; Win64; x64) AppleWebKit/537.36 (KHTML, like Gecko) Chrome/91.0.4472.124 Safari/537.36"
103.4.122.14 - - [26/Jan/2026:00:52:09 +0800] "POST /wp-cron.php?doing_wp_cron=1769359929.6823399066925048828125 HTTP/1.1" 200 - "-" "WordPress/6.9; https://nutritaste.com.au"
4.147.25.85 - - [26/Jan/2026:00:52:08 +0800] "GET /index.php?route=account/register HTTP/1.1" 301 - "-" "Mozilla/5.0 (Windows NT 10.0; Win64; x64) AppleWebKit/537.36 (KHTML, like Gecko) Chrome/91.0.4472.124 Safari/537.36"
4.147.25.85 - - [26/Jan/2026:00:52:09 +0800] "GET /?route=account%2Fregister HTTP/1.1" 200 16320 "https://nutritaste.com.au/index.php?route=account/register" "Mozilla/5.0 (Windows NT 10.0; Win64; x64) AppleWebKit/537.36 (KHTML, like Gecko) Chrome/91.0.4472.124 Safari/537.36"
103.4.122.14 - - [26/Jan/2026:00:52:12 +0800] "POST /wp-cron.php?doing_wp_cron=1769359932.8567340373992919921875 HTTP/1.1" 200 - "-" "WordPress/6.9; https://nutritaste.com.au"
4.147.25.85 - - [26/Jan/2026:00:52:11 +0800] "GET /index.php?route=account/login HTTP/1.1" 301 - "-" "Mozilla/5.0 (Windows NT 10.0; Win64; x64) AppleWebKit/537.36 (KHTML, like Gecko) Chrome/91.0.4472.124 Safari/537.36"
4.147.25.85 - - [26/Jan/2026:00:52:13 +0800] "GET /?route=account%2Flogin HTTP/1.1" 200 16320 "https://nutritaste.com.au/index.php?route=account/login" "Mozilla/5.0 (Windows NT 10.0; Win64; x64) AppleWebKit/537.36 (KHTML, like Gecko) Chrome/91.0.4472.124 Safari/537.36"
103.4.122.14 - - [26/Jan/2026:00:52:16 +0800] "POST /wp-cron.php?doing_wp_cron=1769359936.4068529605865478515625 HTTP/1.1" 200 - "-" "WordPress/6.9; https://nutritaste.com.au"
4.147.25.85 - - [26/Jan/2026:00:52:14 +0800] "GET /wp-login.php?action=register HTTP/1.1" 302 - "-" "Mozilla/5.0 (Windows NT 10.0; Win64; x64) AppleWebKit/537.36 (KHTML, like Gecko) Chrome/91.0.4472.124 Safari/537.36"
4.147.25.85 - - [26/Jan/2026:00:52:16 +0800] "GET /wp-login.php?registration=disabled HTTP/1.1" 200 3275 "https://nutritaste.com.au/wp-login.php?action=register" "Mozilla/5.0 (Windows NT 10.0; Win64; x64) AppleWebKit/537.36 (KHTML, like Gecko) Chrome/91.0.4472.124 Safari/537.36"
103.4.122.14 - - [26/Jan/2026:01:03:58 +0800] "POST /wp-cron.php?doing_wp_cron=1769360638.6279249191284179687500 HTTP/1.1" 200 - "-" "WordPress/6.9; https://nutritaste.com.au"
102.211.199.135 - - [26/Jan/2026:01:03:55 +0800] "GET / HTTP/1.1" 301 - "-" "Mozilla/5.0 (Windows NT 10.0; Win64; x64) AppleWebKit/537.36 (KHTML, like Gecko) Chrome/91.0.4472.124 Safari/537.36"
102.211.199.135 - - [26/Jan/2026:01:03:59 +0800] "GET / HTTP/1.1" 301 - "-" "Mozilla/5.0 (Windows NT 10.0; Win64; x64) AppleWebKit/537.36 (KHTML, like Gecko) Chrome/91.0.4472.124 Safari/537.36"
102.211.199.135 - - [26/Jan/2026:01:04:03 +0800] "GET / HTTP/1.1" 200 16952 "http://www.nutritaste.com.au" "Mozilla/5.0 (Windows NT 10.0; Win64; x64) AppleWebKit/537.36 (KHTML, like Gecko) Chrome/91.0.4472.124 Safari/537.36"
103.4.122.14 - - [26/Jan/2026:01:04:05 +0800] "POST /wp-cron.php?doing_wp_cron=1769360645.3952209949493408203125 HTTP/1.1" 200 - "-" "WordPress/6.9; https://nutritaste.com.au"
102.211.199.135 - - [26/Jan/2026:01:04:03 +0800] "GET /magento_version HTTP/1.1" 301 - "-" "Mozilla/5.0 (Windows NT 10.0; Win64; x64) AppleWebKit/537.36 (KHTML, like Gecko) Chrome/91.0.4472.124 Safari/537.36"
103.4.122.14 - - [26/Jan/2026:01:04:09 +0800] "POST /wp-cron.php?doing_wp_cron=1769360649.3087589740753173828125 HTTP/1.1" 200 - "-" "WordPress/6.9; https://nutritaste.com.au"
102.211.199.135 - - [26/Jan/2026:01:04:07 +0800] "GET /magento_version HTTP/1.1" 404 10879 "http://www.nutritaste.com.au/magento_version" "Mozilla/5.0 (Windows NT 10.0; Win64; x64) AppleWebKit/537.36 (KHTML, like Gecko) Chrome/91.0.4472.124 Safari/537.36"
102.211.199.135 - - [26/Jan/2026:01:04:08 +0800] "GET /index.php?route=checkout/cart HTTP/1.1" 301 - "-" "Mozilla/5.0 (Windows NT 10.0; Win64; x64) AppleWebKit/537.36 (KHTML, like Gecko) Chrome/91.0.4472.124 Safari/537.36"
103.4.122.14 - - [26/Jan/2026:01:04:14 +0800] "POST /wp-cron.php?doing_wp_cron=1769360654.3159229755401611328125 HTTP/1.1" 200 - "-" "WordPress/6.9; https://nutritaste.com.au"
102.211.199.135 - - [26/Jan/2026:01:04:12 +0800] "GET /?route=checkout%2Fcart HTTP/1.1" 200 16320 "http://www.nutritaste.com.au/index.php?route=checkout/cart" "Mozilla/5.0 (Windows NT 10.0; Win64; x64) AppleWebKit/537.36 (KHTML, like Gecko) Chrome/91.0.4472.124 Safari/537.36"
102.211.199.135 - - [26/Jan/2026:01:04:13 +0800] "GET /index.php?route=account/register HTTP/1.1" 301 - "-" "Mozilla/5.0 (Windows NT 10.0; Win64; x64) AppleWebKit/537.36 (KHTML, like Gecko) Chrome/91.0.4472.124 Safari/537.36"
103.4.122.14 - - [26/Jan/2026:01:04:19 +0800] "POST /wp-cron.php?doing_wp_cron=1769360659.5041689872741699218750 HTTP/1.1" 200 - "-" "WordPress/6.9; https://nutritaste.com.au"
102.211.199.135 - - [26/Jan/2026:01:04:17 +0800] "GET /?route=account%2Fregister HTTP/1.1" 200 16320 "http://www.nutritaste.com.au/index.php?route=account/register" "Mozilla/5.0 (Windows NT 10.0; Win64; x64) AppleWebKit/537.36 (KHTML, like Gecko) Chrome/91.0.4472.124 Safari/537.36"
102.211.199.135 - - [26/Jan/2026:01:04:18 +0800] "GET /index.php?route=account/login HTTP/1.1" 301 - "-" "Mozilla/5.0 (Windows NT 10.0; Win64; x64) AppleWebKit/537.36 (KHTML, like Gecko) Chrome/91.0.4472.124 Safari/537.36"
103.4.122.14 - - [26/Jan/2026:01:04:23 +0800] "POST /wp-cron.php?doing_wp_cron=1769360663.9292790889739990234375 HTTP/1.1" 200 - "-" "WordPress/6.9; https://nutritaste.com.au"
102.211.199.135 - - [26/Jan/2026:01:04:22 +0800] "GET /?route=account%2Flogin HTTP/1.1" 200 16320 "http://www.nutritaste.com.au/index.php?route=account/login" "Mozilla/5.0 (Windows NT 10.0; Win64; x64) AppleWebKit/537.36 (KHTML, like Gecko) Chrome/91.0.4472.124 Safari/537.36"
102.211.199.135 - - [26/Jan/2026:01:04:23 +0800] "GET /index.php?route=checkout/checkout HTTP/1.1" 301 - "-" "Mozilla/5.0 (Windows NT 10.0; Win64; x64) AppleWebKit/537.36 (KHTML, like Gecko) Chrome/91.0.4472.124 Safari/537.36"
103.4.122.14 - - [26/Jan/2026:01:04:29 +0800] "POST /wp-cron.php?doing_wp_cron=1769360669.2031478881835937500000 HTTP/1.1" 200 - "-" "WordPress/6.9; https://nutritaste.com.au"
102.211.199.135 - - [26/Jan/2026:01:04:27 +0800] "GET /?route=checkout%2Fcheckout HTTP/1.1" 200 16320 "http://www.nutritaste.com.au/index.php?route=checkout/checkout" "Mozilla/5.0 (Windows NT 10.0; Win64; x64) AppleWebKit/537.36 (KHTML, like Gecko) Chrome/91.0.4472.124 Safari/537.36"
102.211.199.135 - - [26/Jan/2026:01:04:28 +0800] "GET /admin/ HTTP/1.1" 301 - "-" "Mozilla/5.0 (Windows NT 10.0; Win64; x64) AppleWebKit/537.36 (KHTML, like Gecko) Chrome/91.0.4472.124 Safari/537.36"
103.4.122.14 - - [26/Jan/2026:01:04:32 +0800] "POST /wp-cron.php?doing_wp_cron=1769360672.8018469810485839843750 HTTP/1.1" 200 - "-" "WordPress/6.9; https://nutritaste.com.au"
102.211.199.135 - - [26/Jan/2026:01:04:31 +0800] "GET /admin/ HTTP/1.1" 302 - "http://www.nutritaste.com.au/admin/" "Mozilla/5.0 (Windows NT 10.0; Win64; x64) AppleWebKit/537.36 (KHTML, like Gecko) Chrome/91.0.4472.124 Safari/537.36"
102.211.199.135 - - [26/Jan/2026:01:04:33 +0800] "GET /wp-login.php?action=register HTTP/1.1" 302 - "-" "Mozilla/5.0 (Windows NT 10.0; Win64; x64) AppleWebKit/537.36 (KHTML, like Gecko) Chrome/91.0.4472.124 Safari/537.36"
103.4.122.14 - - [26/Jan/2026:01:04:37 +0800] "POST /wp-cron.php?doing_wp_cron=1769360677.1978590488433837890625 HTTP/1.1" 200 - "-" "WordPress/6.9; https://nutritaste.com.au"
102.211.199.135 - - [26/Jan/2026:01:04:35 +0800] "GET /wp-admin/ HTTP/1.1" 302 - "http://www.nutritaste.com.au/wp-login.php?action=register" "Mozilla/5.0 (Windows NT 10.0; Win64; x64) AppleWebKit/537.36 (KHTML, like Gecko) Chrome/91.0.4472.124 Safari/537.36"
102.211.199.135 - - [26/Jan/2026:01:04:37 +0800] "GET /wp-login.php?redirect_to=https%3A%2F%2Fnutritaste.com.au%2Fwp-admin%2F&reauth=1 HTTP/1.1" 200 3204 "https://nutritaste.com.au/wp-admin/" "Mozilla/5.0 (Windows NT 10.0; Win64; x64) AppleWebKit/537.36 (KHTML, like Gecko) Chrome/91.0.4472.124 Safari/537.36"
103.4.122.14 - - [26/Jan/2026:02:49:53 +0800] "POST /wp-cron.php?doing_wp_cron=1769366993.0514700412750244140625 HTTP/1.1" 200 - "-" "WordPress/6.9; https://nutritaste.com.au"
120.232.242.119 - - [26/Jan/2026:02:49:51 +0800] "GET /wp-json/wp/v2/posts HTTP/1.1" 200 22 "-" "Mozilla/5.0 (Windows NT 10.0; Win64; x64) AppleWebKit/537.36 (KHTML, like Gecko) Chrome/120.0.0.0 Safari/537.36"
103.4.122.14 - - [26/Jan/2026:02:49:58 +0800] "POST /wp-cron.php?doing_wp_cron=1769366997.6017260551452636718750 HTTP/1.1" 200 - "-" "WordPress/6.9; https://nutritaste.com.au"
103.4.122.14 - - [26/Jan/2026:02:49:55 +0800] "POST /wp-admin/admin-ajax.php HTTP/1.1" 200 21 "-" "WordPress/6.9; https://nutritaste.com.au"
159.203.3.128 - - [26/Jan/2026:04:30:16 +0800] "GET / HTTP/1.1" 403 199 "-" "Mozilla/5.0 (Windows NT 10.0; Win64; x64) AppleWebKit/537.36 (KHTML, like Gecko) Chrome/89.0.4389.114 Safari/537.36"
159.203.3.128 - - [26/Jan/2026:04:30:17 +0800] "GET / HTTP/1.1" 403 199 "-" "Mozilla/5.0 (Windows NT 10.0; Win64; x64) AppleWebKit/537.36 (KHTML, like Gecko) Chrome/89.0.4389.114 Safari/537.36"
159.203.3.128 - - [26/Jan/2026:04:30:17 +0800] "GET /wp-includes/wlwmanifest.xml HTTP/1.1" 403 199 "-" "Mozilla/5.0 (Windows NT 10.0; Win64; x64) AppleWebKit/537.36 (KHTML, like Gecko) Chrome/89.0.4389.114 Safari/537.36"
103.4.122.14 - - [26/Jan/2026:04:54:00 +0800] "POST /wp-cron.php?doing_wp_cron=1769374440.8798260688781738281250 HTTP/1.1" 200 - "-" "WordPress/6.9; https://nutritaste.com.au"
173.165.4.61 - - [26/Jan/2026:04:53:56 +0800] "POST /wp-login.php HTTP/1.1" 503 7314 "-" "Mozilla/5.0 (Windows NT 10.0; Win64; x64; rv:44.0) Gecko/20100101 Firefox/44.0"
103.4.122.14 - - [26/Jan/2026:04:54:05 +0800] "POST /wp-cron.php?doing_wp_cron=1769374445.7880220413208007812500 HTTP/1.1" 200 - "-" "WordPress/6.9; https://nutritaste.com.au"
103.4.122.14 - - [26/Jan/2026:04:54:03 +0800] "POST /wp-admin/admin-ajax.php HTTP/1.1" 200 21 "-" "WordPress/6.9; https://nutritaste.com.au"
103.4.122.14 - - [26/Jan/2026:06:05:16 +0800] "POST /wp-cron.php?doing_wp_cron=1769378716.2789340019226074218750 HTTP/1.1" 200 - "-" "WordPress/6.9; https://nutritaste.com.au"
5.101.50.197 - - [26/Jan/2026:06:05:12 +0800] "POST /wp-login.php HTTP/1.1" 503 7315 "-" "Mozilla/5.0 (Windows NT 10.0; Win64; x64; rv:99.0) Gecko/20100101 Firefox/99.0"
103.4.122.14 - - [26/Jan/2026:07:13:08 +0800] "POST /wp-cron.php?doing_wp_cron=1769382788.4432799816131591796875 HTTP/1.1" 200 - "-" "WordPress/6.9; https://nutritaste.com.au"
173.165.4.61 - - [26/Jan/2026:07:13:03 +0800] "POST /wp-login.php HTTP/1.1" 503 7315 "-" "Mozilla/5.0 (Windows NT 10.0; Win64; x64; rv:49.0) Gecko/20100101 Firefox/49.0"
103.4.122.14 - - [26/Jan/2026:07:13:12 +0800] "POST /wp-cron.php?doing_wp_cron=1769382792.7108700275421142578125 HTTP/1.1" 200 - "-" "WordPress/6.9; https://nutritaste.com.au"
103.4.122.14 - - [26/Jan/2026:07:13:11 +0800] "POST /wp-admin/admin-ajax.php HTTP/1.1" 200 21 "-" "WordPress/6.9; https://nutritaste.com.au"
103.4.122.14 - - [26/Jan/2026:09:24:41 +0800] "POST /wp-cron.php?doing_wp_cron=1769390681.5029690265655517578125 HTTP/1.1" 200 - "-" "WordPress/6.9; https://nutritaste.com.au"
84.74.180.97 - - [26/Jan/2026:09:24:26 +0800] "POST /wp-login.php HTTP/1.1" 503 7313 "-" "Mozilla/5.0 (Windows NT 10.0; Win64; x64; rv:43.0) Gecko/20100101 Firefox/43.0"
103.4.122.14 - - [26/Jan/2026:09:25:10 +0800] "POST /wp-admin/admin-post.php HTTP/1.1" 200 32 "-" "WordPress/6.9; https://nutritaste.com.au"
103.4.122.14 - - [26/Jan/2026:09:25:14 +0800] "POST /wp-cron.php?doing_wp_cron=1769390714.4362819194793701171875 HTTP/1.1" 200 - "-" "WordPress/6.9; https://nutritaste.com.au"
103.4.122.14 - - [26/Jan/2026:09:25:12 +0800] "POST /wp-admin/admin-ajax.php HTTP/1.1" 200 21 "-" "WordPress/6.9; https://nutritaste.com.au"
103.4.122.14 - - [26/Jan/2026:10:35:34 +0800] "POST /wp-cron.php?doing_wp_cron=1769394934.3464848995208740234375 HTTP/1.1" 200 - "-" "WordPress/6.9; https://nutritaste.com.au"
217.160.88.219 - - [26/Jan/2026:10:35:30 +0800] "POST /wp-login.php HTTP/1.1" 503 7313 "-" "Mozilla/5.0 (Windows NT 10.0; Win64; x64; rv:87.0) Gecko/20100101 Firefox/87.0"
103.4.122.14 - - [26/Jan/2026:11:29:26 +0800] "POST /wp-cron.php?doing_wp_cron=1769398166.0802719593048095703125 HTTP/1.1" 200 - "-" "WordPress/6.9; https://nutritaste.com.au"
192.71.2.99 - - [26/Jan/2026:11:29:23 +0800] "GET / HTTP/1.1" 301 - "-" "Mozilla/5.0 (Windows NT 10.0; Win64; x64) AppleWebKit/537.36 (KHTML, like Gecko) Chrome/122.0.0.0 Safari/537.36 Agency/93.8.2357.5"
192.71.126.151 - - [26/Jan/2026:11:29:27 +0800] "GET / HTTP/1.1" 200 16952 "http://nutritaste.com.au/" "Mozilla/5.0 (Windows NT 10.0; Win64; x64) AppleWebKit/537.36 (KHTML, like Gecko) Chrome/122.0.0.0 Safari/537.36 Agency/93.8.2357.5"
192.71.2.56 - - [26/Jan/2026:11:29:28 +0800] "GET /brochure/ HTTP/1.1" 200 12090 "-" "Mozilla/5.0 (Windows NT 10.0; Win64; x64) AppleWebKit/537.36 (KHTML, like Gecko) Chrome/122.0.0.0 Safari/537.36 Agency/93.8.2357.5"
103.4.122.14 - - [26/Jan/2026:11:48:11 +0800] "POST /wp-cron.php?doing_wp_cron=1769399291.0945160388946533203125 HTTP/1.1" 200 - "-" "WordPress/6.9; https://nutritaste.com.au"
5.253.0.94 - - [26/Jan/2026:11:48:07 +0800] "POST /wp-login.php HTTP/1.1" 503 7313 "-" "Mozilla/5.0 (Windows NT 10.0; Win64; x64; rv:85.0) Gecko/20100101 Firefox/85.0"
103.4.122.14 - - [26/Jan/2026:11:54:28 +0800] "POST /wp-cron.php?doing_wp_cron=1769399668.3773860931396484375000 HTTP/1.1" 200 - "-" "WordPress/6.9; https://nutritaste.com.au"
43.249.224.154 - - [26/Jan/2026:11:54:26 +0800] "GET /wp-json/wp/v2/posts HTTP/1.1" 200 22 "-" "Mozilla/5.0 (Windows NT 10.0; Win64; x64) AppleWebKit/537.36 (KHTML, like Gecko) Chrome/120.0.0.0 Safari/537.36"
103.4.122.14 - - [26/Jan/2026:12:52:36 +0800] "POST /wp-cron.php?doing_wp_cron=1769403156.1875360012054443359375 HTTP/1.1" 200 - "-" "WordPress/6.9; https://nutritaste.com.au"
49.146.55.25 - - [26/Jan/2026:12:52:34 +0800] "GET /wp-json/wp/v2/posts HTTP/1.1" 200 22 "-" "Mozilla/5.0 (Windows NT 10.0; Win64; x64) AppleWebKit/537.36 (KHTML, like Gecko) Chrome/120.0.0.0 Safari/537.36"
103.4.122.14 - - [26/Jan/2026:12:52:42 +0800] "POST /wp-cron.php?doing_wp_cron=1769403161.8199689388275146484375 HTTP/1.1" 200 - "-" "WordPress/6.9; https://nutritaste.com.au"
103.4.122.14 - - [26/Jan/2026:12:52:39 +0800] "POST /wp-admin/admin-ajax.php HTTP/1.1" 200 21 "-" "WordPress/6.9; https://nutritaste.com.au"
103.4.122.14 - - [26/Jan/2026:12:54:17 +0800] "POST /wp-cron.php?doing_wp_cron=1769403257.2566950321197509765625 HTTP/1.1" 200 - "-" "WordPress/6.9; https://nutritaste.com.au"
198.186.130.79 - - [26/Jan/2026:12:54:13 +0800] "POST /wp-login.php HTTP/1.1" 503 7313 "-" "Mozilla/5.0 (Windows NT 10.0; Win64; x64; rv:65.0) Gecko/20100101 Firefox/65.0"
172.86.123.179 - - [26/Jan/2026:19:58:37 +0800] "GET /wp-content/plugins/wpclean/wpclean.php?k=woo2025 HTTP/1.1" 403 199 "-" "Mozilla/5.0 (Windows NT 10.0; Win64; x64; WOW64; rv:41.0) Gecko/20100101 Firefox/140.0 (x64 de)"
199.244.88.232 - - [26/Jan/2026:20:01:12 +0800] "GET /wp-content/uploads/2025/03/cropped-NutriTaste-favicon2-32x32.png HTTP/1.1" 200 1243 "-" "Mozilla/5.0 (Macintosh; Intel Mac OS X 10_15_7) AppleWebKit/537.36 (KHTML, like Gecko) Chrome/120.0.0.0 Safari/537.36"
199.244.88.232 - - [26/Jan/2026:20:01:12 +0800] "GET /wp-content/uploads/2025/03/cropped-NutriTaste-favicon2-192x192.png HTTP/1.1" 200 11647 "-" "Mozilla/5.0 (Macintosh; Intel Mac OS X 10_15_7) AppleWebKit/537.36 (KHTML, like Gecko) Chrome/120.0.0.0 Safari/537.36"
103.4.122.14 - - [26/Jan/2026:21:45:18 +0800] "POST /wp-cron.php?doing_wp_cron=1769435118.0149750709533691406250 HTTP/1.1" 200 - "-" "WordPress/6.9; https://nutritaste.com.au"
66.249.79.235 - - [26/Jan/2026:21:45:04 +0800] "GET /robots.txt HTTP/1.1" 200 69 "-" "Mozilla/5.0 (compatible; Googlebot/2.1; +http://www.google.com/bot.html)"
207.246.255.44 - - [26/Jan/2026:21:45:24 +0800] "POST / HTTP/1.1" 200 44 "-" "Mozilla/5.0 (Windows NT 10.0; Win64; x64) AppleWebKit/537.36 (KHTML, like Gecko) Chrome/59.0.3071.115 Safari/537.36"
103.4.122.14 - - [26/Jan/2026:22:54:03 +0800] "POST /wp-cron.php?doing_wp_cron=1769439243.3882710933685302734375 HTTP/1.1" 200 - "-" "WordPress/6.9; https://nutritaste.com.au"
45.133.5.98 - - [26/Jan/2026:22:54:01 +0800] "GET /wp-login.php HTTP/1.1" 200 3205 "-" "Mozilla/5.0 (Windows NT 10.0; Win64; x64; rv:104.0) Gecko/20100101 Firefox/104.0"
45.133.5.98 - - [26/Jan/2026:22:54:03 +0800] "GET /?author=1 HTTP/1.1" 302 - "-" "Mozilla/5.0 (Windows NT 10.0; Win64; x64; rv:100.0) Gecko/20100101 Firefox/100.0"
45.133.5.98 - - [26/Jan/2026:22:54:04 +0800] "GET /?rest_route=/wp/v2/users HTTP/1.1" 401 110 "-" "Mozilla/5.0 (Windows NT 10.0; Win64; x64; rv:104.0) Gecko/20100101 Firefox/104.0"
103.4.122.14 - - [26/Jan/2026:22:54:07 +0800] "POST /wp-cron.php?doing_wp_cron=1769439247.5976929664611816406250 HTTP/1.1" 200 - "-" "WordPress/6.9; https://nutritaste.com.au"
45.133.5.98 - - [26/Jan/2026:22:54:06 +0800] "GET /feed HTTP/1.1" 301 - "-" "Mozilla/5.0 (Windows NT 10.0; Win64; x64; rv:115.0) Gecko/20100101 Firefox/115.0"
45.133.5.98 - - [26/Jan/2026:22:54:07 +0800] "GET /feed/ HTTP/1.1" 200 512 "-" "Mozilla/5.0 (Windows NT 10.0; Win64; x64; rv:115.0) Gecko/20100101 Firefox/115.0"
223.185.60.80 - - [26/Jan/2026:23:10:30 +0800] "POST /xmlrpc.php HTTP/1.1" 503 15037 "-" "Mozilla/5.0 (Macintosh; Intel Mac OS X 10_15_7; x64) AppleWebKit/537.36 (KHTML, like Gecko) Opera/67.0.0.0 Safari/537.36"
103.4.122.14 - - [26/Jan/2026:23:10:33 +0800] "POST /wp-cron.php?doing_wp_cron=1769440233.3248119354248046875000 HTTP/1.1" 200 - "-" "WordPress/6.9; https://nutritaste.com.au"
103.4.122.14 - - [26/Jan/2026:23:10:39 +0800] "POST /wp-cron.php?doing_wp_cron=1769440239.7536621093750000000000 HTTP/1.1" 200 - "-" "WordPress/6.9; https://nutritaste.com.au"
103.4.122.14 - - [26/Jan/2026:23:10:37 +0800] "POST /wp-admin/admin-ajax.php HTTP/1.1" 200 21 "-" "WordPress/6.9; https://nutritaste.com.au"
103.4.122.14 - - [26/Jan/2026:23:12:17 +0800] "POST /wp-cron.php?doing_wp_cron=1769440337.1146659851074218750000 HTTP/1.1" 200 - "-" "WordPress/6.9; https://nutritaste.com.au"
103.166.103.183 - - [26/Jan/2026:23:12:14 +0800] "POST /xmlrpc.php HTTP/1.1" 503 18950 "-" "Mozilla/5.0 (Linux; Android 10; x64) AppleWebKit/537.36 (KHTML, like Gecko) Edge/90.0.0.0 Safari/537.36"
95.85.238.54 - - [27/Jan/2026:00:34:20 +0800] "POST /wp-json/sure-triggers/v1/automation/action HTTP/1.1" 403 6627 "-" "Mozilla/5.0 (Macintosh; Intel Mac OS X 10_15_7) AppleWebKit/537.36 (KHTML, like Gecko) Chrome/113.0.0.0 Safari/537.36"
95.85.238.54 - - [27/Jan/2026:00:34:36 +0800] "GET /wp-login.php HTTP/1.1" 200 3205 "http://www.google.com.hk" "Mozilla/5.0 (Windows NT 6.1; WOW64) AppleWebKit/537.36 (KHTML, like Gecko) Chrome/42.0.2311.90 Safari/537.36"
103.4.122.14 - - [27/Jan/2026:00:34:41 +0800] "POST /wp-cron.php?doing_wp_cron=1769445281.6781959533691406250000 HTTP/1.1" 200 - "-" "WordPress/6.9; https://nutritaste.com.au"
103.4.122.14 - - [27/Jan/2026:00:34:39 +0800] "POST /?wordfence_syncAttackData=1769445279.8834 HTTP/1.1" 200 - "-" "WordPress/6.9; https://nutritaste.com.au"
103.4.122.14 - - [27/Jan/2026:00:34:47 +0800] "POST /wp-admin/admin-ajax.php?action=wordfence_testAjax HTTP/1.1" 200 32 "-" "WordPress/6.9; https://nutritaste.com.au"
103.4.122.14 - - [27/Jan/2026:00:34:49 +0800] "GET /wp-admin/admin-ajax.php?action=wordfence_doScan&isFork=0&scanMode=quick&cronKey=6c255b86899da656528c6dede39d38c9&signature=2ecf31b6f06ffb17a40f5d1bf9894c52c18821ac5ebc7a3abcbabd85a7427542 HTTP/1.1" 200 - "-" "WordPress/6.9; https://nutritaste.com.au"
95.85.238.54 - - [27/Jan/2026:00:34:57 +0800] "GET /wp-json/wp/v2/users HTTP/1.1" 403 199 "-" "Mozilla/5.0 (Windows NT 10.0; Win64; x64) AppleWebKit/537.36 (KHTML, like Gecko) Chrome/92.0.4515.159 Safari/537.36"
95.85.238.54 - - [27/Jan/2026:00:35:08 +0800] "GET /?author=1 HTTP/1.1" 302 - "-" "Mozilla/5.0 (Windows NT 10.0; Win64; x64) AppleWebKit/537.36 (KHTML, like Gecko) Chrome/92.0.4515.159 Safari/537.36"
95.85.238.54 - - [27/Jan/2026:00:35:17 +0800] "GET /?author=2 HTTP/1.1" 302 - "-" "Mozilla/5.0 (Windows NT 10.0; Win64; x64) AppleWebKit/537.36 (KHTML, like Gecko) Chrome/92.0.4515.159 Safari/537.36"
95.85.238.54 - - [27/Jan/2026:00:35:40 +0800] "GET /?author=3 HTTP/1.1" 302 - "-" "Mozilla/5.0 (Windows NT 10.0; Win64; x64) AppleWebKit/537.36 (KHTML, like Gecko) Chrome/92.0.4515.159 Safari/537.36"
95.85.238.54 - - [27/Jan/2026:00:36:10 +0800] "GET /?author=4 HTTP/1.1" 302 - "-" "Mozilla/5.0 (Windows NT 10.0; Win64; x64) AppleWebKit/537.36 (KHTML, like Gecko) Chrome/92.0.4515.159 Safari/537.36"
95.85.238.54 - - [27/Jan/2026:00:36:30 +0800] "GET /?author=5 HTTP/1.1" 302 - "-" "Mozilla/5.0 (Windows NT 10.0; Win64; x64) AppleWebKit/537.36 (KHTML, like Gecko) Chrome/92.0.4515.159 Safari/537.36"
95.85.238.54 - - [27/Jan/2026:00:36:54 +0800] "GET /?author=6 HTTP/1.1" 302 - "-" "Mozilla/5.0 (Windows NT 10.0; Win64; x64) AppleWebKit/537.36 (KHTML, like Gecko) Chrome/92.0.4515.159 Safari/537.36"
95.85.238.54 - - [27/Jan/2026:00:37:35 +0800] "GET /?author=7 HTTP/1.1" 302 - "-" "Mozilla/5.0 (Windows NT 10.0; Win64; x64) AppleWebKit/537.36 (KHTML, like Gecko) Chrome/92.0.4515.159 Safari/537.36"
95.85.238.54 - - [27/Jan/2026:00:38:06 +0800] "GET /?author=8 HTTP/1.1" 302 - "-" "Mozilla/5.0 (Windows NT 10.0; Win64; x64) AppleWebKit/537.36 (KHTML, like Gecko) Chrome/92.0.4515.159 Safari/537.36"
95.85.238.54 - - [27/Jan/2026:00:38:35 +0800] "GET /?author=9 HTTP/1.1" 302 - "-" "Mozilla/5.0 (Windows NT 10.0; Win64; x64) AppleWebKit/537.36 (KHTML, like Gecko) Chrome/92.0.4515.159 Safari/537.36"
95.85.238.54 - - [27/Jan/2026:00:38:53 +0800] "GET /?author=10 HTTP/1.1" 302 - "-" "Mozilla/5.0 (Windows NT 10.0; Win64; x64) AppleWebKit/537.36 (KHTML, like Gecko) Chrome/92.0.4515.159 Safari/537.36"
95.85.238.54 - - [27/Jan/2026:00:39:04 +0800] "GET /?author=11 HTTP/1.1" 302 - "-" "Mozilla/5.0 (Windows NT 10.0; Win64; x64) AppleWebKit/537.36 (KHTML, like Gecko) Chrome/92.0.4515.159 Safari/537.36"
95.85.238.54 - - [27/Jan/2026:00:39:25 +0800] "GET /?author=12 HTTP/1.1" 302 - "-" "Mozilla/5.0 (Windows NT 10.0; Win64; x64) AppleWebKit/537.36 (KHTML, like Gecko) Chrome/92.0.4515.159 Safari/537.36"
95.85.238.54 - - [27/Jan/2026:00:39:39 +0800] "GET /?author=13 HTTP/1.1" 302 - "-" "Mozilla/5.0 (Windows NT 10.0; Win64; x64) AppleWebKit/537.36 (KHTML, like Gecko) Chrome/92.0.4515.159 Safari/537.36"
95.85.238.54 - - [27/Jan/2026:00:39:53 +0800] "GET /?author=14 HTTP/1.1" 302 - "-" "Mozilla/5.0 (Windows NT 10.0; Win64; x64) AppleWebKit/537.36 (KHTML, like Gecko) Chrome/92.0.4515.159 Safari/537.36"
95.85.238.54 - - [27/Jan/2026:00:40:07 +0800] "GET /?author=15 HTTP/1.1" 302 - "-" "Mozilla/5.0 (Windows NT 10.0; Win64; x64) AppleWebKit/537.36 (KHTML, like Gecko) Chrome/92.0.4515.159 Safari/537.36"
95.85.238.54 - - [27/Jan/2026:00:40:17 +0800] "GET /?author=16 HTTP/1.1" 302 - "-" "Mozilla/5.0 (Windows NT 10.0; Win64; x64) AppleWebKit/537.36 (KHTML, like Gecko) Chrome/92.0.4515.159 Safari/537.36"
95.85.238.54 - - [27/Jan/2026:00:40:26 +0800] "GET /?author=17 HTTP/1.1" 302 - "-" "Mozilla/5.0 (Windows NT 10.0; Win64; x64) AppleWebKit/537.36 (KHTML, like Gecko) Chrome/92.0.4515.159 Safari/537.36"
95.85.238.54 - - [27/Jan/2026:00:40:36 +0800] "GET /?author=18 HTTP/1.1" 302 - "-" "Mozilla/5.0 (Windows NT 10.0; Win64; x64) AppleWebKit/537.36 (KHTML, like Gecko) Chrome/92.0.4515.159 Safari/537.36"
95.85.238.54 - - [27/Jan/2026:00:40:49 +0800] "GET /?author=19 HTTP/1.1" 302 - "-" "Mozilla/5.0 (Windows NT 10.0; Win64; x64) AppleWebKit/537.36 (KHTML, like Gecko) Chrome/92.0.4515.159 Safari/537.36"
95.85.238.54 - - [27/Jan/2026:00:40:57 +0800] "GET /?author=20 HTTP/1.1" 302 - "-" "Mozilla/5.0 (Windows NT 10.0; Win64; x64) AppleWebKit/537.36 (KHTML, like Gecko) Chrome/92.0.4515.159 Safari/537.36"
95.85.238.54 - - [27/Jan/2026:00:41:06 +0800] "GET /?author=21 HTTP/1.1" 302 - "-" "Mozilla/5.0 (Windows NT 10.0; Win64; x64) AppleWebKit/537.36 (KHTML, like Gecko) Chrome/92.0.4515.159 Safari/537.36"
95.85.238.54 - - [27/Jan/2026:00:41:18 +0800] "GET /?author=22 HTTP/1.1" 302 - "-" "Mozilla/5.0 (Windows NT 10.0; Win64; x64) AppleWebKit/537.36 (KHTML, like Gecko) Chrome/92.0.4515.159 Safari/537.36"
95.85.238.54 - - [27/Jan/2026:00:41:28 +0800] "GET /?author=23 HTTP/1.1" 302 - "-" "Mozilla/5.0 (Windows NT 10.0; Win64; x64) AppleWebKit/537.36 (KHTML, like Gecko) Chrome/92.0.4515.159 Safari/537.36"
95.85.238.54 - - [27/Jan/2026:00:41:45 +0800] "GET /?author=24 HTTP/1.1" 302 - "-" "Mozilla/5.0 (Windows NT 10.0; Win64; x64) AppleWebKit/537.36 (KHTML, like Gecko) Chrome/92.0.4515.159 Safari/537.36"
95.85.238.54 - - [27/Jan/2026:00:42:05 +0800] "GET /?author=25 HTTP/1.1" 302 - "-" "Mozilla/5.0 (Windows NT 10.0; Win64; x64) AppleWebKit/537.36 (KHTML, like Gecko) Chrome/92.0.4515.159 Safari/537.36"
95.85.238.54 - - [27/Jan/2026:00:42:30 +0800] "GET /?author=26 HTTP/1.1" 302 - "-" "Mozilla/5.0 (Windows NT 10.0; Win64; x64) AppleWebKit/537.36 (KHTML, like Gecko) Chrome/92.0.4515.159 Safari/537.36"
95.85.238.54 - - [27/Jan/2026:00:42:45 +0800] "GET /?author=27 HTTP/1.1" 302 - "-" "Mozilla/5.0 (Windows NT 10.0; Win64; x64) AppleWebKit/537.36 (KHTML, like Gecko) Chrome/92.0.4515.159 Safari/537.36"
95.85.238.54 - - [27/Jan/2026:00:42:54 +0800] "GET /?author=28 HTTP/1.1" 302 - "-" "Mozilla/5.0 (Windows NT 10.0; Win64; x64) AppleWebKit/537.36 (KHTML, like Gecko) Chrome/92.0.4515.159 Safari/537.36"
95.85.238.54 - - [27/Jan/2026:00:43:12 +0800] "GET /?author=29 HTTP/1.1" 302 - "-" "Mozilla/5.0 (Windows NT 10.0; Win64; x64) AppleWebKit/537.36 (KHTML, like Gecko) Chrome/92.0.4515.159 Safari/537.36"
95.85.238.54 - - [27/Jan/2026:00:43:36 +0800] "GET /?author=30 HTTP/1.1" 302 - "-" "Mozilla/5.0 (Windows NT 10.0; Win64; x64) AppleWebKit/537.36 (KHTML, like Gecko) Chrome/92.0.4515.159 Safari/537.36"
95.85.238.54 - - [27/Jan/2026:00:44:06 +0800] "GET /?author=31 HTTP/1.1" 302 - "-" "Mozilla/5.0 (Windows NT 10.0; Win64; x64) AppleWebKit/537.36 (KHTML, like Gecko) Chrome/92.0.4515.159 Safari/537.36"
95.85.238.54 - - [27/Jan/2026:00:44:25 +0800] "GET /?author=32 HTTP/1.1" 302 - "-" "Mozilla/5.0 (Windows NT 10.0; Win64; x64) AppleWebKit/537.36 (KHTML, like Gecko) Chrome/92.0.4515.159 Safari/537.36"
95.85.238.54 - - [27/Jan/2026:00:44:45 +0800] "GET /?author=33 HTTP/1.1" 302 - "-" "Mozilla/5.0 (Windows NT 10.0; Win64; x64) AppleWebKit/537.36 (KHTML, like Gecko) Chrome/92.0.4515.159 Safari/537.36"
95.85.238.54 - - [27/Jan/2026:00:45:00 +0800] "GET /?author=34 HTTP/1.1" 302 - "-" "Mozilla/5.0 (Windows NT 10.0; Win64; x64) AppleWebKit/537.36 (KHTML, like Gecko) Chrome/92.0.4515.159 Safari/537.36"
95.85.238.54 - - [27/Jan/2026:00:45:17 +0800] "GET /?author=35 HTTP/1.1" 302 - "-" "Mozilla/5.0 (Windows NT 10.0; Win64; x64) AppleWebKit/537.36 (KHTML, like Gecko) Chrome/92.0.4515.159 Safari/537.36"
95.85.238.54 - - [27/Jan/2026:00:45:38 +0800] "GET /?author=36 HTTP/1.1" 302 - "-" "Mozilla/5.0 (Windows NT 10.0; Win64; x64) AppleWebKit/537.36 (KHTML, like Gecko) Chrome/92.0.4515.159 Safari/537.36"
95.85.238.54 - - [27/Jan/2026:00:46:02 +0800] "GET /?author=37 HTTP/1.1" 302 - "-" "Mozilla/5.0 (Windows NT 10.0; Win64; x64) AppleWebKit/537.36 (KHTML, like Gecko) Chrome/92.0.4515.159 Safari/537.36"
95.85.238.54 - - [27/Jan/2026:00:46:26 +0800] "GET /?author=38 HTTP/1.1" 302 - "-" "Mozilla/5.0 (Windows NT 10.0; Win64; x64) AppleWebKit/537.36 (KHTML, like Gecko) Chrome/92.0.4515.159 Safari/537.36"
95.85.238.54 - - [27/Jan/2026:00:46:42 +0800] "GET /?author=39 HTTP/1.1" 302 - "-" "Mozilla/5.0 (Windows NT 10.0; Win64; x64) AppleWebKit/537.36 (KHTML, like Gecko) Chrome/92.0.4515.159 Safari/537.36"
95.85.238.54 - - [27/Jan/2026:00:46:51 +0800] "GET /?author=40 HTTP/1.1" 302 - "-" "Mozilla/5.0 (Windows NT 10.0; Win64; x64) AppleWebKit/537.36 (KHTML, like Gecko) Chrome/92.0.4515.159 Safari/537.36"
95.85.238.54 - - [27/Jan/2026:00:47:04 +0800] "GET /?author=41 HTTP/1.1" 302 - "-" "Mozilla/5.0 (Windows NT 10.0; Win64; x64) AppleWebKit/537.36 (KHTML, like Gecko) Chrome/92.0.4515.159 Safari/537.36"
95.85.238.54 - - [27/Jan/2026:00:47:22 +0800] "GET /?author=42 HTTP/1.1" 302 - "-" "Mozilla/5.0 (Windows NT 10.0; Win64; x64) AppleWebKit/537.36 (KHTML, like Gecko) Chrome/92.0.4515.159 Safari/537.36"
95.85.238.54 - - [27/Jan/2026:00:48:03 +0800] "GET /?author=43 HTTP/1.1" 302 - "-" "Mozilla/5.0 (Windows NT 10.0; Win64; x64) AppleWebKit/537.36 (KHTML, like Gecko) Chrome/92.0.4515.159 Safari/537.36"
95.85.238.54 - - [27/Jan/2026:00:48:32 +0800] "GET /?author=44 HTTP/1.1" 302 - "-" "Mozilla/5.0 (Windows NT 10.0; Win64; x64) AppleWebKit/537.36 (KHTML, like Gecko) Chrome/92.0.4515.159 Safari/537.36"
95.85.238.54 - - [27/Jan/2026:00:48:57 +0800] "GET /?author=45 HTTP/1.1" 302 - "-" "Mozilla/5.0 (Windows NT 10.0; Win64; x64) AppleWebKit/537.36 (KHTML, like Gecko) Chrome/92.0.4515.159 Safari/537.36"
95.85.238.54 - - [27/Jan/2026:00:49:18 +0800] "GET /?author=46 HTTP/1.1" 302 - "-" "Mozilla/5.0 (Windows NT 10.0; Win64; x64) AppleWebKit/537.36 (KHTML, like Gecko) Chrome/92.0.4515.159 Safari/537.36"
95.85.238.54 - - [27/Jan/2026:00:49:54 +0800] "GET /?author=47 HTTP/1.1" 302 - "-" "Mozilla/5.0 (Windows NT 10.0; Win64; x64) AppleWebKit/537.36 (KHTML, like Gecko) Chrome/92.0.4515.159 Safari/537.36"
95.85.238.54 - - [27/Jan/2026:00:50:30 +0800] "GET /?author=48 HTTP/1.1" 302 - "-" "Mozilla/5.0 (Windows NT 10.0; Win64; x64) AppleWebKit/537.36 (KHTML, like Gecko) Chrome/92.0.4515.159 Safari/537.36"
95.85.238.54 - - [27/Jan/2026:00:50:56 +0800] "GET /?author=49 HTTP/1.1" 302 - "-" "Mozilla/5.0 (Windows NT 10.0; Win64; x64) AppleWebKit/537.36 (KHTML, like Gecko) Chrome/92.0.4515.159 Safari/537.36"
95.85.238.54 - - [27/Jan/2026:00:51:18 +0800] "GET /?author=50 HTTP/1.1" 302 - "-" "Mozilla/5.0 (Windows NT 10.0; Win64; x64) AppleWebKit/537.36 (KHTML, like Gecko) Chrome/92.0.4515.159 Safari/537.36"
95.85.238.54 - - [27/Jan/2026:00:51:34 +0800] "GET /?author=51 HTTP/1.1" 302 - "-" "Mozilla/5.0 (Windows NT 10.0; Win64; x64) AppleWebKit/537.36 (KHTML, like Gecko) Chrome/92.0.4515.159 Safari/537.36"
95.85.238.54 - - [27/Jan/2026:00:51:46 +0800] "GET /?author=52 HTTP/1.1" 302 - "-" "Mozilla/5.0 (Windows NT 10.0; Win64; x64) AppleWebKit/537.36 (KHTML, like Gecko) Chrome/92.0.4515.159 Safari/537.36"
95.85.238.54 - - [27/Jan/2026:00:52:17 +0800] "GET /?author=53 HTTP/1.1" 302 - "-" "Mozilla/5.0 (Windows NT 10.0; Win64; x64) AppleWebKit/537.36 (KHTML, like Gecko) Chrome/92.0.4515.159 Safari/537.36"
95.85.238.54 - - [27/Jan/2026:00:52:49 +0800] "GET /?author=54 HTTP/1.1" 302 - "-" "Mozilla/5.0 (Windows NT 10.0; Win64; x64) AppleWebKit/537.36 (KHTML, like Gecko) Chrome/92.0.4515.159 Safari/537.36"
95.85.238.54 - - [27/Jan/2026:00:53:26 +0800] "GET /?author=55 HTTP/1.1" 302 - "-" "Mozilla/5.0 (Windows NT 10.0; Win64; x64) AppleWebKit/537.36 (KHTML, like Gecko) Chrome/92.0.4515.159 Safari/537.36"
95.85.238.54 - - [27/Jan/2026:00:54:01 +0800] "GET /?author=56 HTTP/1.1" 302 - "-" "Mozilla/5.0 (Windows NT 10.0; Win64; x64) AppleWebKit/537.36 (KHTML, like Gecko) Chrome/92.0.4515.159 Safari/537.36"
95.85.238.54 - - [27/Jan/2026:00:54:29 +0800] "GET /?author=57 HTTP/1.1" 302 - "-" "Mozilla/5.0 (Windows NT 10.0; Win64; x64) AppleWebKit/537.36 (KHTML, like Gecko) Chrome/92.0.4515.159 Safari/537.36"
95.85.238.54 - - [27/Jan/2026:00:54:59 +0800] "GET /?author=58 HTTP/1.1" 302 - "-" "Mozilla/5.0 (Windows NT 10.0; Win64; x64) AppleWebKit/537.36 (KHTML, like Gecko) Chrome/92.0.4515.159 Safari/537.36"
95.85.238.54 - - [27/Jan/2026:00:55:53 +0800] "GET /?author=59 HTTP/1.1" 302 - "-" "Mozilla/5.0 (Windows NT 10.0; Win64; x64) AppleWebKit/537.36 (KHTML, like Gecko) Chrome/92.0.4515.159 Safari/537.36"
95.85.238.54 - - [27/Jan/2026:00:56:36 +0800] "GET /?author=60 HTTP/1.1" 302 - "-" "Mozilla/5.0 (Windows NT 10.0; Win64; x64) AppleWebKit/537.36 (KHTML, like Gecko) Chrome/92.0.4515.159 Safari/537.36"
95.85.238.54 - - [27/Jan/2026:00:57:10 +0800] "GET /wp-json/wp/v2/users/1 HTTP/1.1" 403 199 "-" "Mozilla/5.0 (Windows NT 10.0; Win64; x64) AppleWebKit/537.36 (KHTML, like Gecko) Chrome/92.0.4515.159 Safari/537.36"
95.85.238.54 - - [27/Jan/2026:00:58:08 +0800] "GET /wp-json/wp/v2/users/2 HTTP/1.1" 403 199 "-" "Mozilla/5.0 (Windows NT 10.0; Win64; x64) AppleWebKit/537.36 (KHTML, like Gecko) Chrome/92.0.4515.159 Safari/537.36"
95.85.238.54 - - [27/Jan/2026:00:58:36 +0800] "GET /wp-json/wp/v2/users/3 HTTP/1.1" 403 199 "-" "Mozilla/5.0 (Windows NT 10.0; Win64; x64) AppleWebKit/537.36 (KHTML, like Gecko) Chrome/92.0.4515.159 Safari/537.36"
95.85.238.54 - - [27/Jan/2026:00:59:02 +0800] "GET /wp-json/wp/v2/users/4 HTTP/1.1" 403 199 "-" "Mozilla/5.0 (Windows NT 10.0; Win64; x64) AppleWebKit/537.36 (KHTML, like Gecko) Chrome/92.0.4515.159 Safari/537.36"
95.85.238.54 - - [27/Jan/2026:00:59:35 +0800] "GET /wp-json/wp/v2/users/5 HTTP/1.1" 403 199 "-" "Mozilla/5.0 (Windows NT 10.0; Win64; x64) AppleWebKit/537.36 (KHTML, like Gecko) Chrome/92.0.4515.159 Safari/537.36"
95.85.238.54 - - [27/Jan/2026:01:00:15 +0800] "GET /wp-json/wp/v2/users/6 HTTP/1.1" 403 199 "-" "Mozilla/5.0 (Windows NT 10.0; Win64; x64) AppleWebKit/537.36 (KHTML, like Gecko) Chrome/92.0.4515.159 Safari/537.36"
95.85.238.54 - - [27/Jan/2026:01:00:52 +0800] "GET /wp-json/wp/v2/users/7 HTTP/1.1" 403 199 "-" "Mozilla/5.0 (Windows NT 10.0; Win64; x64) AppleWebKit/537.36 (KHTML, like Gecko) Chrome/92.0.4515.159 Safari/537.36"
95.85.238.54 - - [27/Jan/2026:01:01:25 +0800] "GET /wp-json/wp/v2/users/8 HTTP/1.1" 403 199 "-" "Mozilla/5.0 (Windows NT 10.0; Win64; x64) AppleWebKit/537.36 (KHTML, like Gecko) Chrome/92.0.4515.159 Safari/537.36"
95.85.238.54 - - [27/Jan/2026:01:01:58 +0800] "GET /wp-json/wp/v2/users/9 HTTP/1.1" 403 199 "-" "Mozilla/5.0 (Windows NT 10.0; Win64; x64) AppleWebKit/537.36 (KHTML, like Gecko) Chrome/92.0.4515.159 Safari/537.36"
95.85.238.54 - - [27/Jan/2026:01:02:16 +0800] "GET /wp-json/wp/v2/users/10 HTTP/1.1" 403 199 "-" "Mozilla/5.0 (Windows NT 10.0; Win64; x64) AppleWebKit/537.36 (KHTML, like Gecko) Chrome/92.0.4515.159 Safari/537.36"
95.85.238.54 - - [27/Jan/2026:01:02:45 +0800] "GET /wp-json/wp/v2/users/11 HTTP/1.1" 403 199 "-" "Mozilla/5.0 (Windows NT 10.0; Win64; x64) AppleWebKit/537.36 (KHTML, like Gecko) Chrome/92.0.4515.159 Safari/537.36"
95.85.238.54 - - [27/Jan/2026:01:03:29 +0800] "GET /wp-json/wp/v2/users/12 HTTP/1.1" 403 199 "-" "Mozilla/5.0 (Windows NT 10.0; Win64; x64) AppleWebKit/537.36 (KHTML, like Gecko) Chrome/92.0.4515.159 Safari/537.36"
95.85.238.54 - - [27/Jan/2026:01:04:19 +0800] "GET /wp-json/wp/v2/users/13 HTTP/1.1" 403 199 "-" "Mozilla/5.0 (Windows NT 10.0; Win64; x64) AppleWebKit/537.36 (KHTML, like Gecko) Chrome/92.0.4515.159 Safari/537.36"
95.85.238.54 - - [27/Jan/2026:01:05:20 +0800] "GET /wp-json/wp/v2/users/14 HTTP/1.1" 403 199 "-" "Mozilla/5.0 (Windows NT 10.0; Win64; x64) AppleWebKit/537.36 (KHTML, like Gecko) Chrome/92.0.4515.159 Safari/537.36"
103.4.122.14 - - [27/Jan/2026:01:05:41 +0800] "POST /wp-cron.php?doing_wp_cron=1769447141.3425629138946533203125 HTTP/1.1" 200 - "-" "WordPress/6.9; https://nutritaste.com.au"
142.93.135.50 - - [27/Jan/2026:01:05:39 +0800] "GET /wp-login.php HTTP/1.1" 302 - "-" "Mozilla/5.0"
142.93.135.50 - - [27/Jan/2026:01:05:42 +0800] "GET /wp-login.php HTTP/1.1" 200 3205 "-" "Mozilla/5.0"
142.93.135.50 - - [27/Jan/2026:01:05:44 +0800] "GET /?author=1 HTTP/1.1" 302 - "-" "Mozilla/5.0"
142.93.135.50 - - [27/Jan/2026:01:05:45 +0800] "GET /?feed=rss2 HTTP/1.1" 301 - "-" "Mozilla/5.0"
142.93.135.50 - - [27/Jan/2026:01:05:47 +0800] "GET /feed/ HTTP/1.1" 200 512 "-" "Mozilla/5.0"
95.85.238.54 - - [27/Jan/2026:01:06:31 +0800] "GET /wp-json/wp/v2/users/15 HTTP/1.1" 403 199 "-" "Mozilla/5.0 (Windows NT 10.0; Win64; x64) AppleWebKit/537.36 (KHTML, like Gecko) Chrome/92.0.4515.159 Safari/537.36"
95.85.238.54 - - [27/Jan/2026:01:07:38 +0800] "GET /wp-json/wp/v2/users/16 HTTP/1.1" 403 199 "-" "Mozilla/5.0 (Windows NT 10.0; Win64; x64) AppleWebKit/537.36 (KHTML, like Gecko) Chrome/92.0.4515.159 Safari/537.36"
95.85.238.54 - - [27/Jan/2026:01:09:07 +0800] "GET /wp-json/wp/v2/users/17 HTTP/1.1" 403 199 "-" "Mozilla/5.0 (Windows NT 10.0; Win64; x64) AppleWebKit/537.36 (KHTML, like Gecko) Chrome/92.0.4515.159 Safari/537.36"
