103.7.206.0 - - [15/Jan/2026:18:20:24 +0800] "GET /wp-json/wp/v2/users HTTP/1.1" 403 199 "-" "Mozilla/4.0 (compatible; Win32; WinHttp.WinHttpRequest.5)"
103.4.122.14 - - [15/Jan/2026:18:23:44 +0800] "POST /wp-cron.php?doing_wp_cron=1768472624.7036149501800537109375 HTTP/1.1" 200 - "-" "WordPress/6.9; https://nutritaste.com.au"
159.203.76.93 - - [15/Jan/2026:18:23:41 +0800] "POST /wp-login.php HTTP/1.1" 503 7316 "-" "Mozilla/5.0 (Windows NT 10.0; Win64; x64; rv:77.0) Gecko/20100101 Firefox/77.0"
103.4.122.14 - - [15/Jan/2026:18:26:20 +0800] "POST /wp-cron.php?doing_wp_cron=1768472780.7122960090637207031250 HTTP/1.1" 200 - "-" "WordPress/6.9; https://nutritaste.com.au"
103.7.206.0 - - [15/Jan/2026:18:26:17 +0800] "POST /xmlrpc.php HTTP/1.1" 200 403 "-" "Mozilla/5.0 (Windows NT 10.0; Win64; x64) AppleWebKit/537.36 (KHTML, like Gecko) Chrome/91.0.4472.124 Safari/537.36"
103.4.122.14 - - [15/Jan/2026:18:33:35 +0800] "POST /wp-cron.php?doing_wp_cron=1768473215.7650060653686523437500 HTTP/1.1" 200 - "-" "WordPress/6.9; https://nutritaste.com.au"
103.7.206.0 - - [15/Jan/2026:18:33:33 +0800] "POST /xmlrpc.php HTTP/1.1" 200 403 "-" "Mozilla/5.0 (Windows NT 10.0; Win64; x64) AppleWebKit/537.36 (KHTML, like Gecko) Chrome/91.0.4472.124 Safari/537.36"
103.4.122.14 - - [15/Jan/2026:18:41:08 +0800] "POST /wp-cron.php?doing_wp_cron=1768473668.0448219776153564453125 HTTP/1.1" 200 - "-" "WordPress/6.9; https://nutritaste.com.au"
103.7.206.0 - - [15/Jan/2026:18:41:05 +0800] "POST /xmlrpc.php HTTP/1.1" 200 403 "-" "Mozilla/5.0 (Windows NT 10.0; Win64; x64) AppleWebKit/537.36 (KHTML, like Gecko) Chrome/91.0.4472.124 Safari/537.36"
103.4.122.14 - - [15/Jan/2026:18:46:44 +0800] "POST /wp-cron.php?doing_wp_cron=1768474004.4344420433044433593750 HTTP/1.1" 200 - "-" "WordPress/6.9; https://nutritaste.com.au"
103.7.206.0 - - [15/Jan/2026:18:46:41 +0800] "POST /xmlrpc.php HTTP/1.1" 200 403 "-" "Mozilla/5.0 (Windows NT 10.0; Win64; x64) AppleWebKit/537.36 (KHTML, like Gecko) Chrome/91.0.4472.124 Safari/537.36"
103.4.122.14 - - [15/Jan/2026:21:15:34 +0800] "POST /wp-cron.php?doing_wp_cron=1768482934.5948879718780517578125 HTTP/1.1" 200 - "-" "WordPress/6.9; https://nutritaste.com.au"
148.113.212.65 - - [15/Jan/2026:21:15:19 +0800] "POST /wp-login.php HTTP/1.1" 503 7315 "-" "Mozilla/5.0 (Windows NT 10.0; Win64; x64; rv:48.0) Gecko/20100101 Firefox/48.0"
207.246.255.44 - - [15/Jan/2026:21:15:38 +0800] "POST / HTTP/1.1" 200 44 "-" "Mozilla/5.0 (Windows NT 10.0; Win64; x64) AppleWebKit/537.36 (KHTML, like Gecko) Chrome/59.0.3071.115 Safari/537.36"
103.4.122.14 - - [15/Jan/2026:21:15:42 +0800] "POST /wp-cron.php?doing_wp_cron=1768482942.3723421096801757812500 HTTP/1.1" 200 - "-" "WordPress/6.9; https://nutritaste.com.au"
103.4.122.14 - - [15/Jan/2026:21:15:40 +0800] "POST /wp-admin/admin-ajax.php HTTP/1.1" 200 21 "-" "WordPress/6.9; https://nutritaste.com.au"
20.39.50.42 - - [15/Jan/2026:21:46:42 +0800] "GET /wp-content/plugins/hellopress/wp_filemanager.php HTTP/1.1" 403 199 "-" "-"
103.4.122.14 - - [15/Jan/2026:21:46:45 +0800] "POST /wp-cron.php?doing_wp_cron=1768484805.7958519458770751953125 HTTP/1.1" 200 - "-" "WordPress/6.9; https://nutritaste.com.au"
20.39.50.42 - - [15/Jan/2026:21:46:42 +0800] "GET /ver.php HTTP/1.1" 404 52507 "-" "-"
20.39.50.42 - - [15/Jan/2026:21:46:46 +0800] "GET /ultra.php HTTP/1.1" 404 52509 "-" "-"
103.4.122.14 - - [15/Jan/2026:21:46:50 +0800] "POST /wp-cron.php?doing_wp_cron=1768484809.8764970302581787109375 HTTP/1.1" 200 - "-" "WordPress/6.9; https://nutritaste.com.au"
103.4.122.14 - - [15/Jan/2026:21:46:48 +0800] "POST /wp-admin/admin-ajax.php HTTP/1.1" 200 21 "-" "WordPress/6.9; https://nutritaste.com.au"
20.39.50.42 - - [15/Jan/2026:21:46:49 +0800] "GET /pro.php HTTP/1.1" 404 52507 "-" "-"
103.4.122.14 - - [15/Jan/2026:21:46:54 +0800] "POST /wp-cron.php?doing_wp_cron=1768484814.4312329292297363281250 HTTP/1.1" 200 - "-" "WordPress/6.9; https://nutritaste.com.au"
20.39.50.42 - - [15/Jan/2026:21:46:51 +0800] "GET /wp-good.php HTTP/1.1" 404 52511 "-" "-"
20.39.50.42 - - [15/Jan/2026:21:46:54 +0800] "GET /e.php HTTP/1.1" 404 52505 "-" "-"
103.4.122.14 - - [15/Jan/2026:21:47:00 +0800] "POST /wp-cron.php?doing_wp_cron=1768484820.1188631057739257812500 HTTP/1.1" 200 - "-" "WordPress/6.9; https://nutritaste.com.au"
20.39.50.42 - - [15/Jan/2026:21:46:57 +0800] "GET /data.php HTTP/1.1" 404 52508 "-" "-"
20.39.50.42 - - [15/Jan/2026:21:47:00 +0800] "GET /abcd.php HTTP/1.1" 404 52508 "-" "-"
103.4.122.14 - - [15/Jan/2026:21:47:05 +0800] "POST /wp-cron.php?doing_wp_cron=1768484825.7726469039916992187500 HTTP/1.1" 200 - "-" "WordPress/6.9; https://nutritaste.com.au"
20.39.50.42 - - [15/Jan/2026:21:47:03 +0800] "GET /z.php HTTP/1.1" 404 52505 "-" "-"
20.39.50.42 - - [15/Jan/2026:21:47:06 +0800] "GET /css.php HTTP/1.1" 404 52507 "-" "-"
103.4.122.14 - - [15/Jan/2026:21:47:11 +0800] "POST /wp-cron.php?doing_wp_cron=1768484831.2486839294433593750000 HTTP/1.1" 200 - "-" "WordPress/6.9; https://nutritaste.com.au"
20.39.50.42 - - [15/Jan/2026:21:47:08 +0800] "GET /image.php HTTP/1.1" 404 52509 "-" "-"
20.39.50.42 - - [15/Jan/2026:21:47:11 +0800] "GET /file22.php HTTP/1.1" 404 52510 "-" "-"
20.39.50.42 - - [15/Jan/2026:21:47:14 +0800] "GET /check.php HTTP/1.1" 403 199 "-" "-"
20.39.50.42 - - [15/Jan/2026:21:47:17 +0800] "GET /check.php HTTP/1.1" 403 199 "-" "-"
20.39.50.42 - - [15/Jan/2026:21:47:20 +0800] "GET /check.php HTTP/1.1" 403 199 "-" "-"
20.39.50.42 - - [15/Jan/2026:21:47:22 +0800] "GET /check.php HTTP/1.1" 403 199 "-" "-"
20.39.50.42 - - [15/Jan/2026:21:47:36 +0800] "GET /wp-header-json.php HTTP/1.1" 403 199 "-" "-"
20.39.50.42 - - [15/Jan/2026:21:47:48 +0800] "GET /fm.php HTTP/1.1" 403 199 "-" "-"
20.39.50.42 - - [15/Jan/2026:21:47:55 +0800] "GET /1.php HTTP/1.1" 403 199 "-" "-"
20.39.50.42 - - [15/Jan/2026:21:47:58 +0800] "GET /1.php HTTP/1.1" 403 199 "-" "-"
20.39.50.42 - - [15/Jan/2026:21:48:03 +0800] "GET /1.php HTTP/1.1" 403 199 "-" "-"
103.4.122.14 - - [15/Jan/2026:21:48:17 +0800] "POST /wp-cron.php?doing_wp_cron=1768484897.0946540832519531250000 HTTP/1.1" 200 - "-" "WordPress/6.9; https://nutritaste.com.au"
20.39.50.42 - - [15/Jan/2026:21:48:14 +0800] "GET /ws.php HTTP/1.1" 404 52506 "-" "-"
20.39.50.42 - - [15/Jan/2026:21:48:17 +0800] "GET /xxxx.php HTTP/1.1" 404 52508 "-" "-"
103.4.122.14 - - [15/Jan/2026:21:48:23 +0800] "POST /wp-cron.php?doing_wp_cron=1768484903.2388780117034912109375 HTTP/1.1" 200 - "-" "WordPress/6.9; https://nutritaste.com.au"
20.39.50.42 - - [15/Jan/2026:21:48:20 +0800] "GET /wp-configs.php HTTP/1.1" 404 52514 "-" "-"
103.4.122.14 - - [15/Jan/2026:21:48:25 +0800] "POST /wp-cron.php?doing_wp_cron=1768484905.9586338996887207031250 HTTP/1.1" 200 - "-" "WordPress/6.9; https://nutritaste.com.au"
20.39.50.42 - - [15/Jan/2026:21:48:23 +0800] "GET /xmlrpc.php HTTP/1.1" 405 42 "-" "-"
20.39.50.42 - - [15/Jan/2026:21:48:26 +0800] "GET /file56.php HTTP/1.1" 404 52510 "-" "-"
103.4.122.14 - - [15/Jan/2026:21:48:31 +0800] "POST /wp-cron.php?doing_wp_cron=1768484911.4963600635528564453125 HTTP/1.1" 200 - "-" "WordPress/6.9; https://nutritaste.com.au"
20.39.50.42 - - [15/Jan/2026:21:48:28 +0800] "GET /990.php HTTP/1.1" 404 52507 "-" "-"
20.39.50.42 - - [15/Jan/2026:21:48:31 +0800] "GET /error.php HTTP/1.1" 404 52509 "-" "-"
103.4.122.14 - - [15/Jan/2026:21:48:37 +0800] "POST /wp-cron.php?doing_wp_cron=1768484917.2604780197143554687500 HTTP/1.1" 200 - "-" "WordPress/6.9; https://nutritaste.com.au"
20.39.50.42 - - [15/Jan/2026:21:48:34 +0800] "GET /admin.php HTTP/1.1" 404 52509 "-" "-"
20.39.50.42 - - [15/Jan/2026:21:48:37 +0800] "GET /bless.php HTTP/1.1" 404 52509 "-" "-"
103.4.122.14 - - [15/Jan/2026:21:57:08 +0800] "POST /wp-cron.php?doing_wp_cron=1768485428.0100030899047851562500 HTTP/1.1" 200 - "-" "WordPress/6.9; https://nutritaste.com.au"
27.121.112.40 - - [15/Jan/2026:21:57:05 +0800] "POST / HTTP/1.1" 200 16319 "-" "Mozilla/5.0 (X11; Linux x86_64) AppleWebKit/537.36 (KHTML, like Gecko) Chrome/106.0.0.0 Safari/537.36"
27.121.112.40 - - [15/Jan/2026:21:57:08 +0800] "POST / HTTP/1.1" 200 16319 "-" "Mozilla/5.0 (X11; Linux x86_64) AppleWebKit/537.36 (KHTML, like Gecko) Chrome/106.0.0.0 Safari/537.36"
103.4.122.14 - - [15/Jan/2026:21:57:14 +0800] "POST /wp-cron.php?doing_wp_cron=1768485433.5661389827728271484375 HTTP/1.1" 200 - "-" "WordPress/6.9; https://nutritaste.com.au"
27.121.112.40 - - [15/Jan/2026:21:57:11 +0800] "POST / HTTP/1.1" 200 16319 "-" "Mozilla/5.0 (Ubuntu; Linux i686) AppleWebKit/537.36 (KHTML, like Gecko) Chrome/132.0.0.0 Safari/537.36"
27.121.112.40 - - [15/Jan/2026:21:57:14 +0800] "POST / HTTP/1.1" 200 16319 "-" "Mozilla/5.0 (Ubuntu; Linux i686) AppleWebKit/537.36 (KHTML, like Gecko) Chrome/132.0.0.0 Safari/537.36"
103.4.122.14 - - [15/Jan/2026:22:49:03 +0800] "POST /wp-cron.php?doing_wp_cron=1768488542.9049839973449707031250 HTTP/1.1" 200 - "-" "WordPress/6.9; https://nutritaste.com.au"
141.98.153.86 - - [15/Jan/2026:22:49:01 +0800] "GET /wp-json/wp/v2/posts HTTP/1.1" 200 22 "-" "Mozilla/5.0 (Windows NT 10.0; Win64; x64) AppleWebKit/537.36 (KHTML, like Gecko) Chrome/120.0.0.0 Safari/537.36"
103.4.122.14 - - [15/Jan/2026:23:40:14 +0800] "POST /wp-cron.php?doing_wp_cron=1768491614.7020609378814697265625 HTTP/1.1" 200 - "-" "WordPress/6.9; https://nutritaste.com.au"
207.154.250.140 - - [15/Jan/2026:23:40:10 +0800] "POST /wp-login.php HTTP/1.1" 503 7315 "-" "Mozilla/5.0 (Windows NT 10.0; Win64; x64; rv:100.0) Gecko/20100101 Firefox/100.0"
103.4.122.14 - - [16/Jan/2026:00:42:38 +0800] "POST /wp-cron.php?doing_wp_cron=1768495358.2938890457153320312500 HTTP/1.1" 200 - "-" "WordPress/6.9; https://nutritaste.com.au"
35.227.90.164 - - [16/Jan/2026:00:42:36 +0800] "GET / HTTP/1.1" 301 - "-" "Mozilla/5.0 (Windows NT 10.0; Win64; x64) AppleWebKit/537.36 (KHTML, like Gecko) Chrome/78.0.3904.108 Safari/537.36"
35.227.90.164 - - [16/Jan/2026:00:42:39 +0800] "GET / HTTP/1.1" 200 87136 "-" "Mozilla/5.0 (Windows NT 10.0; Win64; x64) AppleWebKit/537.36 (KHTML, like Gecko) Chrome/78.0.3904.108 Safari/537.36"
35.227.90.164 - - [16/Jan/2026:00:42:39 +0800] "GET //wp-includes/wlwmanifest.xml HTTP/1.1" 301 - "-" "Mozilla/5.0 (Windows NT 10.0; Win64; x64) AppleWebKit/537.36 (KHTML, like Gecko) Chrome/78.0.3904.108 Safari/537.36"
35.227.90.164 - - [16/Jan/2026:00:42:41 +0800] "GET //xmlrpc.php?rsd HTTP/1.1" 200 816 "-" "Mozilla/5.0 (Windows NT 10.0; Win64; x64) AppleWebKit/537.36 (KHTML, like Gecko) Chrome/78.0.3904.108 Safari/537.36"
35.227.90.164 - - [16/Jan/2026:00:42:43 +0800] "GET //?author=1 HTTP/1.1" 302 - "-" "Mozilla/5.0 (Windows NT 10.0; Win64; x64) AppleWebKit/537.36 (KHTML, like Gecko) Chrome/78.0.3904.108 Safari/537.36"
35.227.90.164 - - [16/Jan/2026:00:42:44 +0800] "GET //?author=2 HTTP/1.1" 302 - "-" "Mozilla/5.0 (Windows NT 10.0; Win64; x64) AppleWebKit/537.36 (KHTML, like Gecko) Chrome/78.0.3904.108 Safari/537.36"
35.227.90.164 - - [16/Jan/2026:00:42:44 +0800] "GET //wp-json/wp/v2/users/ HTTP/1.1" 403 199 "-" "Mozilla/5.0 (Windows NT 10.0; Win64; x64) AppleWebKit/537.36 (KHTML, like Gecko) Chrome/78.0.3904.108 Safari/537.36"
103.4.122.14 - - [16/Jan/2026:00:42:46 +0800] "POST /wp-cron.php?doing_wp_cron=1768495366.4231669902801513671875 HTTP/1.1" 200 - "-" "WordPress/6.9; https://nutritaste.com.au"
35.227.90.164 - - [16/Jan/2026:00:42:44 +0800] "GET //wp-json/oembed/1.0/embed?url=https://nutritaste.com.au/ HTTP/1.1" 200 2026 "-" "Mozilla/5.0 (Windows NT 10.0; Win64; x64) AppleWebKit/537.36 (KHTML, like Gecko) Chrome/78.0.3904.108 Safari/537.36"
35.227.90.164 - - [16/Jan/2026:00:42:46 +0800] "POST //xmlrpc.php HTTP/1.1" 503 18950 "-" "Mozilla/5.0 (Windows NT 10.0; Win64; x64) AppleWebKit/537.36 (KHTML, like Gecko) Chrome/78.0.3904.108 Safari/537.36"
103.4.122.14 - - [16/Jan/2026:00:44:50 +0800] "POST /wp-cron.php?doing_wp_cron=1768495490.0192430019378662109375 HTTP/1.1" 200 - "-" "WordPress/6.9; https://nutritaste.com.au"
136.107.81.121 - - [16/Jan/2026:00:44:48 +0800] "GET / HTTP/1.1" 301 - "-" "Mozilla/5.0 (Windows NT 10.0; Win64; x64) AppleWebKit/537.36 (KHTML, like Gecko) Chrome/88.0.4240.193 Safari/537.36"
136.107.81.121 - - [16/Jan/2026:00:44:51 +0800] "GET / HTTP/1.1" 200 87136 "-" "Mozilla/5.0 (Windows NT 10.0; Win64; x64) AppleWebKit/537.36 (KHTML, like Gecko) Chrome/88.0.4240.193 Safari/537.36"
103.4.122.14 - - [16/Jan/2026:00:44:53 +0800] "POST /wp-cron.php?doing_wp_cron=1768495493.2655329704284667968750 HTTP/1.1" 200 - "-" "WordPress/6.9; https://nutritaste.com.au"
136.107.81.121 - - [16/Jan/2026:00:44:51 +0800] "GET //wp-includes/wlwmanifest.xml HTTP/1.1" 301 - "-" "Mozilla/5.0 (Windows NT 10.0; Win64; x64) AppleWebKit/537.36 (KHTML, like Gecko) Chrome/88.0.4240.193 Safari/537.36"
136.107.81.121 - - [16/Jan/2026:00:44:53 +0800] "GET //xmlrpc.php?rsd HTTP/1.1" 200 816 "-" "Mozilla/5.0 (Windows NT 10.0; Win64; x64) AppleWebKit/537.36 (KHTML, like Gecko) Chrome/88.0.4240.193 Safari/537.36"
136.107.81.121 - - [16/Jan/2026:00:44:55 +0800] "GET //?author=1 HTTP/1.1" 302 - "-" "Mozilla/5.0 (Windows NT 10.0; Win64; x64) AppleWebKit/537.36 (KHTML, like Gecko) Chrome/88.0.4240.193 Safari/537.36"
136.107.81.121 - - [16/Jan/2026:00:44:56 +0800] "GET //?author=2 HTTP/1.1" 302 - "-" "Mozilla/5.0 (Windows NT 10.0; Win64; x64) AppleWebKit/537.36 (KHTML, like Gecko) Chrome/88.0.4240.193 Safari/537.36"
136.107.81.121 - - [16/Jan/2026:00:44:56 +0800] "GET //?author=3 HTTP/1.1" 302 - "-" "Mozilla/5.0 (Windows NT 10.0; Win64; x64) AppleWebKit/537.36 (KHTML, like Gecko) Chrome/88.0.4240.193 Safari/537.36"
136.107.81.121 - - [16/Jan/2026:00:44:57 +0800] "GET //wp-json/wp/v2/users/ HTTP/1.1" 403 199 "-" "Mozilla/5.0 (Windows NT 10.0; Win64; x64) AppleWebKit/537.36 (KHTML, like Gecko) Chrome/88.0.4240.193 Safari/537.36"
103.4.122.14 - - [16/Jan/2026:00:44:59 +0800] "POST /wp-cron.php?doing_wp_cron=1768495499.0052039623260498046875 HTTP/1.1" 200 - "-" "WordPress/6.9; https://nutritaste.com.au"
136.107.81.121 - - [16/Jan/2026:00:44:57 +0800] "GET //wp-json/oembed/1.0/embed?url=https://nutritaste.com.au/ HTTP/1.1" 200 2026 "-" "Mozilla/5.0 (Windows NT 10.0; Win64; x64) AppleWebKit/537.36 (KHTML, like Gecko) Chrome/88.0.4240.193 Safari/537.36"
136.107.81.121 - - [16/Jan/2026:00:44:59 +0800] "POST //xmlrpc.php HTTP/1.1" 503 18950 "-" "Mozilla/5.0 (Windows NT 10.0; Win64; x64) AppleWebKit/537.36 (KHTML, like Gecko) Chrome/88.0.4240.193 Safari/537.36"
103.4.122.14 - - [16/Jan/2026:01:01:54 +0800] "POST /wp-cron.php?doing_wp_cron=1768496514.2584009170532226562500 HTTP/1.1" 200 - "-" "WordPress/6.9; https://nutritaste.com.au"
207.154.250.140 - - [16/Jan/2026:01:01:50 +0800] "POST /wp-login.php HTTP/1.1" 503 7315 "-" "Mozilla/5.0 (Windows NT 10.0; Win64; x64; rv:58.0) Gecko/20100101 Firefox/58.0"
103.4.122.14 - - [16/Jan/2026:02:04:25 +0800] "POST /wp-cron.php?doing_wp_cron=1768500265.7801001071929931640625 HTTP/1.1" 200 - "-" "WordPress/6.9; https://nutritaste.com.au"
51.222.95.20 - - [16/Jan/2026:02:04:22 +0800] "GET /robots.txt HTTP/1.1" 200 69 "-" "Mozilla/5.0 (compatible; AhrefsBot/7.0; +http://ahrefs.com/robot/)"
142.44.233.11 - - [16/Jan/2026:02:04:29 +0800] "GET / HTTP/1.1" 200 16952 "-" "Mozilla/5.0 (compatible; AhrefsBot/7.0; +http://ahrefs.com/robot/)"
103.4.122.14 - - [16/Jan/2026:02:04:28 +0800] "POST /wp-admin/admin-ajax.php?action=wordfence_testAjax HTTP/1.1" 200 32 "-" "WordPress/6.9; https://nutritaste.com.au"
103.4.122.14 - - [16/Jan/2026:02:04:30 +0800] "GET /wp-admin/admin-ajax.php?action=wordfence_doScan&isFork=0&scanMode=quick&cronKey=12766f94a5a49ba7322e24e9109663e4&signature=dc19c65f52751ac5dbe6cf786b45356e243b3680e039d39ebfe4b130c1a03d9c HTTP/1.1" 200 - "-" "WordPress/6.9; https://nutritaste.com.au"
103.4.122.14 - - [16/Jan/2026:02:21:44 +0800] "POST /wp-cron.php?doing_wp_cron=1768501304.7661778926849365234375 HTTP/1.1" 200 - "-" "WordPress/6.9; https://nutritaste.com.au"
185.125.27.182 - - [16/Jan/2026:02:21:41 +0800] "POST /wp-login.php HTTP/1.1" 503 7315 "-" "Mozilla/5.0 (Windows NT 10.0; Win64; x64; rv:44.0) Gecko/20100101 Firefox/44.0"
103.4.122.14 - - [16/Jan/2026:02:21:48 +0800] "POST /wp-cron.php?doing_wp_cron=1768501308.8736839294433593750000 HTTP/1.1" 200 - "-" "WordPress/6.9; https://nutritaste.com.au"
103.4.122.14 - - [16/Jan/2026:02:21:47 +0800] "POST /wp-admin/admin-ajax.php HTTP/1.1" 200 21 "-" "WordPress/6.9; https://nutritaste.com.au"
103.4.122.14 - - [16/Jan/2026:03:39:13 +0800] "POST /wp-cron.php?doing_wp_cron=1768505953.8617908954620361328125 HTTP/1.1" 200 - "-" "WordPress/6.9; https://nutritaste.com.au"
45.79.181.215 - - [16/Jan/2026:03:39:11 +0800] "POST /wp-login.php HTTP/1.1" 503 7315 "-" "Mozilla/5.0 (Windows NT 10.0; Win64; x64; rv:64.0) Gecko/20100101 Firefox/64.0"
146.70.105.24 - - [16/Jan/2026:04:15:26 +0800] "GET / HTTP/1.1" 200 16952 "-" "Mozilla/5.0 (Macintosh; Intel Mac OS X 10_15_7) AppleWebKit/605.1.15 (KHTML, like Gecko) Version/17.1 Safari/605.1.15"
103.4.122.14 - - [16/Jan/2026:04:15:31 +0800] "POST /wp-cron.php?doing_wp_cron=1768508131.6432149410247802734375 HTTP/1.1" 200 - "-" "WordPress/6.9; https://nutritaste.com.au"
146.70.105.24 - - [16/Jan/2026:04:15:28 +0800] "GET /xmlrpc.php HTTP/1.1" 405 60 "-" "Mozilla/5.0 (Windows NT 10.0; Win64; x64; rv:109.0) Gecko/20100101 Firefox/121.0"
146.70.105.24 - - [16/Jan/2026:04:15:32 +0800] "GET /wp-json/wp/v2/users HTTP/1.1" 403 199 "-" "Mozilla/5.0 (Windows NT 10.0; Win64; x64; rv:109.0) Gecko/20100101 Firefox/121.0"
146.70.105.24 - - [16/Jan/2026:04:15:32 +0800] "GET /wp-content/ HTTP/1.1" 200 - "-" "Mozilla/5.0 (Windows NT 10.0; Win64; x64) AppleWebKit/537.36 (KHTML, like Gecko) Edge/120.0.0.0 Safari/537.36"
146.70.105.24 - - [16/Jan/2026:04:15:33 +0800] "GET /wp-admin/ HTTP/1.1" 302 - "-" "Mozilla/5.0 (Windows NT 10.0; Win64; x64) AppleWebKit/537.36 (KHTML, like Gecko) Chrome/120.0.0.0 Safari/537.36"
146.70.105.24 - - [16/Jan/2026:04:15:35 +0800] "GET /wp-login.php?redirect_to=https://nutritaste.com.au/wp-admin/&reauth=1 HTTP/1.1" 200 3204 "-" "Mozilla/5.0 (Windows NT 10.0; Win64; x64) AppleWebKit/537.36 (KHTML, like Gecko) Chrome/120.0.0.0 Safari/537.36"
146.70.105.24 - - [16/Jan/2026:04:15:39 +0800] "GET /wp-json/wp/v2/users HTTP/1.1" 403 199 "-" "Mozilla/5.0 (Windows NT 10.0; Win64; x64) AppleWebKit/537.36 (KHTML, like Gecko) Chrome/120.0.0.0 Safari/537.36"
146.70.105.24 - - [16/Jan/2026:04:15:40 +0800] "GET /wp-json/wp/v2/users?per_page=100 HTTP/1.1" 403 199 "-" "Mozilla/5.0 (Macintosh; Intel Mac OS X 10_15_7) AppleWebKit/605.1.15 (KHTML, like Gecko) Version/17.1 Safari/605.1.15"
146.70.105.24 - - [16/Jan/2026:04:15:40 +0800] "GET /?rest_route=/wp/v2/users HTTP/1.1" 401 110 "-" "Mozilla/5.0 (Macintosh; Intel Mac OS X 10_15_7) AppleWebKit/605.1.15 (KHTML, like Gecko) Version/17.1 Safari/605.1.15"
146.70.105.24 - - [16/Jan/2026:04:15:43 +0800] "GET /?rest_route=/wp/v2/users&per_page=100 HTTP/1.1" 401 110 "-" "Mozilla/5.0 (Windows NT 10.0; Win64; x64; rv:109.0) Gecko/20100101 Firefox/121.0"
103.4.122.14 - - [16/Jan/2026:05:03:01 +0800] "POST /wp-cron.php?doing_wp_cron=1768510981.8437440395355224609375 HTTP/1.1" 200 - "-" "WordPress/6.9; https://nutritaste.com.au"
84.74.180.97 - - [16/Jan/2026:05:02:58 +0800] "POST /wp-login.php HTTP/1.1" 503 7315 "-" "Mozilla/5.0 (Windows NT 10.0; Win64; x64; rv:96.0) Gecko/20100101 Firefox/96.0"
216.126.224.11 - - [16/Jan/2026:05:50:31 +0800] "GET /wp-content/plugins/wpclean/wpclean.php?k=woo2025 HTTP/1.1" 403 199 "-" "Mozilla/5.0 (Macintosh; Intel Mac OS X 10_15_7) AppleWebKit/602.4.8 (KHTML, like Gecko) Version/10.0 Safari/602.4.8"
103.4.122.14 - - [16/Jan/2026:06:22:44 +0800] "POST /wp-cron.php?doing_wp_cron=1768515764.7515180110931396484375 HTTP/1.1" 200 - "-" "WordPress/6.9; https://nutritaste.com.au"
194.233.75.143 - - [16/Jan/2026:06:22:39 +0800] "POST /wp-login.php HTTP/1.1" 503 7314 "-" "Mozilla/5.0 (Windows NT 10.0; Win64; x64; rv:88.0) Gecko/20100101 Firefox/88.0"
103.4.122.14 - - [16/Jan/2026:06:22:49 +0800] "POST /wp-cron.php?doing_wp_cron=1768515769.6683740615844726562500 HTTP/1.1" 200 - "-" "WordPress/6.9; https://nutritaste.com.au"
103.4.122.14 - - [16/Jan/2026:06:22:47 +0800] "POST /wp-admin/admin-ajax.php HTTP/1.1" 200 21 "-" "WordPress/6.9; https://nutritaste.com.au"
103.4.122.14 - - [16/Jan/2026:06:46:54 +0800] "POST /wp-cron.php?doing_wp_cron=1768517213.8692579269409179687500 HTTP/1.1" 200 - "-" "WordPress/6.9; https://nutritaste.com.au"
216.126.224.11 - - [16/Jan/2026:06:46:50 +0800] "GET /wp-content/plugins/woocommerce-simple-registration/assets/js/custom.js HTTP/1.1" 404 10856 "-" "Mozilla/5.0 (Windows NT 10.0; Win64; x64; rv:101.0) Gecko/20100101 Firefox/101.0"
103.4.122.14 - - [16/Jan/2026:06:46:58 +0800] "POST /wp-cron.php?doing_wp_cron=1768517217.8849570751190185546875 HTTP/1.1" 200 - "-" "WordPress/6.9; https://nutritaste.com.au"
103.4.122.14 - - [16/Jan/2026:06:46:56 +0800] "POST /?wordfence_syncAttackData=1768517216.1602 HTTP/1.1" 200 - "-" "WordPress/6.9; https://nutritaste.com.au"
216.126.224.11 - - [16/Jan/2026:06:46:55 +0800] "GET /wp-content/plugins/woocommerce-simple-registration/readme.txt HTTP/1.1" 404 10856 "-" "Mozilla/5.0 (Macintosh; Intel Mac OS X 10.15; rv:124.0) Gecko/20100101 Firefox/129.0"
195.86.24.111 - - [16/Jan/2026:06:52:27 +0800] "GET / HTTP/1.1" 200 87136 "-" "Mozilla/5.0"
103.4.122.14 - - [16/Jan/2026:07:40:40 +0800] "POST /wp-cron.php?doing_wp_cron=1768520440.1904599666595458984375 HTTP/1.1" 200 - "-" "WordPress/6.9; https://nutritaste.com.au"
84.74.180.97 - - [16/Jan/2026:07:40:36 +0800] "POST /wp-login.php HTTP/1.1" 503 7315 "-" "Mozilla/5.0 (Windows NT 10.0; Win64; x64; rv:84.0) Gecko/20100101 Firefox/84.0"
172.68.111.21 - - [16/Jan/2026:08:46:01 +0800] "GET / HTTP/1.1" 200 16952 "-" "Mozilla/5.0 (Windows NT 10.0; Win64; x64) AppleWebKit/537.36 (KHTML, like Gecko) Chrome/120.0.0.0 Safari/537.36"
103.4.122.14 - - [16/Jan/2026:09:01:43 +0800] "POST /wp-cron.php?doing_wp_cron=1768525303.4140810966491699218750 HTTP/1.1" 200 - "-" "WordPress/6.9; https://nutritaste.com.au"
167.71.32.67 - - [16/Jan/2026:09:01:38 +0800] "POST /wp-login.php HTTP/1.1" 503 7314 "-" "Mozilla/5.0 (Windows NT 10.0; Win64; x64; rv:47.0) Gecko/20100101 Firefox/47.0"
178.34.151.71 - - [16/Jan/2026:09:03:58 +0800] "GET / HTTP/1.1" 200 16952 "-" "Mozilla/5.0 (compatible; WixHomeScanner/1.0)"
37.97.206.40 - - [16/Jan/2026:10:22:28 +0800] "POST /wp-login.php HTTP/1.1" 503 7314 "-" "Mozilla/5.0 (Windows NT 10.0; Win64; x64; rv:48.0) Gecko/20100101 Firefox/48.0"
198.199.88.98 - - [16/Jan/2026:11:07:16 +0800] "GET /wp-login.php HTTP/1.1" 302 - "-" "Mozilla/5.0"
198.199.88.98 - - [16/Jan/2026:11:07:23 +0800] "GET /wp-login.php HTTP/1.1" 200 3203 "-" "Mozilla/5.0"
198.199.88.98 - - [16/Jan/2026:11:07:27 +0800] "GET /?author=1 HTTP/1.1" 302 - "-" "Mozilla/5.0"
198.199.88.98 - - [16/Jan/2026:11:07:27 +0800] "GET /?feed=rss2 HTTP/1.1" 301 - "-" "Mozilla/5.0"
198.199.88.98 - - [16/Jan/2026:11:07:29 +0800] "GET /feed/ HTTP/1.1" 200 512 "-" "Mozilla/5.0"
45.33.95.60 - - [16/Jan/2026:11:16:35 +0800] "GET /robots.txt HTTP/1.1" 200 69 "-" "Mozilla/5.0 (compatible; SaaSBrowserBot/1.0; +https://saasbrowser.com/bot)"
45.33.95.60 - - [16/Jan/2026:11:16:38 +0800] "GET /robots.txt HTTP/1.1" 200 69 "-" "Mozilla/5.0 (compatible; SaaSBrowserBot/1.0; +https://saasbrowser.com/bot)"
45.33.95.60 - - [16/Jan/2026:11:16:41 +0800] "GET / HTTP/1.1" 200 16952 "-" "Mozilla/5.0 (compatible; SaaSBrowserBot/1.0; +https://saasbrowser.com/bot)"
103.4.122.14 - - [16/Jan/2026:11:44:33 +0800] "POST /wp-cron.php?doing_wp_cron=1768535073.4988529682159423828125 HTTP/1.1" 200 - "-" "WordPress/6.9; https://nutritaste.com.au"
192.71.12.140 - - [16/Jan/2026:11:44:31 +0800] "GET / HTTP/1.1" 301 - "-" "Mozilla/5.0 (iPhone; CPU iPhone OS 17_3_1 like Mac OS X) AppleWebKit/605.1.15 (KHTML, like Gecko) Version/17.3.1 Mobile/15E148 Safari/604"
192.36.71.133 - - [16/Jan/2026:11:44:34 +0800] "GET / HTTP/1.1" 200 16322 "http://nutritaste.com.au/" "Mozilla/5.0 (iPhone; CPU iPhone OS 17_3_1 like Mac OS X) AppleWebKit/605.1.15 (KHTML, like Gecko) Version/17.3.1 Mobile/15E148 Safari/604"
192.71.225.127 - - [16/Jan/2026:11:44:38 +0800] "GET /brochure/ HTTP/1.1" 200 11511 "-" "Mozilla/5.0 (iPhone; CPU iPhone OS 17_3_1 like Mac OS X) AppleWebKit/605.1.15 (KHTML, like Gecko) Version/17.3.1 Mobile/15E148 Safari/604"
103.4.122.14 - - [16/Jan/2026:11:44:36 +0800] "POST /wp-admin/admin-post.php HTTP/1.1" 200 32 "-" "WordPress/6.9; https://nutritaste.com.au"
103.4.122.14 - - [16/Jan/2026:11:44:50 +0800] "POST /wp-cron.php HTTP/1.1" 200 - "-" "WordPress/6.9; https://nutritaste.com.au"
103.4.122.14 - - [16/Jan/2026:11:44:50 +0800] "GET / HTTP/1.1" 200 16952 "-" "WordPress/6.9; https://nutritaste.com.au"
103.4.122.14 - - [16/Jan/2026:11:44:50 +0800] "GET / HTTP/1.1" 200 16952 "-" "WordPress/6.9; https://nutritaste.com.au"
103.4.122.14 - - [16/Jan/2026:11:44:50 +0800] "GET / HTTP/1.1" 200 16952 "-" "WordPress/6.9; https://nutritaste.com.au"
103.4.122.14 - - [16/Jan/2026:11:44:50 +0800] "GET / HTTP/1.1" 200 16952 "-" "WordPress/6.9; https://nutritaste.com.au"
103.4.122.14 - - [16/Jan/2026:11:45:00 +0800] "POST /wp-cron.php?doing_wp_cron=1768535100.3510999679565429687500 HTTP/1.1" 200 - "-" "WordPress/6.9; https://nutritaste.com.au"
103.4.122.14 - - [16/Jan/2026:11:44:58 +0800] "POST /wp-admin/admin-ajax.php HTTP/1.1" 200 21 "-" "WordPress/6.9; https://nutritaste.com.au"
103.4.122.14 - - [16/Jan/2026:13:02:35 +0800] "POST /wp-cron.php?doing_wp_cron=1768539755.7891290187835693359375 HTTP/1.1" 200 - "-" "WordPress/6.9; https://nutritaste.com.au"
37.187.75.30 - - [16/Jan/2026:13:02:32 +0800] "POST /wp-login.php HTTP/1.1" 503 7314 "-" "Mozilla/5.0 (Windows NT 10.0; Win64; x64; rv:83.0) Gecko/20100101 Firefox/83.0"
103.4.122.14 - - [16/Jan/2026:13:02:40 +0800] "POST /wp-cron.php?doing_wp_cron=1768539760.2511088848114013671875 HTTP/1.1" 200 - "-" "WordPress/6.9; https://nutritaste.com.au"
103.4.122.14 - - [16/Jan/2026:13:02:38 +0800] "POST /wp-admin/admin-ajax.php HTTP/1.1" 200 21 "-" "WordPress/6.9; https://nutritaste.com.au"
103.4.122.14 - - [16/Jan/2026:14:19:31 +0800] "POST /wp-cron.php?doing_wp_cron=1768544371.9449779987335205078125 HTTP/1.1" 200 - "-" "WordPress/6.9; https://nutritaste.com.au"
149.202.76.92 - - [16/Jan/2026:14:19:27 +0800] "POST /wp-login.php HTTP/1.1" 503 7315 "-" "Mozilla/5.0 (Windows NT 10.0; Win64; x64; rv:62.0) Gecko/20100101 Firefox/62.0"
103.4.122.14 - - [16/Jan/2026:14:19:37 +0800] "POST /wp-cron.php?doing_wp_cron=1768544377.4114730358123779296875 HTTP/1.1" 200 - "-" "WordPress/6.9; https://nutritaste.com.au"
103.4.122.14 - - [16/Jan/2026:14:19:35 +0800] "POST /wp-admin/admin-ajax.php HTTP/1.1" 200 21 "-" "WordPress/6.9; https://nutritaste.com.au"
103.4.122.14 - - [16/Jan/2026:14:20:33 +0800] "POST /wp-cron.php?doing_wp_cron=1768544433.2981240749359130859375 HTTP/1.1" 200 - "-" "WordPress/6.9; https://nutritaste.com.au"
27.121.112.40 - - [16/Jan/2026:14:20:31 +0800] "POST / HTTP/1.1" 200 16322 "-" "Mozilla/5.0 (Macintosh; PPC Mac OS X 10_8_9 rv:6.0; ms-MY) AppleWebKit/532.11.2 (KHTML, like Gecko) Version/5.0 Safari/532.11.2"
27.121.112.40 - - [16/Jan/2026:14:20:34 +0800] "POST / HTTP/1.1" 200 16322 "-" "Mozilla/5.0 (Macintosh; PPC Mac OS X 10_8_9 rv:6.0; ms-MY) AppleWebKit/532.11.2 (KHTML, like Gecko) Version/5.0 Safari/532.11.2"
103.4.122.14 - - [16/Jan/2026:14:20:40 +0800] "POST /wp-cron.php?doing_wp_cron=1768544440.2254629135131835937500 HTTP/1.1" 200 - "-" "WordPress/6.9; https://nutritaste.com.au"
27.121.112.40 - - [16/Jan/2026:14:20:37 +0800] "POST / HTTP/1.1" 200 16322 "-" "Mozilla/5.0 (X11; Linux x86_64; rv:1.9.7.20) Gecko/ Firefox/3.6.5"
27.121.112.40 - - [16/Jan/2026:14:20:40 +0800] "POST / HTTP/1.1" 200 16322 "-" "Mozilla/5.0 (X11; Linux x86_64; rv:1.9.7.20) Gecko/ Firefox/3.6.5"
144.91.103.66 - - [16/Jan/2026:15:36:28 +0800] "POST /wp-login.php HTTP/1.1" 500 1004 "-" "Mozilla/5.0 (Windows NT 10.0; Win64; x64; rv:66.0) Gecko/20100101 Firefox/66.0"
103.4.122.14 - - [16/Jan/2026:16:53:28 +0800] "POST /wp-cron.php?doing_wp_cron=1768553608.7449400424957275390625 HTTP/1.1" 200 - "-" "WordPress/6.9; https://nutritaste.com.au"
27.121.112.40 - - [16/Jan/2026:16:53:25 +0800] "POST / HTTP/1.1" 200 16322 "-" "Mozilla/5.0 (X11; Linux x86_64; rv:126.0) Gecko/20100101 Firefox/126.0"
27.121.112.40 - - [16/Jan/2026:16:53:28 +0800] "POST / HTTP/1.1" 200 16322 "-" "Mozilla/5.0 (X11; Linux x86_64; rv:126.0) Gecko/20100101 Firefox/126.0"
103.4.122.14 - - [16/Jan/2026:16:53:33 +0800] "POST /wp-cron.php?doing_wp_cron=1768553613.0420761108398437500000 HTTP/1.1" 200 - "-" "WordPress/6.9; https://nutritaste.com.au"
103.4.122.14 - - [16/Jan/2026:16:53:31 +0800] "POST /wp-admin/admin-ajax.php HTTP/1.1" 200 21 "-" "WordPress/6.9; https://nutritaste.com.au"
27.121.112.40 - - [16/Jan/2026:16:53:31 +0800] "POST / HTTP/1.1" 200 16322 "-" "Mozilla/5.0 (Macintosh; Intel Mac OS X 10_15_6) AppleWebKit/605.1.15 (KHTML, like Gecko) Version/15.0 Safari/605.1.15"
103.4.122.14 - - [16/Jan/2026:16:53:36 +0800] "POST /wp-cron.php?doing_wp_cron=1768553616.5402519702911376953125 HTTP/1.1" 200 - "-" "WordPress/6.9; https://nutritaste.com.au"
27.121.112.40 - - [16/Jan/2026:16:53:34 +0800] "POST / HTTP/1.1" 200 16322 "-" "Mozilla/5.0 (Macintosh; Intel Mac OS X 10_15_6) AppleWebKit/605.1.15 (KHTML, like Gecko) Version/15.0 Safari/605.1.15"
158.94.210.229 - - [16/Jan/2026:16:57:18 +0800] "GET /wp-includes/js/jquery/jquery.js HTTP/1.1" 200 84020 "-" "Mozilla/5.0 (Macintosh; Intel Mac OS X 10_10_1) AppleWebKit/537.36 (KHTML, like Gecko) Chrome/39.0.2171.95 Safari/537.36"
103.4.122.14 - - [16/Jan/2026:16:59:44 +0800] "POST /wp-cron.php?doing_wp_cron=1768553984.1653189659118652343750 HTTP/1.1" 200 - "-" "WordPress/6.9; https://nutritaste.com.au"
139.59.226.59 - - [16/Jan/2026:16:59:40 +0800] "POST /wp-login.php HTTP/1.1" 503 7315 "-" "Mozilla/5.0 (Windows NT 10.0; Win64; x64; rv:91.0) Gecko/20100101 Firefox/91.0"
103.4.122.14 - - [16/Jan/2026:18:20:43 +0800] "POST /wp-cron.php?doing_wp_cron=1768558843.7014069557189941406250 HTTP/1.1" 200 - "-" "WordPress/6.9; https://nutritaste.com.au"
169.255.28.158 - - [16/Jan/2026:18:20:39 +0800] "POST /wp-login.php HTTP/1.1" 503 7315 "-" "Mozilla/5.0 (Windows NT 10.0; Win64; x64; rv:62.0) Gecko/20100101 Firefox/62.0"
103.4.122.14 - - [16/Jan/2026:18:20:48 +0800] "POST /wp-cron.php?doing_wp_cron=1768558848.7064259052276611328125 HTTP/1.1" 200 - "-" "WordPress/6.9; https://nutritaste.com.au"
103.4.122.14 - - [16/Jan/2026:18:20:46 +0800] "POST /wp-admin/admin-ajax.php HTTP/1.1" 200 21 "-" "WordPress/6.9; https://nutritaste.com.au"
103.4.122.14 - - [16/Jan/2026:18:58:09 +0800] "POST /wp-cron.php?doing_wp_cron=1768561089.0434548854827880859375 HTTP/1.1" 200 - "-" "WordPress/6.9; https://nutritaste.com.au"
52.167.144.58 - - [16/Jan/2026:18:58:06 +0800] "GET /robots.txt HTTP/1.1" 200 69 "-" "Mozilla/5.0 AppleWebKit/537.36 (KHTML, like Gecko; compatible; bingbot/2.0; +http://www.bing.com/bingbot.htm) Chrome/116.0.1938.76 Safari/537.36"
207.46.13.102 - - [16/Jan/2026:18:58:18 +0800] "GET / HTTP/1.1" 200 16952 "-" "Mozilla/5.0 AppleWebKit/537.36 (KHTML, like Gecko; compatible; bingbot/2.0; +http://www.bing.com/bingbot.htm) Chrome/116.0.1938.76 Safari/537.36"
103.4.122.14 - - [16/Jan/2026:19:42:23 +0800] "POST /wp-cron.php?doing_wp_cron=1768563743.5422439575195312500000 HTTP/1.1" 200 - "-" "WordPress/6.9; https://nutritaste.com.au"
194.60.201.96 - - [16/Jan/2026:19:42:20 +0800] "POST /wp-login.php HTTP/1.1" 503 7315 "-" "Mozilla/5.0 (Windows NT 10.0; Win64; x64; rv:69.0) Gecko/20100101 Firefox/69.0"
207.246.255.44 - - [16/Jan/2026:19:42:26 +0800] "POST / HTTP/1.1" 200 44 "-" "Mozilla/5.0 (Windows NT 10.0; Win64; x64) AppleWebKit/537.36 (KHTML, like Gecko) Chrome/59.0.3071.115 Safari/537.36"
103.4.122.14 - - [16/Jan/2026:19:42:30 +0800] "POST /wp-cron.php?doing_wp_cron=1768563750.7948150634765625000000 HTTP/1.1" 200 - "-" "WordPress/6.9; https://nutritaste.com.au"
103.4.122.14 - - [16/Jan/2026:19:42:29 +0800] "POST /wp-admin/admin-ajax.php HTTP/1.1" 200 21 "-" "WordPress/6.9; https://nutritaste.com.au"
103.4.122.14 - - [16/Jan/2026:20:11:20 +0800] "POST /wp-cron.php?doing_wp_cron=1768565480.9331281185150146484375 HTTP/1.1" 200 - "-" "WordPress/6.9; https://nutritaste.com.au"
194.99.104.201 - - [16/Jan/2026:20:11:19 +0800] "GET /wp-login.php HTTP/1.1" 302 - "-" "Mozilla/5.0"
194.99.104.201 - - [16/Jan/2026:20:11:22 +0800] "GET /wp-login.php HTTP/1.1" 200 3203 "-" "Mozilla/5.0"
194.99.104.201 - - [16/Jan/2026:20:11:25 +0800] "GET /?author=1 HTTP/1.1" 302 - "-" "Mozilla/5.0"
103.4.122.14 - - [16/Jan/2026:20:11:27 +0800] "POST /wp-cron.php?doing_wp_cron=1768565487.5569911003112792968750 HTTP/1.1" 200 - "-" "WordPress/6.9; https://nutritaste.com.au"
194.99.104.201 - - [16/Jan/2026:20:11:26 +0800] "GET /?feed=rss2 HTTP/1.1" 301 - "-" "Mozilla/5.0"
194.99.104.201 - - [16/Jan/2026:20:11:28 +0800] "GET /feed/ HTTP/1.1" 200 512 "-" "Mozilla/5.0"
103.4.122.14 - - [16/Jan/2026:20:50:18 +0800] "POST /wp-cron.php?doing_wp_cron=1768567818.5562911033630371093750 HTTP/1.1" 200 - "-" "WordPress/6.9; https://nutritaste.com.au"
103.211.178.62 - - [16/Jan/2026:20:50:15 +0800] "POST /xmlrpc.php HTTP/1.1" 503 18950 "-" "Mozilla/5.0 (Macintosh; Intel Mac OS X 10_15_7; x86) AppleWebKit/537.36 (KHTML, like Gecko) Opera/77.0.0.0 Safari/537.36"
103.4.122.14 - - [16/Jan/2026:21:10:18 +0800] "POST /wp-cron.php?doing_wp_cron=1768569018.6686511039733886718750 HTTP/1.1" 200 - "-" "WordPress/6.9; https://nutritaste.com.au"
198.71.53.139 - - [16/Jan/2026:21:10:13 +0800] "POST /wp-login.php HTTP/1.1" 503 7314 "-" "Mozilla/5.0 (Windows NT 10.0; Win64; x64; rv:63.0) Gecko/20100101 Firefox/63.0"
103.4.122.14 - - [16/Jan/2026:22:31:21 +0800] "POST /wp-cron.php?doing_wp_cron=1768573881.6970989704132080078125 HTTP/1.1" 200 - "-" "WordPress/6.9; https://nutritaste.com.au"
185.21.112.38 - - [16/Jan/2026:22:31:07 +0800] "POST /wp-login.php HTTP/1.1" 503 7314 "-" "Mozilla/5.0 (Windows NT 10.0; Win64; x64; rv:53.0) Gecko/20100101 Firefox/53.0"
195.178.110.155 - - [16/Jan/2026:23:38:01 +0800] "GET / HTTP/1.1" 200 87136 "-" "Mozilla/5.0"
103.4.122.14 - - [16/Jan/2026:23:56:16 +0800] "POST /wp-cron.php?doing_wp_cron=1768578976.8516650199890136718750 HTTP/1.1" 200 - "-" "WordPress/6.9; https://nutritaste.com.au"
51.159.214.31 - - [16/Jan/2026:23:56:12 +0800] "POST /wp-login.php HTTP/1.1" 503 7314 "-" "Mozilla/5.0 (Windows NT 10.0; Win64; x64; rv:49.0) Gecko/20100101 Firefox/49.0"
103.4.122.14 - - [16/Jan/2026:23:56:25 +0800] "POST /wp-cron.php?doing_wp_cron=1768578985.2078640460968017578125 HTTP/1.1" 200 - "-" "WordPress/6.9; https://nutritaste.com.au"
103.4.122.14 - - [16/Jan/2026:23:56:23 +0800] "POST /wp-admin/admin-ajax.php HTTP/1.1" 200 21 "-" "WordPress/6.9; https://nutritaste.com.au"
103.4.122.14 - - [17/Jan/2026:01:24:54 +0800] "POST /wp-cron.php?doing_wp_cron=1768584294.3217959403991699218750 HTTP/1.1" 200 - "-" "WordPress/6.9; https://nutritaste.com.au"
104.37.174.183 - - [17/Jan/2026:01:24:49 +0800] "POST /wp-login.php HTTP/1.1" 503 7315 "-" "Mozilla/5.0 (Windows NT 10.0; Win64; x64; rv:61.0) Gecko/20100101 Firefox/61.0"
103.4.122.14 - - [17/Jan/2026:01:24:56 +0800] "GET /wp-json/wp/v2/types/post HTTP/1.1" 200 274 "-" "WordPress/6.9; https://nutritaste.com.au"
103.4.122.14 - - [17/Jan/2026:01:24:59 +0800] "POST /wp-admin/admin-ajax.php?action=wordfence_testAjax HTTP/1.1" 200 32 "-" "WordPress/6.9; https://nutritaste.com.au"
103.4.122.14 - - [17/Jan/2026:01:25:01 +0800] "GET /wp-admin/admin-ajax.php?action=wordfence_doScan&isFork=0&scanMode=quick&cronKey=8b7fe182bd231b514878d2e27f3e22ce&signature=160976f435bd41e78e34801eb09306226f128b8255bfce5420d1294adc2711ed HTTP/1.1" 200 - "-" "WordPress/6.9; https://nutritaste.com.au"
103.4.122.14 - - [17/Jan/2026:01:25:05 +0800] "POST /wp-cron.php?doing_wp_cron=1768584305.0707519054412841796875 HTTP/1.1" 200 - "-" "WordPress/6.9; https://nutritaste.com.au"
103.4.122.14 - - [17/Jan/2026:01:25:03 +0800] "POST /wp-admin/admin-ajax.php HTTP/1.1" 200 21 "-" "WordPress/6.9; https://nutritaste.com.au"
103.4.122.14 - - [17/Jan/2026:02:39:48 +0800] "POST /wp-cron.php?doing_wp_cron=1768588788.1527669429779052734375 HTTP/1.1" 200 - "-" "WordPress/6.9; https://nutritaste.com.au"
138.201.62.99 - - [17/Jan/2026:02:39:43 +0800] "POST /wp-login.php HTTP/1.1" 503 7314 "-" "Mozilla/5.0 (Windows NT 10.0; Win64; x64; rv:40.0) Gecko/20100101 Firefox/40.0"
103.4.122.14 - - [17/Jan/2026:02:39:53 +0800] "POST /wp-cron.php?doing_wp_cron=1768588792.9932389259338378906250 HTTP/1.1" 200 - "-" "WordPress/6.9; https://nutritaste.com.au"
103.4.122.14 - - [17/Jan/2026:02:39:50 +0800] "POST /wp-admin/admin-ajax.php HTTP/1.1" 200 21 "-" "WordPress/6.9; https://nutritaste.com.au"
103.4.122.14 - - [17/Jan/2026:02:46:53 +0800] "POST /wp-cron.php?doing_wp_cron=1768589213.5880310535430908203125 HTTP/1.1" 200 - "-" "WordPress/6.9; https://nutritaste.com.au"
45.195.75.44 - - [17/Jan/2026:02:46:50 +0800] "POST /wp-login.php HTTP/1.1" 503 7315 "-" "Mozilla/5.0 (Windows NT 10.0; Win64; x64; rv:67.0) Gecko/20100101 Firefox/67.0"
13.234.111.16 - - [17/Jan/2026:02:48:48 +0800] "GET / HTTP/1.1" 200 16952 "-" "Mozilla/5.0 (Windows NT 10.0; Win64; x64) AppleWebKit/537.36 (KHTML, like Gecko) Chrome/60.0.3112.113 Safari/537.36 Assetnote/1.0.0"
103.4.122.14 - - [17/Jan/2026:02:48:51 +0800] "POST /wp-cron.php?doing_wp_cron=1768589330.8728630542755126953125 HTTP/1.1" 200 - "-" "WordPress/6.9; https://nutritaste.com.au"
13.234.111.16 - - [17/Jan/2026:02:48:49 +0800] "HEAD /apps HTTP/1.1" 404 - "-" "Mozilla/5.0 (Windows NT 10.0; Win64; x64) AppleWebKit/537.36 (KHTML, like Gecko) Chrome/60.0.3112.113 Safari/537.36 Assetnote/1.0.0"
13.234.111.16 - - [17/Jan/2026:02:48:51 +0800] "HEAD /api/action HTTP/1.1" 404 - "-" "Mozilla/5.0 (Windows NT 10.0; Win64; x64) AppleWebKit/537.36 (KHTML, like Gecko) Chrome/60.0.3112.113 Safari/537.36 Assetnote/1.0.0"
103.4.122.14 - - [17/Jan/2026:02:48:54 +0800] "POST /wp-cron.php?doing_wp_cron=1768589334.4750039577484130859375 HTTP/1.1" 200 - "-" "WordPress/6.9; https://nutritaste.com.au"
13.234.111.16 - - [17/Jan/2026:02:48:53 +0800] "HEAD /api/actions HTTP/1.1" 404 - "-" "Mozilla/5.0 (Windows NT 10.0; Win64; x64) AppleWebKit/537.36 (KHTML, like Gecko) Chrome/60.0.3112.113 Safari/537.36 Assetnote/1.0.0"
13.234.111.16 - - [17/Jan/2026:02:48:54 +0800] "HEAD /_next/data HTTP/1.1" 404 - "-" "Mozilla/5.0 (Windows NT 10.0; Win64; x64) AppleWebKit/537.36 (KHTML, like Gecko) Chrome/60.0.3112.113 Safari/537.36 Assetnote/1.0.0"
103.4.122.14 - - [17/Jan/2026:02:48:59 +0800] "POST /wp-cron.php?doing_wp_cron=1768589339.1249248981475830078125 HTTP/1.1" 200 - "-" "WordPress/6.9; https://nutritaste.com.au"
13.234.111.16 - - [17/Jan/2026:02:48:56 +0800] "POST / HTTP/1.1" 200 16319 "-" "Mozilla/5.0 (Windows NT 10.0; Win64; x64) AppleWebKit/537.36 (KHTML, like Gecko) Chrome/60.0.3112.113 Safari/537.36 Assetnote/1.0.0"
103.4.122.14 - - [17/Jan/2026:03:27:15 +0800] "POST /wp-cron.php?doing_wp_cron=1768591635.2654080390930175781250 HTTP/1.1" 200 - "-" "WordPress/6.9; https://nutritaste.com.au"
93.158.91.254 - - [17/Jan/2026:03:27:12 +0800] "GET / HTTP/1.1" 301 - "-" "Mozilla/5.0 (Linux; Android 12; SAMSUNG SM-A415F) AppleWebKit/537.36 (KHTML, like Gecko) SamsungBrowser/23.0 Chrome/115.0.0.0 Mobile Safari/537.3"
93.158.91.251 - - [17/Jan/2026:03:27:16 +0800] "GET / HTTP/1.1" 200 16319 "http://nutritaste.com.au/" "Mozilla/5.0 (Linux; Android 12; SAMSUNG SM-A415F) AppleWebKit/537.36 (KHTML, like Gecko) SamsungBrowser/23.0 Chrome/115.0.0.0 Mobile Safari/537.3"
103.4.122.14 - - [17/Jan/2026:03:27:22 +0800] "POST /wp-cron.php?doing_wp_cron=1768591642.0528080463409423828125 HTTP/1.1" 200 - "-" "WordPress/6.9; https://nutritaste.com.au"
93.158.92.11 - - [17/Jan/2026:03:27:20 +0800] "GET /brochure/ HTTP/1.1" 200 11509 "-" "Mozilla/5.0 (Linux; Android 12; SAMSUNG SM-A415F) AppleWebKit/537.36 (KHTML, like Gecko) SamsungBrowser/23.0 Chrome/115.0.0.0 Mobile Safari/537.3"
103.4.122.14 - - [17/Jan/2026:04:21:50 +0800] "POST /wp-cron.php?doing_wp_cron=1768594910.9488739967346191406250 HTTP/1.1" 200 - "-" "WordPress/6.9; https://nutritaste.com.au"
37.59.109.228 - - [17/Jan/2026:04:21:47 +0800] "POST /wp-login.php HTTP/1.1" 503 7314 "-" "Mozilla/5.0 (Windows NT 10.0; Win64; x64; rv:66.0) Gecko/20100101 Firefox/66.0"
103.4.122.14 - - [17/Jan/2026:06:27:15 +0800] "POST /wp-cron.php?doing_wp_cron=1768602435.8385980129241943359375 HTTP/1.1" 200 - "-" "WordPress/6.9; https://nutritaste.com.au"
213.177.179.61 - - [17/Jan/2026:06:27:11 +0800] "POST / HTTP/1.1" 200 16319 "-" "Mozilla/5.0 (X11; Linux x86_64; rv:139.0) Gecko/20100101 Firefox/139.0"
213.177.179.61 - - [17/Jan/2026:06:27:18 +0800] "POST / HTTP/1.1" 200 16319 "-" "Mozilla/5.0 (X11; Linux x86_64; rv:139.0) Gecko/20100101 Firefox/139.0"
103.4.122.14 - - [17/Jan/2026:06:44:37 +0800] "POST /wp-cron.php?doing_wp_cron=1768603477.5963280200958251953125 HTTP/1.1" 200 - "-" "WordPress/6.9; https://nutritaste.com.au"
27.121.112.40 - - [17/Jan/2026:06:44:35 +0800] "POST / HTTP/1.1" 200 16319 "-" "Mozilla/5.0 (X11; Linux i686) AppleWebKit/537.36 (KHTML, like Gecko) Chrome/142.0.0.0 Safari/537.36"
150.109.180.208 - - [17/Jan/2026:06:44:35 +0800] "POST /wp-login.php HTTP/1.1" 503 7315 "-" "Mozilla/5.0 (Windows NT 10.0; Win64; x64; rv:58.0) Gecko/20100101 Firefox/58.0"
27.121.112.40 - - [17/Jan/2026:06:44:38 +0800] "POST / HTTP/1.1" 200 16319 "-" "Mozilla/5.0 (X11; Linux i686) AppleWebKit/537.36 (KHTML, like Gecko) Chrome/142.0.0.0 Safari/537.36"
103.4.122.14 - - [17/Jan/2026:06:44:43 +0800] "POST /wp-cron.php?doing_wp_cron=1768603483.2479999065399169921875 HTTP/1.1" 200 - "-" "WordPress/6.9; https://nutritaste.com.au"
27.121.112.40 - - [17/Jan/2026:06:44:41 +0800] "POST / HTTP/1.1" 200 16319 "-" "Mozilla/5.0 (CentOS; Linux i686) AppleWebKit/537.36 (KHTML, like Gecko) Chrome/135.0.0.0 Safari/537.36"
27.121.112.40 - - [17/Jan/2026:06:44:44 +0800] "POST / HTTP/1.1" 200 16319 "-" "Mozilla/5.0 (CentOS; Linux i686) AppleWebKit/537.36 (KHTML, like Gecko) Chrome/135.0.0.0 Safari/537.36"
103.4.122.14 - - [17/Jan/2026:07:59:30 +0800] "POST /wp-cron.php?doing_wp_cron=1768607970.5534310340881347656250 HTTP/1.1" 200 - "-" "WordPress/6.9; https://nutritaste.com.au"
51.68.247.214 - - [17/Jan/2026:07:59:28 +0800] "GET /robots.txt HTTP/1.1" 200 69 "-" "Mozilla/5.0 (compatible; AhrefsBot/7.0; +http://ahrefs.com/robot/)"
142.44.225.84 - - [17/Jan/2026:07:59:35 +0800] "GET / HTTP/1.1" 200 16952 "-" "Mozilla/5.0 (compatible; AhrefsBot/7.0; +http://ahrefs.com/robot/)"
103.4.122.14 - - [17/Jan/2026:08:06:19 +0800] "POST /wp-cron.php?doing_wp_cron=1768608379.7423079013824462890625 HTTP/1.1" 200 - "-" "WordPress/6.9; https://nutritaste.com.au"
155.133.142.66 - - [17/Jan/2026:08:06:16 +0800] "POST /wp-login.php HTTP/1.1" 503 7315 "-" "Mozilla/5.0 (Windows NT 10.0; Win64; x64; rv:72.0) Gecko/20100101 Firefox/72.0"
103.4.122.14 - - [17/Jan/2026:08:23:52 +0800] "POST /wp-cron.php?doing_wp_cron=1768609432.5228250026702880859375 HTTP/1.1" 200 - "-" "WordPress/6.9; https://nutritaste.com.au"
138.246.253.24 - - [17/Jan/2026:08:23:50 +0800] "GET /robots.txt HTTP/1.1" 301 - "-" "Mozilla/5.0 (Windows NT 10.0; Win64; x64) AppleWebKit/537.36 (KHTML, like Gecko) Chrome/103.0.5060.134 Safari/537.36"
103.4.122.14 - - [17/Jan/2026:09:29:02 +0800] "POST /wp-cron.php?doing_wp_cron=1768613341.7538540363311767578125 HTTP/1.1" 200 - "-" "WordPress/6.9; https://nutritaste.com.au"
185.108.129.81 - - [17/Jan/2026:09:28:57 +0800] "POST /wp-login.php HTTP/1.1" 503 7315 "-" "Mozilla/5.0 (Windows NT 10.0; Win64; x64; rv:57.0) Gecko/20100101 Firefox/57.0"
103.4.122.14 - - [17/Jan/2026:09:29:04 +0800] "POST /wp-admin/admin-post.php HTTP/1.1" 200 32 "-" "WordPress/6.9; https://nutritaste.com.au"
148.227.67.69 - - [17/Jan/2026:10:11:05 +0800] "GET / HTTP/1.1" 200 16952 "-" "Mozilla/5.0 (Windows NT 10.0; Win64; x64) AppleWebKit/537.36 (KHTML, like Gecko) Chrome/120.0.0.0 Safari/537.36"
103.4.122.14 - - [17/Jan/2026:10:11:10 +0800] "POST /wp-cron.php?doing_wp_cron=1768615869.9082090854644775390625 HTTP/1.1" 200 - "-" "WordPress/6.9; https://nutritaste.com.au"
168.210.91.246 - - [17/Jan/2026:10:11:07 +0800] "GET / HTTP/1.1" 301 - "-" "Mozilla/5.0 (Windows NT 10.0; Win64; x64) AppleWebKit/537.36 (KHTML, like Gecko) Chrome/121.0.0.0 Safari/537.36"
117.103.119.43 - - [17/Jan/2026:10:11:13 +0800] "GET / HTTP/1.1" 200 16952 "https://103.4.122.14/" "Mozilla/5.0 (Windows NT 10.0; Win64; x64) AppleWebKit/537.36 (KHTML, like Gecko) Chrome/121.0.0.0 Safari/537.36"
103.4.122.14 - - [17/Jan/2026:10:11:14 +0800] "POST /wp-cron.php?doing_wp_cron=1768615874.2864151000976562500000 HTTP/1.1" 200 - "-" "WordPress/6.9; https://nutritaste.com.au"
103.4.122.14 - - [17/Jan/2026:10:11:12 +0800] "POST /wp-admin/admin-ajax.php HTTP/1.1" 200 21 "-" "WordPress/6.9; https://nutritaste.com.au"
103.4.122.14 - - [17/Jan/2026:10:21:02 +0800] "POST /wp-cron.php?doing_wp_cron=1768616462.2526249885559082031250 HTTP/1.1" 200 - "-" "WordPress/6.9; https://nutritaste.com.au"
68.183.143.226 - - [17/Jan/2026:10:21:00 +0800] "GET /wp-login.php HTTP/1.1" 302 - "-" "Mozilla/5.0"
103.4.122.14 - - [17/Jan/2026:10:21:06 +0800] "POST /wp-cron.php?doing_wp_cron=1768616466.0099239349365234375000 HTTP/1.1" 200 - "-" "WordPress/6.9; https://nutritaste.com.au"
68.183.143.226 - - [17/Jan/2026:10:21:04 +0800] "GET /wp-login.php HTTP/1.1" 200 3204 "-" "Mozilla/5.0"
68.183.143.226 - - [17/Jan/2026:10:21:07 +0800] "GET /?author=1 HTTP/1.1" 302 - "-" "Mozilla/5.0"
103.4.122.14 - - [17/Jan/2026:10:21:10 +0800] "POST /wp-cron.php?doing_wp_cron=1768616470.0211091041564941406250 HTTP/1.1" 200 - "-" "WordPress/6.9; https://nutritaste.com.au"
68.183.143.226 - - [17/Jan/2026:10:21:08 +0800] "GET /?feed=rss2 HTTP/1.1" 301 - "-" "Mozilla/5.0"
68.183.143.226 - - [17/Jan/2026:10:21:10 +0800] "GET /feed/ HTTP/1.1" 200 512 "-" "Mozilla/5.0"
103.4.122.14 - - [17/Jan/2026:10:49:56 +0800] "POST /wp-cron.php?doing_wp_cron=1768618196.0782740116119384765625 HTTP/1.1" 200 - "-" "WordPress/6.9; https://nutritaste.com.au"
206.189.189.76 - - [17/Jan/2026:10:49:42 +0800] "POST /wp-login.php HTTP/1.1" 503 7315 "-" "Mozilla/5.0 (Windows NT 10.0; Win64; x64; rv:56.0) Gecko/20100101 Firefox/56.0"
103.4.122.14 - - [17/Jan/2026:12:07:00 +0800] "POST /wp-cron.php?doing_wp_cron=1768622820.3918130397796630859375 HTTP/1.1" 200 - "-" "WordPress/6.9; https://nutritaste.com.au"
123.30.233.48 - - [17/Jan/2026:12:06:55 +0800] "POST /wp-login.php HTTP/1.1" 503 7315 "-" "Mozilla/5.0 (Windows NT 10.0; Win64; x64; rv:88.0) Gecko/20100101 Firefox/88.0"
103.4.122.14 - - [17/Jan/2026:13:22:43 +0800] "POST /wp-cron.php?doing_wp_cron=1768627363.4835259914398193359375 HTTP/1.1" 200 - "-" "WordPress/6.9; https://nutritaste.com.au"
35.187.115.6 - - [17/Jan/2026:13:22:40 +0800] "POST /wp-login.php HTTP/1.1" 503 7315 "-" "Mozilla/5.0 (Windows NT 10.0; Win64; x64; rv:49.0) Gecko/20100101 Firefox/49.0"
103.4.122.14 - - [17/Jan/2026:14:34:21 +0800] "POST /wp-cron.php?doing_wp_cron=1768631661.9519999027252197265625 HTTP/1.1" 200 - "-" "WordPress/6.9; https://nutritaste.com.au"
65.38.25.38 - - [17/Jan/2026:14:34:17 +0800] "POST /wp-login.php HTTP/1.1" 503 7316 "-" "Mozilla/5.0 (Windows NT 10.0; Win64; x64; rv:43.0) Gecko/20100101 Firefox/43.0"
103.4.122.14 - - [17/Jan/2026:15:50:17 +0800] "POST /wp-cron.php?doing_wp_cron=1768636217.5806910991668701171875 HTTP/1.1" 200 - "-" "WordPress/6.9; https://nutritaste.com.au"
159.203.76.93 - - [17/Jan/2026:15:50:13 +0800] "POST /wp-login.php HTTP/1.1" 503 7315 "-" "Mozilla/5.0 (Windows NT 10.0; Win64; x64; rv:95.0) Gecko/20100101 Firefox/95.0"
103.4.122.14 - - [17/Jan/2026:15:59:30 +0800] "POST /wp-cron.php?doing_wp_cron=1768636770.1835050582885742187500 HTTP/1.1" 200 - "-" "WordPress/6.9; https://nutritaste.com.au"
51.68.111.204 - - [17/Jan/2026:15:59:28 +0800] "GET /robots.txt HTTP/1.1" 301 - "-" "Mozilla/5.0 (compatible; MJ12bot/v2.0.4; http://mj12bot.com/)"
51.68.111.204 - - [17/Jan/2026:15:59:30 +0800] "GET /robots.txt HTTP/1.1" 200 69 "-" "Mozilla/5.0 (compatible; MJ12bot/v2.0.4; http://mj12bot.com/)"
103.4.122.14 - - [17/Jan/2026:15:59:34 +0800] "POST /wp-cron.php?doing_wp_cron=1768636774.3337221145629882812500 HTTP/1.1" 200 - "-" "WordPress/6.9; https://nutritaste.com.au"
51.68.111.204 - - [17/Jan/2026:15:59:32 +0800] "GET / HTTP/1.1" 301 - "-" "Mozilla/5.0 (compatible; MJ12bot/v2.0.4; http://mj12bot.com/)"
103.4.122.14 - - [17/Jan/2026:15:59:34 +0800] "POST /wp-admin/admin-ajax.php HTTP/1.1" 200 21 "-" "WordPress/6.9; https://nutritaste.com.au"
51.68.111.204 - - [17/Jan/2026:15:59:35 +0800] "GET /robots.txt HTTP/1.1" 200 69 "-" "Mozilla/5.0 (compatible; MJ12bot/v2.0.4; http://mj12bot.com/)"
51.68.111.204 - - [17/Jan/2026:15:59:37 +0800] "GET / HTTP/1.1" 200 16952 "-" "Mozilla/5.0 (compatible; MJ12bot/v2.0.4; http://mj12bot.com/)"
103.4.122.14 - - [17/Jan/2026:17:01:38 +0800] "POST /wp-cron.php?doing_wp_cron=1768640498.3988299369812011718750 HTTP/1.1" 200 - "-" "WordPress/6.9; https://nutritaste.com.au"
159.223.217.167 - - [17/Jan/2026:17:01:34 +0800] "POST /wp-login.php HTTP/1.1" 503 7316 "-" "Mozilla/5.0 (Windows NT 10.0; Win64; x64; rv:55.0) Gecko/20100101 Firefox/55.0"
103.4.122.14 - - [17/Jan/2026:17:01:42 +0800] "POST /wp-cron.php?doing_wp_cron=1768640502.6335051059722900390625 HTTP/1.1" 200 - "-" "WordPress/6.9; https://nutritaste.com.au"
103.4.122.14 - - [17/Jan/2026:17:01:40 +0800] "POST /wp-admin/admin-ajax.php HTTP/1.1" 200 21 "-" "WordPress/6.9; https://nutritaste.com.au"
103.4.122.14 - - [17/Jan/2026:17:49:48 +0800] "POST /wp-cron.php?doing_wp_cron=1768643388.5571079254150390625000 HTTP/1.1" 200 - "-" "WordPress/6.9; https://nutritaste.com.au"
27.121.112.40 - - [17/Jan/2026:17:49:45 +0800] "POST / HTTP/1.1" 200 16321 "-" "Mozilla/5.0 (X11; Ubuntu; Linux x86_64; rv:71.0) Gecko/20100101 Firefox/71.0"
27.121.112.40 - - [17/Jan/2026:17:49:47 +0800] "POST / HTTP/1.1" 200 16321 "-" "Mozilla/5.0 (X11; Ubuntu; Linux x86_64; rv:71.0) Gecko/20100101 Firefox/71.0"
27.121.112.40 - - [17/Jan/2026:17:49:50 +0800] "POST / HTTP/1.1" 200 16321 "-" "Mozilla/5.0 (X11; Ubuntu; Linux x86_64; rv:140.0) Gecko/20100101 Firefox/140.0"
