14.174.193.15 - - [27/Jan/2026:10:45:46 +0800] "GET /wp-json/metform/v1/forms/views/ HTTP/1.1" 404 117 "https://nutritaste.com.au/" "Mozilla/5.0 (Macintosh; Intel Mac OS X 12_5) AppleWebKit/537.36 (KHTML, like Gecko) Chrome/114.0.0.0 YaBrowser/22.7.0 Yowser/2.5 Safari/537.36"
103.4.122.14 - - [27/Jan/2026:10:45:50 +0800] "POST /wp-cron.php?doing_wp_cron=1769481950.6979990005493164062500 HTTP/1.1" 200 - "-" "WordPress/6.9; https://nutritaste.com.au"
14.174.193.15 - - [27/Jan/2026:10:45:49 +0800] "GET /wp-json/ HTTP/1.1" 200 25961 "https://nutritaste.com.au/" "Mozilla/5.0 (Macintosh; Intel Mac OS X 12_5) AppleWebKit/537.36 (KHTML, like Gecko) Chrome/114.0.0.0 YaBrowser/22.7.0 Yowser/2.5 Safari/537.36"
14.174.193.15 - - [27/Jan/2026:10:45:51 +0800] "GET /wp-json/metform/v1/entries/insert/328 HTTP/1.1" 200 - "https://nutritaste.com.au/" "Mozilla/5.0 (Macintosh; Intel Mac OS X 12_5) AppleWebKit/537.36 (KHTML, like Gecko) Chrome/114.0.0.0 YaBrowser/22.7.0 Yowser/2.5 Safari/537.36"
103.4.122.14 - - [27/Jan/2026:10:45:55 +0800] "POST /wp-cron.php?doing_wp_cron=1769481955.8460049629211425781250 HTTP/1.1" 200 - "-" "WordPress/6.9; https://nutritaste.com.au"
14.174.193.15 - - [27/Jan/2026:10:45:54 +0800] "GET /wp-json/elementskit/v1/ HTTP/1.1" 404 117 "https://nutritaste.com.au/" "Mozilla/5.0 (Macintosh; Intel Mac OS X 12_5) AppleWebKit/537.36 (KHTML, like Gecko) Chrome/114.0.0.0 YaBrowser/22.7.0 Yowser/2.5 Safari/537.36"
44.251.141.27 - - [27/Jan/2026:11:25:35 +0800] "GET / HTTP/1.1" 200 87136 "-" "Mozilla/5.0 (Macintosh; Intel Mac OS X 10_15_7) AppleWebKit/537.36 (KHTML, like Gecko) Chrome/134.0.0.0 Safari/537.36"
103.4.122.14 - - [27/Jan/2026:11:48:33 +0800] "POST /wp-cron.php?doing_wp_cron=1769485713.1509089469909667968750 HTTP/1.1" 200 - "-" "WordPress/6.9; https://nutritaste.com.au"
95.85.238.20 - - [27/Jan/2026:11:48:30 +0800] "GET /wp-login.php HTTP/1.1" 200 11384 "-" "Mozilla/5.0 (Macintosh; Intel Mac OS X 10_9_4 AppleWebKit/537.36 (KHTML, like Gecko) Chrome/36.0.1985.125 Safari/537.36"
95.85.238.20 - - [27/Jan/2026:11:48:34 +0800] "POST /wp-login.php HTTP/1.1" 503 18948 "-" "Mozilla/5.0 (Macintosh; Intel Mac OS X 10_9_4 AppleWebKit/537.36 (KHTML, like Gecko) Chrome/36.0.1985.125 Safari/537.36"
103.114.59.110 - - [27/Jan/2026:12:27:30 +0800] "HEAD / HTTP/1.1" 200 - "-" "Mozilla/5.0 (Windows NT 11.0; Win64; x64) AppleWebKit/537.36 (KHTML, like Gecko) Chrome/125.0.0.0 Safari/537.36 Edg/125.0.0.0"
103.4.122.14 - - [27/Jan/2026:14:28:32 +0800] "POST /wp-cron.php?doing_wp_cron=1769495312.6271970272064208984375 HTTP/1.1" 200 - "-" "WordPress/6.9; https://nutritaste.com.au"
83.217.208.173 - - [27/Jan/2026:14:28:28 +0800] "GET /wp-login.php HTTP/1.1" 200 11384 "-" "Mozilla/5.0 (Windows NT 6.1; WOW64) AppleWebKit/537.36 (KHTML, like Gecko) Chrome/35.0.1916.114 Safari/537.36"
83.217.208.173 - - [27/Jan/2026:14:28:34 +0800] "POST /wp-login.php HTTP/1.1" 503 18948 "-" "Mozilla/5.0 (Windows NT 6.1; WOW64) AppleWebKit/537.36 (KHTML, like Gecko) Chrome/35.0.1916.114 Safari/537.36"
103.4.122.14 - - [27/Jan/2026:14:28:36 +0800] "POST /wp-admin/admin-ajax.php?action=wordfence_testAjax HTTP/1.1" 200 32 "-" "WordPress/6.9; https://nutritaste.com.au"
103.4.122.14 - - [27/Jan/2026:14:28:39 +0800] "GET /wp-admin/admin-ajax.php?action=wordfence_doScan&isFork=0&scanMode=standard&cronKey=be117746df352c6eb648c8d2bf02271d&signature=68a6a04bd9b5ec61179ba660b24992df044d76d93afd2fec4640102f3dbea9e7 HTTP/1.1" 200 - "-" "WordPress/6.9; https://nutritaste.com.au"
103.4.122.14 - - [27/Jan/2026:14:29:17 +0800] "POST /wp-cron.php?doing_wp_cron=1769495357.2826600074768066406250 HTTP/1.1" 200 - "-" "WordPress/6.9; https://nutritaste.com.au"
103.4.122.14 - - [27/Jan/2026:14:28:58 +0800] "GET /wp-admin/admin-ajax.php?action=wordfence_doScan&isFork=1&scanMode=standard&cronKey=498e5efbeb3514b7ac8d6b84b7edd0c6&signature=696153d58e383f256b82fd7e8df30d6db78874e4a26a9f82db15ae9003667d25 HTTP/1.1" 200 - "-" "WordPress/6.9; https://nutritaste.com.au"
103.4.122.14 - - [27/Jan/2026:14:29:23 +0800] "GET /.user.ini HTTP/1.1" 403 199 "-" "WordPress/6.9; https://nutritaste.com.au"
103.4.122.14 - - [27/Jan/2026:14:29:35 +0800] "POST /wp-cron.php?doing_wp_cron=1769495375.3814771175384521484375 HTTP/1.1" 200 - "-" "WordPress/6.9; https://nutritaste.com.au"
103.4.122.14 - - [27/Jan/2026:14:29:16 +0800] "GET /wp-admin/admin-ajax.php?action=wordfence_doScan&isFork=1&scanMode=standard&cronKey=074c49d31ec38e33f095ba26b4ab1fa9&signature=4ab08336b96ae6e90a9c4cecb4326fab6b52fd6b75c7350ab9cee0b45668b164 HTTP/1.1" 200 - "-" "WordPress/6.9; https://nutritaste.com.au"
103.4.122.14 - - [27/Jan/2026:14:29:53 +0800] "POST /wp-cron.php?doing_wp_cron=1769495393.3133480548858642578125 HTTP/1.1" 200 - "-" "WordPress/6.9; https://nutritaste.com.au"
103.4.122.14 - - [27/Jan/2026:14:29:34 +0800] "GET /wp-admin/admin-ajax.php?action=wordfence_doScan&isFork=1&scanMode=standard&cronKey=6e09cbb2279dde2ee713a682e072d8a2&signature=92ddf83133ffd231aa6296fa71a73b93e71be1f96ace2af9fa20773c876dbd36 HTTP/1.1" 200 - "-" "WordPress/6.9; https://nutritaste.com.au"
103.4.122.14 - - [27/Jan/2026:14:30:11 +0800] "POST /wp-cron.php?doing_wp_cron=1769495411.3092761039733886718750 HTTP/1.1" 200 - "-" "WordPress/6.9; https://nutritaste.com.au"
103.4.122.14 - - [27/Jan/2026:14:29:52 +0800] "GET /wp-admin/admin-ajax.php?action=wordfence_doScan&isFork=1&scanMode=standard&cronKey=d2782a436a51240b3d7996279d8c7a99&signature=e589c1c8284db81c5038bdbb2033249e11e9da6148698776e85138cfba9d6189 HTTP/1.1" 200 - "-" "WordPress/6.9; https://nutritaste.com.au"
103.4.122.14 - - [27/Jan/2026:14:30:29 +0800] "POST /wp-cron.php?doing_wp_cron=1769495429.3212230205535888671875 HTTP/1.1" 200 - "-" "WordPress/6.9; https://nutritaste.com.au"
103.4.122.14 - - [27/Jan/2026:14:30:10 +0800] "GET /wp-admin/admin-ajax.php?action=wordfence_doScan&isFork=1&scanMode=standard&cronKey=2334c7fc9424add909c2dcdb9bdfaa5e&signature=89325c4b3b6433363202465ed6e13fb362363c4d1e144c211003d2a9028ff184 HTTP/1.1" 200 - "-" "WordPress/6.9; https://nutritaste.com.au"
103.4.122.14 - - [27/Jan/2026:14:30:47 +0800] "POST /wp-cron.php?doing_wp_cron=1769495447.2958810329437255859375 HTTP/1.1" 200 - "-" "WordPress/6.9; https://nutritaste.com.au"
103.4.122.14 - - [27/Jan/2026:14:30:28 +0800] "GET /wp-admin/admin-ajax.php?action=wordfence_doScan&isFork=1&scanMode=standard&cronKey=a5856242b745e5bec43093adda6187c1&signature=faac27a2b78174a809f14d0b105e0b8d91f29e81c95ae895d60773ddead68082 HTTP/1.1" 200 - "-" "WordPress/6.9; https://nutritaste.com.au"
103.4.122.14 - - [27/Jan/2026:14:31:05 +0800] "POST /wp-cron.php?doing_wp_cron=1769495465.3331530094146728515625 HTTP/1.1" 200 - "-" "WordPress/6.9; https://nutritaste.com.au"
103.4.122.14 - - [27/Jan/2026:14:30:46 +0800] "GET /wp-admin/admin-ajax.php?action=wordfence_doScan&isFork=1&scanMode=standard&cronKey=0a550f68936b39388bdb1a1559b71d21&signature=20dd2aa73c27e4e477925f7387af3638c1fefef4fecaeef679217ec3ad4d5636 HTTP/1.1" 200 - "-" "WordPress/6.9; https://nutritaste.com.au"
103.4.122.14 - - [27/Jan/2026:14:31:23 +0800] "POST /wp-cron.php?doing_wp_cron=1769495483.3088760375976562500000 HTTP/1.1" 200 - "-" "WordPress/6.9; https://nutritaste.com.au"
103.4.122.14 - - [27/Jan/2026:14:31:04 +0800] "GET /wp-admin/admin-ajax.php?action=wordfence_doScan&isFork=1&scanMode=standard&cronKey=5f72b63c82df39ac8bfa46cf86d12406&signature=7e606f3b2190c6f74c466243d9e4772ed99592e817d968f28719a4fad021b70e HTTP/1.1" 200 - "-" "WordPress/6.9; https://nutritaste.com.au"
103.4.122.14 - - [27/Jan/2026:14:31:41 +0800] "POST /wp-cron.php?doing_wp_cron=1769495501.2953400611877441406250 HTTP/1.1" 200 - "-" "WordPress/6.9; https://nutritaste.com.au"
103.4.122.14 - - [27/Jan/2026:14:31:22 +0800] "GET /wp-admin/admin-ajax.php?action=wordfence_doScan&isFork=1&scanMode=standard&cronKey=90299d678eaac970fac8fe5e3a767b46&signature=0cf5fd0f1c225303de25e157a0259fb97802e96e2cfd69d41c74171549071c9e HTTP/1.1" 200 - "-" "WordPress/6.9; https://nutritaste.com.au"
103.4.122.14 - - [27/Jan/2026:14:31:59 +0800] "POST /wp-cron.php?doing_wp_cron=1769495519.2983720302581787109375 HTTP/1.1" 200 - "-" "WordPress/6.9; https://nutritaste.com.au"
103.4.122.14 - - [27/Jan/2026:14:31:40 +0800] "GET /wp-admin/admin-ajax.php?action=wordfence_doScan&isFork=1&scanMode=standard&cronKey=b3ee74cd4aaef6cd0973efcd70865f74&signature=702c13ed8bec1b023ce5669df507116e457abbbe4cffde92c166ccf87a85801f HTTP/1.1" 200 - "-" "WordPress/6.9; https://nutritaste.com.au"
103.4.122.14 - - [27/Jan/2026:14:32:17 +0800] "POST /wp-cron.php?doing_wp_cron=1769495537.3321039676666259765625 HTTP/1.1" 200 - "-" "WordPress/6.9; https://nutritaste.com.au"
103.4.122.14 - - [27/Jan/2026:14:31:58 +0800] "GET /wp-admin/admin-ajax.php?action=wordfence_doScan&isFork=1&scanMode=standard&cronKey=f6a3b43896dd6adae087bc2ae5e0ee52&signature=047b704a535b394642aa04a2f781fa6f46ee1633a6d06f68a862533e868e735f HTTP/1.1" 200 - "-" "WordPress/6.9; https://nutritaste.com.au"
103.4.122.14 - - [27/Jan/2026:14:32:35 +0800] "POST /wp-cron.php?doing_wp_cron=1769495555.2878870964050292968750 HTTP/1.1" 200 - "-" "WordPress/6.9; https://nutritaste.com.au"
103.4.122.14 - - [27/Jan/2026:14:32:16 +0800] "GET /wp-admin/admin-ajax.php?action=wordfence_doScan&isFork=1&scanMode=standard&cronKey=c26bfcb3205bfbef39a37f068863080e&signature=49c0c9dcbe97b4eae230954a70aa3c6cea850f179e65abfc6becc3e367650f10 HTTP/1.1" 200 - "-" "WordPress/6.9; https://nutritaste.com.au"
103.4.122.14 - - [27/Jan/2026:14:32:53 +0800] "POST /wp-cron.php?doing_wp_cron=1769495573.3090910911560058593750 HTTP/1.1" 200 - "-" "WordPress/6.9; https://nutritaste.com.au"
103.4.122.14 - - [27/Jan/2026:14:32:34 +0800] "GET /wp-admin/admin-ajax.php?action=wordfence_doScan&isFork=1&scanMode=standard&cronKey=050cd8c4757bfa591543ebea62f55339&signature=a3c2152b2e88210145fd040a61eb61d7b84881939708daf8a62c717c71465536 HTTP/1.1" 200 - "-" "WordPress/6.9; https://nutritaste.com.au"
103.4.122.14 - - [27/Jan/2026:14:33:11 +0800] "POST /wp-cron.php?doing_wp_cron=1769495591.3195068836212158203125 HTTP/1.1" 200 - "-" "WordPress/6.9; https://nutritaste.com.au"
103.4.122.14 - - [27/Jan/2026:14:32:52 +0800] "GET /wp-admin/admin-ajax.php?action=wordfence_doScan&isFork=1&scanMode=standard&cronKey=c97663dba732a653e5cbdc90875c9f4d&signature=fe03591ea75ae860b71a0bc7df12eb22a5a3706225247e45ef2986483f84a60f HTTP/1.1" 200 - "-" "WordPress/6.9; https://nutritaste.com.au"
103.4.122.14 - - [27/Jan/2026:14:33:29 +0800] "POST /wp-cron.php?doing_wp_cron=1769495609.2985820770263671875000 HTTP/1.1" 200 - "-" "WordPress/6.9; https://nutritaste.com.au"
103.4.122.14 - - [27/Jan/2026:14:33:10 +0800] "GET /wp-admin/admin-ajax.php?action=wordfence_doScan&isFork=1&scanMode=standard&cronKey=858d2ad29b406f11034b34f88247a50b&signature=cf83751a3f234ba2c89e3cd6971f30e5d66d3b75642141273257432d7e7c61df HTTP/1.1" 200 - "-" "WordPress/6.9; https://nutritaste.com.au"
103.4.122.14 - - [27/Jan/2026:14:33:47 +0800] "POST /wp-cron.php?doing_wp_cron=1769495627.2936849594116210937500 HTTP/1.1" 200 - "-" "WordPress/6.9; https://nutritaste.com.au"
103.4.122.14 - - [27/Jan/2026:14:33:28 +0800] "GET /wp-admin/admin-ajax.php?action=wordfence_doScan&isFork=1&scanMode=standard&cronKey=8ee05261ec51d5e9a22f3e33fdce1e5b&signature=4cb0832c63af454c9efe22db564a94430b9e7081ba27db2985a5647f8ba02e38 HTTP/1.1" 200 - "-" "WordPress/6.9; https://nutritaste.com.au"
103.4.122.14 - - [27/Jan/2026:14:34:05 +0800] "POST /wp-cron.php?doing_wp_cron=1769495645.2873120307922363281250 HTTP/1.1" 200 - "-" "WordPress/6.9; https://nutritaste.com.au"
103.4.122.14 - - [27/Jan/2026:14:33:46 +0800] "GET /wp-admin/admin-ajax.php?action=wordfence_doScan&isFork=1&scanMode=standard&cronKey=5923570ea69caf679b47bc3599002f4f&signature=b39777aad8e4ed90246d75138dd1945052dc49e871869ece545f85f76b82d960 HTTP/1.1" 200 - "-" "WordPress/6.9; https://nutritaste.com.au"
103.4.122.14 - - [27/Jan/2026:14:34:23 +0800] "POST /wp-cron.php?doing_wp_cron=1769495663.2991080284118652343750 HTTP/1.1" 200 - "-" "WordPress/6.9; https://nutritaste.com.au"
103.4.122.14 - - [27/Jan/2026:14:34:04 +0800] "GET /wp-admin/admin-ajax.php?action=wordfence_doScan&isFork=1&scanMode=standard&cronKey=ef5d708a0943ae06423c6fdd165ec71b&signature=052e8e1bf3c965a7b5ae31c3042179d11da70289cd8e7edca718d65ea8e535c0 HTTP/1.1" 200 - "-" "WordPress/6.9; https://nutritaste.com.au"
103.4.122.14 - - [27/Jan/2026:14:34:41 +0800] "POST /wp-cron.php?doing_wp_cron=1769495681.3113479614257812500000 HTTP/1.1" 200 - "-" "WordPress/6.9; https://nutritaste.com.au"
103.4.122.14 - - [27/Jan/2026:14:34:22 +0800] "GET /wp-admin/admin-ajax.php?action=wordfence_doScan&isFork=1&scanMode=standard&cronKey=7d64d3bda0a353ffab492739f1976fee&signature=72d018e16b2436e14ec91c355fc3a7e481c965e4985c66d4437afdcd9bdbea8d HTTP/1.1" 200 - "-" "WordPress/6.9; https://nutritaste.com.au"
103.4.122.14 - - [27/Jan/2026:14:34:59 +0800] "POST /wp-cron.php?doing_wp_cron=1769495699.2943959236145019531250 HTTP/1.1" 200 - "-" "WordPress/6.9; https://nutritaste.com.au"
103.4.122.14 - - [27/Jan/2026:14:34:40 +0800] "GET /wp-admin/admin-ajax.php?action=wordfence_doScan&isFork=1&scanMode=standard&cronKey=492810bbff1ea0700e7093b200fc41e7&signature=e6b7dcbafc128f82d3b072e1eeb51c5775278668300f9562049aa2ff758e352a HTTP/1.1" 200 - "-" "WordPress/6.9; https://nutritaste.com.au"
103.4.122.14 - - [27/Jan/2026:14:35:17 +0800] "POST /wp-cron.php?doing_wp_cron=1769495717.3086619377136230468750 HTTP/1.1" 200 - "-" "WordPress/6.9; https://nutritaste.com.au"
103.4.122.14 - - [27/Jan/2026:14:34:58 +0800] "GET /wp-admin/admin-ajax.php?action=wordfence_doScan&isFork=1&scanMode=standard&cronKey=ff976ade5bce5ba3d2a8935b353b6714&signature=a9662bfa08f55483d12020aaa8784a4d86f8b1c1398d6478b3db8f7ebf60d494 HTTP/1.1" 200 - "-" "WordPress/6.9; https://nutritaste.com.au"
103.4.122.14 - - [27/Jan/2026:14:35:35 +0800] "POST /wp-cron.php?doing_wp_cron=1769495735.2844130992889404296875 HTTP/1.1" 200 - "-" "WordPress/6.9; https://nutritaste.com.au"
103.4.122.14 - - [27/Jan/2026:14:35:16 +0800] "GET /wp-admin/admin-ajax.php?action=wordfence_doScan&isFork=1&scanMode=standard&cronKey=fa123e6a028e909aacdcbf553879e859&signature=6cfa748bd8411ae500c8268a6797d43ddf33295ec52764061cdbc461ef8c4045 HTTP/1.1" 200 - "-" "WordPress/6.9; https://nutritaste.com.au"
103.4.122.14 - - [27/Jan/2026:14:35:53 +0800] "POST /wp-cron.php?doing_wp_cron=1769495753.3154261112213134765625 HTTP/1.1" 200 - "-" "WordPress/6.9; https://nutritaste.com.au"
103.4.122.14 - - [27/Jan/2026:14:35:34 +0800] "GET /wp-admin/admin-ajax.php?action=wordfence_doScan&isFork=1&scanMode=standard&cronKey=282a1a161a3fae2f67e4ccc136faa0e5&signature=c36f836bcb6ed26adb7f2002d03d516b1f443b0d05f73b24b940d77c00236afa HTTP/1.1" 200 - "-" "WordPress/6.9; https://nutritaste.com.au"
103.4.122.14 - - [27/Jan/2026:14:36:11 +0800] "POST /wp-cron.php?doing_wp_cron=1769495771.2997970581054687500000 HTTP/1.1" 200 - "-" "WordPress/6.9; https://nutritaste.com.au"
103.4.122.14 - - [27/Jan/2026:14:35:52 +0800] "GET /wp-admin/admin-ajax.php?action=wordfence_doScan&isFork=1&scanMode=standard&cronKey=eb9c049a6d2871550d19ec2657fabe23&signature=be215142ac8a817fff255dded1eb23f3837d6809da8fc2a6760c79d0db49f4c4 HTTP/1.1" 200 - "-" "WordPress/6.9; https://nutritaste.com.au"
103.4.122.14 - - [27/Jan/2026:14:36:29 +0800] "POST /wp-cron.php?doing_wp_cron=1769495789.2899620532989501953125 HTTP/1.1" 200 - "-" "WordPress/6.9; https://nutritaste.com.au"
103.4.122.14 - - [27/Jan/2026:14:36:10 +0800] "GET /wp-admin/admin-ajax.php?action=wordfence_doScan&isFork=1&scanMode=standard&cronKey=b5ce3ddf23523f43775be404cbfca517&signature=df23654cbe8adb9790d507d48411120b9beebe33a9d8ee6603584c6c44ab5a9d HTTP/1.1" 200 - "-" "WordPress/6.9; https://nutritaste.com.au"
103.4.122.14 - - [27/Jan/2026:14:36:33 +0800] "POST /wp-cron.php?doing_wp_cron=1769495793.2577700614929199218750 HTTP/1.1" 200 - "-" "WordPress/6.9; https://nutritaste.com.au"
103.4.122.14 - - [27/Jan/2026:14:36:31 +0800] "POST /wp-admin/admin-ajax.php HTTP/1.1" 200 21 "-" "WordPress/6.9; https://nutritaste.com.au"
103.4.122.14 - - [27/Jan/2026:14:36:47 +0800] "POST /wp-cron.php?doing_wp_cron=1769495807.2754681110382080078125 HTTP/1.1" 200 - "-" "WordPress/6.9; https://nutritaste.com.au"
103.4.122.14 - - [27/Jan/2026:14:36:28 +0800] "GET /wp-admin/admin-ajax.php?action=wordfence_doScan&isFork=1&scanMode=standard&cronKey=720ecb953374ab21c5505f2379e8032f&signature=0c1ac19f96b697bb7d97a7c930aeab00201a6f318f3c430e67357350e7ba1921 HTTP/1.1" 200 - "-" "WordPress/6.9; https://nutritaste.com.au"
103.4.122.14 - - [27/Jan/2026:14:37:05 +0800] "POST /wp-cron.php?doing_wp_cron=1769495825.4952170848846435546875 HTTP/1.1" 200 - "-" "WordPress/6.9; https://nutritaste.com.au"
103.4.122.14 - - [27/Jan/2026:14:36:46 +0800] "GET /wp-admin/admin-ajax.php?action=wordfence_doScan&isFork=1&scanMode=standard&cronKey=1d1176aeed88aa51695ebcb84a01248b&signature=8afc211bddaff1fa3d6f07ef11a5c68c04a36e96aeaa881ecbfe7c68b7c8f2a9 HTTP/1.1" 200 - "-" "WordPress/6.9; https://nutritaste.com.au"
103.4.122.14 - - [27/Jan/2026:14:37:23 +0800] "POST /wp-cron.php?doing_wp_cron=1769495843.8953649997711181640625 HTTP/1.1" 200 - "-" "WordPress/6.9; https://nutritaste.com.au"
103.4.122.14 - - [27/Jan/2026:14:37:04 +0800] "GET /wp-admin/admin-ajax.php?action=wordfence_doScan&isFork=1&scanMode=standard&cronKey=8d09ca833035de8901f03229c251cbc6&signature=e27a6ffb55675fd8b123d2713eea5edcc4321947284707edae5cfd028206c768 HTTP/1.1" 200 - "-" "WordPress/6.9; https://nutritaste.com.au"
103.4.122.14 - - [27/Jan/2026:14:37:41 +0800] "POST /wp-cron.php?doing_wp_cron=1769495861.2858679294586181640625 HTTP/1.1" 200 - "-" "WordPress/6.9; https://nutritaste.com.au"
103.4.122.14 - - [27/Jan/2026:14:37:23 +0800] "GET /wp-admin/admin-ajax.php?action=wordfence_doScan&isFork=1&scanMode=standard&cronKey=3513c2839550f788843d565ed7e3583e&signature=c8f898b876b5baec57fb9317a434befd55563febc8ea89904e4b4c77ea315c15 HTTP/1.1" 200 - "-" "WordPress/6.9; https://nutritaste.com.au"
103.4.122.14 - - [27/Jan/2026:14:37:59 +0800] "POST /wp-cron.php?doing_wp_cron=1769495879.2897939682006835937500 HTTP/1.1" 200 - "-" "WordPress/6.9; https://nutritaste.com.au"
103.4.122.14 - - [27/Jan/2026:14:37:40 +0800] "GET /wp-admin/admin-ajax.php?action=wordfence_doScan&isFork=1&scanMode=standard&cronKey=a6e564ada293074eced0fe86ba9aafb1&signature=a1b1cc0b338ef05ab3b7f39af0b5bf8870d92dcaf86c466b8cb6527158fdf8c1 HTTP/1.1" 200 - "-" "WordPress/6.9; https://nutritaste.com.au"
103.4.122.14 - - [27/Jan/2026:14:38:16 +0800] "POST /wp-cron.php?doing_wp_cron=1769495896.2987151145935058593750 HTTP/1.1" 200 - "-" "WordPress/6.9; https://nutritaste.com.au"
103.4.122.14 - - [27/Jan/2026:14:37:58 +0800] "GET /wp-admin/admin-ajax.php?action=wordfence_doScan&isFork=1&scanMode=standard&cronKey=692671549d3b562e0e4213d1325320b4&signature=972ff1424d257501cc1f8fff049d55083000c961b8ad2511831a761cf3447095 HTTP/1.1" 200 - "-" "WordPress/6.9; https://nutritaste.com.au"
103.4.122.14 - - [27/Jan/2026:14:38:34 +0800] "POST /wp-cron.php?doing_wp_cron=1769495914.3331320285797119140625 HTTP/1.1" 200 - "-" "WordPress/6.9; https://nutritaste.com.au"
103.4.122.14 - - [27/Jan/2026:14:38:15 +0800] "GET /wp-admin/admin-ajax.php?action=wordfence_doScan&isFork=1&scanMode=standard&cronKey=d0fae353c46d7807d8fb4dd5e6269479&signature=57f23a6393275b305586e168290be6a02fce4ef031f6e283b8c5fcb97f32b1b8 HTTP/1.1" 200 - "-" "WordPress/6.9; https://nutritaste.com.au"
103.4.122.14 - - [27/Jan/2026:14:38:52 +0800] "POST /wp-cron.php?doing_wp_cron=1769495932.3068239688873291015625 HTTP/1.1" 200 - "-" "WordPress/6.9; https://nutritaste.com.au"
103.4.122.14 - - [27/Jan/2026:14:38:33 +0800] "GET /wp-admin/admin-ajax.php?action=wordfence_doScan&isFork=1&scanMode=standard&cronKey=91dbc50e5c675025421605c67947b53f&signature=aaec4a89395f7981812ae653e3e226dc2d2f892c5f4e724aaed625adbe7b2dff HTTP/1.1" 200 - "-" "WordPress/6.9; https://nutritaste.com.au"
103.4.122.14 - - [27/Jan/2026:14:39:10 +0800] "POST /wp-cron.php?doing_wp_cron=1769495950.3319709300994873046875 HTTP/1.1" 200 - "-" "WordPress/6.9; https://nutritaste.com.au"
103.4.122.14 - - [27/Jan/2026:14:38:51 +0800] "GET /wp-admin/admin-ajax.php?action=wordfence_doScan&isFork=1&scanMode=standard&cronKey=c97d831087e25b6f4d095e0fa8bc4db4&signature=b66114fdc468367f7a1327ede9d6757dcc46aac58f42082b544efd406974fbfb HTTP/1.1" 200 - "-" "WordPress/6.9; https://nutritaste.com.au"
103.4.122.14 - - [27/Jan/2026:14:39:28 +0800] "POST /wp-cron.php?doing_wp_cron=1769495968.3219010829925537109375 HTTP/1.1" 200 - "-" "WordPress/6.9; https://nutritaste.com.au"
103.4.122.14 - - [27/Jan/2026:14:39:09 +0800] "GET /wp-admin/admin-ajax.php?action=wordfence_doScan&isFork=1&scanMode=standard&cronKey=71915734f733b61cafc1b52a89705da2&signature=5746e96e2e77f9066acbd3940ad7564c07a69e45e3f7aafa43652aff1fb9a24b HTTP/1.1" 200 - "-" "WordPress/6.9; https://nutritaste.com.au"
103.4.122.14 - - [27/Jan/2026:14:39:46 +0800] "POST /wp-cron.php?doing_wp_cron=1769495986.2973799705505371093750 HTTP/1.1" 200 - "-" "WordPress/6.9; https://nutritaste.com.au"
103.4.122.14 - - [27/Jan/2026:14:39:27 +0800] "GET /wp-admin/admin-ajax.php?action=wordfence_doScan&isFork=1&scanMode=standard&cronKey=81f308e83e2dfed55d0b7a14297973bd&signature=30308be9a98dfe1efc7407877bf7181e7bd6e3b747d52feed43806260150cf39 HTTP/1.1" 200 - "-" "WordPress/6.9; https://nutritaste.com.au"
103.4.122.14 - - [27/Jan/2026:14:40:04 +0800] "POST /wp-cron.php?doing_wp_cron=1769496004.3088419437408447265625 HTTP/1.1" 200 - "-" "WordPress/6.9; https://nutritaste.com.au"
103.4.122.14 - - [27/Jan/2026:14:39:45 +0800] "GET /wp-admin/admin-ajax.php?action=wordfence_doScan&isFork=1&scanMode=standard&cronKey=a42d0587acf5cc98893f2ea79dcb9cc5&signature=bee0fe1e7000dba3603581e847a8f53cf3b03bcb0a5800b93645def0f6f1b263 HTTP/1.1" 200 - "-" "WordPress/6.9; https://nutritaste.com.au"
103.4.122.14 - - [27/Jan/2026:14:40:22 +0800] "POST /wp-cron.php?doing_wp_cron=1769496022.3160359859466552734375 HTTP/1.1" 200 - "-" "WordPress/6.9; https://nutritaste.com.au"
103.4.122.14 - - [27/Jan/2026:14:40:03 +0800] "GET /wp-admin/admin-ajax.php?action=wordfence_doScan&isFork=1&scanMode=standard&cronKey=a311bb3a845f6a038ee96e049e4b743b&signature=4f23ff07a48655270a0051d94921c1e43962ee0ace4db07c0fe49a1db3fbe7bd HTTP/1.1" 200 - "-" "WordPress/6.9; https://nutritaste.com.au"
103.4.122.14 - - [27/Jan/2026:14:40:40 +0800] "POST /wp-cron.php?doing_wp_cron=1769496040.3646769523620605468750 HTTP/1.1" 200 - "-" "WordPress/6.9; https://nutritaste.com.au"
103.4.122.14 - - [27/Jan/2026:14:40:21 +0800] "GET /wp-admin/admin-ajax.php?action=wordfence_doScan&isFork=1&scanMode=standard&cronKey=907ff46980aba57ecb0ad163517b7ace&signature=398d2a6b4523ef58c051f323241f199a13ae2d1ddea70ac6e28963b18581c84e HTTP/1.1" 200 - "-" "WordPress/6.9; https://nutritaste.com.au"
103.4.122.14 - - [27/Jan/2026:14:40:58 +0800] "POST /wp-cron.php?doing_wp_cron=1769496058.3400020599365234375000 HTTP/1.1" 200 - "-" "WordPress/6.9; https://nutritaste.com.au"
103.4.122.14 - - [27/Jan/2026:14:40:39 +0800] "GET /wp-admin/admin-ajax.php?action=wordfence_doScan&isFork=1&scanMode=standard&cronKey=52a6789aab3ebb4ea8ff92c6ac88b8b6&signature=aa73f72d86b34fe766c90e7df13e9843c97e70a767a8e55fba155490bf72f28c HTTP/1.1" 200 - "-" "WordPress/6.9; https://nutritaste.com.au"
103.4.122.14 - - [27/Jan/2026:14:41:16 +0800] "POST /wp-cron.php?doing_wp_cron=1769496076.3246910572052001953125 HTTP/1.1" 200 - "-" "WordPress/6.9; https://nutritaste.com.au"
103.4.122.14 - - [27/Jan/2026:14:40:57 +0800] "GET /wp-admin/admin-ajax.php?action=wordfence_doScan&isFork=1&scanMode=standard&cronKey=387b3bd2de5e1d65829e047da9d3abc7&signature=ca9a3dba1ca7824e07a1a6ccd5497a3bddef5a625f2702e91d8437f328929eaf HTTP/1.1" 200 - "-" "WordPress/6.9; https://nutritaste.com.au"
103.4.122.14 - - [27/Jan/2026:14:41:33 +0800] "POST /wp-cron.php?doing_wp_cron=1769496093.3790218830108642578125 HTTP/1.1" 200 - "-" "WordPress/6.9; https://nutritaste.com.au"
103.4.122.14 - - [27/Jan/2026:14:41:15 +0800] "GET /wp-admin/admin-ajax.php?action=wordfence_doScan&isFork=1&scanMode=standard&cronKey=581a1223eb7c550f62b47b5e5d2a9112&signature=7ca6298d2a6bdb86c5a1eb55ea6eacefa6d7a948f9a4fefb4c5bee68de00bb98 HTTP/1.1" 200 - "-" "WordPress/6.9; https://nutritaste.com.au"
103.4.122.14 - - [27/Jan/2026:15:03:22 +0800] "POST /wp-cron.php?doing_wp_cron=1769497402.9389760494232177734375 HTTP/1.1" 200 - "-" "WordPress/6.9; https://nutritaste.com.au"
107.189.7.100 - - [27/Jan/2026:15:03:20 +0800] "GET /wp-login.php HTTP/1.1" 200 11384 "-" "Mozilla/5.0 (iPhone; CPU iPhone OS 7_1_2 like Mac OS X) AppleWebKit/537.51.1 (KHTML, like Gecko) GSA/4.1.0.31802 Mobile/11D257 Safari/9537.53"
103.4.122.14 - - [27/Jan/2026:15:03:27 +0800] "POST /wp-cron.php?doing_wp_cron=1769497407.2614169120788574218750 HTTP/1.1" 200 - "-" "WordPress/6.9; https://nutritaste.com.au"
107.189.7.100 - - [27/Jan/2026:15:03:24 +0800] "POST /wp-login.php HTTP/1.1" 503 18948 "-" "Mozilla/5.0 (iPhone; CPU iPhone OS 7_1_2 like Mac OS X) AppleWebKit/537.51.1 (KHTML, like Gecko) GSA/4.1.0.31802 Mobile/11D257 Safari/9537.53"
182.2.164.52 - - [27/Jan/2026:16:26:46 +0800] "GET / HTTP/1.1" 200 16952 "-" "NextJS-Scanner/3.0"
103.4.122.14 - - [27/Jan/2026:16:26:49 +0800] "POST /wp-cron.php?doing_wp_cron=1769502409.1487519741058349609375 HTTP/1.1" 200 - "-" "WordPress/6.9; https://nutritaste.com.au"
182.2.164.100 - - [27/Jan/2026:16:26:47 +0800] "GET / HTTP/1.1" 301 - "-" "NextJS-Scanner/3.0"
182.2.164.52 - - [27/Jan/2026:16:26:50 +0800] "GET / HTTP/1.1" 200 16952 "-" "NextJS-Scanner/3.0"
103.4.122.14 - - [27/Jan/2026:16:26:53 +0800] "POST /wp-cron.php?doing_wp_cron=1769502413.6782810688018798828125 HTTP/1.1" 200 - "-" "WordPress/6.9; https://nutritaste.com.au"
103.4.122.14 - - [27/Jan/2026:16:26:51 +0800] "POST /wp-admin/admin-ajax.php HTTP/1.1" 200 21 "-" "WordPress/6.9; https://nutritaste.com.au"
103.4.122.14 - - [27/Jan/2026:17:34:36 +0800] "POST /wp-cron.php?doing_wp_cron=1769506476.4609589576721191406250 HTTP/1.1" 200 - "-" "WordPress/6.9; https://nutritaste.com.au"
51.89.25.52 - - [27/Jan/2026:17:34:33 +0800] "GET /ss.php?c_c HTTP/1.1" 404 52591 "-" "Mozilla/5.0 (Windows NT 10.0; Win64; x64) AppleWebKit/537.36 (KHTML, like Gecko) Chrome/127.0.0.0 Safari/537.36"
45.61.185.106 - - [27/Jan/2026:18:22:37 +0800] "GET / HTTP/1.1" 200 87136 "https://nutritaste.com.au/wp-login.php" "Mozilla/5.0 (Windows NT 10.0; Win64; x64; rv:121.0) Gecko/20100101 Firefox/121.0"
103.4.122.14 - - [27/Jan/2026:18:22:56 +0800] "POST /wp-cron.php?doing_wp_cron=1769509376.7372550964355468750000 HTTP/1.1" 200 - "-" "WordPress/6.9; https://nutritaste.com.au"
45.61.185.106 - - [27/Jan/2026:18:22:54 +0800] "GET /wp-login.php HTTP/1.1" 200 11384 "https://nutritaste.com.au/wp-login.php" "Mozilla/5.0 (Windows NT 10.0; Win64; x64; rv:121.0) Gecko/20100101 Firefox/121.0"
103.4.122.14 - - [27/Jan/2026:18:23:01 +0800] "POST /wp-cron.php?doing_wp_cron=1769509381.3550939559936523437500 HTTP/1.1" 200 - "-" "WordPress/6.9; https://nutritaste.com.au"
103.4.122.14 - - [27/Jan/2026:18:22:59 +0800] "POST /wp-admin/admin-ajax.php HTTP/1.1" 200 21 "-" "WordPress/6.9; https://nutritaste.com.au"
103.4.122.14 - - [27/Jan/2026:18:23:18 +0800] "POST /wp-cron.php?doing_wp_cron=1769509398.0743770599365234375000 HTTP/1.1" 200 - "-" "WordPress/6.9; https://nutritaste.com.au"
45.61.185.106 - - [27/Jan/2026:18:23:15 +0800] "POST /wp-login.php HTTP/1.1" 503 18950 "https://nutritaste.com.au/wp-login.php" "Mozilla/5.0 (Windows NT 10.0; Win64; x64; rv:121.0) Gecko/20100101 Firefox/121.0"
103.4.122.14 - - [27/Jan/2026:18:30:25 +0800] "POST /wp-cron.php?doing_wp_cron=1769509825.1782259941101074218750 HTTP/1.1" 200 - "-" "WordPress/6.9; https://nutritaste.com.au"
51.89.25.52 - - [27/Jan/2026:18:30:23 +0800] "GET /?ts=wixsso HTTP/1.1" 200 85724 "-" "Mozilla/5.0 (Windows NT 10.0; Win64; x64) AppleWebKit/537.36 (KHTML, like Gecko) Chrome/127.0.0.0 Safari/537.36"
103.4.122.14 - - [27/Jan/2026:18:44:15 +0800] "POST /wp-cron.php?doing_wp_cron=1769510655.3460509777069091796875 HTTP/1.1" 200 - "-" "WordPress/6.9; https://nutritaste.com.au"
107.189.8.157 - - [27/Jan/2026:18:44:12 +0800] "GET /wp-login.php HTTP/1.1" 200 11384 "-" "Mozilla/5.0 (Macintosh; Intel Mac OS X 10_9_4) AppleWebKit/537.36 (KHTML, like Gecko) Chrome/36.0.1985.143 Safari/537.36"
107.189.8.157 - - [27/Jan/2026:18:44:16 +0800] "POST /wp-login.php HTTP/1.1" 503 18950 "-" "Mozilla/5.0 (Macintosh; Intel Mac OS X 10_9_4) AppleWebKit/537.36 (KHTML, like Gecko) Chrome/36.0.1985.143 Safari/537.36"
103.4.122.14 - - [27/Jan/2026:18:44:20 +0800] "POST /wp-cron.php?doing_wp_cron=1769510660.5886380672454833984375 HTTP/1.1" 200 - "-" "WordPress/6.9; https://nutritaste.com.au"
103.4.122.14 - - [27/Jan/2026:18:44:18 +0800] "POST /wp-admin/admin-ajax.php HTTP/1.1" 200 21 "-" "WordPress/6.9; https://nutritaste.com.au"
103.4.122.14 - - [27/Jan/2026:18:59:45 +0800] "POST /wp-cron.php?doing_wp_cron=1769511584.9745190143585205078125 HTTP/1.1" 200 - "-" "WordPress/6.9; https://nutritaste.com.au"
109.172.93.98 - - [27/Jan/2026:18:59:43 +0800] "GET / HTTP/1.1" 301 - "-" "Mozilla/5.0 (X11; Linux x86_64) Chrome/19.0.1084.9 Safari/536.5"
109.172.93.98 - - [27/Jan/2026:18:59:46 +0800] "GET / HTTP/1.1" 200 87136 "-" "Mozilla/5.0 (X11; Linux x86_64) Chrome/19.0.1084.9 Safari/536.5"
207.246.255.44 - - [27/Jan/2026:18:59:48 +0800] "POST / HTTP/1.1" 200 44 "-" "Mozilla/5.0 (Windows NT 10.0; Win64; x64) AppleWebKit/537.36 (KHTML, like Gecko) Chrome/59.0.3071.115 Safari/537.36"
103.4.122.14 - - [27/Jan/2026:19:08:17 +0800] "POST /wp-cron.php?doing_wp_cron=1769512097.1965470314025878906250 HTTP/1.1" 200 - "-" "WordPress/6.9; https://nutritaste.com.au"
107.189.30.231 - - [27/Jan/2026:19:08:14 +0800] "GET /wp-login.php HTTP/1.1" 200 11384 "-" "Mozilla/5.0 (Windows NT 6.3; WOW64; rv:30.0) Gecko/20100101 Firefox/30.0"
103.4.122.14 - - [27/Jan/2026:19:08:22 +0800] "POST /wp-cron.php?doing_wp_cron=1769512101.9967970848083496093750 HTTP/1.1" 200 - "-" "WordPress/6.9; https://nutritaste.com.au"
107.189.30.231 - - [27/Jan/2026:19:08:18 +0800] "POST /wp-login.php HTTP/1.1" 503 18950 "-" "Mozilla/5.0 (Windows NT 6.3; WOW64; rv:30.0) Gecko/20100101 Firefox/30.0"
103.4.122.14 - - [27/Jan/2026:19:08:42 +0800] "POST /wp-cron.php?doing_wp_cron=1769512122.1182949542999267578125 HTTP/1.1" 200 - "-" "WordPress/6.9; https://nutritaste.com.au"
49.228.123.181 - - [27/Jan/2026:19:08:40 +0800] "GET /wp-json/wp/v2/posts HTTP/1.1" 200 22 "-" "Mozilla/5.0 (Windows NT 10.0; Win64; x64) AppleWebKit/537.36 (KHTML, like Gecko) Chrome/120.0.0.0 Safari/537.36"
103.4.122.14 - - [27/Jan/2026:20:31:46 +0800] "POST /wp-cron.php?doing_wp_cron=1769517106.7083389759063720703125 HTTP/1.1" 200 - "-" "WordPress/6.9; https://nutritaste.com.au"
107.189.11.186 - - [27/Jan/2026:20:31:42 +0800] "GET /wp-login.php HTTP/1.1" 200 11384 "-" "Mozilla/5.0 (Windows NT 6.2; WOW64) AppleWebKit/537.36 (KHTML, like Gecko) Chrome/36.0.1985.125 Safari/537.36"
107.189.11.186 - - [27/Jan/2026:20:31:47 +0800] "POST /wp-login.php HTTP/1.1" 503 18950 "-" "Mozilla/5.0 (Windows NT 6.2; WOW64) AppleWebKit/537.36 (KHTML, like Gecko) Chrome/36.0.1985.125 Safari/537.36"
103.4.122.14 - - [27/Jan/2026:21:22:13 +0800] "POST /wp-cron.php?doing_wp_cron=1769520133.4297220706939697265625 HTTP/1.1" 200 - "-" "WordPress/6.9; https://nutritaste.com.au"
66.249.79.233 - - [27/Jan/2026:21:22:11 +0800] "GET /robots.txt HTTP/1.1" 200 69 "-" "Mozilla/5.0 (compatible; Googlebot/2.1; +http://www.google.com/bot.html)"
103.4.122.14 - - [28/Jan/2026:00:08:04 +0800] "POST /wp-cron.php?doing_wp_cron=1769530083.9814000129699707031250 HTTP/1.1" 200 - "-" "WordPress/6.9; https://nutritaste.com.au"
107.189.29.155 - - [28/Jan/2026:00:07:49 +0800] "GET /wp-login.php HTTP/1.1" 200 11384 "-" "Mozilla/5.0 (Macintosh; Intel Mac OS X 10_6_8) AppleWebKit/537.36 (KHTML, like Gecko) Chrome/36.0.1985.125 Safari/537.36"
107.189.29.155 - - [28/Jan/2026:00:08:06 +0800] "POST /wp-login.php HTTP/1.1" 503 18950 "-" "Mozilla/5.0 (Macintosh; Intel Mac OS X 10_6_8) AppleWebKit/537.36 (KHTML, like Gecko) Chrome/36.0.1985.125 Safari/537.36"
103.4.122.14 - - [28/Jan/2026:01:39:22 +0800] "POST /wp-cron.php?doing_wp_cron=1769535562.0920469760894775390625 HTTP/1.1" 200 - "-" "WordPress/6.9; https://nutritaste.com.au"
107.189.11.186 - - [28/Jan/2026:01:39:18 +0800] "GET /wp-login.php HTTP/1.1" 200 11384 "-" "Mozilla/5.0 (Windows NT 6.3; WOW64; Trident/7.0; rv:11.0) like Gecko"
107.189.11.186 - - [28/Jan/2026:01:39:23 +0800] "POST /wp-login.php HTTP/1.1" 503 18950 "-" "Mozilla/5.0 (Windows NT 6.3; WOW64; Trident/7.0; rv:11.0) like Gecko"
93.123.109.175 - - [28/Jan/2026:03:29:00 +0800] "GET /.git/config HTTP/1.1" 403 199 "-" "Mozilla/5.0 (ZZ; Linux x86_64) AppleWebKit/537.36 (KHTML, like Gecko) Chrome/136.0.0.0 Safari/537.36"
20.212.213.40 - - [28/Jan/2026:03:53:42 +0800] "GET /wp-content/plugins/hellopress/wp_filemanager.php HTTP/1.1" 403 199 "-" "-"
20.212.213.40 - - [28/Jan/2026:03:53:42 +0800] "GET /p.php HTTP/1.1" 404 52505 "-" "-"
103.4.122.14 - - [28/Jan/2026:03:53:46 +0800] "POST /wp-cron.php?doing_wp_cron=1769543626.3156480789184570312500 HTTP/1.1" 200 - "-" "WordPress/6.9; https://nutritaste.com.au"
20.212.213.40 - - [28/Jan/2026:03:53:46 +0800] "GET /s1.php HTTP/1.1" 404 52506 "-" "-"
20.212.213.40 - - [28/Jan/2026:03:53:48 +0800] "GET /k.php HTTP/1.1" 404 52505 "-" "-"
103.4.122.14 - - [28/Jan/2026:03:53:49 +0800] "POST /wp-admin/admin-ajax.php HTTP/1.1" 200 21 "-" "WordPress/6.9; https://nutritaste.com.au"
103.4.122.14 - - [28/Jan/2026:03:53:52 +0800] "POST /wp-cron.php?doing_wp_cron=1769543632.2553300857543945312500 HTTP/1.1" 200 - "-" "WordPress/6.9; https://nutritaste.com.au"
20.212.213.40 - - [28/Jan/2026:03:53:50 +0800] "GET /as.php HTTP/1.1" 404 52506 "-" "-"
20.212.213.40 - - [28/Jan/2026:03:53:52 +0800] "GET /xa.php HTTP/1.1" 404 52506 "-" "-"
103.4.122.14 - - [28/Jan/2026:03:53:56 +0800] "POST /wp-cron.php?doing_wp_cron=1769543636.3490629196166992187500 HTTP/1.1" 200 - "-" "WordPress/6.9; https://nutritaste.com.au"
20.212.213.40 - - [28/Jan/2026:03:53:54 +0800] "GET /bypass.php HTTP/1.1" 404 52510 "-" "-"
20.212.213.40 - - [28/Jan/2026:03:53:56 +0800] "GET /about.php HTTP/1.1" 404 52509 "-" "-"
103.4.122.14 - - [28/Jan/2026:03:54:01 +0800] "POST /wp-cron.php?doing_wp_cron=1769543641.4852778911590576171875 HTTP/1.1" 200 - "-" "WordPress/6.9; https://nutritaste.com.au"
20.212.213.40 - - [28/Jan/2026:03:53:59 +0800] "GET /re.php HTTP/1.1" 404 52506 "-" "-"
20.212.213.40 - - [28/Jan/2026:03:54:01 +0800] "GET /m.php HTTP/1.1" 404 52505 "-" "-"
103.4.122.14 - - [28/Jan/2026:03:54:05 +0800] "POST /wp-cron.php?doing_wp_cron=1769543645.8135290145874023437500 HTTP/1.1" 200 - "-" "WordPress/6.9; https://nutritaste.com.au"
20.212.213.40 - - [28/Jan/2026:03:54:03 +0800] "GET /ad.php HTTP/1.1" 404 52506 "-" "-"
20.212.213.40 - - [28/Jan/2026:03:54:06 +0800] "GET /222.php HTTP/1.1" 404 52507 "-" "-"
20.212.213.40 - - [28/Jan/2026:03:54:07 +0800] "GET /buy.php HTTP/1.1" 403 199 "-" "-"
20.212.213.40 - - [28/Jan/2026:03:54:08 +0800] "GET /buy.php HTTP/1.1" 403 199 "-" "-"
20.212.213.40 - - [28/Jan/2026:03:54:17 +0800] "GET /buy.php HTTP/1.1" 403 199 "-" "-"
20.212.213.40 - - [28/Jan/2026:03:54:19 +0800] "GET /buy.php HTTP/1.1" 403 199 "-" "-"
103.4.122.14 - - [28/Jan/2026:04:31:19 +0800] "POST /wp-cron.php?doing_wp_cron=1769545879.9511280059814453125000 HTTP/1.1" 200 - "-" "WordPress/6.9; https://nutritaste.com.au"
177.91.204.34 - - [28/Jan/2026:04:31:16 +0800] "POST /xmlrpc.php HTTP/1.1" 503 18950 "-" "Mozilla/5.0 (Linux; Android 10; x64) AppleWebKit/537.36 (KHTML, like Gecko) Opera/69.0.0.0 Safari/537.36"
103.4.122.14 - - [28/Jan/2026:04:35:12 +0800] "POST /wp-cron.php?doing_wp_cron=1769546111.8916079998016357421875 HTTP/1.1" 200 - "-" "WordPress/6.9; https://nutritaste.com.au"
68.235.35.171 - - [28/Jan/2026:04:35:09 +0800] "GET /wp-json/wp/v2/posts HTTP/1.1" 200 22 "-" "Mozilla/5.0 (Windows NT 10.0; Win64; x64) AppleWebKit/537.36 (KHTML, like Gecko) Chrome/120.0.0.0 Safari/537.36"
103.4.122.14 - - [28/Jan/2026:04:38:45 +0800] "POST /wp-cron.php?doing_wp_cron=1769546325.1827299594879150390625 HTTP/1.1" 200 - "-" "WordPress/6.9; https://nutritaste.com.au"
107.189.13.239 - - [28/Jan/2026:04:38:42 +0800] "GET /wp-login.php HTTP/1.1" 200 11384 "-" "Mozilla/5.0 (Macintosh; Intel Mac OS X 10_9_4) AppleWebKit/537.36 (KHTML, like Gecko) Chrome/36.0.1985.143 Safari/537.36"
107.189.13.239 - - [28/Jan/2026:04:38:46 +0800] "POST /wp-login.php HTTP/1.1" 503 18950 "-" "Mozilla/5.0 (Macintosh; Intel Mac OS X 10_9_4) AppleWebKit/537.36 (KHTML, like Gecko) Chrome/36.0.1985.143 Safari/537.36"
103.4.122.14 - - [28/Jan/2026:04:44:49 +0800] "POST /wp-cron.php?doing_wp_cron=1769546689.5155971050262451171875 HTTP/1.1" 200 - "-" "WordPress/6.9; https://nutritaste.com.au"
35.94.83.115 - - [28/Jan/2026:04:44:47 +0800] "GET /robots.txt HTTP/1.1" 301 - "-" "Mozilla/5.0 (compatible; wpbot/1.4; +https://forms.gle/ajBaxygz9jSR8p8G9)"
35.94.83.115 - - [28/Jan/2026:04:44:49 +0800] "GET /enhancecp HTTP/1.1" 301 - "-" "Mozilla/5.0 (compatible; wpbot/1.4; +https://forms.gle/ajBaxygz9jSR8p8G9)"
103.4.122.14 - - [28/Jan/2026:06:01:15 +0800] "POST /wp-cron.php?doing_wp_cron=1769551275.2973940372467041015625 HTTP/1.1" 200 - "-" "WordPress/6.9; https://nutritaste.com.au"
144.31.219.63 - - [28/Jan/2026:06:01:11 +0800] "GET /wp-json/wp/v2/posts HTTP/1.1" 200 22 "-" "Mozilla/5.0 (Windows NT 10.0; Win64; x64) AppleWebKit/537.36 (KHTML, like Gecko) Chrome/120.0.0.0 Safari/537.36"
103.4.122.14 - - [28/Jan/2026:06:28:38 +0800] "POST /wp-cron.php?doing_wp_cron=1769552918.0024180412292480468750 HTTP/1.1" 200 - "-" "WordPress/6.9; https://nutritaste.com.au"
162.142.125.121 - - [28/Jan/2026:06:28:35 +0800] "GET / HTTP/1.1" 301 - "-" "Mozilla/5.0 (compatible; CensysInspect/1.1; +https://about.censys.io/)"
162.142.125.121 - - [28/Jan/2026:06:28:42 +0800] "GET / HTTP/1.1" 200 16952 "-" "Mozilla/5.0 (compatible; CensysInspect/1.1; +https://about.censys.io/)"
162.142.125.121 - - [28/Jan/2026:06:28:44 +0800] "GET /wp-content/uploads/2025/03/cropped-NutriTaste-favicon2-32x32.png HTTP/1.1" 200 1243 "-" "Mozilla/5.0 (compatible; CensysInspect/1.1; +https://about.censys.io/)"
162.142.125.121 - - [28/Jan/2026:06:28:45 +0800] "GET /wp-content/uploads/2025/03/cropped-NutriTaste-favicon2-192x192.png HTTP/1.1" 200 11647 "-" "Mozilla/5.0 (compatible; CensysInspect/1.1; +https://about.censys.io/)"
162.142.125.121 - - [28/Jan/2026:06:28:46 +0800] "GET /wp-content/uploads/2025/03/cropped-NutriTaste-favicon2-180x180.png HTTP/1.1" 200 10524 "-" "Mozilla/5.0 (compatible; CensysInspect/1.1; +https://about.censys.io/)"
103.4.122.14 - - [28/Jan/2026:06:28:50 +0800] "POST /wp-cron.php?doing_wp_cron=1769552929.9024860858917236328125 HTTP/1.1" 200 - "-" "WordPress/6.9; https://nutritaste.com.au"
162.142.125.121 - - [28/Jan/2026:06:28:48 +0800] "GET /favicon.ico HTTP/1.1" 302 - "-" "Mozilla/5.0 (compatible; CensysInspect/1.1; +https://about.censys.io/)"
103.4.122.14 - - [28/Jan/2026:06:34:16 +0800] "POST /wp-cron.php?doing_wp_cron=1769553256.0029320716857910156250 HTTP/1.1" 200 - "-" "WordPress/6.9; https://nutritaste.com.au"
35.94.83.115 - - [28/Jan/2026:06:34:14 +0800] "GET /robots.txt HTTP/1.1" 200 69 "-" "Mozilla/5.0 (compatible; wpbot/1.4; +https://forms.gle/ajBaxygz9jSR8p8G9)"
35.94.83.115 - - [28/Jan/2026:06:34:16 +0800] "GET /enhancecp HTTP/1.1" 404 10868 "-" "Mozilla/5.0 (compatible; wpbot/1.4; +https://forms.gle/ajBaxygz9jSR8p8G9)"
103.4.122.14 - - [28/Jan/2026:06:59:10 +0800] "POST /wp-cron.php?doing_wp_cron=1769554750.9408690929412841796875 HTTP/1.1" 200 - "-" "WordPress/6.9; https://nutritaste.com.au"
45.61.184.139 - - [28/Jan/2026:06:59:08 +0800] "GET /wp-login.php HTTP/1.1" 200 11384 "-" "Mozilla/5.0 (Windows NT 6.1; WOW64; rv:31.0) Gecko/20100101 Firefox/31.0"
45.61.184.139 - - [28/Jan/2026:06:59:12 +0800] "POST /wp-login.php HTTP/1.1" 503 18950 "-" "Mozilla/5.0 (Windows NT 6.1; WOW64; rv:31.0) Gecko/20100101 Firefox/31.0"
103.4.122.14 - - [28/Jan/2026:06:59:16 +0800] "POST /wp-cron.php?doing_wp_cron=1769554756.0473279953002929687500 HTTP/1.1" 200 - "-" "WordPress/6.9; https://nutritaste.com.au"
103.4.122.14 - - [28/Jan/2026:06:59:13 +0800] "POST /wp-admin/admin-ajax.php HTTP/1.1" 200 21 "-" "WordPress/6.9; https://nutritaste.com.au"
141.98.11.239 - - [28/Jan/2026:07:09:02 +0800] "GET /wp-login.php HTTP/1.1" 403 199 "-" "Mozilla/5.0"
103.4.122.14 - - [28/Jan/2026:07:10:25 +0800] "POST /wp-cron.php?doing_wp_cron=1769555425.7695031166076660156250 HTTP/1.1" 200 - "-" "WordPress/6.9; https://nutritaste.com.au"
66.249.79.233 - - [28/Jan/2026:07:10:24 +0800] "GET /robots.txt HTTP/1.1" 200 69 "-" "Mozilla/5.0 (compatible; Googlebot/2.1; +http://www.google.com/bot.html)"
66.249.79.233 - - [28/Jan/2026:07:10:27 +0800] "GET / HTTP/1.1" 200 16952 "-" "Mozilla/5.0 (compatible; Googlebot/2.1; +http://www.google.com/bot.html)"
66.249.79.235 - - [28/Jan/2026:07:10:26 +0800] "GET / HTTP/1.1" 200 16322 "-" "Mozilla/5.0 (Linux; Android 6.0.1; Nexus 5X Build/MMB29P) AppleWebKit/537.36 (KHTML, like Gecko) Chrome/99.0.4844.84 Mobile Safari/537.36 (compatible; Googlebot/2.1; +http://www.google.com/bot.html)"
66.249.79.233 - - [28/Jan/2026:07:10:29 +0800] "GET /wp-content/plugins/dethemekit-for-elementor/includes/ext/sina/assets/css/sina-morphing.min.css?ver=2.1.10 HTTP/1.1" 200 250 "https://nutritaste.com.au/" "Mozilla/5.0 (Linux; Android 6.0.1; Nexus 5X Build/MMB29P) AppleWebKit/537.36 (KHTML, like Gecko) Chrome/143.0.7499.192 Mobile Safari/537.36 (compatible; Googlebot/2.1; +http://www.google.com/bot.html)"
66.249.79.234 - - [28/Jan/2026:07:10:29 +0800] "GET /wp-content/plugins/elementor/assets/css/widget-image.min.css?ver=3.33.4 HTTP/1.1" 200 135 "https://nutritaste.com.au/" "Mozilla/5.0 (Linux; Android 6.0.1; Nexus 5X Build/MMB29P) AppleWebKit/537.36 (KHTML, like Gecko) Chrome/143.0.7499.192 Mobile Safari/537.36 (compatible; Googlebot/2.1; +http://www.google.com/bot.html)"
66.249.79.233 - - [28/Jan/2026:07:10:30 +0800] "GET /wp-content/plugins/dethemekit-for-elementor/includes/ext/sina/assets/css/letter/decolines.css?ver=2.1.10 HTTP/1.1" 200 141 "https://nutritaste.com.au/" "Mozilla/5.0 (Linux; Android 6.0.1; Nexus 5X Build/MMB29P) AppleWebKit/537.36 (KHTML, like Gecko) Chrome/143.0.7499.192 Mobile Safari/537.36 (compatible; Googlebot/2.1; +http://www.google.com/bot.html)"
66.249.79.233 - - [28/Jan/2026:07:10:30 +0800] "GET /wp-content/plugins/dethemekit-for-elementor/includes/ext/sina/assets/css/de_staggering/de-staggering.css?ver=2.1.10 HTTP/1.1" 200 1874 "https://nutritaste.com.au/" "Mozilla/5.0 (Linux; Android 6.0.1; Nexus 5X Build/MMB29P) AppleWebKit/537.36 (KHTML, like Gecko) Chrome/143.0.7499.192 Mobile Safari/537.36 (compatible; Googlebot/2.1; +http://www.google.com/bot.html)"
66.249.79.234 - - [28/Jan/2026:07:10:30 +0800] "GET /wp-content/plugins/dethemekit-for-elementor/includes/ext/sina/assets/css/de_staggering/animate.css?ver=2.1.10 HTTP/1.1" 200 5949 "https://nutritaste.com.au/" "Mozilla/5.0 (Linux; Android 6.0.1; Nexus 5X Build/MMB29P) AppleWebKit/537.36 (KHTML, like Gecko) Chrome/143.0.7499.192 Mobile Safari/537.36 (compatible; Googlebot/2.1; +http://www.google.com/bot.html)"
66.249.79.233 - - [28/Jan/2026:07:10:30 +0800] "GET /wp-content/plugins/dethemekit-for-elementor/includes/ext/sina/assets/css/de-scroll-animation.css?ver=2.1.10 HTTP/1.1" 200 125 "https://nutritaste.com.au/" "Mozilla/5.0 (Linux; Android 6.0.1; Nexus 5X Build/MMB29P) AppleWebKit/537.36 (KHTML, like Gecko) Chrome/143.0.7499.192 Mobile Safari/537.36 (compatible; Googlebot/2.1; +http://www.google.com/bot.html)"
66.249.79.234 - - [28/Jan/2026:07:10:30 +0800] "GET /wp-content/plugins/elementor/assets/css/widget-spacer.min.css?ver=3.33.4 HTTP/1.1" 200 338 "https://nutritaste.com.au/" "Mozilla/5.0 (Linux; Android 6.0.1; Nexus 5X Build/MMB29P) AppleWebKit/537.36 (KHTML, like Gecko) Chrome/143.0.7499.192 Mobile Safari/537.36 (compatible; Googlebot/2.1; +http://www.google.com/bot.html)"
66.249.79.234 - - [28/Jan/2026:07:10:31 +0800] "GET /wp-content/plugins/dethemekit-for-elementor/includes/ext/sina/assets/css/revealer.css?ver=2.1.10 HTTP/1.1" 200 139 "https://nutritaste.com.au/" "Mozilla/5.0 (Linux; Android 6.0.1; Nexus 5X Build/MMB29P) AppleWebKit/537.36 (KHTML, like Gecko) Chrome/143.0.7499.192 Mobile Safari/537.36 (compatible; Googlebot/2.1; +http://www.google.com/bot.html)"
66.249.79.234 - - [28/Jan/2026:07:10:31 +0800] "GET /wp-content/plugins/dethemekit-for-elementor/includes/ext/sina/assets/css/de-reveal-animation.css?ver=2.1.10 HTTP/1.1" 200 521 "https://nutritaste.com.au/" "Mozilla/5.0 (Linux; Android 6.0.1; Nexus 5X Build/MMB29P) AppleWebKit/537.36 (KHTML, like Gecko) Chrome/143.0.7499.192 Mobile Safari/537.36 (compatible; Googlebot/2.1; +http://www.google.com/bot.html)"
66.249.79.233 - - [28/Jan/2026:07:10:31 +0800] "GET /wp-content/plugins/dethemekit-for-elementor/includes/ext/sina/assets/css/de-reveal-curtain-animation.css?ver=2.1.10 HTTP/1.1" 200 549 "https://nutritaste.com.au/" "Mozilla/5.0 (Linux; Android 6.0.1; Nexus 5X Build/MMB29P) AppleWebKit/537.36 (KHTML, like Gecko) Chrome/143.0.7499.192 Mobile Safari/537.36 (compatible; Googlebot/2.1; +http://www.google.com/bot.html)"
66.249.79.233 - - [28/Jan/2026:07:10:32 +0800] "GET /wp-content/uploads/elementor/css/post-240.css?ver=1765449559 HTTP/1.1" 200 1824 "https://nutritaste.com.au/" "Mozilla/5.0 (Linux; Android 6.0.1; Nexus 5X Build/MMB29P) AppleWebKit/537.36 (KHTML, like Gecko) Chrome/143.0.7499.192 Mobile Safari/537.36 (compatible; Googlebot/2.1; +http://www.google.com/bot.html)"
66.249.79.234 - - [28/Jan/2026:07:10:32 +0800] "GET /wp-content/plugins/metform/public/assets/lib/cute-alert/style.css?ver=4.0.8 HTTP/1.1" 200 1225 "https://nutritaste.com.au/" "Mozilla/5.0 (Linux; Android 6.0.1; Nexus 5X Build/MMB29P) AppleWebKit/537.36 (KHTML, like Gecko) Chrome/143.0.7499.192 Mobile Safari/537.36 (compatible; Googlebot/2.1; +http://www.google.com/bot.html)"
66.249.79.233 - - [28/Jan/2026:07:10:33 +0800] "GET /wp-content/uploads/elementor/css/post-195.css?ver=1765449559 HTTP/1.1" 200 1543 "https://nutritaste.com.au/" "Mozilla/5.0 (Linux; Android 6.0.1; Nexus 5X Build/MMB29P) AppleWebKit/537.36 (KHTML, like Gecko) Chrome/143.0.7499.192 Mobile Safari/537.36 (compatible; Googlebot/2.1; +http://www.google.com/bot.html)"
66.249.79.233 - - [28/Jan/2026:07:10:33 +0800] "GET /wp-content/plugins/elementor/assets/lib/animations/styles/e-animation-float.min.css?ver=3.33.4 HTTP/1.1" 200 139 "https://nutritaste.com.au/" "Mozilla/5.0 (Linux; Android 6.0.1; Nexus 5X Build/MMB29P) AppleWebKit/537.36 (KHTML, like Gecko) Chrome/143.0.7499.192 Mobile Safari/537.36 (compatible; Googlebot/2.1; +http://www.google.com/bot.html)"
66.249.79.233 - - [28/Jan/2026:07:10:33 +0800] "GET /wp-content/plugins/dethemekit-for-elementor/assets/js/de_loop/ecs_ajax_pagination.js?ver=2.1.10 HTTP/1.1" 200 1228 "https://nutritaste.com.au/" "Mozilla/5.0 (Linux; Android 6.0.1; Nexus 5X Build/MMB29P) AppleWebKit/537.36 (KHTML, like Gecko) Chrome/143.0.7499.192 Mobile Safari/537.36 (compatible; Googlebot/2.1; +http://www.google.com/bot.html)"
66.249.79.233 - - [28/Jan/2026:07:10:34 +0800] "GET /wp-content/plugins/elementor/assets/css/widget-image.min.css?ver=3.33.4 HTTP/1.1" 200 135 "https://nutritaste.com.au/" "Mozilla/5.0 AppleWebKit/537.36 (KHTML, like Gecko; compatible; Googlebot/2.1; +http://www.google.com/bot.html) Chrome/143.0.7499.192 Safari/537.36"
66.249.79.233 - - [28/Jan/2026:07:10:34 +0800] "GET /wp-content/themes/hello-elementor/assets/css/header-footer.css?ver=3.4.5 HTTP/1.1" 200 1423 "https://nutritaste.com.au/" "Mozilla/5.0 AppleWebKit/537.36 (KHTML, like Gecko; compatible; Googlebot/2.1; +http://www.google.com/bot.html) Chrome/143.0.7499.192 Safari/537.36"
66.249.79.233 - - [28/Jan/2026:07:10:35 +0800] "GET /wp-content/themes/hello-elementor/assets/css/reset.css?ver=3.4.5 HTTP/1.1" 200 1792 "https://nutritaste.com.au/" "Mozilla/5.0 AppleWebKit/537.36 (KHTML, like Gecko; compatible; Googlebot/2.1; +http://www.google.com/bot.html) Chrome/143.0.7499.192 Safari/537.36"
66.249.79.233 - - [28/Jan/2026:07:10:35 +0800] "GET /wp-content/plugins/dethemekit-for-elementor/includes/ext/sina/assets/css/de-reveal-curtain-animation.css?ver=2.1.10 HTTP/1.1" 200 549 "https://nutritaste.com.au/" "Mozilla/5.0 AppleWebKit/537.36 (KHTML, like Gecko; compatible; Googlebot/2.1; +http://www.google.com/bot.html) Chrome/143.0.7499.192 Safari/537.36"
66.249.79.233 - - [28/Jan/2026:07:10:35 +0800] "GET /wp-content/uploads/elementor/google-fonts/css/roboto.css?ver=1749610262 HTTP/1.1" 200 2868 "https://nutritaste.com.au/" "Mozilla/5.0 AppleWebKit/537.36 (KHTML, like Gecko; compatible; Googlebot/2.1; +http://www.google.com/bot.html) Chrome/143.0.7499.192 Safari/537.36"
66.249.79.233 - - [28/Jan/2026:07:10:36 +0800] "GET /wp-content/uploads/elementor/css/post-257.css?ver=1765449559 HTTP/1.1" 200 1299 "https://nutritaste.com.au/" "Mozilla/5.0 AppleWebKit/537.36 (KHTML, like Gecko; compatible; Googlebot/2.1; +http://www.google.com/bot.html) Chrome/143.0.7499.192 Safari/537.36"
66.249.79.233 - - [28/Jan/2026:07:10:36 +0800] "GET /wp-content/plugins/dethemekit-for-elementor/includes/ext/sina/assets/css/letter/normalize.css?ver=2.1.10 HTTP/1.1" 200 792 "https://nutritaste.com.au/" "Mozilla/5.0 (Linux; Android 6.0.1; Nexus 5X Build/MMB29P) AppleWebKit/537.36 (KHTML, like Gecko) Chrome/143.0.7499.192 Mobile Safari/537.36 (compatible; Googlebot/2.1; +http://www.google.com/bot.html)"
66.249.79.233 - - [28/Jan/2026:07:10:36 +0800] "GET /wp-content/plugins/elementor/assets/lib/font-awesome/css/font-awesome.min.css?ver=4.7.0 HTTP/1.1" 200 7052 "https://nutritaste.com.au/" "Mozilla/5.0 AppleWebKit/537.36 (KHTML, like Gecko; compatible; Googlebot/2.1; +http://www.google.com/bot.html) Chrome/143.0.7499.192 Safari/537.36"
