4.214.32.32 - - [10/Jan/2026:01:42:38 +0800] "GET /css/ HTTP/1.1" 404 52503 "https://www.google.fr/" "Mozilla/5.0 (Linux; Android 12; 2201116SG) AppleWebKit/537.36 (KHTML, like Gecko) Chrome/116.0.0.0 Mobile Safari/537.36"
4.214.32.32 - - [10/Jan/2026:01:42:40 +0800] "GET /function/function.php HTTP/1.1" 404 52513 "https://duckduckgo.com/" "Mozilla/5.0 (Linux; Android 11; CPH2251) AppleWebKit/537.36 (KHTML, like Gecko) Chrome/116.0.0.0 Mobile Safari/537.36"
103.4.122.14 - - [10/Jan/2026:01:42:43 +0800] "POST /wp-cron.php?doing_wp_cron=1767980563.8519821166992187500000 HTTP/1.1" 200 - "-" "WordPress/6.9; https://nutritaste.com.au"
4.214.32.32 - - [10/Jan/2026:01:42:42 +0800] "GET /images/index.php HTTP/1.1" 301 - "https://www.bing.com/" "Mozilla/5.0 (Linux; Android 10; LM-Q720) AppleWebKit/537.36 (KHTML, like Gecko) Chrome/116.0.0.0 Mobile Safari/537.36"
4.214.32.32 - - [10/Jan/2026:01:42:44 +0800] "GET /images/ HTTP/1.1" 404 52506 "https://www.bing.com/" "Mozilla/5.0 (Linux; Android 10; LM-Q720) AppleWebKit/537.36 (KHTML, like Gecko) Chrome/116.0.0.0 Mobile Safari/537.36"
103.4.122.14 - - [10/Jan/2026:01:42:47 +0800] "POST /wp-cron.php?doing_wp_cron=1767980567.6357378959655761718750 HTTP/1.1" 200 - "-" "WordPress/6.9; https://nutritaste.com.au"
4.214.32.32 - - [10/Jan/2026:01:42:45 +0800] "GET /images/install.php HTTP/1.1" 404 52511 "https://www.yahoo.com/" "Mozilla/5.0 (Linux; Android 13; M2101K6G) AppleWebKit/537.36 (KHTML, like Gecko) Chrome/116.0.0.0 Mobile Safari/537.36"
4.214.32.32 - - [10/Jan/2026:01:42:47 +0800] "GET /index.php/feed/atom/ HTTP/1.1" 301 - "https://www.bing.com/" "Mozilla/5.0 (iPhone; CPU iPhone OS 16_0 like Mac OS X) AppleWebKit/605.1.15 (KHTML, like Gecko) FxiOS/118.0 Mobile/15E148 Safari/605.1.15"
103.4.122.14 - - [10/Jan/2026:01:42:52 +0800] "POST /wp-cron.php?doing_wp_cron=1767980572.0559899806976318359375 HTTP/1.1" 200 - "-" "WordPress/6.9; https://nutritaste.com.au"
4.214.32.32 - - [10/Jan/2026:01:42:50 +0800] "GET /feed/atom/ HTTP/1.1" 200 677 "https://www.bing.com/" "Mozilla/5.0 (iPhone; CPU iPhone OS 16_0 like Mac OS X) AppleWebKit/605.1.15 (KHTML, like Gecko) FxiOS/118.0 Mobile/15E148 Safari/605.1.15"
4.214.32.32 - - [10/Jan/2026:01:42:52 +0800] "GET /index/function.php HTTP/1.1" 404 52513 "https://www.google.co.uk/" "Mozilla/5.0 (Linux; Android 12; SM-A525F) AppleWebKit/537.36 (KHTML, like Gecko) Chrome/117.0.0.0 Mobile Safari/537.36"
103.4.122.14 - - [10/Jan/2026:01:42:55 +0800] "POST /wp-cron.php?doing_wp_cron=1767980575.9161798954010009765625 HTTP/1.1" 200 - "-" "WordPress/6.9; https://nutritaste.com.au"
4.214.32.32 - - [10/Jan/2026:01:42:54 +0800] "GET /mah/function.php HTTP/1.1" 404 52513 "https://www.bing.com/" "Mozilla/5.0 (Linux; Android 11; CPH2251) AppleWebKit/537.36 (KHTML, like Gecko) Chrome/116.0.0.0 Mobile Safari/537.36"
4.214.32.32 - - [10/Jan/2026:01:42:56 +0800] "GET /update/gely.php HTTP/1.1" 404 52505 "https://www.google.de/" "Mozilla/5.0 (Linux; Android 13; SM-S908E) AppleWebKit/537.36 (KHTML, like Gecko) Chrome/116.0.0.0 Mobile Safari/537.36"
103.4.122.14 - - [10/Jan/2026:01:42:59 +0800] "POST /wp-cron.php?doing_wp_cron=1767980579.4830861091613769531250 HTTP/1.1" 200 - "-" "WordPress/6.9; https://nutritaste.com.au"
4.214.32.32 - - [10/Jan/2026:01:42:57 +0800] "GET /wp-admin/ HTTP/1.1" 302 - "https://www.google.fr/" "Mozilla/5.0 (Linux; Android 12; 2201116SG) AppleWebKit/537.36 (KHTML, like Gecko) Chrome/116.0.0.0 Mobile Safari/537.36"
4.214.32.32 - - [10/Jan/2026:01:43:00 +0800] "GET /wp-admin/ HTTP/1.1" 302 - "https://www.google.fr/" "Mozilla/5.0 (Linux; Android 12; 2201116SG) AppleWebKit/537.36 (KHTML, like Gecko) Chrome/116.0.0.0 Mobile Safari/537.36"
103.4.122.14 - - [10/Jan/2026:01:43:03 +0800] "POST /wp-cron.php?doing_wp_cron=1767980583.2863140106201171875000 HTTP/1.1" 200 - "-" "WordPress/6.9; https://nutritaste.com.au"
4.214.32.32 - - [10/Jan/2026:01:43:01 +0800] "GET /wp-login.php?redirect_to=https%3A%2F%2Fnutritaste.com.au%2Fwp-admin%2F&reauth=1 HTTP/1.1" 200 11384 "https://www.google.fr/" "Mozilla/5.0 (Linux; Android 12; 2201116SG) AppleWebKit/537.36 (KHTML, like Gecko) Chrome/116.0.0.0 Mobile Safari/537.36"
4.214.32.32 - - [10/Jan/2026:01:43:03 +0800] "GET /wp-admin/css/ HTTP/1.1" 403 199 "https://www.google.de/" "Mozilla/5.0 (iPhone; CPU iPhone OS 17_0_3 like Mac OS X) AppleWebKit/605.1.15 (KHTML, like Gecko) Version/17.0.1 Mobile/15E148 Safari/604.1"
4.214.32.32 - - [10/Jan/2026:01:43:03 +0800] "GET /wp-admin/css/colors/ HTTP/1.1" 403 199 "https://www.bing.com/" "Mozilla/5.0 (Linux; Android 11; 21081111RG) AppleWebKit/537.36 (KHTML, like Gecko) Chrome/116.0.0.0 Mobile Safari/537.36"
4.214.32.32 - - [10/Jan/2026:01:43:03 +0800] "GET /wp-admin/css/colors/blue/ HTTP/1.1" 403 199 "https://www.google.co.uk/" "Mozilla/5.0 (iPhone; CPU iPhone OS 16_6_1 like Mac OS X) AppleWebKit/605.1.15 (KHTML, like Gecko) Version/16.6 Mobile/15E148 Safari/604.1"
4.214.32.32 - - [10/Jan/2026:01:43:04 +0800] "GET /wp-admin/css/colors/coffee/ HTTP/1.1" 403 199 "https://www.google.de/" "Mozilla/5.0 (Linux; Android 13; SM-S908E) AppleWebKit/537.36 (KHTML, like Gecko) Chrome/116.0.0.0 Mobile Safari/537.36"
4.214.32.32 - - [10/Jan/2026:01:43:05 +0800] "GET /wp-admin/css/colors/midnight/ HTTP/1.1" 403 199 "https://duckduckgo.com/" "Mozilla/5.0 (Linux; Android 13; SM-S908E) AppleWebKit/537.36 (KHTML, like Gecko) Chrome/116.0.0.0 Mobile Safari/537.36"
161.118.211.239 - - [10/Jan/2026:01:45:23 +0800] "GET / HTTP/1.1" 403 199 "-" "Mozilla/5.0 (Android 13; Mobile; rv:117.0) Gecko/117.0 Firefox/117.0"
161.118.211.239 - - [10/Jan/2026:01:45:24 +0800] "GET / HTTP/1.1" 403 199 "-" "Mozilla/5.0 (Windows NT 10.0; Win64; x64) AppleWebKit/537.36 Chrome/116.0 Safari/537.36"
161.118.211.239 - - [10/Jan/2026:01:45:24 +0800] "GET / HTTP/1.1" 403 199 "-" "Mozilla/5.0 (Macintosh; Intel Mac OS X 13_5_1) AppleWebKit/605.1.15 Safari/605.1.15"
103.4.122.14 - - [10/Jan/2026:08:27:13 +0800] "POST /wp-cron.php?doing_wp_cron=1768004833.2776060104370117187500 HTTP/1.1" 200 - "-" "WordPress/6.9; https://nutritaste.com.au"
66.249.64.10 - - [10/Jan/2026:08:26:54 +0800] "GET /robots.txt HTTP/1.1" 200 69 "-" "Mozilla/5.0 (compatible; Googlebot/2.1; +http://www.google.com/bot.html)"
66.249.64.10 - - [10/Jan/2026:08:27:14 +0800] "GET /betting/%E0%B9%80%E0%B8%A7%E0%B9%87%E0%B8%9A%E0%B8%9E%E0%B8%99%E0%B8%B1%E0%B8%99%E0%B8%AD%E0%B8%AD%E0%B8%99%E0%B9%84%E0%B8%A5%E0%B8%99%E0%B9%8C%20%E0%B9%80%E0%B8%A7%E0%B9%87%E0%B8%9A%E0%B8%95%E0%B8%A3%E0%B8%87.html HTTP/1.1" 404 10916 "-" "Mozilla/5.0 (Linux; Android 6.0.1; Nexus 5X Build/MMB29P) AppleWebKit/537.36 (KHTML, like Gecko) Chrome/143.0.7499.169 Mobile Safari/537.36 (compatible; Googlebot/2.1; +http://www.google.com/bot.html)"
103.4.122.14 - - [10/Jan/2026:08:27:42 +0800] "POST /wp-cron.php?doing_wp_cron=1768004862.9170589447021484375000 HTTP/1.1" 200 - "-" "WordPress/6.9; https://nutritaste.com.au"
103.4.122.14 - - [10/Jan/2026:08:27:40 +0800] "POST /wp-admin/admin-ajax.php HTTP/1.1" 200 21 "-" "WordPress/6.9; https://nutritaste.com.au"
34.221.21.250 - - [10/Jan/2026:09:47:41 +0800] "GET / HTTP/1.1" 200 16720 "-" "Mozilla/5.0 (X11; Linux i686; rv:124.0) Gecko/20100101 Firefox/124.0"
103.4.122.14 - - [10/Jan/2026:11:27:57 +0800] "POST /wp-cron.php?doing_wp_cron=1768015677.8131859302520751953125 HTTP/1.1" 200 - "-" "WordPress/6.9; https://nutritaste.com.au"
74.7.241.154 - - [10/Jan/2026:11:27:54 +0800] "GET /robots.txt HTTP/1.1" 200 69 "-" "Mozilla/5.0 (Macintosh; Intel Mac OS X 10_15_7) AppleWebKit/537.36 (KHTML, like Gecko) Chrome/131.0.0.0 Safari/537.36; compatible; OAI-SearchBot/1.3; robots.txt; +https://openai.com/searchbot"
103.4.122.14 - - [10/Jan/2026:11:28:00 +0800] "POST /wp-admin/admin-post.php HTTP/1.1" 200 32 "-" "WordPress/6.9; https://nutritaste.com.au"
103.4.122.14 - - [10/Jan/2026:11:28:18 +0800] "POST /wp-cron.php?doing_wp_cron=1768015698.4118731021881103515625 HTTP/1.1" 200 - "-" "WordPress/6.9; https://nutritaste.com.au"
103.4.122.14 - - [10/Jan/2026:11:28:16 +0800] "POST /wp-admin/admin-ajax.php HTTP/1.1" 200 21 "-" "WordPress/6.9; https://nutritaste.com.au"
103.4.122.14 - - [10/Jan/2026:12:41:08 +0800] "POST /wp-cron.php?doing_wp_cron=1768020068.1503429412841796875000 HTTP/1.1" 200 - "-" "WordPress/6.9; https://nutritaste.com.au"
143.244.139.62 - - [10/Jan/2026:12:41:06 +0800] "GET / HTTP/1.1" 301 - "-" "Mozilla/5.0 (X11; Linux x86_64) AppleWebKit/537.36 (KHTML, like Gecko) Chrome/139.0.0.0 Safari/537.36"
143.244.139.62 - - [10/Jan/2026:12:41:08 +0800] "GET /favicon.ico HTTP/1.1" 302 - "http://www.nutritaste.com.au/" "Mozilla/5.0 (X11; Linux x86_64) AppleWebKit/537.36 (KHTML, like Gecko) Chrome/139.0.0.0 Safari/537.36"
143.244.139.62 - - [10/Jan/2026:12:41:11 +0800] "GET / HTTP/1.1" 301 - "-" "Mozilla/5.0 (X11; Linux x86_64) AppleWebKit/537.36 (KHTML, like Gecko) Chrome/139.0.0.0 Safari/537.36"
103.4.122.14 - - [10/Jan/2026:12:41:19 +0800] "POST /wp-cron.php?doing_wp_cron=1768020079.9145820140838623046875 HTTP/1.1" 200 - "-" "WordPress/6.9; https://nutritaste.com.au"
143.244.139.62 - - [10/Jan/2026:12:41:18 +0800] "GET /favicon.ico HTTP/1.1" 302 - "https://www.nutritaste.com.au/" "Mozilla/5.0 (X11; Linux x86_64) AppleWebKit/537.36 (KHTML, like Gecko) Chrome/139.0.0.0 Safari/537.36"
103.4.122.14 - - [10/Jan/2026:13:45:06 +0800] "POST /wp-cron.php?doing_wp_cron=1768023905.9717850685119628906250 HTTP/1.1" 200 - "-" "WordPress/6.9; https://nutritaste.com.au"
66.249.64.10 - - [10/Jan/2026:13:45:02 +0800] "GET /nohu/%E0%B9%80%E0%B8%A7%E0%B9%87%E0%B8%9A%E0%B8%AA%E0%B8%A5%E0%B9%87%E0%B8%AD%E0%B8%95%E0%B9%80%E0%B8%A7%E0%B9%87%E0%B8%9A%E0%B8%95%E0%B8%A3%E0%B8%87%20%E0%B8%A7%E0%B8%AD%E0%B8%A5%E0%B9%80%E0%B8%A5%E0%B9%87%E0%B8%95168.html HTTP/1.1" 404 10911 "-" "Mozilla/5.0 (Linux; Android 6.0.1; Nexus 5X Build/MMB29P) AppleWebKit/537.36 (KHTML, like Gecko) Chrome/143.0.7499.192 Mobile Safari/537.36 (compatible; Googlebot/2.1; +http://www.google.com/bot.html)"
103.4.122.14 - - [10/Jan/2026:13:45:10 +0800] "POST /wp-cron.php?doing_wp_cron=1768023910.5847549438476562500000 HTTP/1.1" 200 - "-" "WordPress/6.9; https://nutritaste.com.au"
103.4.122.14 - - [10/Jan/2026:13:45:08 +0800] "POST /wp-admin/admin-ajax.php HTTP/1.1" 200 21 "-" "WordPress/6.9; https://nutritaste.com.au"
103.4.122.14 - - [10/Jan/2026:13:50:32 +0800] "POST /wp-cron.php?doing_wp_cron=1768024231.8949809074401855468750 HTTP/1.1" 200 - "-" "WordPress/6.9; https://nutritaste.com.au"
66.249.64.11 - - [10/Jan/2026:13:50:29 +0800] "GET /casino/slot%20pg%20168.html HTTP/1.1" 404 10874 "-" "Mozilla/5.0 (Linux; Android 6.0.1; Nexus 5X Build/MMB29P) AppleWebKit/537.36 (KHTML, like Gecko) Chrome/143.0.7499.192 Mobile Safari/537.36 (compatible; Googlebot/2.1; +http://www.google.com/bot.html)"
103.4.122.14 - - [10/Jan/2026:14:41:53 +0800] "POST /wp-cron.php?doing_wp_cron=1768027313.0840380191802978515625 HTTP/1.1" 200 - "-" "WordPress/6.9; https://nutritaste.com.au"
66.249.64.12 - - [10/Jan/2026:14:41:50 +0800] "GET /xoso/pg888th.%20bet.html HTTP/1.1" 404 10874 "-" "Mozilla/5.0 (Linux; Android 6.0.1; Nexus 5X Build/MMB29P) AppleWebKit/537.36 (KHTML, like Gecko) Chrome/143.0.7499.169 Mobile Safari/537.36 (compatible; Googlebot/2.1; +http://www.google.com/bot.html)"
103.4.122.14 - - [10/Jan/2026:14:41:58 +0800] "POST /wp-cron.php?doing_wp_cron=1768027318.6691319942474365234375 HTTP/1.1" 200 - "-" "WordPress/6.9; https://nutritaste.com.au"
103.4.122.14 - - [10/Jan/2026:14:41:56 +0800] "POST /wp-admin/admin-ajax.php HTTP/1.1" 200 21 "-" "WordPress/6.9; https://nutritaste.com.au"
103.4.122.14 - - [10/Jan/2026:15:54:16 +0800] "POST /wp-cron.php?doing_wp_cron=1768031656.5205318927764892578125 HTTP/1.1" 200 - "-" "WordPress/6.9; https://nutritaste.com.au"
93.158.90.71 - - [10/Jan/2026:15:54:13 +0800] "GET /robots.txt HTTP/1.1" 200 69 "-" "Mozilla/5.0 (iPhone; CPU iPhone OS 17_3_1 like Mac OS X) AppleWebKit/605.1.15 (KHTML, like Gecko) Version/17.3.1 Mobile/15E148 Safari/604"
93.158.90.73 - - [10/Jan/2026:15:54:18 +0800] "GET / HTTP/1.1" 301 - "-" "Mozilla/5.0 (iPhone; CPU iPhone OS 17_3_1 like Mac OS X) AppleWebKit/605.1.15 (KHTML, like Gecko) Version/17.3.1 Mobile/15E148 Safari/604"
103.4.122.14 - - [10/Jan/2026:15:54:21 +0800] "POST /wp-cron.php?doing_wp_cron=1768031661.3626129627227783203125 HTTP/1.1" 200 - "-" "WordPress/6.9; https://nutritaste.com.au"
103.4.122.14 - - [10/Jan/2026:15:54:19 +0800] "POST /wp-admin/admin-ajax.php HTTP/1.1" 200 21 "-" "WordPress/6.9; https://nutritaste.com.au"
93.158.90.71 - - [10/Jan/2026:15:54:20 +0800] "GET / HTTP/1.1" 200 16320 "http://nutritaste.com.au/" "Mozilla/5.0 (iPhone; CPU iPhone OS 17_3_1 like Mac OS X) AppleWebKit/605.1.15 (KHTML, like Gecko) Version/17.3.1 Mobile/15E148 Safari/604"
103.4.122.14 - - [10/Jan/2026:18:09:33 +0800] "POST /wp-cron.php?doing_wp_cron=1768039773.6093111038208007812500 HTTP/1.1" 200 - "-" "WordPress/6.9; https://nutritaste.com.au"
66.249.64.10 - - [10/Jan/2026:18:09:30 +0800] "GET /dabong/Slot%20%E0%B8%AA%E0%B8%A5%E0%B9%87%E0%B8%AD%E0%B8%957.html HTTP/1.1" 404 10891 "-" "Mozilla/5.0 (Linux; Android 6.0.1; Nexus 5X Build/MMB29P) AppleWebKit/537.36 (KHTML, like Gecko) Chrome/143.0.7499.169 Mobile Safari/537.36 (compatible; Googlebot/2.1; +http://www.google.com/bot.html)"
103.4.122.14 - - [10/Jan/2026:18:09:38 +0800] "POST /wp-cron.php?doing_wp_cron=1768039778.6270270347595214843750 HTTP/1.1" 200 - "-" "WordPress/6.9; https://nutritaste.com.au"
103.4.122.14 - - [10/Jan/2026:18:09:36 +0800] "POST /wp-admin/admin-ajax.php HTTP/1.1" 200 21 "-" "WordPress/6.9; https://nutritaste.com.au"
66.249.64.10 - - [10/Jan/2026:18:09:38 +0800] "GET /app/Login%20%E0%B9%80%E0%B8%A7%E0%B9%87%E0%B8%9A%E0%B8%A2%E0%B8%B9%E0%B8%9F%E0%B9%88%E0%B8%B224.html HTTP/1.1" 404 10905 "-" "Mozilla/5.0 (Linux; Android 6.0.1; Nexus 5X Build/MMB29P) AppleWebKit/537.36 (KHTML, like Gecko) Chrome/143.0.7499.169 Mobile Safari/537.36 (compatible; Googlebot/2.1; +http://www.google.com/bot.html)"
103.4.122.14 - - [10/Jan/2026:18:11:37 +0800] "POST /wp-cron.php?doing_wp_cron=1768039896.9221839904785156250000 HTTP/1.1" 200 - "-" "WordPress/6.9; https://nutritaste.com.au"
51.89.38.21 - - [10/Jan/2026:18:11:34 +0800] "GET /ss.php?c_c HTTP/1.1" 404 52591 "-" "Mozilla/5.0 (Windows NT 10.0; Win64; x64) AppleWebKit/537.36 (KHTML, like Gecko) Chrome/127.0.0.0 Safari/537.36"
51.89.38.21 - - [10/Jan/2026:18:11:35 +0800] "GET /assets/images/accesson.php HTTP/1.1" 404 52577 "-" "Mozilla/5.0 (Windows NT 10.0; Win64; x64) AppleWebKit/537.36 (KHTML, like Gecko) Chrome/127.0.0.0 Safari/537.36"
103.4.122.14 - - [10/Jan/2026:18:12:08 +0800] "POST /wp-cron.php?doing_wp_cron=1768039928.3543009757995605468750 HTTP/1.1" 200 - "-" "WordPress/6.9; https://nutritaste.com.au"
66.249.64.11 - - [10/Jan/2026:18:12:06 +0800] "GET /casino/%E0%B8%AA%E0%B8%A5%E0%B9%87%E0%B8%AD%E0%B8%95%E0%B8%97%E0%B8%B8%E0%B8%9920.html HTTP/1.1" 404 10896 "-" "Mozilla/5.0 (Linux; Android 6.0.1; Nexus 5X Build/MMB29P) AppleWebKit/537.36 (KHTML, like Gecko) Chrome/143.0.7499.169 Mobile Safari/537.36 (compatible; Googlebot/2.1; +http://www.google.com/bot.html)"
103.4.122.14 - - [10/Jan/2026:20:52:12 +0800] "POST /wp-cron.php?doing_wp_cron=1768049532.8441069126129150390625 HTTP/1.1" 200 - "-" "WordPress/6.9; https://nutritaste.com.au"
178.73.233.115 - - [10/Jan/2026:20:51:59 +0800] "GET / HTTP/1.1" 301 - "-" "Mozilla/5.0 (Linux; U; Android 13; sk-sk; Xiaomi 11T Pro Build/TKQ1.220829.002) AppleWebKit/537.36 (KHTML, like Gecko) Version/4.0 Chrome/112.0.5615.136 Mobile Safari/537.36 XiaoMi/MiuiBrowser/14.4.0-g"
207.246.255.44 - - [10/Jan/2026:20:52:18 +0800] "POST / HTTP/1.1" 200 44 "-" "Mozilla/5.0 (Windows NT 10.0; Win64; x64) AppleWebKit/537.36 (KHTML, like Gecko) Chrome/59.0.3071.115 Safari/537.36"
103.4.122.14 - - [10/Jan/2026:22:33:00 +0800] "POST /wp-cron.php?doing_wp_cron=1768055580.5026090145111083984375 HTTP/1.1" 200 - "-" "WordPress/6.9; https://nutritaste.com.au"
54.37.118.68 - - [10/Jan/2026:22:32:58 +0800] "GET /robots.txt HTTP/1.1" 200 69 "-" "Mozilla/5.0 (compatible; AhrefsBot/7.0; +http://ahrefs.com/robot/)"
54.39.89.241 - - [10/Jan/2026:22:33:04 +0800] "GET / HTTP/1.1" 200 16720 "-" "Mozilla/5.0 (compatible; AhrefsBot/7.0; +http://ahrefs.com/robot/)"
103.4.122.14 - - [10/Jan/2026:23:10:22 +0800] "POST /wp-cron.php?doing_wp_cron=1768057822.8286330699920654296875 HTTP/1.1" 200 - "-" "WordPress/6.9; https://nutritaste.com.au"
13.126.242.216 - - [10/Jan/2026:23:10:19 +0800] "GET / HTTP/1.0" 301 - "-" "Mozilla/5.0"
13.126.242.216 - - [10/Jan/2026:23:10:23 +0800] "GET / HTTP/1.0" 200 86984 "-" "Mozilla/5.0"
103.4.122.14 - - [10/Jan/2026:23:10:29 +0800] "POST /wp-cron.php?doing_wp_cron=1768057829.0551850795745849609375 HTTP/1.1" 200 - "-" "WordPress/6.9; https://nutritaste.com.au"
103.4.122.14 - - [10/Jan/2026:23:10:27 +0800] "POST /wp-admin/admin-ajax.php HTTP/1.1" 200 21 "-" "WordPress/6.9; https://nutritaste.com.au"
103.4.122.14 - - [10/Jan/2026:23:37:00 +0800] "POST /wp-cron.php?doing_wp_cron=1768059419.9488708972930908203125 HTTP/1.1" 200 - "-" "WordPress/6.9; https://nutritaste.com.au"
34.221.21.250 - - [10/Jan/2026:23:36:58 +0800] "GET / HTTP/1.1" 301 - "-" "Mozilla/5.0 (X11; Linux i686; rv:124.0) Gecko/20100101 Firefox/124.0"
217.76.62.191 - - [11/Jan/2026:06:44:59 +0800] "GET /wp-admin/css/ HTTP/1.1" 403 199 "binance.com" "Mozilla/5.0 (Windows NT 10.0; Win64; x64) AppleWebKit/537.36 (KHTML, like Gecko) Chrome/90.0.4430.85 Safari/537.36"
103.4.122.14 - - [11/Jan/2026:07:21:51 +0800] "POST /wp-cron.php?doing_wp_cron=1768087311.9298400878906250000000 HTTP/1.1" 200 - "-" "WordPress/6.9; https://nutritaste.com.au"
51.68.111.207 - - [11/Jan/2026:07:21:43 +0800] "GET /robots.txt HTTP/1.1" 301 - "-" "Mozilla/5.0 (compatible; MJ12bot/v2.0.4; http://mj12bot.com/)"
51.68.111.207 - - [11/Jan/2026:07:21:53 +0800] "GET /robots.txt HTTP/1.1" 200 69 "-" "Mozilla/5.0 (compatible; MJ12bot/v2.0.4; http://mj12bot.com/)"
51.68.111.207 - - [11/Jan/2026:07:21:56 +0800] "GET / HTTP/1.1" 301 - "-" "Mozilla/5.0 (compatible; MJ12bot/v2.0.4; http://mj12bot.com/)"
103.4.122.14 - - [11/Jan/2026:07:21:55 +0800] "POST /wp-admin/admin-ajax.php?action=wordfence_testAjax HTTP/1.1" 200 32 "-" "WordPress/6.9; https://nutritaste.com.au"
51.68.111.207 - - [11/Jan/2026:07:21:59 +0800] "GET /robots.txt HTTP/1.1" 200 69 "-" "Mozilla/5.0 (compatible; MJ12bot/v2.0.4; http://mj12bot.com/)"
51.68.111.207 - - [11/Jan/2026:07:22:00 +0800] "GET / HTTP/1.1" 200 16720 "-" "Mozilla/5.0 (compatible; MJ12bot/v2.0.4; http://mj12bot.com/)"
103.4.122.14 - - [11/Jan/2026:07:22:01 +0800] "POST /wp-cron.php?doing_wp_cron=1768087321.3314340114593505859375 HTTP/1.1" 200 - "-" "WordPress/6.9; https://nutritaste.com.au"
103.4.122.14 - - [11/Jan/2026:07:21:59 +0800] "POST /wp-admin/admin-ajax.php HTTP/1.1" 200 21 "-" "WordPress/6.9; https://nutritaste.com.au"
103.4.122.14 - - [11/Jan/2026:07:21:58 +0800] "GET /wp-admin/admin-ajax.php?action=wordfence_doScan&isFork=0&scanMode=quick&cronKey=16a9874bf22256eefc85b9e8b401a7a2&signature=37cabdb2ce3e3b521f72270d615b22a3a097645202fe92383b2823c5c20190ed HTTP/1.1" 200 - "-" "WordPress/6.9; https://nutritaste.com.au"
15.204.155.25 - - [11/Jan/2026:08:21:12 +0800] "GET /?check_plugin HTTP/1.1" 200 85724 "-" "Mozilla/5.0 (Windows NT 10.0; Win64; x64) AppleWebKit/537.36 (KHTML, like Gecko) Chrome/127.0.0.0 Safari/537.36"
103.4.122.14 - - [11/Jan/2026:08:21:15 +0800] "POST /wp-cron.php?doing_wp_cron=1768090875.7263410091400146484375 HTTP/1.1" 200 - "-" "WordPress/6.9; https://nutritaste.com.au"
15.204.155.25 - - [11/Jan/2026:08:21:12 +0800] "GET /wp-content/plugins/acf-frontend-form-element/assets/js/admin.js HTTP/1.1" 404 52577 "-" "Mozilla/5.0 (Windows NT 10.0; Win64; x64) AppleWebKit/537.36 (KHTML, like Gecko) Chrome/127.0.0.0 Safari/537.36"
103.4.122.14 - - [11/Jan/2026:08:56:06 +0800] "POST /wp-cron.php?doing_wp_cron=1768092966.9415140151977539062500 HTTP/1.1" 200 - "-" "WordPress/6.9; https://nutritaste.com.au"
36.161.232.182 - - [11/Jan/2026:08:55:53 +0800] "GET //wp-json/wp/v2/posts HTTP/1.0" 200 22 "-" "Mozilla/5.0 (Windows NT 10.0; Win64; x64) AppleWebKit/537.36 (KHTML, like Gecko) Chrome/120.0.0.0 Safari/537.36"
103.4.122.14 - - [11/Jan/2026:08:56:12 +0800] "POST /wp-cron.php?doing_wp_cron=1768092972.1202909946441650390625 HTTP/1.1" 200 - "-" "WordPress/6.9; https://nutritaste.com.au"
103.4.122.14 - - [11/Jan/2026:08:56:09 +0800] "POST /wp-admin/admin-ajax.php HTTP/1.1" 200 21 "-" "WordPress/6.9; https://nutritaste.com.au"
1.53.42.1 - - [11/Jan/2026:08:56:13 +0800] "GET /wp-json/wp/v2/posts HTTP/1.1" 200 22 "-" "Mozilla/5.0 (Windows NT 10.0; Win64; x64) AppleWebKit/537.36 (KHTML, like Gecko) Chrome/120.0.0.0 Safari/537.36"
103.4.122.14 - - [11/Jan/2026:09:12:18 +0800] "POST /wp-cron.php?doing_wp_cron=1768093938.2690939903259277343750 HTTP/1.1" 200 - "-" "WordPress/6.9; https://nutritaste.com.au"
192.71.225.127 - - [11/Jan/2026:09:12:16 +0800] "GET / HTTP/1.1" 301 - "-" "Mozilla/5.0 (Macintosh; Intel Mac OS X 10_15_7) AppleWebKit/605.1.15 (KHTML, like Gecko) Version/17.3.1 Safari/605.1.1"
192.36.248.249 - - [11/Jan/2026:09:12:19 +0800] "GET / HTTP/1.1" 200 16720 "http://nutritaste.com.au/" "Mozilla/5.0 (Macintosh; Intel Mac OS X 10_15_7) AppleWebKit/605.1.15 (KHTML, like Gecko) Version/17.3.1 Safari/605.1.1"
103.4.122.14 - - [11/Jan/2026:09:12:23 +0800] "POST /wp-cron.php?doing_wp_cron=1768093943.0416429042816162109375 HTTP/1.1" 200 - "-" "WordPress/6.9; https://nutritaste.com.au"
192.71.224.240 - - [11/Jan/2026:09:12:21 +0800] "GET /brochure/ HTTP/1.1" 200 12070 "-" "Mozilla/5.0 (Macintosh; Intel Mac OS X 10_15_7) AppleWebKit/605.1.15 (KHTML, like Gecko) Version/17.3.1 Safari/605.1.1"
77.246.104.103 - - [11/Jan/2026:10:10:07 +0800] "GET / HTTP/1.1" 200 16720 "-" "Mozilla/5.0 (Windows NT 10.0; Win64; x64) AppleWebKit/537.36"
193.43.159.164 - - [11/Jan/2026:16:34:37 +0800] "GET /wp-json/wp/v2/posts HTTP/1.1" 200 22 "-" "Mozilla/5.0 (Windows NT 10.0; Win64; x64) AppleWebKit/537.36 (KHTML, like Gecko) Chrome/120.0.0.0 Safari/537.36"
49.49.12.126 - - [11/Jan/2026:16:35:37 +0800] "GET /wp-json/wp/v2/posts HTTP/1.1" 200 22 "-" "Mozilla/5.0 (Windows NT 10.0; Win64; x64) AppleWebKit/537.36 (KHTML, like Gecko) Chrome/120.0.0.0 Safari/537.36"
103.4.122.14 - - [11/Jan/2026:16:36:09 +0800] "POST /wp-cron.php?doing_wp_cron=1768120569.8462219238281250000000 HTTP/1.1" 200 - "-" "WordPress/6.9; https://nutritaste.com.au"
178.22.31.205 - - [11/Jan/2026:16:36:08 +0800] "GET /wp-json/wp/v2/posts HTTP/1.1" 200 22 "-" "Mozilla/5.0 (Windows NT 10.0; Win64; x64) AppleWebKit/537.36 (KHTML, like Gecko) Chrome/120.0.0.0 Safari/537.36"
103.4.122.14 - - [11/Jan/2026:16:36:11 +0800] "POST /wp-admin/admin-post.php HTTP/1.1" 200 32 "-" "WordPress/6.9; https://nutritaste.com.au"
103.4.122.14 - - [11/Jan/2026:16:36:31 +0800] "POST /wp-cron.php?doing_wp_cron=1768120591.0362141132354736328125 HTTP/1.1" 200 - "-" "WordPress/6.9; https://nutritaste.com.au"
103.4.122.14 - - [11/Jan/2026:16:36:29 +0800] "POST /wp-admin/admin-ajax.php HTTP/1.1" 200 21 "-" "WordPress/6.9; https://nutritaste.com.au"
103.4.122.14 - - [11/Jan/2026:18:55:07 +0800] "POST /wp-cron.php?doing_wp_cron=1768128907.4292368888854980468750 HTTP/1.1" 200 - "-" "WordPress/6.9; https://nutritaste.com.au"
61.158.175.38 - - [11/Jan/2026:18:55:04 +0800] "GET /wp-json/wp/v2/posts HTTP/1.0" 200 2 "-" "Mozilla/5.0 (Windows NT 10.0; Win64; x64) AppleWebKit/537.36 (KHTML, like Gecko) Chrome/120.0.0.0 Safari/537.36"
103.4.122.14 - - [11/Jan/2026:18:55:13 +0800] "POST /wp-cron.php?doing_wp_cron=1768128913.4830288887023925781250 HTTP/1.1" 200 - "-" "WordPress/6.9; https://nutritaste.com.au"
103.4.122.14 - - [11/Jan/2026:18:55:11 +0800] "POST /wp-admin/admin-ajax.php HTTP/1.1" 200 21 "-" "WordPress/6.9; https://nutritaste.com.au"
47.90.227.150 - - [11/Jan/2026:21:10:30 +0800] "GET / HTTP/1.1" 200 16720 "-" "Mozilla/5.0 (Windows NT 10.0; Win64; x64) AppleWebKit/537.36 (KHTML, like Gecko) Chrome/132.0.0.0 Safari/537.36"
103.4.122.14 - - [11/Jan/2026:21:50:33 +0800] "POST /wp-cron.php?doing_wp_cron=1768139433.2460598945617675781250 HTTP/1.1" 200 - "-" "WordPress/6.9; https://nutritaste.com.au"
74.225.195.179 - - [11/Jan/2026:21:50:18 +0800] "GET /php.php HTTP/1.1" 404 52507 "https://www.yahoo.com/" "Mozilla/5.g (Linux; Android 13; Pixel 7) AppleWebKit/537.36 (KHTML, like Gecko) Chrome/116.0.0.0 Mobile Safari/537.36"
74.225.195.179 - - [11/Jan/2026:21:50:33 +0800] "GET /wp-admin/js/index.php HTTP/1.1" 301 - "https://www.google.fr/" "Mozilla/5.0 (iPad; CPU OS 16_7_2 like Mac OS X) AppleWebKit/605.1.15 (KHTML, like Gecko) Version/16.6 Mobile/15E148 Safari/604.1"
74.225.195.179 - - [11/Jan/2026:21:50:36 +0800] "GET /wp-admin/js/ HTTP/1.1" 403 199 "https://www.google.fr/" "Mozilla/5.0 (iPad; CPU OS 16_7_2 like Mac OS X) AppleWebKit/605.1.15 (KHTML, like Gecko) Version/16.6 Mobile/15E148 Safari/604.1"
74.225.195.179 - - [11/Jan/2026:21:50:36 +0800] "GET /wp-content/plugins/erinyani/baxa1.php7 HTTP/1.1" 403 199 "https://duckduckgo.com/" "Mozilla/5.0 (Linux; Android 13; SM-S908E) AppleWebKit/537.36 (KHTML, like Gecko) Chrome/116.0.0.0 Mobile Safari/537.36"
207.246.255.44 - - [11/Jan/2026:21:50:36 +0800] "POST / HTTP/1.1" 200 44 "-" "Mozilla/5.0 (Windows NT 10.0; Win64; x64) AppleWebKit/537.36 (KHTML, like Gecko) Chrome/59.0.3071.115 Safari/537.36"
74.225.195.179 - - [11/Jan/2026:21:50:36 +0800] "GET /wp-content/plugins/secure-fortress/ HTTP/1.1" 404 52492 "https://www.bing.com/" "Mozilla/5.0 (iPhone; CPU iPhone OS 17_1_1 like Mac OS X) AppleWebKit/605.1.15 (KHTML, like Gecko) Version/17.1 Mobile/15E148 Safari/604.1"
74.225.195.179 - - [11/Jan/2026:21:50:38 +0800] "GET /wp-includes/themes7.php HTTP/1.1" 403 199 "https://duckduckgo.com/" "Mozilla/5.0 (iPad; CPU OS 17_0_3 like Mac OS X) AppleWebKit/605.1.15 (KHTML, like Gecko) Version/17.0.1 Mobile/15E148 Safari/604.1"
103.4.122.14 - - [11/Jan/2026:21:50:41 +0800] "POST /wp-cron.php?doing_wp_cron=1768139441.8195910453796386718750 HTTP/1.1" 200 - "-" "WordPress/6.9; https://nutritaste.com.au"
74.225.195.179 - - [11/Jan/2026:21:50:39 +0800] "GET /contact.php HTTP/1.1" 404 52511 "https://duckduckgo.com/" "Mozilla/5.g (Linux; Android 13; Pixel 7) AppleWebKit/537.36 (KHTML, like Gecko) Chrome/116.0.0.0 Mobile Safari/537.36"
74.225.195.179 - - [11/Jan/2026:21:50:42 +0800] "GET /load.php HTTP/1.1" 404 52508 "https://www.google.fr/" "Mozilla/5.0 (iPad; CPU OS 16_7_2 like Mac OS X) AppleWebKit/605.1.15 (KHTML, like Gecko) Version/16.6 Mobile/15E148 Safari/604.1"
74.225.195.179 - - [11/Jan/2026:21:50:44 +0800] "GET /wp-content/plugins/janusv2/janus.php HTTP/1.1" 403 199 "https://www.google.fr/" "Mozilla/5.0 (Linux; Android 13; SM-S908E) AppleWebKit/537.36 (KHTML, like Gecko) Chrome/116.0.0.0 Mobile Safari/537.36"
103.4.122.14 - - [11/Jan/2026:21:50:47 +0800] "POST /wp-cron.php?doing_wp_cron=1768139447.2686328887939453125000 HTTP/1.1" 200 - "-" "WordPress/6.9; https://nutritaste.com.au"
74.225.195.179 - - [11/Jan/2026:21:50:45 +0800] "GET /wp-login.php HTTP/1.1" 302 - "https://www.google.de/" "Mozilla/5.0 (iPhone; CPU iPhone OS 17_1 like Mac OS X) AppleWebKit/605.1.15 (KHTML, like Gecko) CriOS/119.0.6045.109 Mobile/15E148 Safari/604.1"
103.4.122.14 - - [11/Jan/2026:21:50:50 +0800] "POST /wp-cron.php?doing_wp_cron=1768139450.1845960617065429687500 HTTP/1.1" 200 - "-" "WordPress/6.9; https://nutritaste.com.au"
74.225.195.179 - - [11/Jan/2026:21:50:47 +0800] "GET /wp-login.php HTTP/1.1" 200 11384 "https://www.google.de/" "Mozilla/5.0 (iPhone; CPU iPhone OS 17_1 like Mac OS X) AppleWebKit/605.1.15 (KHTML, like Gecko) CriOS/119.0.6045.109 Mobile/15E148 Safari/604.1"
74.225.195.179 - - [11/Jan/2026:21:50:50 +0800] "GET /mah/function.php HTTP/1.1" 404 52513 "https://www.google.co.uk/" "Mozilla/5.0 (iPhone; CPU iPhone OS 16_0 like Mac OS X) AppleWebKit/605.1.15 (KHTML, like Gecko) FxiOS/118.0 Mobile/15E148 Safari/605.1.15"
103.4.122.14 - - [11/Jan/2026:21:50:55 +0800] "POST /wp-cron.php?doing_wp_cron=1768139455.6844298839569091796875 HTTP/1.1" 200 - "-" "WordPress/6.9; https://nutritaste.com.au"
74.225.195.179 - - [11/Jan/2026:21:50:53 +0800] "GET /wp-Owl.php HTTP/1.1" 404 52510 "https://www.google.fr/" "Mozilla/5.0 (Linux; Android 13; M2101K6G) AppleWebKit/537.36 (KHTML, like Gecko) Chrome/116.0.0.0 Mobile Safari/537.36"
74.225.195.179 - - [11/Jan/2026:21:50:55 +0800] "GET /classsmtps.php HTTP/1.1" 404 52514 "https://www.bing.com/" "Mozilla/5.0 (Linux; Android 12; V2134) AppleWebKit/537.36 (KHTML, like Gecko) Chrome/116.0.0.0 Mobile Safari/537.36"
74.225.195.179 - - [11/Jan/2026:21:50:58 +0800] "GET /wp-admin/css/colors HTTP/1.1" 301 253 "https://www.google.fr/" "Mozilla/5.0 (Linux; Android 10; LM-Q720) AppleWebKit/537.36 (KHTML, like Gecko) Chrome/116.0.0.0 Mobile Safari/537.36"
74.225.195.179 - - [11/Jan/2026:21:50:58 +0800] "GET /wp-admin/css/colors/ HTTP/1.1" 403 199 "https://www.google.fr/" "Mozilla/5.0 (Linux; Android 10; LM-Q720) AppleWebKit/537.36 (KHTML, like Gecko) Chrome/116.0.0.0 Mobile Safari/537.36"
74.225.195.179 - - [11/Jan/2026:21:50:58 +0800] "GET /wp-content/plugins/core/include.php HTTP/1.1" 403 199 "https://www.yahoo.com/" "Mozilla/5.0 (iPhone; CPU iPhone OS 17_1_1 like Mac OS X) AppleWebKit/605.1.15 (KHTML, like Gecko) Version/17.1 Mobile/15E148 Safari/604.1"
74.225.195.179 - - [11/Jan/2026:21:50:59 +0800] "GET /wp-content/themes HTTP/1.1" 301 251 "https://www.google.de/" "Mozilla/5.0 (iPhone; CPU iPhone OS 17_1 like Mac OS X) AppleWebKit/605.1.15 (KHTML, like Gecko) CriOS/119.0.6045.109 Mobile/15E148 Safari/604.1"
74.225.195.179 - - [11/Jan/2026:21:50:59 +0800] "GET /wp-content/themes/ HTTP/1.1" 403 199 "https://www.google.de/" "Mozilla/5.0 (iPhone; CPU iPhone OS 17_1 like Mac OS X) AppleWebKit/605.1.15 (KHTML, like Gecko) CriOS/119.0.6045.109 Mobile/15E148 Safari/604.1"
74.225.195.179 - - [11/Jan/2026:21:50:59 +0800] "GET /wp-includes/about.php HTTP/1.1" 403 199 "https://www.google.de/" "Mozilla/5.0 (iPhone; CPU iPhone OS 17_1 like Mac OS X) AppleWebKit/605.1.15 (KHTML, like Gecko) CriOS/119.0.6045.109 Mobile/15E148 Safari/604.1"
74.225.195.179 - - [11/Jan/2026:21:50:59 +0800] "GET /wp-admin/includes/nav.php HTTP/1.1" 403 199 "https://www.google.de/" "Mozilla/5.0 (iPhone; CPU iPhone OS 17_1_1 like Mac OS X) AppleWebKit/605.1.15 (KHTML, like Gecko) Version/17.1 Mobile/15E148 Safari/604.1"
103.4.122.14 - - [11/Jan/2026:21:51:02 +0800] "POST /wp-cron.php?doing_wp_cron=1768139462.2157790660858154296875 HTTP/1.1" 200 - "-" "WordPress/6.9; https://nutritaste.com.au"
74.225.195.179 - - [11/Jan/2026:21:50:59 +0800] "GET /wp-admin/maint/users.php HTTP/1.1" 404 52492 "https://www.google.com/" "Mozilla/5.0 (iPhone; CPU iPhone OS 17_0_3 like Mac OS X) AppleWebKit/605.1.15 (KHTML, like Gecko) Version/17.0.1 Mobile/15E148 Safari/604.1"
74.225.195.179 - - [11/Jan/2026:21:51:02 +0800] "GET /wp-content/plugins/view-more/ioxi.php HTTP/1.1" 403 199 "https://www.google.de/" "Mozilla/5.0 (Linux; Android 13; SM-S908E) AppleWebKit/537.36 (KHTML, like Gecko) Chrome/116.0.0.0 Mobile Safari/537.36"
74.225.195.179 - - [11/Jan/2026:21:51:02 +0800] "GET /wp-admin/css HTTP/1.1" 301 246 "https://duckduckgo.com/" "Mozilla/5.0 (Linux; Android 11; 21081111RG) AppleWebKit/537.36 (KHTML, like Gecko) Chrome/116.0.0.0 Mobile Safari/537.36"
74.225.195.179 - - [11/Jan/2026:21:51:02 +0800] "GET /wp-admin/css/ HTTP/1.1" 403 199 "https://duckduckgo.com/" "Mozilla/5.0 (Linux; Android 11; 21081111RG) AppleWebKit/537.36 (KHTML, like Gecko) Chrome/116.0.0.0 Mobile Safari/537.36"
103.4.122.14 - - [11/Jan/2026:21:51:05 +0800] "POST /wp-cron.php?doing_wp_cron=1768139465.5192329883575439453125 HTTP/1.1" 200 - "-" "WordPress/6.9; https://nutritaste.com.au"
74.225.195.179 - - [11/Jan/2026:21:51:03 +0800] "GET /moon.php HTTP/1.1" 404 52508 "https://www.google.fr/" "Mozilla/5.0 (iPhone; CPU iPhone OS 17_1 like Mac OS X) AppleWebKit/605.1.15 (KHTML, like Gecko) CriOS/119.0.6045.109 Mobile/15E148 Safari/604.1"
74.225.195.179 - - [11/Jan/2026:21:51:05 +0800] "GET /wp-blog.php HTTP/1.1" 404 52511 "https://www.google.co.uk/" "Mozilla/5.0 (Linux; Android 13; SM-G991U) AppleWebKit/537.36 (KHTML, like Gecko) Chrome/117.0.0.0 Mobile Safari/537.36"
74.225.195.179 - - [11/Jan/2026:21:51:08 +0800] "GET /wp-content/plugins/about.php HTTP/1.1" 403 199 "https://www.google.com/" "Mozilla/5.0 (Linux; Android 12; V2134) AppleWebKit/537.36 (KHTML, like Gecko) Chrome/116.0.0.0 Mobile Safari/537.36"
74.225.195.179 - - [11/Jan/2026:21:51:08 +0800] "GET /wp-content/themes/pridmag/db.php HTTP/1.1" 403 199 "https://www.google.co.uk/" "Mozilla/5.0 (Linux; Android 14; Pixel 8 Pro) AppleWebKit/537.36 (KHTML, like Gecko) Chrome/119.0.0.0 Mobile Safari/537.36"
74.225.195.179 - - [11/Jan/2026:21:51:08 +0800] "GET /wp-includes/css/index.php HTTP/1.1" 403 199 "https://www.google.fr/" "Mozilla/5.0 (iPhone; CPU iPhone OS 15_7_9 like Mac OS X) AppleWebKit/605.1.15 (KHTML, like Gecko) Version/15.6.5 Mobile/15E148 Safari/604.1"
103.4.122.14 - - [11/Jan/2026:21:51:12 +0800] "POST /wp-cron.php?doing_wp_cron=1768139472.7823870182037353515625 HTTP/1.1" 200 - "-" "WordPress/6.9; https://nutritaste.com.au"
74.225.195.179 - - [11/Jan/2026:21:51:10 +0800] "GET /about/function.php HTTP/1.1" 404 52513 "https://www.yahoo.com/" "Mozilla/5.g (Linux; Android 13; Pixel 7) AppleWebKit/537.36 (KHTML, like Gecko) Chrome/116.0.0.0 Mobile Safari/537.36"
74.225.195.179 - - [11/Jan/2026:21:51:13 +0800] "GET /wp-admin/js/about.php7 HTTP/1.1" 404 52492 "https://duckduckgo.com/" "Mozilla/5.0 (Linux; Android 14; Pixel 8 Pro) AppleWebKit/537.36 (KHTML, like Gecko) Chrome/119.0.0.0 Mobile Safari/537.36"
74.225.195.179 - - [11/Jan/2026:21:51:15 +0800] "GET /wp-content/plugins/revslider/includes/external/page/index.php HTTP/1.1" 403 199 "https://www.google.com/" "Mozilla/5.0 (iPhone; CPU iPhone OS 16_6_1 like Mac OS X) AppleWebKit/605.1.15 (KHTML, like Gecko) Version/16.6 Mobile/15E148 Safari/604.1"
103.4.122.14 - - [11/Jan/2026:21:51:18 +0800] "POST /wp-cron.php?doing_wp_cron=1768139478.4726169109344482421875 HTTP/1.1" 200 - "-" "WordPress/6.9; https://nutritaste.com.au"
74.225.195.179 - - [11/Jan/2026:21:51:15 +0800] "GET /default.php HTTP/1.1" 404 52511 "https://duckduckgo.com/" "Mozilla/5.0 (Linux; Android 11; 21081111RG) AppleWebKit/537.36 (KHTML, like Gecko) Chrome/116.0.0.0 Mobile Safari/537.36"
74.225.195.179 - - [11/Jan/2026:21:51:18 +0800] "GET /motu.php HTTP/1.1" 404 52508 "https://www.yahoo.com/" "Mozilla/5.0 (iPhone; CPU iPhone OS 17_1_1 like Mac OS X) AppleWebKit/605.1.15 (KHTML, like Gecko) Version/17.1 Mobile/15E148 Safari/604.1"
103.4.122.14 - - [11/Jan/2026:21:51:23 +0800] "POST /wp-cron.php?doing_wp_cron=1768139483.8111031055450439453125 HTTP/1.1" 200 - "-" "WordPress/6.9; https://nutritaste.com.au"
74.225.195.179 - - [11/Jan/2026:21:51:21 +0800] "GET /past.php HTTP/1.1" 404 52508 "https://duckduckgo.com/" "Mozilla/5.0 (Linux; Android 13; M2101K6G) AppleWebKit/537.36 (KHTML, like Gecko) Chrome/116.0.0.0 Mobile Safari/537.36"
74.225.195.179 - - [11/Jan/2026:21:51:24 +0800] "GET /tinyfilemanager.php HTTP/1.1" 403 199 "https://www.google.com/" "Mozilla/5.0 (iPad; CPU OS 16_7_2 like Mac OS X) AppleWebKit/605.1.15 (KHTML, like Gecko) Version/16.6 Mobile/15E148 Safari/604.1"
103.4.122.14 - - [11/Jan/2026:21:51:26 +0800] "POST /wp-cron.php?doing_wp_cron=1768139486.8081500530242919921875 HTTP/1.1" 200 - "-" "WordPress/6.9; https://nutritaste.com.au"
74.225.195.179 - - [11/Jan/2026:21:51:24 +0800] "GET /wp-file.php HTTP/1.1" 404 52511 "https://duckduckgo.com/" "Mozilla/5.0 (Linux; Android 13; SM-S908E) AppleWebKit/537.36 (KHTML, like Gecko) Chrome/116.0.0.0 Mobile Safari/537.36"
74.225.195.179 - - [11/Jan/2026:21:51:27 +0800] "GET /wp-trackback.php HTTP/1.1" 404 135 "https://www.google.de/" "Mozilla/5.0 (Linux; Android 11; 21081111RG) AppleWebKit/537.36 (KHTML, like Gecko) Chrome/116.0.0.0 Mobile Safari/537.36"
103.4.122.14 - - [11/Jan/2026:21:51:32 +0800] "POST /wp-cron.php?doing_wp_cron=1768139491.9928460121154785156250 HTTP/1.1" 200 - "-" "WordPress/6.9; https://nutritaste.com.au"
74.225.195.179 - - [11/Jan/2026:21:51:29 +0800] "GET /gecko.php HTTP/1.1" 404 52509 "https://www.bing.com/" "Mozilla/5.0 (Linux; Android 13; M2101K6G) AppleWebKit/537.36 (KHTML, like Gecko) Chrome/116.0.0.0 Mobile Safari/537.36"
74.225.195.179 - - [11/Jan/2026:21:51:32 +0800] "GET /install.php HTTP/1.1" 404 52511 "https://www.google.fr/" "Mozilla/5.0 (Linux; Android 13; SM-G991U) AppleWebKit/537.36 (KHTML, like Gecko) Chrome/117.0.0.0 Mobile Safari/537.36"
103.4.122.14 - - [11/Jan/2026:21:51:37 +0800] "POST /wp-cron.php?doing_wp_cron=1768139497.0300040245056152343750 HTTP/1.1" 200 - "-" "WordPress/6.9; https://nutritaste.com.au"
74.225.195.179 - - [11/Jan/2026:21:51:34 +0800] "GET /wk/index.php HTTP/1.1" 301 - "https://www.google.de/" "Mozilla/5.0 (iPhone; CPU iPhone OS 16_0 like Mac OS X) AppleWebKit/605.1.15 (KHTML, like Gecko) FxiOS/118.0 Mobile/15E148 Safari/605.1.15"
74.225.195.179 - - [11/Jan/2026:21:51:37 +0800] "GET /wk/ HTTP/1.1" 404 52502 "https://www.google.de/" "Mozilla/5.0 (iPhone; CPU iPhone OS 16_0 like Mac OS X) AppleWebKit/605.1.15 (KHTML, like Gecko) FxiOS/118.0 Mobile/15E148 Safari/605.1.15"
103.4.122.14 - - [11/Jan/2026:21:51:42 +0800] "POST /wp-cron.php?doing_wp_cron=1768139502.3101708889007568359375 HTTP/1.1" 200 - "-" "WordPress/6.9; https://nutritaste.com.au"
74.225.195.179 - - [11/Jan/2026:21:51:39 +0800] "GET /woh.php HTTP/1.1" 404 52507 "https://www.google.com/" "Mozilla/5.0 (iPhone; CPU iPhone OS 17_1 like Mac OS X) AppleWebKit/605.1.15 (KHTML, like Gecko) CriOS/119.0.6045.109 Mobile/15E148 Safari/604.1"
74.225.195.179 - - [11/Jan/2026:21:51:42 +0800] "GET /wp-admin/css/colors/blue HTTP/1.1" 301 258 "https://www.google.de/" "Mozilla/5.0 (iPhone; CPU iPhone OS 16_0 like Mac OS X) AppleWebKit/605.1.15 (KHTML, like Gecko) FxiOS/118.0 Mobile/15E148 Safari/605.1.15"
74.225.195.179 - - [11/Jan/2026:21:51:42 +0800] "GET /wp-admin/css/colors/blue/ HTTP/1.1" 403 199 "https://www.google.de/" "Mozilla/5.0 (iPhone; CPU iPhone OS 16_0 like Mac OS X) AppleWebKit/605.1.15 (KHTML, like Gecko) FxiOS/118.0 Mobile/15E148 Safari/605.1.15"
103.4.122.14 - - [11/Jan/2026:21:51:45 +0800] "POST /wp-cron.php?doing_wp_cron=1768139505.3057670593261718750000 HTTP/1.1" 200 - "-" "WordPress/6.9; https://nutritaste.com.au"
74.225.195.179 - - [11/Jan/2026:21:51:42 +0800] "GET /a.php HTTP/1.1" 404 52505 "https://duckduckgo.com/" "Mozilla/5.0 (Linux; Android 14; Pixel 8 Pro) AppleWebKit/537.36 (KHTML, like Gecko) Chrome/119.0.0.0 Mobile Safari/537.36"
74.225.195.179 - - [11/Jan/2026:21:51:45 +0800] "GET /eagle.php HTTP/1.1" 404 52509 "https://duckduckgo.com/" "Mozilla/5.0 (Linux; Android 13; SM-G991U) AppleWebKit/537.36 (KHTML, like Gecko) Chrome/117.0.0.0 Mobile Safari/537.36"
103.4.122.14 - - [11/Jan/2026:21:51:50 +0800] "POST /wp-cron.php?doing_wp_cron=1768139510.3491799831390380859375 HTTP/1.1" 200 - "-" "WordPress/6.9; https://nutritaste.com.au"
74.225.195.179 - - [11/Jan/2026:21:51:48 +0800] "GET /files/index.php HTTP/1.1" 301 - "https://www.google.com/" "Mozilla/5.0 (Linux; Android 14; Pixel 8 Pro) AppleWebKit/537.36 (KHTML, like Gecko) Chrome/119.0.0.0 Mobile Safari/537.36"
74.225.195.179 - - [11/Jan/2026:21:51:50 +0800] "GET /files/ HTTP/1.1" 404 52505 "https://www.google.com/" "Mozilla/5.0 (Linux; Android 14; Pixel 8 Pro) AppleWebKit/537.36 (KHTML, like Gecko) Chrome/119.0.0.0 Mobile Safari/537.36"
103.4.122.14 - - [11/Jan/2026:21:51:55 +0800] "POST /wp-cron.php?doing_wp_cron=1768139515.5199239253997802734375 HTTP/1.1" 200 - "-" "WordPress/6.9; https://nutritaste.com.au"
74.225.195.179 - - [11/Jan/2026:21:51:53 +0800] "GET /wp-admin/network/admin.php HTTP/1.1" 302 - "https://www.bing.com/" "Mozilla/5.0 (iPhone; CPU iPhone OS 17_1_1 like Mac OS X) AppleWebKit/605.1.15 (KHTML, like Gecko) Version/17.1 Mobile/15E148 Safari/604.1"
103.4.122.14 - - [11/Jan/2026:21:51:58 +0800] "POST /wp-cron.php?doing_wp_cron=1768139518.6122920513153076171875 HTTP/1.1" 200 - "-" "WordPress/6.9; https://nutritaste.com.au"
74.225.195.179 - - [11/Jan/2026:21:51:56 +0800] "GET /wp-admin/network/admin.php HTTP/1.1" 302 - "https://www.bing.com/" "Mozilla/5.0 (iPhone; CPU iPhone OS 17_1_1 like Mac OS X) AppleWebKit/605.1.15 (KHTML, like Gecko) Version/17.1 Mobile/15E148 Safari/604.1"
74.225.195.179 - - [11/Jan/2026:21:51:58 +0800] "GET /wp-login.php?redirect_to=https%3A%2F%2Fnutritaste.com.au%2Fwp-admin%2Fnetwork%2Fadmin.php&reauth=1 HTTP/1.1" 200 11401 "https://www.bing.com/" "Mozilla/5.0 (iPhone; CPU iPhone OS 17_1_1 like Mac OS X) AppleWebKit/605.1.15 (KHTML, like Gecko) Version/17.1 Mobile/15E148 Safari/604.1"
103.4.122.14 - - [11/Jan/2026:21:52:03 +0800] "POST /wp-cron.php?doing_wp_cron=1768139523.8270320892333984375000 HTTP/1.1" 200 - "-" "WordPress/6.9; https://nutritaste.com.au"
74.225.195.179 - - [11/Jan/2026:21:52:01 +0800] "GET /wp-admin/css/colors/blue/index.php HTTP/1.1" 301 - "https://www.google.com/" "Mozilla/5.0 (iPhone; CPU iPhone OS 15_7_9 like Mac OS X) AppleWebKit/605.1.15 (KHTML, like Gecko) Version/15.6.5 Mobile/15E148 Safari/604.1"
74.225.195.179 - - [11/Jan/2026:21:52:04 +0800] "GET /wp-admin/css/colors/blue/ HTTP/1.1" 403 199 "https://www.google.com/" "Mozilla/5.0 (iPhone; CPU iPhone OS 15_7_9 like Mac OS X) AppleWebKit/605.1.15 (KHTML, like Gecko) Version/15.6.5 Mobile/15E148 Safari/604.1"
74.225.195.179 - - [11/Jan/2026:21:52:04 +0800] "GET /wp-content/plugins/pwnd/pwnd.php HTTP/1.1" 403 199 "https://www.google.de/" "Mozilla/5.0 (Linux; Android 11; CPH2251) AppleWebKit/537.36 (KHTML, like Gecko) Chrome/116.0.0.0 Mobile Safari/537.36"
103.4.122.14 - - [11/Jan/2026:21:52:07 +0800] "POST /wp-cron.php?doing_wp_cron=1768139527.0241808891296386718750 HTTP/1.1" 200 - "-" "WordPress/6.9; https://nutritaste.com.au"
74.225.195.179 - - [11/Jan/2026:21:52:04 +0800] "GET /xc.php HTTP/1.1" 404 52506 "https://duckduckgo.com/" "Mozilla/5.0 (Linux; Android 12; SM-A525F) AppleWebKit/537.36 (KHTML, like Gecko) Chrome/117.0.0.0 Mobile Safari/537.36"
74.225.195.179 - - [11/Jan/2026:21:52:07 +0800] "GET /ahax.php HTTP/1.1" 404 52508 "https://www.google.co.uk/" "Mozilla/5.0 (Linux; Android 11; 21081111RG) AppleWebKit/537.36 (KHTML, like Gecko) Chrome/116.0.0.0 Mobile Safari/537.36"
103.4.122.14 - - [11/Jan/2026:21:52:12 +0800] "POST /wp-cron.php?doing_wp_cron=1768139532.7954640388488769531250 HTTP/1.1" 200 - "-" "WordPress/6.9; https://nutritaste.com.au"
74.225.195.179 - - [11/Jan/2026:21:52:10 +0800] "GET /server.php HTTP/1.1" 404 52510 "https://www.yahoo.com/" "Mozilla/5.0 (iPhone; CPU iPhone OS 17_1_1 like Mac OS X) AppleWebKit/605.1.15 (KHTML, like Gecko) Version/17.1 Mobile/15E148 Safari/604.1"
74.225.195.179 - - [11/Jan/2026:21:52:13 +0800] "GET /wp-includes/assets/ty.php HTTP/1.1" 403 199 "https://www.google.com/" "Mozilla/5.0 (Linux; Android 10; LM-Q720) AppleWebKit/537.36 (KHTML, like Gecko) Chrome/116.0.0.0 Mobile Safari/537.36"
74.225.195.179 - - [11/Jan/2026:21:52:13 +0800] "GET /wp-includes/PHPMailer HTTP/1.1" 301 255 "https://duckduckgo.com/" "Mozilla/5.0 (iPhone; CPU iPhone OS 17_0_3 like Mac OS X) AppleWebKit/605.1.15 (KHTML, like Gecko) Version/17.0.1 Mobile/15E148 Safari/604.1"
74.225.195.179 - - [11/Jan/2026:21:52:13 +0800] "GET /wp-includes/PHPMailer/ HTTP/1.1" 403 199 "https://duckduckgo.com/" "Mozilla/5.0 (iPhone; CPU iPhone OS 17_0_3 like Mac OS X) AppleWebKit/605.1.15 (KHTML, like Gecko) Version/17.0.1 Mobile/15E148 Safari/604.1"
103.4.122.14 - - [11/Jan/2026:21:52:18 +0800] "POST /wp-cron.php?doing_wp_cron=1768139538.3414139747619628906250 HTTP/1.1" 200 - "-" "WordPress/6.9; https://nutritaste.com.au"
74.225.195.179 - - [11/Jan/2026:21:52:15 +0800] "GET /images/class-config.php HTTP/1.1" 404 52521 "https://www.google.de/" "Mozilla/5.0 (Linux; Android 10; K) AppleWebKit/537.36 (KHTML, like Gecko) Chrome/117.0.0.0 Mobile Safari/537.36"
74.225.195.179 - - [11/Jan/2026:21:52:18 +0800] "GET /wp-admin/admin-wolf.php HTTP/1.1" 404 52517 "https://www.bing.com/" "Mozilla/5.0 (iPhone; CPU iPhone OS 15_7_9 like Mac OS X) AppleWebKit/605.1.15 (KHTML, like Gecko) Version/15.6.5 Mobile/15E148 Safari/604.1"
74.225.195.179 - - [11/Jan/2026:21:52:21 +0800] "GET /wp-includes/ID3/index.php HTTP/1.1" 403 199 "https://www.google.fr/" "Mozilla/5.0 (Linux; Android 10; K) AppleWebKit/537.36 (KHTML, like Gecko) Chrome/117.0.0.0 Mobile Safari/537.36"
103.4.122.14 - - [11/Jan/2026:22:03:26 +0800] "POST /wp-cron.php?doing_wp_cron=1768140206.3712968826293945312500 HTTP/1.1" 200 - "-" "WordPress/6.9; https://nutritaste.com.au"
51.89.129.166 - - [11/Jan/2026:22:03:24 +0800] "GET /robots.txt HTTP/1.1" 200 69 "-" "Mozilla/5.0 (compatible; AhrefsBot/7.0; +http://ahrefs.com/robot/)"
54.39.203.119 - - [11/Jan/2026:22:03:30 +0800] "GET / HTTP/1.1" 200 16720 "-" "Mozilla/5.0 (compatible; AhrefsBot/7.0; +http://ahrefs.com/robot/)"
103.4.122.14 - - [11/Jan/2026:22:32:31 +0800] "POST /wp-cron.php?doing_wp_cron=1768141951.5445001125335693359375 HTTP/1.1" 200 - "-" "WordPress/6.9; https://nutritaste.com.au"
4.241.208.191 - - [11/Jan/2026:22:32:28 +0800] "GET /server.php HTTP/1.1" 404 52510 "https://www.google.de/" "Mozilla/5.0 (iPad; CPU OS 17_0_3 like Mac OS X) AppleWebKit/605.1.15 (KHTML, like Gecko) Version/17.0.1 Mobile/15E148 Safari/604.1"
4.241.208.191 - - [11/Jan/2026:22:32:33 +0800] "GET /about.php HTTP/1.1" 404 52509 "https://www.yahoo.com/" "Mozilla/5.0 (Linux; Android 12; SM-A525F) AppleWebKit/537.36 (KHTML, like Gecko) Chrome/117.0.0.0 Mobile Safari/537.36"
103.4.122.14 - - [11/Jan/2026:22:32:38 +0800] "POST /wp-cron.php?doing_wp_cron=1768141958.4172310829162597656250 HTTP/1.1" 200 - "-" "WordPress/6.9; https://nutritaste.com.au"
4.241.208.191 - - [11/Jan/2026:22:32:35 +0800] "GET /admin.php HTTP/1.1" 404 52509 "https://www.yahoo.com/" "Mozilla/5.0 (iPhone; CPU iPhone OS 17_1_1 like Mac OS X) AppleWebKit/605.1.15 (KHTML, like Gecko) Version/17.1 Mobile/15E148 Safari/604.1"
4.241.208.191 - - [11/Jan/2026:22:32:38 +0800] "GET /adminfuns.php HTTP/1.1" 404 52513 "https://www.google.com/" "Mozilla/5.0 (Linux; Android 12; V2134) AppleWebKit/537.36 (KHTML, like Gecko) Chrome/116.0.0.0 Mobile Safari/537.36"
103.4.122.14 - - [11/Jan/2026:22:32:43 +0800] "POST /wp-cron.php?doing_wp_cron=1768141963.8169479370117187500000 HTTP/1.1" 200 - "-" "WordPress/6.9; https://nutritaste.com.au"
4.241.208.191 - - [11/Jan/2026:22:32:41 +0800] "GET /wp-good.php HTTP/1.1" 404 52511 "https://www.bing.com/" "Mozilla/5.0 (Linux; Android 14; Pixel 8 Pro) AppleWebKit/537.36 (KHTML, like Gecko) Chrome/119.0.0.0 Mobile Safari/537.36"
4.241.208.191 - - [11/Jan/2026:22:32:44 +0800] "GET /ahax.php HTTP/1.1" 404 52508 "https://duckduckgo.com/" "Mozilla/5.0 (Linux; Android 14; Pixel 8 Pro) AppleWebKit/537.36 (KHTML, like Gecko) Chrome/119.0.0.0 Mobile Safari/537.36"
103.4.122.14 - - [11/Jan/2026:22:32:49 +0800] "POST /wp-cron.php?doing_wp_cron=1768141969.5559480190277099609375 HTTP/1.1" 200 - "-" "WordPress/6.9; https://nutritaste.com.au"
4.241.208.191 - - [11/Jan/2026:22:32:47 +0800] "GET /asasx.php HTTP/1.1" 404 52509 "https://www.google.com/" "Mozilla/5.0 (Linux; Android 10; LM-Q720) AppleWebKit/537.36 (KHTML, like Gecko) Chrome/116.0.0.0 Mobile Safari/537.36"
4.241.208.191 - - [11/Jan/2026:22:32:49 +0800] "GET /inputs.php HTTP/1.1" 404 52510 "https://www.google.fr/" "Mozilla/5.0 (iPhone; CPU iPhone OS 15_7_9 like Mac OS X) AppleWebKit/605.1.15 (KHTML, like Gecko) Version/15.6.5 Mobile/15E148 Safari/604.1"
103.4.122.14 - - [11/Jan/2026:22:32:54 +0800] "POST /wp-cron.php?doing_wp_cron=1768141974.8976221084594726562500 HTTP/1.1" 200 - "-" "WordPress/6.9; https://nutritaste.com.au"
4.241.208.191 - - [11/Jan/2026:22:32:52 +0800] "GET /bless.php HTTP/1.1" 404 52509 "https://www.google.com/" "Mozilla/5.0 (iPhone; CPU iPhone OS 15_7_9 like Mac OS X) AppleWebKit/605.1.15 (KHTML, like Gecko) Version/15.6.5 Mobile/15E148 Safari/604.1"
4.241.208.191 - - [11/Jan/2026:22:32:55 +0800] "GET /edit.php HTTP/1.1" 404 52508 "https://www.google.co.uk/" "Mozilla/5.0 (Linux; Android 12; V2134) AppleWebKit/537.36 (KHTML, like Gecko) Chrome/116.0.0.0 Mobile Safari/537.36"
103.4.122.14 - - [11/Jan/2026:22:33:00 +0800] "POST /wp-cron.php?doing_wp_cron=1768141980.3107709884643554687500 HTTP/1.1" 200 - "-" "WordPress/6.9; https://nutritaste.com.au"
4.241.208.191 - - [11/Jan/2026:22:32:57 +0800] "GET /alfa.php HTTP/1.1" 404 52508 "https://www.google.de/" "Mozilla/5.0 (Linux; Android 12; SM-A525F) AppleWebKit/537.36 (KHTML, like Gecko) Chrome/117.0.0.0 Mobile Safari/537.36"
4.241.208.191 - - [11/Jan/2026:22:33:00 +0800] "GET /install.php HTTP/1.1" 404 52511 "https://duckduckgo.com/" "Mozilla/5.0 (Linux; Android 14; Pixel 8 Pro) AppleWebKit/537.36 (KHTML, like Gecko) Chrome/119.0.0.0 Mobile Safari/537.36"
103.4.122.14 - - [11/Jan/2026:22:33:05 +0800] "POST /wp-cron.php?doing_wp_cron=1768141985.7104530334472656250000 HTTP/1.1" 200 - "-" "WordPress/6.9; https://nutritaste.com.au"
4.241.208.191 - - [11/Jan/2026:22:33:03 +0800] "GET /abcd.php HTTP/1.1" 404 52508 "https://www.google.co.uk/" "Mozilla/5.0 (iPhone; CPU iPhone OS 16_6_1 like Mac OS X) AppleWebKit/605.1.15 (KHTML, like Gecko) Version/16.6 Mobile/15E148 Safari/604.1"
4.241.208.191 - - [11/Jan/2026:22:33:05 +0800] "GET /222.php HTTP/1.1" 404 52507 "https://www.google.co.uk/" "Mozilla/5.0 (iPhone; CPU iPhone OS 17_0_3 like Mac OS X) AppleWebKit/605.1.15 (KHTML, like Gecko) Version/17.0.1 Mobile/15E148 Safari/604.1"
103.4.122.14 - - [11/Jan/2026:22:33:11 +0800] "POST /wp-cron.php?doing_wp_cron=1768141991.0297460556030273437500 HTTP/1.1" 200 - "-" "WordPress/6.9; https://nutritaste.com.au"
4.241.208.191 - - [11/Jan/2026:22:33:08 +0800] "GET /aa.php HTTP/1.1" 404 52506 "https://www.google.co.uk/" "Mozilla/5.0 (iPhone; CPU iPhone OS 17_1 like Mac OS X) AppleWebKit/605.1.15 (KHTML, like Gecko) CriOS/119.0.6045.109 Mobile/15E148 Safari/604.1"
4.241.208.191 - - [11/Jan/2026:22:33:11 +0800] "GET /bolt.php HTTP/1.1" 404 52508 "https://duckduckgo.com/" "Mozilla/5.0 (iPhone; CPU iPhone OS 16_6_1 like Mac OS X) AppleWebKit/605.1.15 (KHTML, like Gecko) Version/16.6 Mobile/15E148 Safari/604.1"
