95.85.238.21 - - [29/Jan/2026:20:37:49 +0800] "POST /wp-login.php HTTP/1.1" 503 18950 "-" "Mozilla/5.0 (Windows NT 6.1; WOW64; Trident/7.0; rv:11.0) like Gecko"
103.4.122.14 - - [29/Jan/2026:21:08:35 +0800] "POST /wp-cron.php?doing_wp_cron=1769692115.6300890445709228515625 HTTP/1.1" 200 - "-" "WordPress/6.9; https://nutritaste.com.au"
192.36.121.172 - - [29/Jan/2026:21:08:32 +0800] "GET / HTTP/1.1" 301 - "-" "Mozilla/5.0 (Windows NT 10.0; Win64; x64) AppleWebKit/537.36 (KHTML, like Gecko) Chrome/121.0.0.0 Safari/537.3"
192.36.137.155 - - [29/Jan/2026:21:08:36 +0800] "GET / HTTP/1.1" 200 16950 "http://nutritaste.com.au/" "Mozilla/5.0 (Windows NT 10.0; Win64; x64) AppleWebKit/537.36 (KHTML, like Gecko) Chrome/121.0.0.0 Safari/537.3"
192.36.217.48 - - [29/Jan/2026:21:08:38 +0800] "GET /brochure/ HTTP/1.1" 200 12091 "-" "Mozilla/5.0 (Windows NT 10.0; Win64; x64) AppleWebKit/537.36 (KHTML, like Gecko) Chrome/121.0.0.0 Safari/537.3"
47.90.227.150 - - [29/Jan/2026:22:28:29 +0800] "GET / HTTP/1.1" 403 199 "-" "Go-http-client/1.1"
47.90.227.150 - - [29/Jan/2026:22:28:29 +0800] "GET / HTTP/1.1" 403 199 "-" "Go-http-client/1.1"
103.4.122.14 - - [30/Jan/2026:00:22:56 +0800] "POST /wp-cron.php?doing_wp_cron=1769703776.0860850811004638671875 HTTP/1.1" 200 - "-" "WordPress/6.9; https://nutritaste.com.au"
51.68.111.202 - - [30/Jan/2026:00:22:52 +0800] "GET /robots.txt HTTP/1.1" 301 - "-" "Mozilla/5.0 (compatible; MJ12bot/v2.0.4; http://mj12bot.com/)"
103.4.122.14 - - [30/Jan/2026:00:22:59 +0800] "POST /wp-admin/admin-ajax.php?action=wordfence_testAjax HTTP/1.1" 200 32 "-" "WordPress/6.9; https://nutritaste.com.au"
51.68.111.202 - - [30/Jan/2026:00:22:59 +0800] "GET /robots.txt HTTP/1.1" 200 69 "-" "Mozilla/5.0 (compatible; MJ12bot/v2.0.4; http://mj12bot.com/)"
51.68.111.202 - - [30/Jan/2026:00:23:02 +0800] "GET / HTTP/1.1" 301 - "-" "Mozilla/5.0 (compatible; MJ12bot/v2.0.4; http://mj12bot.com/)"
51.68.111.202 - - [30/Jan/2026:00:23:05 +0800] "GET /robots.txt HTTP/1.1" 200 69 "-" "Mozilla/5.0 (compatible; MJ12bot/v2.0.4; http://mj12bot.com/)"
103.4.122.14 - - [30/Jan/2026:00:23:01 +0800] "GET /wp-admin/admin-ajax.php?action=wordfence_doScan&isFork=0&scanMode=quick&cronKey=b44d9497a214f52e661a85469a9245c6&signature=36917a05db1f4f0383851ccc1a1489dc3e9bbd47c40da1d83d57fb855ed1dbe1 HTTP/1.1" 200 - "-" "WordPress/6.9; https://nutritaste.com.au"
51.68.111.202 - - [30/Jan/2026:00:23:08 +0800] "GET / HTTP/1.1" 200 16950 "-" "Mozilla/5.0 (compatible; MJ12bot/v2.0.4; http://mj12bot.com/)"
104.244.78.102 - - [30/Jan/2026:00:27:32 +0800] "GET / HTTP/1.1" 200 87136 "https://nutritaste.com.au/wp-login.php" "Mozilla/5.0 (Windows NT 10.0; Win64; x64) AppleWebKit/537.36 (KHTML, like Gecko) Chrome/120.0.0.0 Safari/537.36"
103.4.122.14 - - [30/Jan/2026:00:28:51 +0800] "POST /wp-cron.php?doing_wp_cron=1769704131.6127018928527832031250 HTTP/1.1" 200 - "-" "WordPress/6.9; https://nutritaste.com.au"
104.244.78.102 - - [30/Jan/2026:00:28:48 +0800] "GET /wp-login.php HTTP/1.1" 200 11384 "https://nutritaste.com.au/wp-login.php" "Mozilla/5.0 (Windows NT 10.0; Win64; x64) AppleWebKit/537.36 (KHTML, like Gecko) Chrome/120.0.0.0 Safari/537.36"
103.4.122.14 - - [30/Jan/2026:00:30:15 +0800] "POST /wp-cron.php?doing_wp_cron=1769704215.6102089881896972656250 HTTP/1.1" 200 - "-" "WordPress/6.9; https://nutritaste.com.au"
104.244.78.102 - - [30/Jan/2026:00:30:12 +0800] "POST /wp-login.php HTTP/1.1" 503 18950 "https://nutritaste.com.au/wp-login.php" "Mozilla/5.0 (Windows NT 10.0; Win64; x64) AppleWebKit/537.36 (KHTML, like Gecko) Chrome/120.0.0.0 Safari/537.36"
23.178.112.210 - - [30/Jan/2026:00:54:08 +0800] "GET /.well-known/acme-challenge/UIHEJ6umYEgbLT_bv733d3s-ZJtPCdwmqmSVrAEL1d8 HTTP/1.1" 200 87 "-" "Mozilla/5.0 (compatible; Let's Encrypt validation server; +https://www.letsencrypt.org)"
13.212.14.37 - - [30/Jan/2026:00:54:09 +0800] "GET /.well-known/acme-challenge/UIHEJ6umYEgbLT_bv733d3s-ZJtPCdwmqmSVrAEL1d8 HTTP/1.1" 200 87 "-" "Mozilla/5.0 (compatible; Let's Encrypt validation server; +https://www.letsencrypt.org)"
54.213.164.52 - - [30/Jan/2026:00:54:09 +0800] "GET /.well-known/acme-challenge/UIHEJ6umYEgbLT_bv733d3s-ZJtPCdwmqmSVrAEL1d8 HTTP/1.1" 200 87 "-" "Mozilla/5.0 (compatible; Let's Encrypt validation server; +https://www.letsencrypt.org)"
3.134.90.208 - - [30/Jan/2026:00:54:09 +0800] "GET /.well-known/acme-challenge/UIHEJ6umYEgbLT_bv733d3s-ZJtPCdwmqmSVrAEL1d8 HTTP/1.1" 200 87 "-" "Mozilla/5.0 (compatible; Let's Encrypt validation server; +https://www.letsencrypt.org)"
51.20.137.109 - - [30/Jan/2026:00:54:09 +0800] "GET /.well-known/acme-challenge/UIHEJ6umYEgbLT_bv733d3s-ZJtPCdwmqmSVrAEL1d8 HTTP/1.1" 200 87 "-" "Mozilla/5.0 (compatible; Let's Encrypt validation server; +https://www.letsencrypt.org)"
23.178.112.106 - - [30/Jan/2026:00:54:14 +0800] "GET /.well-known/acme-challenge/_HvABnnnc93xowH1sKd1EN2_y--xyJeIjL_DCNGiJlM HTTP/1.1" 200 87 "-" "Mozilla/5.0 (compatible; Let's Encrypt validation server; +https://www.letsencrypt.org)"
35.94.58.0 - - [30/Jan/2026:00:54:15 +0800] "GET /.well-known/acme-challenge/_HvABnnnc93xowH1sKd1EN2_y--xyJeIjL_DCNGiJlM HTTP/1.1" 200 87 "-" "Mozilla/5.0 (compatible; Let's Encrypt validation server; +https://www.letsencrypt.org)"
18.216.236.184 - - [30/Jan/2026:00:54:15 +0800] "GET /.well-known/acme-challenge/_HvABnnnc93xowH1sKd1EN2_y--xyJeIjL_DCNGiJlM HTTP/1.1" 200 87 "-" "Mozilla/5.0 (compatible; Let's Encrypt validation server; +https://www.letsencrypt.org)"
47.129.48.83 - - [30/Jan/2026:00:54:15 +0800] "GET /.well-known/acme-challenge/_HvABnnnc93xowH1sKd1EN2_y--xyJeIjL_DCNGiJlM HTTP/1.1" 200 87 "-" "Mozilla/5.0 (compatible; Let's Encrypt validation server; +https://www.letsencrypt.org)"
13.48.135.20 - - [30/Jan/2026:00:54:16 +0800] "GET /.well-known/acme-challenge/_HvABnnnc93xowH1sKd1EN2_y--xyJeIjL_DCNGiJlM HTTP/1.1" 200 87 "-" "Mozilla/5.0 (compatible; Let's Encrypt validation server; +https://www.letsencrypt.org)"
146.70.188.236 - - [30/Jan/2026:00:56:40 +0800] "GET / HTTP/1.1" 200 16950 "-" "Mozilla/5.0 (Windows NT 10.0; Win64; x64) AppleWebKit/537.36 (KHTML, like Gecko) Chrome/137.0.0.0 Safari/537.36"
103.4.122.14 - - [30/Jan/2026:00:56:43 +0800] "POST /wp-cron.php?doing_wp_cron=1769705803.3392589092254638671875 HTTP/1.1" 200 - "-" "WordPress/6.9; https://nutritaste.com.au"
146.70.188.236 - - [30/Jan/2026:00:56:41 +0800] "GET /favicon.ico HTTP/1.1" 302 - "-" "Mozilla/5.0 (Windows NT 10.0; Win64; x64) AppleWebKit/537.36 (KHTML, like Gecko) Chrome/137.0.0.0 Safari/537.36"
146.70.188.236 - - [30/Jan/2026:00:56:45 +0800] "GET /wp-content/uploads/2025/03/cropped-NutriTaste-favicon2-32x32.png HTTP/1.1" 200 1243 "-" "Mozilla/5.0 (Windows NT 10.0; Win64; x64) AppleWebKit/537.36 (KHTML, like Gecko) Chrome/137.0.0.0 Safari/537.36"
103.4.122.14 - - [30/Jan/2026:00:56:47 +0800] "POST /wp-cron.php?doing_wp_cron=1769705807.9042840003967285156250 HTTP/1.1" 200 - "-" "WordPress/6.9; https://nutritaste.com.au"
103.4.122.14 - - [30/Jan/2026:00:56:46 +0800] "POST /wp-admin/admin-ajax.php HTTP/1.1" 200 21 "-" "WordPress/6.9; https://nutritaste.com.au"
103.4.122.14 - - [30/Jan/2026:00:56:54 +0800] "POST /wp-cron.php?doing_wp_cron=1769705814.0760619640350341796875 HTTP/1.1" 200 - "-" "WordPress/6.9; https://nutritaste.com.au"
205.169.39.46 - - [30/Jan/2026:00:56:52 +0800] "GET / HTTP/1.1" 301 - "-" "Mozilla/5.0 (Windows NT 10.0; Win64; x64) AppleWebKit/537.36 (KHTML, like Gecko) Chrome/117.0.5938.132 Safari/537.36"
205.169.39.46 - - [30/Jan/2026:00:56:58 +0800] "GET / HTTP/1.1" 200 16950 "-" "Mozilla/5.0 (Windows NT 10.0; Win64; x64) AppleWebKit/537.36 (KHTML, like Gecko) Chrome/117.0.5938.132 Safari/537.36"
205.169.39.46 - - [30/Jan/2026:00:56:58 +0800] "GET /wp-content/plugins/dethemekit-for-elementor/includes/ext/sina/assets/css/sina-morphing.min.css?ver=2.1.10 HTTP/1.1" 200 250 "https://nutritaste.com.au/" "Mozilla/5.0 (Windows NT 10.0; Win64; x64) AppleWebKit/537.36 (KHTML, like Gecko) Chrome/117.0.5938.132 Safari/537.36"
205.169.39.46 - - [30/Jan/2026:00:56:58 +0800] "GET /wp-content/plugins/dethemekit-for-elementor/includes/ext/sina/assets/css/de-scroll-animation.css?ver=2.1.10 HTTP/1.1" 200 125 "https://nutritaste.com.au/" "Mozilla/5.0 (Windows NT 10.0; Win64; x64) AppleWebKit/537.36 (KHTML, like Gecko) Chrome/117.0.5938.132 Safari/537.36"
205.169.39.46 - - [30/Jan/2026:00:56:59 +0800] "GET /wp-content/plugins/dethemekit-for-elementor/includes/ext/sina/assets/css/de-reveal-animation.css?ver=2.1.10 HTTP/1.1" 200 521 "https://nutritaste.com.au/" "Mozilla/5.0 (Windows NT 10.0; Win64; x64) AppleWebKit/537.36 (KHTML, like Gecko) Chrome/117.0.5938.132 Safari/537.36"
205.169.39.46 - - [30/Jan/2026:00:56:59 +0800] "GET /wp-content/plugins/dethemekit-for-elementor/includes/ext/sina/assets/css/revealer.css?ver=2.1.10 HTTP/1.1" 200 139 "https://nutritaste.com.au/" "Mozilla/5.0 (Windows NT 10.0; Win64; x64) AppleWebKit/537.36 (KHTML, like Gecko) Chrome/117.0.5938.132 Safari/537.36"
205.169.39.46 - - [30/Jan/2026:00:56:59 +0800] "GET /wp-content/plugins/dethemekit-for-elementor/includes/ext/sina/assets/css/de-reveal-curtain-animation.css?ver=2.1.10 HTTP/1.1" 200 549 "https://nutritaste.com.au/" "Mozilla/5.0 (Windows NT 10.0; Win64; x64) AppleWebKit/537.36 (KHTML, like Gecko) Chrome/117.0.5938.132 Safari/537.36"
205.169.39.46 - - [30/Jan/2026:00:56:59 +0800] "GET /wp-content/plugins/dethemekit-for-elementor/includes/ext/sina/assets/css/letter/decolines.css?ver=2.1.10 HTTP/1.1" 200 141 "https://nutritaste.com.au/" "Mozilla/5.0 (Windows NT 10.0; Win64; x64) AppleWebKit/537.36 (KHTML, like Gecko) Chrome/117.0.5938.132 Safari/537.36"
205.169.39.46 - - [30/Jan/2026:00:56:59 +0800] "GET /wp-content/plugins/dethemekit-for-elementor/includes/ext/sina/assets/css/letter/normalize.css?ver=2.1.10 HTTP/1.1" 200 792 "https://nutritaste.com.au/" "Mozilla/5.0 (Windows NT 10.0; Win64; x64) AppleWebKit/537.36 (KHTML, like Gecko) Chrome/117.0.5938.132 Safari/537.36"
205.169.39.46 - - [30/Jan/2026:00:57:00 +0800] "GET /wp-content/plugins/dethemekit-for-elementor/includes/ext/sina/assets/css/letter/lettereffect.css?ver=2.1.10 HTTP/1.1" 200 140 "https://nutritaste.com.au/" "Mozilla/5.0 (Windows NT 10.0; Win64; x64) AppleWebKit/537.36 (KHTML, like Gecko) Chrome/117.0.5938.132 Safari/537.36"
205.169.39.46 - - [30/Jan/2026:00:57:00 +0800] "GET /wp-content/plugins/dethemekit-for-elementor/includes/ext/sina/assets/css/letter/pater.css?ver=2.1.10 HTTP/1.1" 200 718 "https://nutritaste.com.au/" "Mozilla/5.0 (Windows NT 10.0; Win64; x64) AppleWebKit/537.36 (KHTML, like Gecko) Chrome/117.0.5938.132 Safari/537.36"
205.169.39.46 - - [30/Jan/2026:00:57:00 +0800] "GET /wp-content/plugins/dethemekit-for-elementor/includes/ext/sina/assets/css/de_staggering/animate.css?ver=2.1.10 HTTP/1.1" 200 5949 "https://nutritaste.com.au/" "Mozilla/5.0 (Windows NT 10.0; Win64; x64) AppleWebKit/537.36 (KHTML, like Gecko) Chrome/117.0.5938.132 Safari/537.36"
205.169.39.46 - - [30/Jan/2026:00:57:00 +0800] "GET /wp-content/plugins/dethemekit-for-elementor/includes/ext/sina/assets/css/de_staggering/de-staggering.css?ver=2.1.10 HTTP/1.1" 200 1874 "https://nutritaste.com.au/" "Mozilla/5.0 (Windows NT 10.0; Win64; x64) AppleWebKit/537.36 (KHTML, like Gecko) Chrome/117.0.5938.132 Safari/537.36"
205.169.39.46 - - [30/Jan/2026:00:57:00 +0800] "GET /wp-content/plugins/jeg-elementor-kit/assets/css/elements/main.css?ver=3.0.1 HTTP/1.1" 200 24960 "https://nutritaste.com.au/" "Mozilla/5.0 (Windows NT 10.0; Win64; x64) AppleWebKit/537.36 (KHTML, like Gecko) Chrome/117.0.5938.132 Safari/537.36"
205.169.39.46 - - [30/Jan/2026:00:57:01 +0800] "GET /wp-content/plugins/elementor/assets/css/frontend.min.css?ver=3.33.4 HTTP/1.1" 200 7190 "https://nutritaste.com.au/" "Mozilla/5.0 (Windows NT 10.0; Win64; x64) AppleWebKit/537.36 (KHTML, like Gecko) Chrome/117.0.5938.132 Safari/537.36"
205.169.39.46 - - [30/Jan/2026:00:57:02 +0800] "GET /wp-content/uploads/elementor/css/post-195.css?ver=1765449559 HTTP/1.1" 200 1543 "https://nutritaste.com.au/" "Mozilla/5.0 (Windows NT 10.0; Win64; x64) AppleWebKit/537.36 (KHTML, like Gecko) Chrome/117.0.5938.132 Safari/537.36"
205.169.39.46 - - [30/Jan/2026:00:57:02 +0800] "GET /wp-content/plugins/dethemekit-for-elementor/assets/css/de-sticky-frontend.css?ver=2.1.10 HTTP/1.1" 200 194 "https://nutritaste.com.au/" "Mozilla/5.0 (Windows NT 10.0; Win64; x64) AppleWebKit/537.36 (KHTML, like Gecko) Chrome/117.0.5938.132 Safari/537.36"
205.169.39.46 - - [30/Jan/2026:00:57:03 +0800] "GET /wp-content/plugins/dethemekit-for-elementor/assets/css/de-product-display.css?ver=2.1.10 HTTP/1.1" 200 1093 "https://nutritaste.com.au/" "Mozilla/5.0 (Windows NT 10.0; Win64; x64) AppleWebKit/537.36 (KHTML, like Gecko) Chrome/117.0.5938.132 Safari/537.36"
205.169.39.46 - - [30/Jan/2026:00:57:03 +0800] "GET /wp-content/plugins/elementor/assets/css/widget-spacer.min.css?ver=3.33.4 HTTP/1.1" 200 338 "https://nutritaste.com.au/" "Mozilla/5.0 (Windows NT 10.0; Win64; x64) AppleWebKit/537.36 (KHTML, like Gecko) Chrome/117.0.5938.132 Safari/537.36"
103.4.122.14 - - [30/Jan/2026:00:57:03 +0800] "POST /wp-cron.php?doing_wp_cron=1769705823.3106460571289062500000 HTTP/1.1" 200 - "-" "WordPress/6.9; https://nutritaste.com.au"
34.116.194.93 - - [30/Jan/2026:00:57:01 +0800] "GET / HTTP/1.1" 301 - "-" "Mozilla/5.0 (iPhone13,2; U; CPU iPhone OS 14_0 like Mac OS X) AppleWebKit/602.1.50 (KHTML, like Gecko) Version/10.0 Mobile/15E148 Safari/602.1"
205.169.39.46 - - [30/Jan/2026:00:57:03 +0800] "GET /wp-content/plugins/elementor/assets/css/widget-heading.min.css?ver=3.33.4 HTTP/1.1" 200 160 "https://nutritaste.com.au/" "Mozilla/5.0 (Windows NT 10.0; Win64; x64) AppleWebKit/537.36 (KHTML, like Gecko) Chrome/117.0.5938.132 Safari/537.36"
205.169.39.46 - - [30/Jan/2026:00:57:03 +0800] "GET /wp-content/plugins/elementor/assets/css/widget-image.min.css?ver=3.33.4 HTTP/1.1" 200 135 "https://nutritaste.com.au/" "Mozilla/5.0 (Windows NT 10.0; Win64; x64) AppleWebKit/537.36 (KHTML, like Gecko) Chrome/117.0.5938.132 Safari/537.36"
205.169.39.46 - - [30/Jan/2026:00:57:03 +0800] "GET /wp-content/plugins/elementor/assets/css/widget-divider.min.css?ver=3.33.4 HTTP/1.1" 200 741 "https://nutritaste.com.au/" "Mozilla/5.0 (Windows NT 10.0; Win64; x64) AppleWebKit/537.36 (KHTML, like Gecko) Chrome/117.0.5938.132 Safari/537.36"
205.169.39.46 - - [30/Jan/2026:00:57:03 +0800] "GET /wp-content/plugins/metform/public/assets/lib/cute-alert/style.css?ver=4.0.8 HTTP/1.1" 200 1225 "https://nutritaste.com.au/" "Mozilla/5.0 (Windows NT 10.0; Win64; x64) AppleWebKit/537.36 (KHTML, like Gecko) Chrome/117.0.5938.132 Safari/537.36"
205.169.39.46 - - [30/Jan/2026:00:57:03 +0800] "GET /wp-content/plugins/elementor/assets/lib/animations/styles/e-animation-float.min.css?ver=3.33.4 HTTP/1.1" 200 139 "https://nutritaste.com.au/" "Mozilla/5.0 (Windows NT 10.0; Win64; x64) AppleWebKit/537.36 (KHTML, like Gecko) Chrome/117.0.5938.132 Safari/537.36"
205.169.39.46 - - [30/Jan/2026:00:57:03 +0800] "GET /wp-content/uploads/elementor/css/post-240.css?ver=1765449559 HTTP/1.1" 200 1824 "https://nutritaste.com.au/" "Mozilla/5.0 (Windows NT 10.0; Win64; x64) AppleWebKit/537.36 (KHTML, like Gecko) Chrome/117.0.5938.132 Safari/537.36"
205.169.39.46 - - [30/Jan/2026:00:57:03 +0800] "GET /wp-content/plugins/metform/public/assets/css/text-editor.css?ver=4.0.8 HTTP/1.1" 200 3545 "https://nutritaste.com.au/" "Mozilla/5.0 (Windows NT 10.0; Win64; x64) AppleWebKit/537.36 (KHTML, like Gecko) Chrome/117.0.5938.132 Safari/537.36"
205.169.39.46 - - [30/Jan/2026:00:57:03 +0800] "GET /wp-content/plugins/metform-pro/public/assets/css/style.min.css?ver=3.9.1 HTTP/1.1" 200 27700 "https://nutritaste.com.au/" "Mozilla/5.0 (Windows NT 10.0; Win64; x64) AppleWebKit/537.36 (KHTML, like Gecko) Chrome/117.0.5938.132 Safari/537.36"
205.169.39.46 - - [30/Jan/2026:00:57:03 +0800] "GET /wp-content/themes/hello-elementor/assets/css/reset.css?ver=3.4.5 HTTP/1.1" 200 1792 "https://nutritaste.com.au/" "Mozilla/5.0 (Windows NT 10.0; Win64; x64) AppleWebKit/537.36 (KHTML, like Gecko) Chrome/117.0.5938.132 Safari/537.36"
205.169.39.46 - - [30/Jan/2026:00:57:03 +0800] "GET /wp-content/themes/hello-elementor/assets/css/theme.css?ver=3.4.5 HTTP/1.1" 200 1271 "https://nutritaste.com.au/" "Mozilla/5.0 (Windows NT 10.0; Win64; x64) AppleWebKit/537.36 (KHTML, like Gecko) Chrome/117.0.5938.132 Safari/537.36"
205.169.39.46 - - [30/Jan/2026:00:57:03 +0800] "GET /wp-content/themes/hello-elementor/assets/css/header-footer.css?ver=3.4.5 HTTP/1.1" 200 1423 "https://nutritaste.com.au/" "Mozilla/5.0 (Windows NT 10.0; Win64; x64) AppleWebKit/537.36 (KHTML, like Gecko) Chrome/117.0.5938.132 Safari/537.36"
205.169.39.46 - - [30/Jan/2026:00:57:03 +0800] "GET /wp-content/plugins/elementor/assets/lib/font-awesome/css/font-awesome.min.css?ver=4.7.0 HTTP/1.1" 200 7052 "https://nutritaste.com.au/" "Mozilla/5.0 (Windows NT 10.0; Win64; x64) AppleWebKit/537.36 (KHTML, like Gecko) Chrome/117.0.5938.132 Safari/537.36"
205.169.39.46 - - [30/Jan/2026:00:57:03 +0800] "GET /wp-content/plugins/dethemekit-for-elementor/assets/css/simple-line-icons.css?ver=2.1.10 HTTP/1.1" 200 1986 "https://nutritaste.com.au/" "Mozilla/5.0 (Windows NT 10.0; Win64; x64) AppleWebKit/537.36 (KHTML, like Gecko) Chrome/117.0.5938.132 Safari/537.36"
205.169.39.46 - - [30/Jan/2026:00:57:04 +0800] "GET /wp-content/plugins/dethemekit-for-elementor/assets/css/htflexboxgrid.css?ver=2.1.10 HTTP/1.1" 200 1934 "https://nutritaste.com.au/" "Mozilla/5.0 (Windows NT 10.0; Win64; x64) AppleWebKit/537.36 (KHTML, like Gecko) Chrome/117.0.5938.132 Safari/537.36"
205.169.39.46 - - [30/Jan/2026:00:57:04 +0800] "GET /wp-content/plugins/dethemekit-for-elementor/assets/css/slick.css?ver=2.1.10 HTTP/1.1" 200 557 "https://nutritaste.com.au/" "Mozilla/5.0 (Windows NT 10.0; Win64; x64) AppleWebKit/537.36 (KHTML, like Gecko) Chrome/117.0.5938.132 Safari/537.36"
205.169.39.46 - - [30/Jan/2026:00:57:04 +0800] "GET /wp-content/plugins/dethemekit-for-elementor/assets/css/dethemekit-de-carousel.css?ver=2.1.10 HTTP/1.1" 200 358 "https://nutritaste.com.au/" "Mozilla/5.0 (Windows NT 10.0; Win64; x64) AppleWebKit/537.36 (KHTML, like Gecko) Chrome/117.0.5938.132 Safari/537.36"
205.169.39.46 - - [30/Jan/2026:00:57:04 +0800] "GET /wp-content/plugins/dethemekit-for-elementor/assets/css/dethemekit-widgets.css?ver=2.1.10 HTTP/1.1" 200 14002 "https://nutritaste.com.au/" "Mozilla/5.0 (Windows NT 10.0; Win64; x64) AppleWebKit/537.36 (KHTML, like Gecko) Chrome/117.0.5938.132 Safari/537.36"
205.169.39.46 - - [30/Jan/2026:00:57:04 +0800] "GET /wp-content/plugins/elementor/assets/css/widget-icon-list.min.css?ver=3.33.4 HTTP/1.1" 200 1031 "https://nutritaste.com.au/" "Mozilla/5.0 (Windows NT 10.0; Win64; x64) AppleWebKit/537.36 (KHTML, like Gecko) Chrome/117.0.5938.132 Safari/537.36"
205.169.39.46 - - [30/Jan/2026:00:57:04 +0800] "GET /wp-content/uploads/elementor/css/post-257.css?ver=1765449559 HTTP/1.1" 200 1299 "https://nutritaste.com.au/" "Mozilla/5.0 (Windows NT 10.0; Win64; x64) AppleWebKit/537.36 (KHTML, like Gecko) Chrome/117.0.5938.132 Safari/537.36"
205.169.39.46 - - [30/Jan/2026:00:57:04 +0800] "GET /wp-content/uploads/elementor/css/post-262.css?ver=1765449559 HTTP/1.1" 200 1061 "https://nutritaste.com.au/" "Mozilla/5.0 (Windows NT 10.0; Win64; x64) AppleWebKit/537.36 (KHTML, like Gecko) Chrome/117.0.5938.132 Safari/537.36"
205.169.39.46 - - [30/Jan/2026:00:57:04 +0800] "GET /wp-content/plugins/elementskit-lite/widgets/init/assets/css/responsive.css?ver=3.7.7 HTTP/1.1" 200 3161 "https://nutritaste.com.au/" "Mozilla/5.0 (Windows NT 10.0; Win64; x64) AppleWebKit/537.36 (KHTML, like Gecko) Chrome/117.0.5938.132 Safari/537.36"
205.169.39.46 - - [30/Jan/2026:00:57:04 +0800] "GET /wp-content/plugins/elementskit-lite/widgets/init/assets/css/widget-styles.css?ver=3.7.7 HTTP/1.1" 200 51956 "https://nutritaste.com.au/" "Mozilla/5.0 (Windows NT 10.0; Win64; x64) AppleWebKit/537.36 (KHTML, like Gecko) Chrome/117.0.5938.132 Safari/537.36"
205.169.39.46 - - [30/Jan/2026:00:57:04 +0800] "GET /wp-content/plugins/dethemekit-for-elementor/assets/css/de_loop/ecs-style.css?ver=2.1.10 HTTP/1.1" 200 1793 "https://nutritaste.com.au/" "Mozilla/5.0 (Windows NT 10.0; Win64; x64) AppleWebKit/537.36 (KHTML, like Gecko) Chrome/117.0.5938.132 Safari/537.36"
205.169.39.46 - - [30/Jan/2026:00:57:04 +0800] "GET /wp-content/uploads/elementor/google-fonts/css/robotocondensed.css?ver=1749610278 HTTP/1.1" 200 1333 "https://nutritaste.com.au/" "Mozilla/5.0 (Windows NT 10.0; Win64; x64) AppleWebKit/537.36 (KHTML, like Gecko) Chrome/117.0.5938.132 Safari/537.36"
205.169.39.46 - - [30/Jan/2026:00:57:04 +0800] "GET /wp-content/uploads/elementor/google-fonts/css/publicsans.css?ver=1749610285 HTTP/1.1" 200 805 "https://nutritaste.com.au/" "Mozilla/5.0 (Windows NT 10.0; Win64; x64) AppleWebKit/537.36 (KHTML, like Gecko) Chrome/117.0.5938.132 Safari/537.36"
205.169.39.46 - - [30/Jan/2026:00:57:04 +0800] "GET /wp-content/uploads/elementor/google-fonts/css/roboto.css?ver=1749610262 HTTP/1.1" 200 2868 "https://nutritaste.com.au/" "Mozilla/5.0 (Windows NT 10.0; Win64; x64) AppleWebKit/537.36 (KHTML, like Gecko) Chrome/117.0.5938.132 Safari/537.36"
205.169.39.46 - - [30/Jan/2026:00:57:04 +0800] "GET /wp-content/plugins/jeg-elementor-kit/assets/fonts/jkiticon/jkiticon.css?ver=3.0.1 HTTP/1.1" 200 21477 "https://nutritaste.com.au/" "Mozilla/5.0 (Windows NT 10.0; Win64; x64) AppleWebKit/537.36 (KHTML, like Gecko) Chrome/117.0.5938.132 Safari/537.36"
205.169.39.46 - - [30/Jan/2026:00:57:04 +0800] "GET /wp-content/plugins/dethemekit-for-elementor/assets/js/de_loop/ecs_ajax_pagination.js?ver=2.1.10 HTTP/1.1" 200 1228 "https://nutritaste.com.au/" "Mozilla/5.0 (Windows NT 10.0; Win64; x64) AppleWebKit/537.36 (KHTML, like Gecko) Chrome/117.0.5938.132 Safari/537.36"
205.169.39.46 - - [30/Jan/2026:00:57:04 +0800] "GET /wp-content/plugins/dethemekit-for-elementor/assets/js/jquery-migrate-1.4.1-wp.js?ver=6.9 HTTP/1.1" 200 7877 "https://nutritaste.com.au/" "Mozilla/5.0 (Windows NT 10.0; Win64; x64) AppleWebKit/537.36 (KHTML, like Gecko) Chrome/117.0.5938.132 Safari/537.36"
205.169.39.46 - - [30/Jan/2026:00:57:04 +0800] "GET /wp-content/plugins/dethemekit-for-elementor/assets/js/jquery-1.12.4-wp.js?ver=6.9 HTTP/1.1" 200 33773 "https://nutritaste.com.au/" "Mozilla/5.0 (Windows NT 10.0; Win64; x64) AppleWebKit/537.36 (KHTML, like Gecko) Chrome/117.0.5938.132 Safari/537.36"
205.169.39.46 - - [30/Jan/2026:00:57:04 +0800] "GET /wp-content/uploads/2025/03/NutriTaste-strap-v2-min.png HTTP/1.1" 200 27551 "https://nutritaste.com.au/" "Mozilla/5.0 (Windows NT 10.0; Win64; x64) AppleWebKit/537.36 (KHTML, like Gecko) Chrome/117.0.5938.132 Safari/537.36"
205.169.39.46 - - [30/Jan/2026:00:57:04 +0800] "GET /wp-content/uploads/2025/03/Complementary-food-and-nutrition-768x91.png HTTP/1.1" 200 17734 "https://nutritaste.com.au/" "Mozilla/5.0 (Windows NT 10.0; Win64; x64) AppleWebKit/537.36 (KHTML, like Gecko) Chrome/117.0.5938.132 Safari/537.36"
205.169.39.46 - - [30/Jan/2026:00:57:04 +0800] "GET /wp-content/uploads/2025/02/NutriTaste-strap-v3.png HTTP/1.1" 200 29289 "https://nutritaste.com.au/" "Mozilla/5.0 (Windows NT 10.0; Win64; x64) AppleWebKit/537.36 (KHTML, like Gecko) Chrome/117.0.5938.132 Safari/537.36"
205.169.39.46 - - [30/Jan/2026:00:57:05 +0800] "GET /wp-content/plugins/jeg-elementor-kit/lib/jeg-framework/assets/css/jeg-dynamic-styles.css?ver=1.3.0 HTTP/1.1" 200 - "https://nutritaste.com.au/" "Mozilla/5.0 (Windows NT 10.0; Win64; x64) AppleWebKit/537.36 (KHTML, like Gecko) Chrome/117.0.5938.132 Safari/537.36"
205.169.39.46 - - [30/Jan/2026:00:57:05 +0800] "GET /wp-content/plugins/elementor/assets/lib/font-awesome/css/all.min.css?ver=2.1.10 HTTP/1.1" 200 12869 "https://nutritaste.com.au/" "Mozilla/5.0 (Windows NT 10.0; Win64; x64) AppleWebKit/537.36 (KHTML, like Gecko) Chrome/117.0.5938.132 Safari/537.36"
205.169.39.46 - - [30/Jan/2026:00:57:05 +0800] "GET /wp-content/plugins/elementor/assets/lib/font-awesome/css/v4-shims.min.css?ver=3.33.4 HTTP/1.1" 200 4229 "https://nutritaste.com.au/" "Mozilla/5.0 (Windows NT 10.0; Win64; x64) AppleWebKit/537.36 (KHTML, like Gecko) Chrome/117.0.5938.132 Safari/537.36"
205.169.39.46 - - [30/Jan/2026:00:57:05 +0800] "GET /wp-content/plugins/metform/public/assets/css/style.css?ver=4.0.8 HTTP/1.1" 200 4944 "https://nutritaste.com.au/" "Mozilla/5.0 (Windows NT 10.0; Win64; x64) AppleWebKit/537.36 (KHTML, like Gecko) Chrome/117.0.5938.132 Safari/537.36"
205.169.39.46 - - [30/Jan/2026:00:57:05 +0800] "GET /wp-content/plugins/metform/public/assets/css/metform-ui.css?ver=4.0.8 HTTP/1.1" 200 15415 "https://nutritaste.com.au/" "Mozilla/5.0 (Windows NT 10.0; Win64; x64) AppleWebKit/537.36 (KHTML, like Gecko) Chrome/117.0.5938.132 Safari/537.36"
205.169.39.46 - - [30/Jan/2026:00:57:05 +0800] "GET /wp-content/uploads/elementor/google-fonts/fonts/roboto-kfo7cnqeu92fr1me7ksn66agldtyluama3yuba.woff2 HTTP/1.1" 200 40156 "https://nutritaste.com.au/wp-content/uploads/elementor/google-fonts/css/roboto.css?ver=1749610262" "Mozilla/5.0 (Windows NT 10.0; Win64; x64) AppleWebKit/537.36 (KHTML, like Gecko) Chrome/117.0.5938.132 Safari/537.36"
205.169.39.46 - - [30/Jan/2026:00:57:05 +0800] "GET /wp-content/uploads/elementor/google-fonts/fonts/publicsans-ijwrs572xtc6zyqws9yvwnngfj4.woff2 HTTP/1.1" 200 26855 "https://nutritaste.com.au/wp-content/uploads/elementor/google-fonts/css/publicsans.css?ver=1749610285" "Mozilla/5.0 (Windows NT 10.0; Win64; x64) AppleWebKit/537.36 (KHTML, like Gecko) Chrome/117.0.5938.132 Safari/537.36"
205.169.39.46 - - [30/Jan/2026:00:57:05 +0800] "GET /wp-content/plugins/elementskit-lite/modules/elementskit-icon-pack/assets/css/ekiticons.css?ver=3.7.7 HTTP/1.1" 200 10919 "https://nutritaste.com.au/" "Mozilla/5.0 (Windows NT 10.0; Win64; x64) AppleWebKit/537.36 (KHTML, like Gecko) Chrome/117.0.5938.132 Safari/537.36"
205.169.39.46 - - [30/Jan/2026:00:57:05 +0800] "GET /wp-content/uploads/elementor/google-fonts/css/ibmplexsans.css?ver=1749610296 HTTP/1.1" 200 1157 "https://nutritaste.com.au/" "Mozilla/5.0 (Windows NT 10.0; Win64; x64) AppleWebKit/537.36 (KHTML, like Gecko) Chrome/117.0.5938.132 Safari/537.36"
205.169.39.46 - - [30/Jan/2026:00:57:05 +0800] "GET /wp-content/plugins/elementor/assets/js/webpack.runtime.min.js?ver=3.33.4 HTTP/1.1" 200 2482 "https://nutritaste.com.au/" "Mozilla/5.0 (Windows NT 10.0; Win64; x64) AppleWebKit/537.36 (KHTML, like Gecko) Chrome/117.0.5938.132 Safari/537.36"
205.169.39.46 - - [30/Jan/2026:00:57:05 +0800] "GET /wp-content/plugins/jeg-elementor-kit/assets/fonts/jkiticon/jkiticon.woff2?bv8d8l HTTP/1.1" 200 400162 "https://nutritaste.com.au/wp-content/plugins/jeg-elementor-kit/assets/fonts/jkiticon/jkiticon.css?ver=3.0.1" "Mozilla/5.0 (Windows NT 10.0; Win64; x64) AppleWebKit/537.36 (KHTML, like Gecko) Chrome/117.0.5938.132 Safari/537.36"
205.169.39.46 - - [30/Jan/2026:00:57:04 +0800] "GET /wp-content/plugins/dethemekit-for-elementor/assets/js/de_loop/ecs.js?ver=2.1.10 HTTP/1.1" 200 167 "https://nutritaste.com.au/" "Mozilla/5.0 (Windows NT 10.0; Win64; x64) AppleWebKit/537.36 (KHTML, like Gecko) Chrome/117.0.5938.132 Safari/537.36"
205.169.39.46 - - [30/Jan/2026:00:57:05 +0800] "GET /wp-content/uploads/elementor/google-fonts/fonts/robotocondensed-ievl2zhzi2ecn5jzbjeets9weq8-19k7dq.woff2 HTTP/1.1" 200 51440 "https://nutritaste.com.au/wp-content/uploads/elementor/google-fonts/css/robotocondensed.css?ver=1749610278" "Mozilla/5.0 (Windows NT 10.0; Win64; x64) AppleWebKit/537.36 (KHTML, like Gecko) Chrome/117.0.5938.132 Safari/537.36"
205.169.39.46 - - [30/Jan/2026:00:57:06 +0800] "GET /wp-content/uploads/elementor/css/post-328.css?ver=1765449563 HTTP/1.1" 200 3803 "https://nutritaste.com.au/" "Mozilla/5.0 (Windows NT 10.0; Win64; x64) AppleWebKit/537.36 (KHTML, like Gecko) Chrome/117.0.5938.132 Safari/537.36"
205.169.39.46 - - [30/Jan/2026:00:57:06 +0800] "GET /wp-content/plugins/elementor/assets/js/frontend-modules.min.js?ver=3.33.4 HTTP/1.1" 200 25268 "https://nutritaste.com.au/" "Mozilla/5.0 (Windows NT 10.0; Win64; x64) AppleWebKit/537.36 (KHTML, like Gecko) Chrome/117.0.5938.132 Safari/537.36"
205.169.39.46 - - [30/Jan/2026:00:57:06 +0800] "GET /wp-includes/js/jquery/ui/core.min.js?ver=1.13.3 HTTP/1.1" 200 7106 "https://nutritaste.com.au/" "Mozilla/5.0 (Windows NT 10.0; Win64; x64) AppleWebKit/537.36 (KHTML, like Gecko) Chrome/117.0.5938.132 Safari/537.36"
205.169.39.46 - - [30/Jan/2026:00:57:06 +0800] "GET /wp-content/plugins/elementor/assets/js/frontend.min.js?ver=3.33.4 HTTP/1.1" 200 10325 "https://nutritaste.com.au/" "Mozilla/5.0 (Windows NT 10.0; Win64; x64) AppleWebKit/537.36 (KHTML, like Gecko) Chrome/117.0.5938.132 Safari/537.36"
205.169.39.46 - - [30/Jan/2026:00:57:06 +0800] "GET /wp-content/plugins/metform/public/assets/lib/cute-alert/cute-alert.js?ver=4.0.8 HTTP/1.1" 200 1177 "https://nutritaste.com.au/" "Mozilla/5.0 (Windows NT 10.0; Win64; x64) AppleWebKit/537.36 (KHTML, like Gecko) Chrome/117.0.5938.132 Safari/537.36"
205.169.39.46 - - [30/Jan/2026:00:57:06 +0800] "GET /wp-content/themes/hello-elementor/assets/js/hello-frontend.js?ver=3.4.5 HTTP/1.1" 200 549 "https://nutritaste.com.au/" "Mozilla/5.0 (Windows NT 10.0; Win64; x64) AppleWebKit/537.36 (KHTML, like Gecko) Chrome/117.0.5938.132 Safari/537.36"
205.169.39.46 - - [30/Jan/2026:00:57:06 +0800] "GET /wp-content/plugins/elementskit-lite/libs/framework/assets/js/frontend-script.js?ver=3.7.7 HTTP/1.1" 200 40 "https://nutritaste.com.au/" "Mozilla/5.0 (Windows NT 10.0; Win64; x64) AppleWebKit/537.36 (KHTML, like Gecko) Chrome/117.0.5938.132 Safari/537.36"
205.169.39.46 - - [30/Jan/2026:00:57:06 +0800] "GET /wp-content/plugins/elementskit-lite/widgets/init/assets/js/widget-scripts.js?ver=3.7.7 HTTP/1.1" 200 41596 "https://nutritaste.com.au/" "Mozilla/5.0 (Windows NT 10.0; Win64; x64) AppleWebKit/537.36 (KHTML, like Gecko) Chrome/117.0.5938.132 Safari/537.36"
205.169.39.46 - - [30/Jan/2026:00:57:06 +0800] "GET /wp-content/plugins/jeg-elementor-kit/assets/js/elements/sticky-element.js?ver=3.0.1 HTTP/1.1" 200 1573 "https://nutritaste.com.au/" "Mozilla/5.0 (Windows NT 10.0; Win64; x64) AppleWebKit/537.36 (KHTML, like Gecko) Chrome/117.0.5938.132 Safari/537.36"
205.169.39.46 - - [30/Jan/2026:00:57:06 +0800] "GET /wp-content/plugins/elementor/assets/lib/font-awesome/js/v4-shims.min.js?ver=3.33.4 HTTP/1.1" 200 4209 "https://nutritaste.com.au/" "Mozilla/5.0 (Windows NT 10.0; Win64; x64) AppleWebKit/537.36 (KHTML, like Gecko) Chrome/117.0.5938.132 Safari/537.36"
205.169.39.46 - - [30/Jan/2026:00:57:06 +0800] "GET /wp-content/plugins/metform/public/assets/js/htm.js?ver=4.0.8 HTTP/1.1" 200 675 "https://nutritaste.com.au/" "Mozilla/5.0 (Windows NT 10.0; Win64; x64) AppleWebKit/537.36 (KHTML, like Gecko) Chrome/117.0.5938.132 Safari/537.36"
205.169.39.46 - - [30/Jan/2026:00:57:06 +0800] "GET /wp-includes/js/dist/vendor/react.min.js?ver=18.3.1.1 HTTP/1.1" 200 4165 "https://nutritaste.com.au/" "Mozilla/5.0 (Windows NT 10.0; Win64; x64) AppleWebKit/537.36 (KHTML, like Gecko) Chrome/117.0.5938.132 Safari/537.36"
205.169.39.46 - - [30/Jan/2026:00:57:06 +0800] "GET /wp-includes/js/dist/escape-html.min.js?ver=6561a406d2d232a6fbd2 HTTP/1.1" 200 532 "https://nutritaste.com.au/" "Mozilla/5.0 (Windows NT 10.0; Win64; x64) AppleWebKit/537.36 (KHTML, like Gecko) Chrome/117.0.5938.132 Safari/537.36"
205.169.39.46 - - [30/Jan/2026:00:57:06 +0800] "GET /wp-includes/js/dist/vendor/react-dom.min.js?ver=18.3.1.1 HTTP/1.1" 200 41888 "https://nutritaste.com.au/" "Mozilla/5.0 (Windows NT 10.0; Win64; x64) AppleWebKit/537.36 (KHTML, like Gecko) Chrome/117.0.5938.132 Safari/537.36"
205.169.39.46 - - [30/Jan/2026:00:57:06 +0800] "GET /wp-includes/js/dist/element.min.js?ver=6a582b0c827fa25df3dd HTTP/1.1" 200 4993 "https://nutritaste.com.au/" "Mozilla/5.0 (Windows NT 10.0; Win64; x64) AppleWebKit/537.36 (KHTML, like Gecko) Chrome/117.0.5938.132 Safari/537.36"
205.169.39.46 - - [30/Jan/2026:00:57:06 +0800] "GET /wp-content/plugins/metform/public/assets/js/app.js?ver=4.0.8 HTTP/1.1" 200 161184 "https://nutritaste.com.au/" "Mozilla/5.0 (Windows NT 10.0; Win64; x64) AppleWebKit/537.36 (KHTML, like Gecko) Chrome/117.0.5938.132 Safari/537.36"
205.169.39.46 - - [30/Jan/2026:00:57:06 +0800] "GET /wp-content/plugins/metform/public/assets/js/recaptcha-support.js?ver=4.0.8 HTTP/1.1" 200 135 "https://nutritaste.com.au/" "Mozilla/5.0 (Windows NT 10.0; Win64; x64) AppleWebKit/537.36 (KHTML, like Gecko) Chrome/117.0.5938.132 Safari/537.36"
205.169.39.46 - - [30/Jan/2026:00:57:06 +0800] "GET /wp-content/plugins/dethemekit-for-elementor/assets/js/lib/ResizeSensor.min.js?ver=1.7.0 HTTP/1.1" 200 937 "https://nutritaste.com.au/" "Mozilla/5.0 (Windows NT 10.0; Win64; x64) AppleWebKit/537.36 (KHTML, like Gecko) Chrome/117.0.5938.132 Safari/537.36"
205.169.39.46 - - [30/Jan/2026:00:57:07 +0800] "GET /wp-content/plugins/dethemekit-for-elementor/assets/js/lib/sticky-sidebar/sticky-sidebar.min.js?ver=3.3.1 HTTP/1.1" 200 3493 "https://nutritaste.com.au/" "Mozilla/5.0 (Windows NT 10.0; Win64; x64) AppleWebKit/537.36 (KHTML, like Gecko) Chrome/117.0.5938.132 Safari/537.36"
205.169.39.46 - - [30/Jan/2026:00:57:07 +0800] "GET /wp-content/plugins/elementor-pro/assets/js/webpack-pro.runtime.min.js?ver=3.33.2 HTTP/1.1" 200 2856 "https://nutritaste.com.au/" "Mozilla/5.0 (Windows NT 10.0; Win64; x64) AppleWebKit/537.36 (KHTML, like Gecko) Chrome/117.0.5938.132 Safari/537.36"
205.169.39.46 - - [30/Jan/2026:00:57:07 +0800] "GET /wp-includes/js/dist/hooks.min.js?ver=dd5603f07f9220ed27f1 HTTP/1.1" 200 1941 "https://nutritaste.com.au/" "Mozilla/5.0 (Windows NT 10.0; Win64; x64) AppleWebKit/537.36 (KHTML, like Gecko) Chrome/117.0.5938.132 Safari/537.36"
205.169.39.46 - - [30/Jan/2026:00:57:07 +0800] "GET /wp-includes/js/dist/i18n.min.js?ver=c26c3dc7bed366793375 HTTP/1.1" 200 2229 "https://nutritaste.com.au/" "Mozilla/5.0 (Windows NT 10.0; Win64; x64) AppleWebKit/537.36 (KHTML, like Gecko) Chrome/117.0.5938.132 Safari/537.36"
205.169.39.46 - - [30/Jan/2026:00:57:07 +0800] "GET /wp-content/plugins/elementor-pro/assets/js/frontend.min.js?ver=3.33.2 HTTP/1.1" 200 6434 "https://nutritaste.com.au/" "Mozilla/5.0 (Windows NT 10.0; Win64; x64) AppleWebKit/537.36 (KHTML, like Gecko) Chrome/117.0.5938.132 Safari/537.36"
205.169.39.46 - - [30/Jan/2026:00:57:04 +0800] "GET /wp-content/uploads/2025/03/FN-Brochure-Update-February-2024-cover_Page_1-min.jpg HTTP/1.1" 200 203920 "https://nutritaste.com.au/" "Mozilla/5.0 (Windows NT 10.0; Win64; x64) AppleWebKit/537.36 (KHTML, like Gecko) Chrome/117.0.5938.132 Safari/537.36"
205.169.39.46 - - [30/Jan/2026:00:57:07 +0800] "GET /wp-content/plugins/elementor-pro/assets/js/elements-handlers.min.js?ver=3.33.2 HTTP/1.1" 200 10568 "https://nutritaste.com.au/" "Mozilla/5.0 (Windows NT 10.0; Win64; x64) AppleWebKit/537.36 (KHTML, like Gecko) Chrome/117.0.5938.132 Safari/537.36"
205.169.39.46 - - [30/Jan/2026:00:57:07 +0800] "GET /wp-content/plugins/metform-pro/public/assets/js/repeater.js?ver=3.9.1 HTTP/1.1" 200 1369 "https://nutritaste.com.au/" "Mozilla/5.0 (Windows NT 10.0; Win64; x64) AppleWebKit/537.36 (KHTML, like Gecko) Chrome/117.0.5938.132 Safari/537.36"
205.169.39.46 - - [30/Jan/2026:00:57:07 +0800] "GET /wp-content/plugins/dethemekit-for-elementor/assets/js/de-sticky-frontend.js?ver=2.1.10 HTTP/1.1" 200 2077 "https://nutritaste.com.au/" "Mozilla/5.0 (Windows NT 10.0; Win64; x64) AppleWebKit/537.36 (KHTML, like Gecko) Chrome/117.0.5938.132 Safari/537.36"
205.169.39.46 - - [30/Jan/2026:00:57:07 +0800] "GET /wp-content/plugins/dethemekit-for-elementor/assets/js/de-active-icon-box.js?ver=2.1.10 HTTP/1.1" 200 751 "https://nutritaste.com.au/" "Mozilla/5.0 (Windows NT 10.0; Win64; x64) AppleWebKit/537.36 (KHTML, like Gecko) Chrome/117.0.5938.132 Safari/537.36"
205.169.39.46 - - [30/Jan/2026:00:57:07 +0800] "GET /wp-content/plugins/dethemekit-for-elementor/assets/js/de-active-column.js?ver=2.1.10 HTTP/1.1" 200 812 "https://nutritaste.com.au/" "Mozilla/5.0 (Windows NT 10.0; Win64; x64) AppleWebKit/537.36 (KHTML, like Gecko) Chrome/117.0.5938.132 Safari/537.36"
205.169.39.46 - - [30/Jan/2026:00:57:07 +0800] "GET /wp-content/plugins/elementskit-lite/widgets/init/assets/js/animate-circle.min.js?ver=3.7.7 HTTP/1.1" 200 451 "https://nutritaste.com.au/" "Mozilla/5.0 (Windows NT 10.0; Win64; x64) AppleWebKit/537.36 (KHTML, like Gecko) Chrome/117.0.5938.132 Safari/537.36"
205.169.39.46 - - [30/Jan/2026:00:57:07 +0800] "GET /wp-content/plugins/elementskit-lite/widgets/init/assets/js/elementor.js?ver=3.7.7 HTTP/1.1" 200 5998 "https://nutritaste.com.au/" "Mozilla/5.0 (Windows NT 10.0; Win64; x64) AppleWebKit/537.36 (KHTML, like Gecko) Chrome/117.0.5938.132 Safari/537.36"
205.169.39.46 - - [30/Jan/2026:00:57:07 +0800] "GET /wp-content/plugins/dethemekit-for-elementor/includes/ext/sina/assets/js/scrollMonitor.js?ver=6.9 HTTP/1.1" 200 2547 "https://nutritaste.com.au/" "Mozilla/5.0 (Windows NT 10.0; Win64; x64) AppleWebKit/537.36 (KHTML, like Gecko) Chrome/117.0.5938.132 Safari/537.36"
205.169.39.46 - - [30/Jan/2026:00:57:07 +0800] "GET /wp-content/plugins/dethemekit-for-elementor/includes/ext/sina/assets/js/de_scroll_animation.preview.js?ver=6.9 HTTP/1.1" 200 2989 "https://nutritaste.com.au/" "Mozilla/5.0 (Windows NT 10.0; Win64; x64) AppleWebKit/537.36 (KHTML, like Gecko) Chrome/117.0.5938.132 Safari/537.36"
205.169.39.46 - - [30/Jan/2026:00:57:07 +0800] "GET /wp-content/plugins/dethemekit-for-elementor/includes/ext/sina/assets/js/anime.min.js?ver=6.9 HTTP/1.1" 200 7133 "https://nutritaste.com.au/" "Mozilla/5.0 (Windows NT 10.0; Win64; x64) AppleWebKit/537.36 (KHTML, like Gecko) Chrome/117.0.5938.132 Safari/537.36"
205.169.39.46 - - [30/Jan/2026:00:57:07 +0800] "GET /wp-content/plugins/dethemekit-for-elementor/includes/ext/sina/assets/js/intersectionobserver.js?ver=6.9 HTTP/1.1" 200 6555 "https://nutritaste.com.au/" "Mozilla/5.0 (Windows NT 10.0; Win64; x64) AppleWebKit/537.36 (KHTML, like Gecko) Chrome/117.0.5938.132 Safari/537.36"
205.169.39.46 - - [30/Jan/2026:00:57:07 +0800] "GET /wp-content/plugins/dethemekit-for-elementor/includes/ext/sina/assets/js/letter/charming.min.js?ver=6.9 HTTP/1.1" 200 354 "https://nutritaste.com.au/" "Mozilla/5.0 (Windows NT 10.0; Win64; x64) AppleWebKit/537.36 (KHTML, like Gecko) Chrome/117.0.5938.132 Safari/537.36"
205.169.39.46 - - [30/Jan/2026:00:57:07 +0800] "GET /wp-content/plugins/dethemekit-for-elementor/includes/ext/sina/assets/js/letter/lineMaker.js?ver=6.9 HTTP/1.1" 200 2517 "https://nutritaste.com.au/" "Mozilla/5.0 (Windows NT 10.0; Win64; x64) AppleWebKit/537.36 (KHTML, like Gecko) Chrome/117.0.5938.132 Safari/537.36"
205.169.39.46 - - [30/Jan/2026:00:57:07 +0800] "GET /wp-content/plugins/dethemekit-for-elementor/includes/ext/sina/assets/js/letter/imagesloaded.pkgd.min.js?ver=6.9 HTTP/1.1" 200 1765 "https://nutritaste.com.au/" "Mozilla/5.0 (Windows NT 10.0; Win64; x64) AppleWebKit/537.36 (KHTML, like Gecko) Chrome/117.0.5938.132 Safari/537.36"
205.169.39.46 - - [30/Jan/2026:00:57:07 +0800] "GET /wp-content/plugins/dethemekit-for-elementor/includes/ext/sina/assets/js/letter/textfx.js?ver=6.9 HTTP/1.1" 200 2393 "https://nutritaste.com.au/" "Mozilla/5.0 (Windows NT 10.0; Win64; x64) AppleWebKit/537.36 (KHTML, like Gecko) Chrome/117.0.5938.132 Safari/537.36"
205.169.39.46 - - [30/Jan/2026:00:57:07 +0800] "GET /wp-content/plugins/dethemekit-for-elementor/includes/ext/sina/assets/js/main.js?ver=6.9 HTTP/1.1" 200 2292 "https://nutritaste.com.au/" "Mozilla/5.0 (Windows NT 10.0; Win64; x64) AppleWebKit/537.36 (KHTML, like Gecko) Chrome/117.0.5938.132 Safari/537.36"
205.169.39.46 - - [30/Jan/2026:00:57:07 +0800] "GET /wp-content/plugins/dethemekit-for-elementor/includes/ext/sina/assets/js/de_reveal_animation.preview.js?ver=6.9 HTTP/1.1" 200 7133 "https://nutritaste.com.au/" "Mozilla/5.0 (Windows NT 10.0; Win64; x64) AppleWebKit/537.36 (KHTML, like Gecko) Chrome/117.0.5938.132 Safari/537.36"
205.169.39.46 - - [30/Jan/2026:00:57:07 +0800] "GET /wp-content/plugins/dethemekit-for-elementor/includes/ext/sina/assets/js/de_staggering/de_staggering.js?ver=6.9 HTTP/1.1" 200 2626 "https://nutritaste.com.au/" "Mozilla/5.0 (Windows NT 10.0; Win64; x64) AppleWebKit/537.36 (KHTML, like Gecko) Chrome/117.0.5938.132 Safari/537.36"
205.169.39.46 - - [30/Jan/2026:00:57:07 +0800] "GET /wp-content/plugins/wp-rocket/assets/js/wpr-beacon.min.js HTTP/1.1" 200 8097 "https://nutritaste.com.au/" "Mozilla/5.0 (Windows NT 10.0; Win64; x64) AppleWebKit/537.36 (KHTML, like Gecko) Chrome/117.0.5938.132 Safari/537.36"
205.169.39.46 - - [30/Jan/2026:00:57:07 +0800] "GET /wp-content/uploads/2025/02/19366-1.jpg HTTP/1.1" 200 142700 "https://nutritaste.com.au/wp-content/uploads/elementor/css/post-240.css?ver=1765449559" "Mozilla/5.0 (Windows NT 10.0; Win64; x64) AppleWebKit/537.36 (KHTML, like Gecko) Chrome/117.0.5938.132 Safari/537.36"
103.4.122.14 - - [30/Jan/2026:00:57:08 +0800] "POST /wp-cron.php?doing_wp_cron=1769705828.2615640163421630859375 HTTP/1.1" 200 - "-" "WordPress/6.9; https://nutritaste.com.au"
34.116.194.93 - - [30/Jan/2026:00:57:05 +0800] "GET / HTTP/1.1" 200 16322 "-" "Mozilla/5.0 (iPhone13,2; U; CPU iPhone OS 14_0 like Mac OS X) AppleWebKit/602.1.50 (KHTML, like Gecko) Version/10.0 Mobile/15E148 Safari/602.1"
205.169.39.46 - - [30/Jan/2026:00:57:08 +0800] "GET /wp-content/plugins/elementor/assets/js/section-frontend-handlers.d85ab872da118940910d.bundle.min.js HTTP/1.1" 200 269 "https://nutritaste.com.au/" "Mozilla/5.0 (Windows NT 10.0; Win64; x64) AppleWebKit/537.36 (KHTML, like Gecko) Chrome/117.0.5938.132 Safari/537.36"
205.169.39.46 - - [30/Jan/2026:00:57:08 +0800] "GET /wp-content/plugins/elementor/assets/js/text-editor.45609661e409413f1cef.bundle.min.js HTTP/1.1" 200 648 "https://nutritaste.com.au/" "Mozilla/5.0 (Windows NT 10.0; Win64; x64) AppleWebKit/537.36 (KHTML, like Gecko) Chrome/117.0.5938.132 Safari/537.36"
205.169.39.46 - - [30/Jan/2026:00:57:08 +0800] "GET /wp-content/uploads/elementor/google-fonts/fonts/ibmplexsans-zyxzkvelmyyaje8bplhncwdkr932-g7dytd-dmu1syxekyy.woff2 HTTP/1.1" 200 45594 "https://nutritaste.com.au/wp-content/uploads/elementor/google-fonts/css/ibmplexsans.css?ver=1749610296" "Mozilla/5.0 (Windows NT 10.0; Win64; x64) AppleWebKit/537.36 (KHTML, like Gecko) Chrome/117.0.5938.132 Safari/537.36"
205.169.39.46 - - [30/Jan/2026:00:57:08 +0800] "GET /wp-content/uploads/elementor/google-fonts/fonts/roboto-kfo5cnqeu92fr1mu53zec9_vu3r1gihoszmkbnka.woff2 HTTP/1.1" 200 44220 "https://nutritaste.com.au/wp-content/uploads/elementor/google-fonts/css/roboto.css?ver=1749610262" "Mozilla/5.0 (Windows NT 10.0; Win64; x64) AppleWebKit/537.36 (KHTML, like Gecko) Chrome/117.0.5938.132 Safari/537.36"
205.169.39.46 - - [30/Jan/2026:00:57:08 +0800] "GET /wp-content/plugins/elementor/assets/js/shared-frontend-handlers.03caa53373b56d3bab67.bundle.min.js HTTP/1.1" 200 2644 "https://nutritaste.com.au/" "Mozilla/5.0 (Windows NT 10.0; Win64; x64) AppleWebKit/537.36 (KHTML, like Gecko) Chrome/117.0.5938.132 Safari/537.36"
205.169.39.46 - - [30/Jan/2026:00:57:08 +0800] "GET /wp-includes/js/wp-emoji-release.min.js?ver=6.9 HTTP/1.1" 200 5375 "https://nutritaste.com.au/" "Mozilla/5.0 (Windows NT 10.0; Win64; x64) AppleWebKit/537.36 (KHTML, like Gecko) Chrome/117.0.5938.132 Safari/537.36"
34.116.194.93 - - [30/Jan/2026:00:57:09 +0800] "GET /wp-content/plugins/dethemekit-for-elementor/includes/ext/sina/assets/css/sina-morphing.min.css?ver=2.1.10 HTTP/1.1" 200 250 "https://nutritaste.com.au/" "Mozilla/5.0 (iPhone13,2; U; CPU iPhone OS 14_0 like Mac OS X) AppleWebKit/602.1.50 (KHTML, like Gecko) Version/10.0 Mobile/15E148 Safari/602.1"
34.116.194.93 - - [30/Jan/2026:00:57:09 +0800] "GET /wp-content/plugins/dethemekit-for-elementor/includes/ext/sina/assets/css/de-scroll-animation.css?ver=2.1.10 HTTP/1.1" 200 125 "https://nutritaste.com.au/" "Mozilla/5.0 (iPhone13,2; U; CPU iPhone OS 14_0 like Mac OS X) AppleWebKit/602.1.50 (KHTML, like Gecko) Version/10.0 Mobile/15E148 Safari/602.1"
34.116.194.93 - - [30/Jan/2026:00:57:09 +0800] "GET /wp-content/plugins/dethemekit-for-elementor/includes/ext/sina/assets/css/de-reveal-animation.css?ver=2.1.10 HTTP/1.1" 200 521 "https://nutritaste.com.au/" "Mozilla/5.0 (iPhone13,2; U; CPU iPhone OS 14_0 like Mac OS X) AppleWebKit/602.1.50 (KHTML, like Gecko) Version/10.0 Mobile/15E148 Safari/602.1"
205.169.39.46 - - [30/Jan/2026:00:57:08 +0800] "POST /wp-json/metform/v1/forms/views/328 HTTP/1.1" 403 100 "https://nutritaste.com.au/" "Mozilla/5.0 (Windows NT 10.0; Win64; x64) AppleWebKit/537.36 (KHTML, like Gecko) Chrome/117.0.5938.132 Safari/537.36"
34.116.194.93 - - [30/Jan/2026:00:57:10 +0800] "GET /wp-content/plugins/dethemekit-for-elementor/includes/ext/sina/assets/css/revealer.css?ver=2.1.10 HTTP/1.1" 200 139 "https://nutritaste.com.au/" "Mozilla/5.0 (iPhone13,2; U; CPU iPhone OS 14_0 like Mac OS X) AppleWebKit/602.1.50 (KHTML, like Gecko) Version/10.0 Mobile/15E148 Safari/602.1"
205.169.39.46 - - [30/Jan/2026:00:57:08 +0800] "POST /wp-admin/admin-ajax.php HTTP/1.1" 403 22 "https://nutritaste.com.au/" "Mozilla/5.0 (Windows NT 10.0; Win64; x64) AppleWebKit/537.36 (KHTML, like Gecko) Chrome/117.0.5938.132 Safari/537.36"
34.116.194.93 - - [30/Jan/2026:00:57:10 +0800] "GET /wp-content/plugins/dethemekit-for-elementor/includes/ext/sina/assets/css/de-reveal-curtain-animation.css?ver=2.1.10 HTTP/1.1" 200 549 "https://nutritaste.com.au/" "Mozilla/5.0 (iPhone13,2; U; CPU iPhone OS 14_0 like Mac OS X) AppleWebKit/602.1.50 (KHTML, like Gecko) Version/10.0 Mobile/15E148 Safari/602.1"
34.116.194.93 - - [30/Jan/2026:00:57:11 +0800] "GET /wp-content/plugins/dethemekit-for-elementor/includes/ext/sina/assets/css/letter/decolines.css?ver=2.1.10 HTTP/1.1" 200 141 "https://nutritaste.com.au/" "Mozilla/5.0 (iPhone13,2; U; CPU iPhone OS 14_0 like Mac OS X) AppleWebKit/602.1.50 (KHTML, like Gecko) Version/10.0 Mobile/15E148 Safari/602.1"
34.116.194.93 - - [30/Jan/2026:00:57:11 +0800] "GET /wp-content/plugins/dethemekit-for-elementor/includes/ext/sina/assets/css/letter/normalize.css?ver=2.1.10 HTTP/1.1" 200 792 "https://nutritaste.com.au/" "Mozilla/5.0 (iPhone13,2; U; CPU iPhone OS 14_0 like Mac OS X) AppleWebKit/602.1.50 (KHTML, like Gecko) Version/10.0 Mobile/15E148 Safari/602.1"
34.116.194.93 - - [30/Jan/2026:00:57:11 +0800] "GET /wp-content/plugins/dethemekit-for-elementor/includes/ext/sina/assets/css/letter/lettereffect.css?ver=2.1.10 HTTP/1.1" 200 140 "https://nutritaste.com.au/" "Mozilla/5.0 (iPhone13,2; U; CPU iPhone OS 14_0 like Mac OS X) AppleWebKit/602.1.50 (KHTML, like Gecko) Version/10.0 Mobile/15E148 Safari/602.1"
34.116.194.93 - - [30/Jan/2026:00:57:11 +0800] "GET /wp-content/plugins/dethemekit-for-elementor/includes/ext/sina/assets/css/letter/pater.css?ver=2.1.10 HTTP/1.1" 200 718 "https://nutritaste.com.au/" "Mozilla/5.0 (iPhone13,2; U; CPU iPhone OS 14_0 like Mac OS X) AppleWebKit/602.1.50 (KHTML, like Gecko) Version/10.0 Mobile/15E148 Safari/602.1"
34.116.194.93 - - [30/Jan/2026:00:57:11 +0800] "GET /wp-content/plugins/dethemekit-for-elementor/includes/ext/sina/assets/css/de_staggering/animate.css?ver=2.1.10 HTTP/1.1" 200 5949 "https://nutritaste.com.au/" "Mozilla/5.0 (iPhone13,2; U; CPU iPhone OS 14_0 like Mac OS X) AppleWebKit/602.1.50 (KHTML, like Gecko) Version/10.0 Mobile/15E148 Safari/602.1"
34.116.194.93 - - [30/Jan/2026:00:57:11 +0800] "GET /wp-content/plugins/dethemekit-for-elementor/includes/ext/sina/assets/css/de_staggering/de-staggering.css?ver=2.1.10 HTTP/1.1" 200 1874 "https://nutritaste.com.au/" "Mozilla/5.0 (iPhone13,2; U; CPU iPhone OS 14_0 like Mac OS X) AppleWebKit/602.1.50 (KHTML, like Gecko) Version/10.0 Mobile/15E148 Safari/602.1"
34.116.194.93 - - [30/Jan/2026:00:57:11 +0800] "GET /wp-content/plugins/jeg-elementor-kit/assets/css/elements/main.css?ver=3.0.1 HTTP/1.1" 200 24960 "https://nutritaste.com.au/" "Mozilla/5.0 (iPhone13,2; U; CPU iPhone OS 14_0 like Mac OS X) AppleWebKit/602.1.50 (KHTML, like Gecko) Version/10.0 Mobile/15E148 Safari/602.1"
34.116.194.93 - - [30/Jan/2026:00:57:11 +0800] "GET /wp-content/plugins/elementor/assets/css/frontend.min.css?ver=3.33.4 HTTP/1.1" 200 7190 "https://nutritaste.com.au/" "Mozilla/5.0 (iPhone13,2; U; CPU iPhone OS 14_0 like Mac OS X) AppleWebKit/602.1.50 (KHTML, like Gecko) Version/10.0 Mobile/15E148 Safari/602.1"
34.116.194.93 - - [30/Jan/2026:00:57:11 +0800] "GET /wp-content/uploads/elementor/css/post-195.css?ver=1765449559 HTTP/1.1" 200 1543 "https://nutritaste.com.au/" "Mozilla/5.0 (iPhone13,2; U; CPU iPhone OS 14_0 like Mac OS X) AppleWebKit/602.1.50 (KHTML, like Gecko) Version/10.0 Mobile/15E148 Safari/602.1"
34.116.194.93 - - [30/Jan/2026:00:57:11 +0800] "GET /wp-content/plugins/dethemekit-for-elementor/assets/css/de-sticky-frontend.css?ver=2.1.10 HTTP/1.1" 200 194 "https://nutritaste.com.au/" "Mozilla/5.0 (iPhone13,2; U; CPU iPhone OS 14_0 like Mac OS X) AppleWebKit/602.1.50 (KHTML, like Gecko) Version/10.0 Mobile/15E148 Safari/602.1"
34.116.194.93 - - [30/Jan/2026:00:57:11 +0800] "GET /wp-content/plugins/dethemekit-for-elementor/assets/css/de-product-display.css?ver=2.1.10 HTTP/1.1" 200 1093 "https://nutritaste.com.au/" "Mozilla/5.0 (iPhone13,2; U; CPU iPhone OS 14_0 like Mac OS X) AppleWebKit/602.1.50 (KHTML, like Gecko) Version/10.0 Mobile/15E148 Safari/602.1"
34.116.194.93 - - [30/Jan/2026:00:57:11 +0800] "GET /wp-content/plugins/elementor/assets/css/widget-spacer.min.css?ver=3.33.4 HTTP/1.1" 200 338 "https://nutritaste.com.au/" "Mozilla/5.0 (iPhone13,2; U; CPU iPhone OS 14_0 like Mac OS X) AppleWebKit/602.1.50 (KHTML, like Gecko) Version/10.0 Mobile/15E148 Safari/602.1"
34.116.194.93 - - [30/Jan/2026:00:57:12 +0800] "GET /wp-content/plugins/elementor/assets/css/widget-heading.min.css?ver=3.33.4 HTTP/1.1" 200 160 "https://nutritaste.com.au/" "Mozilla/5.0 (iPhone13,2; U; CPU iPhone OS 14_0 like Mac OS X) AppleWebKit/602.1.50 (KHTML, like Gecko) Version/10.0 Mobile/15E148 Safari/602.1"
