45.112.34.17 - - [21/Jan/2026:22:08:00 +0800] "GET /wp-content/plugins/dethemekit-for-elementor/assets/css/slick.css?ver=2.1.10 HTTP/1.1" 200 557 "https://nutritaste.com.au/" "Mozilla/5.0 (Windows NT 10.0; Win64; x64) AppleWebKit/537.36 (KHTML, like Gecko) Chrome/143.0.0.0 Safari/537.36"
45.112.34.17 - - [21/Jan/2026:22:08:01 +0800] "GET /wp-content/plugins/dethemekit-for-elementor/assets/css/dethemekit-widgets.css?ver=2.1.10 HTTP/1.1" 200 14002 "https://nutritaste.com.au/" "Mozilla/5.0 (Windows NT 10.0; Win64; x64) AppleWebKit/537.36 (KHTML, like Gecko) Chrome/143.0.0.0 Safari/537.36"
45.112.34.17 - - [21/Jan/2026:22:08:01 +0800] "GET /wp-content/plugins/dethemekit-for-elementor/assets/css/dethemekit-de-carousel.css?ver=2.1.10 HTTP/1.1" 200 358 "https://nutritaste.com.au/" "Mozilla/5.0 (Windows NT 10.0; Win64; x64) AppleWebKit/537.36 (KHTML, like Gecko) Chrome/143.0.0.0 Safari/537.36"
45.112.34.17 - - [21/Jan/2026:22:08:01 +0800] "GET /wp-content/plugins/elementor/assets/css/widget-icon-list.min.css?ver=3.33.4 HTTP/1.1" 200 1031 "https://nutritaste.com.au/" "Mozilla/5.0 (Windows NT 10.0; Win64; x64) AppleWebKit/537.36 (KHTML, like Gecko) Chrome/143.0.0.0 Safari/537.36"
45.112.34.17 - - [21/Jan/2026:22:08:02 +0800] "GET /wp-content/uploads/elementor/css/post-257.css?ver=1765449559 HTTP/1.1" 200 1299 "https://nutritaste.com.au/" "Mozilla/5.0 (Windows NT 10.0; Win64; x64) AppleWebKit/537.36 (KHTML, like Gecko) Chrome/143.0.0.0 Safari/537.36"
45.112.34.17 - - [21/Jan/2026:22:08:02 +0800] "GET /wp-content/uploads/elementor/css/post-262.css?ver=1765449559 HTTP/1.1" 200 1061 "https://nutritaste.com.au/" "Mozilla/5.0 (Windows NT 10.0; Win64; x64) AppleWebKit/537.36 (KHTML, like Gecko) Chrome/143.0.0.0 Safari/537.36"
45.112.34.17 - - [21/Jan/2026:22:08:02 +0800] "GET /wp-content/plugins/elementskit-lite/widgets/init/assets/css/widget-styles.css?ver=3.7.7 HTTP/1.1" 200 51956 "https://nutritaste.com.au/" "Mozilla/5.0 (Windows NT 10.0; Win64; x64) AppleWebKit/537.36 (KHTML, like Gecko) Chrome/143.0.0.0 Safari/537.36"
45.112.34.17 - - [21/Jan/2026:22:08:02 +0800] "GET /wp-content/plugins/elementskit-lite/widgets/init/assets/css/responsive.css?ver=3.7.7 HTTP/1.1" 200 3161 "https://nutritaste.com.au/" "Mozilla/5.0 (Windows NT 10.0; Win64; x64) AppleWebKit/537.36 (KHTML, like Gecko) Chrome/143.0.0.0 Safari/537.36"
45.112.34.17 - - [21/Jan/2026:22:08:02 +0800] "GET /wp-content/plugins/dethemekit-for-elementor/assets/css/de_loop/ecs-style.css?ver=2.1.10 HTTP/1.1" 200 1793 "https://nutritaste.com.au/" "Mozilla/5.0 (Windows NT 10.0; Win64; x64) AppleWebKit/537.36 (KHTML, like Gecko) Chrome/143.0.0.0 Safari/537.36"
45.112.34.17 - - [21/Jan/2026:22:08:02 +0800] "GET /wp-content/uploads/elementor/google-fonts/css/roboto.css?ver=1749610262 HTTP/1.1" 200 2868 "https://nutritaste.com.au/" "Mozilla/5.0 (Windows NT 10.0; Win64; x64) AppleWebKit/537.36 (KHTML, like Gecko) Chrome/143.0.0.0 Safari/537.36"
45.112.34.17 - - [21/Jan/2026:22:08:03 +0800] "GET /wp-content/uploads/elementor/google-fonts/css/robotocondensed.css?ver=1749610278 HTTP/1.1" 200 1333 "https://nutritaste.com.au/" "Mozilla/5.0 (Windows NT 10.0; Win64; x64) AppleWebKit/537.36 (KHTML, like Gecko) Chrome/143.0.0.0 Safari/537.36"
45.112.34.17 - - [21/Jan/2026:22:08:04 +0800] "GET /wp-content/uploads/elementor/google-fonts/css/publicsans.css?ver=1749610285 HTTP/1.1" 200 805 "https://nutritaste.com.au/" "Mozilla/5.0 (Windows NT 10.0; Win64; x64) AppleWebKit/537.36 (KHTML, like Gecko) Chrome/143.0.0.0 Safari/537.36"
45.112.34.17 - - [21/Jan/2026:22:08:04 +0800] "GET /wp-content/plugins/jeg-elementor-kit/assets/fonts/jkiticon/jkiticon.css?ver=3.0.1 HTTP/1.1" 200 21477 "https://nutritaste.com.au/" "Mozilla/5.0 (Windows NT 10.0; Win64; x64) AppleWebKit/537.36 (KHTML, like Gecko) Chrome/143.0.0.0 Safari/537.36"
45.112.34.17 - - [21/Jan/2026:22:08:05 +0800] "GET /wp-content/plugins/dethemekit-for-elementor/assets/js/jquery-1.12.4-wp.js?ver=6.9 HTTP/1.1" 200 33773 "https://nutritaste.com.au/" "Mozilla/5.0 (Windows NT 10.0; Win64; x64) AppleWebKit/537.36 (KHTML, like Gecko) Chrome/143.0.0.0 Safari/537.36"
45.112.34.17 - - [21/Jan/2026:22:08:07 +0800] "GET /wp-content/plugins/dethemekit-for-elementor/assets/js/jquery-migrate-1.4.1-wp.js?ver=6.9 HTTP/1.1" 200 7877 "https://nutritaste.com.au/" "Mozilla/5.0 (Windows NT 10.0; Win64; x64) AppleWebKit/537.36 (KHTML, like Gecko) Chrome/143.0.0.0 Safari/537.36"
45.112.34.17 - - [21/Jan/2026:22:08:07 +0800] "GET /wp-content/plugins/dethemekit-for-elementor/assets/js/de_loop/ecs_ajax_pagination.js?ver=2.1.10 HTTP/1.1" 200 1228 "https://nutritaste.com.au/" "Mozilla/5.0 (Windows NT 10.0; Win64; x64) AppleWebKit/537.36 (KHTML, like Gecko) Chrome/143.0.0.0 Safari/537.36"
45.112.34.17 - - [21/Jan/2026:22:08:07 +0800] "GET /wp-content/plugins/dethemekit-for-elementor/assets/js/de_loop/ecs.js?ver=2.1.10 HTTP/1.1" 200 167 "https://nutritaste.com.au/" "Mozilla/5.0 (Windows NT 10.0; Win64; x64) AppleWebKit/537.36 (KHTML, like Gecko) Chrome/143.0.0.0 Safari/537.36"
45.112.34.17 - - [21/Jan/2026:22:08:07 +0800] "GET /wp-content/uploads/2025/03/Complementary-food-and-nutrition-768x91.png HTTP/1.1" 200 17734 "https://nutritaste.com.au/" "Mozilla/5.0 (Windows NT 10.0; Win64; x64) AppleWebKit/537.36 (KHTML, like Gecko) Chrome/143.0.0.0 Safari/537.36"
45.112.34.17 - - [21/Jan/2026:22:08:08 +0800] "GET /wp-content/uploads/2025/02/NutriTaste-strap-v3.png HTTP/1.1" 200 29289 "https://nutritaste.com.au/" "Mozilla/5.0 (Windows NT 10.0; Win64; x64) AppleWebKit/537.36 (KHTML, like Gecko) Chrome/143.0.0.0 Safari/537.36"
45.112.34.17 - - [21/Jan/2026:22:08:10 +0800] "GET /wp-content/plugins/jeg-elementor-kit/lib/jeg-framework/assets/css/jeg-dynamic-styles.css?ver=1.3.0 HTTP/1.1" 200 - "https://nutritaste.com.au/" "Mozilla/5.0 (Windows NT 10.0; Win64; x64) AppleWebKit/537.36 (KHTML, like Gecko) Chrome/143.0.0.0 Safari/537.36"
45.112.34.17 - - [21/Jan/2026:22:08:10 +0800] "GET /wp-content/plugins/elementor/assets/lib/font-awesome/css/all.min.css?ver=2.1.10 HTTP/1.1" 200 12869 "https://nutritaste.com.au/" "Mozilla/5.0 (Windows NT 10.0; Win64; x64) AppleWebKit/537.36 (KHTML, like Gecko) Chrome/143.0.0.0 Safari/537.36"
45.112.34.17 - - [21/Jan/2026:22:08:11 +0800] "GET /wp-content/plugins/elementor/assets/lib/font-awesome/css/v4-shims.min.css?ver=3.33.4 HTTP/1.1" 200 4229 "https://nutritaste.com.au/" "Mozilla/5.0 (Windows NT 10.0; Win64; x64) AppleWebKit/537.36 (KHTML, like Gecko) Chrome/143.0.0.0 Safari/537.36"
45.112.34.17 - - [21/Jan/2026:22:08:11 +0800] "GET /wp-content/plugins/metform/public/assets/css/metform-ui.css?ver=4.0.8 HTTP/1.1" 200 15415 "https://nutritaste.com.au/" "Mozilla/5.0 (Windows NT 10.0; Win64; x64) AppleWebKit/537.36 (KHTML, like Gecko) Chrome/143.0.0.0 Safari/537.36"
45.112.34.17 - - [21/Jan/2026:22:08:07 +0800] "GET /wp-content/uploads/2025/03/NutriTaste-strap-v2-min-1536x372.png HTTP/1.1" 200 89640 "https://nutritaste.com.au/" "Mozilla/5.0 (Windows NT 10.0; Win64; x64) AppleWebKit/537.36 (KHTML, like Gecko) Chrome/143.0.0.0 Safari/537.36"
45.112.34.17 - - [21/Jan/2026:22:08:14 +0800] "GET /wp-content/plugins/metform/public/assets/css/style.css?ver=4.0.8 HTTP/1.1" 200 4944 "https://nutritaste.com.au/" "Mozilla/5.0 (Windows NT 10.0; Win64; x64) AppleWebKit/537.36 (KHTML, like Gecko) Chrome/143.0.0.0 Safari/537.36"
45.112.34.17 - - [21/Jan/2026:22:08:14 +0800] "GET /wp-content/uploads/elementor/css/post-328.css?ver=1765449563 HTTP/1.1" 200 3803 "https://nutritaste.com.au/" "Mozilla/5.0 (Windows NT 10.0; Win64; x64) AppleWebKit/537.36 (KHTML, like Gecko) Chrome/143.0.0.0 Safari/537.36"
45.112.34.17 - - [21/Jan/2026:22:08:07 +0800] "GET /wp-content/uploads/2025/03/FN-Brochure-Update-February-2024-cover_Page_1-min.jpg HTTP/1.1" 200 203920 "https://nutritaste.com.au/" "Mozilla/5.0 (Windows NT 10.0; Win64; x64) AppleWebKit/537.36 (KHTML, like Gecko) Chrome/143.0.0.0 Safari/537.36"
45.112.34.17 - - [21/Jan/2026:22:08:15 +0800] "GET /wp-content/plugins/elementskit-lite/modules/elementskit-icon-pack/assets/css/ekiticons.css?ver=3.7.7 HTTP/1.1" 200 10919 "https://nutritaste.com.au/" "Mozilla/5.0 (Windows NT 10.0; Win64; x64) AppleWebKit/537.36 (KHTML, like Gecko) Chrome/143.0.0.0 Safari/537.36"
45.112.34.17 - - [21/Jan/2026:22:08:15 +0800] "GET /wp-content/uploads/elementor/google-fonts/css/ibmplexsans.css?ver=1749610296 HTTP/1.1" 200 1157 "https://nutritaste.com.au/" "Mozilla/5.0 (Windows NT 10.0; Win64; x64) AppleWebKit/537.36 (KHTML, like Gecko) Chrome/143.0.0.0 Safari/537.36"
45.112.34.17 - - [21/Jan/2026:22:08:15 +0800] "GET /wp-content/plugins/elementor/assets/js/webpack.runtime.min.js?ver=3.33.4 HTTP/1.1" 200 2482 "https://nutritaste.com.au/" "Mozilla/5.0 (Windows NT 10.0; Win64; x64) AppleWebKit/537.36 (KHTML, like Gecko) Chrome/143.0.0.0 Safari/537.36"
45.112.34.17 - - [21/Jan/2026:22:08:15 +0800] "GET /wp-content/plugins/elementor/assets/js/frontend-modules.min.js?ver=3.33.4 HTTP/1.1" 200 25268 "https://nutritaste.com.au/" "Mozilla/5.0 (Windows NT 10.0; Win64; x64) AppleWebKit/537.36 (KHTML, like Gecko) Chrome/143.0.0.0 Safari/537.36"
45.112.34.17 - - [21/Jan/2026:22:08:16 +0800] "GET /wp-includes/js/jquery/ui/core.min.js?ver=1.13.3 HTTP/1.1" 200 7106 "https://nutritaste.com.au/" "Mozilla/5.0 (Windows NT 10.0; Win64; x64) AppleWebKit/537.36 (KHTML, like Gecko) Chrome/143.0.0.0 Safari/537.36"
45.112.34.17 - - [21/Jan/2026:22:08:16 +0800] "GET /wp-content/plugins/elementor/assets/js/frontend.min.js?ver=3.33.4 HTTP/1.1" 200 10325 "https://nutritaste.com.au/" "Mozilla/5.0 (Windows NT 10.0; Win64; x64) AppleWebKit/537.36 (KHTML, like Gecko) Chrome/143.0.0.0 Safari/537.36"
45.112.34.17 - - [21/Jan/2026:22:08:17 +0800] "GET /wp-content/plugins/metform/public/assets/lib/cute-alert/cute-alert.js?ver=4.0.8 HTTP/1.1" 200 1177 "https://nutritaste.com.au/" "Mozilla/5.0 (Windows NT 10.0; Win64; x64) AppleWebKit/537.36 (KHTML, like Gecko) Chrome/143.0.0.0 Safari/537.36"
45.112.34.17 - - [21/Jan/2026:22:08:17 +0800] "GET /wp-content/themes/hello-elementor/assets/js/hello-frontend.js?ver=3.4.5 HTTP/1.1" 200 549 "https://nutritaste.com.au/" "Mozilla/5.0 (Windows NT 10.0; Win64; x64) AppleWebKit/537.36 (KHTML, like Gecko) Chrome/143.0.0.0 Safari/537.36"
45.112.34.17 - - [21/Jan/2026:22:08:18 +0800] "GET /wp-content/plugins/elementskit-lite/libs/framework/assets/js/frontend-script.js?ver=3.7.7 HTTP/1.1" 200 40 "https://nutritaste.com.au/" "Mozilla/5.0 (Windows NT 10.0; Win64; x64) AppleWebKit/537.36 (KHTML, like Gecko) Chrome/143.0.0.0 Safari/537.36"
45.112.34.17 - - [21/Jan/2026:22:08:18 +0800] "GET /wp-content/plugins/elementskit-lite/widgets/init/assets/js/widget-scripts.js?ver=3.7.7 HTTP/1.1" 200 41596 "https://nutritaste.com.au/" "Mozilla/5.0 (Windows NT 10.0; Win64; x64) AppleWebKit/537.36 (KHTML, like Gecko) Chrome/143.0.0.0 Safari/537.36"
45.112.34.17 - - [21/Jan/2026:22:08:18 +0800] "GET /wp-content/plugins/elementor/assets/lib/font-awesome/js/v4-shims.min.js?ver=3.33.4 HTTP/1.1" 200 4209 "https://nutritaste.com.au/" "Mozilla/5.0 (Windows NT 10.0; Win64; x64) AppleWebKit/537.36 (KHTML, like Gecko) Chrome/143.0.0.0 Safari/537.36"
45.112.34.17 - - [21/Jan/2026:22:08:18 +0800] "GET /wp-content/plugins/jeg-elementor-kit/assets/js/elements/sticky-element.js?ver=3.0.1 HTTP/1.1" 200 1573 "https://nutritaste.com.au/" "Mozilla/5.0 (Windows NT 10.0; Win64; x64) AppleWebKit/537.36 (KHTML, like Gecko) Chrome/143.0.0.0 Safari/537.36"
45.112.34.17 - - [21/Jan/2026:22:08:18 +0800] "GET /wp-content/plugins/metform/public/assets/js/htm.js?ver=4.0.8 HTTP/1.1" 200 675 "https://nutritaste.com.au/" "Mozilla/5.0 (Windows NT 10.0; Win64; x64) AppleWebKit/537.36 (KHTML, like Gecko) Chrome/143.0.0.0 Safari/537.36"
45.112.34.17 - - [21/Jan/2026:22:08:18 +0800] "GET /wp-includes/js/dist/vendor/react.min.js?ver=18.3.1.1 HTTP/1.1" 200 4165 "https://nutritaste.com.au/" "Mozilla/5.0 (Windows NT 10.0; Win64; x64) AppleWebKit/537.36 (KHTML, like Gecko) Chrome/143.0.0.0 Safari/537.36"
45.112.34.17 - - [21/Jan/2026:22:08:19 +0800] "GET /wp-includes/js/dist/vendor/react-dom.min.js?ver=18.3.1.1 HTTP/1.1" 200 41888 "https://nutritaste.com.au/" "Mozilla/5.0 (Windows NT 10.0; Win64; x64) AppleWebKit/537.36 (KHTML, like Gecko) Chrome/143.0.0.0 Safari/537.36"
45.112.34.17 - - [21/Jan/2026:22:08:19 +0800] "GET /wp-includes/js/dist/escape-html.min.js?ver=6561a406d2d232a6fbd2 HTTP/1.1" 200 532 "https://nutritaste.com.au/" "Mozilla/5.0 (Windows NT 10.0; Win64; x64) AppleWebKit/537.36 (KHTML, like Gecko) Chrome/143.0.0.0 Safari/537.36"
45.112.34.17 - - [21/Jan/2026:22:08:19 +0800] "GET /wp-includes/js/dist/element.min.js?ver=6a582b0c827fa25df3dd HTTP/1.1" 200 4993 "https://nutritaste.com.au/" "Mozilla/5.0 (Windows NT 10.0; Win64; x64) AppleWebKit/537.36 (KHTML, like Gecko) Chrome/143.0.0.0 Safari/537.36"
45.112.34.17 - - [21/Jan/2026:22:08:21 +0800] "GET /wp-content/plugins/metform/public/assets/js/recaptcha-support.js?ver=4.0.8 HTTP/1.1" 200 135 "https://nutritaste.com.au/" "Mozilla/5.0 (Windows NT 10.0; Win64; x64) AppleWebKit/537.36 (KHTML, like Gecko) Chrome/143.0.0.0 Safari/537.36"
45.112.34.17 - - [21/Jan/2026:22:08:22 +0800] "GET /wp-content/plugins/dethemekit-for-elementor/assets/js/lib/ResizeSensor.min.js?ver=1.7.0 HTTP/1.1" 200 937 "https://nutritaste.com.au/" "Mozilla/5.0 (Windows NT 10.0; Win64; x64) AppleWebKit/537.36 (KHTML, like Gecko) Chrome/143.0.0.0 Safari/537.36"
45.112.34.17 - - [21/Jan/2026:22:08:22 +0800] "GET /wp-content/plugins/dethemekit-for-elementor/assets/js/lib/sticky-sidebar/sticky-sidebar.min.js?ver=3.3.1 HTTP/1.1" 200 3493 "https://nutritaste.com.au/" "Mozilla/5.0 (Windows NT 10.0; Win64; x64) AppleWebKit/537.36 (KHTML, like Gecko) Chrome/143.0.0.0 Safari/537.36"
45.112.34.17 - - [21/Jan/2026:22:08:22 +0800] "GET /wp-content/plugins/elementor-pro/assets/js/webpack-pro.runtime.min.js?ver=3.33.2 HTTP/1.1" 200 2856 "https://nutritaste.com.au/" "Mozilla/5.0 (Windows NT 10.0; Win64; x64) AppleWebKit/537.36 (KHTML, like Gecko) Chrome/143.0.0.0 Safari/537.36"
45.112.34.17 - - [21/Jan/2026:22:08:23 +0800] "GET /wp-includes/js/dist/hooks.min.js?ver=dd5603f07f9220ed27f1 HTTP/1.1" 200 1941 "https://nutritaste.com.au/" "Mozilla/5.0 (Windows NT 10.0; Win64; x64) AppleWebKit/537.36 (KHTML, like Gecko) Chrome/143.0.0.0 Safari/537.36"
45.112.34.17 - - [21/Jan/2026:22:08:23 +0800] "GET /wp-includes/js/dist/i18n.min.js?ver=c26c3dc7bed366793375 HTTP/1.1" 200 2229 "https://nutritaste.com.au/" "Mozilla/5.0 (Windows NT 10.0; Win64; x64) AppleWebKit/537.36 (KHTML, like Gecko) Chrome/143.0.0.0 Safari/537.36"
45.112.34.17 - - [21/Jan/2026:22:08:23 +0800] "GET /wp-content/plugins/elementor-pro/assets/js/frontend.min.js?ver=3.33.2 HTTP/1.1" 200 6434 "https://nutritaste.com.au/" "Mozilla/5.0 (Windows NT 10.0; Win64; x64) AppleWebKit/537.36 (KHTML, like Gecko) Chrome/143.0.0.0 Safari/537.36"
45.112.34.17 - - [21/Jan/2026:22:08:24 +0800] "GET /wp-content/plugins/elementor-pro/assets/js/elements-handlers.min.js?ver=3.33.2 HTTP/1.1" 200 10568 "https://nutritaste.com.au/" "Mozilla/5.0 (Windows NT 10.0; Win64; x64) AppleWebKit/537.36 (KHTML, like Gecko) Chrome/143.0.0.0 Safari/537.36"
45.112.34.17 - - [21/Jan/2026:22:08:24 +0800] "GET /wp-content/plugins/metform-pro/public/assets/js/repeater.js?ver=3.9.1 HTTP/1.1" 200 1369 "https://nutritaste.com.au/" "Mozilla/5.0 (Windows NT 10.0; Win64; x64) AppleWebKit/537.36 (KHTML, like Gecko) Chrome/143.0.0.0 Safari/537.36"
45.112.34.17 - - [21/Jan/2026:22:08:24 +0800] "GET /wp-content/plugins/dethemekit-for-elementor/assets/js/de-sticky-frontend.js?ver=2.1.10 HTTP/1.1" 200 2077 "https://nutritaste.com.au/" "Mozilla/5.0 (Windows NT 10.0; Win64; x64) AppleWebKit/537.36 (KHTML, like Gecko) Chrome/143.0.0.0 Safari/537.36"
45.112.34.17 - - [21/Jan/2026:22:08:26 +0800] "GET /wp-content/plugins/elementskit-lite/widgets/init/assets/js/animate-circle.min.js?ver=3.7.7 HTTP/1.1" 200 451 "https://nutritaste.com.au/" "Mozilla/5.0 (Windows NT 10.0; Win64; x64) AppleWebKit/537.36 (KHTML, like Gecko) Chrome/143.0.0.0 Safari/537.36"
45.112.34.17 - - [21/Jan/2026:22:08:26 +0800] "GET /wp-content/plugins/elementskit-lite/widgets/init/assets/js/elementor.js?ver=3.7.7 HTTP/1.1" 200 5998 "https://nutritaste.com.au/" "Mozilla/5.0 (Windows NT 10.0; Win64; x64) AppleWebKit/537.36 (KHTML, like Gecko) Chrome/143.0.0.0 Safari/537.36"
45.112.34.17 - - [21/Jan/2026:22:08:25 +0800] "GET /wp-content/plugins/dethemekit-for-elementor/assets/js/de-active-icon-box.js?ver=2.1.10 HTTP/1.1" 200 751 "https://nutritaste.com.au/" "Mozilla/5.0 (Windows NT 10.0; Win64; x64) AppleWebKit/537.36 (KHTML, like Gecko) Chrome/143.0.0.0 Safari/537.36"
45.112.34.17 - - [21/Jan/2026:22:08:26 +0800] "GET /wp-content/plugins/dethemekit-for-elementor/assets/js/de-active-column.js?ver=2.1.10 HTTP/1.1" 200 812 "https://nutritaste.com.au/" "Mozilla/5.0 (Windows NT 10.0; Win64; x64) AppleWebKit/537.36 (KHTML, like Gecko) Chrome/143.0.0.0 Safari/537.36"
45.112.34.17 - - [21/Jan/2026:22:08:26 +0800] "GET /wp-content/plugins/dethemekit-for-elementor/includes/ext/sina/assets/js/anime.min.js?ver=6.9 HTTP/1.1" 200 7133 "https://nutritaste.com.au/" "Mozilla/5.0 (Windows NT 10.0; Win64; x64) AppleWebKit/537.36 (KHTML, like Gecko) Chrome/143.0.0.0 Safari/537.36"
45.112.34.17 - - [21/Jan/2026:22:08:21 +0800] "GET /wp-content/plugins/metform/public/assets/js/app.js?ver=4.0.8 HTTP/1.1" 200 161184 "https://nutritaste.com.au/" "Mozilla/5.0 (Windows NT 10.0; Win64; x64) AppleWebKit/537.36 (KHTML, like Gecko) Chrome/143.0.0.0 Safari/537.36"
45.112.34.17 - - [21/Jan/2026:22:08:27 +0800] "GET /wp-content/plugins/dethemekit-for-elementor/includes/ext/sina/assets/js/scrollMonitor.js?ver=6.9 HTTP/1.1" 200 2547 "https://nutritaste.com.au/" "Mozilla/5.0 (Windows NT 10.0; Win64; x64) AppleWebKit/537.36 (KHTML, like Gecko) Chrome/143.0.0.0 Safari/537.36"
45.112.34.17 - - [21/Jan/2026:22:08:27 +0800] "GET /wp-content/plugins/dethemekit-for-elementor/includes/ext/sina/assets/js/de_scroll_animation.preview.js?ver=6.9 HTTP/1.1" 200 2989 "https://nutritaste.com.au/" "Mozilla/5.0 (Windows NT 10.0; Win64; x64) AppleWebKit/537.36 (KHTML, like Gecko) Chrome/143.0.0.0 Safari/537.36"
45.112.34.17 - - [21/Jan/2026:22:08:27 +0800] "GET /wp-content/plugins/dethemekit-for-elementor/includes/ext/sina/assets/js/intersectionobserver.js?ver=6.9 HTTP/1.1" 200 6555 "https://nutritaste.com.au/" "Mozilla/5.0 (Windows NT 10.0; Win64; x64) AppleWebKit/537.36 (KHTML, like Gecko) Chrome/143.0.0.0 Safari/537.36"
45.112.34.17 - - [21/Jan/2026:22:08:28 +0800] "GET /wp-content/plugins/dethemekit-for-elementor/includes/ext/sina/assets/js/letter/charming.min.js?ver=6.9 HTTP/1.1" 200 354 "https://nutritaste.com.au/" "Mozilla/5.0 (Windows NT 10.0; Win64; x64) AppleWebKit/537.36 (KHTML, like Gecko) Chrome/143.0.0.0 Safari/537.36"
45.112.34.17 - - [21/Jan/2026:22:08:28 +0800] "GET /wp-content/uploads/elementor/google-fonts/fonts/roboto-kfo7cnqeu92fr1me7ksn66agldtyluama3yuba.woff2 HTTP/1.1" 200 40156 "https://nutritaste.com.au/wp-content/uploads/elementor/google-fonts/css/roboto.css?ver=1749610262" "Mozilla/5.0 (Windows NT 10.0; Win64; x64) AppleWebKit/537.36 (KHTML, like Gecko) Chrome/143.0.0.0 Safari/537.36"
45.112.34.17 - - [21/Jan/2026:22:08:28 +0800] "GET /wp-content/uploads/elementor/google-fonts/fonts/publicsans-ijwrs572xtc6zyqws9yvwnngfj4.woff2 HTTP/1.1" 200 26855 "https://nutritaste.com.au/wp-content/uploads/elementor/google-fonts/css/publicsans.css?ver=1749610285" "Mozilla/5.0 (Windows NT 10.0; Win64; x64) AppleWebKit/537.36 (KHTML, like Gecko) Chrome/143.0.0.0 Safari/537.36"
45.112.34.17 - - [21/Jan/2026:22:08:29 +0800] "GET /wp-content/uploads/elementor/google-fonts/fonts/robotocondensed-ievl2zhzi2ecn5jzbjeets9weq8-19k7dq.woff2 HTTP/1.1" 200 51440 "https://nutritaste.com.au/wp-content/uploads/elementor/google-fonts/css/robotocondensed.css?ver=1749610278" "Mozilla/5.0 (Windows NT 10.0; Win64; x64) AppleWebKit/537.36 (KHTML, like Gecko) Chrome/143.0.0.0 Safari/537.36"
45.112.34.17 - - [21/Jan/2026:22:08:30 +0800] "GET /wp-content/plugins/dethemekit-for-elementor/includes/ext/sina/assets/js/letter/lineMaker.js?ver=6.9 HTTP/1.1" 200 2517 "https://nutritaste.com.au/" "Mozilla/5.0 (Windows NT 10.0; Win64; x64) AppleWebKit/537.36 (KHTML, like Gecko) Chrome/143.0.0.0 Safari/537.36"
45.112.34.17 - - [21/Jan/2026:22:08:30 +0800] "GET /wp-content/plugins/dethemekit-for-elementor/includes/ext/sina/assets/js/letter/imagesloaded.pkgd.min.js?ver=6.9 HTTP/1.1" 200 1765 "https://nutritaste.com.au/" "Mozilla/5.0 (Windows NT 10.0; Win64; x64) AppleWebKit/537.36 (KHTML, like Gecko) Chrome/143.0.0.0 Safari/537.36"
45.112.34.17 - - [21/Jan/2026:22:08:30 +0800] "GET /wp-content/plugins/dethemekit-for-elementor/includes/ext/sina/assets/js/letter/textfx.js?ver=6.9 HTTP/1.1" 200 2393 "https://nutritaste.com.au/" "Mozilla/5.0 (Windows NT 10.0; Win64; x64) AppleWebKit/537.36 (KHTML, like Gecko) Chrome/143.0.0.0 Safari/537.36"
45.112.34.17 - - [21/Jan/2026:22:08:30 +0800] "GET /wp-content/plugins/dethemekit-for-elementor/includes/ext/sina/assets/js/main.js?ver=6.9 HTTP/1.1" 200 2292 "https://nutritaste.com.au/" "Mozilla/5.0 (Windows NT 10.0; Win64; x64) AppleWebKit/537.36 (KHTML, like Gecko) Chrome/143.0.0.0 Safari/537.36"
45.112.34.17 - - [21/Jan/2026:22:08:31 +0800] "GET /wp-content/plugins/dethemekit-for-elementor/includes/ext/sina/assets/js/de_reveal_animation.preview.js?ver=6.9 HTTP/1.1" 200 7133 "https://nutritaste.com.au/" "Mozilla/5.0 (Windows NT 10.0; Win64; x64) AppleWebKit/537.36 (KHTML, like Gecko) Chrome/143.0.0.0 Safari/537.36"
45.112.34.17 - - [21/Jan/2026:22:08:31 +0800] "GET /wp-content/plugins/dethemekit-for-elementor/includes/ext/sina/assets/js/de_staggering/de_staggering.js?ver=6.9 HTTP/1.1" 200 2626 "https://nutritaste.com.au/" "Mozilla/5.0 (Windows NT 10.0; Win64; x64) AppleWebKit/537.36 (KHTML, like Gecko) Chrome/143.0.0.0 Safari/537.36"
45.112.34.17 - - [21/Jan/2026:22:08:29 +0800] "GET /wp-content/plugins/jeg-elementor-kit/assets/fonts/jkiticon/jkiticon.woff2?bv8d8l HTTP/1.1" 200 400162 "https://nutritaste.com.au/wp-content/plugins/jeg-elementor-kit/assets/fonts/jkiticon/jkiticon.css?ver=3.0.1" "Mozilla/5.0 (Windows NT 10.0; Win64; x64) AppleWebKit/537.36 (KHTML, like Gecko) Chrome/143.0.0.0 Safari/537.36"
45.112.34.17 - - [21/Jan/2026:22:08:32 +0800] "GET /wp-content/uploads/2025/03/cropped-NutriTaste-favicon2-32x32.png HTTP/1.1" 200 1243 "https://nutritaste.com.au/" "Mozilla/5.0 (Windows NT 10.0; Win64; x64) AppleWebKit/537.36 (KHTML, like Gecko) Chrome/143.0.0.0 Safari/537.36"
45.112.34.17 - - [21/Jan/2026:22:08:32 +0800] "GET /wp-content/uploads/elementor/google-fonts/fonts/ibmplexsans-zyxzkvelmyyaje8bplhncwdkr932-g7dytd-dmu1syxekyy.woff2 HTTP/1.1" 200 45594 "https://nutritaste.com.au/wp-content/uploads/elementor/google-fonts/css/ibmplexsans.css?ver=1749610296" "Mozilla/5.0 (Windows NT 10.0; Win64; x64) AppleWebKit/537.36 (KHTML, like Gecko) Chrome/143.0.0.0 Safari/537.36"
45.112.34.17 - - [21/Jan/2026:22:08:33 +0800] "GET /wp-content/uploads/elementor/google-fonts/fonts/roboto-kfo5cnqeu92fr1mu53zec9_vu3r1gihoszmkbnka.woff2 HTTP/1.1" 200 44220 "https://nutritaste.com.au/wp-content/uploads/elementor/google-fonts/css/roboto.css?ver=1749610262" "Mozilla/5.0 (Windows NT 10.0; Win64; x64) AppleWebKit/537.36 (KHTML, like Gecko) Chrome/143.0.0.0 Safari/537.36"
45.112.34.17 - - [21/Jan/2026:22:08:33 +0800] "GET /wp-content/plugins/wp-rocket/assets/js/wpr-beacon.min.js HTTP/1.1" 200 8097 "https://nutritaste.com.au/" "Mozilla/5.0 (Windows NT 10.0; Win64; x64) AppleWebKit/537.36 (KHTML, like Gecko) Chrome/143.0.0.0 Safari/537.36"
45.112.34.17 - - [21/Jan/2026:22:08:33 +0800] "GET /wp-content/uploads/2025/02/19366-1.jpg HTTP/1.1" 200 142700 "https://nutritaste.com.au/wp-content/uploads/elementor/css/post-240.css?ver=1765449559" "Mozilla/5.0 (Windows NT 10.0; Win64; x64) AppleWebKit/537.36 (KHTML, like Gecko) Chrome/143.0.0.0 Safari/537.36"
103.4.122.14 - - [21/Jan/2026:22:08:34 +0800] "POST /wp-cron.php?doing_wp_cron=1769004514.2744429111480712890625 HTTP/1.1" 200 - "-" "WordPress/6.9; https://nutritaste.com.au"
45.112.34.17 - - [21/Jan/2026:22:08:32 +0800] "POST /wp-json/metform/v1/forms/views/328 HTTP/1.1" 403 100 "https://nutritaste.com.au/" "Mozilla/5.0 (Windows NT 10.0; Win64; x64) AppleWebKit/537.36 (KHTML, like Gecko) Chrome/143.0.0.0 Safari/537.36"
45.112.34.17 - - [21/Jan/2026:22:08:35 +0800] "GET /wp-content/plugins/elementor/assets/js/section-frontend-handlers.d85ab872da118940910d.bundle.min.js HTTP/1.1" 200 269 "https://nutritaste.com.au/" "Mozilla/5.0 (Windows NT 10.0; Win64; x64) AppleWebKit/537.36 (KHTML, like Gecko) Chrome/143.0.0.0 Safari/537.36"
45.112.34.17 - - [21/Jan/2026:22:08:36 +0800] "GET /wp-content/plugins/elementor/assets/js/shared-frontend-handlers.03caa53373b56d3bab67.bundle.min.js HTTP/1.1" 200 2644 "https://nutritaste.com.au/" "Mozilla/5.0 (Windows NT 10.0; Win64; x64) AppleWebKit/537.36 (KHTML, like Gecko) Chrome/143.0.0.0 Safari/537.36"
45.112.34.17 - - [21/Jan/2026:22:08:36 +0800] "GET /wp-content/plugins/elementor/assets/js/text-editor.45609661e409413f1cef.bundle.min.js HTTP/1.1" 200 648 "https://nutritaste.com.au/" "Mozilla/5.0 (Windows NT 10.0; Win64; x64) AppleWebKit/537.36 (KHTML, like Gecko) Chrome/143.0.0.0 Safari/537.36"
45.112.34.17 - - [21/Jan/2026:22:08:36 +0800] "GET /wp-includes/js/wp-emoji-release.min.js?ver=6.9 HTTP/1.1" 200 5375 "https://nutritaste.com.au/" "Mozilla/5.0 (Windows NT 10.0; Win64; x64) AppleWebKit/537.36 (KHTML, like Gecko) Chrome/143.0.0.0 Safari/537.36"
103.4.122.14 - - [21/Jan/2026:22:29:00 +0800] "POST /wp-cron.php?doing_wp_cron=1769005740.6987249851226806640625 HTTP/1.1" 200 - "-" "WordPress/6.9; https://nutritaste.com.au"
37.221.67.148 - - [21/Jan/2026:22:28:57 +0800] "POST /wp-login.php HTTP/1.1" 503 7315 "-" "Mozilla/5.0 (Windows NT 10.0; Win64; x64; rv:74.0) Gecko/20100101 Firefox/74.0"
51.158.243.59 - - [21/Jan/2026:23:18:07 +0800] "GET / HTTP/1.1" 200 16952 "-" "Mozilla/5.0 (Windows NT 10.0; Win64; x64) AppleWebKit/537.36 (KHTML, like Gecko) Chrome/107.0.5304.122 Safari/537.36"
103.4.122.14 - - [21/Jan/2026:23:49:52 +0800] "POST /wp-cron.php?doing_wp_cron=1769010592.0493440628051757812500 HTTP/1.1" 200 - "-" "WordPress/6.9; https://nutritaste.com.au"
178.62.32.109 - - [21/Jan/2026:23:49:47 +0800] "POST /wp-login.php HTTP/1.1" 503 7317 "-" "Mozilla/5.0 (Windows NT 10.0; Win64; x64; rv:73.0) Gecko/20100101 Firefox/73.0"
103.4.122.14 - - [21/Jan/2026:23:50:14 +0800] "POST /wp-cron.php?doing_wp_cron=1769010614.2319080829620361328125 HTTP/1.1" 200 - "-" "WordPress/6.9; https://nutritaste.com.au"
103.4.122.14 - - [21/Jan/2026:23:50:12 +0800] "POST /wp-admin/admin-ajax.php HTTP/1.1" 200 21 "-" "WordPress/6.9; https://nutritaste.com.au"
103.4.122.14 - - [21/Jan/2026:23:58:32 +0800] "POST /wp-cron.php?doing_wp_cron=1769011112.1432180404663085937500 HTTP/1.1" 200 - "-" "WordPress/6.9; https://nutritaste.com.au"
66.249.79.235 - - [21/Jan/2026:23:58:30 +0800] "GET /robots.txt HTTP/1.1" 200 69 "-" "Mozilla/5.0 (compatible; Googlebot/2.1; +http://www.google.com/bot.html)"
103.4.122.14 - - [22/Jan/2026:00:54:05 +0800] "POST /wp-cron.php?doing_wp_cron=1769014445.1082210540771484375000 HTTP/1.1" 200 - "-" "WordPress/6.9; https://nutritaste.com.au"
148.113.180.195 - - [22/Jan/2026:00:54:01 +0800] "POST /wp-login.php HTTP/1.1" 503 7316 "-" "Mozilla/5.0 (Windows NT 10.0; Win64; x64; rv:93.0) Gecko/20100101 Firefox/93.0"
103.4.122.14 - - [22/Jan/2026:00:54:10 +0800] "POST /wp-cron.php?doing_wp_cron=1769014450.9649519920349121093750 HTTP/1.1" 200 - "-" "WordPress/6.9; https://nutritaste.com.au"
103.4.122.14 - - [22/Jan/2026:00:54:09 +0800] "POST /wp-admin/admin-ajax.php HTTP/1.1" 200 21 "-" "WordPress/6.9; https://nutritaste.com.au"
103.4.122.14 - - [22/Jan/2026:02:06:24 +0800] "POST /wp-cron.php?doing_wp_cron=1769018784.6774780750274658203125 HTTP/1.1" 200 - "-" "WordPress/6.9; https://nutritaste.com.au"
35.187.115.6 - - [22/Jan/2026:02:06:20 +0800] "POST /wp-login.php HTTP/1.1" 503 7316 "-" "Mozilla/5.0 (Windows NT 10.0; Win64; x64; rv:77.0) Gecko/20100101 Firefox/77.0"
103.4.122.14 - - [22/Jan/2026:03:12:39 +0800] "POST /wp-cron.php?doing_wp_cron=1769022759.7958040237426757812500 HTTP/1.1" 200 - "-" "WordPress/6.9; https://nutritaste.com.au"
46.249.40.9 - - [22/Jan/2026:03:12:36 +0800] "POST /wp-login.php HTTP/1.1" 503 7316 "-" "Mozilla/5.0 (Windows NT 10.0; Win64; x64; rv:70.0) Gecko/20100101 Firefox/70.0"
103.4.122.14 - - [22/Jan/2026:03:12:44 +0800] "POST /wp-cron.php?doing_wp_cron=1769022764.3741359710693359375000 HTTP/1.1" 200 - "-" "WordPress/6.9; https://nutritaste.com.au"
103.4.122.14 - - [22/Jan/2026:03:12:42 +0800] "POST /wp-admin/admin-ajax.php HTTP/1.1" 200 21 "-" "WordPress/6.9; https://nutritaste.com.au"
103.4.122.14 - - [22/Jan/2026:04:23:03 +0800] "POST /wp-cron.php?doing_wp_cron=1769026983.7763450145721435546875 HTTP/1.1" 200 - "-" "WordPress/6.9; https://nutritaste.com.au"
123.31.41.118 - - [22/Jan/2026:04:22:59 +0800] "POST /wp-login.php HTTP/1.1" 503 7316 "-" "Mozilla/5.0 (Windows NT 10.0; Win64; x64; rv:61.0) Gecko/20100101 Firefox/61.0"
103.4.122.14 - - [22/Jan/2026:04:25:18 +0800] "POST /wp-cron.php?doing_wp_cron=1769027118.5209949016571044921875 HTTP/1.1" 200 - "-" "WordPress/6.9; https://nutritaste.com.au"
54.74.194.173 - - [22/Jan/2026:04:25:14 +0800] "POST /wp-login.php HTTP/1.1" 503 7316 "-" "Mozilla/5.0 (Windows NT 10.0; Win64; x64; rv:100.0) Gecko/20100101 Firefox/100.0"
103.4.122.14 - - [22/Jan/2026:04:25:22 +0800] "POST /wp-cron.php?doing_wp_cron=1769027122.7689490318298339843750 HTTP/1.1" 200 - "-" "WordPress/6.9; https://nutritaste.com.au"
103.4.122.14 - - [22/Jan/2026:04:25:20 +0800] "POST /wp-admin/admin-ajax.php HTTP/1.1" 200 21 "-" "WordPress/6.9; https://nutritaste.com.au"
103.4.122.14 - - [22/Jan/2026:05:19:24 +0800] "POST /wp-cron.php?doing_wp_cron=1769030364.5977759361267089843750 HTTP/1.1" 200 - "-" "WordPress/6.9; https://nutritaste.com.au"
113.108.13.120 - - [22/Jan/2026:05:19:22 +0800] "GET /wp-json/wp/v2/posts HTTP/1.0" 200 22 "-" "Mozilla/5.0 (Windows NT 10.0; Win64; x64) AppleWebKit/537.36 (KHTML, like Gecko) Chrome/120.0.0.0 Safari/537.36"
103.4.122.14 - - [22/Jan/2026:05:28:16 +0800] "POST /wp-cron.php?doing_wp_cron=1769030896.5646660327911376953125 HTTP/1.1" 200 - "-" "WordPress/6.9; https://nutritaste.com.au"
104.236.197.157 - - [22/Jan/2026:05:28:13 +0800] "POST /wp-login.php HTTP/1.1" 503 7316 "-" "Mozilla/5.0 (Windows NT 10.0; Win64; x64; rv:73.0) Gecko/20100101 Firefox/73.0"
103.4.122.14 - - [22/Jan/2026:05:28:20 +0800] "POST /wp-cron.php?doing_wp_cron=1769030900.6300990581512451171875 HTTP/1.1" 200 - "-" "WordPress/6.9; https://nutritaste.com.au"
103.4.122.14 - - [22/Jan/2026:05:28:18 +0800] "POST /wp-admin/admin-ajax.php HTTP/1.1" 200 21 "-" "WordPress/6.9; https://nutritaste.com.au"
103.4.122.14 - - [22/Jan/2026:05:57:40 +0800] "POST /wp-cron.php?doing_wp_cron=1769032660.9334630966186523437500 HTTP/1.1" 200 - "-" "WordPress/6.9; https://nutritaste.com.au"
51.89.25.52 - - [22/Jan/2026:05:57:27 +0800] "GET /images/images/cache.php HTTP/1.1" 404 52577 "-" "Mozilla/5.0 (Windows NT 10.0; Win64; x64) AppleWebKit/537.36 (KHTML, like Gecko) Chrome/127.0.0.0 Safari/537.36"
103.4.122.14 - - [22/Jan/2026:06:03:44 +0800] "POST /wp-cron.php?doing_wp_cron=1769033024.0587589740753173828125 HTTP/1.1" 200 - "-" "WordPress/6.9; https://nutritaste.com.au"
138.91.159.185 - - [22/Jan/2026:06:03:42 +0800] "GET /wp-json/wp/v2/posts HTTP/1.1" 200 22 "-" "Mozilla/5.0 (Windows NT 10.0; Win64; x64) AppleWebKit/537.36 (KHTML, like Gecko) Chrome/120.0.0.0 Safari/537.36"
103.4.122.14 - - [22/Jan/2026:06:34:38 +0800] "POST /wp-cron.php?doing_wp_cron=1769034878.0783751010894775390625 HTTP/1.1" 200 - "-" "WordPress/6.9; https://nutritaste.com.au"
35.163.119.59 - - [22/Jan/2026:06:34:33 +0800] "POST /wp-login.php HTTP/1.1" 503 7316 "-" "Mozilla/5.0 (Windows NT 10.0; Win64; x64; rv:77.0) Gecko/20100101 Firefox/77.0"
103.4.122.14 - - [22/Jan/2026:06:42:46 +0800] "POST /wp-cron.php?doing_wp_cron=1769035366.1743628978729248046875 HTTP/1.1" 200 - "-" "WordPress/6.9; https://nutritaste.com.au"
51.89.25.52 - - [22/Jan/2026:06:42:43 +0800] "GET /?check_plugin HTTP/1.1" 200 85724 "-" "Mozilla/5.0 (Windows NT 10.0; Win64; x64) AppleWebKit/537.36 (KHTML, like Gecko) Chrome/127.0.0.0 Safari/537.36"
103.4.122.14 - - [22/Jan/2026:06:42:51 +0800] "POST /wp-cron.php?doing_wp_cron=1769035371.0478160381317138671875 HTTP/1.1" 200 - "-" "WordPress/6.9; https://nutritaste.com.au"
103.4.122.14 - - [22/Jan/2026:06:42:49 +0800] "POST /wp-admin/admin-ajax.php HTTP/1.1" 200 21 "-" "WordPress/6.9; https://nutritaste.com.au"
103.4.122.14 - - [22/Jan/2026:07:41:01 +0800] "POST /wp-cron.php?doing_wp_cron=1769038861.9720060825347900390625 HTTP/1.1" 200 - "-" "WordPress/6.9; https://nutritaste.com.au"
159.203.76.93 - - [22/Jan/2026:07:40:58 +0800] "POST /wp-login.php HTTP/1.1" 503 7316 "-" "Mozilla/5.0 (Windows NT 10.0; Win64; x64; rv:93.0) Gecko/20100101 Firefox/93.0"
37.28.156.14 - - [22/Jan/2026:08:14:22 +0800] "GET / HTTP/1.1" 200 16952 "-" "Mozilla/5.0 (Macintosh; Intel Mac OS X 12.5; rv:114.0) Gecko/20100101 Firefox/114.0"
37.28.156.14 - - [22/Jan/2026:08:14:24 +0800] "GET / HTTP/1.1" 200 16952 "https://nutritaste.com.au/" "Mozilla/5.0 (Macintosh; Intel Mac OS X 12.5; rv:114.0) Gecko/20100101 Firefox/114.0"
37.28.156.14 - - [22/Jan/2026:08:14:27 +0800] "GET /?jkit-ajax-request=jkit_elements HTTP/1.1" 200 - "https://nutritaste.com.au/" "Mozilla/5.0 (Macintosh; Intel Mac OS X 12.5; rv:114.0) Gecko/20100101 Firefox/114.0"
37.28.156.14 - - [22/Jan/2026:08:14:32 +0800] "GET /brochure/ HTTP/1.1" 200 12069 "https://nutritaste.com.au/" "Mozilla/5.0 (Macintosh; Intel Mac OS X 12.5; rv:114.0) Gecko/20100101 Firefox/114.0"
37.28.156.14 - - [22/Jan/2026:08:14:36 +0800] "GET /comments/feed/ HTTP/1.1" 200 395 "https://nutritaste.com.au/" "Mozilla/5.0 (Macintosh; Intel Mac OS X 12.5; rv:114.0) Gecko/20100101 Firefox/114.0"
37.28.156.14 - - [22/Jan/2026:08:14:40 +0800] "GET /xmlrpc.php?rsd HTTP/1.1" 200 305 "https://nutritaste.com.au/" "Mozilla/5.0 (Macintosh; Intel Mac OS X 12.5; rv:114.0) Gecko/20100101 Firefox/114.0"
37.28.156.14 - - [22/Jan/2026:08:14:43 +0800] "GET /feed/ HTTP/1.1" 200 512 "https://nutritaste.com.au/" "Mozilla/5.0 (Macintosh; Intel Mac OS X 12.5; rv:114.0) Gecko/20100101 Firefox/114.0"
37.28.156.14 - - [22/Jan/2026:08:14:47 +0800] "GET /wp-json/wp/v2/pages/240 HTTP/1.1" 200 11222 "https://nutritaste.com.au/" "Mozilla/5.0 (Macintosh; Intel Mac OS X 12.5; rv:114.0) Gecko/20100101 Firefox/114.0"
37.28.156.14 - - [22/Jan/2026:08:14:51 +0800] "GET /wp-admin/admin-ajax.php HTTP/1.1" 400 21 "https://nutritaste.com.au/" "Mozilla/5.0 (Macintosh; Intel Mac OS X 12.5; rv:114.0) Gecko/20100101 Firefox/114.0"
37.28.156.14 - - [22/Jan/2026:08:14:55 +0800] "GET /wp-json/metform/v1/forms/views/ HTTP/1.1" 404 117 "https://nutritaste.com.au/" "Mozilla/5.0 (Macintosh; Intel Mac OS X 12.5; rv:114.0) Gecko/20100101 Firefox/114.0"
37.28.156.14 - - [22/Jan/2026:08:14:59 +0800] "GET /wp-json/ HTTP/1.1" 200 25961 "https://nutritaste.com.au/" "Mozilla/5.0 (Macintosh; Intel Mac OS X 12.5; rv:114.0) Gecko/20100101 Firefox/114.0"
37.28.156.14 - - [22/Jan/2026:08:15:03 +0800] "GET /wp-json/metform/v1/entries/insert/328 HTTP/1.1" 200 - "https://nutritaste.com.au/" "Mozilla/5.0 (Macintosh; Intel Mac OS X 12.5; rv:114.0) Gecko/20100101 Firefox/114.0"
37.28.156.14 - - [22/Jan/2026:08:15:06 +0800] "GET /wp-json/elementskit/v1/ HTTP/1.1" 404 117 "https://nutritaste.com.au/" "Mozilla/5.0 (Macintosh; Intel Mac OS X 12.5; rv:114.0) Gecko/20100101 Firefox/114.0"
103.4.122.14 - - [22/Jan/2026:09:56:59 +0800] "POST /wp-cron.php?doing_wp_cron=1769047019.3428230285644531250000 HTTP/1.1" 200 - "-" "WordPress/6.9; https://nutritaste.com.au"
85.17.76.141 - - [22/Jan/2026:09:56:54 +0800] "POST /wp-login.php HTTP/1.1" 503 7313 "-" "Mozilla/5.0 (Windows NT 10.0; Win64; x64; rv:95.0) Gecko/20100101 Firefox/95.0"
103.4.122.14 - - [22/Jan/2026:09:57:22 +0800] "POST /wp-admin/admin-post.php HTTP/1.1" 200 32 "-" "WordPress/6.9; https://nutritaste.com.au"
103.4.122.14 - - [22/Jan/2026:09:57:32 +0800] "POST /wp-cron.php?doing_wp_cron=1769047052.3847200870513916015625 HTTP/1.1" 200 - "-" "WordPress/6.9; https://nutritaste.com.au"
103.4.122.14 - - [22/Jan/2026:09:57:30 +0800] "POST /wp-admin/admin-ajax.php HTTP/1.1" 200 21 "-" "WordPress/6.9; https://nutritaste.com.au"
103.4.122.14 - - [22/Jan/2026:12:10:30 +0800] "POST /wp-cron.php?doing_wp_cron=1769055030.8482611179351806640625 HTTP/1.1" 200 - "-" "WordPress/6.9; https://nutritaste.com.au"
51.210.190.32 - - [22/Jan/2026:12:10:26 +0800] "POST /wp-login.php HTTP/1.1" 503 7314 "-" "Mozilla/5.0 (Windows NT 10.0; Win64; x64; rv:56.0) Gecko/20100101 Firefox/56.0"
103.4.122.14 - - [22/Jan/2026:12:10:46 +0800] "POST /wp-cron.php?doing_wp_cron=1769055046.9066450595855712890625 HTTP/1.1" 200 - "-" "WordPress/6.9; https://nutritaste.com.au"
103.4.122.14 - - [22/Jan/2026:12:10:45 +0800] "POST /wp-admin/admin-ajax.php HTTP/1.1" 200 21 "-" "WordPress/6.9; https://nutritaste.com.au"
103.4.122.14 - - [22/Jan/2026:14:03:11 +0800] "POST /wp-cron.php?doing_wp_cron=1769061790.9672539234161376953125 HTTP/1.1" 200 - "-" "WordPress/6.9; https://nutritaste.com.au"
138.246.253.24 - - [22/Jan/2026:14:03:09 +0800] "GET /robots.txt HTTP/1.1" 200 67 "-" "Mozilla/5.0 (Windows NT 10.0; Win64; x64) AppleWebKit/537.36 (KHTML, like Gecko) Chrome/103.0.5060.134 Safari/537.36"
103.4.122.14 - - [22/Jan/2026:14:05:47 +0800] "POST /wp-cron.php?doing_wp_cron=1769061947.4908730983734130859375 HTTP/1.1" 200 - "-" "WordPress/6.9; https://nutritaste.com.au"
138.246.253.24 - - [22/Jan/2026:14:05:45 +0800] "GET /robots.txt HTTP/1.1" 301 - "-" "Mozilla/5.0 (Windows NT 10.0; Win64; x64) AppleWebKit/537.36 (KHTML, like Gecko) Chrome/103.0.5060.134 Safari/537.36"
103.4.122.14 - - [22/Jan/2026:14:27:14 +0800] "POST /wp-cron.php?doing_wp_cron=1769063234.3628010749816894531250 HTTP/1.1" 200 - "-" "WordPress/6.9; https://nutritaste.com.au"
54.36.181.89 - - [22/Jan/2026:14:27:10 +0800] "POST /wp-login.php HTTP/1.1" 503 7314 "-" "Mozilla/5.0 (Windows NT 10.0; Win64; x64; rv:77.0) Gecko/20100101 Firefox/77.0"
103.4.122.14 - - [22/Jan/2026:15:01:54 +0800] "POST /wp-cron.php?doing_wp_cron=1769065313.9700450897216796875000 HTTP/1.1" 200 - "-" "WordPress/6.9; https://nutritaste.com.au"
34.45.218.41 - - [22/Jan/2026:15:01:51 +0800] "POST / HTTP/1.1" 200 85779 "-" "Mozilla/5.0 (Windows NT 10.0; Win64; x64) AppleWebKit/537.36 (KHTML, like Gecko) Chrome/143.0.0.0 Safari/537.36"
103.4.122.14 - - [22/Jan/2026:15:36:30 +0800] "POST /wp-cron.php?doing_wp_cron=1769067390.0096340179443359375000 HTTP/1.1" 200 - "-" "WordPress/6.9; https://nutritaste.com.au"
168.119.162.72 - - [22/Jan/2026:15:36:26 +0800] "POST /wp-login.php HTTP/1.1" 503 7314 "-" "Mozilla/5.0 (Windows NT 10.0; Win64; x64; rv:90.0) Gecko/20100101 Firefox/90.0"
103.4.122.14 - - [22/Jan/2026:15:36:34 +0800] "POST /wp-cron.php?doing_wp_cron=1769067394.0930640697479248046875 HTTP/1.1" 200 - "-" "WordPress/6.9; https://nutritaste.com.au"
103.4.122.14 - - [22/Jan/2026:15:36:32 +0800] "POST /wp-admin/admin-ajax.php HTTP/1.1" 200 21 "-" "WordPress/6.9; https://nutritaste.com.au"
103.4.122.14 - - [22/Jan/2026:16:42:03 +0800] "POST /wp-cron.php?doing_wp_cron=1769071323.2523860931396484375000 HTTP/1.1" 200 - "-" "WordPress/6.9; https://nutritaste.com.au"
159.223.176.184 - - [22/Jan/2026:16:41:58 +0800] "POST /wp-login.php HTTP/1.1" 503 7314 "-" "Mozilla/5.0 (Windows NT 10.0; Win64; x64; rv:58.0) Gecko/20100101 Firefox/58.0"
103.4.122.14 - - [22/Jan/2026:16:56:30 +0800] "POST /wp-cron.php?doing_wp_cron=1769072190.2514920234680175781250 HTTP/1.1" 200 - "-" "WordPress/6.9; https://nutritaste.com.au"
77.220.194.43 - - [22/Jan/2026:16:56:28 +0800] "GET /wp-login.php HTTP/1.1" 200 3204 "-" "Mozilla/5.0 (X11; Linux x86_64) AppleWebKit/537.36 (KHTML, like Gecko) Chrome/143.0.0.0 Safari/537.36"
103.4.122.14 - - [22/Jan/2026:16:56:34 +0800] "POST /wp-cron.php?doing_wp_cron=1769072194.4978148937225341796875 HTTP/1.1" 200 - "-" "WordPress/6.9; https://nutritaste.com.au"
103.4.122.14 - - [22/Jan/2026:16:56:32 +0800] "POST /wp-admin/admin-ajax.php HTTP/1.1" 200 21 "-" "WordPress/6.9; https://nutritaste.com.au"
103.4.122.14 - - [22/Jan/2026:17:09:37 +0800] "POST /wp-cron.php?doing_wp_cron=1769072977.6073260307312011718750 HTTP/1.1" 200 - "-" "WordPress/6.9; https://nutritaste.com.au"
146.19.140.184 - - [22/Jan/2026:17:09:35 +0800] "GET /?timeout=15&follow_redirects=true&decode=auto-html HTTP/1.1" 200 16320 "-" "Mozilla/5.0 (X11; Linux x86_64) AppleWebKit/537.36 (KHTML, like Gecko) Chrome/143.0.0.0 Safari/537.36"
146.19.140.184 - - [22/Jan/2026:17:09:53 +0800] "GET /wp-json/wp/v2/users?context=edit&timeout=15&follow_redirects=true&decode=auto-html HTTP/1.1" 403 199 "-" "Mozilla/5.0 (X11; Linux x86_64) AppleWebKit/537.36 (KHTML, like Gecko) Chrome/143.0.0.0 Safari/537.36"
154.6.11.115 - - [22/Jan/2026:17:09:56 +0800] "GET /wp-json/wp/v2/users?context=edit&timeout=15&follow_redirects=true&decode=auto-html HTTP/1.1" 403 199 "-" "Mozilla/5.0 (X11; Linux x86_64) AppleWebKit/537.36 (KHTML, like Gecko) Chrome/143.0.0.0 Safari/537.36"
157.22.73.85 - - [22/Jan/2026:17:10:00 +0800] "GET /wp-json/wp/v2/users?context=edit&timeout=15&follow_redirects=true&decode=auto-html HTTP/1.1" 403 199 "-" "Mozilla/5.0 (X11; Linux x86_64) AppleWebKit/537.36 (KHTML, like Gecko) Chrome/143.0.0.0 Safari/537.36"
103.4.122.14 - - [22/Jan/2026:17:10:15 +0800] "POST /wp-cron.php?doing_wp_cron=1769073015.6131980419158935546875 HTTP/1.1" 200 - "-" "WordPress/6.9; https://nutritaste.com.au"
155.212.110.70 - - [22/Jan/2026:17:10:07 +0800] "POST /wp-json/batch/v1 HTTP/1.1" 400 121 "-" "Mozilla/5.0 (X11; Linux x86_64) AppleWebKit/537.36 (KHTML, like Gecko) Chrome/143.0.0.0 Safari/537.36"
103.4.122.14 - - [22/Jan/2026:17:10:20 +0800] "POST /wp-cron.php?doing_wp_cron=1769073020.8700408935546875000000 HTTP/1.1" 200 - "-" "WordPress/6.9; https://nutritaste.com.au"
213.232.121.227 - - [22/Jan/2026:17:10:19 +0800] "POST /wp-json/batch/v1 HTTP/1.1" 400 121 "-" "Mozilla/5.0 (X11; Linux x86_64) AppleWebKit/537.36 (KHTML, like Gecko) Chrome/143.0.0.0 Safari/537.36"
103.4.122.14 - - [22/Jan/2026:17:10:30 +0800] "POST /wp-cron.php?doing_wp_cron=1769073030.2009479999542236328125 HTTP/1.1" 200 - "-" "WordPress/6.9; https://nutritaste.com.au"
199.180.11.51 - - [22/Jan/2026:17:10:28 +0800] "POST /wp-json/batch/v1 HTTP/1.1" 400 121 "-" "Mozilla/5.0 (X11; Linux x86_64) AppleWebKit/537.36 (KHTML, like Gecko) Chrome/143.0.0.0 Safari/537.36"
136.0.118.103 - - [22/Jan/2026:17:10:38 +0800] "GET /wp-json/wp/v2/users?timeout=15&follow_redirects=true&decode=auto-html HTTP/1.1" 403 199 "-" "Mozilla/5.0 (X11; Linux x86_64) AppleWebKit/537.36 (KHTML, like Gecko) Chrome/143.0.0.0 Safari/537.36"
136.0.186.15 - - [22/Jan/2026:17:10:41 +0800] "GET /wp-json/wp/v2/users?timeout=15&follow_redirects=true&decode=auto-html HTTP/1.1" 403 199 "-" "Mozilla/5.0 (X11; Linux x86_64) AppleWebKit/537.36 (KHTML, like Gecko) Chrome/143.0.0.0 Safari/537.36"
5.183.255.240 - - [22/Jan/2026:17:10:46 +0800] "GET /wp-json/wp/v2/users?timeout=15&follow_redirects=true&decode=auto-html HTTP/1.1" 403 199 "-" "Mozilla/5.0 (X11; Linux x86_64) AppleWebKit/537.36 (KHTML, like Gecko) Chrome/143.0.0.0 Safari/537.36"
103.4.122.14 - - [22/Jan/2026:17:10:51 +0800] "POST /wp-cron.php?doing_wp_cron=1769073051.4472219944000244140625 HTTP/1.1" 200 - "-" "WordPress/6.9; https://nutritaste.com.au"
155.212.108.238 - - [22/Jan/2026:17:10:49 +0800] "GET /wp-sitemap.xml?timeout=15&follow_redirects=true&decode=auto-html HTTP/1.1" 404 10863 "-" "Mozilla/5.0 (X11; Linux x86_64) AppleWebKit/537.36 (KHTML, like Gecko) Chrome/143.0.0.0 Safari/537.36"
103.4.122.14 - - [22/Jan/2026:17:10:55 +0800] "POST /wp-cron.php?doing_wp_cron=1769073055.7403349876403808593750 HTTP/1.1" 200 - "-" "WordPress/6.9; https://nutritaste.com.au"
23.26.94.203 - - [22/Jan/2026:17:10:53 +0800] "GET /wp-sitemap.xml?timeout=15&follow_redirects=true&decode=auto-html HTTP/1.1" 404 10863 "-" "Mozilla/5.0 (X11; Linux x86_64) AppleWebKit/537.36 (KHTML, like Gecko) Chrome/143.0.0.0 Safari/537.36"
103.4.122.14 - - [22/Jan/2026:17:11:00 +0800] "POST /wp-cron.php?doing_wp_cron=1769073060.0672399997711181640625 HTTP/1.1" 200 - "-" "WordPress/6.9; https://nutritaste.com.au"
157.22.73.106 - - [22/Jan/2026:17:10:58 +0800] "GET /wp-sitemap.xml?timeout=15&follow_redirects=true&decode=auto-html HTTP/1.1" 404 10863 "-" "Mozilla/5.0 (X11; Linux x86_64) AppleWebKit/537.36 (KHTML, like Gecko) Chrome/143.0.0.0 Safari/537.36"
103.4.122.14 - - [22/Jan/2026:17:11:16 +0800] "POST /wp-cron.php?doing_wp_cron=1769073076.1252009868621826171875 HTTP/1.1" 200 - "-" "WordPress/6.9; https://nutritaste.com.au"
185.88.102.192 - - [22/Jan/2026:17:11:14 +0800] "GET /sitemap_index.xml?timeout=15&follow_redirects=true&decode=auto-html HTTP/1.1" 404 10872 "-" "Mozilla/5.0 (X11; Linux x86_64) AppleWebKit/537.36 (KHTML, like Gecko) Chrome/143.0.0.0 Safari/537.36"
103.4.122.14 - - [22/Jan/2026:17:11:20 +0800] "POST /wp-cron.php?doing_wp_cron=1769073080.8588829040527343750000 HTTP/1.1" 200 - "-" "WordPress/6.9; https://nutritaste.com.au"
198.89.123.240 - - [22/Jan/2026:17:11:19 +0800] "GET /sitemap_index.xml?timeout=15&follow_redirects=true&decode=auto-html HTTP/1.1" 404 10872 "-" "Mozilla/5.0 (X11; Linux x86_64) AppleWebKit/537.36 (KHTML, like Gecko) Chrome/143.0.0.0 Safari/537.36"
103.4.122.14 - - [22/Jan/2026:17:11:32 +0800] "POST /wp-cron.php?doing_wp_cron=1769073092.4907379150390625000000 HTTP/1.1" 200 - "-" "WordPress/6.9; https://nutritaste.com.au"
170.168.96.117 - - [22/Jan/2026:17:11:30 +0800] "GET /sitemap_index.xml?timeout=15&follow_redirects=true&decode=auto-html HTTP/1.1" 404 10872 "-" "Mozilla/5.0 (X11; Linux x86_64) AppleWebKit/537.36 (KHTML, like Gecko) Chrome/143.0.0.0 Safari/537.36"
103.4.122.14 - - [22/Jan/2026:17:11:37 +0800] "POST /wp-cron.php?doing_wp_cron=1769073097.3029611110687255859375 HTTP/1.1" 200 - "-" "WordPress/6.9; https://nutritaste.com.au"
77.220.194.14 - - [22/Jan/2026:17:11:35 +0800] "GET /wp-json/oembed/1.0/embed?url=https%3A%2F%2Fnutritaste.com.au%2F&format=json&timeout=15&follow_redirects=true&decode=auto-html HTTP/1.1" 200 1033 "-" "Mozilla/5.0 (X11; Linux x86_64) AppleWebKit/537.36 (KHTML, like Gecko) Chrome/143.0.0.0 Safari/537.36"
103.4.122.14 - - [22/Jan/2026:17:11:51 +0800] "POST /wp-cron.php?doing_wp_cron=1769073111.1277980804443359375000 HTTP/1.1" 200 - "-" "WordPress/6.9; https://nutritaste.com.au"
77.220.194.14 - - [22/Jan/2026:17:11:49 +0800] "GET /?headers=%5Bobject+Object%5D&decode=auto-html HTTP/1.1" 301 - "-" "Mozilla/5.0 (X11; Linux x86_64) AppleWebKit/537.36 (KHTML, like Gecko) Chrome/143.0.0.0 Safari/537.36"
103.4.122.14 - - [22/Jan/2026:17:11:55 +0800] "POST /wp-cron.php?doing_wp_cron=1769073115.5131580829620361328125 HTTP/1.1" 200 - "-" "WordPress/6.9; https://nutritaste.com.au"
77.220.194.14 - - [22/Jan/2026:17:11:53 +0800] "GET /?headers=%5Bobject%20Object%5D&decode=auto-html HTTP/1.1" 200 16320 "-" "Mozilla/5.0 (X11; Linux x86_64) AppleWebKit/537.36 (KHTML, like Gecko) Chrome/143.0.0.0 Safari/537.36"
103.4.122.14 - - [22/Jan/2026:17:12:03 +0800] "POST /wp-cron.php?doing_wp_cron=1769073123.7320239543914794921875 HTTP/1.1" 200 - "-" "WordPress/6.9; https://nutritaste.com.au"
77.220.194.14 - - [22/Jan/2026:17:12:02 +0800] "GET /wp-json/wp/v2/posts?per_page=5&_fields=author%2Clink&timeout=15&follow_redirects=true&decode=auto-html HTTP/1.1" 200 22 "-" "Mozilla/5.0 (X11; Linux x86_64) AppleWebKit/537.36 (KHTML, like Gecko) Chrome/143.0.0.0 Safari/537.36"
103.4.122.14 - - [22/Jan/2026:18:00:45 +0800] "POST /wp-cron.php?doing_wp_cron=1769076045.7946879863739013671875 HTTP/1.1" 200 - "-" "WordPress/6.9; https://nutritaste.com.au"
46.105.124.216 - - [22/Jan/2026:18:00:31 +0800] "POST /wp-login.php HTTP/1.1" 503 7314 "-" "Mozilla/5.0 (Windows NT 10.0; Win64; x64; rv:99.0) Gecko/20100101 Firefox/99.0"
103.4.122.14 - - [22/Jan/2026:19:17:30 +0800] "POST /wp-cron.php?doing_wp_cron=1769080650.6393508911132812500000 HTTP/1.1" 200 - "-" "WordPress/6.9; https://nutritaste.com.au"
109.228.37.48 - - [22/Jan/2026:19:17:26 +0800] "POST /wp-login.php HTTP/1.1" 503 7314 "-" "Mozilla/5.0 (Windows NT 10.0; Win64; x64; rv:74.0) Gecko/20100101 Firefox/74.0"
207.246.255.44 - - [22/Jan/2026:19:17:36 +0800] "POST / HTTP/1.1" 200 44 "-" "Mozilla/5.0 (Windows NT 10.0; Win64; x64) AppleWebKit/537.36 (KHTML, like Gecko) Chrome/59.0.3071.115 Safari/537.36"
103.4.122.14 - - [22/Jan/2026:19:17:39 +0800] "POST /wp-cron.php?doing_wp_cron=1769080659.6849930286407470703125 HTTP/1.1" 200 - "-" "WordPress/6.9; https://nutritaste.com.au"
103.4.122.14 - - [22/Jan/2026:19:17:38 +0800] "POST /wp-admin/admin-ajax.php HTTP/1.1" 200 21 "-" "WordPress/6.9; https://nutritaste.com.au"
103.4.122.14 - - [22/Jan/2026:19:36:47 +0800] "POST /wp-cron.php?doing_wp_cron=1769081807.1754701137542724609375 HTTP/1.1" 200 - "-" "WordPress/6.9; https://nutritaste.com.au"
93.158.90.43 - - [22/Jan/2026:19:36:45 +0800] "GET / HTTP/1.1" 301 - "-" "Mozilla/5.0 (Windows NT 10.0; Win64; x64) AppleWebKit/537.36 (KHTML, like Gecko) Chrome/120.0.0.0 Safari/537.36 Viewer/99.9.8853.8"
93.158.90.52 - - [22/Jan/2026:19:36:48 +0800] "GET / HTTP/1.1" 200 16952 "http://nutritaste.com.au/" "Mozilla/5.0 (Windows NT 10.0; Win64; x64) AppleWebKit/537.36 (KHTML, like Gecko) Chrome/120.0.0.0 Safari/537.36 Viewer/99.9.8853.8"
93.158.90.45 - - [22/Jan/2026:19:36:50 +0800] "GET /brochure/ HTTP/1.1" 200 12090 "-" "Mozilla/5.0 (Windows NT 10.0; Win64; x64) AppleWebKit/537.36 (KHTML, like Gecko) Chrome/120.0.0.0 Safari/537.36 Viewer/99.9.8853.8"
103.4.122.14 - - [22/Jan/2026:19:56:56 +0800] "POST /wp-cron.php?doing_wp_cron=1769083016.3348701000213623046875 HTTP/1.1" 200 - "-" "WordPress/6.9; https://nutritaste.com.au"
62.171.176.85 - - [22/Jan/2026:19:56:54 +0800] "POST / HTTP/1.1" 200 16320 "-" "Mozilla/5.0"
62.171.176.85 - - [22/Jan/2026:19:56:58 +0800] "POST / HTTP/1.1" 200 16320 "-" "Mozilla/5.0"
