95.85.238.54 - - [27/Jan/2026:01:10:08 +0800] "GET /wp-json/wp/v2/users/18 HTTP/1.1" 403 199 "-" "Mozilla/5.0 (Windows NT 10.0; Win64; x64) AppleWebKit/537.36 (KHTML, like Gecko) Chrome/92.0.4515.159 Safari/537.36"
95.85.238.54 - - [27/Jan/2026:01:10:51 +0800] "GET /wp-json/wp/v2/users/19 HTTP/1.1" 403 199 "-" "Mozilla/5.0 (Windows NT 10.0; Win64; x64) AppleWebKit/537.36 (KHTML, like Gecko) Chrome/92.0.4515.159 Safari/537.36"
95.85.238.54 - - [27/Jan/2026:01:12:01 +0800] "GET /wp-json/wp/v2/users/20 HTTP/1.1" 403 199 "-" "Mozilla/5.0 (Windows NT 10.0; Win64; x64) AppleWebKit/537.36 (KHTML, like Gecko) Chrome/92.0.4515.159 Safari/537.36"
95.85.238.54 - - [27/Jan/2026:01:13:07 +0800] "GET /wp-json/wp/v2/users/21 HTTP/1.1" 403 199 "-" "Mozilla/5.0 (Windows NT 10.0; Win64; x64) AppleWebKit/537.36 (KHTML, like Gecko) Chrome/92.0.4515.159 Safari/537.36"
95.85.238.54 - - [27/Jan/2026:01:14:10 +0800] "GET /wp-json/wp/v2/users/22 HTTP/1.1" 403 199 "-" "Mozilla/5.0 (Windows NT 10.0; Win64; x64) AppleWebKit/537.36 (KHTML, like Gecko) Chrome/92.0.4515.159 Safari/537.36"
95.85.238.54 - - [27/Jan/2026:01:15:33 +0800] "GET /wp-json/wp/v2/users/23 HTTP/1.1" 403 199 "-" "Mozilla/5.0 (Windows NT 10.0; Win64; x64) AppleWebKit/537.36 (KHTML, like Gecko) Chrome/92.0.4515.159 Safari/537.36"
95.85.238.54 - - [27/Jan/2026:01:16:55 +0800] "GET /wp-json/wp/v2/users/24 HTTP/1.1" 403 199 "-" "Mozilla/5.0 (Windows NT 10.0; Win64; x64) AppleWebKit/537.36 (KHTML, like Gecko) Chrome/92.0.4515.159 Safari/537.36"
95.85.238.54 - - [27/Jan/2026:01:18:28 +0800] "GET /wp-json/wp/v2/users/25 HTTP/1.1" 403 199 "-" "Mozilla/5.0 (Windows NT 10.0; Win64; x64) AppleWebKit/537.36 (KHTML, like Gecko) Chrome/92.0.4515.159 Safari/537.36"
95.85.238.54 - - [27/Jan/2026:01:20:07 +0800] "GET /wp-json/wp/v2/users/26 HTTP/1.1" 403 199 "-" "Mozilla/5.0 (Windows NT 10.0; Win64; x64) AppleWebKit/537.36 (KHTML, like Gecko) Chrome/92.0.4515.159 Safari/537.36"
95.85.238.54 - - [27/Jan/2026:01:21:34 +0800] "GET /wp-json/wp/v2/users/27 HTTP/1.1" 403 199 "-" "Mozilla/5.0 (Windows NT 10.0; Win64; x64) AppleWebKit/537.36 (KHTML, like Gecko) Chrome/92.0.4515.159 Safari/537.36"
95.85.238.54 - - [27/Jan/2026:01:22:55 +0800] "GET /wp-json/wp/v2/users/28 HTTP/1.1" 403 199 "-" "Mozilla/5.0 (Windows NT 10.0; Win64; x64) AppleWebKit/537.36 (KHTML, like Gecko) Chrome/92.0.4515.159 Safari/537.36"
95.85.238.54 - - [27/Jan/2026:01:23:59 +0800] "GET /wp-json/wp/v2/users/29 HTTP/1.1" 403 199 "-" "Mozilla/5.0 (Windows NT 10.0; Win64; x64) AppleWebKit/537.36 (KHTML, like Gecko) Chrome/92.0.4515.159 Safari/537.36"
95.85.238.54 - - [27/Jan/2026:01:24:55 +0800] "GET /wp-json/wp/v2/users/30 HTTP/1.1" 403 199 "-" "Mozilla/5.0 (Windows NT 10.0; Win64; x64) AppleWebKit/537.36 (KHTML, like Gecko) Chrome/92.0.4515.159 Safari/537.36"
95.85.238.54 - - [27/Jan/2026:01:25:38 +0800] "GET /wp-json/wp/v2/users/31 HTTP/1.1" 403 199 "-" "Mozilla/5.0 (Windows NT 10.0; Win64; x64) AppleWebKit/537.36 (KHTML, like Gecko) Chrome/92.0.4515.159 Safari/537.36"
95.85.238.54 - - [27/Jan/2026:01:26:03 +0800] "GET /wp-json/wp/v2/users/32 HTTP/1.1" 403 199 "-" "Mozilla/5.0 (Windows NT 10.0; Win64; x64) AppleWebKit/537.36 (KHTML, like Gecko) Chrome/92.0.4515.159 Safari/537.36"
95.85.238.54 - - [27/Jan/2026:01:26:28 +0800] "GET /wp-json/wp/v2/users/33 HTTP/1.1" 403 199 "-" "Mozilla/5.0 (Windows NT 10.0; Win64; x64) AppleWebKit/537.36 (KHTML, like Gecko) Chrome/92.0.4515.159 Safari/537.36"
95.85.238.54 - - [27/Jan/2026:01:26:55 +0800] "GET /wp-json/wp/v2/users/34 HTTP/1.1" 403 199 "-" "Mozilla/5.0 (Windows NT 10.0; Win64; x64) AppleWebKit/537.36 (KHTML, like Gecko) Chrome/92.0.4515.159 Safari/537.36"
95.85.238.54 - - [27/Jan/2026:01:27:24 +0800] "GET /wp-json/wp/v2/users/35 HTTP/1.1" 403 199 "-" "Mozilla/5.0 (Windows NT 10.0; Win64; x64) AppleWebKit/537.36 (KHTML, like Gecko) Chrome/92.0.4515.159 Safari/537.36"
95.85.238.54 - - [27/Jan/2026:01:28:04 +0800] "GET /wp-json/wp/v2/users/36 HTTP/1.1" 403 199 "-" "Mozilla/5.0 (Windows NT 10.0; Win64; x64) AppleWebKit/537.36 (KHTML, like Gecko) Chrome/92.0.4515.159 Safari/537.36"
95.85.238.54 - - [27/Jan/2026:01:28:50 +0800] "GET /wp-json/wp/v2/users/37 HTTP/1.1" 403 199 "-" "Mozilla/5.0 (Windows NT 10.0; Win64; x64) AppleWebKit/537.36 (KHTML, like Gecko) Chrome/92.0.4515.159 Safari/537.36"
95.85.238.54 - - [27/Jan/2026:01:29:32 +0800] "GET /wp-json/wp/v2/users/38 HTTP/1.1" 403 199 "-" "Mozilla/5.0 (Windows NT 10.0; Win64; x64) AppleWebKit/537.36 (KHTML, like Gecko) Chrome/92.0.4515.159 Safari/537.36"
95.85.238.54 - - [27/Jan/2026:01:30:36 +0800] "GET /wp-json/wp/v2/users/39 HTTP/1.1" 403 199 "-" "Mozilla/5.0 (Windows NT 10.0; Win64; x64) AppleWebKit/537.36 (KHTML, like Gecko) Chrome/92.0.4515.159 Safari/537.36"
95.85.238.54 - - [27/Jan/2026:01:31:51 +0800] "GET /wp-json/wp/v2/users/40 HTTP/1.1" 403 199 "-" "Mozilla/5.0 (Windows NT 10.0; Win64; x64) AppleWebKit/537.36 (KHTML, like Gecko) Chrome/92.0.4515.159 Safari/537.36"
95.85.238.54 - - [27/Jan/2026:01:33:06 +0800] "GET /wp-json/wp/v2/users/41 HTTP/1.1" 403 199 "-" "Mozilla/5.0 (Windows NT 10.0; Win64; x64) AppleWebKit/537.36 (KHTML, like Gecko) Chrome/92.0.4515.159 Safari/537.36"
95.85.238.54 - - [27/Jan/2026:01:34:12 +0800] "GET /wp-json/wp/v2/users/42 HTTP/1.1" 403 199 "-" "Mozilla/5.0 (Windows NT 10.0; Win64; x64) AppleWebKit/537.36 (KHTML, like Gecko) Chrome/92.0.4515.159 Safari/537.36"
95.85.238.54 - - [27/Jan/2026:01:35:17 +0800] "GET /wp-json/wp/v2/users/43 HTTP/1.1" 403 199 "-" "Mozilla/5.0 (Windows NT 10.0; Win64; x64) AppleWebKit/537.36 (KHTML, like Gecko) Chrome/92.0.4515.159 Safari/537.36"
95.85.238.54 - - [27/Jan/2026:01:36:18 +0800] "GET /wp-json/wp/v2/users/44 HTTP/1.1" 403 199 "-" "Mozilla/5.0 (Windows NT 10.0; Win64; x64) AppleWebKit/537.36 (KHTML, like Gecko) Chrome/92.0.4515.159 Safari/537.36"
95.85.238.54 - - [27/Jan/2026:01:37:31 +0800] "GET /wp-json/wp/v2/users/45 HTTP/1.1" 403 199 "-" "Mozilla/5.0 (Windows NT 10.0; Win64; x64) AppleWebKit/537.36 (KHTML, like Gecko) Chrome/92.0.4515.159 Safari/537.36"
95.85.238.54 - - [27/Jan/2026:01:39:00 +0800] "GET /wp-json/wp/v2/users/46 HTTP/1.1" 403 199 "-" "Mozilla/5.0 (Windows NT 10.0; Win64; x64) AppleWebKit/537.36 (KHTML, like Gecko) Chrome/92.0.4515.159 Safari/537.36"
95.85.238.54 - - [27/Jan/2026:01:39:55 +0800] "GET /wp-json/wp/v2/users/47 HTTP/1.1" 403 199 "-" "Mozilla/5.0 (Windows NT 10.0; Win64; x64) AppleWebKit/537.36 (KHTML, like Gecko) Chrome/92.0.4515.159 Safari/537.36"
95.85.238.54 - - [27/Jan/2026:01:40:50 +0800] "GET /wp-json/wp/v2/users/48 HTTP/1.1" 403 199 "-" "Mozilla/5.0 (Windows NT 10.0; Win64; x64) AppleWebKit/537.36 (KHTML, like Gecko) Chrome/92.0.4515.159 Safari/537.36"
95.85.238.54 - - [27/Jan/2026:01:42:04 +0800] "GET /wp-json/wp/v2/users/49 HTTP/1.1" 403 199 "-" "Mozilla/5.0 (Windows NT 10.0; Win64; x64) AppleWebKit/537.36 (KHTML, like Gecko) Chrome/92.0.4515.159 Safari/537.36"
95.85.238.54 - - [27/Jan/2026:01:43:09 +0800] "GET /wp-json/wp/v2/users/50 HTTP/1.1" 403 199 "-" "Mozilla/5.0 (Windows NT 10.0; Win64; x64) AppleWebKit/537.36 (KHTML, like Gecko) Chrome/92.0.4515.159 Safari/537.36"
95.85.238.54 - - [27/Jan/2026:01:44:22 +0800] "GET /wp-json/wp/v2/users/51 HTTP/1.1" 403 199 "-" "Mozilla/5.0 (Windows NT 10.0; Win64; x64) AppleWebKit/537.36 (KHTML, like Gecko) Chrome/92.0.4515.159 Safari/537.36"
95.85.238.54 - - [27/Jan/2026:01:45:29 +0800] "GET /wp-json/wp/v2/users/52 HTTP/1.1" 403 199 "-" "Mozilla/5.0 (Windows NT 10.0; Win64; x64) AppleWebKit/537.36 (KHTML, like Gecko) Chrome/92.0.4515.159 Safari/537.36"
95.85.238.54 - - [27/Jan/2026:01:46:16 +0800] "GET /wp-json/wp/v2/users/53 HTTP/1.1" 403 199 "-" "Mozilla/5.0 (Windows NT 10.0; Win64; x64) AppleWebKit/537.36 (KHTML, like Gecko) Chrome/92.0.4515.159 Safari/537.36"
95.85.238.54 - - [27/Jan/2026:01:46:59 +0800] "GET /wp-json/wp/v2/users/54 HTTP/1.1" 403 199 "-" "Mozilla/5.0 (Windows NT 10.0; Win64; x64) AppleWebKit/537.36 (KHTML, like Gecko) Chrome/92.0.4515.159 Safari/537.36"
95.85.238.54 - - [27/Jan/2026:01:47:56 +0800] "GET /wp-json/wp/v2/users/55 HTTP/1.1" 403 199 "-" "Mozilla/5.0 (Windows NT 10.0; Win64; x64) AppleWebKit/537.36 (KHTML, like Gecko) Chrome/92.0.4515.159 Safari/537.36"
95.85.238.54 - - [27/Jan/2026:01:48:46 +0800] "GET /wp-json/wp/v2/users/56 HTTP/1.1" 403 199 "-" "Mozilla/5.0 (Windows NT 10.0; Win64; x64) AppleWebKit/537.36 (KHTML, like Gecko) Chrome/92.0.4515.159 Safari/537.36"
103.4.122.14 - - [27/Jan/2026:01:48:46 +0800] "POST /wp-cron.php?doing_wp_cron=1769449726.2401759624481201171875 HTTP/1.1" 200 - "-" "WordPress/6.9; https://nutritaste.com.au"
203.25.124.7 - - [27/Jan/2026:01:48:41 +0800] "GET /wp-login.php HTTP/1.1" 200 3205 "-" "Mozilla/5.0 (Windows NT 10.0; Win64; x64) AppleWebKit/537.36 Chrome/129.0.0.0 Safari/537.36"
203.25.124.7 - - [27/Jan/2026:01:48:48 +0800] "GET /?author=1 HTTP/1.1" 302 - "-" "Mozilla/5.0 (Windows NT 10.0; Win64; x64) AppleWebKit/537.36 Chrome/129.0.0.0 Safari/537.36"
203.25.124.7 - - [27/Jan/2026:01:48:52 +0800] "GET /?rest_route=/wp/v2/users HTTP/1.1" 401 110 "-" "Mozilla/5.0 (Macintosh; Intel Mac OS X 10_15_7) AppleWebKit/605.1.15 Version/17.0 Safari/605.1.15"
103.4.122.14 - - [27/Jan/2026:01:49:09 +0800] "POST /wp-cron.php?doing_wp_cron=1769449749.7054779529571533203125 HTTP/1.1" 200 - "-" "WordPress/6.9; https://nutritaste.com.au"
203.25.124.7 - - [27/Jan/2026:01:49:05 +0800] "GET /feed HTTP/1.1" 301 - "-" "Mozilla/5.0 (Windows NT 10.0; Win64; x64) AppleWebKit/537.36 Chrome/129.0.0.0 Safari/537.36"
203.25.124.7 - - [27/Jan/2026:01:49:10 +0800] "GET /feed/ HTTP/1.1" 200 512 "-" "Mozilla/5.0 (Windows NT 10.0; Win64; x64) AppleWebKit/537.36 Chrome/129.0.0.0 Safari/537.36"
95.85.238.54 - - [27/Jan/2026:01:49:21 +0800] "GET /wp-json/wp/v2/users/57 HTTP/1.1" 403 199 "-" "Mozilla/5.0 (Windows NT 10.0; Win64; x64) AppleWebKit/537.36 (KHTML, like Gecko) Chrome/92.0.4515.159 Safari/537.36"
95.85.238.54 - - [27/Jan/2026:01:50:03 +0800] "GET /wp-json/wp/v2/users/58 HTTP/1.1" 403 199 "-" "Mozilla/5.0 (Windows NT 10.0; Win64; x64) AppleWebKit/537.36 (KHTML, like Gecko) Chrome/92.0.4515.159 Safari/537.36"
95.85.238.54 - - [27/Jan/2026:01:50:58 +0800] "GET /wp-json/wp/v2/users/59 HTTP/1.1" 403 199 "-" "Mozilla/5.0 (Windows NT 10.0; Win64; x64) AppleWebKit/537.36 (KHTML, like Gecko) Chrome/92.0.4515.159 Safari/537.36"
95.85.238.54 - - [27/Jan/2026:01:52:07 +0800] "GET /wp-json/wp/v2/users/60 HTTP/1.1" 403 199 "-" "Mozilla/5.0 (Windows NT 10.0; Win64; x64) AppleWebKit/537.36 (KHTML, like Gecko) Chrome/92.0.4515.159 Safari/537.36"
103.4.122.14 - - [27/Jan/2026:01:53:18 +0800] "POST /wp-cron.php?doing_wp_cron=1769449998.3045890331268310546875 HTTP/1.1" 200 - "-" "WordPress/6.9; https://nutritaste.com.au"
95.85.238.54 - - [27/Jan/2026:01:53:15 +0800] "GET /feed/ HTTP/1.1" 200 512 "-" "Mozilla/5.0 (Windows NT 10.0; Win64; x64) AppleWebKit/537.36 (KHTML, like Gecko) Chrome/92.0.4515.159 Safari/537.36"
103.4.122.14 - - [27/Jan/2026:01:54:31 +0800] "POST /wp-cron.php?doing_wp_cron=1769450071.0748920440673828125000 HTTP/1.1" 200 - "-" "WordPress/6.9; https://nutritaste.com.au"
95.85.238.54 - - [27/Jan/2026:01:54:28 +0800] "GET /?feed=rss2 HTTP/1.1" 301 - "-" "Mozilla/5.0 (Windows NT 10.0; Win64; x64) AppleWebKit/537.36 (KHTML, like Gecko) Chrome/92.0.4515.159 Safari/537.36"
103.4.122.14 - - [27/Jan/2026:01:54:35 +0800] "POST /wp-cron.php?doing_wp_cron=1769450075.1540238857269287109375 HTTP/1.1" 200 - "-" "WordPress/6.9; https://nutritaste.com.au"
103.4.122.14 - - [27/Jan/2026:01:54:33 +0800] "POST /wp-admin/admin-ajax.php HTTP/1.1" 200 21 "-" "WordPress/6.9; https://nutritaste.com.au"
103.4.122.14 - - [27/Jan/2026:01:55:31 +0800] "POST /wp-cron.php?doing_wp_cron=1769450131.6711440086364746093750 HTTP/1.1" 200 - "-" "WordPress/6.9; https://nutritaste.com.au"
95.85.238.54 - - [27/Jan/2026:01:55:29 +0800] "GET /feed/ HTTP/1.1" 200 512 "-" "Mozilla/5.0 (Windows NT 10.0; Win64; x64) AppleWebKit/537.36 (KHTML, like Gecko) Chrome/92.0.4515.159 Safari/537.36"
103.4.122.14 - - [27/Jan/2026:01:56:38 +0800] "POST /wp-cron.php?doing_wp_cron=1769450198.1206719875335693359375 HTTP/1.1" 200 - "-" "WordPress/6.9; https://nutritaste.com.au"
95.85.238.54 - - [27/Jan/2026:01:56:35 +0800] "GET /feed/atom/ HTTP/1.1" 200 387 "-" "Mozilla/5.0 (Windows NT 10.0; Win64; x64) AppleWebKit/537.36 (KHTML, like Gecko) Chrome/92.0.4515.159 Safari/537.36"
103.4.122.14 - - [27/Jan/2026:01:57:44 +0800] "POST /wp-cron.php?doing_wp_cron=1769450264.1962230205535888671875 HTTP/1.1" 200 - "-" "WordPress/6.9; https://nutritaste.com.au"
95.85.238.54 - - [27/Jan/2026:01:57:41 +0800] "GET /comments/feed/ HTTP/1.1" 200 395 "-" "Mozilla/5.0 (Windows NT 10.0; Win64; x64) AppleWebKit/537.36 (KHTML, like Gecko) Chrome/92.0.4515.159 Safari/537.36"
103.4.122.14 - - [27/Jan/2026:01:59:19 +0800] "POST /wp-cron.php?doing_wp_cron=1769450359.4936919212341308593750 HTTP/1.1" 200 - "-" "WordPress/6.9; https://nutritaste.com.au"
95.85.238.54 - - [27/Jan/2026:01:59:16 +0800] "GET /wp-login.php?wp_lang=e HTTP/1.1" 200 11380 "-" "Mozilla/5.0 (Windows NT 6.1; WOW64) AppleWebKit/537.36 (KHTML, like Gecko) Chrome/36.0.1985.125 Safari/537.36"
95.85.238.54 - - [27/Jan/2026:01:59:19 +0800] "POST /wp-login.php?wp_lang=e HTTP/1.1" 200 11814 "-" "Mozilla/5.0 (Windows NT 6.1; WOW64) AppleWebKit/537.36 (KHTML, like Gecko) Chrome/36.0.1985.125 Safari/537.36"
95.85.238.54 - - [27/Jan/2026:02:03:31 +0800] "POST /wp-json/sure-triggers/v1/automation/action HTTP/1.1" 403 6627 "-" "Mozilla/5.0 (Macintosh; Intel Mac OS X 10_15_7) AppleWebKit/537.36 (KHTML, like Gecko) Chrome/113.0.0.0 Safari/537.36"
95.85.238.54 - - [27/Jan/2026:02:04:32 +0800] "GET /wp-login.php HTTP/1.1" 302 - "http://www.google.com.hk" "Mozilla/5.0 (Windows NT 6.1; WOW64) AppleWebKit/537.36 (KHTML, like Gecko) Chrome/42.0.2311.90 Safari/537.36"
103.4.122.14 - - [27/Jan/2026:02:04:36 +0800] "POST /wp-cron.php?doing_wp_cron=1769450675.8767230510711669921875 HTTP/1.1" 200 - "-" "WordPress/6.9; https://nutritaste.com.au"
103.4.122.14 - - [27/Jan/2026:02:04:34 +0800] "POST /?wordfence_syncAttackData=1769450674.3017 HTTP/1.1" 200 - "-" "WordPress/6.9; https://nutritaste.com.au"
103.4.122.14 - - [27/Jan/2026:02:05:56 +0800] "POST /wp-cron.php?doing_wp_cron=1769450756.8172678947448730468750 HTTP/1.1" 200 - "-" "WordPress/6.9; https://nutritaste.com.au"
95.85.238.54 - - [27/Jan/2026:02:05:54 +0800] "GET /wp-login.php HTTP/1.1" 200 3205 "http://www.google.com.hk" "Mozilla/5.0 (Windows NT 6.1; WOW64) AppleWebKit/537.36 (KHTML, like Gecko) Chrome/42.0.2311.90 Safari/537.36"
95.85.238.54 - - [27/Jan/2026:02:07:11 +0800] "GET /wp-json/wp/v2/users HTTP/1.1" 403 199 "-" "Mozilla/5.0 (Windows NT 10.0; Win64; x64) AppleWebKit/537.36 (KHTML, like Gecko) Chrome/92.0.4515.159 Safari/537.36"
95.85.238.54 - - [27/Jan/2026:02:08:50 +0800] "GET /?author=1 HTTP/1.1" 302 - "-" "Mozilla/5.0 (Windows NT 10.0; Win64; x64) AppleWebKit/537.36 (KHTML, like Gecko) Chrome/92.0.4515.159 Safari/537.36"
95.85.238.54 - - [27/Jan/2026:02:10:21 +0800] "GET /?author=2 HTTP/1.1" 302 - "-" "Mozilla/5.0 (Windows NT 10.0; Win64; x64) AppleWebKit/537.36 (KHTML, like Gecko) Chrome/92.0.4515.159 Safari/537.36"
95.85.238.54 - - [27/Jan/2026:02:11:31 +0800] "GET /?author=3 HTTP/1.1" 302 - "-" "Mozilla/5.0 (Windows NT 10.0; Win64; x64) AppleWebKit/537.36 (KHTML, like Gecko) Chrome/92.0.4515.159 Safari/537.36"
95.85.238.54 - - [27/Jan/2026:02:12:39 +0800] "GET /?author=4 HTTP/1.1" 302 - "-" "Mozilla/5.0 (Windows NT 10.0; Win64; x64) AppleWebKit/537.36 (KHTML, like Gecko) Chrome/92.0.4515.159 Safari/537.36"
95.85.238.54 - - [27/Jan/2026:02:13:46 +0800] "GET /?author=5 HTTP/1.1" 302 - "-" "Mozilla/5.0 (Windows NT 10.0; Win64; x64) AppleWebKit/537.36 (KHTML, like Gecko) Chrome/92.0.4515.159 Safari/537.36"
95.85.238.54 - - [27/Jan/2026:02:15:08 +0800] "GET /?author=6 HTTP/1.1" 302 - "-" "Mozilla/5.0 (Windows NT 10.0; Win64; x64) AppleWebKit/537.36 (KHTML, like Gecko) Chrome/92.0.4515.159 Safari/537.36"
95.85.238.54 - - [27/Jan/2026:02:16:24 +0800] "GET /?author=7 HTTP/1.1" 302 - "-" "Mozilla/5.0 (Windows NT 10.0; Win64; x64) AppleWebKit/537.36 (KHTML, like Gecko) Chrome/92.0.4515.159 Safari/537.36"
95.85.238.54 - - [27/Jan/2026:02:18:02 +0800] "GET /?author=8 HTTP/1.1" 302 - "-" "Mozilla/5.0 (Windows NT 10.0; Win64; x64) AppleWebKit/537.36 (KHTML, like Gecko) Chrome/92.0.4515.159 Safari/537.36"
95.85.238.54 - - [27/Jan/2026:02:19:32 +0800] "GET /?author=9 HTTP/1.1" 302 - "-" "Mozilla/5.0 (Windows NT 10.0; Win64; x64) AppleWebKit/537.36 (KHTML, like Gecko) Chrome/92.0.4515.159 Safari/537.36"
95.85.238.54 - - [27/Jan/2026:02:20:33 +0800] "GET /?author=10 HTTP/1.1" 302 - "-" "Mozilla/5.0 (Windows NT 10.0; Win64; x64) AppleWebKit/537.36 (KHTML, like Gecko) Chrome/92.0.4515.159 Safari/537.36"
95.85.238.54 - - [27/Jan/2026:02:22:01 +0800] "GET /?author=11 HTTP/1.1" 302 - "-" "Mozilla/5.0 (Windows NT 10.0; Win64; x64) AppleWebKit/537.36 (KHTML, like Gecko) Chrome/92.0.4515.159 Safari/537.36"
95.85.238.54 - - [27/Jan/2026:02:23:30 +0800] "GET /?author=12 HTTP/1.1" 302 - "-" "Mozilla/5.0 (Windows NT 10.0; Win64; x64) AppleWebKit/537.36 (KHTML, like Gecko) Chrome/92.0.4515.159 Safari/537.36"
95.85.238.54 - - [27/Jan/2026:02:24:43 +0800] "GET /?author=13 HTTP/1.1" 302 - "-" "Mozilla/5.0 (Windows NT 10.0; Win64; x64) AppleWebKit/537.36 (KHTML, like Gecko) Chrome/92.0.4515.159 Safari/537.36"
95.85.238.54 - - [27/Jan/2026:02:26:10 +0800] "GET /?author=14 HTTP/1.1" 302 - "-" "Mozilla/5.0 (Windows NT 10.0; Win64; x64) AppleWebKit/537.36 (KHTML, like Gecko) Chrome/92.0.4515.159 Safari/537.36"
95.85.238.54 - - [27/Jan/2026:02:27:32 +0800] "GET /?author=15 HTTP/1.1" 302 - "-" "Mozilla/5.0 (Windows NT 10.0; Win64; x64) AppleWebKit/537.36 (KHTML, like Gecko) Chrome/92.0.4515.159 Safari/537.36"
95.85.238.54 - - [27/Jan/2026:02:28:39 +0800] "GET /?author=16 HTTP/1.1" 302 - "-" "Mozilla/5.0 (Windows NT 10.0; Win64; x64) AppleWebKit/537.36 (KHTML, like Gecko) Chrome/92.0.4515.159 Safari/537.36"
95.85.238.54 - - [27/Jan/2026:02:29:25 +0800] "GET /?author=17 HTTP/1.1" 302 - "-" "Mozilla/5.0 (Windows NT 10.0; Win64; x64) AppleWebKit/537.36 (KHTML, like Gecko) Chrome/92.0.4515.159 Safari/537.36"
95.85.238.54 - - [27/Jan/2026:02:30:49 +0800] "GET /?author=18 HTTP/1.1" 302 - "-" "Mozilla/5.0 (Windows NT 10.0; Win64; x64) AppleWebKit/537.36 (KHTML, like Gecko) Chrome/92.0.4515.159 Safari/537.36"
95.85.238.54 - - [27/Jan/2026:02:32:32 +0800] "GET /?author=19 HTTP/1.1" 302 - "-" "Mozilla/5.0 (Windows NT 10.0; Win64; x64) AppleWebKit/537.36 (KHTML, like Gecko) Chrome/92.0.4515.159 Safari/537.36"
95.85.238.54 - - [27/Jan/2026:02:34:27 +0800] "GET /?author=20 HTTP/1.1" 302 - "-" "Mozilla/5.0 (Windows NT 10.0; Win64; x64) AppleWebKit/537.36 (KHTML, like Gecko) Chrome/92.0.4515.159 Safari/537.36"
103.4.122.14 - - [27/Jan/2026:02:34:40 +0800] "POST /wp-cron.php?doing_wp_cron=1769452480.3659570217132568359375 HTTP/1.1" 200 - "-" "WordPress/6.9; https://nutritaste.com.au"
103.175.47.118 - - [27/Jan/2026:02:34:37 +0800] "GET /wp-json/wp/v2/posts HTTP/1.1" 200 22 "-" "Mozilla/5.0 (Windows NT 10.0; Win64; x64) AppleWebKit/537.36 (KHTML, like Gecko) Chrome/120.0.0.0 Safari/537.36"
95.85.238.54 - - [27/Jan/2026:02:36:21 +0800] "GET /?author=21 HTTP/1.1" 302 - "-" "Mozilla/5.0 (Windows NT 10.0; Win64; x64) AppleWebKit/537.36 (KHTML, like Gecko) Chrome/92.0.4515.159 Safari/537.36"
95.85.238.54 - - [27/Jan/2026:02:37:56 +0800] "GET /?author=22 HTTP/1.1" 302 - "-" "Mozilla/5.0 (Windows NT 10.0; Win64; x64) AppleWebKit/537.36 (KHTML, like Gecko) Chrome/92.0.4515.159 Safari/537.36"
95.85.238.54 - - [27/Jan/2026:02:39:45 +0800] "GET /?author=23 HTTP/1.1" 302 - "-" "Mozilla/5.0 (Windows NT 10.0; Win64; x64) AppleWebKit/537.36 (KHTML, like Gecko) Chrome/92.0.4515.159 Safari/537.36"
95.85.238.54 - - [27/Jan/2026:02:41:25 +0800] "GET /?author=24 HTTP/1.1" 302 - "-" "Mozilla/5.0 (Windows NT 10.0; Win64; x64) AppleWebKit/537.36 (KHTML, like Gecko) Chrome/92.0.4515.159 Safari/537.36"
95.85.238.54 - - [27/Jan/2026:02:42:37 +0800] "GET /?author=25 HTTP/1.1" 302 - "-" "Mozilla/5.0 (Windows NT 10.0; Win64; x64) AppleWebKit/537.36 (KHTML, like Gecko) Chrome/92.0.4515.159 Safari/537.36"
95.85.238.54 - - [27/Jan/2026:02:44:00 +0800] "GET /?author=26 HTTP/1.1" 302 - "-" "Mozilla/5.0 (Windows NT 10.0; Win64; x64) AppleWebKit/537.36 (KHTML, like Gecko) Chrome/92.0.4515.159 Safari/537.36"
95.85.238.54 - - [27/Jan/2026:02:45:19 +0800] "GET /?author=27 HTTP/1.1" 302 - "-" "Mozilla/5.0 (Windows NT 10.0; Win64; x64) AppleWebKit/537.36 (KHTML, like Gecko) Chrome/92.0.4515.159 Safari/537.36"
95.85.238.54 - - [27/Jan/2026:02:46:39 +0800] "GET /?author=28 HTTP/1.1" 302 - "-" "Mozilla/5.0 (Windows NT 10.0; Win64; x64) AppleWebKit/537.36 (KHTML, like Gecko) Chrome/92.0.4515.159 Safari/537.36"
95.85.238.54 - - [27/Jan/2026:02:48:20 +0800] "GET /?author=29 HTTP/1.1" 302 - "-" "Mozilla/5.0 (Windows NT 10.0; Win64; x64) AppleWebKit/537.36 (KHTML, like Gecko) Chrome/92.0.4515.159 Safari/537.36"
95.85.238.54 - - [27/Jan/2026:02:49:56 +0800] "GET /?author=30 HTTP/1.1" 302 - "-" "Mozilla/5.0 (Windows NT 10.0; Win64; x64) AppleWebKit/537.36 (KHTML, like Gecko) Chrome/92.0.4515.159 Safari/537.36"
95.85.238.54 - - [27/Jan/2026:02:51:05 +0800] "GET /?author=31 HTTP/1.1" 302 - "-" "Mozilla/5.0 (Windows NT 10.0; Win64; x64) AppleWebKit/537.36 (KHTML, like Gecko) Chrome/92.0.4515.159 Safari/537.36"
95.85.238.54 - - [27/Jan/2026:02:52:14 +0800] "GET /?author=32 HTTP/1.1" 302 - "-" "Mozilla/5.0 (Windows NT 10.0; Win64; x64) AppleWebKit/537.36 (KHTML, like Gecko) Chrome/92.0.4515.159 Safari/537.36"
95.85.238.54 - - [27/Jan/2026:02:53:02 +0800] "GET /?author=33 HTTP/1.1" 302 - "-" "Mozilla/5.0 (Windows NT 10.0; Win64; x64) AppleWebKit/537.36 (KHTML, like Gecko) Chrome/92.0.4515.159 Safari/537.36"
95.85.238.54 - - [27/Jan/2026:02:54:03 +0800] "GET /?author=34 HTTP/1.1" 302 - "-" "Mozilla/5.0 (Windows NT 10.0; Win64; x64) AppleWebKit/537.36 (KHTML, like Gecko) Chrome/92.0.4515.159 Safari/537.36"
95.85.238.54 - - [27/Jan/2026:02:55:10 +0800] "GET /?author=35 HTTP/1.1" 302 - "-" "Mozilla/5.0 (Windows NT 10.0; Win64; x64) AppleWebKit/537.36 (KHTML, like Gecko) Chrome/92.0.4515.159 Safari/537.36"
95.85.238.54 - - [27/Jan/2026:02:56:08 +0800] "GET /?author=36 HTTP/1.1" 302 - "-" "Mozilla/5.0 (Windows NT 10.0; Win64; x64) AppleWebKit/537.36 (KHTML, like Gecko) Chrome/92.0.4515.159 Safari/537.36"
95.85.238.54 - - [27/Jan/2026:02:57:31 +0800] "GET /?author=37 HTTP/1.1" 302 - "-" "Mozilla/5.0 (Windows NT 10.0; Win64; x64) AppleWebKit/537.36 (KHTML, like Gecko) Chrome/92.0.4515.159 Safari/537.36"
95.85.238.54 - - [27/Jan/2026:02:59:07 +0800] "GET /?author=38 HTTP/1.1" 302 - "-" "Mozilla/5.0 (Windows NT 10.0; Win64; x64) AppleWebKit/537.36 (KHTML, like Gecko) Chrome/92.0.4515.159 Safari/537.36"
95.85.238.54 - - [27/Jan/2026:03:00:06 +0800] "GET /?author=39 HTTP/1.1" 302 - "-" "Mozilla/5.0 (Windows NT 10.0; Win64; x64) AppleWebKit/537.36 (KHTML, like Gecko) Chrome/92.0.4515.159 Safari/537.36"
95.85.238.54 - - [27/Jan/2026:03:01:33 +0800] "GET /?author=40 HTTP/1.1" 302 - "-" "Mozilla/5.0 (Windows NT 10.0; Win64; x64) AppleWebKit/537.36 (KHTML, like Gecko) Chrome/92.0.4515.159 Safari/537.36"
95.85.238.54 - - [27/Jan/2026:03:03:04 +0800] "GET /?author=41 HTTP/1.1" 302 - "-" "Mozilla/5.0 (Windows NT 10.0; Win64; x64) AppleWebKit/537.36 (KHTML, like Gecko) Chrome/92.0.4515.159 Safari/537.36"
95.85.238.54 - - [27/Jan/2026:03:04:41 +0800] "GET /?author=42 HTTP/1.1" 302 - "-" "Mozilla/5.0 (Windows NT 10.0; Win64; x64) AppleWebKit/537.36 (KHTML, like Gecko) Chrome/92.0.4515.159 Safari/537.36"
95.85.238.54 - - [27/Jan/2026:03:06:10 +0800] "GET /?author=43 HTTP/1.1" 302 - "-" "Mozilla/5.0 (Windows NT 10.0; Win64; x64) AppleWebKit/537.36 (KHTML, like Gecko) Chrome/92.0.4515.159 Safari/537.36"
95.85.238.54 - - [27/Jan/2026:03:07:44 +0800] "GET /?author=44 HTTP/1.1" 302 - "-" "Mozilla/5.0 (Windows NT 10.0; Win64; x64) AppleWebKit/537.36 (KHTML, like Gecko) Chrome/92.0.4515.159 Safari/537.36"
95.85.238.54 - - [27/Jan/2026:03:09:02 +0800] "GET /?author=45 HTTP/1.1" 302 - "-" "Mozilla/5.0 (Windows NT 10.0; Win64; x64) AppleWebKit/537.36 (KHTML, like Gecko) Chrome/92.0.4515.159 Safari/537.36"
95.85.238.54 - - [27/Jan/2026:03:10:00 +0800] "GET /?author=46 HTTP/1.1" 302 - "-" "Mozilla/5.0 (Windows NT 10.0; Win64; x64) AppleWebKit/537.36 (KHTML, like Gecko) Chrome/92.0.4515.159 Safari/537.36"
95.85.238.54 - - [27/Jan/2026:03:11:18 +0800] "GET /?author=47 HTTP/1.1" 302 - "-" "Mozilla/5.0 (Windows NT 10.0; Win64; x64) AppleWebKit/537.36 (KHTML, like Gecko) Chrome/92.0.4515.159 Safari/537.36"
95.85.238.54 - - [27/Jan/2026:03:12:40 +0800] "GET /?author=48 HTTP/1.1" 302 - "-" "Mozilla/5.0 (Windows NT 10.0; Win64; x64) AppleWebKit/537.36 (KHTML, like Gecko) Chrome/92.0.4515.159 Safari/537.36"
95.85.238.54 - - [27/Jan/2026:03:13:59 +0800] "GET /?author=49 HTTP/1.1" 302 - "-" "Mozilla/5.0 (Windows NT 10.0; Win64; x64) AppleWebKit/537.36 (KHTML, like Gecko) Chrome/92.0.4515.159 Safari/537.36"
95.85.238.54 - - [27/Jan/2026:03:15:51 +0800] "GET /?author=50 HTTP/1.1" 302 - "-" "Mozilla/5.0 (Windows NT 10.0; Win64; x64) AppleWebKit/537.36 (KHTML, like Gecko) Chrome/92.0.4515.159 Safari/537.36"
95.85.238.54 - - [27/Jan/2026:03:17:08 +0800] "GET /?author=51 HTTP/1.1" 302 - "-" "Mozilla/5.0 (Windows NT 10.0; Win64; x64) AppleWebKit/537.36 (KHTML, like Gecko) Chrome/92.0.4515.159 Safari/537.36"
95.85.238.54 - - [27/Jan/2026:03:19:45 +0800] "GET /?author=52 HTTP/1.1" 302 - "-" "Mozilla/5.0 (Windows NT 10.0; Win64; x64) AppleWebKit/537.36 (KHTML, like Gecko) Chrome/92.0.4515.159 Safari/537.36"
95.85.238.54 - - [27/Jan/2026:03:21:49 +0800] "GET /?author=53 HTTP/1.1" 302 - "-" "Mozilla/5.0 (Windows NT 10.0; Win64; x64) AppleWebKit/537.36 (KHTML, like Gecko) Chrome/92.0.4515.159 Safari/537.36"
95.85.238.54 - - [27/Jan/2026:03:23:37 +0800] "GET /?author=54 HTTP/1.1" 302 - "-" "Mozilla/5.0 (Windows NT 10.0; Win64; x64) AppleWebKit/537.36 (KHTML, like Gecko) Chrome/92.0.4515.159 Safari/537.36"
95.85.238.54 - - [27/Jan/2026:03:25:41 +0800] "GET /?author=55 HTTP/1.1" 302 - "-" "Mozilla/5.0 (Windows NT 10.0; Win64; x64) AppleWebKit/537.36 (KHTML, like Gecko) Chrome/92.0.4515.159 Safari/537.36"
95.85.238.54 - - [27/Jan/2026:03:27:21 +0800] "GET /?author=56 HTTP/1.1" 302 - "-" "Mozilla/5.0 (Windows NT 10.0; Win64; x64) AppleWebKit/537.36 (KHTML, like Gecko) Chrome/92.0.4515.159 Safari/537.36"
95.85.238.54 - - [27/Jan/2026:03:29:19 +0800] "GET /?author=57 HTTP/1.1" 302 - "-" "Mozilla/5.0 (Windows NT 10.0; Win64; x64) AppleWebKit/537.36 (KHTML, like Gecko) Chrome/92.0.4515.159 Safari/537.36"
95.85.238.54 - - [27/Jan/2026:03:30:50 +0800] "GET /?author=58 HTTP/1.1" 302 - "-" "Mozilla/5.0 (Windows NT 10.0; Win64; x64) AppleWebKit/537.36 (KHTML, like Gecko) Chrome/92.0.4515.159 Safari/537.36"
95.85.238.54 - - [27/Jan/2026:03:32:08 +0800] "GET /?author=59 HTTP/1.1" 302 - "-" "Mozilla/5.0 (Windows NT 10.0; Win64; x64) AppleWebKit/537.36 (KHTML, like Gecko) Chrome/92.0.4515.159 Safari/537.36"
95.85.238.54 - - [27/Jan/2026:03:32:51 +0800] "GET /?author=60 HTTP/1.1" 302 - "-" "Mozilla/5.0 (Windows NT 10.0; Win64; x64) AppleWebKit/537.36 (KHTML, like Gecko) Chrome/92.0.4515.159 Safari/537.36"
95.85.238.54 - - [27/Jan/2026:03:33:40 +0800] "GET /wp-json/wp/v2/users/1 HTTP/1.1" 403 199 "-" "Mozilla/5.0 (Windows NT 10.0; Win64; x64) AppleWebKit/537.36 (KHTML, like Gecko) Chrome/92.0.4515.159 Safari/537.36"
95.85.238.54 - - [27/Jan/2026:03:34:45 +0800] "GET /wp-json/wp/v2/users/2 HTTP/1.1" 403 199 "-" "Mozilla/5.0 (Windows NT 10.0; Win64; x64) AppleWebKit/537.36 (KHTML, like Gecko) Chrome/92.0.4515.159 Safari/537.36"
95.85.238.54 - - [27/Jan/2026:03:35:59 +0800] "GET /wp-json/wp/v2/users/3 HTTP/1.1" 403 199 "-" "Mozilla/5.0 (Windows NT 10.0; Win64; x64) AppleWebKit/537.36 (KHTML, like Gecko) Chrome/92.0.4515.159 Safari/537.36"
95.85.238.54 - - [27/Jan/2026:03:37:31 +0800] "GET /wp-json/wp/v2/users/4 HTTP/1.1" 403 199 "-" "Mozilla/5.0 (Windows NT 10.0; Win64; x64) AppleWebKit/537.36 (KHTML, like Gecko) Chrome/92.0.4515.159 Safari/537.36"
95.85.238.54 - - [27/Jan/2026:03:39:13 +0800] "GET /wp-json/wp/v2/users/5 HTTP/1.1" 403 199 "-" "Mozilla/5.0 (Windows NT 10.0; Win64; x64) AppleWebKit/537.36 (KHTML, like Gecko) Chrome/92.0.4515.159 Safari/537.36"
95.85.238.54 - - [27/Jan/2026:03:41:15 +0800] "GET /wp-json/wp/v2/users/7 HTTP/1.1" 403 199 "-" "Mozilla/5.0 (Windows NT 10.0; Win64; x64) AppleWebKit/537.36 (KHTML, like Gecko) Chrome/92.0.4515.159 Safari/537.36"
95.85.238.54 - - [27/Jan/2026:03:42:39 +0800] "GET /wp-json/wp/v2/users/8 HTTP/1.1" 403 199 "-" "Mozilla/5.0 (Windows NT 10.0; Win64; x64) AppleWebKit/537.36 (KHTML, like Gecko) Chrome/92.0.4515.159 Safari/537.36"
95.85.238.54 - - [27/Jan/2026:03:44:06 +0800] "GET /wp-json/wp/v2/users/9 HTTP/1.1" 403 199 "-" "Mozilla/5.0 (Windows NT 10.0; Win64; x64) AppleWebKit/537.36 (KHTML, like Gecko) Chrome/92.0.4515.159 Safari/537.36"
95.85.238.54 - - [27/Jan/2026:03:45:41 +0800] "GET /wp-json/wp/v2/users/10 HTTP/1.1" 403 199 "-" "Mozilla/5.0 (Windows NT 10.0; Win64; x64) AppleWebKit/537.36 (KHTML, like Gecko) Chrome/92.0.4515.159 Safari/537.36"
95.85.238.54 - - [27/Jan/2026:03:47:13 +0800] "GET /wp-json/wp/v2/users/11 HTTP/1.1" 403 199 "-" "Mozilla/5.0 (Windows NT 10.0; Win64; x64) AppleWebKit/537.36 (KHTML, like Gecko) Chrome/92.0.4515.159 Safari/537.36"
95.85.238.54 - - [27/Jan/2026:03:49:18 +0800] "GET /wp-json/wp/v2/users/12 HTTP/1.1" 403 199 "-" "Mozilla/5.0 (Windows NT 10.0; Win64; x64) AppleWebKit/537.36 (KHTML, like Gecko) Chrome/92.0.4515.159 Safari/537.36"
95.85.238.54 - - [27/Jan/2026:03:51:02 +0800] "GET /wp-json/wp/v2/users/13 HTTP/1.1" 403 199 "-" "Mozilla/5.0 (Windows NT 10.0; Win64; x64) AppleWebKit/537.36 (KHTML, like Gecko) Chrome/92.0.4515.159 Safari/537.36"
95.85.238.54 - - [27/Jan/2026:03:52:44 +0800] "GET /wp-json/wp/v2/users/14 HTTP/1.1" 403 199 "-" "Mozilla/5.0 (Windows NT 10.0; Win64; x64) AppleWebKit/537.36 (KHTML, like Gecko) Chrome/92.0.4515.159 Safari/537.36"
95.85.238.54 - - [27/Jan/2026:03:54:49 +0800] "GET /wp-json/wp/v2/users/15 HTTP/1.1" 403 199 "-" "Mozilla/5.0 (Windows NT 10.0; Win64; x64) AppleWebKit/537.36 (KHTML, like Gecko) Chrome/92.0.4515.159 Safari/537.36"
95.85.238.54 - - [27/Jan/2026:03:55:57 +0800] "GET /wp-json/wp/v2/users/16 HTTP/1.1" 403 199 "-" "Mozilla/5.0 (Windows NT 10.0; Win64; x64) AppleWebKit/537.36 (KHTML, like Gecko) Chrome/92.0.4515.159 Safari/537.36"
95.85.238.54 - - [27/Jan/2026:03:58:40 +0800] "GET /wp-json/wp/v2/users/18 HTTP/1.1" 403 199 "-" "Mozilla/5.0 (Windows NT 10.0; Win64; x64) AppleWebKit/537.36 (KHTML, like Gecko) Chrome/92.0.4515.159 Safari/537.36"
95.85.238.54 - - [27/Jan/2026:04:00:07 +0800] "GET /wp-json/wp/v2/users/19 HTTP/1.1" 403 199 "-" "Mozilla/5.0 (Windows NT 10.0; Win64; x64) AppleWebKit/537.36 (KHTML, like Gecko) Chrome/92.0.4515.159 Safari/537.36"
95.85.238.54 - - [27/Jan/2026:04:02:07 +0800] "GET /wp-json/wp/v2/users/20 HTTP/1.1" 403 199 "-" "Mozilla/5.0 (Windows NT 10.0; Win64; x64) AppleWebKit/537.36 (KHTML, like Gecko) Chrome/92.0.4515.159 Safari/537.36"
95.85.238.54 - - [27/Jan/2026:04:03:57 +0800] "GET /wp-json/wp/v2/users/21 HTTP/1.1" 403 199 "-" "Mozilla/5.0 (Windows NT 10.0; Win64; x64) AppleWebKit/537.36 (KHTML, like Gecko) Chrome/92.0.4515.159 Safari/537.36"
95.85.238.54 - - [27/Jan/2026:04:05:26 +0800] "GET /wp-json/wp/v2/users/22 HTTP/1.1" 403 199 "-" "Mozilla/5.0 (Windows NT 10.0; Win64; x64) AppleWebKit/537.36 (KHTML, like Gecko) Chrome/92.0.4515.159 Safari/537.36"
95.85.238.54 - - [27/Jan/2026:04:06:46 +0800] "GET /wp-json/wp/v2/users/23 HTTP/1.1" 403 199 "-" "Mozilla/5.0 (Windows NT 10.0; Win64; x64) AppleWebKit/537.36 (KHTML, like Gecko) Chrome/92.0.4515.159 Safari/537.36"
95.85.238.54 - - [27/Jan/2026:04:08:28 +0800] "GET /wp-json/wp/v2/users/24 HTTP/1.1" 403 199 "-" "Mozilla/5.0 (Windows NT 10.0; Win64; x64) AppleWebKit/537.36 (KHTML, like Gecko) Chrome/92.0.4515.159 Safari/537.36"
95.85.238.54 - - [27/Jan/2026:04:10:00 +0800] "GET /wp-json/wp/v2/users/25 HTTP/1.1" 403 199 "-" "Mozilla/5.0 (Windows NT 10.0; Win64; x64) AppleWebKit/537.36 (KHTML, like Gecko) Chrome/92.0.4515.159 Safari/537.36"
95.85.238.54 - - [27/Jan/2026:04:11:34 +0800] "GET /wp-json/wp/v2/users/26 HTTP/1.1" 403 199 "-" "Mozilla/5.0 (Windows NT 10.0; Win64; x64) AppleWebKit/537.36 (KHTML, like Gecko) Chrome/92.0.4515.159 Safari/537.36"
95.85.238.54 - - [27/Jan/2026:04:12:50 +0800] "GET /wp-json/wp/v2/users/27 HTTP/1.1" 403 199 "-" "Mozilla/5.0 (Windows NT 10.0; Win64; x64) AppleWebKit/537.36 (KHTML, like Gecko) Chrome/92.0.4515.159 Safari/537.36"
95.85.238.54 - - [27/Jan/2026:04:13:54 +0800] "GET /wp-json/wp/v2/users/28 HTTP/1.1" 403 199 "-" "Mozilla/5.0 (Windows NT 10.0; Win64; x64) AppleWebKit/537.36 (KHTML, like Gecko) Chrome/92.0.4515.159 Safari/537.36"
95.85.238.54 - - [27/Jan/2026:04:15:10 +0800] "GET /wp-json/wp/v2/users/29 HTTP/1.1" 403 199 "-" "Mozilla/5.0 (Windows NT 10.0; Win64; x64) AppleWebKit/537.36 (KHTML, like Gecko) Chrome/92.0.4515.159 Safari/537.36"
95.85.238.54 - - [27/Jan/2026:04:16:12 +0800] "GET /wp-json/wp/v2/users/30 HTTP/1.1" 403 199 "-" "Mozilla/5.0 (Windows NT 10.0; Win64; x64) AppleWebKit/537.36 (KHTML, like Gecko) Chrome/92.0.4515.159 Safari/537.36"
95.85.238.54 - - [27/Jan/2026:04:17:09 +0800] "GET /wp-json/wp/v2/users/31 HTTP/1.1" 403 199 "-" "Mozilla/5.0 (Windows NT 10.0; Win64; x64) AppleWebKit/537.36 (KHTML, like Gecko) Chrome/92.0.4515.159 Safari/537.36"
95.85.238.54 - - [27/Jan/2026:04:19:02 +0800] "GET /wp-json/wp/v2/users/32 HTTP/1.1" 403 199 "-" "Mozilla/5.0 (Windows NT 10.0; Win64; x64) AppleWebKit/537.36 (KHTML, like Gecko) Chrome/92.0.4515.159 Safari/537.36"
95.85.238.54 - - [27/Jan/2026:04:20:08 +0800] "GET /wp-json/wp/v2/users/33 HTTP/1.1" 403 199 "-" "Mozilla/5.0 (Windows NT 10.0; Win64; x64) AppleWebKit/537.36 (KHTML, like Gecko) Chrome/92.0.4515.159 Safari/537.36"
95.85.238.54 - - [27/Jan/2026:04:21:04 +0800] "GET /wp-json/wp/v2/users/34 HTTP/1.1" 403 199 "-" "Mozilla/5.0 (Windows NT 10.0; Win64; x64) AppleWebKit/537.36 (KHTML, like Gecko) Chrome/92.0.4515.159 Safari/537.36"
95.85.238.54 - - [27/Jan/2026:04:21:57 +0800] "GET /wp-json/wp/v2/users/35 HTTP/1.1" 403 199 "-" "Mozilla/5.0 (Windows NT 10.0; Win64; x64) AppleWebKit/537.36 (KHTML, like Gecko) Chrome/92.0.4515.159 Safari/537.36"
95.85.238.54 - - [27/Jan/2026:04:23:01 +0800] "GET /wp-json/wp/v2/users/36 HTTP/1.1" 403 199 "-" "Mozilla/5.0 (Windows NT 10.0; Win64; x64) AppleWebKit/537.36 (KHTML, like Gecko) Chrome/92.0.4515.159 Safari/537.36"
95.85.238.54 - - [27/Jan/2026:04:24:34 +0800] "GET /wp-json/wp/v2/users/37 HTTP/1.1" 403 199 "-" "Mozilla/5.0 (Windows NT 10.0; Win64; x64) AppleWebKit/537.36 (KHTML, like Gecko) Chrome/92.0.4515.159 Safari/537.36"
95.85.238.54 - - [27/Jan/2026:04:26:11 +0800] "GET /wp-json/wp/v2/users/38 HTTP/1.1" 403 199 "-" "Mozilla/5.0 (Windows NT 10.0; Win64; x64) AppleWebKit/537.36 (KHTML, like Gecko) Chrome/92.0.4515.159 Safari/537.36"
95.85.238.54 - - [27/Jan/2026:04:27:56 +0800] "GET /wp-json/wp/v2/users/39 HTTP/1.1" 403 199 "-" "Mozilla/5.0 (Windows NT 10.0; Win64; x64) AppleWebKit/537.36 (KHTML, like Gecko) Chrome/92.0.4515.159 Safari/537.36"
95.85.238.54 - - [27/Jan/2026:04:29:58 +0800] "GET /wp-json/wp/v2/users/40 HTTP/1.1" 403 199 "-" "Mozilla/5.0 (Windows NT 10.0; Win64; x64) AppleWebKit/537.36 (KHTML, like Gecko) Chrome/92.0.4515.159 Safari/537.36"
95.85.238.54 - - [27/Jan/2026:04:31:22 +0800] "GET /wp-json/wp/v2/users/41 HTTP/1.1" 403 199 "-" "Mozilla/5.0 (Windows NT 10.0; Win64; x64) AppleWebKit/537.36 (KHTML, like Gecko) Chrome/92.0.4515.159 Safari/537.36"
95.85.238.54 - - [27/Jan/2026:04:32:29 +0800] "GET /wp-json/wp/v2/users/42 HTTP/1.1" 403 199 "-" "Mozilla/5.0 (Windows NT 10.0; Win64; x64) AppleWebKit/537.36 (KHTML, like Gecko) Chrome/92.0.4515.159 Safari/537.36"
95.85.238.54 - - [27/Jan/2026:04:33:51 +0800] "GET /wp-json/wp/v2/users/43 HTTP/1.1" 403 199 "-" "Mozilla/5.0 (Windows NT 10.0; Win64; x64) AppleWebKit/537.36 (KHTML, like Gecko) Chrome/92.0.4515.159 Safari/537.36"
95.85.238.54 - - [27/Jan/2026:04:35:11 +0800] "GET /wp-json/wp/v2/users/44 HTTP/1.1" 403 199 "-" "Mozilla/5.0 (Windows NT 10.0; Win64; x64) AppleWebKit/537.36 (KHTML, like Gecko) Chrome/92.0.4515.159 Safari/537.36"
95.85.238.54 - - [27/Jan/2026:04:36:14 +0800] "GET /wp-json/wp/v2/users/45 HTTP/1.1" 403 199 "-" "Mozilla/5.0 (Windows NT 10.0; Win64; x64) AppleWebKit/537.36 (KHTML, like Gecko) Chrome/92.0.4515.159 Safari/537.36"
95.85.238.54 - - [27/Jan/2026:04:37:13 +0800] "GET /wp-json/wp/v2/users/46 HTTP/1.1" 403 199 "-" "Mozilla/5.0 (Windows NT 10.0; Win64; x64) AppleWebKit/537.36 (KHTML, like Gecko) Chrome/92.0.4515.159 Safari/537.36"
95.85.238.54 - - [27/Jan/2026:04:38:33 +0800] "GET /wp-json/wp/v2/users/47 HTTP/1.1" 403 199 "-" "Mozilla/5.0 (Windows NT 10.0; Win64; x64) AppleWebKit/537.36 (KHTML, like Gecko) Chrome/92.0.4515.159 Safari/537.36"
95.85.238.54 - - [27/Jan/2026:04:39:47 +0800] "GET /wp-json/wp/v2/users/48 HTTP/1.1" 403 199 "-" "Mozilla/5.0 (Windows NT 10.0; Win64; x64) AppleWebKit/537.36 (KHTML, like Gecko) Chrome/92.0.4515.159 Safari/537.36"
95.85.238.54 - - [27/Jan/2026:04:41:02 +0800] "GET /wp-json/wp/v2/users/49 HTTP/1.1" 403 199 "-" "Mozilla/5.0 (Windows NT 10.0; Win64; x64) AppleWebKit/537.36 (KHTML, like Gecko) Chrome/92.0.4515.159 Safari/537.36"
95.85.238.54 - - [27/Jan/2026:04:42:39 +0800] "GET /wp-json/wp/v2/users/50 HTTP/1.1" 403 199 "-" "Mozilla/5.0 (Windows NT 10.0; Win64; x64) AppleWebKit/537.36 (KHTML, like Gecko) Chrome/92.0.4515.159 Safari/537.36"
95.85.238.54 - - [27/Jan/2026:04:43:56 +0800] "GET /wp-json/wp/v2/users/51 HTTP/1.1" 403 199 "-" "Mozilla/5.0 (Windows NT 10.0; Win64; x64) AppleWebKit/537.36 (KHTML, like Gecko) Chrome/92.0.4515.159 Safari/537.36"
95.85.238.54 - - [27/Jan/2026:04:45:15 +0800] "GET /wp-json/wp/v2/users/52 HTTP/1.1" 403 199 "-" "Mozilla/5.0 (Windows NT 10.0; Win64; x64) AppleWebKit/537.36 (KHTML, like Gecko) Chrome/92.0.4515.159 Safari/537.36"
95.85.238.54 - - [27/Jan/2026:04:46:37 +0800] "GET /wp-json/wp/v2/users/53 HTTP/1.1" 403 199 "-" "Mozilla/5.0 (Windows NT 10.0; Win64; x64) AppleWebKit/537.36 (KHTML, like Gecko) Chrome/92.0.4515.159 Safari/537.36"
95.85.238.54 - - [27/Jan/2026:04:48:26 +0800] "GET /wp-json/wp/v2/users/54 HTTP/1.1" 403 199 "-" "Mozilla/5.0 (Windows NT 10.0; Win64; x64) AppleWebKit/537.36 (KHTML, like Gecko) Chrome/92.0.4515.159 Safari/537.36"
95.85.238.54 - - [27/Jan/2026:04:50:12 +0800] "GET /wp-json/wp/v2/users/55 HTTP/1.1" 403 199 "-" "Mozilla/5.0 (Windows NT 10.0; Win64; x64) AppleWebKit/537.36 (KHTML, like Gecko) Chrome/92.0.4515.159 Safari/537.36"
95.85.238.54 - - [27/Jan/2026:04:51:32 +0800] "GET /wp-json/wp/v2/users/56 HTTP/1.1" 403 199 "-" "Mozilla/5.0 (Windows NT 10.0; Win64; x64) AppleWebKit/537.36 (KHTML, like Gecko) Chrome/92.0.4515.159 Safari/537.36"
95.85.238.54 - - [27/Jan/2026:04:52:51 +0800] "GET /wp-json/wp/v2/users/57 HTTP/1.1" 403 199 "-" "Mozilla/5.0 (Windows NT 10.0; Win64; x64) AppleWebKit/537.36 (KHTML, like Gecko) Chrome/92.0.4515.159 Safari/537.36"
95.85.238.54 - - [27/Jan/2026:04:54:08 +0800] "GET /wp-json/wp/v2/users/58 HTTP/1.1" 403 199 "-" "Mozilla/5.0 (Windows NT 10.0; Win64; x64) AppleWebKit/537.36 (KHTML, like Gecko) Chrome/92.0.4515.159 Safari/537.36"
95.85.238.54 - - [27/Jan/2026:04:55:27 +0800] "GET /wp-json/wp/v2/users/59 HTTP/1.1" 403 199 "-" "Mozilla/5.0 (Windows NT 10.0; Win64; x64) AppleWebKit/537.36 (KHTML, like Gecko) Chrome/92.0.4515.159 Safari/537.36"
95.85.238.54 - - [27/Jan/2026:04:56:33 +0800] "GET /wp-json/wp/v2/users/60 HTTP/1.1" 403 199 "-" "Mozilla/5.0 (Windows NT 10.0; Win64; x64) AppleWebKit/537.36 (KHTML, like Gecko) Chrome/92.0.4515.159 Safari/537.36"
103.4.122.14 - - [27/Jan/2026:04:57:58 +0800] "POST /wp-cron.php?doing_wp_cron=1769461078.1086521148681640625000 HTTP/1.1" 200 - "-" "WordPress/6.9; https://nutritaste.com.au"
95.85.238.54 - - [27/Jan/2026:04:57:54 +0800] "GET /feed/ HTTP/1.1" 200 512 "-" "Mozilla/5.0 (Windows NT 10.0; Win64; x64) AppleWebKit/537.36 (KHTML, like Gecko) Chrome/92.0.4515.159 Safari/537.36"
103.4.122.14 - - [27/Jan/2026:04:59:08 +0800] "POST /wp-cron.php?doing_wp_cron=1769461148.4430179595947265625000 HTTP/1.1" 200 - "-" "WordPress/6.9; https://nutritaste.com.au"
95.85.238.54 - - [27/Jan/2026:04:59:05 +0800] "GET /?feed=rss2 HTTP/1.1" 301 - "-" "Mozilla/5.0 (Windows NT 10.0; Win64; x64) AppleWebKit/537.36 (KHTML, like Gecko) Chrome/92.0.4515.159 Safari/537.36"
103.4.122.14 - - [27/Jan/2026:05:00:08 +0800] "POST /wp-cron.php?doing_wp_cron=1769461208.2105751037597656250000 HTTP/1.1" 200 - "-" "WordPress/6.9; https://nutritaste.com.au"
95.85.238.54 - - [27/Jan/2026:05:00:05 +0800] "GET /feed/ HTTP/1.1" 200 512 "-" "Mozilla/5.0 (Windows NT 10.0; Win64; x64) AppleWebKit/537.36 (KHTML, like Gecko) Chrome/92.0.4515.159 Safari/537.36"
103.4.122.14 - - [27/Jan/2026:05:01:36 +0800] "POST /wp-cron.php?doing_wp_cron=1769461296.6181969642639160156250 HTTP/1.1" 200 - "-" "WordPress/6.9; https://nutritaste.com.au"
95.85.238.54 - - [27/Jan/2026:05:01:33 +0800] "GET /feed/atom/ HTTP/1.1" 200 387 "-" "Mozilla/5.0 (Windows NT 10.0; Win64; x64) AppleWebKit/537.36 (KHTML, like Gecko) Chrome/92.0.4515.159 Safari/537.36"
103.4.122.14 - - [27/Jan/2026:05:02:34 +0800] "POST /wp-cron.php?doing_wp_cron=1769461354.1035799980163574218750 HTTP/1.1" 200 - "-" "WordPress/6.9; https://nutritaste.com.au"
95.85.238.54 - - [27/Jan/2026:05:02:31 +0800] "GET /comments/feed/ HTTP/1.1" 200 395 "-" "Mozilla/5.0 (Windows NT 10.0; Win64; x64) AppleWebKit/537.36 (KHTML, like Gecko) Chrome/92.0.4515.159 Safari/537.36"
103.4.122.14 - - [27/Jan/2026:05:03:42 +0800] "POST /wp-cron.php?doing_wp_cron=1769461422.6935720443725585937500 HTTP/1.1" 200 - "-" "WordPress/6.9; https://nutritaste.com.au"
95.85.238.54 - - [27/Jan/2026:05:03:39 +0800] "GET /wp-login.php?wp_lang=e HTTP/1.1" 302 - "-" "Mozilla/5.0 (Windows NT 6.1; WOW64) AppleWebKit/537.36 (KHTML, like Gecko) Chrome/36.0.1985.125 Safari/537.36"
103.4.122.14 - - [27/Jan/2026:05:05:05 +0800] "POST /wp-cron.php?doing_wp_cron=1769461505.9530310630798339843750 HTTP/1.1" 200 - "-" "WordPress/6.9; https://nutritaste.com.au"
95.85.238.54 - - [27/Jan/2026:05:05:03 +0800] "GET /wp-login.php?wp_lang=e HTTP/1.1" 200 11380 "-" "Mozilla/5.0 (Windows NT 6.1; WOW64) AppleWebKit/537.36 (KHTML, like Gecko) Chrome/36.0.1985.125 Safari/537.36"
103.4.122.14 - - [27/Jan/2026:05:06:26 +0800] "POST /wp-cron.php?doing_wp_cron=1769461586.1189289093017578125000 HTTP/1.1" 200 - "-" "WordPress/6.9; https://nutritaste.com.au"
95.85.238.54 - - [27/Jan/2026:05:06:23 +0800] "POST /wp-login.php?wp_lang=e HTTP/1.1" 302 - "-" "Mozilla/5.0 (Windows NT 6.1; WOW64) AppleWebKit/537.36 (KHTML, like Gecko) Chrome/36.0.1985.125 Safari/537.36"
103.4.122.14 - - [27/Jan/2026:05:07:50 +0800] "POST /wp-cron.php?doing_wp_cron=1769461670.2080509662628173828125 HTTP/1.1" 200 - "-" "WordPress/6.9; https://nutritaste.com.au"
95.85.238.54 - - [27/Jan/2026:05:07:47 +0800] "GET /wp-login.php?wp_lang=e HTTP/1.1" 200 11380 "-" "Mozilla/5.0 (Windows NT 6.1; WOW64) AppleWebKit/537.36 (KHTML, like Gecko) Chrome/36.0.1985.125 Safari/537.36"
103.4.122.14 - - [27/Jan/2026:05:07:54 +0800] "POST /wp-cron.php?doing_wp_cron=1769461674.9561600685119628906250 HTTP/1.1" 200 - "-" "WordPress/6.9; https://nutritaste.com.au"
103.4.122.14 - - [27/Jan/2026:05:07:53 +0800] "POST /wp-admin/admin-ajax.php HTTP/1.1" 200 21 "-" "WordPress/6.9; https://nutritaste.com.au"
74.7.242.19 - - [27/Jan/2026:08:36:27 +0800] "GET / HTTP/1.1" 301 - "-" "Mozilla/5.0 AppleWebKit/537.36 (KHTML, like Gecko; compatible; GPTBot/1.3; +https://openai.com/gptbot)"
103.4.122.14 - - [27/Jan/2026:08:36:30 +0800] "POST /wp-cron.php?doing_wp_cron=1769474190.4208309650421142578125 HTTP/1.1" 200 - "-" "WordPress/6.9; https://nutritaste.com.au"
74.7.228.1 - - [27/Jan/2026:08:36:28 +0800] "GET /robots.txt HTTP/1.1" 301 - "-" "Mozilla/5.0 (Macintosh; Intel Mac OS X 10_15_7) AppleWebKit/537.36 (KHTML, like Gecko) Chrome/131.0.0.0 Safari/537.36; compatible; OAI-SearchBot/1.3; robots.txt; +https://openai.com/searchbot"
74.7.227.132 - - [27/Jan/2026:08:36:31 +0800] "GET / HTTP/1.1" 200 16952 "https://www.nutritaste.com.au" "Mozilla/5.0 AppleWebKit/537.36 (KHTML, like Gecko; compatible; GPTBot/1.3; +https://openai.com/gptbot)"
74.7.228.1 - - [27/Jan/2026:08:36:31 +0800] "GET /robots.txt HTTP/1.1" 200 69 "https://www.nutritaste.com.au/robots.txt" "Mozilla/5.0 (Macintosh; Intel Mac OS X 10_15_7) AppleWebKit/537.36 (KHTML, like Gecko) Chrome/131.0.0.0 Safari/537.36; compatible; OAI-SearchBot/1.3; robots.txt; +https://openai.com/searchbot"
74.7.175.184 - - [27/Jan/2026:08:36:32 +0800] "GET /robots.txt HTTP/1.1" 200 69 "-" "Mozilla/5.0 (Macintosh; Intel Mac OS X 10_15_7) AppleWebKit/537.36 (KHTML, like Gecko) Chrome/131.0.0.0 Safari/537.36; compatible; OAI-SearchBot/1.3; robots.txt; +https://openai.com/searchbot"
103.4.122.14 - - [27/Jan/2026:08:37:00 +0800] "POST /wp-cron.php?doing_wp_cron=1769474219.8284549713134765625000 HTTP/1.1" 200 - "-" "WordPress/6.9; https://nutritaste.com.au"
103.4.122.14 - - [27/Jan/2026:08:36:58 +0800] "POST /wp-admin/admin-ajax.php HTTP/1.1" 200 21 "-" "WordPress/6.9; https://nutritaste.com.au"
103.4.122.14 - - [27/Jan/2026:09:30:47 +0800] "POST /wp-cron.php?doing_wp_cron=1769477447.8782689571380615234375 HTTP/1.1" 200 - "-" "WordPress/6.9; https://nutritaste.com.au"
62.141.44.236 - - [27/Jan/2026:09:30:45 +0800] "GET / HTTP/1.1" 301 - "-" "Mozilla/5.0 (Windows NT 10.0; Win64; x64) AppleWebKit/537.36 (KHTML, like Gecko) Chrome/91.0.4472.114 Safari/537.36 Edg/91.0.864.54"
62.141.44.236 - - [27/Jan/2026:09:30:49 +0800] "GET / HTTP/1.1" 200 16952 "-" "Mozilla/5.0 (Windows NT 10.0; Win64; x64) AppleWebKit/537.36 (KHTML, like Gecko) Chrome/91.0.4472.114 Safari/537.36 Edg/91.0.864.54"
103.4.122.14 - - [27/Jan/2026:09:30:50 +0800] "POST /wp-admin/admin-post.php HTTP/1.1" 200 32 "-" "WordPress/6.9; https://nutritaste.com.au"
103.4.122.14 - - [27/Jan/2026:09:42:32 +0800] "POST /wp-cron.php?doing_wp_cron=1769478152.5905659198760986328125 HTTP/1.1" 200 - "-" "WordPress/6.9; https://nutritaste.com.au"
107.189.14.25 - - [27/Jan/2026:09:42:29 +0800] "GET /wp-login.php HTTP/1.1" 200 11384 "-" "Mozilla/5.0 (Windows NT 6.1; rv:30.0) Gecko/20100101 Firefox/30.0"
107.189.14.25 - - [27/Jan/2026:09:42:33 +0800] "POST /wp-login.php HTTP/1.1" 503 18948 "-" "Mozilla/5.0 (Windows NT 6.1; rv:30.0) Gecko/20100101 Firefox/30.0"
103.4.122.14 - - [27/Jan/2026:10:45:25 +0800] "POST /wp-cron.php?doing_wp_cron=1769481925.2059919834136962890625 HTTP/1.1" 200 - "-" "WordPress/6.9; https://nutritaste.com.au"
14.174.193.15 - - [27/Jan/2026:10:45:11 +0800] "GET / HTTP/1.1" 301 - "-" "Mozilla/5.0 (Macintosh; Intel Mac OS X 12_5) AppleWebKit/537.36 (KHTML, like Gecko) Chrome/114.0.0.0 YaBrowser/22.7.0 Yowser/2.5 Safari/537.36"
14.174.193.15 - - [27/Jan/2026:10:45:26 +0800] "GET / HTTP/1.1" 200 16952 "http://nutritaste.com.au" "Mozilla/5.0 (Macintosh; Intel Mac OS X 12_5) AppleWebKit/537.36 (KHTML, like Gecko) Chrome/114.0.0.0 YaBrowser/22.7.0 Yowser/2.5 Safari/537.36"
14.174.193.15 - - [27/Jan/2026:10:45:27 +0800] "GET / HTTP/1.1" 200 16952 "https://nutritaste.com.au/" "Mozilla/5.0 (Macintosh; Intel Mac OS X 12_5) AppleWebKit/537.36 (KHTML, like Gecko) Chrome/114.0.0.0 YaBrowser/22.7.0 Yowser/2.5 Safari/537.36"
103.4.122.14 - - [27/Jan/2026:10:45:29 +0800] "POST /wp-cron.php?doing_wp_cron=1769481929.7722840309143066406250 HTTP/1.1" 200 - "-" "WordPress/6.9; https://nutritaste.com.au"
14.174.193.15 - - [27/Jan/2026:10:45:28 +0800] "GET /?jkit-ajax-request=jkit_elements HTTP/1.1" 200 - "https://nutritaste.com.au/" "Mozilla/5.0 (Macintosh; Intel Mac OS X 12_5) AppleWebKit/537.36 (KHTML, like Gecko) Chrome/114.0.0.0 YaBrowser/22.7.0 Yowser/2.5 Safari/537.36"
14.174.193.15 - - [27/Jan/2026:10:45:30 +0800] "GET /brochure/ HTTP/1.1" 200 12090 "https://nutritaste.com.au/" "Mozilla/5.0 (Macintosh; Intel Mac OS X 12_5) AppleWebKit/537.36 (KHTML, like Gecko) Chrome/114.0.0.0 YaBrowser/22.7.0 Yowser/2.5 Safari/537.36"
103.4.122.14 - - [27/Jan/2026:10:45:33 +0800] "POST /wp-cron.php?doing_wp_cron=1769481933.1298599243164062500000 HTTP/1.1" 200 - "-" "WordPress/6.9; https://nutritaste.com.au"
14.174.193.15 - - [27/Jan/2026:10:45:31 +0800] "GET /comments/feed/ HTTP/1.1" 200 395 "https://nutritaste.com.au/" "Mozilla/5.0 (Macintosh; Intel Mac OS X 12_5) AppleWebKit/537.36 (KHTML, like Gecko) Chrome/114.0.0.0 YaBrowser/22.7.0 Yowser/2.5 Safari/537.36"
14.174.193.15 - - [27/Jan/2026:10:45:34 +0800] "GET /xmlrpc.php?rsd HTTP/1.1" 200 305 "https://nutritaste.com.au/" "Mozilla/5.0 (Macintosh; Intel Mac OS X 12_5) AppleWebKit/537.36 (KHTML, like Gecko) Chrome/114.0.0.0 YaBrowser/22.7.0 Yowser/2.5 Safari/537.36"
103.4.122.14 - - [27/Jan/2026:10:45:38 +0800] "POST /wp-cron.php?doing_wp_cron=1769481938.3346939086914062500000 HTTP/1.1" 200 - "-" "WordPress/6.9; https://nutritaste.com.au"
14.174.193.15 - - [27/Jan/2026:10:45:36 +0800] "GET /feed/ HTTP/1.1" 200 512 "https://nutritaste.com.au/" "Mozilla/5.0 (Macintosh; Intel Mac OS X 12_5) AppleWebKit/537.36 (KHTML, like Gecko) Chrome/114.0.0.0 YaBrowser/22.7.0 Yowser/2.5 Safari/537.36"
14.174.193.15 - - [27/Jan/2026:10:45:39 +0800] "GET /wp-json/wp/v2/pages/240 HTTP/1.1" 200 11222 "https://nutritaste.com.au/" "Mozilla/5.0 (Macintosh; Intel Mac OS X 12_5) AppleWebKit/537.36 (KHTML, like Gecko) Chrome/114.0.0.0 YaBrowser/22.7.0 Yowser/2.5 Safari/537.36"
103.4.122.14 - - [27/Jan/2026:10:45:45 +0800] "POST /wp-cron.php?doing_wp_cron=1769481945.8183810710906982421875 HTTP/1.1" 200 - "-" "WordPress/6.9; https://nutritaste.com.au"
14.174.193.15 - - [27/Jan/2026:10:45:44 +0800] "GET /wp-admin/admin-ajax.php HTTP/1.1" 400 21 "https://nutritaste.com.au/" "Mozilla/5.0 (Macintosh; Intel Mac OS X 12_5) AppleWebKit/537.36 (KHTML, like Gecko) Chrome/114.0.0.0 YaBrowser/22.7.0 Yowser/2.5 Safari/537.36"
