66.249.69.234 - - [04/Apr/2026:10:52:31 +0800] "GET /?pa=1129716332003 HTTP/1.1" 200 554 "-" "Mozilla/5.0 (Linux; Android 6.0.1; Nexus 5X Build/MMB29P) AppleWebKit/537.36 (KHTML, like Gecko) Chrome/146.0.7680.177 Mobile Safari/537.36 (compatible; Googlebot/2.1; +http://www.google.com/bot.html)"
66.249.69.234 - - [04/Apr/2026:10:53:42 +0800] "GET /?pa=1129716875460 HTTP/1.1" 200 554 "-" "Mozilla/5.0 (Linux; Android 6.0.1; Nexus 5X Build/MMB29P) AppleWebKit/537.36 (KHTML, like Gecko) Chrome/146.0.7680.177 Mobile Safari/537.36 (compatible; Googlebot/2.1; +http://www.google.com/bot.html)"
172.241.20.56 - - [04/Apr/2026:10:54:14 +0800] "GET /info/stamp-duty-concession/ HTTP/1.1" 200 554 "http://paramountbaldivis.com.au/" "Mozilla/5.0 (Windows NT 10.0; Win64; x64) AppleWebKit/537.36 (KHTML, like Gecko) Chrome/114.0.0.0 YaBrowser/22.7.0 Yowser/2.5 Safari/537.36"
66.249.69.233 - - [04/Apr/2026:10:54:52 +0800] "GET /?pa=1129716273322 HTTP/1.1" 200 554 "-" "Mozilla/5.0 (Linux; Android 6.0.1; Nexus 5X Build/MMB29P) AppleWebKit/537.36 (KHTML, like Gecko) Chrome/146.0.7680.177 Mobile Safari/537.36 (compatible; Googlebot/2.1; +http://www.google.com/bot.html)"
66.249.69.233 - - [04/Apr/2026:10:55:59 +0800] "GET /?pa=1129717219690 HTTP/1.1" 200 554 "-" "Mozilla/5.0 (Linux; Android 6.0.1; Nexus 5X Build/MMB29P) AppleWebKit/537.36 (KHTML, like Gecko) Chrome/146.0.7680.177 Mobile Safari/537.36 (compatible; Googlebot/2.1; +http://www.google.com/bot.html)"
173.252.70.14 - - [04/Apr/2026:10:56:50 +0800] "GET /robots.txt HTTP/1.1" 206 138 "-" "facebookexternalhit/1.1 (+http://www.facebook.com/externalhit_uatext.php)"
173.252.82.1 - - [04/Apr/2026:10:56:56 +0800] "GET /robots.txt HTTP/1.1" 206 138 "-" "facebookexternalhit/1.1 (+http://www.facebook.com/externalhit_uatext.php)"
57.141.14.85 - - [04/Apr/2026:10:56:57 +0800] "GET /robots.txt HTTP/1.1" 206 138 "-" "facebookexternalhit/1.1 (+http://www.facebook.com/externalhit_uatext.php)"
57.141.14.104 - - [04/Apr/2026:10:56:59 +0800] "GET /service-type/chiropractor/ HTTP/1.1" 200 1096 "-" "meta-externalagent/1.1 (+https://developers.facebook.com/docs/sharing/webmasters/crawler)"
69.63.184.20 - - [04/Apr/2026:10:57:04 +0800] "GET /robots.txt HTTP/1.1" 206 138 "-" "facebookexternalhit/1.1 (+http://www.facebook.com/externalhit_uatext.php)"
69.63.184.40 - - [04/Apr/2026:10:57:05 +0800] "GET /robots.txt HTTP/1.1" 206 138 "-" "facebookexternalhit/1.1 (+http://www.facebook.com/externalhit_uatext.php)"
66.249.69.233 - - [04/Apr/2026:10:57:07 +0800] "GET /?pa=1129716747221 HTTP/1.1" 200 554 "-" "Mozilla/5.0 (Linux; Android 6.0.1; Nexus 5X Build/MMB29P) AppleWebKit/537.36 (KHTML, like Gecko) Chrome/146.0.7680.177 Mobile Safari/537.36 (compatible; Googlebot/2.1; +http://www.google.com/bot.html)"
66.249.69.234 - - [04/Apr/2026:10:57:41 +0800] "GET /?pa=1129716390777 HTTP/1.1" 200 554 "-" "Mozilla/5.0 (Linux; Android 6.0.1; Nexus 5X Build/MMB29P) AppleWebKit/537.36 (KHTML, like Gecko) Chrome/146.0.7680.177 Mobile Safari/537.36 (compatible; Googlebot/2.1; +http://www.google.com/bot.html)"
20.89.16.190 - - [04/Apr/2026:10:59:16 +0800] "GET /rip.php HTTP/1.1" 200 554 "-" "Mozilla/5.0 (Windows NT 10.0; Win64; x64) AppleWebKit/537.36 (KHTML, like Gecko) Chrome/120.0.0.0 Safari/537.36"
20.89.16.190 - - [04/Apr/2026:10:59:16 +0800] "GET /ms-edit.php HTTP/1.1" 200 554 "-" "Mozilla/5.0 (Windows NT 10.0; Win64; x64) AppleWebKit/537.36 (KHTML, like Gecko) Chrome/120.0.0.0 Safari/537.36"
20.89.16.190 - - [04/Apr/2026:10:59:16 +0800] "GET /about.php HTTP/1.1" 200 554 "-" "Mozilla/5.0 (Windows NT 10.0; Win64; x64) AppleWebKit/537.36 (KHTML, like Gecko) Chrome/120.0.0.0 Safari/537.36"
20.89.16.190 - - [04/Apr/2026:10:59:16 +0800] "GET /wp-content/plugins/hello-dolly/ HTTP/1.1" 200 554 "-" "Mozilla/5.0 (Windows NT 10.0; Win64; x64) AppleWebKit/537.36 (KHTML, like Gecko) Chrome/120.0.0.0 Safari/537.36"
20.89.16.190 - - [04/Apr/2026:10:59:16 +0800] "GET /wp-content/themes/admin.php HTTP/1.1" 200 554 "-" "Mozilla/5.0 (Windows NT 10.0; Win64; x64) AppleWebKit/537.36 (KHTML, like Gecko) Chrome/120.0.0.0 Safari/537.36"
20.89.16.190 - - [04/Apr/2026:10:59:16 +0800] "GET /admin.php HTTP/1.1" 200 554 "-" "Mozilla/5.0 (Windows NT 10.0; Win64; x64) AppleWebKit/537.36 (KHTML, like Gecko) Chrome/120.0.0.0 Safari/537.36"
20.89.16.190 - - [04/Apr/2026:10:59:17 +0800] "GET /ioxi-o.php HTTP/1.1" 200 554 "-" "Mozilla/5.0 (Windows NT 10.0; Win64; x64) AppleWebKit/537.36 (KHTML, like Gecko) Chrome/120.0.0.0 Safari/537.36"
20.89.16.190 - - [04/Apr/2026:10:59:17 +0800] "GET /index/function.php HTTP/1.1" 200 554 "-" "Mozilla/5.0 (Windows NT 10.0; Win64; x64) AppleWebKit/537.36 (KHTML, like Gecko) Chrome/120.0.0.0 Safari/537.36"
20.89.16.190 - - [04/Apr/2026:10:59:17 +0800] "GET /adminfuns.php HTTP/1.1" 200 554 "-" "Mozilla/5.0 (Windows NT 10.0; Win64; x64) AppleWebKit/537.36 (KHTML, like Gecko) Chrome/120.0.0.0 Safari/537.36"
20.89.16.190 - - [04/Apr/2026:10:59:17 +0800] "GET /wp-content/cache/ HTTP/1.1" 200 554 "-" "Mozilla/5.0 (Windows NT 10.0; Win64; x64) AppleWebKit/537.36 (KHTML, like Gecko) Chrome/120.0.0.0 Safari/537.36"
20.89.16.190 - - [04/Apr/2026:10:59:17 +0800] "GET /wp-includes/js/thickbox/ HTTP/1.1" 200 554 "-" "Mozilla/5.0 (Windows NT 10.0; Win64; x64) AppleWebKit/537.36 (KHTML, like Gecko) Chrome/120.0.0.0 Safari/537.36"
20.89.16.190 - - [04/Apr/2026:10:59:17 +0800] "GET /goods.php HTTP/1.1" 200 554 "-" "Mozilla/5.0 (Windows NT 10.0; Win64; x64) AppleWebKit/537.36 (KHTML, like Gecko) Chrome/120.0.0.0 Safari/537.36"
20.89.16.190 - - [04/Apr/2026:10:59:17 +0800] "GET /sf.php HTTP/1.1" 200 554 "-" "Mozilla/5.0 (Windows NT 10.0; Win64; x64) AppleWebKit/537.36 (KHTML, like Gecko) Chrome/120.0.0.0 Safari/537.36"
20.89.16.190 - - [04/Apr/2026:10:59:17 +0800] "GET /wp-admin/ HTTP/1.1" 200 554 "-" "Mozilla/5.0 (Windows NT 10.0; Win64; x64) AppleWebKit/537.36 (KHTML, like Gecko) Chrome/120.0.0.0 Safari/537.36"
20.89.16.190 - - [04/Apr/2026:10:59:18 +0800] "GET /wp-admin/images/ HTTP/1.1" 200 554 "-" "Mozilla/5.0 (Windows NT 10.0; Win64; x64) AppleWebKit/537.36 (KHTML, like Gecko) Chrome/120.0.0.0 Safari/537.36"
20.89.16.190 - - [04/Apr/2026:10:59:18 +0800] "GET /wp-content/admin.php HTTP/1.1" 200 554 "-" "Mozilla/5.0 (Windows NT 10.0; Win64; x64) AppleWebKit/537.36 (KHTML, like Gecko) Chrome/120.0.0.0 Safari/537.36"
20.89.16.190 - - [04/Apr/2026:10:59:18 +0800] "GET /wp-content/uploads/admin.php HTTP/1.1" 200 554 "-" "Mozilla/5.0 (Windows NT 10.0; Win64; x64) AppleWebKit/537.36 (KHTML, like Gecko) Chrome/120.0.0.0 Safari/537.36"
20.89.16.190 - - [04/Apr/2026:10:59:18 +0800] "GET /wp-includes/ HTTP/1.1" 200 554 "-" "Mozilla/5.0 (Windows NT 10.0; Win64; x64) AppleWebKit/537.36 (KHTML, like Gecko) Chrome/120.0.0.0 Safari/537.36"
20.89.16.190 - - [04/Apr/2026:10:59:18 +0800] "GET /wp-includes/css/ HTTP/1.1" 200 554 "-" "Mozilla/5.0 (Windows NT 10.0; Win64; x64) AppleWebKit/537.36 (KHTML, like Gecko) Chrome/120.0.0.0 Safari/537.36"
20.89.16.190 - - [04/Apr/2026:10:59:18 +0800] "GET /wp-includes/js/plupload/ HTTP/1.1" 200 554 "-" "Mozilla/5.0 (Windows NT 10.0; Win64; x64) AppleWebKit/537.36 (KHTML, like Gecko) Chrome/120.0.0.0 Safari/537.36"
20.89.16.190 - - [04/Apr/2026:10:59:18 +0800] "GET /.well-known/ HTTP/1.1" 403 1096 "-" "Mozilla/5.0 (Windows NT 10.0; Win64; x64) AppleWebKit/537.36 (KHTML, like Gecko) Chrome/120.0.0.0 Safari/537.36"
20.89.16.190 - - [04/Apr/2026:10:59:18 +0800] "GET /222.php HTTP/1.1" 200 554 "-" "Mozilla/5.0 (Windows NT 10.0; Win64; x64) AppleWebKit/537.36 (KHTML, like Gecko) Chrome/120.0.0.0 Safari/537.36"
20.89.16.190 - - [04/Apr/2026:10:59:18 +0800] "GET /abcd.php HTTP/1.1" 200 554 "-" "Mozilla/5.0 (Windows NT 10.0; Win64; x64) AppleWebKit/537.36 (KHTML, like Gecko) Chrome/120.0.0.0 Safari/537.36"
20.89.16.190 - - [04/Apr/2026:10:59:19 +0800] "GET /class-t.api.php HTTP/1.1" 200 554 "-" "Mozilla/5.0 (Windows NT 10.0; Win64; x64) AppleWebKit/537.36 (KHTML, like Gecko) Chrome/120.0.0.0 Safari/537.36"
20.89.16.190 - - [04/Apr/2026:10:59:19 +0800] "GET /classwithtostring.php HTTP/1.1" 200 554 "-" "Mozilla/5.0 (Windows NT 10.0; Win64; x64) AppleWebKit/537.36 (KHTML, like Gecko) Chrome/120.0.0.0 Safari/537.36"
20.89.16.190 - - [04/Apr/2026:10:59:19 +0800] "GET /file.php HTTP/1.1" 200 554 "-" "Mozilla/5.0 (Windows NT 10.0; Win64; x64) AppleWebKit/537.36 (KHTML, like Gecko) Chrome/120.0.0.0 Safari/537.36"
20.89.16.190 - - [04/Apr/2026:10:59:19 +0800] "GET /info.php HTTP/1.1" 200 554 "-" "Mozilla/5.0 (Windows NT 10.0; Win64; x64) AppleWebKit/537.36 (KHTML, like Gecko) Chrome/120.0.0.0 Safari/537.36"
20.89.16.190 - - [04/Apr/2026:10:59:19 +0800] "GET /wp-admin/css/colors/coffee/ HTTP/1.1" 200 554 "-" "Mozilla/5.0 (Windows NT 10.0; Win64; x64) AppleWebKit/537.36 (KHTML, like Gecko) Chrome/120.0.0.0 Safari/537.36"
20.89.16.190 - - [04/Apr/2026:10:59:19 +0800] "GET /wp-admin/js/widgets/ HTTP/1.1" 403 1096 "-" "Mozilla/5.0 (Windows NT 10.0; Win64; x64) AppleWebKit/537.36 (KHTML, like Gecko) Chrome/120.0.0.0 Safari/537.36"
20.89.16.190 - - [04/Apr/2026:10:59:19 +0800] "GET /wp-content/languages/ HTTP/1.1" 200 554 "-" "Mozilla/5.0 (Windows NT 10.0; Win64; x64) AppleWebKit/537.36 (KHTML, like Gecko) Chrome/120.0.0.0 Safari/537.36"
20.89.16.190 - - [04/Apr/2026:10:59:19 +0800] "GET /wp-content/languages/plugins/ HTTP/1.1" 200 554 "-" "Mozilla/5.0 (Windows NT 10.0; Win64; x64) AppleWebKit/537.36 (KHTML, like Gecko) Chrome/120.0.0.0 Safari/537.36"
20.89.16.190 - - [04/Apr/2026:10:59:20 +0800] "GET /wp-content/themes/twentytwentyfour/ HTTP/1.1" 200 554 "-" "Mozilla/5.0 (Windows NT 10.0; Win64; x64) AppleWebKit/537.36 (KHTML, like Gecko) Chrome/120.0.0.0 Safari/537.36"
20.89.16.190 - - [04/Apr/2026:10:59:20 +0800] "GET /wp-content/upgrade/ HTTP/1.1" 403 1096 "-" "Mozilla/5.0 (Windows NT 10.0; Win64; x64) AppleWebKit/537.36 (KHTML, like Gecko) Chrome/120.0.0.0 Safari/537.36"
20.89.16.190 - - [04/Apr/2026:10:59:20 +0800] "GET /wp-content/uploads/ HTTP/1.1" 403 1096 "-" "Mozilla/5.0 (Windows NT 10.0; Win64; x64) AppleWebKit/537.36 (KHTML, like Gecko) Chrome/120.0.0.0 Safari/537.36"
20.89.16.190 - - [04/Apr/2026:10:59:20 +0800] "GET /wp-good.php HTTP/1.1" 200 554 "-" "Mozilla/5.0 (Windows NT 10.0; Win64; x64) AppleWebKit/537.36 (KHTML, like Gecko) Chrome/120.0.0.0 Safari/537.36"
20.89.16.190 - - [04/Apr/2026:10:59:20 +0800] "GET /wp-includes/js/jquery/ HTTP/1.1" 200 554 "-" "Mozilla/5.0 (Windows NT 10.0; Win64; x64) AppleWebKit/537.36 (KHTML, like Gecko) Chrome/120.0.0.0 Safari/537.36"
20.89.16.190 - - [04/Apr/2026:10:59:20 +0800] "GET /wp-includes/js/jquery/ui/ HTTP/1.1" 200 554 "-" "Mozilla/5.0 (Windows NT 10.0; Win64; x64) AppleWebKit/537.36 (KHTML, like Gecko) Chrome/120.0.0.0 Safari/537.36"
20.89.16.190 - - [04/Apr/2026:10:59:20 +0800] "GET /wp-includes/js/tinymce/themes/ HTTP/1.1" 403 1096 "-" "Mozilla/5.0 (Windows NT 10.0; Win64; x64) AppleWebKit/537.36 (KHTML, like Gecko) Chrome/120.0.0.0 Safari/537.36"
20.89.16.190 - - [04/Apr/2026:10:59:20 +0800] "GET /wp-includes/rest-api/ HTTP/1.1" 200 554 "-" "Mozilla/5.0 (Windows NT 10.0; Win64; x64) AppleWebKit/537.36 (KHTML, like Gecko) Chrome/120.0.0.0 Safari/537.36"
20.89.16.190 - - [04/Apr/2026:10:59:21 +0800] "GET /wp-includes/ID3/index.php HTTP/1.1" 403 199 "-" "Mozilla/5.0 (Windows NT 10.0; Win64; x64) AppleWebKit/537.36 (KHTML, like Gecko) Chrome/120.0.0.0 Safari/537.36"
20.89.16.190 - - [04/Apr/2026:10:59:21 +0800] "GET /wp-includes/fonts/ HTTP/1.1" 200 554 "-" "Mozilla/5.0 (Windows NT 10.0; Win64; x64) AppleWebKit/537.36 (KHTML, like Gecko) Chrome/120.0.0.0 Safari/537.36"
20.89.16.190 - - [04/Apr/2026:10:59:21 +0800] "GET /wordpress/wp-admin/maint/ HTTP/1.1" 200 554 "-" "Mozilla/5.0 (Windows NT 10.0; Win64; x64) AppleWebKit/537.36 (KHTML, like Gecko) Chrome/120.0.0.0 Safari/537.36"
20.89.16.190 - - [04/Apr/2026:10:59:21 +0800] "GET /cgi-bin/ HTTP/1.1" 404 1096 "-" "Mozilla/5.0 (Windows NT 10.0; Win64; x64) AppleWebKit/537.36 (KHTML, like Gecko) Chrome/120.0.0.0 Safari/537.36"
66.249.69.235 - - [04/Apr/2026:10:59:50 +0800] "GET /?pa=1129716332771 HTTP/1.1" 200 554 "-" "Mozilla/5.0 (Linux; Android 6.0.1; Nexus 5X Build/MMB29P) AppleWebKit/537.36 (KHTML, like Gecko) Chrome/146.0.7680.177 Mobile Safari/537.36 (compatible; Googlebot/2.1; +http://www.google.com/bot.html)"
66.249.69.233 - - [04/Apr/2026:11:01:05 +0800] "GET /?pa=1129716876204 HTTP/1.1" 200 554 "-" "Mozilla/5.0 (Linux; Android 6.0.1; Nexus 5X Build/MMB29P) AppleWebKit/537.36 (KHTML, like Gecko) Chrome/146.0.7680.177 Mobile Safari/537.36 (compatible; Googlebot/2.1; +http://www.google.com/bot.html)"
14.184.21.51 - - [04/Apr/2026:11:01:59 +0800] "GET /?pa=1129716677043 HTTP/1.1" 200 554 "-" "Mozilla/5.0 (Macintosh; Intel Mac OS X 10_15_7) AppleWebKit/537.36 (KHTML, like Gecko) Chrome/98.0.4758.80 Safari/537.36"
51.195.183.138 - - [04/Apr/2026:11:02:19 +0800] "GET /listing/land_19562071/ HTTP/1.1" 200 554 "-" "Mozilla/5.0 (compatible; AhrefsBot/7.0; +http://ahrefs.com/robot/)"
66.249.69.235 - - [04/Apr/2026:11:03:14 +0800] "GET /?pa=1129716834643 HTTP/1.1" 200 554 "-" "Mozilla/5.0 (Linux; Android 6.0.1; Nexus 5X Build/MMB29P) AppleWebKit/537.36 (KHTML, like Gecko) Chrome/146.0.7680.177 Mobile Safari/537.36 (compatible; Googlebot/2.1; +http://www.google.com/bot.html)"
62.141.44.236 - - [04/Apr/2026:11:03:53 +0800] "GET / HTTP/1.1" 200 554 "-" "Mozilla/5.0 (Windows NT 10.0; Win64; x64) AppleWebKit/537.36 (KHTML, like Gecko) Chrome/91.0.4472.114 Safari/537.36 Edg/91.0.864.54"
66.249.69.234 - - [04/Apr/2026:11:04:31 +0800] "GET /?pa=1129716695546 HTTP/1.1" 200 554 "-" "Mozilla/5.0 (Linux; Android 6.0.1; Nexus 5X Build/MMB29P) AppleWebKit/537.36 (KHTML, like Gecko) Chrome/146.0.7680.177 Mobile Safari/537.36 (compatible; Googlebot/2.1; +http://www.google.com/bot.html)"
66.249.69.235 - - [04/Apr/2026:11:06:19 +0800] "GET /?pa=1129716438148 HTTP/1.1" 200 554 "-" "Mozilla/5.0 (Linux; Android 6.0.1; Nexus 5X Build/MMB29P) AppleWebKit/537.36 (KHTML, like Gecko) Chrome/146.0.7680.177 Mobile Safari/537.36 (compatible; Googlebot/2.1; +http://www.google.com/bot.html)"
66.249.69.234 - - [04/Apr/2026:11:07:36 +0800] "GET /?pa=1129716510018 HTTP/1.1" 200 554 "-" "Mozilla/5.0 (Linux; Android 6.0.1; Nexus 5X Build/MMB29P) AppleWebKit/537.36 (KHTML, like Gecko) Chrome/146.0.7680.177 Mobile Safari/537.36 (compatible; Googlebot/2.1; +http://www.google.com/bot.html)"
152.170.4.39 - - [04/Apr/2026:11:08:07 +0800] "GET /?pa=1129716677063 HTTP/1.1" 200 554 "-" "Mozilla/5.0 (Windows NT 6.1; Win64; x64) AppleWebKit/537.36 (KHTML, like Gecko) Chrome/84.0.4147.135 Safari/537.36"
14.228.46.68 - - [04/Apr/2026:11:08:37 +0800] "GET /?pa=112971622678 HTTP/1.1" 200 554 "-" "Mozilla/5.0 (Macintosh; Intel Mac OS X 10_15_7) AppleWebKit/537.36 (KHTML, like Gecko) Brave Chrome/88.0.4324.182 Safari/537.36"
66.249.69.235 - - [04/Apr/2026:11:09:46 +0800] "GET /?pa=1129716834813 HTTP/1.1" 200 554 "-" "Mozilla/5.0 (Linux; Android 6.0.1; Nexus 5X Build/MMB29P) AppleWebKit/537.36 (KHTML, like Gecko) Chrome/146.0.7680.177 Mobile Safari/537.36 (compatible; Googlebot/2.1; +http://www.google.com/bot.html)"
66.249.69.233 - - [04/Apr/2026:11:11:00 +0800] "GET /?pa=1129716810216 HTTP/1.1" 200 554 "-" "Mozilla/5.0 (Linux; Android 6.0.1; Nexus 5X Build/MMB29P) AppleWebKit/537.36 (KHTML, like Gecko) Chrome/146.0.7680.177 Mobile Safari/537.36 (compatible; Googlebot/2.1; +http://www.google.com/bot.html)"
40.77.167.25 - - [04/Apr/2026:11:12:27 +0800] "GET /?p=56232024 HTTP/1.1" 200 554 "-" "Mozilla/5.0 AppleWebKit/537.36 (KHTML, like Gecko; compatible; bingbot/2.0; +http://www.bing.com/bingbot.htm) Chrome/116.0.1938.76 Safari/537.36"
66.249.69.235 - - [04/Apr/2026:11:13:13 +0800] "GET /?pa=1129716852705 HTTP/1.1" 200 554 "-" "Mozilla/5.0 (Linux; Android 6.0.1; Nexus 5X Build/MMB29P) AppleWebKit/537.36 (KHTML, like Gecko) Chrome/146.0.7680.177 Mobile Safari/537.36 (compatible; Googlebot/2.1; +http://www.google.com/bot.html)"
66.249.69.233 - - [04/Apr/2026:11:14:30 +0800] "GET /?pa=1129716844136 HTTP/1.1" 200 554 "-" "Mozilla/5.0 (Linux; Android 6.0.1; Nexus 5X Build/MMB29P) AppleWebKit/537.36 (KHTML, like Gecko) Chrome/146.0.7680.177 Mobile Safari/537.36 (compatible; Googlebot/2.1; +http://www.google.com/bot.html)"
66.249.69.234 - - [04/Apr/2026:11:14:59 +0800] "GET /?pa=1129717239684 HTTP/1.1" 200 554 "-" "Mozilla/5.0 (Linux; Android 6.0.1; Nexus 5X Build/MMB29P) AppleWebKit/537.36 (KHTML, like Gecko) Chrome/146.0.7680.177 Mobile Safari/537.36 (compatible; Googlebot/2.1; +http://www.google.com/bot.html)"
38.58.128.5 - - [04/Apr/2026:11:15:05 +0800] "GET /%3Cspan%20class='highlight'%3Eland%3C/span%3E-for-sale-baldivis/ HTTP/1.1" 200 554 "-" "Mozilla/5.0 (Macintosh; Intel Mac OS X 10_16_0) AppleWebKit/537.36 (KHTML, like Gecko) Chrome/85.0.4183.83 Safari/537.36"
66.249.69.235 - - [04/Apr/2026:11:16:18 +0800] "GET /?pa=1129716865391 HTTP/1.1" 200 554 "-" "Mozilla/5.0 (Linux; Android 6.0.1; Nexus 5X Build/MMB29P) AppleWebKit/537.36 (KHTML, like Gecko) Chrome/146.0.7680.177 Mobile Safari/537.36 (compatible; Googlebot/2.1; +http://www.google.com/bot.html)"
66.249.69.234 - - [04/Apr/2026:11:17:36 +0800] "GET /?pa=1129716932699 HTTP/1.1" 200 554 "-" "Mozilla/5.0 (Linux; Android 6.0.1; Nexus 5X Build/MMB29P) AppleWebKit/537.36 (KHTML, like Gecko) Chrome/146.0.7680.177 Mobile Safari/537.36 (compatible; Googlebot/2.1; +http://www.google.com/bot.html)"
66.249.69.234 - - [04/Apr/2026:11:19:48 +0800] "GET /?pa=1129716985413 HTTP/1.1" 200 554 "-" "Mozilla/5.0 (Linux; Android 6.0.1; Nexus 5X Build/MMB29P) AppleWebKit/537.36 (KHTML, like Gecko) Chrome/146.0.7680.177 Mobile Safari/537.36 (compatible; Googlebot/2.1; +http://www.google.com/bot.html)"
66.249.69.235 - - [04/Apr/2026:11:19:51 +0800] "GET /?pa=1129717356050 HTTP/1.1" 200 554 "-" "Mozilla/5.0 (Linux; Android 6.0.1; Nexus 5X Build/MMB29P) AppleWebKit/537.36 (KHTML, like Gecko) Chrome/146.0.7680.177 Mobile Safari/537.36 (compatible; Googlebot/2.1; +http://www.google.com/bot.html)"
216.73.216.21 - - [04/Apr/2026:11:21:20 +0800] "GET /robots.txt HTTP/1.1" 200 104 "-" "Mozilla/5.0 AppleWebKit/537.36 (KHTML, like Gecko; compatible; ClaudeBot/1.0; +claudebot@anthropic.com)"
216.73.216.21 - - [04/Apr/2026:11:21:21 +0800] "GET /sitemap.xml HTTP/1.1" 200 554 "-" "Mozilla/5.0 AppleWebKit/537.36 (KHTML, like Gecko; compatible; ClaudeBot/1.0; +claudebot@anthropic.com)"
66.249.69.233 - - [04/Apr/2026:11:21:37 +0800] "GET /?pa=1129716872551 HTTP/1.1" 200 554 "-" "Mozilla/5.0 (Linux; Android 6.0.1; Nexus 5X Build/MMB29P) AppleWebKit/537.36 (KHTML, like Gecko) Chrome/146.0.7680.177 Mobile Safari/537.36 (compatible; Googlebot/2.1; +http://www.google.com/bot.html)"
104.28.108.2 - - [04/Apr/2026:11:22:08 +0800] "GET / HTTP/1.1" 200 554 "https://www.google.com/" "Mozilla/5.0 (iPhone; CPU iPhone OS 18_1_1 like Mac OS X) AppleWebKit/605.1.15 (KHTML, like Gecko) Version/18.1.1 Mobile/15E148 Safari/604.1"
104.28.108.2 - - [04/Apr/2026:11:22:23 +0800] "GET / HTTP/1.1" 200 554 "https://www.google.com/" "Mozilla/5.0 (iPhone; CPU iPhone OS 18_1_1 like Mac OS X) AppleWebKit/605.1.15 (KHTML, like Gecko) Version/18.1.1 Mobile/15E148 Safari/604.1"
104.28.108.2 - - [04/Apr/2026:11:22:25 +0800] "GET /land-for-sale-baldivis/ HTTP/1.1" 200 554 "https://www.google.com/" "Mozilla/5.0 (iPhone; CPU iPhone OS 18_1_1 like Mac OS X) AppleWebKit/605.1.15 (KHTML, like Gecko) Version/18.1.1 Mobile/15E148 Safari/604.1"
66.249.69.234 - - [04/Apr/2026:11:22:56 +0800] "GET /?pa=1129717071608 HTTP/1.1" 200 554 "-" "Mozilla/5.0 (Linux; Android 6.0.1; Nexus 5X Build/MMB29P) AppleWebKit/537.36 (KHTML, like Gecko) Chrome/146.0.7680.177 Mobile Safari/537.36 (compatible; Googlebot/2.1; +http://www.google.com/bot.html)"
66.249.69.233 - - [04/Apr/2026:11:22:56 +0800] "GET /?pa=1129716992121 HTTP/1.1" 200 554 "-" "Mozilla/5.0 (Linux; Android 6.0.1; Nexus 5X Build/MMB29P) AppleWebKit/537.36 (KHTML, like Gecko) Chrome/146.0.7680.177 Mobile Safari/537.36 (compatible; Googlebot/2.1; +http://www.google.com/bot.html)"
66.249.69.233 - - [04/Apr/2026:11:22:56 +0800] "GET /?pa=1129716973418 HTTP/1.1" 200 554 "-" "Mozilla/5.0 (Linux; Android 6.0.1; Nexus 5X Build/MMB29P) AppleWebKit/537.36 (KHTML, like Gecko) Chrome/146.0.7680.177 Mobile Safari/537.36 (compatible; Googlebot/2.1; +http://www.google.com/bot.html)"
192.101.70.97 - - [04/Apr/2026:11:22:58 +0800] "GET /about-us/ HTTP/1.1" 200 554 "-" "Mozilla/5.0 (X11; Linux x86_64) AppleWebKit/537.36 (KHTML, like Gecko) Chrome/145.0.0.0 Safari/537.36"
45.141.222.156 - - [04/Apr/2026:11:23:00 +0800] "GET /favicon.ico HTTP/1.1" 200 554 "https://paramountbaldivis.com.au/about-us/" "Mozilla/5.0 (X11; Linux x86_64) AppleWebKit/537.36 (KHTML, like Gecko) Chrome/145.0.0.0 Safari/537.36"
66.249.69.233 - - [04/Apr/2026:11:23:22 +0800] "GET /?pa=1129717223561 HTTP/1.1" 200 554 "-" "Mozilla/5.0 (Linux; Android 6.0.1; Nexus 5X Build/MMB29P) AppleWebKit/537.36 (KHTML, like Gecko) Chrome/146.0.7680.177 Mobile Safari/537.36 (compatible; Googlebot/2.1; +http://www.google.com/bot.html)"
66.249.69.234 - - [04/Apr/2026:11:23:23 +0800] "GET /?pa=1129717093334 HTTP/1.1" 200 554 "-" "Mozilla/5.0 (Linux; Android 6.0.1; Nexus 5X Build/MMB29P) AppleWebKit/537.36 (KHTML, like Gecko) Chrome/146.0.7680.177 Mobile Safari/537.36 (compatible; Googlebot/2.1; +http://www.google.com/bot.html)"
185.163.117.222 - - [04/Apr/2026:11:23:34 +0800] "GET / HTTP/1.1" 200 554 "-" "Mozilla/5.0 (Windows NT 10.0; WOW64) AppleWebKit/537.36 (KHTML, like Gecko) Chrome/114.0.0.0 Safari/537.36 Vivaldi/5.3.2679.68"
66.249.69.235 - - [04/Apr/2026:11:23:48 +0800] "GET /?pa=1129716653562 HTTP/1.1" 200 554 "-" "Mozilla/5.0 (Linux; Android 6.0.1; Nexus 5X Build/MMB29P) AppleWebKit/537.36 (KHTML, like Gecko) Chrome/146.0.7680.177 Mobile Safari/537.36 (compatible; Googlebot/2.1; +http://www.google.com/bot.html)"
66.249.69.234 - - [04/Apr/2026:11:24:14 +0800] "GET /?pa=1129716929149 HTTP/1.1" 200 554 "-" "Mozilla/5.0 (Linux; Android 6.0.1; Nexus 5X Build/MMB29P) AppleWebKit/537.36 (KHTML, like Gecko) Chrome/146.0.7680.177 Mobile Safari/537.36 (compatible; Googlebot/2.1; +http://www.google.com/bot.html)"
66.249.69.235 - - [04/Apr/2026:11:25:04 +0800] "GET /?pa=1129716821020 HTTP/1.1" 200 554 "-" "Mozilla/5.0 (Linux; Android 6.0.1; Nexus 5X Build/MMB29P) AppleWebKit/537.36 (KHTML, like Gecko) Chrome/146.0.7680.177 Mobile Safari/537.36 (compatible; Googlebot/2.1; +http://www.google.com/bot.html)"
51.195.244.183 - - [04/Apr/2026:11:25:27 +0800] "GET /2019/11/28/perth-reinstated-as-a-regional-city-in-a-bid-to-boost-population/ HTTP/1.1" 200 554 "-" "Mozilla/5.0 (compatible; AhrefsBot/7.0; +http://ahrefs.com/robot/)"
66.249.69.234 - - [04/Apr/2026:11:25:29 +0800] "GET /?pa=1129716971834 HTTP/1.1" 200 554 "-" "Mozilla/5.0 (Linux; Android 6.0.1; Nexus 5X Build/MMB29P) AppleWebKit/537.36 (KHTML, like Gecko) Chrome/146.0.7680.177 Mobile Safari/537.36 (compatible; Googlebot/2.1; +http://www.google.com/bot.html)"
66.249.69.235 - - [04/Apr/2026:11:25:29 +0800] "GET /?pa=1129717247413 HTTP/1.1" 200 554 "-" "Mozilla/5.0 (Linux; Android 6.0.1; Nexus 5X Build/MMB29P) AppleWebKit/537.36 (KHTML, like Gecko) Chrome/146.0.7680.177 Mobile Safari/537.36 (compatible; Googlebot/2.1; +http://www.google.com/bot.html)"
66.249.69.233 - - [04/Apr/2026:11:25:30 +0800] "GET /?pa=1129717306567 HTTP/1.1" 200 554 "-" "Mozilla/5.0 (Linux; Android 6.0.1; Nexus 5X Build/MMB29P) AppleWebKit/537.36 (KHTML, like Gecko) Chrome/146.0.7680.177 Mobile Safari/537.36 (compatible; Googlebot/2.1; +http://www.google.com/bot.html)"
66.249.69.233 - - [04/Apr/2026:11:26:02 +0800] "GET /?pa=1129716816099 HTTP/1.1" 200 554 "-" "Mozilla/5.0 (Linux; Android 6.0.1; Nexus 5X Build/MMB29P) AppleWebKit/537.36 (KHTML, like Gecko) Chrome/146.0.7680.177 Mobile Safari/537.36 (compatible; Googlebot/2.1; +http://www.google.com/bot.html)"
66.249.69.234 - - [04/Apr/2026:11:26:42 +0800] "GET /?pa=1129716377426 HTTP/1.1" 200 554 "-" "Mozilla/5.0 (Linux; Android 6.0.1; Nexus 5X Build/MMB29P) AppleWebKit/537.36 (KHTML, like Gecko) Chrome/146.0.7680.177 Mobile Safari/537.36 (compatible; Googlebot/2.1; +http://www.google.com/bot.html)"
66.249.69.234 - - [04/Apr/2026:11:27:29 +0800] "GET /?pa=1129716437872 HTTP/1.1" 200 554 "-" "Mozilla/5.0 (Linux; Android 6.0.1; Nexus 5X Build/MMB29P) AppleWebKit/537.36 (KHTML, like Gecko) Chrome/146.0.7680.177 Mobile Safari/537.36 (compatible; Googlebot/2.1; +http://www.google.com/bot.html)"
66.249.69.234 - - [04/Apr/2026:11:27:30 +0800] "GET /?pa=1129717242663 HTTP/1.1" 200 554 "-" "Mozilla/5.0 (Linux; Android 6.0.1; Nexus 5X Build/MMB29P) AppleWebKit/537.36 (KHTML, like Gecko) Chrome/146.0.7680.177 Mobile Safari/537.36 (compatible; Googlebot/2.1; +http://www.google.com/bot.html)"
66.249.69.233 - - [04/Apr/2026:11:28:01 +0800] "GET /?pa=1129716706494 HTTP/1.1" 200 554 "-" "Mozilla/5.0 (Linux; Android 6.0.1; Nexus 5X Build/MMB29P) AppleWebKit/537.36 (KHTML, like Gecko) Chrome/146.0.7680.177 Mobile Safari/537.36 (compatible; Googlebot/2.1; +http://www.google.com/bot.html)"
104.46.237.31 - - [04/Apr/2026:11:28:39 +0800] "GET /file.php HTTP/1.1" 200 554 "-" "Mozilla/5.0 (Windows NT 10.0; Win64; x64) AppleWebKit/537.36 (KHTML, like Gecko) Chrome/120.0.0.0 Safari/537.36"
104.46.237.31 - - [04/Apr/2026:11:28:39 +0800] "GET /gettest.php HTTP/1.1" 200 554 "-" "Mozilla/5.0 (Windows NT 10.0; Win64; x64) AppleWebKit/537.36 (KHTML, like Gecko) Chrome/120.0.0.0 Safari/537.36"
104.46.237.31 - - [04/Apr/2026:11:28:39 +0800] "GET /gg.php HTTP/1.1" 200 554 "-" "Mozilla/5.0 (Windows NT 10.0; Win64; x64) AppleWebKit/537.36 (KHTML, like Gecko) Chrome/120.0.0.0 Safari/537.36"
104.46.237.31 - - [04/Apr/2026:11:28:39 +0800] "GET /goods.php HTTP/1.1" 200 554 "-" "Mozilla/5.0 (Windows NT 10.0; Win64; x64) AppleWebKit/537.36 (KHTML, like Gecko) Chrome/120.0.0.0 Safari/537.36"
104.46.237.31 - - [04/Apr/2026:11:28:39 +0800] "GET /index.php HTTP/1.1" 500 1096 "-" "Mozilla/5.0 (Windows NT 10.0; Win64; x64) AppleWebKit/537.36 (KHTML, like Gecko) Chrome/120.0.0.0 Safari/537.36"
104.46.237.31 - - [04/Apr/2026:11:28:40 +0800] "GET /info.php HTTP/1.1" 200 554 "-" "Mozilla/5.0 (Windows NT 10.0; Win64; x64) AppleWebKit/537.36 (KHTML, like Gecko) Chrome/120.0.0.0 Safari/537.36"
104.46.237.31 - - [04/Apr/2026:11:28:40 +0800] "GET /install.php HTTP/1.1" 200 554 "-" "Mozilla/5.0 (Windows NT 10.0; Win64; x64) AppleWebKit/537.36 (KHTML, like Gecko) Chrome/120.0.0.0 Safari/537.36"
104.46.237.31 - - [04/Apr/2026:11:28:40 +0800] "GET /item.php HTTP/1.1" 200 554 "-" "Mozilla/5.0 (Windows NT 10.0; Win64; x64) AppleWebKit/537.36 (KHTML, like Gecko) Chrome/120.0.0.0 Safari/537.36"
104.46.237.31 - - [04/Apr/2026:11:28:40 +0800] "GET /jga.php HTTP/1.1" 200 554 "-" "Mozilla/5.0 (Windows NT 10.0; Win64; x64) AppleWebKit/537.36 (KHTML, like Gecko) Chrome/120.0.0.0 Safari/537.36"
104.46.237.31 - - [04/Apr/2026:11:28:40 +0800] "GET /leaf.php HTTP/1.1" 200 554 "-" "Mozilla/5.0 (Windows NT 10.0; Win64; x64) AppleWebKit/537.36 (KHTML, like Gecko) Chrome/120.0.0.0 Safari/537.36"
104.46.237.31 - - [04/Apr/2026:11:28:40 +0800] "GET /load.php HTTP/1.1" 200 554 "-" "Mozilla/5.0 (Windows NT 10.0; Win64; x64) AppleWebKit/537.36 (KHTML, like Gecko) Chrome/120.0.0.0 Safari/537.36"
104.46.237.31 - - [04/Apr/2026:11:28:41 +0800] "GET /lock.php HTTP/1.1" 200 554 "-" "Mozilla/5.0 (Windows NT 10.0; Win64; x64) AppleWebKit/537.36 (KHTML, like Gecko) Chrome/120.0.0.0 Safari/537.36"
104.46.237.31 - - [04/Apr/2026:11:28:41 +0800] "GET /lock360.php HTTP/1.1" 200 554 "-" "Mozilla/5.0 (Windows NT 10.0; Win64; x64) AppleWebKit/537.36 (KHTML, like Gecko) Chrome/120.0.0.0 Safari/537.36"
104.46.237.31 - - [04/Apr/2026:11:28:41 +0800] "GET /log.php HTTP/1.1" 200 554 "-" "Mozilla/5.0 (Windows NT 10.0; Win64; x64) AppleWebKit/537.36 (KHTML, like Gecko) Chrome/120.0.0.0 Safari/537.36"
66.249.69.234 - - [04/Apr/2026:11:28:41 +0800] "GET /?pa=1129716795012 HTTP/1.1" 200 554 "-" "Mozilla/5.0 (Linux; Android 6.0.1; Nexus 5X Build/MMB29P) AppleWebKit/537.36 (KHTML, like Gecko) Chrome/146.0.7680.177 Mobile Safari/537.36 (compatible; Googlebot/2.1; +http://www.google.com/bot.html)"
104.46.237.31 - - [04/Apr/2026:11:28:41 +0800] "GET /manager.php HTTP/1.1" 200 554 "-" "Mozilla/5.0 (Windows NT 10.0; Win64; x64) AppleWebKit/537.36 (KHTML, like Gecko) Chrome/120.0.0.0 Safari/537.36"
104.46.237.31 - - [04/Apr/2026:11:28:41 +0800] "GET /meta.php HTTP/1.1" 200 554 "-" "Mozilla/5.0 (Windows NT 10.0; Win64; x64) AppleWebKit/537.36 (KHTML, like Gecko) Chrome/120.0.0.0 Safari/537.36"
104.46.237.31 - - [04/Apr/2026:11:28:41 +0800] "GET /mini.php HTTP/1.1" 200 554 "-" "Mozilla/5.0 (Windows NT 10.0; Win64; x64) AppleWebKit/537.36 (KHTML, like Gecko) Chrome/120.0.0.0 Safari/537.36"
104.46.237.31 - - [04/Apr/2026:11:28:41 +0800] "GET /mjq.php HTTP/1.1" 200 554 "-" "Mozilla/5.0 (Windows NT 10.0; Win64; x64) AppleWebKit/537.36 (KHTML, like Gecko) Chrome/120.0.0.0 Safari/537.36"
104.46.237.31 - - [04/Apr/2026:11:28:41 +0800] "GET /new.php HTTP/1.1" 200 554 "-" "Mozilla/5.0 (Windows NT 10.0; Win64; x64) AppleWebKit/537.36 (KHTML, like Gecko) Chrome/120.0.0.0 Safari/537.36"
104.46.237.31 - - [04/Apr/2026:11:28:42 +0800] "GET /onclickfuns.php HTTP/1.1" 200 554 "-" "Mozilla/5.0 (Windows NT 10.0; Win64; x64) AppleWebKit/537.36 (KHTML, like Gecko) Chrome/120.0.0.0 Safari/537.36"
104.46.237.31 - - [04/Apr/2026:11:28:42 +0800] "GET /option.php HTTP/1.1" 200 554 "-" "Mozilla/5.0 (Windows NT 10.0; Win64; x64) AppleWebKit/537.36 (KHTML, like Gecko) Chrome/120.0.0.0 Safari/537.36"
104.46.237.31 - - [04/Apr/2026:11:28:42 +0800] "GET /plugin-editor.php HTTP/1.1" 200 554 "-" "Mozilla/5.0 (Windows NT 10.0; Win64; x64) AppleWebKit/537.36 (KHTML, like Gecko) Chrome/120.0.0.0 Safari/537.36"
104.46.237.31 - - [04/Apr/2026:11:28:42 +0800] "GET /profile.php HTTP/1.1" 200 554 "-" "Mozilla/5.0 (Windows NT 10.0; Win64; x64) AppleWebKit/537.36 (KHTML, like Gecko) Chrome/120.0.0.0 Safari/537.36"
104.46.237.31 - - [04/Apr/2026:11:28:42 +0800] "GET /qw_03b4ad31.php HTTP/1.1" 200 554 "-" "Mozilla/5.0 (Windows NT 10.0; Win64; x64) AppleWebKit/537.36 (KHTML, like Gecko) Chrome/120.0.0.0 Safari/537.36"
104.46.237.31 - - [04/Apr/2026:11:28:42 +0800] "GET /radio.php HTTP/1.1" 200 554 "-" "Mozilla/5.0 (Windows NT 10.0; Win64; x64) AppleWebKit/537.36 (KHTML, like Gecko) Chrome/120.0.0.0 Safari/537.36"
104.46.237.31 - - [04/Apr/2026:11:28:42 +0800] "GET /sf.php HTTP/1.1" 200 554 "-" "Mozilla/5.0 (Windows NT 10.0; Win64; x64) AppleWebKit/537.36 (KHTML, like Gecko) Chrome/120.0.0.0 Safari/537.36"
104.46.237.31 - - [04/Apr/2026:11:28:42 +0800] "GET /simple.php HTTP/1.1" 200 554 "-" "Mozilla/5.0 (Windows NT 10.0; Win64; x64) AppleWebKit/537.36 (KHTML, like Gecko) Chrome/120.0.0.0 Safari/537.36"
104.46.237.31 - - [04/Apr/2026:11:28:43 +0800] "GET /sql.php HTTP/1.1" 200 554 "-" "Mozilla/5.0 (Windows NT 10.0; Win64; x64) AppleWebKit/537.36 (KHTML, like Gecko) Chrome/120.0.0.0 Safari/537.36"
104.46.237.31 - - [04/Apr/2026:11:28:43 +0800] "GET /test.php HTTP/1.1" 200 554 "-" "Mozilla/5.0 (Windows NT 10.0; Win64; x64) AppleWebKit/537.36 (KHTML, like Gecko) Chrome/120.0.0.0 Safari/537.36"
104.46.237.31 - - [04/Apr/2026:11:28:43 +0800] "GET /test1.php HTTP/1.1" 200 554 "-" "Mozilla/5.0 (Windows NT 10.0; Win64; x64) AppleWebKit/537.36 (KHTML, like Gecko) Chrome/120.0.0.0 Safari/537.36"
104.46.237.31 - - [04/Apr/2026:11:28:43 +0800] "GET /themes.php HTTP/1.1" 200 554 "-" "Mozilla/5.0 (Windows NT 10.0; Win64; x64) AppleWebKit/537.36 (KHTML, like Gecko) Chrome/120.0.0.0 Safari/537.36"
104.46.237.31 - - [04/Apr/2026:11:28:43 +0800] "GET /upload/medialibrary HTTP/1.1" 200 554 "-" "Mozilla/5.0 (Windows NT 10.0; Win64; x64) AppleWebKit/537.36 (KHTML, like Gecko) Chrome/120.0.0.0 Safari/537.36"
104.46.237.31 - - [04/Apr/2026:11:28:43 +0800] "GET /wp-admin.php HTTP/1.1" 200 554 "-" "Mozilla/5.0 (Windows NT 10.0; Win64; x64) AppleWebKit/537.36 (KHTML, like Gecko) Chrome/120.0.0.0 Safari/537.36"
104.46.237.31 - - [04/Apr/2026:11:28:43 +0800] "GET /wp-admin/ HTTP/1.1" 200 554 "-" "Mozilla/5.0 (Windows NT 10.0; Win64; x64) AppleWebKit/537.36 (KHTML, like Gecko) Chrome/120.0.0.0 Safari/537.36"
104.46.237.31 - - [04/Apr/2026:11:28:43 +0800] "GET /wp-blog-header.php HTTP/1.1" 500 1096 "-" "Mozilla/5.0 (Windows NT 10.0; Win64; x64) AppleWebKit/537.36 (KHTML, like Gecko) Chrome/120.0.0.0 Safari/537.36"
104.46.237.31 - - [04/Apr/2026:11:28:44 +0800] "GET /wp-config-sample.php HTTP/1.1" 500 - "-" "Mozilla/5.0 (Windows NT 10.0; Win64; x64) AppleWebKit/537.36 (KHTML, like Gecko) Chrome/120.0.0.0 Safari/537.36"
104.46.237.31 - - [04/Apr/2026:11:28:44 +0800] "GET /wp-content/languages/ HTTP/1.1" 200 554 "-" "Mozilla/5.0 (Windows NT 10.0; Win64; x64) AppleWebKit/537.36 (KHTML, like Gecko) Chrome/120.0.0.0 Safari/537.36"
104.46.237.31 - - [04/Apr/2026:11:28:45 +0800] "GET /wp-content/plugins/ HTTP/1.1" 200 554 "-" "Mozilla/5.0 (Windows NT 10.0; Win64; x64) AppleWebKit/537.36 (KHTML, like Gecko) Chrome/120.0.0.0 Safari/537.36"
104.46.237.31 - - [04/Apr/2026:11:28:45 +0800] "GET /wp-content/themes/ HTTP/1.1" 200 554 "-" "Mozilla/5.0 (Windows NT 10.0; Win64; x64) AppleWebKit/537.36 (KHTML, like Gecko) Chrome/120.0.0.0 Safari/537.36"
104.46.237.31 - - [04/Apr/2026:11:28:45 +0800] "GET /wp-includes/phpmailer/phpmailer.php HTTP/1.1" 403 199 "-" "Mozilla/5.0 (Windows NT 10.0; Win64; x64) AppleWebKit/537.36 (KHTML, like Gecko) Chrome/120.0.0.0 Safari/537.36"
104.46.237.31 - - [04/Apr/2026:11:28:45 +0800] "GET /wp.php HTTP/1.1" 200 554 "-" "Mozilla/5.0 (Windows NT 10.0; Win64; x64) AppleWebKit/537.36 (KHTML, like Gecko) Chrome/120.0.0.0 Safari/537.36"
104.46.237.31 - - [04/Apr/2026:11:28:46 +0800] "GET /xmlrpc.php HTTP/1.1" 500 - "-" "Mozilla/5.0 (Windows NT 10.0; Win64; x64) AppleWebKit/537.36 (KHTML, like Gecko) Chrome/120.0.0.0 Safari/537.36"
66.249.69.235 - - [04/Apr/2026:11:29:20 +0800] "GET /?pa=1129716816870 HTTP/1.1" 200 554 "-" "Mozilla/5.0 (Linux; Android 6.0.1; Nexus 5X Build/MMB29P) AppleWebKit/537.36 (KHTML, like Gecko) Chrome/146.0.7680.177 Mobile Safari/537.36 (compatible; Googlebot/2.1; +http://www.google.com/bot.html)"
66.249.69.234 - - [04/Apr/2026:11:30:00 +0800] "GET /?pa=1129716670352 HTTP/1.1" 200 554 "-" "Mozilla/5.0 (Linux; Android 6.0.1; Nexus 5X Build/MMB29P) AppleWebKit/537.36 (KHTML, like Gecko) Chrome/146.0.7680.177 Mobile Safari/537.36 (compatible; Googlebot/2.1; +http://www.google.com/bot.html)"
62.84.185.67 - - [04/Apr/2026:11:30:56 +0800] "GET /robots.txt HTTP/1.1" 200 138 "-" "Mozilla/5.0 (compatible; MJ12bot/v1.4.8; http://mj12bot.com/)"
62.84.185.67 - - [04/Apr/2026:11:31:01 +0800] "GET /1234%20slot.aspx HTTP/1.1" 200 554 "-" "Mozilla/5.0 (compatible; MJ12bot/v1.4.8; http://mj12bot.com/)"
66.249.69.235 - - [04/Apr/2026:11:31:04 +0800] "GET /?pa=1129716638224 HTTP/1.1" 200 554 "-" "Mozilla/5.0 (Linux; Android 6.0.1; Nexus 5X Build/MMB29P) AppleWebKit/537.36 (KHTML, like Gecko) Chrome/146.0.7680.177 Mobile Safari/537.36 (compatible; Googlebot/2.1; +http://www.google.com/bot.html)"
62.84.185.67 - - [04/Apr/2026:11:31:06 +0800] "GET /1234%20superslot.aspx HTTP/1.1" 200 554 "-" "Mozilla/5.0 (compatible; MJ12bot/v1.4.8; http://mj12bot.com/)"
62.84.185.67 - - [04/Apr/2026:11:31:11 +0800] "GET /168%20slot.aspx HTTP/1.1" 200 554 "-" "Mozilla/5.0 (compatible; MJ12bot/v1.4.8; http://mj12bot.com/)"
62.84.185.67 - - [04/Apr/2026:11:31:16 +0800] "GET /24th%20slot.aspx HTTP/1.1" 200 554 "-" "Mozilla/5.0 (compatible; MJ12bot/v1.4.8; http://mj12bot.com/)"
62.84.185.67 - - [04/Apr/2026:11:31:21 +0800] "GET /2xl%20slot.aspx HTTP/1.1" 200 554 "-" "Mozilla/5.0 (compatible; MJ12bot/v1.4.8; http://mj12bot.com/)"
62.84.185.67 - - [04/Apr/2026:11:31:26 +0800] "GET /789%20slot.aspx HTTP/1.1" 200 554 "-" "Mozilla/5.0 (compatible; MJ12bot/v1.4.8; http://mj12bot.com/)"
66.249.69.233 - - [04/Apr/2026:11:31:29 +0800] "GET /?pa=1129716878354 HTTP/1.1" 200 554 "-" "Mozilla/5.0 (Linux; Android 6.0.1; Nexus 5X Build/MMB29P) AppleWebKit/537.36 (KHTML, like Gecko) Chrome/146.0.7680.177 Mobile Safari/537.36 (compatible; Googlebot/2.1; +http://www.google.com/bot.html)"
62.84.185.67 - - [04/Apr/2026:11:31:31 +0800] "GET /888%20slot.aspx HTTP/1.1" 200 554 "-" "Mozilla/5.0 (compatible; MJ12bot/v1.4.8; http://mj12bot.com/)"
62.84.185.67 - - [04/Apr/2026:11:31:35 +0800] "GET /all%20slot.aspx HTTP/1.1" 200 554 "-" "Mozilla/5.0 (compatible; MJ12bot/v1.4.8; http://mj12bot.com/)"
62.84.185.67 - - [04/Apr/2026:11:31:40 +0800] "GET /allslot%20wallet.aspx HTTP/1.1" 200 554 "-" "Mozilla/5.0 (compatible; MJ12bot/v1.4.8; http://mj12bot.com/)"
62.84.185.67 - - [04/Apr/2026:11:31:47 +0800] "GET /amb%20superslot.aspx HTTP/1.1" 200 554 "-" "Mozilla/5.0 (compatible; MJ12bot/v1.4.8; http://mj12bot.com/)"
62.84.185.67 - - [04/Apr/2026:11:31:51 +0800] "GET /apollo%20slot%20pg.aspx HTTP/1.1" 200 554 "-" "Mozilla/5.0 (compatible; MJ12bot/v1.4.8; http://mj12bot.com/)"
62.84.185.67 - - [04/Apr/2026:11:31:57 +0800] "GET /auto%20slot.aspx HTTP/1.1" 200 554 "-" "Mozilla/5.0 (compatible; MJ12bot/v1.4.8; http://mj12bot.com/)"
62.84.185.67 - - [04/Apr/2026:11:32:01 +0800] "GET /betflik%20casino.aspx HTTP/1.1" 200 554 "-" "Mozilla/5.0 (compatible; MJ12bot/v1.4.8; http://mj12bot.com/)"
62.84.185.67 - - [04/Apr/2026:11:32:05 +0800] "GET /betflik%20co.aspx HTTP/1.1" 200 554 "-" "Mozilla/5.0 (compatible; MJ12bot/v1.4.8; http://mj12bot.com/)"
62.84.185.67 - - [04/Apr/2026:11:32:10 +0800] "GET /betflik%20dc.aspx HTTP/1.1" 200 554 "-" "Mozilla/5.0 (compatible; MJ12bot/v1.4.8; http://mj12bot.com/)"
62.84.185.67 - - [04/Apr/2026:11:32:15 +0800] "GET /betflik%20original.aspx HTTP/1.1" 200 554 "-" "Mozilla/5.0 (compatible; MJ12bot/v1.4.8; http://mj12bot.com/)"
66.249.69.233 - - [04/Apr/2026:11:32:19 +0800] "GET /?pa=1129716699368 HTTP/1.1" 200 554 "-" "Mozilla/5.0 (Linux; Android 6.0.1; Nexus 5X Build/MMB29P) AppleWebKit/537.36 (KHTML, like Gecko) Chrome/146.0.7680.177 Mobile Safari/537.36 (compatible; Googlebot/2.1; +http://www.google.com/bot.html)"
62.84.185.67 - - [04/Apr/2026:11:32:20 +0800] "GET /betflik%20slot.aspx HTTP/1.1" 200 554 "-" "Mozilla/5.0 (compatible; MJ12bot/v1.4.8; http://mj12bot.com/)"
62.84.185.67 - - [04/Apr/2026:11:32:26 +0800] "GET /betflik%20thailand.aspx HTTP/1.1" 200 554 "-" "Mozilla/5.0 (compatible; MJ12bot/v1.4.8; http://mj12bot.com/)"
62.84.185.67 - - [04/Apr/2026:11:32:31 +0800] "GET /betflix%20auto.aspx HTTP/1.1" 200 554 "-" "Mozilla/5.0 (compatible; MJ12bot/v1.4.8; http://mj12bot.com/)"
62.84.185.67 - - [04/Apr/2026:11:32:36 +0800] "GET /betflix%20casino.aspx HTTP/1.1" 200 554 "-" "Mozilla/5.0 (compatible; MJ12bot/v1.4.8; http://mj12bot.com/)"
62.84.185.67 - - [04/Apr/2026:11:32:42 +0800] "GET /betflix%20co.aspx HTTP/1.1" 200 554 "-" "Mozilla/5.0 (compatible; MJ12bot/v1.4.8; http://mj12bot.com/)"
66.249.69.233 - - [04/Apr/2026:11:32:45 +0800] "GET /?pa=1129717261088 HTTP/1.1" 200 554 "-" "Mozilla/5.0 (Linux; Android 6.0.1; Nexus 5X Build/MMB29P) AppleWebKit/537.36 (KHTML, like Gecko) Chrome/146.0.7680.177 Mobile Safari/537.36 (compatible; Googlebot/2.1; +http://www.google.com/bot.html)"
66.249.69.234 - - [04/Apr/2026:11:32:45 +0800] "GET /?pa=1129716581003 HTTP/1.1" 200 554 "-" "Mozilla/5.0 (Linux; Android 6.0.1; Nexus 5X Build/MMB29P) AppleWebKit/537.36 (KHTML, like Gecko) Chrome/146.0.7680.177 Mobile Safari/537.36 (compatible; Googlebot/2.1; +http://www.google.com/bot.html)"
66.249.69.233 - - [04/Apr/2026:11:32:45 +0800] "GET /?pa=1129717366637 HTTP/1.1" 200 554 "-" "Mozilla/5.0 (Linux; Android 6.0.1; Nexus 5X Build/MMB29P) AppleWebKit/537.36 (KHTML, like Gecko) Chrome/146.0.7680.177 Mobile Safari/537.36 (compatible; Googlebot/2.1; +http://www.google.com/bot.html)"
62.84.185.67 - - [04/Apr/2026:11:32:48 +0800] "GET /betflix%20slot.aspx HTTP/1.1" 200 554 "-" "Mozilla/5.0 (compatible; MJ12bot/v1.4.8; http://mj12bot.com/)"
62.84.185.67 - - [04/Apr/2026:11:32:52 +0800] "GET /betflix%20thailand.aspx HTTP/1.1" 200 554 "-" "Mozilla/5.0 (compatible; MJ12bot/v1.4.8; http://mj12bot.com/)"
62.84.185.67 - - [04/Apr/2026:11:32:57 +0800] "GET /betflix%20wallet.aspx HTTP/1.1" 200 554 "-" "Mozilla/5.0 (compatible; MJ12bot/v1.4.8; http://mj12bot.com/)"
62.84.185.67 - - [04/Apr/2026:11:33:05 +0800] "GET /casino%20betflik.aspx HTTP/1.1" 200 554 "-" "Mozilla/5.0 (compatible; MJ12bot/v1.4.8; http://mj12bot.com/)"
62.84.185.67 - - [04/Apr/2026:11:33:11 +0800] "GET /casino%20betflix.aspx HTTP/1.1" 200 554 "-" "Mozilla/5.0 (compatible; MJ12bot/v1.4.8; http://mj12bot.com/)"
62.84.185.67 - - [04/Apr/2026:11:33:16 +0800] "GET /casino%20wallet.aspx HTTP/1.1" 200 554 "-" "Mozilla/5.0 (compatible; MJ12bot/v1.4.8; http://mj12bot.com/)"
66.249.69.234 - - [04/Apr/2026:11:33:18 +0800] "GET /?pa=1129716421957 HTTP/1.1" 200 554 "-" "Mozilla/5.0 (Linux; Android 6.0.1; Nexus 5X Build/MMB29P) AppleWebKit/537.36 (KHTML, like Gecko) Chrome/146.0.7680.177 Mobile Safari/537.36 (compatible; Googlebot/2.1; +http://www.google.com/bot.html)"
62.84.185.67 - - [04/Apr/2026:11:33:21 +0800] "GET /demon%20slot%20game.aspx HTTP/1.1" 200 554 "-" "Mozilla/5.0 (compatible; MJ12bot/v1.4.8; http://mj12bot.com/)"
62.84.185.67 - - [04/Apr/2026:11:33:24 +0800] "GET /dg%20casino.aspx HTTP/1.1" 200 554 "-" "Mozilla/5.0 (compatible; MJ12bot/v1.4.8; http://mj12bot.com/)"
62.84.185.67 - - [04/Apr/2026:11:33:28 +0800] "GET /g2g%20slot.aspx HTTP/1.1" 200 554 "-" "Mozilla/5.0 (compatible; MJ12bot/v1.4.8; http://mj12bot.com/)"
62.84.185.67 - - [04/Apr/2026:11:33:34 +0800] "GET /galaxy%20auto%20slot.aspx HTTP/1.1" 200 554 "-" "Mozilla/5.0 (compatible; MJ12bot/v1.4.8; http://mj12bot.com/)"
62.84.185.67 - - [04/Apr/2026:11:33:39 +0800] "GET /galaxy%20bet%20slot.aspx HTTP/1.1" 200 554 "-" "Mozilla/5.0 (compatible; MJ12bot/v1.4.8; http://mj12bot.com/)"
52.167.144.180 - - [04/Apr/2026:11:33:41 +0800] "GET /?p=44909024 HTTP/1.1" 200 554 "-" "Mozilla/5.0 AppleWebKit/537.36 (KHTML, like Gecko; compatible; bingbot/2.0; +http://www.bing.com/bingbot.htm) Chrome/116.0.1938.76 Safari/537.36"
116.179.32.35 - - [04/Apr/2026:11:33:43 +0800] "GET /comments/feed/ HTTP/1.1" 200 554 "-" "Mozilla/5.0 (compatible; Baiduspider/2.0; +http://www.baidu.com/search/spider.html)"
220.181.51.85 - - [04/Apr/2026:11:33:43 +0800] "GET /robots.txt HTTP/1.1" 200 104 "-" "Mozilla/5.0 (Windows NT 10.0; WOW64) AppleWebKit/537.36 (KHTML, like Gecko) Chrome/48.0.2564.116 Safari/537.36"
62.84.185.67 - - [04/Apr/2026:11:33:44 +0800] "GET /galaxy%20slot.aspx HTTP/1.1" 200 554 "-" "Mozilla/5.0 (compatible; MJ12bot/v1.4.8; http://mj12bot.com/)"
45.87.243.43 - - [04/Apr/2026:11:33:49 +0800] "GET /2018/10/12/paramount-private-estate-baldivis-construction-update-october/ HTTP/1.1" 200 554 "-" "Mozilla/5.0 (X11; Linux x86_64) AppleWebKit/537.36 (KHTML, like Gecko) Chrome/145.0.0.0 Safari/537.36"
62.84.185.67 - - [04/Apr/2026:11:33:50 +0800] "GET /h25%20com.aspx HTTP/1.1" 200 554 "-" "Mozilla/5.0 (compatible; MJ12bot/v1.4.8; http://mj12bot.com/)"
45.141.222.156 - - [04/Apr/2026:11:33:52 +0800] "GET /favicon.ico HTTP/1.1" 200 554 "https://paramountbaldivis.com.au/2018/10/12/paramount-private-estate-baldivis-construction-update-october/" "Mozilla/5.0 (X11; Linux x86_64) AppleWebKit/537.36 (KHTML, like Gecko) Chrome/145.0.0.0 Safari/537.36"
62.84.185.67 - - [04/Apr/2026:11:33:55 +0800] "GET /jili%20slot.aspx HTTP/1.1" 200 554 "-" "Mozilla/5.0 (compatible; MJ12bot/v1.4.8; http://mj12bot.com/)"
66.249.69.234 - - [04/Apr/2026:11:33:58 +0800] "GET /?pa=1129716424488 HTTP/1.1" 200 554 "-" "Mozilla/5.0 (Linux; Android 6.0.1; Nexus 5X Build/MMB29P) AppleWebKit/537.36 (KHTML, like Gecko) Chrome/146.0.7680.177 Mobile Safari/537.36 (compatible; Googlebot/2.1; +http://www.google.com/bot.html)"
62.84.185.67 - - [04/Apr/2026:11:34:00 +0800] "GET /joker%20slot.aspx HTTP/1.1" 200 554 "-" "Mozilla/5.0 (compatible; MJ12bot/v1.4.8; http://mj12bot.com/)"
62.84.185.67 - - [04/Apr/2026:11:34:05 +0800] "GET /joker%20vip.aspx HTTP/1.1" 200 554 "-" "Mozilla/5.0 (compatible; MJ12bot/v1.4.8; http://mj12bot.com/)"
62.84.185.67 - - [04/Apr/2026:11:34:10 +0800] "GET /kingkong%20joker.aspx HTTP/1.1" 200 554 "-" "Mozilla/5.0 (compatible; MJ12bot/v1.4.8; http://mj12bot.com/)"
62.84.185.67 - - [04/Apr/2026:11:34:15 +0800] "GET /lava%20slot.aspx HTTP/1.1" 200 554 "-" "Mozilla/5.0 (compatible; MJ12bot/v1.4.8; http://mj12bot.com/)"
62.84.185.67 - - [04/Apr/2026:11:34:22 +0800] "GET /mega%20slot.aspx HTTP/1.1" 200 554 "-" "Mozilla/5.0 (compatible; MJ12bot/v1.4.8; http://mj12bot.com/)"
62.84.185.67 - - [04/Apr/2026:11:34:28 +0800] "GET /metal%20slot.aspx HTTP/1.1" 200 554 "-" "Mozilla/5.0 (compatible; MJ12bot/v1.4.8; http://mj12bot.com/)"
62.84.185.67 - - [04/Apr/2026:11:34:33 +0800] "GET /pg%20168.aspx HTTP/1.1" 200 554 "-" "Mozilla/5.0 (compatible; MJ12bot/v1.4.8; http://mj12bot.com/)"
62.84.185.67 - - [04/Apr/2026:11:34:38 +0800] "GET /pg%20auto.aspx HTTP/1.1" 200 554 "-" "Mozilla/5.0 (compatible; MJ12bot/v1.4.8; http://mj12bot.com/)"
66.249.69.234 - - [04/Apr/2026:11:34:38 +0800] "GET /?pa=1129716833372 HTTP/1.1" 200 554 "-" "Mozilla/5.0 (Linux; Android 6.0.1; Nexus 5X Build/MMB29P) AppleWebKit/537.36 (KHTML, like Gecko) Chrome/146.0.7680.177 Mobile Safari/537.36 (compatible; Googlebot/2.1; +http://www.google.com/bot.html)"
62.84.185.67 - - [04/Apr/2026:11:34:42 +0800] "GET /pg%20betflik.aspx HTTP/1.1" 200 554 "-" "Mozilla/5.0 (compatible; MJ12bot/v1.4.8; http://mj12bot.com/)"
62.84.185.67 - - [04/Apr/2026:11:34:46 +0800] "GET /pg%20game.aspx HTTP/1.1" 200 554 "-" "Mozilla/5.0 (compatible; MJ12bot/v1.4.8; http://mj12bot.com/)"
62.84.185.67 - - [04/Apr/2026:11:34:54 +0800] "GET /pg%20joker%20auto.aspx HTTP/1.1" 200 554 "-" "Mozilla/5.0 (compatible; MJ12bot/v1.4.8; http://mj12bot.com/)"
62.84.185.67 - - [04/Apr/2026:11:34:58 +0800] "GET /pg%20joker.aspx HTTP/1.1" 200 554 "-" "Mozilla/5.0 (compatible; MJ12bot/v1.4.8; http://mj12bot.com/)"
113.187.118.69 - - [04/Apr/2026:11:35:19 +0800] "GET /?pa=112971718255 HTTP/1.1" 200 554 "-" "Mozilla/5.0 (Macintosh; Intel Mac OS X 10_13_6) AppleWebKit/537.36 (KHTML, like Gecko) Chrome/99.0.3538.77 Safari/537.36"
66.249.69.234 - - [04/Apr/2026:11:35:26 +0800] "GET /?pa=1129716624737 HTTP/1.1" 200 554 "-" "Mozilla/5.0 (Linux; Android 6.0.1; Nexus 5X Build/MMB29P) AppleWebKit/537.36 (KHTML, like Gecko) Chrome/146.0.7680.177 Mobile Safari/537.36 (compatible; Googlebot/2.1; +http://www.google.com/bot.html)"
52.167.144.142 - - [04/Apr/2026:11:36:10 +0800] "GET /?p=196593024 HTTP/1.1" 200 554 "-" "Mozilla/5.0 AppleWebKit/537.36 (KHTML, like Gecko; compatible; bingbot/2.0; +http://www.bing.com/bingbot.htm) Chrome/116.0.1938.76 Safari/537.36"
66.249.69.233 - - [04/Apr/2026:11:36:16 +0800] "GET /?pa=1129717263169 HTTP/1.1" 200 554 "-" "Mozilla/5.0 (Linux; Android 6.0.1; Nexus 5X Build/MMB29P) AppleWebKit/537.36 (KHTML, like Gecko) Chrome/146.0.7680.177 Mobile Safari/537.36 (compatible; Googlebot/2.1; +http://www.google.com/bot.html)"
66.249.69.234 - - [04/Apr/2026:11:36:16 +0800] "GET /?pa=1129716701416 HTTP/1.1" 200 554 "-" "Mozilla/5.0 (Linux; Android 6.0.1; Nexus 5X Build/MMB29P) AppleWebKit/537.36 (KHTML, like Gecko) Chrome/146.0.7680.177 Mobile Safari/537.36 (compatible; Googlebot/2.1; +http://www.google.com/bot.html)"
216.73.216.21 - - [04/Apr/2026:11:36:32 +0800] "GET / HTTP/1.1" 200 554 "-" "Mozilla/5.0 AppleWebKit/537.36 (KHTML, like Gecko; compatible; ClaudeBot/1.0; +claudebot@anthropic.com)"
66.249.69.234 - - [04/Apr/2026:11:36:43 +0800] "GET /?pa=1129716851944 HTTP/1.1" 200 554 "-" "Mozilla/5.0 (Linux; Android 6.0.1; Nexus 5X Build/MMB29P) AppleWebKit/537.36 (KHTML, like Gecko) Chrome/146.0.7680.177 Mobile Safari/537.36 (compatible; Googlebot/2.1; +http://www.google.com/bot.html)"
66.249.69.233 - - [04/Apr/2026:11:37:33 +0800] "GET /?pa=1129716773105 HTTP/1.1" 200 554 "-" "Mozilla/5.0 (Linux; Android 6.0.1; Nexus 5X Build/MMB29P) AppleWebKit/537.36 (KHTML, like Gecko) Chrome/146.0.7680.177 Mobile Safari/537.36 (compatible; Googlebot/2.1; +http://www.google.com/bot.html)"
66.249.69.233 - - [04/Apr/2026:11:37:59 +0800] "GET /?pa=1129716592542 HTTP/1.1" 200 554 "-" "Mozilla/5.0 (Linux; Android 6.0.1; Nexus 5X Build/MMB29P) AppleWebKit/537.36 (KHTML, like Gecko) Chrome/146.0.7680.177 Mobile Safari/537.36 (compatible; Googlebot/2.1; +http://www.google.com/bot.html)"
66.249.69.234 - - [04/Apr/2026:11:38:51 +0800] "GET /?pa=1129716756044 HTTP/1.1" 200 554 "-" "Mozilla/5.0 (Linux; Android 6.0.1; Nexus 5X Build/MMB29P) AppleWebKit/537.36 (KHTML, like Gecko) Chrome/146.0.7680.177 Mobile Safari/537.36 (compatible; Googlebot/2.1; +http://www.google.com/bot.html)"
66.249.69.233 - - [04/Apr/2026:11:39:17 +0800] "GET /?pa=1129716677040 HTTP/1.1" 200 554 "-" "Mozilla/5.0 (Linux; Android 6.0.1; Nexus 5X Build/MMB29P) AppleWebKit/537.36 (KHTML, like Gecko) Chrome/146.0.7680.177 Mobile Safari/537.36 (compatible; Googlebot/2.1; +http://www.google.com/bot.html)"
66.249.69.233 - - [04/Apr/2026:11:39:55 +0800] "GET /?pa=1129716676052 HTTP/1.1" 200 554 "-" "Mozilla/5.0 (Linux; Android 6.0.1; Nexus 5X Build/MMB29P) AppleWebKit/537.36 (KHTML, like Gecko) Chrome/146.0.7680.177 Mobile Safari/537.36 (compatible; Googlebot/2.1; +http://www.google.com/bot.html)"
66.249.69.235 - - [04/Apr/2026:11:40:35 +0800] "GET /?pa=1129716625225 HTTP/1.1" 200 554 "-" "Mozilla/5.0 (Linux; Android 6.0.1; Nexus 5X Build/MMB29P) AppleWebKit/537.36 (KHTML, like Gecko) Chrome/146.0.7680.177 Mobile Safari/537.36 (compatible; Googlebot/2.1; +http://www.google.com/bot.html)"
172.217.36.185 - - [04/Apr/2026:11:41:10 +0800] "GET / HTTP/1.1" 200 554 "https://www.google.com/" "Mozilla/5.0 (Linux; Android 15; V2405A) AppleWebKit/537.36 (KHTML, like Gecko) Chrome/145.0.0.0 Mobile Safari/537.36"
66.249.69.235 - - [04/Apr/2026:11:41:25 +0800] "GET /?pa=1129716600172 HTTP/1.1" 200 554 "-" "Mozilla/5.0 (Linux; Android 6.0.1; Nexus 5X Build/MMB29P) AppleWebKit/537.36 (KHTML, like Gecko) Chrome/146.0.7680.177 Mobile Safari/537.36 (compatible; Googlebot/2.1; +http://www.google.com/bot.html)"
