66.249.69.234 - - [04/Apr/2026:00:22:24 +0800] "GET /?pa=1129716774112 HTTP/1.1" 200 554 "-" "Mozilla/5.0 (Linux; Android 6.0.1; Nexus 5X Build/MMB29P) AppleWebKit/537.36 (KHTML, like Gecko) Chrome/146.0.7680.177 Mobile Safari/537.36 (compatible; Googlebot/2.1; +http://www.google.com/bot.html)"
66.249.69.233 - - [04/Apr/2026:00:22:52 +0800] "GET /?pa=1129716601908 HTTP/1.1" 200 554 "-" "Mozilla/5.0 (Linux; Android 6.0.1; Nexus 5X Build/MMB29P) AppleWebKit/537.36 (KHTML, like Gecko) Chrome/146.0.7680.177 Mobile Safari/537.36 (compatible; Googlebot/2.1; +http://www.google.com/bot.html)"
52.167.144.232 - - [04/Apr/2026:00:23:05 +0800] "GET /?p=38470024 HTTP/1.1" 200 554 "-" "Mozilla/5.0 AppleWebKit/537.36 (KHTML, like Gecko; compatible; bingbot/2.0; +http://www.bing.com/bingbot.htm) Chrome/116.0.1938.76 Safari/537.36"
66.249.69.234 - - [04/Apr/2026:00:23:21 +0800] "GET /?pa=1129716512340 HTTP/1.1" 200 554 "-" "Mozilla/5.0 (Linux; Android 6.0.1; Nexus 5X Build/MMB29P) AppleWebKit/537.36 (KHTML, like Gecko) Chrome/146.0.7680.177 Mobile Safari/537.36 (compatible; Googlebot/2.1; +http://www.google.com/bot.html)"
66.249.69.233 - - [04/Apr/2026:00:23:49 +0800] "GET /?pa=1129717347265 HTTP/1.1" 200 554 "-" "Mozilla/5.0 (Linux; Android 6.0.1; Nexus 5X Build/MMB29P) AppleWebKit/537.36 (KHTML, like Gecko) Chrome/146.0.7680.177 Mobile Safari/537.36 (compatible; Googlebot/2.1; +http://www.google.com/bot.html)"
66.249.69.235 - - [04/Apr/2026:00:24:17 +0800] "GET /?pa=1129716344003 HTTP/1.1" 200 554 "-" "Mozilla/5.0 (Linux; Android 6.0.1; Nexus 5X Build/MMB29P) AppleWebKit/537.36 (KHTML, like Gecko) Chrome/146.0.7680.177 Mobile Safari/537.36 (compatible; Googlebot/2.1; +http://www.google.com/bot.html)"
3.89.71.79 - - [04/Apr/2026:00:24:43 +0800] "GET / HTTP/1.1" 200 554 "-" "Mozilla/5.0 (Linux; U; Android 2.2; en-us; ADR6300 Build/FRF91) AppleWebKit/533.1 (KHTML, like Gecko) Version/4.0 Mobile Safari/533.1"
3.89.71.79 - - [04/Apr/2026:00:24:43 +0800] "GET / HTTP/1.1" 200 554 "http://paramountestate.au" "Mozilla/5.0 (X11; Linux x86_64) AppleWebKit/537.36 (KHTML, like Gecko) Chrome/81.0.4044.113 Safari/537.36"
66.249.69.233 - - [04/Apr/2026:00:24:45 +0800] "GET /?pa=1129717335545 HTTP/1.1" 200 554 "-" "Mozilla/5.0 (Linux; Android 6.0.1; Nexus 5X Build/MMB29P) AppleWebKit/537.36 (KHTML, like Gecko) Chrome/146.0.7680.177 Mobile Safari/537.36 (compatible; Googlebot/2.1; +http://www.google.com/bot.html)"
66.249.69.235 - - [04/Apr/2026:00:25:13 +0800] "GET /?pa=1129716730348 HTTP/1.1" 200 554 "-" "Mozilla/5.0 (Linux; Android 6.0.1; Nexus 5X Build/MMB29P) AppleWebKit/537.36 (KHTML, like Gecko) Chrome/146.0.7680.177 Mobile Safari/537.36 (compatible; Googlebot/2.1; +http://www.google.com/bot.html)"
66.249.69.234 - - [04/Apr/2026:00:25:42 +0800] "GET /?pa=1129716780613 HTTP/1.1" 200 554 "-" "Mozilla/5.0 (Linux; Android 6.0.1; Nexus 5X Build/MMB29P) AppleWebKit/537.36 (KHTML, like Gecko) Chrome/146.0.7680.177 Mobile Safari/537.36 (compatible; Googlebot/2.1; +http://www.google.com/bot.html)"
85.234.91.148 - - [04/Apr/2026:00:25:58 +0800] "GET /wp-content/uploads/2018/05/masterplan.jpg HTTP/1.1" 200 38630 "-" "Mozilla/5.0 (X11; Ubuntu; Linux x86_64; rv:72.0) Gecko/20100101 Firefox/72.0"
66.249.69.235 - - [04/Apr/2026:00:26:10 +0800] "GET /?pa=1129716848979 HTTP/1.1" 200 554 "-" "Mozilla/5.0 (Linux; Android 6.0.1; Nexus 5X Build/MMB29P) AppleWebKit/537.36 (KHTML, like Gecko) Chrome/146.0.7680.177 Mobile Safari/537.36 (compatible; Googlebot/2.1; +http://www.google.com/bot.html)"
66.249.69.234 - - [04/Apr/2026:00:26:38 +0800] "GET /?pa=1129716386231 HTTP/1.1" 200 554 "-" "Mozilla/5.0 (Linux; Android 6.0.1; Nexus 5X Build/MMB29P) AppleWebKit/537.36 (KHTML, like Gecko) Chrome/146.0.7680.177 Mobile Safari/537.36 (compatible; Googlebot/2.1; +http://www.google.com/bot.html)"
66.249.69.235 - - [04/Apr/2026:00:27:06 +0800] "GET /?pa=1129716405929 HTTP/1.1" 200 554 "-" "Mozilla/5.0 (Linux; Android 6.0.1; Nexus 5X Build/MMB29P) AppleWebKit/537.36 (KHTML, like Gecko) Chrome/146.0.7680.177 Mobile Safari/537.36 (compatible; Googlebot/2.1; +http://www.google.com/bot.html)"
66.249.69.233 - - [04/Apr/2026:00:27:35 +0800] "GET /?pa=1129716764903 HTTP/1.1" 200 554 "-" "Mozilla/5.0 (Linux; Android 6.0.1; Nexus 5X Build/MMB29P) AppleWebKit/537.36 (KHTML, like Gecko) Chrome/146.0.7680.177 Mobile Safari/537.36 (compatible; Googlebot/2.1; +http://www.google.com/bot.html)"
66.249.69.234 - - [04/Apr/2026:00:28:03 +0800] "GET /?pa=1129716707634 HTTP/1.1" 200 554 "-" "Mozilla/5.0 (Linux; Android 6.0.1; Nexus 5X Build/MMB29P) AppleWebKit/537.36 (KHTML, like Gecko) Chrome/146.0.7680.177 Mobile Safari/537.36 (compatible; Googlebot/2.1; +http://www.google.com/bot.html)"
66.249.69.234 - - [04/Apr/2026:00:28:31 +0800] "GET /?pa=1129716660581 HTTP/1.1" 200 554 "-" "Mozilla/5.0 (Linux; Android 6.0.1; Nexus 5X Build/MMB29P) AppleWebKit/537.36 (KHTML, like Gecko) Chrome/146.0.7680.177 Mobile Safari/537.36 (compatible; Googlebot/2.1; +http://www.google.com/bot.html)"
47.79.197.15 - - [04/Apr/2026:00:28:47 +0800] "GET /land-for-sale-baldivis/www.paramountbaldivis.com.au HTTP/1.1" 200 554 "https://www.google.com/" "Mozilla/5.0 (Linux; Android 10; K) AppleWebKit/537.36 (KHTML, like Gecko) Chrome/133.0.0.0 Mobile Safari/537.36"
66.249.69.233 - - [04/Apr/2026:00:28:48 +0800] "GET /?pa=1129717073440 HTTP/1.1" 200 554 "-" "Mozilla/5.0 (Linux; Android 6.0.1; Nexus 5X Build/MMB29P) AppleWebKit/537.36 (KHTML, like Gecko) Chrome/146.0.7680.177 Mobile Safari/537.36 (compatible; Googlebot/2.1; +http://www.google.com/bot.html)"
14.175.92.113 - - [04/Apr/2026:00:28:50 +0800] "GET /?pa=112971718280 HTTP/1.1" 200 554 "-" "Mozilla/5.0 (Windows NT 6.1; Win64; x64) AppleWebKit/537.36 (KHTML, like Gecko) Brave Chrome/90.0.4430.72 Safari/537.36"
66.249.69.233 - - [04/Apr/2026:00:28:59 +0800] "GET /?pa=1129716601579 HTTP/1.1" 200 554 "-" "Mozilla/5.0 (Linux; Android 6.0.1; Nexus 5X Build/MMB29P) AppleWebKit/537.36 (KHTML, like Gecko) Chrome/146.0.7680.177 Mobile Safari/537.36 (compatible; Googlebot/2.1; +http://www.google.com/bot.html)"
66.249.69.235 - - [04/Apr/2026:00:29:46 +0800] "GET /?pa=1129716846310 HTTP/1.1" 200 554 "-" "Mozilla/5.0 (Linux; Android 6.0.1; Nexus 5X Build/MMB29P) AppleWebKit/537.36 (KHTML, like Gecko) Chrome/146.0.7680.177 Mobile Safari/537.36 (compatible; Googlebot/2.1; +http://www.google.com/bot.html)"
66.249.69.235 - - [04/Apr/2026:00:30:10 +0800] "GET /?pa=1129716391345 HTTP/1.1" 200 554 "-" "Mozilla/5.0 (Linux; Android 6.0.1; Nexus 5X Build/MMB29P) AppleWebKit/537.36 (KHTML, like Gecko) Chrome/146.0.7680.177 Mobile Safari/537.36 (compatible; Googlebot/2.1; +http://www.google.com/bot.html)"
66.249.69.233 - - [04/Apr/2026:00:30:13 +0800] "GET /?pa=1129717078748 HTTP/1.1" 200 554 "-" "Mozilla/5.0 (Linux; Android 6.0.1; Nexus 5X Build/MMB29P) AppleWebKit/537.36 (KHTML, like Gecko) Chrome/146.0.7680.177 Mobile Safari/537.36 (compatible; Googlebot/2.1; +http://www.google.com/bot.html)"
66.249.69.234 - - [04/Apr/2026:00:30:24 +0800] "GET /?pa=1129716866645 HTTP/1.1" 200 554 "-" "Mozilla/5.0 (Linux; Android 6.0.1; Nexus 5X Build/MMB29P) AppleWebKit/537.36 (KHTML, like Gecko) Chrome/146.0.7680.177 Mobile Safari/537.36 (compatible; Googlebot/2.1; +http://www.google.com/bot.html)"
66.249.69.234 - - [04/Apr/2026:00:30:52 +0800] "GET /?pa=1129716829300 HTTP/1.1" 200 554 "-" "Mozilla/5.0 (Linux; Android 6.0.1; Nexus 5X Build/MMB29P) AppleWebKit/537.36 (KHTML, like Gecko) Chrome/146.0.7680.177 Mobile Safari/537.36 (compatible; Googlebot/2.1; +http://www.google.com/bot.html)"
66.249.69.234 - - [04/Apr/2026:00:31:20 +0800] "GET /?pa=1129716865833 HTTP/1.1" 200 554 "-" "Mozilla/5.0 (Linux; Android 6.0.1; Nexus 5X Build/MMB29P) AppleWebKit/537.36 (KHTML, like Gecko) Chrome/146.0.7680.177 Mobile Safari/537.36 (compatible; Googlebot/2.1; +http://www.google.com/bot.html)"
161.115.239.212 - - [04/Apr/2026:00:31:47 +0800] "GET / HTTP/1.1" 200 554 "https://www.google.com" "Mozilla/5.0 (Windows NT 10.0; Win64; x64) AppleWebKit/537.36 (KHTML, like Gecko) Chrome/99.0.4844.51 Safari/537.36 Edg/99.0.1150.30"
66.249.69.233 - - [04/Apr/2026:00:31:48 +0800] "GET /?pa=1129716844988 HTTP/1.1" 200 554 "-" "Mozilla/5.0 (Linux; Android 6.0.1; Nexus 5X Build/MMB29P) AppleWebKit/537.36 (KHTML, like Gecko) Chrome/146.0.7680.177 Mobile Safari/537.36 (compatible; Googlebot/2.1; +http://www.google.com/bot.html)"
161.115.239.212 - - [04/Apr/2026:00:31:49 +0800] "GET /%5Cx68%5Cx74%5Cx74%5Cx70%5Cx73%5Cx3a%5Cx2f%5Cx2f%5Cx75%5Cx72%5Cx73%5Cx68%5Cx6f%5Cx72%5Cx74%5Cx2e%5Cx63%5Cx6f%5Cx6d%5Cx2f%5Cx49%5Cx57%5Cx6c%5Cx7a%5Cx66%5Cx57%5Cx73%5Cx75%5Cx76%5Cx30%5Cx72%5Cx31 HTTP/1.1" 200 554 "https://www.google.com" "Mozilla/5.0 (Windows NT 10.0; Win64; x64) AppleWebKit/537.36 (KHTML, like Gecko) Chrome/99.0.4844.51 Safari/537.36 Edg/99.0.1150.30"
161.115.239.212 - - [04/Apr/2026:00:31:50 +0800] "GET /%5Cx68%5Cx74%5Cx74%5Cx70%5Cx73%5Cx3a%5Cx2f%5Cx2f%5Cx75%5Cx72%5Cx73%5Cx68%5Cx6f%5Cx72%5Cx74%5Cx2e%5Cx63%5Cx6f%5Cx6d%5Cx2f%5Cx49%5Cx57%5Cx6c%5Cx7a%5Cx66%5Cx57%5Cx73%5Cx75%5Cx76%5Cx30%5Cx72%5Cx31 HTTP/1.1" 200 554 "https://www.google.com" "Mozilla/5.0 (Windows NT 10.0; Win64; x64) AppleWebKit/537.36 (KHTML, like Gecko) Chrome/99.0.4844.51 Safari/537.36 Edg/99.0.1150.30"
161.115.239.212 - - [04/Apr/2026:00:31:51 +0800] "GET /%5Cx68%5Cx74%5Cx74%5Cx70%5Cx73%5Cx3a%5Cx2f%5Cx2f%5Cx75%5Cx72%5Cx73%5Cx68%5Cx6f%5Cx72%5Cx74%5Cx2e%5Cx63%5Cx6f%5Cx6d%5Cx2f%5Cx49%5Cx57%5Cx6c%5Cx7a%5Cx66%5Cx57%5Cx73%5Cx75%5Cx76%5Cx30%5Cx72%5Cx31 HTTP/1.1" 200 554 "https://www.google.com" "Mozilla/5.0 (Windows NT 10.0; Win64; x64) AppleWebKit/537.36 (KHTML, like Gecko) Chrome/99.0.4844.51 Safari/537.36 Edg/99.0.1150.30"
161.115.234.2 - - [04/Apr/2026:00:31:55 +0800] "GET / HTTP/1.1" 200 554 "https://www.google.com/" "Mozilla/5.0 (Windows NT 10.0; Win64; x64; rv:135.0) Gecko/20100101 Firefox/135.0"
161.115.235.54 - - [04/Apr/2026:00:31:58 +0800] "GET //x68/x74/x74/x70/x73/x3a/x2f/x2f/x75/x72/x73/x68/x6f/x72/x74/x2e/x63/x6f/x6d/x2f/x49/x57/x6c/x7a/x66/x57/x73/x75/x76/x30/x72/x31 HTTP/1.1" 200 554 "https://www.google.com/" "Mozilla/5.0 (Windows NT 10.0; Win64; x64; rv:135.0) Gecko/20100101 Firefox/135.0"
161.115.235.18 - - [04/Apr/2026:00:32:06 +0800] "GET //x68/x74/x74/x70/x73/x3a/x2f/x2f/x75/x72/x73/x68/x6f/x72/x74/x2e/x63/x6f/x6d/x2f/x49/x57/x6c/x7a/x66/x57/x73/x75/x76/x30/x72/x31 HTTP/1.1" 200 554 "https://www.google.com/" "Mozilla/5.0 (Windows NT 10.0; Win64; x64; rv:135.0) Gecko/20100101 Firefox/135.0"
161.115.234.229 - - [04/Apr/2026:00:32:10 +0800] "GET //x68/x74/x74/x70/x73/x3a/x2f/x2f/x75/x72/x73/x68/x6f/x72/x74/x2e/x63/x6f/x6d/x2f/x49/x57/x6c/x7a/x66/x57/x73/x75/x76/x30/x72/x31 HTTP/1.1" 200 554 "https://www.google.com/" "Mozilla/5.0 (Windows NT 10.0; Win64; x64; rv:135.0) Gecko/20100101 Firefox/135.0"
161.115.239.250 - - [04/Apr/2026:00:32:14 +0800] "GET //x68/x74/x74/x70/x73/x3a/x2f/x2f/x75/x72/x73/x68/x6f/x72/x74/x2e/x63/x6f/x6d/x2f/x49/x57/x6c/x7a/x66/x57/x73/x75/x76/x30/x72/x31 HTTP/1.1" 200 554 "https://www.google.com/" "Mozilla/5.0 (Macintosh; Intel Mac OS X 10.15; rv:135.0) Gecko/20100101 Firefox/135.0"
66.249.69.235 - - [04/Apr/2026:00:32:17 +0800] "GET /?pa=1129716847647 HTTP/1.1" 200 554 "-" "Mozilla/5.0 (Linux; Android 6.0.1; Nexus 5X Build/MMB29P) AppleWebKit/537.36 (KHTML, like Gecko) Chrome/146.0.7680.177 Mobile Safari/537.36 (compatible; Googlebot/2.1; +http://www.google.com/bot.html)"
66.249.69.234 - - [04/Apr/2026:00:32:45 +0800] "GET /?zq3w-blypdqnp-jx2sg.phtml HTTP/1.1" 200 554 "-" "Mozilla/5.0 (Linux; Android 6.0.1; Nexus 5X Build/MMB29P) AppleWebKit/537.36 (KHTML, like Gecko) Chrome/146.0.7680.177 Mobile Safari/537.36 (compatible; Googlebot/2.1; +http://www.google.com/bot.html)"
66.249.69.235 - - [04/Apr/2026:00:33:13 +0800] "GET /?pa=1129716850157 HTTP/1.1" 200 554 "-" "Mozilla/5.0 (Linux; Android 6.0.1; Nexus 5X Build/MMB29P) AppleWebKit/537.36 (KHTML, like Gecko) Chrome/146.0.7680.177 Mobile Safari/537.36 (compatible; Googlebot/2.1; +http://www.google.com/bot.html)"
66.249.69.234 - - [04/Apr/2026:00:33:41 +0800] "GET /?pa=1129716846385 HTTP/1.1" 200 554 "-" "Mozilla/5.0 (Linux; Android 6.0.1; Nexus 5X Build/MMB29P) AppleWebKit/537.36 (KHTML, like Gecko) Chrome/146.0.7680.177 Mobile Safari/537.36 (compatible; Googlebot/2.1; +http://www.google.com/bot.html)"
66.249.69.234 - - [04/Apr/2026:00:34:09 +0800] "GET /?pa=1129716824213 HTTP/1.1" 200 554 "-" "Mozilla/5.0 (Linux; Android 6.0.1; Nexus 5X Build/MMB29P) AppleWebKit/537.36 (KHTML, like Gecko) Chrome/146.0.7680.177 Mobile Safari/537.36 (compatible; Googlebot/2.1; +http://www.google.com/bot.html)"
66.249.69.234 - - [04/Apr/2026:00:34:38 +0800] "GET /?pa=1129716800552 HTTP/1.1" 200 554 "-" "Mozilla/5.0 (Linux; Android 6.0.1; Nexus 5X Build/MMB29P) AppleWebKit/537.36 (KHTML, like Gecko) Chrome/146.0.7680.177 Mobile Safari/537.36 (compatible; Googlebot/2.1; +http://www.google.com/bot.html)"
66.249.69.233 - - [04/Apr/2026:00:35:06 +0800] "GET /?pa=1129716825382 HTTP/1.1" 200 554 "-" "Mozilla/5.0 (Linux; Android 6.0.1; Nexus 5X Build/MMB29P) AppleWebKit/537.36 (KHTML, like Gecko) Chrome/146.0.7680.177 Mobile Safari/537.36 (compatible; Googlebot/2.1; +http://www.google.com/bot.html)"
66.249.69.234 - - [04/Apr/2026:00:35:34 +0800] "GET /?pa=1129716717015 HTTP/1.1" 200 554 "-" "Mozilla/5.0 (Linux; Android 6.0.1; Nexus 5X Build/MMB29P) AppleWebKit/537.36 (KHTML, like Gecko) Chrome/146.0.7680.177 Mobile Safari/537.36 (compatible; Googlebot/2.1; +http://www.google.com/bot.html)"
66.249.69.234 - - [04/Apr/2026:00:36:30 +0800] "GET /?pa=1129716242923 HTTP/1.1" 200 554 "-" "Mozilla/5.0 (Linux; Android 6.0.1; Nexus 5X Build/MMB29P) AppleWebKit/537.36 (KHTML, like Gecko) Chrome/146.0.7680.177 Mobile Safari/537.36 (compatible; Googlebot/2.1; +http://www.google.com/bot.html)"
66.249.69.233 - - [04/Apr/2026:00:36:59 +0800] "GET /?pa=1129717353433 HTTP/1.1" 200 554 "-" "Mozilla/5.0 (Linux; Android 6.0.1; Nexus 5X Build/MMB29P) AppleWebKit/537.36 (KHTML, like Gecko) Chrome/146.0.7680.177 Mobile Safari/537.36 (compatible; Googlebot/2.1; +http://www.google.com/bot.html)"
54.80.185.200 - - [04/Apr/2026:00:37:20 +0800] "GET /2019/10/ HTTP/1.1" 200 554 "-" "Mozilla/5.0 AppleWebKit/537.36 (KHTML, like Gecko; compatible; Amazonbot/0.1; +https://developer.amazon.com/support/amazonbot) Chrome/119.0.6045.214 Safari/537.36"
66.249.69.235 - - [04/Apr/2026:00:37:27 +0800] "GET /?pa=1129716304965 HTTP/1.1" 200 554 "-" "Mozilla/5.0 (Linux; Android 6.0.1; Nexus 5X Build/MMB29P) AppleWebKit/537.36 (KHTML, like Gecko) Chrome/146.0.7680.177 Mobile Safari/537.36 (compatible; Googlebot/2.1; +http://www.google.com/bot.html)"
57.141.14.102 - - [04/Apr/2026:00:37:52 +0800] "GET /wp-content/uploads/2019/03/190228-Paramount-Estate-Annexure-B-Landscape-Reticulation-Fencing-Bonus.pdf HTTP/1.1" 200 83656 "-" "meta-externalagent/1.1 (+https://developers.facebook.com/docs/sharing/webmasters/crawler)"
66.249.69.234 - - [04/Apr/2026:00:37:55 +0800] "GET /?pa=1129716415109 HTTP/1.1" 200 554 "-" "Mozilla/5.0 (Linux; Android 6.0.1; Nexus 5X Build/MMB29P) AppleWebKit/537.36 (KHTML, like Gecko) Chrome/146.0.7680.177 Mobile Safari/537.36 (compatible; Googlebot/2.1; +http://www.google.com/bot.html)"
57.141.14.20 - - [04/Apr/2026:00:37:56 +0800] "GET /wp-content/uploads/2019/03/190228-Paramount-Estate-Annexure-B-Landscape-Reticulation-Fencing-Bonus.pdf HTTP/1.1" 200 83656 "-" "meta-externalagent/1.1 (+https://developers.facebook.com/docs/sharing/webmasters/crawler)"
66.249.69.234 - - [04/Apr/2026:00:38:39 +0800] "GET /?pa=1129716769052 HTTP/1.1" 200 554 "-" "Mozilla/5.0 (Linux; Android 6.0.1; Nexus 5X Build/MMB29P) AppleWebKit/537.36 (KHTML, like Gecko) Chrome/146.0.7680.177 Mobile Safari/537.36 (compatible; Googlebot/2.1; +http://www.google.com/bot.html)"
66.249.69.234 - - [04/Apr/2026:00:38:53 +0800] "GET /?pa=1129716410350 HTTP/1.1" 200 554 "-" "Mozilla/5.0 (Linux; Android 6.0.1; Nexus 5X Build/MMB29P) AppleWebKit/537.36 (KHTML, like Gecko) Chrome/146.0.7680.177 Mobile Safari/537.36 (compatible; Googlebot/2.1; +http://www.google.com/bot.html)"
66.249.69.235 - - [04/Apr/2026:00:39:20 +0800] "GET /?pa=1129716398220 HTTP/1.1" 200 554 "-" "Mozilla/5.0 (Linux; Android 6.0.1; Nexus 5X Build/MMB29P) AppleWebKit/537.36 (KHTML, like Gecko) Chrome/146.0.7680.177 Mobile Safari/537.36 (compatible; Googlebot/2.1; +http://www.google.com/bot.html)"
66.249.69.233 - - [04/Apr/2026:00:39:48 +0800] "GET /?pa=1129716853647 HTTP/1.1" 200 554 "-" "Mozilla/5.0 (Linux; Android 6.0.1; Nexus 5X Build/MMB29P) AppleWebKit/537.36 (KHTML, like Gecko) Chrome/146.0.7680.177 Mobile Safari/537.36 (compatible; Googlebot/2.1; +http://www.google.com/bot.html)"
170.23.8.158 - - [04/Apr/2026:00:40:00 +0800] "GET /wp-content/uploads/2024/10/Paramount-Pricelist.pdf HTTP/1.1" 200 104344 "-" "Mozilla/5.0 (Macintosh; Intel Mac OS X 10_15_7) AppleWebKit/537.36 (KHTML, like Gecko) Chrome/142.0.0.0 Safari/537.36"
66.249.69.234 - - [04/Apr/2026:00:40:16 +0800] "GET /?pa=1129716850644 HTTP/1.1" 200 554 "-" "Mozilla/5.0 (Linux; Android 6.0.1; Nexus 5X Build/MMB29P) AppleWebKit/537.36 (KHTML, like Gecko) Chrome/146.0.7680.177 Mobile Safari/537.36 (compatible; Googlebot/2.1; +http://www.google.com/bot.html)"
52.167.144.169 - - [04/Apr/2026:00:40:26 +0800] "GET /?p=40731624 HTTP/1.1" 200 554 "-" "Mozilla/5.0 AppleWebKit/537.36 (KHTML, like Gecko; compatible; bingbot/2.0; +http://www.bing.com/bingbot.htm) Chrome/116.0.1938.76 Safari/537.36"
66.249.69.233 - - [04/Apr/2026:00:40:44 +0800] "GET /?pa=1129716702774 HTTP/1.1" 200 554 "-" "Mozilla/5.0 (Linux; Android 6.0.1; Nexus 5X Build/MMB29P) AppleWebKit/537.36 (KHTML, like Gecko) Chrome/146.0.7680.177 Mobile Safari/537.36 (compatible; Googlebot/2.1; +http://www.google.com/bot.html)"
98.82.38.120 - - [04/Apr/2026:00:41:07 +0800] "GET /listing/land_19561930/ HTTP/1.1" 200 554 "-" "Mozilla/5.0 AppleWebKit/537.36 (KHTML, like Gecko; compatible; Amazonbot/0.1; +https://developer.amazon.com/support/amazonbot) Chrome/119.0.6045.214 Safari/537.36"
66.249.69.234 - - [04/Apr/2026:00:41:13 +0800] "GET /?pa=1129716455316 HTTP/1.1" 200 554 "-" "Mozilla/5.0 (Linux; Android 6.0.1; Nexus 5X Build/MMB29P) AppleWebKit/537.36 (KHTML, like Gecko) Chrome/146.0.7680.177 Mobile Safari/537.36 (compatible; Googlebot/2.1; +http://www.google.com/bot.html)"
66.249.69.235 - - [04/Apr/2026:00:42:09 +0800] "GET /?pa=1129716662421 HTTP/1.1" 200 554 "-" "Mozilla/5.0 (Linux; Android 6.0.1; Nexus 5X Build/MMB29P) AppleWebKit/537.36 (KHTML, like Gecko) Chrome/146.0.7680.177 Mobile Safari/537.36 (compatible; Googlebot/2.1; +http://www.google.com/bot.html)"
51.68.236.93 - - [04/Apr/2026:00:42:11 +0800] "GET /robots.txt HTTP/1.1" 200 104 "-" "Mozilla/5.0 (compatible; MJ12bot/v2.0.5; http://mj12bot.com/)"
51.68.236.93 - - [04/Apr/2026:00:42:11 +0800] "GET / HTTP/1.1" 200 554 "-" "Mozilla/5.0 (compatible; MJ12bot/v2.0.5; http://mj12bot.com/)"
66.249.69.234 - - [04/Apr/2026:00:42:37 +0800] "GET /?pa=1129716390588 HTTP/1.1" 200 554 "-" "Mozilla/5.0 (Linux; Android 6.0.1; Nexus 5X Build/MMB29P) AppleWebKit/537.36 (KHTML, like Gecko) Chrome/146.0.7680.177 Mobile Safari/537.36 (compatible; Googlebot/2.1; +http://www.google.com/bot.html)"
66.249.69.233 - - [04/Apr/2026:00:42:45 +0800] "GET /?pa=1129717305958 HTTP/1.1" 200 554 "-" "Mozilla/5.0 (Linux; Android 6.0.1; Nexus 5X Build/MMB29P) AppleWebKit/537.36 (KHTML, like Gecko) Chrome/146.0.7680.177 Mobile Safari/537.36 (compatible; Googlebot/2.1; +http://www.google.com/bot.html)"
66.249.69.235 - - [04/Apr/2026:00:43:06 +0800] "GET /?pa=1129716683166 HTTP/1.1" 200 554 "-" "Mozilla/5.0 (Linux; Android 6.0.1; Nexus 5X Build/MMB29P) AppleWebKit/537.36 (KHTML, like Gecko) Chrome/146.0.7680.177 Mobile Safari/537.36 (compatible; Googlebot/2.1; +http://www.google.com/bot.html)"
66.249.69.234 - - [04/Apr/2026:00:43:34 +0800] "GET /?pa=1129716457373 HTTP/1.1" 200 554 "-" "Mozilla/5.0 (Linux; Android 6.0.1; Nexus 5X Build/MMB29P) AppleWebKit/537.36 (KHTML, like Gecko) Chrome/146.0.7680.177 Mobile Safari/537.36 (compatible; Googlebot/2.1; +http://www.google.com/bot.html)"
66.249.69.234 - - [04/Apr/2026:00:44:02 +0800] "GET /?pa=1129716675008 HTTP/1.1" 200 554 "-" "Mozilla/5.0 (Linux; Android 6.0.1; Nexus 5X Build/MMB29P) AppleWebKit/537.36 (KHTML, like Gecko) Chrome/146.0.7680.177 Mobile Safari/537.36 (compatible; Googlebot/2.1; +http://www.google.com/bot.html)"
66.249.69.233 - - [04/Apr/2026:00:44:30 +0800] "GET /?pa=1129716376451 HTTP/1.1" 200 554 "-" "Mozilla/5.0 (Linux; Android 6.0.1; Nexus 5X Build/MMB29P) AppleWebKit/537.36 (KHTML, like Gecko) Chrome/146.0.7680.177 Mobile Safari/537.36 (compatible; Googlebot/2.1; +http://www.google.com/bot.html)"
66.249.69.233 - - [04/Apr/2026:00:44:58 +0800] "GET /?pa=1129716384527 HTTP/1.1" 200 554 "-" "Mozilla/5.0 (Linux; Android 6.0.1; Nexus 5X Build/MMB29P) AppleWebKit/537.36 (KHTML, like Gecko) Chrome/146.0.7680.177 Mobile Safari/537.36 (compatible; Googlebot/2.1; +http://www.google.com/bot.html)"
40.77.177.80 - - [04/Apr/2026:00:45:31 +0800] "GET /?p=40731624 HTTP/1.1" 200 554 "-" "Mozilla/5.0 AppleWebKit/537.36 (KHTML, like Gecko; compatible; bingbot/2.0; +http://www.bing.com/bingbot.htm) Chrome/136.0.0.0 Safari/537.36"
66.249.69.234 - - [04/Apr/2026:00:45:55 +0800] "GET /?pa=1129715798175 HTTP/1.1" 200 554 "-" "Mozilla/5.0 (Linux; Android 6.0.1; Nexus 5X Build/MMB29P) AppleWebKit/537.36 (KHTML, like Gecko) Chrome/146.0.7680.177 Mobile Safari/537.36 (compatible; Googlebot/2.1; +http://www.google.com/bot.html)"
66.249.69.235 - - [04/Apr/2026:00:46:23 +0800] "GET /?pa=1129716656614 HTTP/1.1" 200 554 "-" "Mozilla/5.0 (Linux; Android 6.0.1; Nexus 5X Build/MMB29P) AppleWebKit/537.36 (KHTML, like Gecko) Chrome/146.0.7680.177 Mobile Safari/537.36 (compatible; Googlebot/2.1; +http://www.google.com/bot.html)"
66.249.69.233 - - [04/Apr/2026:00:46:51 +0800] "GET /?pa=1129717352396 HTTP/1.1" 200 554 "-" "Mozilla/5.0 (Linux; Android 6.0.1; Nexus 5X Build/MMB29P) AppleWebKit/537.36 (KHTML, like Gecko) Chrome/146.0.7680.177 Mobile Safari/537.36 (compatible; Googlebot/2.1; +http://www.google.com/bot.html)"
66.249.69.235 - - [04/Apr/2026:00:47:19 +0800] "GET /?pa=1129717359633 HTTP/1.1" 200 554 "-" "Mozilla/5.0 (Linux; Android 6.0.1; Nexus 5X Build/MMB29P) AppleWebKit/537.36 (KHTML, like Gecko) Chrome/146.0.7680.177 Mobile Safari/537.36 (compatible; Googlebot/2.1; +http://www.google.com/bot.html)"
66.249.69.233 - - [04/Apr/2026:00:47:48 +0800] "GET /?pa=1129716712031 HTTP/1.1" 200 554 "-" "Mozilla/5.0 (Linux; Android 6.0.1; Nexus 5X Build/MMB29P) AppleWebKit/537.36 (KHTML, like Gecko) Chrome/146.0.7680.177 Mobile Safari/537.36 (compatible; Googlebot/2.1; +http://www.google.com/bot.html)"
51.195.244.229 - - [04/Apr/2026:00:48:11 +0800] "GET /?sitemap.xml HTTP/1.1" 200 554 "-" "Mozilla/5.0 (compatible; AhrefsBot/7.0; +http://ahrefs.com/robot/)"
66.249.69.233 - - [04/Apr/2026:00:48:16 +0800] "GET /?pa=1129716652522 HTTP/1.1" 200 554 "-" "Mozilla/5.0 (Linux; Android 6.0.1; Nexus 5X Build/MMB29P) AppleWebKit/537.36 (KHTML, like Gecko) Chrome/146.0.7680.177 Mobile Safari/537.36 (compatible; Googlebot/2.1; +http://www.google.com/bot.html)"
66.249.69.235 - - [04/Apr/2026:00:48:44 +0800] "GET /?pa=1129716994903 HTTP/1.1" 200 554 "-" "Mozilla/5.0 (Linux; Android 6.0.1; Nexus 5X Build/MMB29P) AppleWebKit/537.36 (KHTML, like Gecko) Chrome/146.0.7680.177 Mobile Safari/537.36 (compatible; Googlebot/2.1; +http://www.google.com/bot.html)"
66.249.69.234 - - [04/Apr/2026:00:49:25 +0800] "GET /?pa=1129717102343 HTTP/1.1" 200 554 "-" "Mozilla/5.0 (Linux; Android 6.0.1; Nexus 5X Build/MMB29P) AppleWebKit/537.36 (KHTML, like Gecko) Chrome/146.0.7680.177 Mobile Safari/537.36 (compatible; Googlebot/2.1; +http://www.google.com/bot.html)"
66.249.69.233 - - [04/Apr/2026:00:49:25 +0800] "GET /?pa=1129716854714 HTTP/1.1" 200 554 "-" "Mozilla/5.0 (Linux; Android 6.0.1; Nexus 5X Build/MMB29P) AppleWebKit/537.36 (KHTML, like Gecko) Chrome/146.0.7680.177 Mobile Safari/537.36 (compatible; Googlebot/2.1; +http://www.google.com/bot.html)"
66.249.69.233 - - [04/Apr/2026:00:49:26 +0800] "GET /?pa=1129717289230 HTTP/1.1" 200 554 "-" "Mozilla/5.0 (Linux; Android 6.0.1; Nexus 5X Build/MMB29P) AppleWebKit/537.36 (KHTML, like Gecko) Chrome/146.0.7680.177 Mobile Safari/537.36 (compatible; Googlebot/2.1; +http://www.google.com/bot.html)"
66.249.69.234 - - [04/Apr/2026:00:49:40 +0800] "GET /?pa=1129717252368 HTTP/1.1" 200 554 "-" "Mozilla/5.0 (Linux; Android 6.0.1; Nexus 5X Build/MMB29P) AppleWebKit/537.36 (KHTML, like Gecko) Chrome/146.0.7680.177 Mobile Safari/537.36 (compatible; Googlebot/2.1; +http://www.google.com/bot.html)"
66.249.69.235 - - [04/Apr/2026:00:50:07 +0800] "GET /?pa=1129716824955 HTTP/1.1" 200 554 "-" "Mozilla/5.0 (Linux; Android 6.0.1; Nexus 5X Build/MMB29P) AppleWebKit/537.36 (KHTML, like Gecko) Chrome/146.0.7680.177 Mobile Safari/537.36 (compatible; Googlebot/2.1; +http://www.google.com/bot.html)"
66.249.69.235 - - [04/Apr/2026:00:50:35 +0800] "GET /?pa=1129716850814 HTTP/1.1" 200 554 "-" "Mozilla/5.0 (Linux; Android 6.0.1; Nexus 5X Build/MMB29P) AppleWebKit/537.36 (KHTML, like Gecko) Chrome/146.0.7680.177 Mobile Safari/537.36 (compatible; Googlebot/2.1; +http://www.google.com/bot.html)"
66.249.69.233 - - [04/Apr/2026:00:51:03 +0800] "GET /?pa=1129717369117 HTTP/1.1" 200 554 "-" "Mozilla/5.0 (Linux; Android 6.0.1; Nexus 5X Build/MMB29P) AppleWebKit/537.36 (KHTML, like Gecko) Chrome/146.0.7680.177 Mobile Safari/537.36 (compatible; Googlebot/2.1; +http://www.google.com/bot.html)"
66.249.69.234 - - [04/Apr/2026:00:51:31 +0800] "GET /?pa=1129717355221 HTTP/1.1" 200 554 "-" "Mozilla/5.0 (Linux; Android 6.0.1; Nexus 5X Build/MMB29P) AppleWebKit/537.36 (KHTML, like Gecko) Chrome/146.0.7680.177 Mobile Safari/537.36 (compatible; Googlebot/2.1; +http://www.google.com/bot.html)"
66.249.69.233 - - [04/Apr/2026:00:51:58 +0800] "GET /?para-bpdqdbbp-marap.phtml HTTP/1.1" 200 554 "-" "Mozilla/5.0 (Linux; Android 6.0.1; Nexus 5X Build/MMB29P) AppleWebKit/537.36 (KHTML, like Gecko) Chrome/146.0.7680.177 Mobile Safari/537.36 (compatible; Googlebot/2.1; +http://www.google.com/bot.html)"
66.249.69.235 - - [04/Apr/2026:00:52:26 +0800] "GET /?pa=1129717368926 HTTP/1.1" 200 554 "-" "Mozilla/5.0 (Linux; Android 6.0.1; Nexus 5X Build/MMB29P) AppleWebKit/537.36 (KHTML, like Gecko) Chrome/146.0.7680.177 Mobile Safari/537.36 (compatible; Googlebot/2.1; +http://www.google.com/bot.html)"
66.249.69.233 - - [04/Apr/2026:00:52:54 +0800] "GET /?pa=1129717358098 HTTP/1.1" 200 554 "-" "Mozilla/5.0 (Linux; Android 6.0.1; Nexus 5X Build/MMB29P) AppleWebKit/537.36 (KHTML, like Gecko) Chrome/146.0.7680.177 Mobile Safari/537.36 (compatible; Googlebot/2.1; +http://www.google.com/bot.html)"
66.249.69.233 - - [04/Apr/2026:00:53:22 +0800] "GET /?pa=1129717362450 HTTP/1.1" 200 554 "-" "Mozilla/5.0 (Linux; Android 6.0.1; Nexus 5X Build/MMB29P) AppleWebKit/537.36 (KHTML, like Gecko) Chrome/146.0.7680.177 Mobile Safari/537.36 (compatible; Googlebot/2.1; +http://www.google.com/bot.html)"
66.249.69.234 - - [04/Apr/2026:00:53:50 +0800] "GET /?pa=1129716560153 HTTP/1.1" 200 554 "-" "Mozilla/5.0 (Linux; Android 6.0.1; Nexus 5X Build/MMB29P) AppleWebKit/537.36 (KHTML, like Gecko) Chrome/146.0.7680.177 Mobile Safari/537.36 (compatible; Googlebot/2.1; +http://www.google.com/bot.html)"
66.249.69.235 - - [04/Apr/2026:00:54:18 +0800] "GET /?pa=1129716354587 HTTP/1.1" 200 554 "-" "Mozilla/5.0 (Linux; Android 6.0.1; Nexus 5X Build/MMB29P) AppleWebKit/537.36 (KHTML, like Gecko) Chrome/146.0.7680.177 Mobile Safari/537.36 (compatible; Googlebot/2.1; +http://www.google.com/bot.html)"
66.249.69.234 - - [04/Apr/2026:00:54:45 +0800] "GET /?pa=1129716687406 HTTP/1.1" 200 554 "-" "Mozilla/5.0 (Linux; Android 6.0.1; Nexus 5X Build/MMB29P) AppleWebKit/537.36 (KHTML, like Gecko) Chrome/146.0.7680.177 Mobile Safari/537.36 (compatible; Googlebot/2.1; +http://www.google.com/bot.html)"
66.249.69.235 - - [04/Apr/2026:00:55:13 +0800] "GET /?pa=1129716575679 HTTP/1.1" 200 554 "-" "Mozilla/5.0 (Linux; Android 6.0.1; Nexus 5X Build/MMB29P) AppleWebKit/537.36 (KHTML, like Gecko) Chrome/146.0.7680.177 Mobile Safari/537.36 (compatible; Googlebot/2.1; +http://www.google.com/bot.html)"
66.249.69.233 - - [04/Apr/2026:00:55:41 +0800] "GET /?pa=1129716545638 HTTP/1.1" 200 554 "-" "Mozilla/5.0 (Linux; Android 6.0.1; Nexus 5X Build/MMB29P) AppleWebKit/537.36 (KHTML, like Gecko) Chrome/146.0.7680.177 Mobile Safari/537.36 (compatible; Googlebot/2.1; +http://www.google.com/bot.html)"
110.249.201.158 - - [04/Apr/2026:00:55:57 +0800] "GET /robots.txt HTTP/1.1" 200 104 "-" "Mozilla/5.0 (Linux; Android 5.0) AppleWebKit/537.36 (KHTML, like Gecko) Mobile Safari/537.36 (compatible; Bytespider; https://zhanzhang.toutiao.com/)"
66.249.69.234 - - [04/Apr/2026:00:56:08 +0800] "GET /?pa=1129716537527 HTTP/1.1" 200 554 "-" "Mozilla/5.0 (Linux; Android 6.0.1; Nexus 5X Build/MMB29P) AppleWebKit/537.36 (KHTML, like Gecko) Chrome/146.0.7680.177 Mobile Safari/537.36 (compatible; Googlebot/2.1; +http://www.google.com/bot.html)"
66.249.69.234 - - [04/Apr/2026:00:56:36 +0800] "GET /?pa=1129716869543 HTTP/1.1" 200 554 "-" "Mozilla/5.0 (Linux; Android 6.0.1; Nexus 5X Build/MMB29P) AppleWebKit/537.36 (KHTML, like Gecko) Chrome/146.0.7680.177 Mobile Safari/537.36 (compatible; Googlebot/2.1; +http://www.google.com/bot.html)"
114.119.144.11 - - [04/Apr/2026:00:56:42 +0800] "GET /robots.txt HTTP/1.1" 200 104 "-" "Mozilla/5.0 (compatible;PetalBot;+https://webmaster.petalsearch.com/site/petalbot)"
202.76.175.160 - - [04/Apr/2026:00:56:45 +0800] "GET /service-type/baldivis/ HTTP/1.1" 200 554 "-" "Mozilla/5.0 (Windows NT 10.0; Win64; x64) AppleWebKit/537.36 (KHTML, like Gecko) Chrome/131.0.6778.204 Safari/537.36"
66.249.69.235 - - [04/Apr/2026:00:57:04 +0800] "GET /?pa=1129716836925 HTTP/1.1" 200 554 "-" "Mozilla/5.0 (Linux; Android 6.0.1; Nexus 5X Build/MMB29P) AppleWebKit/537.36 (KHTML, like Gecko) Chrome/146.0.7680.177 Mobile Safari/537.36 (compatible; Googlebot/2.1; +http://www.google.com/bot.html)"
66.249.69.233 - - [04/Apr/2026:00:57:32 +0800] "GET /?pa=1129716345794 HTTP/1.1" 200 554 "-" "Mozilla/5.0 (Linux; Android 6.0.1; Nexus 5X Build/MMB29P) AppleWebKit/537.36 (KHTML, like Gecko) Chrome/146.0.7680.177 Mobile Safari/537.36 (compatible; Googlebot/2.1; +http://www.google.com/bot.html)"
66.249.69.234 - - [04/Apr/2026:00:58:00 +0800] "GET /?pa=1129716867933 HTTP/1.1" 200 554 "-" "Mozilla/5.0 (Linux; Android 6.0.1; Nexus 5X Build/MMB29P) AppleWebKit/537.36 (KHTML, like Gecko) Chrome/146.0.7680.177 Mobile Safari/537.36 (compatible; Googlebot/2.1; +http://www.google.com/bot.html)"
66.249.69.233 - - [04/Apr/2026:00:58:55 +0800] "GET /?pa=1129716826438 HTTP/1.1" 200 554 "-" "Mozilla/5.0 (Linux; Android 6.0.1; Nexus 5X Build/MMB29P) AppleWebKit/537.36 (KHTML, like Gecko) Chrome/146.0.7680.177 Mobile Safari/537.36 (compatible; Googlebot/2.1; +http://www.google.com/bot.html)"
66.249.69.235 - - [04/Apr/2026:00:59:23 +0800] "GET /?pa=1129716747494 HTTP/1.1" 200 554 "-" "Mozilla/5.0 (Linux; Android 6.0.1; Nexus 5X Build/MMB29P) AppleWebKit/537.36 (KHTML, like Gecko) Chrome/146.0.7680.177 Mobile Safari/537.36 (compatible; Googlebot/2.1; +http://www.google.com/bot.html)"
66.249.69.234 - - [04/Apr/2026:00:59:51 +0800] "GET /?pa=1129716600328 HTTP/1.1" 200 554 "-" "Mozilla/5.0 (Linux; Android 6.0.1; Nexus 5X Build/MMB29P) AppleWebKit/537.36 (KHTML, like Gecko) Chrome/146.0.7680.177 Mobile Safari/537.36 (compatible; Googlebot/2.1; +http://www.google.com/bot.html)"
66.249.69.235 - - [04/Apr/2026:01:00:38 +0800] "GET /?pa=1129716854595 HTTP/1.1" 200 554 "-" "Mozilla/5.0 (Linux; Android 6.0.1; Nexus 5X Build/MMB29P) AppleWebKit/537.36 (KHTML, like Gecko) Chrome/146.0.7680.177 Mobile Safari/537.36 (compatible; Googlebot/2.1; +http://www.google.com/bot.html)"
66.249.69.233 - - [04/Apr/2026:01:01:03 +0800] "GET /?pa=1129716351792 HTTP/1.1" 200 554 "-" "Mozilla/5.0 (Linux; Android 6.0.1; Nexus 5X Build/MMB29P) AppleWebKit/537.36 (KHTML, like Gecko) Chrome/146.0.7680.177 Mobile Safari/537.36 (compatible; Googlebot/2.1; +http://www.google.com/bot.html)"
66.249.69.235 - - [04/Apr/2026:01:01:03 +0800] "GET /?pa=1129717078789 HTTP/1.1" 200 554 "-" "Mozilla/5.0 (Linux; Android 6.0.1; Nexus 5X Build/MMB29P) AppleWebKit/537.36 (KHTML, like Gecko) Chrome/146.0.7680.177 Mobile Safari/537.36 (compatible; Googlebot/2.1; +http://www.google.com/bot.html)"
66.249.69.233 - - [04/Apr/2026:01:01:17 +0800] "GET /?i3eb-blmlbpqb-o9ihf.phtml HTTP/1.1" 200 554 "-" "Mozilla/5.0 (Linux; Android 6.0.1; Nexus 5X Build/MMB29P) AppleWebKit/537.36 (KHTML, like Gecko) Chrome/146.0.7680.177 Mobile Safari/537.36 (compatible; Googlebot/2.1; +http://www.google.com/bot.html)"
66.249.69.233 - - [04/Apr/2026:01:01:42 +0800] "GET /?pa=1129716935257 HTTP/1.1" 200 554 "-" "Mozilla/5.0 (Linux; Android 6.0.1; Nexus 5X Build/MMB29P) AppleWebKit/537.36 (KHTML, like Gecko) Chrome/146.0.7680.177 Mobile Safari/537.36 (compatible; Googlebot/2.1; +http://www.google.com/bot.html)"
66.249.69.234 - - [04/Apr/2026:01:02:28 +0800] "GET /?pa=1129716897066 HTTP/1.1" 200 554 "-" "Mozilla/5.0 (Linux; Android 6.0.1; Nexus 5X Build/MMB29P) AppleWebKit/537.36 (KHTML, like Gecko) Chrome/146.0.7680.177 Mobile Safari/537.36 (compatible; Googlebot/2.1; +http://www.google.com/bot.html)"
66.249.69.233 - - [04/Apr/2026:01:02:41 +0800] "GET /?pa=1129716894387 HTTP/1.1" 200 554 "-" "Mozilla/5.0 (Linux; Android 6.0.1; Nexus 5X Build/MMB29P) AppleWebKit/537.36 (KHTML, like Gecko) Chrome/146.0.7680.177 Mobile Safari/537.36 (compatible; Googlebot/2.1; +http://www.google.com/bot.html)"
66.249.69.234 - - [04/Apr/2026:01:03:05 +0800] "GET /?pa=1129716857242 HTTP/1.1" 200 554 "-" "Mozilla/5.0 (Linux; Android 6.0.1; Nexus 5X Build/MMB29P) AppleWebKit/537.36 (KHTML, like Gecko) Chrome/146.0.7680.177 Mobile Safari/537.36 (compatible; Googlebot/2.1; +http://www.google.com/bot.html)"
52.167.144.147 - - [04/Apr/2026:01:03:12 +0800] "GET /?p=505590424 HTTP/1.1" 200 554 "-" "Mozilla/5.0 AppleWebKit/537.36 (KHTML, like Gecko; compatible; bingbot/2.0; +http://www.bing.com/bingbot.htm) Chrome/116.0.1938.76 Safari/537.36"
66.249.69.233 - - [04/Apr/2026:01:03:33 +0800] "GET /?pa=1129716838894 HTTP/1.1" 200 554 "-" "Mozilla/5.0 (Linux; Android 6.0.1; Nexus 5X Build/MMB29P) AppleWebKit/537.36 (KHTML, like Gecko) Chrome/146.0.7680.177 Mobile Safari/537.36 (compatible; Googlebot/2.1; +http://www.google.com/bot.html)"
43.225.191.65 - - [04/Apr/2026:01:03:47 +0800] "GET / HTTP/1.1" 200 554 "-" "Mozilla/5.0 (X11; Fedora; Linux x86_64; rv:114.0) Gecko/20100101 Firefox/114.0"
66.249.69.234 - - [04/Apr/2026:01:04:01 +0800] "GET /?pa=1129716882810 HTTP/1.1" 200 554 "-" "Mozilla/5.0 (Linux; Android 6.0.1; Nexus 5X Build/MMB29P) AppleWebKit/537.36 (KHTML, like Gecko) Chrome/146.0.7680.177 Mobile Safari/537.36 (compatible; Googlebot/2.1; +http://www.google.com/bot.html)"
66.249.69.234 - - [04/Apr/2026:01:04:56 +0800] "GET /?pa=1129716870121 HTTP/1.1" 200 554 "-" "Mozilla/5.0 (Linux; Android 6.0.1; Nexus 5X Build/MMB29P) AppleWebKit/537.36 (KHTML, like Gecko) Chrome/146.0.7680.177 Mobile Safari/537.36 (compatible; Googlebot/2.1; +http://www.google.com/bot.html)"
66.249.69.234 - - [04/Apr/2026:01:05:24 +0800] "GET /?pa=1129716829046 HTTP/1.1" 200 554 "-" "Mozilla/5.0 (Linux; Android 6.0.1; Nexus 5X Build/MMB29P) AppleWebKit/537.36 (KHTML, like Gecko) Chrome/146.0.7680.177 Mobile Safari/537.36 (compatible; Googlebot/2.1; +http://www.google.com/bot.html)"
66.249.69.234 - - [04/Apr/2026:01:05:52 +0800] "GET /?pa=1129716877392 HTTP/1.1" 200 554 "-" "Mozilla/5.0 (Linux; Android 6.0.1; Nexus 5X Build/MMB29P) AppleWebKit/537.36 (KHTML, like Gecko) Chrome/146.0.7680.177 Mobile Safari/537.36 (compatible; Googlebot/2.1; +http://www.google.com/bot.html)"
66.249.69.235 - - [04/Apr/2026:01:06:18 +0800] "GET /?pa=1129717228822 HTTP/1.1" 200 554 "-" "Mozilla/5.0 (Linux; Android 6.0.1; Nexus 5X Build/MMB29P) AppleWebKit/537.36 (KHTML, like Gecko) Chrome/146.0.7680.177 Mobile Safari/537.36 (compatible; Googlebot/2.1; +http://www.google.com/bot.html)"
66.249.69.235 - - [04/Apr/2026:01:06:19 +0800] "GET /?pa=1129716850061 HTTP/1.1" 200 554 "-" "Mozilla/5.0 (Linux; Android 6.0.1; Nexus 5X Build/MMB29P) AppleWebKit/537.36 (KHTML, like Gecko) Chrome/146.0.7680.177 Mobile Safari/537.36 (compatible; Googlebot/2.1; +http://www.google.com/bot.html)"
220.181.108.176 - - [04/Apr/2026:01:06:20 +0800] "GET / HTTP/1.1" 200 554 "-" "Mozilla/5.0 (Linux;u;Android 4.2.2;zh-cn;) AppleWebKit/534.46 (KHTML,like Gecko) Version/5.1 Mobile Safari/10600.6.3 (compatible; Baiduspider/2.0; +http://www.baidu.com/search/spider.html)"
52.167.144.159 - - [04/Apr/2026:01:06:40 +0800] "GET /?p=269948924 HTTP/1.1" 200 554 "-" "Mozilla/5.0 AppleWebKit/537.36 (KHTML, like Gecko; compatible; bingbot/2.0; +http://www.bing.com/bingbot.htm) Chrome/116.0.1938.76 Safari/537.36"
66.249.69.234 - - [04/Apr/2026:01:06:47 +0800] "GET /?pa=1129716970321 HTTP/1.1" 200 554 "-" "Mozilla/5.0 (Linux; Android 6.0.1; Nexus 5X Build/MMB29P) AppleWebKit/537.36 (KHTML, like Gecko) Chrome/146.0.7680.177 Mobile Safari/537.36 (compatible; Googlebot/2.1; +http://www.google.com/bot.html)"
66.249.69.235 - - [04/Apr/2026:01:07:15 +0800] "GET /?pa=1129716825308 HTTP/1.1" 200 554 "-" "Mozilla/5.0 (Linux; Android 6.0.1; Nexus 5X Build/MMB29P) AppleWebKit/537.36 (KHTML, like Gecko) Chrome/146.0.7680.177 Mobile Safari/537.36 (compatible; Googlebot/2.1; +http://www.google.com/bot.html)"
66.249.69.234 - - [04/Apr/2026:01:07:43 +0800] "GET /?pa=1129716933404 HTTP/1.1" 200 554 "-" "Mozilla/5.0 (Linux; Android 6.0.1; Nexus 5X Build/MMB29P) AppleWebKit/537.36 (KHTML, like Gecko) Chrome/146.0.7680.177 Mobile Safari/537.36 (compatible; Googlebot/2.1; +http://www.google.com/bot.html)"
66.249.69.235 - - [04/Apr/2026:01:08:33 +0800] "GET /?pa=1129717056668 HTTP/1.1" 200 554 "-" "Mozilla/5.0 (Linux; Android 6.0.1; Nexus 5X Build/MMB29P) AppleWebKit/537.36 (KHTML, like Gecko) Chrome/146.0.7680.177 Mobile Safari/537.36 (compatible; Googlebot/2.1; +http://www.google.com/bot.html)"
66.249.69.233 - - [04/Apr/2026:01:08:33 +0800] "GET /?pa=1129716866787 HTTP/1.1" 200 554 "-" "Mozilla/5.0 (Linux; Android 6.0.1; Nexus 5X Build/MMB29P) AppleWebKit/537.36 (KHTML, like Gecko) Chrome/146.0.7680.177 Mobile Safari/537.36 (compatible; Googlebot/2.1; +http://www.google.com/bot.html)"
66.249.69.233 - - [04/Apr/2026:01:08:47 +0800] "GET /?pa=1129716797932 HTTP/1.1" 200 554 "-" "Mozilla/5.0 (Linux; Android 6.0.1; Nexus 5X Build/MMB29P) AppleWebKit/537.36 (KHTML, like Gecko) Chrome/146.0.7680.177 Mobile Safari/537.36 (compatible; Googlebot/2.1; +http://www.google.com/bot.html)"
66.249.69.234 - - [04/Apr/2026:01:09:06 +0800] "GET /?pa=1129716662428 HTTP/1.1" 200 554 "-" "Mozilla/5.0 (Linux; Android 6.0.1; Nexus 5X Build/MMB29P) AppleWebKit/537.36 (KHTML, like Gecko) Chrome/146.0.7680.177 Mobile Safari/537.36 (compatible; Googlebot/2.1; +http://www.google.com/bot.html)"
66.249.69.233 - - [04/Apr/2026:01:09:34 +0800] "GET /?para-bpbpkpud-marap.phtml HTTP/1.1" 200 554 "-" "Mozilla/5.0 (Linux; Android 6.0.1; Nexus 5X Build/MMB29P) AppleWebKit/537.36 (KHTML, like Gecko) Chrome/146.0.7680.177 Mobile Safari/537.36 (compatible; Googlebot/2.1; +http://www.google.com/bot.html)"
52.167.144.218 - - [04/Apr/2026:01:10:19 +0800] "GET /?p=360670324 HTTP/1.1" 200 554 "-" "Mozilla/5.0 AppleWebKit/537.36 (KHTML, like Gecko; compatible; bingbot/2.0; +http://www.bing.com/bingbot.htm) Chrome/116.0.1938.76 Safari/537.36"
66.249.69.233 - - [04/Apr/2026:01:10:20 +0800] "GET /?pa=1129717362929 HTTP/1.1" 200 554 "-" "Mozilla/5.0 (Linux; Android 6.0.1; Nexus 5X Build/MMB29P) AppleWebKit/537.36 (KHTML, like Gecko) Chrome/146.0.7680.177 Mobile Safari/537.36 (compatible; Googlebot/2.1; +http://www.google.com/bot.html)"
66.249.69.234 - - [04/Apr/2026:01:10:45 +0800] "GET /?pa=1129717357542 HTTP/1.1" 200 554 "-" "Mozilla/5.0 (Linux; Android 6.0.1; Nexus 5X Build/MMB29P) AppleWebKit/537.36 (KHTML, like Gecko) Chrome/146.0.7680.177 Mobile Safari/537.36 (compatible; Googlebot/2.1; +http://www.google.com/bot.html)"
66.249.69.235 - - [04/Apr/2026:01:11:11 +0800] "GET /?pa=1129717364997 HTTP/1.1" 200 554 "-" "Mozilla/5.0 (Linux; Android 6.0.1; Nexus 5X Build/MMB29P) AppleWebKit/537.36 (KHTML, like Gecko) Chrome/146.0.7680.177 Mobile Safari/537.36 (compatible; Googlebot/2.1; +http://www.google.com/bot.html)"
66.249.69.234 - - [04/Apr/2026:01:11:12 +0800] "GET /?pa=1129717326998 HTTP/1.1" 200 554 "-" "Mozilla/5.0 (Linux; Android 6.0.1; Nexus 5X Build/MMB29P) AppleWebKit/537.36 (KHTML, like Gecko) Chrome/146.0.7680.177 Mobile Safari/537.36 (compatible; Googlebot/2.1; +http://www.google.com/bot.html)"
66.249.69.234 - - [04/Apr/2026:01:11:25 +0800] "GET /?pa=1129717366482 HTTP/1.1" 200 554 "-" "Mozilla/5.0 (Linux; Android 6.0.1; Nexus 5X Build/MMB29P) AppleWebKit/537.36 (KHTML, like Gecko) Chrome/146.0.7680.177 Mobile Safari/537.36 (compatible; Googlebot/2.1; +http://www.google.com/bot.html)"
66.249.69.233 - - [04/Apr/2026:01:11:53 +0800] "GET /?pa=1129716939581 HTTP/1.1" 200 554 "-" "Mozilla/5.0 (Linux; Android 6.0.1; Nexus 5X Build/MMB29P) AppleWebKit/537.36 (KHTML, like Gecko) Chrome/146.0.7680.177 Mobile Safari/537.36 (compatible; Googlebot/2.1; +http://www.google.com/bot.html)"
66.249.69.233 - - [04/Apr/2026:01:12:21 +0800] "GET /?pa=1129717338409 HTTP/1.1" 200 554 "-" "Mozilla/5.0 (Linux; Android 6.0.1; Nexus 5X Build/MMB29P) AppleWebKit/537.36 (KHTML, like Gecko) Chrome/146.0.7680.177 Mobile Safari/537.36 (compatible; Googlebot/2.1; +http://www.google.com/bot.html)"
66.249.69.233 - - [04/Apr/2026:01:12:44 +0800] "GET /wp-content/uploads/2018/11/180706-Paramount-Stage-Plan-JPEG-231Kb-FINAL-JULY-2018-1024x730.jpg HTTP/1.1" 304 - "-" "Googlebot-Image/1.0"
66.249.69.233 - - [04/Apr/2026:01:12:48 +0800] "GET /?pa=1129717366358 HTTP/1.1" 200 554 "-" "Mozilla/5.0 (Linux; Android 6.0.1; Nexus 5X Build/MMB29P) AppleWebKit/537.36 (KHTML, like Gecko) Chrome/146.0.7680.177 Mobile Safari/537.36 (compatible; Googlebot/2.1; +http://www.google.com/bot.html)"
66.249.69.233 - - [04/Apr/2026:01:13:16 +0800] "GET /?5dnz-blmyuppn-rgfec.phtml HTTP/1.1" 200 554 "-" "Mozilla/5.0 (Linux; Android 6.0.1; Nexus 5X Build/MMB29P) AppleWebKit/537.36 (KHTML, like Gecko) Chrome/146.0.7680.177 Mobile Safari/537.36 (compatible; Googlebot/2.1; +http://www.google.com/bot.html)"
66.249.69.233 - - [04/Apr/2026:01:13:44 +0800] "GET /?pa=1129717366421 HTTP/1.1" 200 554 "-" "Mozilla/5.0 (Linux; Android 6.0.1; Nexus 5X Build/MMB29P) AppleWebKit/537.36 (KHTML, like Gecko) Chrome/146.0.7680.177 Mobile Safari/537.36 (compatible; Googlebot/2.1; +http://www.google.com/bot.html)"
66.249.69.234 - - [04/Apr/2026:01:14:13 +0800] "GET /?pa=1129717361666 HTTP/1.1" 200 554 "-" "Mozilla/5.0 (Linux; Android 6.0.1; Nexus 5X Build/MMB29P) AppleWebKit/537.36 (KHTML, like Gecko) Chrome/146.0.7680.177 Mobile Safari/537.36 (compatible; Googlebot/2.1; +http://www.google.com/bot.html)"
66.249.69.234 - - [04/Apr/2026:01:14:40 +0800] "GET /?pa=1129717342283 HTTP/1.1" 200 554 "-" "Mozilla/5.0 (Linux; Android 6.0.1; Nexus 5X Build/MMB29P) AppleWebKit/537.36 (KHTML, like Gecko) Chrome/146.0.7680.177 Mobile Safari/537.36 (compatible; Googlebot/2.1; +http://www.google.com/bot.html)"
52.167.144.24 - - [04/Apr/2026:01:17:01 +0800] "GET /service-type/hospitality/ HTTP/1.1" 200 554 "-" "Mozilla/5.0 AppleWebKit/537.36 (KHTML, like Gecko; compatible; bingbot/2.0; +http://www.bing.com/bingbot.htm) Chrome/116.0.1938.76 Safari/537.36"
66.249.69.234 - - [04/Apr/2026:01:17:33 +0800] "GET /?pa=1129717359693 HTTP/1.1" 200 554 "-" "Mozilla/5.0 (Linux; Android 6.0.1; Nexus 5X Build/MMB29P) AppleWebKit/537.36 (KHTML, like Gecko) Chrome/146.0.7680.177 Mobile Safari/537.36 (compatible; Googlebot/2.1; +http://www.google.com/bot.html)"
95.110.143.247 - - [04/Apr/2026:01:18:06 +0800] "POST /wp-login.php HTTP/1.1" 200 554 "-" "Mozilla/5.0 (Windows NT 10.0; WOW64) AppleWebKit/537.36 (KHTML, like Gecko) Chrome/140.0.0.0 Safari/537.36 Edg/140.0.0.0"
173.252.82.11 - - [04/Apr/2026:01:18:58 +0800] "GET /robots.txt HTTP/1.1" 206 138 "-" "facebookexternalhit/1.1 (+http://www.facebook.com/externalhit_uatext.php)"
57.141.14.98 - - [04/Apr/2026:01:19:32 +0800] "GET /service-type/community/ HTTP/1.1" 200 1096 "-" "meta-externalagent/1.1 (+https://developers.facebook.com/docs/sharing/webmasters/crawler)"
198.244.168.101 - - [04/Apr/2026:01:19:45 +0800] "GET /user-generated-content-agreement/ HTTP/1.1" 200 554 "-" "Mozilla/5.0 (compatible; AhrefsBot/7.0; +http://ahrefs.com/robot/)"
4.196.198.84 - - [04/Apr/2026:01:20:43 +0800] "GET /service-type/recreation/ HTTP/1.1" 200 554 "-" "Mozilla/5.0 AppleWebKit/537.36 (KHTML, like Gecko); compatible; ChatGPT-User/1.0; +https://openai.com/bot"
4.196.198.93 - - [04/Apr/2026:01:20:43 +0800] "GET /lifestyle/ HTTP/1.1" 200 554 "-" "Mozilla/5.0 AppleWebKit/537.36 (KHTML, like Gecko); compatible; ChatGPT-User/1.0; +https://openai.com/bot"
66.249.69.234 - - [04/Apr/2026:01:21:08 +0800] "GET /?pa=1129716665138 HTTP/1.1" 200 554 "-" "Mozilla/5.0 (Linux; Android 6.0.1; Nexus 5X Build/MMB29P) AppleWebKit/537.36 (KHTML, like Gecko) Chrome/146.0.7680.177 Mobile Safari/537.36 (compatible; Googlebot/2.1; +http://www.google.com/bot.html)"
66.249.69.234 - - [04/Apr/2026:01:21:36 +0800] "GET /?pa=1129716554313 HTTP/1.1" 200 554 "-" "Mozilla/5.0 (Linux; Android 6.0.1; Nexus 5X Build/MMB29P) AppleWebKit/537.36 (KHTML, like Gecko) Chrome/146.0.7680.177 Mobile Safari/537.36 (compatible; Googlebot/2.1; +http://www.google.com/bot.html)"
66.249.69.233 - - [04/Apr/2026:01:22:04 +0800] "GET /?pa=1129716464888 HTTP/1.1" 200 554 "-" "Mozilla/5.0 (Linux; Android 6.0.1; Nexus 5X Build/MMB29P) AppleWebKit/537.36 (KHTML, like Gecko) Chrome/146.0.7680.177 Mobile Safari/537.36 (compatible; Googlebot/2.1; +http://www.google.com/bot.html)"
66.249.69.234 - - [04/Apr/2026:01:22:32 +0800] "GET /?pa=1129716512948 HTTP/1.1" 200 554 "-" "Mozilla/5.0 (Linux; Android 6.0.1; Nexus 5X Build/MMB29P) AppleWebKit/537.36 (KHTML, like Gecko) Chrome/146.0.7680.177 Mobile Safari/537.36 (compatible; Googlebot/2.1; +http://www.google.com/bot.html)"
66.249.69.233 - - [04/Apr/2026:01:23:00 +0800] "GET /?pa=1129716332914 HTTP/1.1" 200 554 "-" "Mozilla/5.0 (Linux; Android 6.0.1; Nexus 5X Build/MMB29P) AppleWebKit/537.36 (KHTML, like Gecko) Chrome/146.0.7680.177 Mobile Safari/537.36 (compatible; Googlebot/2.1; +http://www.google.com/bot.html)"
66.249.69.233 - - [04/Apr/2026:01:23:27 +0800] "GET /?pa=1129717349558 HTTP/1.1" 200 554 "-" "Mozilla/5.0 (Linux; Android 6.0.1; Nexus 5X Build/MMB29P) AppleWebKit/537.36 (KHTML, like Gecko) Chrome/146.0.7680.177 Mobile Safari/537.36 (compatible; Googlebot/2.1; +http://www.google.com/bot.html)"
66.249.69.233 - - [04/Apr/2026:01:23:55 +0800] "GET /?pa=1129717368820 HTTP/1.1" 200 554 "-" "Mozilla/5.0 (Linux; Android 6.0.1; Nexus 5X Build/MMB29P) AppleWebKit/537.36 (KHTML, like Gecko) Chrome/146.0.7680.177 Mobile Safari/537.36 (compatible; Googlebot/2.1; +http://www.google.com/bot.html)"
66.249.69.234 - - [04/Apr/2026:01:24:23 +0800] "GET /?pa=1129717287352 HTTP/1.1" 200 554 "-" "Mozilla/5.0 (Linux; Android 6.0.1; Nexus 5X Build/MMB29P) AppleWebKit/537.36 (KHTML, like Gecko) Chrome/146.0.7680.177 Mobile Safari/537.36 (compatible; Googlebot/2.1; +http://www.google.com/bot.html)"
66.249.69.233 - - [04/Apr/2026:01:24:51 +0800] "GET /?pa=1129716357254 HTTP/1.1" 200 554 "-" "Mozilla/5.0 (Linux; Android 6.0.1; Nexus 5X Build/MMB29P) AppleWebKit/537.36 (KHTML, like Gecko) Chrome/146.0.7680.177 Mobile Safari/537.36 (compatible; Googlebot/2.1; +http://www.google.com/bot.html)"
52.167.144.166 - - [04/Apr/2026:01:25:13 +0800] "GET /?p=242629524 HTTP/1.1" 200 554 "-" "Mozilla/5.0 AppleWebKit/537.36 (KHTML, like Gecko; compatible; bingbot/2.0; +http://www.bing.com/bingbot.htm) Chrome/116.0.1938.76 Safari/537.36"
66.249.69.234 - - [04/Apr/2026:01:25:18 +0800] "GET /?pa=1129716879794 HTTP/1.1" 200 554 "-" "Mozilla/5.0 (Linux; Android 6.0.1; Nexus 5X Build/MMB29P) AppleWebKit/537.36 (KHTML, like Gecko) Chrome/146.0.7680.177 Mobile Safari/537.36 (compatible; Googlebot/2.1; +http://www.google.com/bot.html)"
52.167.144.24 - - [04/Apr/2026:01:25:26 +0800] "GET /?p=135944224 HTTP/1.1" 200 554 "-" "Mozilla/5.0 AppleWebKit/537.36 (KHTML, like Gecko; compatible; bingbot/2.0; +http://www.bing.com/bingbot.htm) Chrome/116.0.1938.76 Safari/537.36"
66.249.69.233 - - [04/Apr/2026:01:25:46 +0800] "GET /?pa=1129716852233 HTTP/1.1" 200 554 "-" "Mozilla/5.0 (Linux; Android 6.0.1; Nexus 5X Build/MMB29P) AppleWebKit/537.36 (KHTML, like Gecko) Chrome/146.0.7680.177 Mobile Safari/537.36 (compatible; Googlebot/2.1; +http://www.google.com/bot.html)"
66.249.69.235 - - [04/Apr/2026:01:26:14 +0800] "GET /?pa=1129717366943 HTTP/1.1" 200 554 "-" "Mozilla/5.0 (Linux; Android 6.0.1; Nexus 5X Build/MMB29P) AppleWebKit/537.36 (KHTML, like Gecko) Chrome/146.0.7680.177 Mobile Safari/537.36 (compatible; Googlebot/2.1; +http://www.google.com/bot.html)"
66.249.69.234 - - [04/Apr/2026:01:26:42 +0800] "GET /?pa=1129717367734 HTTP/1.1" 200 554 "-" "Mozilla/5.0 (Linux; Android 6.0.1; Nexus 5X Build/MMB29P) AppleWebKit/537.36 (KHTML, like Gecko) Chrome/146.0.7680.177 Mobile Safari/537.36 (compatible; Googlebot/2.1; +http://www.google.com/bot.html)"
66.249.69.234 - - [04/Apr/2026:01:27:10 +0800] "GET /?pa=1129716762122 HTTP/1.1" 200 554 "-" "Mozilla/5.0 (Linux; Android 6.0.1; Nexus 5X Build/MMB29P) AppleWebKit/537.36 (KHTML, like Gecko) Chrome/146.0.7680.177 Mobile Safari/537.36 (compatible; Googlebot/2.1; +http://www.google.com/bot.html)"
66.249.69.235 - - [04/Apr/2026:01:27:39 +0800] "GET /?pa=1129717359654 HTTP/1.1" 200 554 "-" "Mozilla/5.0 (Linux; Android 6.0.1; Nexus 5X Build/MMB29P) AppleWebKit/537.36 (KHTML, like Gecko) Chrome/146.0.7680.177 Mobile Safari/537.36 (compatible; Googlebot/2.1; +http://www.google.com/bot.html)"
52.167.144.216 - - [04/Apr/2026:01:27:43 +0800] "GET /?p=345354524 HTTP/1.1" 200 554 "-" "Mozilla/5.0 AppleWebKit/537.36 (KHTML, like Gecko; compatible; bingbot/2.0; +http://www.bing.com/bingbot.htm) Chrome/116.0.1938.76 Safari/537.36"
