74.248.137.46 - - [04/Apr/2026:02:27:47 +0800] "GET /admir.php HTTP/1.1" 200 1096 "-" "-"
74.248.137.46 - - [04/Apr/2026:02:27:47 +0800] "GET /fs.php HTTP/1.1" 200 1096 "-" "-"
74.248.137.46 - - [04/Apr/2026:02:27:47 +0800] "GET /error.php HTTP/1.1" 200 1096 "-" "-"
74.248.137.46 - - [04/Apr/2026:02:27:48 +0800] "GET /wp-admin/css/colour.php HTTP/1.1" 200 1096 "-" "-"
74.248.137.46 - - [04/Apr/2026:02:27:48 +0800] "GET /cc.php HTTP/1.1" 200 1096 "-" "-"
74.248.137.46 - - [04/Apr/2026:02:27:48 +0800] "GET /bkxzo.php HTTP/1.1" 200 1096 "-" "-"
74.248.137.46 - - [04/Apr/2026:02:27:49 +0800] "GET /lo.php HTTP/1.1" 200 1096 "-" "-"
74.248.137.46 - - [04/Apr/2026:02:27:49 +0800] "GET /2.php HTTP/1.1" 200 1096 "-" "-"
74.248.137.46 - - [04/Apr/2026:02:27:49 +0800] "GET /layout.php HTTP/1.1" 200 1096 "-" "-"
74.248.137.46 - - [04/Apr/2026:02:27:49 +0800] "GET /wp-admin/js/wp-conflg.php HTTP/1.1" 200 1096 "-" "-"
74.248.137.46 - - [04/Apr/2026:02:27:50 +0800] "GET /lmutxdvyp7u5yksqke8ozbjgCdefault.php HTTP/1.1" 200 1096 "-" "-"
74.248.137.46 - - [04/Apr/2026:02:27:50 +0800] "GET /content.php HTTP/1.1" 200 1096 "-" "-"
74.248.137.46 - - [04/Apr/2026:02:27:51 +0800] "GET /wp-configs.php HTTP/1.1" 200 1096 "-" "-"
74.248.137.46 - - [04/Apr/2026:02:27:51 +0800] "GET /yas.php HTTP/1.1" 200 1096 "-" "-"
74.248.137.46 - - [04/Apr/2026:02:27:51 +0800] "GET /file5.php HTTP/1.1" 200 1096 "-" "-"
74.248.137.46 - - [04/Apr/2026:02:27:51 +0800] "GET /v3.php HTTP/1.1" 200 1096 "-" "-"
74.248.137.46 - - [04/Apr/2026:02:27:52 +0800] "GET /wp-admin/maint/index.php HTTP/1.1" 200 1096 "-" "-"
74.248.137.46 - - [04/Apr/2026:02:27:52 +0800] "GET /gg.php HTTP/1.1" 200 1096 "-" "-"
74.248.137.46 - - [04/Apr/2026:02:27:53 +0800] "GET /wp-content/upgrade/index.php HTTP/1.1" 200 1096 "-" "-"
74.248.137.46 - - [04/Apr/2026:02:27:53 +0800] "GET /himu.php HTTP/1.1" 200 1096 "-" "-"
74.248.137.46 - - [04/Apr/2026:02:27:53 +0800] "GET /z.php HTTP/1.1" 200 1096 "-" "-"
74.248.137.46 - - [04/Apr/2026:02:27:53 +0800] "GET /png.php HTTP/1.1" 200 1096 "-" "-"
74.248.137.46 - - [04/Apr/2026:02:27:54 +0800] "GET /mds.php HTTP/1.1" 200 1096 "-" "-"
74.248.137.46 - - [04/Apr/2026:02:27:54 +0800] "GET /acp.php HTTP/1.1" 200 1096 "-" "-"
74.248.137.46 - - [04/Apr/2026:02:27:54 +0800] "GET /m.php HTTP/1.1" 200 1096 "-" "-"
74.248.137.46 - - [04/Apr/2026:02:27:55 +0800] "GET /wp-is.php HTTP/1.1" 200 1096 "-" "-"
74.248.137.46 - - [04/Apr/2026:02:27:55 +0800] "GET /file15.php HTTP/1.1" 200 1096 "-" "-"
74.248.137.46 - - [04/Apr/2026:02:27:55 +0800] "GET /wsd.php HTTP/1.1" 200 1096 "-" "-"
74.248.137.46 - - [04/Apr/2026:02:27:56 +0800] "GET /about.php HTTP/1.1" 200 1096 "-" "-"
74.248.137.46 - - [04/Apr/2026:02:27:56 +0800] "GET /an.php HTTP/1.1" 200 1096 "-" "-"
74.248.137.46 - - [04/Apr/2026:02:27:56 +0800] "GET /404.php HTTP/1.1" 200 1096 "-" "-"
74.248.137.46 - - [04/Apr/2026:02:27:56 +0800] "GET /lol.php HTTP/1.1" 200 1096 "-" "-"
74.248.137.46 - - [04/Apr/2026:02:27:57 +0800] "GET /radio.php HTTP/1.1" 200 1096 "-" "-"
66.249.69.234 - - [04/Apr/2026:02:28:07 +0800] "GET /?pa=1129717005276 HTTP/1.1" 200 554 "-" "Mozilla/5.0 (Linux; Android 6.0.1; Nexus 5X Build/MMB29P) AppleWebKit/537.36 (KHTML, like Gecko) Chrome/146.0.7680.177 Mobile Safari/537.36 (compatible; Googlebot/2.1; +http://www.google.com/bot.html)"
66.249.69.233 - - [04/Apr/2026:02:28:46 +0800] "GET /?pa=1129716982910 HTTP/1.1" 200 554 "-" "Mozilla/5.0 (Linux; Android 6.0.1; Nexus 5X Build/MMB29P) AppleWebKit/537.36 (KHTML, like Gecko) Chrome/146.0.7680.177 Mobile Safari/537.36 (compatible; Googlebot/2.1; +http://www.google.com/bot.html)"
52.167.144.159 - - [04/Apr/2026:02:29:09 +0800] "GET /wp-content/uploads/2025/09/Paramount-Pricelist-R1.pdf HTTP/1.1" 200 168356 "-" "Mozilla/5.0 AppleWebKit/537.36 (KHTML, like Gecko; compatible; bingbot/2.0; +http://www.bing.com/bingbot.htm) Chrome/116.0.1938.76 Safari/537.36"
66.249.69.235 - - [04/Apr/2026:02:29:25 +0800] "GET /?pa=1129716633806 HTTP/1.1" 200 554 "-" "Mozilla/5.0 (Linux; Android 6.0.1; Nexus 5X Build/MMB29P) AppleWebKit/537.36 (KHTML, like Gecko) Chrome/146.0.7680.177 Mobile Safari/537.36 (compatible; Googlebot/2.1; +http://www.google.com/bot.html)"
57.141.14.17 - - [04/Apr/2026:02:29:33 +0800] "GET /service-type/secondary/ HTTP/1.1" 200 1096 "-" "meta-externalagent/1.1 (+https://developers.facebook.com/docs/sharing/webmasters/crawler)"
52.167.144.199 - - [04/Apr/2026:02:29:48 +0800] "GET /?p=507986824 HTTP/1.1" 200 554 "-" "Mozilla/5.0 AppleWebKit/537.36 (KHTML, like Gecko; compatible; bingbot/2.0; +http://www.bing.com/bingbot.htm) Chrome/116.0.1938.76 Safari/537.36"
66.249.69.235 - - [04/Apr/2026:02:30:04 +0800] "GET /?pa=1129716791079 HTTP/1.1" 200 554 "-" "Mozilla/5.0 (Linux; Android 6.0.1; Nexus 5X Build/MMB29P) AppleWebKit/537.36 (KHTML, like Gecko) Chrome/146.0.7680.177 Mobile Safari/537.36 (compatible; Googlebot/2.1; +http://www.google.com/bot.html)"
66.249.69.233 - - [04/Apr/2026:02:30:43 +0800] "GET /?pa=1129716699930 HTTP/1.1" 200 554 "-" "Mozilla/5.0 (Linux; Android 6.0.1; Nexus 5X Build/MMB29P) AppleWebKit/537.36 (KHTML, like Gecko) Chrome/146.0.7680.177 Mobile Safari/537.36 (compatible; Googlebot/2.1; +http://www.google.com/bot.html)"
113.183.191.10 - - [04/Apr/2026:02:31:18 +0800] "GET /?pa=112974016730 HTTP/1.1" 200 554 "-" "Mozilla/5.0 (Macintosh; Intel Mac OS X 10_12_6) AppleWebKit/537.36 (KHTML, like Gecko) Chrome/101.0.4951.64 Safari/537.36"
66.249.69.235 - - [04/Apr/2026:02:31:56 +0800] "GET /?pa=1129716634504 HTTP/1.1" 200 554 "-" "Mozilla/5.0 (Linux; Android 6.0.1; Nexus 5X Build/MMB29P) AppleWebKit/537.36 (KHTML, like Gecko) Chrome/146.0.7680.177 Mobile Safari/537.36 (compatible; Googlebot/2.1; +http://www.google.com/bot.html)"
216.73.216.21 - - [04/Apr/2026:02:32:38 +0800] "GET / HTTP/1.1" 200 554 "-" "Mozilla/5.0 AppleWebKit/537.36 (KHTML, like Gecko; compatible; ClaudeBot/1.0; +claudebot@anthropic.com)"
66.249.69.235 - - [04/Apr/2026:02:33:14 +0800] "GET /?pa=1129716724047 HTTP/1.1" 200 554 "-" "Mozilla/5.0 (Linux; Android 6.0.1; Nexus 5X Build/MMB29P) AppleWebKit/537.36 (KHTML, like Gecko) Chrome/146.0.7680.177 Mobile Safari/537.36 (compatible; Googlebot/2.1; +http://www.google.com/bot.html)"
66.249.69.234 - - [04/Apr/2026:02:33:53 +0800] "GET /?pa=1129716577094 HTTP/1.1" 200 554 "-" "Mozilla/5.0 (Linux; Android 6.0.1; Nexus 5X Build/MMB29P) AppleWebKit/537.36 (KHTML, like Gecko) Chrome/146.0.7680.177 Mobile Safari/537.36 (compatible; Googlebot/2.1; +http://www.google.com/bot.html)"
66.249.69.234 - - [04/Apr/2026:02:34:29 +0800] "GET /?pa=1129716632565 HTTP/1.1" 200 554 "-" "Mozilla/5.0 (Linux; Android 6.0.1; Nexus 5X Build/MMB29P) AppleWebKit/537.36 (KHTML, like Gecko) Chrome/146.0.7680.177 Mobile Safari/537.36 (compatible; Googlebot/2.1; +http://www.google.com/bot.html)"
20.123.81.226 - - [04/Apr/2026:02:34:42 +0800] "GET /wp-content/plugins/hellopress/wp_filemanager.php HTTP/1.1" 200 1096 "-" "-"
20.123.81.226 - - [04/Apr/2026:02:34:43 +0800] "GET /dass.php HTTP/1.1" 200 1096 "-" "-"
20.123.81.226 - - [04/Apr/2026:02:34:43 +0800] "GET /taff.php HTTP/1.1" 200 1096 "-" "-"
20.123.81.226 - - [04/Apr/2026:02:34:44 +0800] "GET /maxro.php HTTP/1.1" 200 1096 "-" "-"
20.123.81.226 - - [04/Apr/2026:02:34:45 +0800] "GET /xwx1.php HTTP/1.1" 200 1096 "-" "-"
20.123.81.226 - - [04/Apr/2026:02:34:45 +0800] "GET /tymi.php HTTP/1.1" 200 1096 "-" "-"
20.123.81.226 - - [04/Apr/2026:02:34:46 +0800] "GET /wp-class.php HTTP/1.1" 200 1096 "-" "-"
20.123.81.226 - - [04/Apr/2026:02:34:46 +0800] "GET /7logs.php HTTP/1.1" 200 1096 "-" "-"
20.123.81.226 - - [04/Apr/2026:02:34:47 +0800] "GET /xxc.php HTTP/1.1" 200 1096 "-" "-"
20.123.81.226 - - [04/Apr/2026:02:34:47 +0800] "GET /Jcrop.php HTTP/1.1" 200 1096 "-" "-"
20.123.81.226 - - [04/Apr/2026:02:34:48 +0800] "GET /rh.php HTTP/1.1" 200 1096 "-" "-"
20.123.81.226 - - [04/Apr/2026:02:34:48 +0800] "GET /55l453.php HTTP/1.1" 200 1096 "-" "-"
20.123.81.226 - - [04/Apr/2026:02:34:49 +0800] "GET /xx.php HTTP/1.1" 200 1096 "-" "-"
20.123.81.226 - - [04/Apr/2026:02:34:49 +0800] "GET /bkyac.php HTTP/1.1" 200 1096 "-" "-"
20.123.81.226 - - [04/Apr/2026:02:34:50 +0800] "GET /cilus.php HTTP/1.1" 200 1096 "-" "-"
20.123.81.226 - - [04/Apr/2026:02:34:50 +0800] "GET /error_log.php HTTP/1.1" 200 1096 "-" "-"
20.123.81.226 - - [04/Apr/2026:02:34:51 +0800] "GET /HLA-dd.php HTTP/1.1" 200 1096 "-" "-"
20.123.81.226 - - [04/Apr/2026:02:34:51 +0800] "GET /wsc.php HTTP/1.1" 200 1096 "-" "-"
20.123.81.226 - - [04/Apr/2026:02:34:52 +0800] "GET /wp-lvminl.php HTTP/1.1" 200 1096 "-" "-"
20.123.81.226 - - [04/Apr/2026:02:34:52 +0800] "GET /ww.php HTTP/1.1" 200 1096 "-" "-"
20.123.81.226 - - [04/Apr/2026:02:34:53 +0800] "GET /dczem.php HTTP/1.1" 200 1096 "-" "-"
20.123.81.226 - - [04/Apr/2026:02:34:53 +0800] "GET /albrt.php HTTP/1.1" 200 1096 "-" "-"
66.249.69.235 - - [04/Apr/2026:02:35:05 +0800] "GET /?pa=1129716958433 HTTP/1.1" 200 554 "-" "Mozilla/5.0 (Linux; Android 6.0.1; Nexus 5X Build/MMB29P) AppleWebKit/537.36 (KHTML, like Gecko) Chrome/146.0.7680.177 Mobile Safari/537.36 (compatible; Googlebot/2.1; +http://www.google.com/bot.html)"
66.249.69.233 - - [04/Apr/2026:02:35:41 +0800] "GET /?pa=1129716871342 HTTP/1.1" 200 554 "-" "Mozilla/5.0 (Linux; Android 6.0.1; Nexus 5X Build/MMB29P) AppleWebKit/537.36 (KHTML, like Gecko) Chrome/146.0.7680.177 Mobile Safari/537.36 (compatible; Googlebot/2.1; +http://www.google.com/bot.html)"
66.249.69.234 - - [04/Apr/2026:02:36:18 +0800] "GET /?pa=1129716607315 HTTP/1.1" 200 554 "-" "Mozilla/5.0 (Linux; Android 6.0.1; Nexus 5X Build/MMB29P) AppleWebKit/537.36 (KHTML, like Gecko) Chrome/146.0.7680.177 Mobile Safari/537.36 (compatible; Googlebot/2.1; +http://www.google.com/bot.html)"
66.249.69.233 - - [04/Apr/2026:02:36:54 +0800] "GET /?pa=1129716685139 HTTP/1.1" 200 554 "-" "Mozilla/5.0 (Linux; Android 6.0.1; Nexus 5X Build/MMB29P) AppleWebKit/537.36 (KHTML, like Gecko) Chrome/146.0.7680.177 Mobile Safari/537.36 (compatible; Googlebot/2.1; +http://www.google.com/bot.html)"
66.249.69.233 - - [04/Apr/2026:02:36:54 +0800] "GET /?pa=1129717238931 HTTP/1.1" 200 554 "-" "Mozilla/5.0 (Linux; Android 6.0.1; Nexus 5X Build/MMB29P) AppleWebKit/537.36 (KHTML, like Gecko) Chrome/146.0.7680.177 Mobile Safari/537.36 (compatible; Googlebot/2.1; +http://www.google.com/bot.html)"
52.167.144.171 - - [04/Apr/2026:02:37:08 +0800] "GET /?p=475858424 HTTP/1.1" 200 554 "-" "Mozilla/5.0 AppleWebKit/537.36 (KHTML, like Gecko; compatible; bingbot/2.0; +http://www.bing.com/bingbot.htm) Chrome/116.0.1938.76 Safari/537.36"
66.249.69.234 - - [04/Apr/2026:02:37:16 +0800] "GET /?pa=1129716596506 HTTP/1.1" 200 554 "-" "Mozilla/5.0 (Linux; Android 6.0.1; Nexus 5X Build/MMB29P) AppleWebKit/537.36 (KHTML, like Gecko) Chrome/146.0.7680.177 Mobile Safari/537.36 (compatible; Googlebot/2.1; +http://www.google.com/bot.html)"
66.249.69.233 - - [04/Apr/2026:02:37:56 +0800] "GET /?pa=1129716607284 HTTP/1.1" 200 554 "-" "Mozilla/5.0 (Linux; Android 6.0.1; Nexus 5X Build/MMB29P) AppleWebKit/537.36 (KHTML, like Gecko) Chrome/146.0.7680.177 Mobile Safari/537.36 (compatible; Googlebot/2.1; +http://www.google.com/bot.html)"
66.249.69.235 - - [04/Apr/2026:02:38:35 +0800] "GET /?pa=1129716582764 HTTP/1.1" 200 554 "-" "Mozilla/5.0 (Linux; Android 6.0.1; Nexus 5X Build/MMB29P) AppleWebKit/537.36 (KHTML, like Gecko) Chrome/146.0.7680.177 Mobile Safari/537.36 (compatible; Googlebot/2.1; +http://www.google.com/bot.html)"
66.249.69.233 - - [04/Apr/2026:02:39:14 +0800] "GET /?pa=1129716620633 HTTP/1.1" 200 554 "-" "Mozilla/5.0 (Linux; Android 6.0.1; Nexus 5X Build/MMB29P) AppleWebKit/537.36 (KHTML, like Gecko) Chrome/146.0.7680.177 Mobile Safari/537.36 (compatible; Googlebot/2.1; +http://www.google.com/bot.html)"
66.249.69.233 - - [04/Apr/2026:02:39:54 +0800] "GET /?pa=1129716737733 HTTP/1.1" 200 554 "-" "Mozilla/5.0 (Linux; Android 6.0.1; Nexus 5X Build/MMB29P) AppleWebKit/537.36 (KHTML, like Gecko) Chrome/146.0.7680.177 Mobile Safari/537.36 (compatible; Googlebot/2.1; +http://www.google.com/bot.html)"
66.249.69.234 - - [04/Apr/2026:02:40:33 +0800] "GET /?pa=1129716966605 HTTP/1.1" 200 554 "-" "Mozilla/5.0 (Linux; Android 6.0.1; Nexus 5X Build/MMB29P) AppleWebKit/537.36 (KHTML, like Gecko) Chrome/146.0.7680.177 Mobile Safari/537.36 (compatible; Googlebot/2.1; +http://www.google.com/bot.html)"
34.193.2.57 - - [04/Apr/2026:02:41:07 +0800] "GET /2019/09/ HTTP/1.1" 200 554 "-" "Mozilla/5.0 AppleWebKit/537.36 (KHTML, like Gecko; compatible; Amazonbot/0.1; +https://developer.amazon.com/support/amazonbot) Chrome/119.0.6045.214 Safari/537.36"
66.249.69.233 - - [04/Apr/2026:02:41:12 +0800] "GET /?gvux-blnbqddy-srl0i.phtml HTTP/1.1" 200 554 "-" "Mozilla/5.0 (Linux; Android 6.0.1; Nexus 5X Build/MMB29P) AppleWebKit/537.36 (KHTML, like Gecko) Chrome/146.0.7680.177 Mobile Safari/537.36 (compatible; Googlebot/2.1; +http://www.google.com/bot.html)"
52.167.144.171 - - [04/Apr/2026:02:41:28 +0800] "GET /?p=103213224 HTTP/1.1" 200 554 "-" "Mozilla/5.0 AppleWebKit/537.36 (KHTML, like Gecko; compatible; bingbot/2.0; +http://www.bing.com/bingbot.htm) Chrome/116.0.1938.76 Safari/537.36"
66.249.69.234 - - [04/Apr/2026:02:41:52 +0800] "GET /?pa=1129716915773 HTTP/1.1" 200 554 "-" "Mozilla/5.0 (Linux; Android 6.0.1; Nexus 5X Build/MMB29P) AppleWebKit/537.36 (KHTML, like Gecko) Chrome/146.0.7680.177 Mobile Safari/537.36 (compatible; Googlebot/2.1; +http://www.google.com/bot.html)"
20.199.111.128 - - [04/Apr/2026:02:42:02 +0800] "GET /wp-content/plugins/hellopress/wp_filemanager.php HTTP/1.1" 200 1096 "-" "-"
20.199.111.128 - - [04/Apr/2026:02:42:03 +0800] "GET /wp-class.php HTTP/1.1" 200 1096 "-" "-"
20.199.111.128 - - [04/Apr/2026:02:42:03 +0800] "GET /dass.php HTTP/1.1" 200 1096 "-" "-"
20.199.111.128 - - [04/Apr/2026:02:42:03 +0800] "GET /taff.php HTTP/1.1" 200 1096 "-" "-"
20.199.111.128 - - [04/Apr/2026:02:42:04 +0800] "GET /maxro.php HTTP/1.1" 200 1096 "-" "-"
20.199.111.128 - - [04/Apr/2026:02:42:04 +0800] "GET /xwx1.php HTTP/1.1" 200 1096 "-" "-"
20.199.111.128 - - [04/Apr/2026:02:42:05 +0800] "GET /tymi.php HTTP/1.1" 200 1096 "-" "-"
20.199.111.128 - - [04/Apr/2026:02:42:05 +0800] "GET /7logs.php HTTP/1.1" 200 1096 "-" "-"
20.199.111.128 - - [04/Apr/2026:02:42:07 +0800] "GET /xxc.php HTTP/1.1" 200 1096 "-" "-"
20.199.111.128 - - [04/Apr/2026:02:42:07 +0800] "GET /Jcrop.php HTTP/1.1" 200 1096 "-" "-"
20.199.111.128 - - [04/Apr/2026:02:42:08 +0800] "GET /rh.php HTTP/1.1" 200 1096 "-" "-"
20.199.111.128 - - [04/Apr/2026:02:42:08 +0800] "GET /55l453.php HTTP/1.1" 200 1096 "-" "-"
20.199.111.128 - - [04/Apr/2026:02:42:09 +0800] "GET /xx.php HTTP/1.1" 200 1096 "-" "-"
20.199.111.128 - - [04/Apr/2026:02:42:09 +0800] "GET /bkyac.php HTTP/1.1" 200 1096 "-" "-"
20.199.111.128 - - [04/Apr/2026:02:42:10 +0800] "GET /cilus.php HTTP/1.1" 200 1096 "-" "-"
20.199.111.128 - - [04/Apr/2026:02:42:10 +0800] "GET /error_log.php HTTP/1.1" 200 1096 "-" "-"
20.199.111.128 - - [04/Apr/2026:02:42:11 +0800] "GET /HLA-dd.php HTTP/1.1" 200 1096 "-" "-"
20.199.111.128 - - [04/Apr/2026:02:42:11 +0800] "GET /wsc.php HTTP/1.1" 200 1096 "-" "-"
20.199.111.128 - - [04/Apr/2026:02:42:12 +0800] "GET /wp-lvminl.php HTTP/1.1" 200 1096 "-" "-"
20.199.111.128 - - [04/Apr/2026:02:42:12 +0800] "GET /ww.php HTTP/1.1" 200 1096 "-" "-"
20.199.111.128 - - [04/Apr/2026:02:42:13 +0800] "GET /dczem.php HTTP/1.1" 200 1096 "-" "-"
20.199.111.128 - - [04/Apr/2026:02:42:13 +0800] "GET /albrt.php HTTP/1.1" 200 1096 "-" "-"
66.249.69.234 - - [04/Apr/2026:02:42:31 +0800] "GET /?pa=1129716619799 HTTP/1.1" 200 554 "-" "Mozilla/5.0 (Linux; Android 6.0.1; Nexus 5X Build/MMB29P) AppleWebKit/537.36 (KHTML, like Gecko) Chrome/146.0.7680.177 Mobile Safari/537.36 (compatible; Googlebot/2.1; +http://www.google.com/bot.html)"
66.249.69.235 - - [04/Apr/2026:02:43:12 +0800] "GET /?rgym-bldnkdmd-h8g1j.phtml HTTP/1.1" 200 554 "-" "Mozilla/5.0 (Linux; Android 6.0.1; Nexus 5X Build/MMB29P) AppleWebKit/537.36 (KHTML, like Gecko) Chrome/146.0.7680.177 Mobile Safari/537.36 (compatible; Googlebot/2.1; +http://www.google.com/bot.html)"
66.249.69.233 - - [04/Apr/2026:02:43:49 +0800] "GET /?pa=1129716585178 HTTP/1.1" 200 554 "-" "Mozilla/5.0 (Linux; Android 6.0.1; Nexus 5X Build/MMB29P) AppleWebKit/537.36 (KHTML, like Gecko) Chrome/146.0.7680.177 Mobile Safari/537.36 (compatible; Googlebot/2.1; +http://www.google.com/bot.html)"
52.167.144.171 - - [04/Apr/2026:02:44:08 +0800] "GET /?p=381961224 HTTP/1.1" 200 554 "-" "Mozilla/5.0 AppleWebKit/537.36 (KHTML, like Gecko; compatible; bingbot/2.0; +http://www.bing.com/bingbot.htm) Chrome/116.0.1938.76 Safari/537.36"
46.161.195.31 - - [04/Apr/2026:02:44:22 +0800] "GET /?pa=112974016731 HTTP/1.1" 200 554 "-" "Mozilla/5.0 (Macintosh; Intel Mac OS X 10_11_6) AppleWebKit/537.36 (KHTML, like Gecko) Chrome/80.0.3987.132 Safari/537.36"
66.249.69.235 - - [04/Apr/2026:02:44:29 +0800] "GET /?pa=1129716881244 HTTP/1.1" 200 554 "-" "Mozilla/5.0 (Linux; Android 6.0.1; Nexus 5X Build/MMB29P) AppleWebKit/537.36 (KHTML, like Gecko) Chrome/146.0.7680.177 Mobile Safari/537.36 (compatible; Googlebot/2.1; +http://www.google.com/bot.html)"
66.249.69.233 - - [04/Apr/2026:02:45:15 +0800] "GET /?pa=1129716582330 HTTP/1.1" 200 554 "-" "Mozilla/5.0 (Linux; Android 6.0.1; Nexus 5X Build/MMB29P) AppleWebKit/537.36 (KHTML, like Gecko) Chrome/146.0.7680.177 Mobile Safari/537.36 (compatible; Googlebot/2.1; +http://www.google.com/bot.html)"
40.77.167.149 - - [04/Apr/2026:02:45:32 +0800] "GET /service-type/baldivis/ HTTP/1.1" 200 554 "-" "Mozilla/5.0 AppleWebKit/537.36 (KHTML, like Gecko; compatible; bingbot/2.0; +http://www.bing.com/bingbot.htm) Chrome/116.0.1938.76 Safari/537.36"
66.249.69.163 - - [04/Apr/2026:02:51:24 +0800] "GET /robots.txt HTTP/1.1" 200 104 "-" "Mozilla/5.0 (compatible; Googlebot/2.1; +http://www.google.com/bot.html)"
66.249.69.165 - - [04/Apr/2026:02:51:25 +0800] "GET / HTTP/1.1" 200 554 "-" "Mozilla/5.0 (Linux; Android 6.0.1; Nexus 5X Build/MMB29P) AppleWebKit/537.36 (KHTML, like Gecko) Chrome/146.0.7680.177 Mobile Safari/537.36 (compatible; Googlebot/2.1; +http://www.google.com/bot.html)"
40.77.167.35 - - [04/Apr/2026:02:52:12 +0800] "GET /wp-content/uploads/2021/08/Paramount-Release-1-Pricelist.pdf HTTP/1.1" 200 170211 "-" "Mozilla/5.0 AppleWebKit/537.36 (KHTML, like Gecko; compatible; bingbot/2.0; +http://www.bing.com/bingbot.htm) Chrome/116.0.1938.76 Safari/537.36"
66.249.69.235 - - [04/Apr/2026:02:52:56 +0800] "GET /?pa=1129716969095 HTTP/1.1" 200 554 "-" "Mozilla/5.0 (Linux; Android 6.0.1; Nexus 5X Build/MMB29P) AppleWebKit/537.36 (KHTML, like Gecko) Chrome/146.0.7680.177 Mobile Safari/537.36 (compatible; Googlebot/2.1; +http://www.google.com/bot.html)"
66.249.69.233 - - [04/Apr/2026:02:53:43 +0800] "GET /?pa=1129716604832 HTTP/1.1" 200 554 "-" "Mozilla/5.0 (Linux; Android 6.0.1; Nexus 5X Build/MMB29P) AppleWebKit/537.36 (KHTML, like Gecko) Chrome/146.0.7680.177 Mobile Safari/537.36 (compatible; Googlebot/2.1; +http://www.google.com/bot.html)"
66.249.69.234 - - [04/Apr/2026:02:54:29 +0800] "GET /?pa=1129716880290 HTTP/1.1" 200 554 "-" "Mozilla/5.0 (Linux; Android 6.0.1; Nexus 5X Build/MMB29P) AppleWebKit/537.36 (KHTML, like Gecko) Chrome/146.0.7680.177 Mobile Safari/537.36 (compatible; Googlebot/2.1; +http://www.google.com/bot.html)"
66.249.69.234 - - [04/Apr/2026:02:55:15 +0800] "GET /?pa=1129716883117 HTTP/1.1" 200 554 "-" "Mozilla/5.0 (Linux; Android 6.0.1; Nexus 5X Build/MMB29P) AppleWebKit/537.36 (KHTML, like Gecko) Chrome/146.0.7680.177 Mobile Safari/537.36 (compatible; Googlebot/2.1; +http://www.google.com/bot.html)"
14.190.250.123 - - [04/Apr/2026:02:55:45 +0800] "GET /service-type/secondary/ HTTP/1.1" 200 554 "-" "Mozilla/5.0 (Macintosh; Intel Mac OS X 11_7_0) AppleWebKit/537.36 (KHTML, like Gecko) Chrome/126.0.6478.126 Safari/537.36"
66.249.69.233 - - [04/Apr/2026:02:56:01 +0800] "GET /?pa=1129716700783 HTTP/1.1" 200 554 "-" "Mozilla/5.0 (Linux; Android 6.0.1; Nexus 5X Build/MMB29P) AppleWebKit/537.36 (KHTML, like Gecko) Chrome/146.0.7680.177 Mobile Safari/537.36 (compatible; Googlebot/2.1; +http://www.google.com/bot.html)"
66.249.69.233 - - [04/Apr/2026:02:56:47 +0800] "GET /?pa=1129717235595 HTTP/1.1" 200 554 "-" "Mozilla/5.0 (Linux; Android 6.0.1; Nexus 5X Build/MMB29P) AppleWebKit/537.36 (KHTML, like Gecko) Chrome/146.0.7680.177 Mobile Safari/537.36 (compatible; Googlebot/2.1; +http://www.google.com/bot.html)"
64.92.9.212 - - [04/Apr/2026:02:56:51 +0800] "POST /wp-login.php HTTP/1.1" 200 554 "-" "Mozilla/5.0 (Windows NT 10.0) AppleWebKit/537.36 (KHTML, like Gecko) Chrome/137.0.0.0 Safari/537.36 Edg/137.0.0.0"
40.77.167.6 - - [04/Apr/2026:02:57:31 +0800] "GET /?p=466850724 HTTP/1.1" 200 554 "-" "Mozilla/5.0 AppleWebKit/537.36 (KHTML, like Gecko; compatible; bingbot/2.0; +http://www.bing.com/bingbot.htm) Chrome/116.0.1938.76 Safari/537.36"
66.249.69.235 - - [04/Apr/2026:02:57:33 +0800] "GET /?pa=1129716881378 HTTP/1.1" 200 554 "-" "Mozilla/5.0 (Linux; Android 6.0.1; Nexus 5X Build/MMB29P) AppleWebKit/537.36 (KHTML, like Gecko) Chrome/146.0.7680.177 Mobile Safari/537.36 (compatible; Googlebot/2.1; +http://www.google.com/bot.html)"
66.249.69.235 - - [04/Apr/2026:02:58:19 +0800] "GET /?pa=1129716494532 HTTP/1.1" 200 554 "-" "Mozilla/5.0 (Linux; Android 6.0.1; Nexus 5X Build/MMB29P) AppleWebKit/537.36 (KHTML, like Gecko) Chrome/146.0.7680.177 Mobile Safari/537.36 (compatible; Googlebot/2.1; +http://www.google.com/bot.html)"
66.249.69.233 - - [04/Apr/2026:02:59:06 +0800] "GET /?pa=1129716897077 HTTP/1.1" 200 554 "-" "Mozilla/5.0 (Linux; Android 6.0.1; Nexus 5X Build/MMB29P) AppleWebKit/537.36 (KHTML, like Gecko) Chrome/146.0.7680.177 Mobile Safari/537.36 (compatible; Googlebot/2.1; +http://www.google.com/bot.html)"
216.73.216.21 - - [04/Apr/2026:02:59:08 +0800] "GET /robots.txt HTTP/1.1" 200 104 "-" "Mozilla/5.0 AppleWebKit/537.36 (KHTML, like Gecko; compatible; ClaudeBot/1.0; +claudebot@anthropic.com)"
216.73.216.21 - - [04/Apr/2026:02:59:08 +0800] "GET /category/homebuilder HTTP/1.1" 200 554 "-" "Mozilla/5.0 AppleWebKit/537.36 (KHTML, like Gecko; compatible; ClaudeBot/1.0; +claudebot@anthropic.com)"
66.249.69.233 - - [04/Apr/2026:02:59:52 +0800] "GET /?pa=1129716378714 HTTP/1.1" 200 554 "-" "Mozilla/5.0 (Linux; Android 6.0.1; Nexus 5X Build/MMB29P) AppleWebKit/537.36 (KHTML, like Gecko) Chrome/146.0.7680.177 Mobile Safari/537.36 (compatible; Googlebot/2.1; +http://www.google.com/bot.html)"
66.249.69.234 - - [04/Apr/2026:03:00:38 +0800] "GET /?pa=1129716869608 HTTP/1.1" 200 554 "-" "Mozilla/5.0 (Linux; Android 6.0.1; Nexus 5X Build/MMB29P) AppleWebKit/537.36 (KHTML, like Gecko) Chrome/146.0.7680.177 Mobile Safari/537.36 (compatible; Googlebot/2.1; +http://www.google.com/bot.html)"
198.244.240.64 - - [04/Apr/2026:03:01:07 +0800] "GET / HTTP/1.1" 200 554 "-" "Mozilla/5.0 (compatible; AhrefsBot/7.0; +http://ahrefs.com/robot/)"
66.249.69.235 - - [04/Apr/2026:03:01:24 +0800] "GET /?pa=1129716650719 HTTP/1.1" 200 554 "-" "Mozilla/5.0 (Linux; Android 6.0.1; Nexus 5X Build/MMB29P) AppleWebKit/537.36 (KHTML, like Gecko) Chrome/146.0.7680.177 Mobile Safari/537.36 (compatible; Googlebot/2.1; +http://www.google.com/bot.html)"
172.71.172.2 - - [04/Apr/2026:03:01:37 +0800] "GET /config/env HTTP/1.1" 206 554 "-" "-"
172.71.172.2 - - [04/Apr/2026:03:01:39 +0800] "GET /docker-compose.env HTTP/1.1" 206 554 "-" "-"
66.249.69.233 - - [04/Apr/2026:03:02:10 +0800] "GET /?pa=1129716631621 HTTP/1.1" 200 554 "-" "Mozilla/5.0 (Linux; Android 6.0.1; Nexus 5X Build/MMB29P) AppleWebKit/537.36 (KHTML, like Gecko) Chrome/146.0.7680.177 Mobile Safari/537.36 (compatible; Googlebot/2.1; +http://www.google.com/bot.html)"
172.71.172.17 - - [04/Apr/2026:03:02:20 +0800] "GET /config/env HTTP/1.1" 206 554 "-" "-"
172.71.172.17 - - [04/Apr/2026:03:02:21 +0800] "GET /docker-compose.env HTTP/1.1" 206 554 "-" "-"
66.249.69.234 - - [04/Apr/2026:03:02:56 +0800] "GET /?pa=1129716633182 HTTP/1.1" 200 554 "-" "Mozilla/5.0 (Linux; Android 6.0.1; Nexus 5X Build/MMB29P) AppleWebKit/537.36 (KHTML, like Gecko) Chrome/146.0.7680.177 Mobile Safari/537.36 (compatible; Googlebot/2.1; +http://www.google.com/bot.html)"
66.249.69.234 - - [04/Apr/2026:03:03:42 +0800] "GET /?ygja-bdqquudp-jxmhw.phtml HTTP/1.1" 200 554 "-" "Mozilla/5.0 (Linux; Android 6.0.1; Nexus 5X Build/MMB29P) AppleWebKit/537.36 (KHTML, like Gecko) Chrome/146.0.7680.177 Mobile Safari/537.36 (compatible; Googlebot/2.1; +http://www.google.com/bot.html)"
47.79.51.10 - - [04/Apr/2026:03:03:47 +0800] "GET /2020/12/01/federal-government-homebuilder-deadline-extended/ HTTP/1.1" 200 554 "-" "Mozilla/5.0 (Macintosh; Intel Mac OS X 10_15_7) AppleWebKit/537.36 (KHTML, like Gecko) Chrome/147.0.0.0 Safari/537.36"
66.249.69.234 - - [04/Apr/2026:03:04:29 +0800] "GET /?pa=1129716608548 HTTP/1.1" 200 554 "-" "Mozilla/5.0 (Linux; Android 6.0.1; Nexus 5X Build/MMB29P) AppleWebKit/537.36 (KHTML, like Gecko) Chrome/146.0.7680.177 Mobile Safari/537.36 (compatible; Googlebot/2.1; +http://www.google.com/bot.html)"
40.77.167.6 - - [04/Apr/2026:03:04:33 +0800] "GET /?p=197792324 HTTP/1.1" 200 554 "-" "Mozilla/5.0 AppleWebKit/537.36 (KHTML, like Gecko; compatible; bingbot/2.0; +http://www.bing.com/bingbot.htm) Chrome/116.0.1938.76 Safari/537.36"
66.249.69.235 - - [04/Apr/2026:03:05:15 +0800] "GET /?pa=1129716815304 HTTP/1.1" 200 554 "-" "Mozilla/5.0 (Linux; Android 6.0.1; Nexus 5X Build/MMB29P) AppleWebKit/537.36 (KHTML, like Gecko) Chrome/146.0.7680.177 Mobile Safari/537.36 (compatible; Googlebot/2.1; +http://www.google.com/bot.html)"
66.249.69.234 - - [04/Apr/2026:03:06:01 +0800] "GET /?pa=1129716835049 HTTP/1.1" 200 554 "-" "Mozilla/5.0 (Linux; Android 6.0.1; Nexus 5X Build/MMB29P) AppleWebKit/537.36 (KHTML, like Gecko) Chrome/146.0.7680.177 Mobile Safari/537.36 (compatible; Googlebot/2.1; +http://www.google.com/bot.html)"
66.249.69.233 - - [04/Apr/2026:03:06:47 +0800] "GET /?pa=1129716797138 HTTP/1.1" 200 554 "-" "Mozilla/5.0 (Linux; Android 6.0.1; Nexus 5X Build/MMB29P) AppleWebKit/537.36 (KHTML, like Gecko) Chrome/146.0.7680.177 Mobile Safari/537.36 (compatible; Googlebot/2.1; +http://www.google.com/bot.html)"
66.249.69.233 - - [04/Apr/2026:03:08:19 +0800] "GET /?pa=1129716695312 HTTP/1.1" 200 554 "-" "Mozilla/5.0 (Linux; Android 6.0.1; Nexus 5X Build/MMB29P) AppleWebKit/537.36 (KHTML, like Gecko) Chrome/146.0.7680.177 Mobile Safari/537.36 (compatible; Googlebot/2.1; +http://www.google.com/bot.html)"
66.249.69.233 - - [04/Apr/2026:03:09:06 +0800] "GET /?pa=1129716558411 HTTP/1.1" 200 554 "-" "Mozilla/5.0 (Linux; Android 6.0.1; Nexus 5X Build/MMB29P) AppleWebKit/537.36 (KHTML, like Gecko) Chrome/146.0.7680.177 Mobile Safari/537.36 (compatible; Googlebot/2.1; +http://www.google.com/bot.html)"
66.249.69.234 - - [04/Apr/2026:03:09:52 +0800] "GET /?pa=1129716794540 HTTP/1.1" 200 554 "-" "Mozilla/5.0 (Linux; Android 6.0.1; Nexus 5X Build/MMB29P) AppleWebKit/537.36 (KHTML, like Gecko) Chrome/146.0.7680.177 Mobile Safari/537.36 (compatible; Googlebot/2.1; +http://www.google.com/bot.html)"
66.249.69.233 - - [04/Apr/2026:03:10:38 +0800] "GET /?k3ge-bpqdpypb-0oq7l.phtml HTTP/1.1" 200 554 "-" "Mozilla/5.0 (Linux; Android 6.0.1; Nexus 5X Build/MMB29P) AppleWebKit/537.36 (KHTML, like Gecko) Chrome/146.0.7680.177 Mobile Safari/537.36 (compatible; Googlebot/2.1; +http://www.google.com/bot.html)"
72.146.45.53 - - [04/Apr/2026:03:10:48 +0800] "GET /wp-content/plugins/hellopress/wp_filemanager.php HTTP/1.1" 200 1096 "-" "-"
72.146.45.53 - - [04/Apr/2026:03:10:49 +0800] "GET /wp-content/plugins/hellopress/wp_filemanager.php HTTP/1.1" 200 1096 "-" "-"
72.146.45.53 - - [04/Apr/2026:03:10:49 +0800] "GET /wp-class.php HTTP/1.1" 200 1096 "-" "-"
72.146.45.53 - - [04/Apr/2026:03:10:49 +0800] "GET /wp-class.php HTTP/1.1" 200 1096 "-" "-"
72.146.45.53 - - [04/Apr/2026:03:10:49 +0800] "GET /dass.php HTTP/1.1" 200 1096 "-" "-"
72.146.45.53 - - [04/Apr/2026:03:10:49 +0800] "GET /dass.php HTTP/1.1" 200 1096 "-" "-"
72.146.45.53 - - [04/Apr/2026:03:10:49 +0800] "GET /taff.php HTTP/1.1" 200 1096 "-" "-"
72.146.45.53 - - [04/Apr/2026:03:10:49 +0800] "GET /taff.php HTTP/1.1" 200 1096 "-" "-"
72.146.45.53 - - [04/Apr/2026:03:10:49 +0800] "GET /maxro.php HTTP/1.1" 200 1096 "-" "-"
72.146.45.53 - - [04/Apr/2026:03:10:49 +0800] "GET /maxro.php HTTP/1.1" 200 1096 "-" "-"
72.146.45.53 - - [04/Apr/2026:03:10:50 +0800] "GET /xwx1.php HTTP/1.1" 200 1096 "-" "-"
72.146.45.53 - - [04/Apr/2026:03:10:50 +0800] "GET /xwx1.php HTTP/1.1" 200 1096 "-" "-"
72.146.45.53 - - [04/Apr/2026:03:10:50 +0800] "GET /tymi.php HTTP/1.1" 200 1096 "-" "-"
72.146.45.53 - - [04/Apr/2026:03:10:50 +0800] "GET /tymi.php HTTP/1.1" 200 1096 "-" "-"
72.146.45.53 - - [04/Apr/2026:03:10:50 +0800] "GET /7logs.php HTTP/1.1" 200 1096 "-" "-"
72.146.45.53 - - [04/Apr/2026:03:10:50 +0800] "GET /7logs.php HTTP/1.1" 200 1096 "-" "-"
72.146.45.53 - - [04/Apr/2026:03:10:50 +0800] "GET /xxc.php HTTP/1.1" 200 1096 "-" "-"
72.146.45.53 - - [04/Apr/2026:03:10:50 +0800] "GET /xxc.php HTTP/1.1" 200 1096 "-" "-"
72.146.45.53 - - [04/Apr/2026:03:10:51 +0800] "GET /Jcrop.php HTTP/1.1" 200 1096 "-" "-"
72.146.45.53 - - [04/Apr/2026:03:10:51 +0800] "GET /Jcrop.php HTTP/1.1" 200 1096 "-" "-"
72.146.45.53 - - [04/Apr/2026:03:10:51 +0800] "GET /rh.php HTTP/1.1" 200 1096 "-" "-"
72.146.45.53 - - [04/Apr/2026:03:10:51 +0800] "GET /rh.php HTTP/1.1" 200 1096 "-" "-"
72.146.45.53 - - [04/Apr/2026:03:10:51 +0800] "GET /55l453.php HTTP/1.1" 200 1096 "-" "-"
72.146.45.53 - - [04/Apr/2026:03:10:51 +0800] "GET /55l453.php HTTP/1.1" 200 1096 "-" "-"
72.146.45.53 - - [04/Apr/2026:03:10:51 +0800] "GET /xx.php HTTP/1.1" 200 1096 "-" "-"
72.146.45.53 - - [04/Apr/2026:03:10:51 +0800] "GET /xx.php HTTP/1.1" 200 1096 "-" "-"
52.167.144.189 - - [04/Apr/2026:03:10:51 +0800] "GET /wp-content/uploads/2020/10/Spires-Park-Nov18-HIGH-RES-23-1200x899.jpg HTTP/1.1" 200 270576 "-" "Mozilla/5.0 AppleWebKit/537.36 (KHTML, like Gecko; compatible; bingbot/2.0; +http://www.bing.com/bingbot.htm) Chrome/116.0.1938.76 Safari/537.36"
72.146.45.53 - - [04/Apr/2026:03:10:52 +0800] "GET /bkyac.php HTTP/1.1" 200 1096 "-" "-"
72.146.45.53 - - [04/Apr/2026:03:10:52 +0800] "GET /bkyac.php HTTP/1.1" 200 1096 "-" "-"
72.146.45.53 - - [04/Apr/2026:03:10:52 +0800] "GET /cilus.php HTTP/1.1" 200 1096 "-" "-"
72.146.45.53 - - [04/Apr/2026:03:10:52 +0800] "GET /cilus.php HTTP/1.1" 200 1096 "-" "-"
72.146.45.53 - - [04/Apr/2026:03:10:52 +0800] "GET /error_log.php HTTP/1.1" 200 1096 "-" "-"
72.146.45.53 - - [04/Apr/2026:03:10:52 +0800] "GET /error_log.php HTTP/1.1" 200 1096 "-" "-"
72.146.45.53 - - [04/Apr/2026:03:10:52 +0800] "GET /HLA-dd.php HTTP/1.1" 200 1096 "-" "-"
72.146.45.53 - - [04/Apr/2026:03:10:52 +0800] "GET /HLA-dd.php HTTP/1.1" 200 1096 "-" "-"
72.146.45.53 - - [04/Apr/2026:03:10:53 +0800] "GET /wsc.php HTTP/1.1" 200 1096 "-" "-"
72.146.45.53 - - [04/Apr/2026:03:10:53 +0800] "GET /wsc.php HTTP/1.1" 200 1096 "-" "-"
72.146.45.53 - - [04/Apr/2026:03:10:53 +0800] "GET /wp-lvminl.php HTTP/1.1" 200 1096 "-" "-"
72.146.45.53 - - [04/Apr/2026:03:10:53 +0800] "GET /wp-lvminl.php HTTP/1.1" 200 1096 "-" "-"
72.146.45.53 - - [04/Apr/2026:03:10:53 +0800] "GET /ww.php HTTP/1.1" 200 1096 "-" "-"
72.146.45.53 - - [04/Apr/2026:03:10:53 +0800] "GET /ww.php HTTP/1.1" 200 1096 "-" "-"
72.146.45.53 - - [04/Apr/2026:03:10:53 +0800] "GET /dczem.php HTTP/1.1" 200 1096 "-" "-"
72.146.45.53 - - [04/Apr/2026:03:10:53 +0800] "GET /dczem.php HTTP/1.1" 200 1096 "-" "-"
72.146.45.53 - - [04/Apr/2026:03:10:54 +0800] "GET /albrt.php HTTP/1.1" 200 1096 "-" "-"
72.146.45.53 - - [04/Apr/2026:03:10:54 +0800] "GET /albrt.php HTTP/1.1" 200 1096 "-" "-"
66.249.69.235 - - [04/Apr/2026:03:12:00 +0800] "GET /?pa=1129716853886 HTTP/1.1" 200 554 "-" "Mozilla/5.0 (Linux; Android 6.0.1; Nexus 5X Build/MMB29P) AppleWebKit/537.36 (KHTML, like Gecko) Chrome/146.0.7680.177 Mobile Safari/537.36 (compatible; Googlebot/2.1; +http://www.google.com/bot.html)"
66.249.69.233 - - [04/Apr/2026:03:12:42 +0800] "GET /?pa=1129716724827 HTTP/1.1" 200 554 "-" "Mozilla/5.0 (Linux; Android 6.0.1; Nexus 5X Build/MMB29P) AppleWebKit/537.36 (KHTML, like Gecko) Chrome/146.0.7680.177 Mobile Safari/537.36 (compatible; Googlebot/2.1; +http://www.google.com/bot.html)"
66.249.69.234 - - [04/Apr/2026:03:13:25 +0800] "GET /?pa=1129716870660 HTTP/1.1" 200 554 "-" "Mozilla/5.0 (Linux; Android 6.0.1; Nexus 5X Build/MMB29P) AppleWebKit/537.36 (KHTML, like Gecko) Chrome/146.0.7680.177 Mobile Safari/537.36 (compatible; Googlebot/2.1; +http://www.google.com/bot.html)"
66.249.69.233 - - [04/Apr/2026:03:14:07 +0800] "GET /?pa=1129716792190 HTTP/1.1" 200 554 "-" "Mozilla/5.0 (Linux; Android 6.0.1; Nexus 5X Build/MMB29P) AppleWebKit/537.36 (KHTML, like Gecko) Chrome/146.0.7680.177 Mobile Safari/537.36 (compatible; Googlebot/2.1; +http://www.google.com/bot.html)"
66.249.69.234 - - [04/Apr/2026:03:14:49 +0800] "GET /?pa=1129716786563 HTTP/1.1" 200 554 "-" "Mozilla/5.0 (Linux; Android 6.0.1; Nexus 5X Build/MMB29P) AppleWebKit/537.36 (KHTML, like Gecko) Chrome/146.0.7680.177 Mobile Safari/537.36 (compatible; Googlebot/2.1; +http://www.google.com/bot.html)"
14.231.157.247 - - [04/Apr/2026:03:15:09 +0800] "GET /?pa=1129711880521 HTTP/1.1" 200 554 "-" "Mozilla/5.0 (Macintosh; Intel Mac OS X 10_10_4) AppleWebKit/537.36 (KHTML, like Gecko) Chrome/65.0.3325.779 Safari/537.36"
66.249.69.234 - - [04/Apr/2026:03:15:27 +0800] "GET /?pa=1129715388056 HTTP/1.1" 200 554 "-" "Mozilla/5.0 (Linux; Android 6.0.1; Nexus 5X Build/MMB29P) AppleWebKit/537.36 (KHTML, like Gecko) Chrome/146.0.7680.177 Mobile Safari/537.36 (compatible; Googlebot/2.1; +http://www.google.com/bot.html)"
66.249.69.234 - - [04/Apr/2026:03:15:27 +0800] "GET /?pa=1129717331198 HTTP/1.1" 200 554 "-" "Mozilla/5.0 (Linux; Android 6.0.1; Nexus 5X Build/MMB29P) AppleWebKit/537.36 (KHTML, like Gecko) Chrome/146.0.7680.177 Mobile Safari/537.36 (compatible; Googlebot/2.1; +http://www.google.com/bot.html)"
14.191.162.239 - - [04/Apr/2026:03:15:43 +0800] "GET /?pa=112974016735 HTTP/1.1" 200 554 "-" "Mozilla/5.0 (Macintosh; Intel Mac OS X 10_13_6) AppleWebKit/537.36 (KHTML, like Gecko) Brave Chrome/78.0.3904.108 Safari/537.36"
154.208.41.235 - - [04/Apr/2026:03:19:02 +0800] "GET /wp-json/wp/v2/posts/2064 HTTP/1.1" 200 554 "-" "Mozilla/5.0 (Windows NT 6.1; Win64; x64) AppleWebKit/537.36 (KHTML, like Gecko) Chrome/96.0.4664.110 Safari/537.36"
112.5.43.185 - - [04/Apr/2026:03:20:11 +0800] "GET / HTTP/1.1" 403 1096 "https://paramountbaldivis.com.au/" "User-Agent:Mozilla/5.0 (Windows NT 6.1; WOW64) AppleWebKit/537.36 (KHTML, like Gecko) Chrome/50.0.2661.102 Safari/537.36"
52.167.144.196 - - [04/Apr/2026:03:21:53 +0800] "GET /?p=259969424 HTTP/1.1" 200 554 "-" "Mozilla/5.0 AppleWebKit/537.36 (KHTML, like Gecko; compatible; bingbot/2.0; +http://www.bing.com/bingbot.htm) Chrome/116.0.1938.76 Safari/537.36"
114.119.157.103 - - [04/Apr/2026:03:22:17 +0800] "GET /2020/01/20/which-school-theres-plenty-of-options-in-baldivis/mother-teresa-catholic-college/ HTTP/1.1" 200 554 "https://paramountbaldivis.com.au/2020/01/20/which-school-theres-plenty-of-options-in-baldivis/" "Mozilla/5.0 (Linux; Android 7.0;) AppleWebKit/537.36 (KHTML, like Gecko) Mobile Safari/537.36 (compatible; PetalBot;+https://webmaster.petalsearch.com/site/petalbot)"
103.206.229.242 - - [04/Apr/2026:03:22:23 +0800] "GET /?pa=112975005858 HTTP/1.1" 200 554 "-" "Mozilla/5.0 (Macintosh; Intel Mac OS X 10_9_5) AppleWebKit/537.36 (KHTML, like Gecko) Chrome/66.0.3359.181 Safari/537.36"
34.73.73.46 - - [04/Apr/2026:03:22:33 +0800] "POST /wp-login.php HTTP/1.1" 200 554 "-" "Mozilla/5.0 (Windows NT 10.0; Win64; x64) AppleWebKit/537.43 (KHTML, like Gecko) Chrome/137.0.0.0 Safari/537.36 OPR/121.0.0.0"
113.162.0.212 - - [04/Apr/2026:03:23:19 +0800] "GET /?pa=1129716677038 HTTP/1.1" 200 554 "-" "Mozilla/5.0 (Windows NT 6.1; WOW64) AppleWebKit/537.36 (KHTML, like Gecko) Chrome/83.0.4103.116 Safari/537.36 AOLShield/83.0.4103.2"
66.249.69.235 - - [04/Apr/2026:03:23:42 +0800] "GET /?pa=1129716439356 HTTP/1.1" 200 554 "-" "Mozilla/5.0 (Linux; Android 6.0.1; Nexus 5X Build/MMB29P) AppleWebKit/537.36 (KHTML, like Gecko) Chrome/146.0.7680.177 Mobile Safari/537.36 (compatible; Googlebot/2.1; +http://www.google.com/bot.html)"
66.249.69.234 - - [04/Apr/2026:03:24:06 +0800] "GET /?pa=1129716809681 HTTP/1.1" 200 554 "-" "Mozilla/5.0 (Linux; Android 6.0.1; Nexus 5X Build/MMB29P) AppleWebKit/537.36 (KHTML, like Gecko) Chrome/146.0.7680.177 Mobile Safari/537.36 (compatible; Googlebot/2.1; +http://www.google.com/bot.html)"
66.249.69.233 - - [04/Apr/2026:03:24:29 +0800] "GET /?pa=1129716744586 HTTP/1.1" 200 554 "-" "Mozilla/5.0 (Linux; Android 6.0.1; Nexus 5X Build/MMB29P) AppleWebKit/537.36 (KHTML, like Gecko) Chrome/146.0.7680.177 Mobile Safari/537.36 (compatible; Googlebot/2.1; +http://www.google.com/bot.html)"
52.167.144.147 - - [04/Apr/2026:03:25:11 +0800] "GET /?p=49978924 HTTP/1.1" 200 554 "-" "Mozilla/5.0 AppleWebKit/537.36 (KHTML, like Gecko; compatible; bingbot/2.0; +http://www.bing.com/bingbot.htm) Chrome/116.0.1938.76 Safari/537.36"
66.249.69.233 - - [04/Apr/2026:03:25:15 +0800] "GET /?pa=1129716391213 HTTP/1.1" 200 554 "-" "Mozilla/5.0 (Linux; Android 6.0.1; Nexus 5X Build/MMB29P) AppleWebKit/537.36 (KHTML, like Gecko) Chrome/146.0.7680.177 Mobile Safari/537.36 (compatible; Googlebot/2.1; +http://www.google.com/bot.html)"
66.249.69.233 - - [04/Apr/2026:03:26:01 +0800] "GET /?pa=1129716869738 HTTP/1.1" 200 554 "-" "Mozilla/5.0 (Linux; Android 6.0.1; Nexus 5X Build/MMB29P) AppleWebKit/537.36 (KHTML, like Gecko) Chrome/146.0.7680.177 Mobile Safari/537.36 (compatible; Googlebot/2.1; +http://www.google.com/bot.html)"
52.167.144.147 - - [04/Apr/2026:03:26:02 +0800] "GET /sitemaps.xml HTTP/1.1" 200 554 "-" "Mozilla/5.0 AppleWebKit/537.36 (KHTML, like Gecko; compatible; bingbot/2.0; +http://www.bing.com/bingbot.htm) Chrome/116.0.1938.76 Safari/537.36"
66.249.69.234 - - [04/Apr/2026:03:26:47 +0800] "GET /?pa=1129716815111 HTTP/1.1" 200 554 "-" "Mozilla/5.0 (Linux; Android 6.0.1; Nexus 5X Build/MMB29P) AppleWebKit/537.36 (KHTML, like Gecko) Chrome/146.0.7680.177 Mobile Safari/537.36 (compatible; Googlebot/2.1; +http://www.google.com/bot.html)"
14.191.214.147 - - [04/Apr/2026:03:26:56 +0800] "GET /?pa=112971718268 HTTP/1.1" 200 554 "-" "Mozilla/5.0 (Windows NT 6.3; WOW64) AppleWebKit/537.36 (KHTML, like Gecko) Chrome/85.0.4183.121 Safari/537.36"
52.167.144.136 - - [04/Apr/2026:03:27:04 +0800] "GET /wp-content/uploads/2018/05/bcf_logo.jpg HTTP/1.1" 200 128590 "-" "Mozilla/5.0 AppleWebKit/537.36 (KHTML, like Gecko; compatible; bingbot/2.0; +http://www.bing.com/bingbot.htm) Chrome/116.0.1938.76 Safari/537.36"
166.108.202.23 - - [04/Apr/2026:03:27:12 +0800] "GET /2020/01/20/which-school-theres-plenty-of-options-in-baldivis/ HTTP/1.1" 200 554 "-" "Mozilla/5.0 (Macintosh; Intel Mac OS X 10_15_7) AppleWebKit/537.36 (KHTML, like Gecko) Chrome/145.0.0.0 Safari/537.36"
66.249.69.233 - - [04/Apr/2026:03:27:33 +0800] "GET /?pa=1129716794692 HTTP/1.1" 200 554 "-" "Mozilla/5.0 (Linux; Android 6.0.1; Nexus 5X Build/MMB29P) AppleWebKit/537.36 (KHTML, like Gecko) Chrome/146.0.7680.177 Mobile Safari/537.36 (compatible; Googlebot/2.1; +http://www.google.com/bot.html)"
66.249.69.235 - - [04/Apr/2026:03:28:19 +0800] "GET /?xbgq-blnqlldd-gjnor.phtml HTTP/1.1" 200 554 "-" "Mozilla/5.0 (Linux; Android 6.0.1; Nexus 5X Build/MMB29P) AppleWebKit/537.36 (KHTML, like Gecko) Chrome/146.0.7680.177 Mobile Safari/537.36 (compatible; Googlebot/2.1; +http://www.google.com/bot.html)"
66.249.69.234 - - [04/Apr/2026:03:29:06 +0800] "GET /?pa=1129716874928 HTTP/1.1" 200 554 "-" "Mozilla/5.0 (Linux; Android 6.0.1; Nexus 5X Build/MMB29P) AppleWebKit/537.36 (KHTML, like Gecko) Chrome/146.0.7680.177 Mobile Safari/537.36 (compatible; Googlebot/2.1; +http://www.google.com/bot.html)"
66.249.69.234 - - [04/Apr/2026:03:29:52 +0800] "GET /?pa=1129716744952 HTTP/1.1" 200 554 "-" "Mozilla/5.0 (Linux; Android 6.0.1; Nexus 5X Build/MMB29P) AppleWebKit/537.36 (KHTML, like Gecko) Chrome/146.0.7680.177 Mobile Safari/537.36 (compatible; Googlebot/2.1; +http://www.google.com/bot.html)"
52.167.144.136 - - [04/Apr/2026:03:30:15 +0800] "GET /?p=41824424 HTTP/1.1" 200 554 "-" "Mozilla/5.0 AppleWebKit/537.36 (KHTML, like Gecko; compatible; bingbot/2.0; +http://www.bing.com/bingbot.htm) Chrome/116.0.1938.76 Safari/537.36"
40.77.167.27 - - [04/Apr/2026:03:30:54 +0800] "GET /?p=27575424 HTTP/1.1" 200 554 "-" "Mozilla/5.0 AppleWebKit/537.36 (KHTML, like Gecko; compatible; bingbot/2.0; +http://www.bing.com/bingbot.htm) Chrome/116.0.1938.76 Safari/537.36"
52.167.144.136 - - [04/Apr/2026:03:31:14 +0800] "GET /?p=30702524 HTTP/1.1" 200 554 "-" "Mozilla/5.0 AppleWebKit/537.36 (KHTML, like Gecko; compatible; bingbot/2.0; +http://www.bing.com/bingbot.htm) Chrome/116.0.1938.76 Safari/537.36"
66.249.69.233 - - [04/Apr/2026:03:31:17 +0800] "GET /?pa=1129716744926 HTTP/1.1" 200 554 "-" "Mozilla/5.0 (Linux; Android 6.0.1; Nexus 5X Build/MMB29P) AppleWebKit/537.36 (KHTML, like Gecko) Chrome/146.0.7680.177 Mobile Safari/537.36 (compatible; Googlebot/2.1; +http://www.google.com/bot.html)"
66.249.69.233 - - [04/Apr/2026:03:31:59 +0800] "GET /?pa=1129716730224 HTTP/1.1" 200 554 "-" "Mozilla/5.0 (Linux; Android 6.0.1; Nexus 5X Build/MMB29P) AppleWebKit/537.36 (KHTML, like Gecko) Chrome/146.0.7680.177 Mobile Safari/537.36 (compatible; Googlebot/2.1; +http://www.google.com/bot.html)"
66.249.69.233 - - [04/Apr/2026:03:32:41 +0800] "GET /?pa=1129716755595 HTTP/1.1" 200 554 "-" "Mozilla/5.0 (Linux; Android 6.0.1; Nexus 5X Build/MMB29P) AppleWebKit/537.36 (KHTML, like Gecko) Chrome/146.0.7680.177 Mobile Safari/537.36 (compatible; Googlebot/2.1; +http://www.google.com/bot.html)"
66.249.69.235 - - [04/Apr/2026:03:33:24 +0800] "GET /?pa=1129716754009 HTTP/1.1" 200 554 "-" "Mozilla/5.0 (Linux; Android 6.0.1; Nexus 5X Build/MMB29P) AppleWebKit/537.36 (KHTML, like Gecko) Chrome/146.0.7680.177 Mobile Safari/537.36 (compatible; Googlebot/2.1; +http://www.google.com/bot.html)"
32.193.59.0 - - [04/Apr/2026:03:33:29 +0800] "GET /robots.txt HTTP/1.1" 200 104 "-" "Mozilla/5.0 (Macintosh; Intel Mac OS X 10_10_1) AppleWebKit/600.2.5 (KHTML, like Gecko) Version/8.0.2 Safari/600.2.5 (Gort)"
66.249.69.233 - - [04/Apr/2026:03:33:47 +0800] "GET /?pa=1129716857927 HTTP/1.1" 200 554 "-" "Mozilla/5.0 (Linux; Android 6.0.1; Nexus 5X Build/MMB29P) AppleWebKit/537.36 (KHTML, like Gecko) Chrome/146.0.7680.177 Mobile Safari/537.36 (compatible; Googlebot/2.1; +http://www.google.com/bot.html)"
154.26.137.31 - - [04/Apr/2026:03:34:23 +0800] "POST /wp-login.php HTTP/1.1" 200 554 "-" "Mozilla/5.0 (Windows NT 10.0) AppleWebKit/537.36 (KHTML, like Gecko) Chrome/140.0.0.0 Safari/537.36"
66.249.69.234 - - [04/Apr/2026:03:34:29 +0800] "GET /?xbgq-blnbqkyb-gjnor.phtml HTTP/1.1" 200 554 "-" "Mozilla/5.0 (Linux; Android 6.0.1; Nexus 5X Build/MMB29P) AppleWebKit/537.36 (KHTML, like Gecko) Chrome/146.0.7680.177 Mobile Safari/537.36 (compatible; Googlebot/2.1; +http://www.google.com/bot.html)"
66.249.69.235 - - [04/Apr/2026:03:35:15 +0800] "GET /?pa=1129716934356 HTTP/1.1" 200 554 "-" "Mozilla/5.0 (Linux; Android 6.0.1; Nexus 5X Build/MMB29P) AppleWebKit/537.36 (KHTML, like Gecko) Chrome/146.0.7680.177 Mobile Safari/537.36 (compatible; Googlebot/2.1; +http://www.google.com/bot.html)"
66.249.69.235 - - [04/Apr/2026:03:36:01 +0800] "GET /?pa=1129716679285 HTTP/1.1" 200 554 "-" "Mozilla/5.0 (Linux; Android 6.0.1; Nexus 5X Build/MMB29P) AppleWebKit/537.36 (KHTML, like Gecko) Chrome/146.0.7680.177 Mobile Safari/537.36 (compatible; Googlebot/2.1; +http://www.google.com/bot.html)"
66.249.69.235 - - [04/Apr/2026:03:37:33 +0800] "GET /?pa=1129716871771 HTTP/1.1" 200 554 "-" "Mozilla/5.0 (Linux; Android 6.0.1; Nexus 5X Build/MMB29P) AppleWebKit/537.36 (KHTML, like Gecko) Chrome/146.0.7680.177 Mobile Safari/537.36 (compatible; Googlebot/2.1; +http://www.google.com/bot.html)"
91.201.113.132 - - [04/Apr/2026:03:37:50 +0800] "GET /service-type/community/ HTTP/1.0" 200 1096 "https://paramountbaldivis.com.au/service-type/community/" "Mozilla/5.0 (Windows NT 10.0; Win64; x64) AppleWebKit/537.36 (KHTML, like Gecko) Chrome/129.0.0.0 Safari/537.36"
66.249.69.234 - - [04/Apr/2026:03:38:19 +0800] "GET /?pa=1129716453738 HTTP/1.1" 200 554 "-" "Mozilla/5.0 (Linux; Android 6.0.1; Nexus 5X Build/MMB29P) AppleWebKit/537.36 (KHTML, like Gecko) Chrome/146.0.7680.177 Mobile Safari/537.36 (compatible; Googlebot/2.1; +http://www.google.com/bot.html)"
3.225.45.252 - - [04/Apr/2026:03:38:43 +0800] "GET /2019/04/07/budget-to-boost-housing-affordability/ HTTP/1.1" 200 554 "-" "Mozilla/5.0 AppleWebKit/537.36 (KHTML, like Gecko; compatible; Amazonbot/0.1; +https://developer.amazon.com/support/amazonbot) Chrome/119.0.6045.214 Safari/537.36"
66.249.69.234 - - [04/Apr/2026:03:39:06 +0800] "GET /?pa=1129716878903 HTTP/1.1" 200 554 "-" "Mozilla/5.0 (Linux; Android 6.0.1; Nexus 5X Build/MMB29P) AppleWebKit/537.36 (KHTML, like Gecko) Chrome/146.0.7680.177 Mobile Safari/537.36 (compatible; Googlebot/2.1; +http://www.google.com/bot.html)"
66.249.69.234 - - [04/Apr/2026:03:39:52 +0800] "GET /?pa=1129716787323 HTTP/1.1" 200 554 "-" "Mozilla/5.0 (Linux; Android 6.0.1; Nexus 5X Build/MMB29P) AppleWebKit/537.36 (KHTML, like Gecko) Chrome/146.0.7680.177 Mobile Safari/537.36 (compatible; Googlebot/2.1; +http://www.google.com/bot.html)"
66.249.69.234 - - [04/Apr/2026:03:40:38 +0800] "GET /?pa=1129716874371 HTTP/1.1" 200 554 "-" "Mozilla/5.0 (Linux; Android 6.0.1; Nexus 5X Build/MMB29P) AppleWebKit/537.36 (KHTML, like Gecko) Chrome/146.0.7680.177 Mobile Safari/537.36 (compatible; Googlebot/2.1; +http://www.google.com/bot.html)"
52.167.144.204 - - [04/Apr/2026:03:40:54 +0800] "GET /sitemap.xml HTTP/1.1" 200 554 "-" "Mozilla/5.0 AppleWebKit/537.36 (KHTML, like Gecko; compatible; bingbot/2.0; +http://www.bing.com/bingbot.htm) Chrome/116.0.1938.76 Safari/537.36"
66.249.69.233 - - [04/Apr/2026:03:41:24 +0800] "GET /?pa=1129716754432 HTTP/1.1" 200 554 "-" "Mozilla/5.0 (Linux; Android 6.0.1; Nexus 5X Build/MMB29P) AppleWebKit/537.36 (KHTML, like Gecko) Chrome/146.0.7680.177 Mobile Safari/537.36 (compatible; Googlebot/2.1; +http://www.google.com/bot.html)"
66.249.69.233 - - [04/Apr/2026:03:42:10 +0800] "GET /?pa=1129716365511 HTTP/1.1" 200 554 "-" "Mozilla/5.0 (Linux; Android 6.0.1; Nexus 5X Build/MMB29P) AppleWebKit/537.36 (KHTML, like Gecko) Chrome/146.0.7680.177 Mobile Safari/537.36 (compatible; Googlebot/2.1; +http://www.google.com/bot.html)"
66.249.69.233 - - [04/Apr/2026:03:42:56 +0800] "GET /?pa=1129716843141 HTTP/1.1" 200 554 "-" "Mozilla/5.0 (Linux; Android 6.0.1; Nexus 5X Build/MMB29P) AppleWebKit/537.36 (KHTML, like Gecko) Chrome/146.0.7680.177 Mobile Safari/537.36 (compatible; Googlebot/2.1; +http://www.google.com/bot.html)"
212.55.193.47 - - [04/Apr/2026:03:43:27 +0800] "POST /wp-login.php HTTP/1.1" 200 554 "-" "Mozilla/5.0 (Windows NT 10.0; WOW64) AppleWebKit/537.36 (KHTML, like Gecko) Chrome/139.0.0.0 Safari/537.36 Edg/139.0.0.0"
40.77.167.27 - - [04/Apr/2026:03:47:04 +0800] "GET /?p=394324 HTTP/1.1" 200 554 "-" "Mozilla/5.0 AppleWebKit/537.36 (KHTML, like Gecko; compatible; bingbot/2.0; +http://www.bing.com/bingbot.htm) Chrome/116.0.1938.76 Safari/537.36"
216.73.216.21 - - [04/Apr/2026:03:53:35 +0800] "GET / HTTP/1.1" 200 554 "-" "Mozilla/5.0 AppleWebKit/537.36 (KHTML, like Gecko; compatible; ClaudeBot/1.0; +claudebot@anthropic.com)"
213.160.75.126 - - [04/Apr/2026:03:54:43 +0800] "POST /wp-login.php HTTP/1.1" 200 554 "-" "Mozilla/5.0 (Windows NT 10.0; WOW64) AppleWebKit/537.43 (KHTML, like Gecko) Chrome/134.0.0.0 Safari/537.36 OPR/119.0.0.0"
202.3.248.195 - - [04/Apr/2026:03:57:24 +0800] "POST /wp-login.php HTTP/1.1" 200 554 "-" "Mozilla/5.0 (Windows NT 10.0; WOW64) AppleWebKit/537.36 (KHTML, like Gecko) Chrome/142.0.0.0 Safari/537.36"
52.167.144.159 - - [04/Apr/2026:03:59:56 +0800] "GET /?p=309182824 HTTP/1.1" 200 554 "-" "Mozilla/5.0 AppleWebKit/537.36 (KHTML, like Gecko; compatible; bingbot/2.0; +http://www.bing.com/bingbot.htm) Chrome/116.0.1938.76 Safari/537.36"
47.79.216.136 - - [04/Apr/2026:04:00:34 +0800] "GET /lifestyle/www.paramountbaldivis.com.au HTTP/1.1" 200 554 "https://www.google.com/" "Mozilla/5.0 (Linux; Android 10; K) AppleWebKit/537.36 (KHTML, like Gecko) Chrome/133.0.0.0 Mobile Safari/537.36"
57.141.14.67 - - [04/Apr/2026:04:02:16 +0800] "GET /wp-content/uploads/2022/11/Paramount-Release-1-Pricelist.pdf HTTP/1.1" 200 110921 "-" "meta-externalagent/1.1 (+https://developers.facebook.com/docs/sharing/webmasters/crawler)"
57.141.14.109 - - [04/Apr/2026:04:02:22 +0800] "GET /wp-content/uploads/2022/11/Paramount-Release-1-Pricelist.pdf HTTP/1.1" 200 110921 "-" "meta-externalagent/1.1 (+https://developers.facebook.com/docs/sharing/webmasters/crawler)"
169.224.105.215 - - [04/Apr/2026:04:02:29 +0800] "GET /2020/01/20/which-school-theres-plenty-of-options-in-baldivis/baldivis-secondary-college-3/ HTTP/1.1" 200 554 "-" "Mozilla/5.0 (Windows NT 10.0) AppleWebKit/537.36 (KHTML, like Gecko) Brave Chrome/89.0.4389.114 Safari/537.36"
181.78.95.59 - - [04/Apr/2026:04:09:51 +0800] "GET /2020/01/05/the-5-best-things-to-do-in-baldivis-this-school-holidays/obstaclecourse/ HTTP/1.1" 200 554 "-" "Mozilla/5.0 (Macintosh; Intel Mac OS X 10_10_5) AppleWebKit/537.36 (KHTML, like Gecko) Brave Chrome/86.0.4240.75 Safari/537.36"
54.39.203.140 - - [04/Apr/2026:04:11:29 +0800] "GET / HTTP/1.1" 200 554 "-" "Mozilla/5.0 (compatible; AhrefsBot/7.0; +http://ahrefs.com/robot/)"
103.98.130.200 - - [04/Apr/2026:04:12:36 +0800] "GET /?pa=112971718265 HTTP/1.1" 200 554 "-" "Mozilla/5.0 (Macintosh; Intel Mac OS X 10_14_5) AppleWebKit/537.36 (KHTML, like Gecko) Chrome/101.0.4951.54 Safari/537.36"
146.103.126.185 - - [04/Apr/2026:04:13:47 +0800] "GET /land-for-sale-baldivis/ HTTP/1.0" 200 1096 "https://paramountbaldivis.com.au/land-for-sale-baldivis/" "Mozilla/5.0 (Windows NT 10.0; Win64; x64) AppleWebKit/537.36 (KHTML, like Gecko) Chrome/129.0.0.0 Safari/537.36"
