66.249.69.233 - - [02/Apr/2026:02:01:01 +0800] "GET /?bvua-blndqukp-d7sj3.phtml HTTP/1.1" 200 554 "-" "Mozilla/5.0 (Linux; Android 6.0.1; Nexus 5X Build/MMB29P) AppleWebKit/537.36 (KHTML, like Gecko) Chrome/146.0.7680.164 Mobile Safari/537.36 (compatible; Googlebot/2.1; +http://www.google.com/bot.html)"
66.249.69.233 - - [02/Apr/2026:02:01:19 +0800] "GET /?pa=1129716870721 HTTP/1.1" 200 554 "-" "Mozilla/5.0 (Linux; Android 6.0.1; Nexus 5X Build/MMB29P) AppleWebKit/537.36 (KHTML, like Gecko) Chrome/146.0.7680.164 Mobile Safari/537.36 (compatible; Googlebot/2.1; +http://www.google.com/bot.html)"
66.249.69.233 - - [02/Apr/2026:02:01:37 +0800] "GET /?para-bpmdnqkk-marap.phtml HTTP/1.1" 200 554 "-" "Mozilla/5.0 (Linux; Android 6.0.1; Nexus 5X Build/MMB29P) AppleWebKit/537.36 (KHTML, like Gecko) Chrome/146.0.7680.164 Mobile Safari/537.36 (compatible; Googlebot/2.1; +http://www.google.com/bot.html)"
66.249.69.233 - - [02/Apr/2026:02:02:00 +0800] "GET /?pa=1129716550375 HTTP/1.1" 200 554 "-" "Mozilla/5.0 (Linux; Android 6.0.1; Nexus 5X Build/MMB29P) AppleWebKit/537.36 (KHTML, like Gecko) Chrome/146.0.7680.164 Mobile Safari/537.36 (compatible; Googlebot/2.1; +http://www.google.com/bot.html)"
40.77.167.151 - - [02/Apr/2026:02:02:06 +0800] "GET /?p=103213224 HTTP/1.1" 200 554 "-" "Mozilla/5.0 AppleWebKit/537.36 (KHTML, like Gecko; compatible; bingbot/2.0; +http://www.bing.com/bingbot.htm) Chrome/116.0.1938.76 Safari/537.36"
66.249.69.233 - - [02/Apr/2026:02:02:36 +0800] "GET /?pa=1129716681070 HTTP/1.1" 200 554 "-" "Mozilla/5.0 (Linux; Android 6.0.1; Nexus 5X Build/MMB29P) AppleWebKit/537.36 (KHTML, like Gecko) Chrome/146.0.7680.164 Mobile Safari/537.36 (compatible; Googlebot/2.1; +http://www.google.com/bot.html)"
66.249.69.233 - - [02/Apr/2026:02:03:12 +0800] "GET /?pa=1129716882084 HTTP/1.1" 200 554 "-" "Mozilla/5.0 (Linux; Android 6.0.1; Nexus 5X Build/MMB29P) AppleWebKit/537.36 (KHTML, like Gecko) Chrome/146.0.7680.164 Mobile Safari/537.36 (compatible; Googlebot/2.1; +http://www.google.com/bot.html)"
66.249.69.233 - - [02/Apr/2026:02:03:29 +0800] "GET /?pa=1129717062668 HTTP/1.1" 200 554 "-" "Mozilla/5.0 (Linux; Android 6.0.1; Nexus 5X Build/MMB29P) AppleWebKit/537.36 (KHTML, like Gecko) Chrome/146.0.7680.164 Mobile Safari/537.36 (compatible; Googlebot/2.1; +http://www.google.com/bot.html)"
66.249.69.233 - - [02/Apr/2026:02:03:30 +0800] "GET /https://paramountbaldivis.com.au/?pa=1129717245789 HTTP/1.1" 200 554 "-" "Mozilla/5.0 (Linux; Android 6.0.1; Nexus 5X Build/MMB29P) AppleWebKit/537.36 (KHTML, like Gecko) Chrome/146.0.7680.164 Mobile Safari/537.36 (compatible; Googlebot/2.1; +http://www.google.com/bot.html)"
66.249.69.235 - - [02/Apr/2026:02:04:01 +0800] "GET /?pa=1129716809118 HTTP/1.1" 200 554 "-" "Mozilla/5.0 (Linux; Android 6.0.1; Nexus 5X Build/MMB29P) AppleWebKit/537.36 (KHTML, like Gecko) Chrome/146.0.7680.164 Mobile Safari/537.36 (compatible; Googlebot/2.1; +http://www.google.com/bot.html)"
66.249.69.233 - - [02/Apr/2026:02:04:23 +0800] "GET /?pa=112975423175 HTTP/1.1" 200 554 "-" "Mozilla/5.0 (Linux; Android 6.0.1; Nexus 5X Build/MMB29P) AppleWebKit/537.36 (KHTML, like Gecko) Chrome/146.0.7680.164 Mobile Safari/537.36 (compatible; Googlebot/2.1; +http://www.google.com/bot.html)"
66.249.69.233 - - [02/Apr/2026:02:04:59 +0800] "GET /?pa=112977123469 HTTP/1.1" 200 554 "-" "Mozilla/5.0 (Linux; Android 6.0.1; Nexus 5X Build/MMB29P) AppleWebKit/537.36 (KHTML, like Gecko) Chrome/146.0.7680.164 Mobile Safari/537.36 (compatible; Googlebot/2.1; +http://www.google.com/bot.html)"
66.249.69.234 - - [02/Apr/2026:02:05:35 +0800] "GET /?pa=1129716803230 HTTP/1.1" 200 554 "-" "Mozilla/5.0 (Linux; Android 6.0.1; Nexus 5X Build/MMB29P) AppleWebKit/537.36 (KHTML, like Gecko) Chrome/146.0.7680.164 Mobile Safari/537.36 (compatible; Googlebot/2.1; +http://www.google.com/bot.html)"
66.249.69.235 - - [02/Apr/2026:02:06:11 +0800] "GET /?para-bpdqmmmm-marap.phtml HTTP/1.1" 200 554 "-" "Mozilla/5.0 (Linux; Android 6.0.1; Nexus 5X Build/MMB29P) AppleWebKit/537.36 (KHTML, like Gecko) Chrome/146.0.7680.164 Mobile Safari/537.36 (compatible; Googlebot/2.1; +http://www.google.com/bot.html)"
66.249.69.234 - - [02/Apr/2026:02:06:47 +0800] "GET /?pa=1129716764278 HTTP/1.1" 200 554 "-" "Mozilla/5.0 (Linux; Android 6.0.1; Nexus 5X Build/MMB29P) AppleWebKit/537.36 (KHTML, like Gecko) Chrome/146.0.7680.164 Mobile Safari/537.36 (compatible; Googlebot/2.1; +http://www.google.com/bot.html)"
66.249.69.234 - - [02/Apr/2026:02:07:52 +0800] "GET /?pa=1129716796799 HTTP/1.1" 200 554 "-" "Mozilla/5.0 (Linux; Android 6.0.1; Nexus 5X Build/MMB29P) AppleWebKit/537.36 (KHTML, like Gecko) Chrome/146.0.7680.164 Mobile Safari/537.36 (compatible; Googlebot/2.1; +http://www.google.com/bot.html)"
52.167.144.136 - - [02/Apr/2026:02:07:56 +0800] "GET /service-type/baldivis/ HTTP/1.1" 200 554 "-" "Mozilla/5.0 AppleWebKit/537.36 (KHTML, like Gecko; compatible; bingbot/2.0; +http://www.bing.com/bingbot.htm) Chrome/116.0.1938.76 Safari/537.36"
66.249.69.233 - - [02/Apr/2026:02:09:04 +0800] "GET /?pa=1129716692232 HTTP/1.1" 200 554 "-" "Mozilla/5.0 (Linux; Android 6.0.1; Nexus 5X Build/MMB29P) AppleWebKit/537.36 (KHTML, like Gecko) Chrome/146.0.7680.164 Mobile Safari/537.36 (compatible; Googlebot/2.1; +http://www.google.com/bot.html)"
52.167.144.136 - - [02/Apr/2026:02:09:06 +0800] "GET /?p=27575424 HTTP/1.1" 200 554 "-" "Mozilla/5.0 AppleWebKit/537.36 (KHTML, like Gecko; compatible; bingbot/2.0; +http://www.bing.com/bingbot.htm) Chrome/116.0.1938.76 Safari/537.36"
66.249.69.234 - - [02/Apr/2026:02:09:22 +0800] "GET /?pa=1129716649728 HTTP/1.1" 200 554 "-" "Mozilla/5.0 (Linux; Android 6.0.1; Nexus 5X Build/MMB29P) AppleWebKit/537.36 (KHTML, like Gecko) Chrome/146.0.7680.164 Mobile Safari/537.36 (compatible; Googlebot/2.1; +http://www.google.com/bot.html)"
66.249.69.233 - - [02/Apr/2026:02:09:46 +0800] "GET /?pa=1129716883820 HTTP/1.1" 200 554 "-" "Mozilla/5.0 (Linux; Android 6.0.1; Nexus 5X Build/MMB29P) AppleWebKit/537.36 (KHTML, like Gecko) Chrome/146.0.7680.164 Mobile Safari/537.36 (compatible; Googlebot/2.1; +http://www.google.com/bot.html)"
66.249.69.233 - - [02/Apr/2026:02:10:58 +0800] "GET /?pa=1129716800540 HTTP/1.1" 200 554 "-" "Mozilla/5.0 (Linux; Android 6.0.1; Nexus 5X Build/MMB29P) AppleWebKit/537.36 (KHTML, like Gecko) Chrome/146.0.7680.164 Mobile Safari/537.36 (compatible; Googlebot/2.1; +http://www.google.com/bot.html)"
216.244.66.240 - - [02/Apr/2026:02:11:51 +0800] "GET /robots.txt HTTP/1.1" 200 138 "-" "Mozilla/5.0 (compatible; DotBot/1.2; +https://opensiteexplorer.org/dotbot; help@moz.com)"
54.37.252.119 - - [02/Apr/2026:02:11:54 +0800] "GET /robots.txt HTTP/1.1" 200 138 "-" "Mozilla/5.0 (compatible; MJ12bot/v1.4.8; http://mj12bot.com/)"
54.37.252.119 - - [02/Apr/2026:02:11:56 +0800] "GET /pg%20osaka.aspx HTTP/1.1" 200 554 "-" "Mozilla/5.0 (compatible; MJ12bot/v1.4.8; http://mj12bot.com/)"
54.37.252.119 - - [02/Apr/2026:02:11:58 +0800] "GET /pg%20plus.aspx HTTP/1.1" 200 554 "-" "Mozilla/5.0 (compatible; MJ12bot/v1.4.8; http://mj12bot.com/)"
54.37.252.119 - - [02/Apr/2026:02:12:00 +0800] "GET /pg%20slot%20168.aspx HTTP/1.1" 200 554 "-" "Mozilla/5.0 (compatible; MJ12bot/v1.4.8; http://mj12bot.com/)"
54.37.252.119 - - [02/Apr/2026:02:12:02 +0800] "GET /pg%20slot%20789.aspx HTTP/1.1" 200 554 "-" "Mozilla/5.0 (compatible; MJ12bot/v1.4.8; http://mj12bot.com/)"
66.249.69.235 - - [02/Apr/2026:02:12:03 +0800] "GET /?pa=1129716332003 HTTP/1.1" 200 554 "-" "Mozilla/5.0 (Linux; Android 6.0.1; Nexus 5X Build/MMB29P) AppleWebKit/537.36 (KHTML, like Gecko) Chrome/146.0.7680.164 Mobile Safari/537.36 (compatible; Googlebot/2.1; +http://www.google.com/bot.html)"
54.37.252.119 - - [02/Apr/2026:02:12:03 +0800] "GET /pg%20slot%20888th.aspx HTTP/1.1" 200 554 "-" "Mozilla/5.0 (compatible; MJ12bot/v1.4.8; http://mj12bot.com/)"
54.37.252.119 - - [02/Apr/2026:02:12:05 +0800] "GET /pg%20slot%20auto%20wallet.aspx HTTP/1.1" 200 554 "-" "Mozilla/5.0 (compatible; MJ12bot/v1.4.8; http://mj12bot.com/)"
54.37.252.119 - - [02/Apr/2026:02:12:07 +0800] "GET /pg%20slot%20auto.aspx HTTP/1.1" 200 554 "-" "Mozilla/5.0 (compatible; MJ12bot/v1.4.8; http://mj12bot.com/)"
54.37.252.119 - - [02/Apr/2026:02:12:09 +0800] "GET /pg%20slot%20game.aspx HTTP/1.1" 200 554 "-" "Mozilla/5.0 (compatible; MJ12bot/v1.4.8; http://mj12bot.com/)"
54.37.252.119 - - [02/Apr/2026:02:12:11 +0800] "GET /pg%20slot%20vegas.aspx HTTP/1.1" 200 554 "-" "Mozilla/5.0 (compatible; MJ12bot/v1.4.8; http://mj12bot.com/)"
54.37.252.119 - - [02/Apr/2026:02:12:13 +0800] "GET /pg%20slot%20vip.aspx HTTP/1.1" 200 554 "-" "Mozilla/5.0 (compatible; MJ12bot/v1.4.8; http://mj12bot.com/)"
54.37.252.119 - - [02/Apr/2026:02:12:15 +0800] "GET /pg%20slot%20wallet.aspx HTTP/1.1" 200 554 "-" "Mozilla/5.0 (compatible; MJ12bot/v1.4.8; http://mj12bot.com/)"
54.37.252.119 - - [02/Apr/2026:02:12:17 +0800] "GET /pg%20slot.aspx HTTP/1.1" 200 554 "-" "Mozilla/5.0 (compatible; MJ12bot/v1.4.8; http://mj12bot.com/)"
54.37.252.119 - - [02/Apr/2026:02:12:18 +0800] "GET /pg%20slot168.aspx HTTP/1.1" 200 554 "-" "Mozilla/5.0 (compatible; MJ12bot/v1.4.8; http://mj12bot.com/)"
54.37.252.119 - - [02/Apr/2026:02:12:20 +0800] "GET /pg%20slot99.aspx HTTP/1.1" 200 554 "-" "Mozilla/5.0 (compatible; MJ12bot/v1.4.8; http://mj12bot.com/)"
54.37.252.119 - - [02/Apr/2026:02:12:22 +0800] "GET /pg%20soft.aspx HTTP/1.1" 200 554 "-" "Mozilla/5.0 (compatible; MJ12bot/v1.4.8; http://mj12bot.com/)"
54.37.252.119 - - [02/Apr/2026:02:12:24 +0800] "GET /pg%20th.aspx HTTP/1.1" 200 554 "-" "Mozilla/5.0 (compatible; MJ12bot/v1.4.8; http://mj12bot.com/)"
54.37.252.119 - - [02/Apr/2026:02:12:26 +0800] "GET /pg%20thailand.aspx HTTP/1.1" 200 554 "-" "Mozilla/5.0 (compatible; MJ12bot/v1.4.8; http://mj12bot.com/)"
54.37.252.119 - - [02/Apr/2026:02:12:28 +0800] "GET /pg%20wallet.aspx HTTP/1.1" 200 554 "-" "Mozilla/5.0 (compatible; MJ12bot/v1.4.8; http://mj12bot.com/)"
54.37.252.119 - - [02/Apr/2026:02:12:30 +0800] "GET /pg%20world.aspx HTTP/1.1" 200 554 "-" "Mozilla/5.0 (compatible; MJ12bot/v1.4.8; http://mj12bot.com/)"
54.37.252.119 - - [02/Apr/2026:02:12:31 +0800] "GET /pgslot%20login.aspx HTTP/1.1" 200 554 "-" "Mozilla/5.0 (compatible; MJ12bot/v1.4.8; http://mj12bot.com/)"
54.37.252.119 - - [02/Apr/2026:02:12:33 +0800] "GET /pgzeed%20gold.aspx HTTP/1.1" 200 554 "-" "Mozilla/5.0 (compatible; MJ12bot/v1.4.8; http://mj12bot.com/)"
54.37.252.119 - - [02/Apr/2026:02:12:35 +0800] "GET /pp%20slot.aspx HTTP/1.1" 200 554 "-" "Mozilla/5.0 (compatible; MJ12bot/v1.4.8; http://mj12bot.com/)"
54.37.252.119 - - [02/Apr/2026:02:12:37 +0800] "GET /riches666%20pg.aspx HTTP/1.1" 200 554 "-" "Mozilla/5.0 (compatible; MJ12bot/v1.4.8; http://mj12bot.com/)"
54.37.252.119 - - [02/Apr/2026:02:12:39 +0800] "GET /riches777%20pg.aspx HTTP/1.1" 200 554 "-" "Mozilla/5.0 (compatible; MJ12bot/v1.4.8; http://mj12bot.com/)"
54.37.252.119 - - [02/Apr/2026:02:12:41 +0800] "GET /riches888%20pg.aspx HTTP/1.1" 200 554 "-" "Mozilla/5.0 (compatible; MJ12bot/v1.4.8; http://mj12bot.com/)"
54.37.252.119 - - [02/Apr/2026:02:12:42 +0800] "GET /royal%20slot.aspx HTTP/1.1" 200 554 "-" "Mozilla/5.0 (compatible; MJ12bot/v1.4.8; http://mj12bot.com/)"
54.37.252.119 - - [02/Apr/2026:02:12:44 +0800] "GET /sa%20casino.aspx HTTP/1.1" 200 554 "-" "Mozilla/5.0 (compatible; MJ12bot/v1.4.8; http://mj12bot.com/)"
54.37.252.119 - - [02/Apr/2026:02:12:46 +0800] "GET /sbobet%20auto.aspx HTTP/1.1" 200 554 "-" "Mozilla/5.0 (compatible; MJ12bot/v1.4.8; http://mj12bot.com/)"
54.37.252.119 - - [02/Apr/2026:02:12:48 +0800] "GET /sbobet%20ca.aspx HTTP/1.1" 200 554 "-" "Mozilla/5.0 (compatible; MJ12bot/v1.4.8; http://mj12bot.com/)"
54.37.252.119 - - [02/Apr/2026:02:12:49 +0800] "GET /slot%20777.aspx HTTP/1.1" 200 554 "-" "Mozilla/5.0 (compatible; MJ12bot/v1.4.8; http://mj12bot.com/)"
66.249.69.233 - - [02/Apr/2026:02:12:50 +0800] "GET /?pa=1129716762710 HTTP/1.1" 200 554 "-" "Mozilla/5.0 (Linux; Android 6.0.1; Nexus 5X Build/MMB29P) AppleWebKit/537.36 (KHTML, like Gecko) Chrome/146.0.7680.164 Mobile Safari/537.36 (compatible; Googlebot/2.1; +http://www.google.com/bot.html)"
54.37.252.119 - - [02/Apr/2026:02:12:51 +0800] "GET /slot%20888.aspx HTTP/1.1" 200 554 "-" "Mozilla/5.0 (compatible; MJ12bot/v1.4.8; http://mj12bot.com/)"
54.37.252.119 - - [02/Apr/2026:02:12:53 +0800] "GET /slot%2099.aspx HTTP/1.1" 200 554 "-" "Mozilla/5.0 (compatible; MJ12bot/v1.4.8; http://mj12bot.com/)"
54.37.252.119 - - [02/Apr/2026:02:12:55 +0800] "GET /slot%20auto.aspx HTTP/1.1" 200 554 "-" "Mozilla/5.0 (compatible; MJ12bot/v1.4.8; http://mj12bot.com/)"
54.37.252.119 - - [02/Apr/2026:02:12:57 +0800] "GET /slot%20demo.aspx HTTP/1.1" 200 554 "-" "Mozilla/5.0 (compatible; MJ12bot/v1.4.8; http://mj12bot.com/)"
170.106.107.87 - - [02/Apr/2026:02:12:57 +0800] "GET / HTTP/1.1" 403 1096 "-" "Mozilla/5.0 (iPhone; CPU iPhone OS 13_2_3 like Mac OS X) AppleWebKit/605.1.15 (KHTML, like Gecko) Version/13.0.3 Mobile/15E148 Safari/604.1"
54.37.252.119 - - [02/Apr/2026:02:12:59 +0800] "GET /slot%20free.aspx HTTP/1.1" 200 554 "-" "Mozilla/5.0 (compatible; MJ12bot/v1.4.8; http://mj12bot.com/)"
54.37.252.119 - - [02/Apr/2026:02:13:00 +0800] "GET /slot%20game%20666.aspx HTTP/1.1" 200 554 "-" "Mozilla/5.0 (compatible; MJ12bot/v1.4.8; http://mj12bot.com/)"
54.37.252.119 - - [02/Apr/2026:02:13:02 +0800] "GET /slot%20joker.aspx HTTP/1.1" 200 554 "-" "Mozilla/5.0 (compatible; MJ12bot/v1.4.8; http://mj12bot.com/)"
54.37.252.119 - - [02/Apr/2026:02:13:04 +0800] "GET /slot%20online.aspx HTTP/1.1" 200 554 "-" "Mozilla/5.0 (compatible; MJ12bot/v1.4.8; http://mj12bot.com/)"
54.37.252.119 - - [02/Apr/2026:02:13:06 +0800] "GET /slot%20pg%20soft.aspx HTTP/1.1" 200 554 "-" "Mozilla/5.0 (compatible; MJ12bot/v1.4.8; http://mj12bot.com/)"
54.37.252.119 - - [02/Apr/2026:02:13:08 +0800] "GET /slot%20pg%20vip.aspx HTTP/1.1" 200 554 "-" "Mozilla/5.0 (compatible; MJ12bot/v1.4.8; http://mj12bot.com/)"
66.249.69.235 - - [02/Apr/2026:02:13:08 +0800] "GET /?pa=1129716763580 HTTP/1.1" 200 554 "-" "Mozilla/5.0 (Linux; Android 6.0.1; Nexus 5X Build/MMB29P) AppleWebKit/537.36 (KHTML, like Gecko) Chrome/146.0.7680.164 Mobile Safari/537.36 (compatible; Googlebot/2.1; +http://www.google.com/bot.html)"
54.37.252.119 - - [02/Apr/2026:02:13:09 +0800] "GET /slot%20pg%20wallet.aspx HTTP/1.1" 200 554 "-" "Mozilla/5.0 (compatible; MJ12bot/v1.4.8; http://mj12bot.com/)"
54.37.252.119 - - [02/Apr/2026:02:13:11 +0800] "GET /slot%20super%20wallet.aspx HTTP/1.1" 200 554 "-" "Mozilla/5.0 (compatible; MJ12bot/v1.4.8; http://mj12bot.com/)"
54.37.252.119 - - [02/Apr/2026:02:13:13 +0800] "GET /slot%20true%20wallet.aspx HTTP/1.1" 200 554 "-" "Mozilla/5.0 (compatible; MJ12bot/v1.4.8; http://mj12bot.com/)"
54.37.252.119 - - [02/Apr/2026:02:13:15 +0800] "GET /slot%20wallet%20777%20auto.aspx HTTP/1.1" 200 554 "-" "Mozilla/5.0 (compatible; MJ12bot/v1.4.8; http://mj12bot.com/)"
54.37.252.119 - - [02/Apr/2026:02:13:16 +0800] "GET /slot%20wallet%20iwallet%20link%20login.aspx HTTP/1.1" 200 554 "-" "Mozilla/5.0 (compatible; MJ12bot/v1.4.8; http://mj12bot.com/)"
54.37.252.119 - - [02/Apr/2026:02:13:18 +0800] "GET /slot%20wallet.aspx HTTP/1.1" 200 554 "-" "Mozilla/5.0 (compatible; MJ12bot/v1.4.8; http://mj12bot.com/)"
54.37.252.119 - - [02/Apr/2026:02:13:20 +0800] "GET /slot1234%20pg.aspx HTTP/1.1" 200 554 "-" "Mozilla/5.0 (compatible; MJ12bot/v1.4.8; http://mj12bot.com/)"
54.37.252.119 - - [02/Apr/2026:02:13:22 +0800] "GET /slotxo%20wallet.aspx HTTP/1.1" 200 554 "-" "Mozilla/5.0 (compatible; MJ12bot/v1.4.8; http://mj12bot.com/)"
54.37.252.119 - - [02/Apr/2026:02:13:23 +0800] "GET /spg%20slot.aspx HTTP/1.1" 200 554 "-" "Mozilla/5.0 (compatible; MJ12bot/v1.4.8; http://mj12bot.com/)"
54.37.252.119 - - [02/Apr/2026:02:13:25 +0800] "GET /spx%20slot.aspx HTTP/1.1" 200 554 "-" "Mozilla/5.0 (compatible; MJ12bot/v1.4.8; http://mj12bot.com/)"
54.37.252.119 - - [02/Apr/2026:02:13:27 +0800] "GET /super%20pg%201688.aspx HTTP/1.1" 200 554 "-" "Mozilla/5.0 (compatible; MJ12bot/v1.4.8; http://mj12bot.com/)"
54.37.252.119 - - [02/Apr/2026:02:13:29 +0800] "GET /super%20slot.aspx HTTP/1.1" 200 554 "-" "Mozilla/5.0 (compatible; MJ12bot/v1.4.8; http://mj12bot.com/)"
54.37.252.119 - - [02/Apr/2026:02:13:31 +0800] "GET /superslot%20max%20wallet.aspx HTTP/1.1" 200 554 "-" "Mozilla/5.0 (compatible; MJ12bot/v1.4.8; http://mj12bot.com/)"
54.37.252.119 - - [02/Apr/2026:02:13:33 +0800] "GET /superslot%20vip.aspx HTTP/1.1" 200 554 "-" "Mozilla/5.0 (compatible; MJ12bot/v1.4.8; http://mj12bot.com/)"
54.37.252.119 - - [02/Apr/2026:02:13:35 +0800] "GET /superslot%20wallet%20net.aspx HTTP/1.1" 200 554 "-" "Mozilla/5.0 (compatible; MJ12bot/v1.4.8; http://mj12bot.com/)"
54.37.252.119 - - [02/Apr/2026:02:13:36 +0800] "GET /superslot%20wallet.aspx HTTP/1.1" 200 554 "-" "Mozilla/5.0 (compatible; MJ12bot/v1.4.8; http://mj12bot.com/)"
54.37.252.119 - - [02/Apr/2026:02:13:38 +0800] "GET /superslot168%20wallet.aspx HTTP/1.1" 200 554 "-" "Mozilla/5.0 (compatible; MJ12bot/v1.4.8; http://mj12bot.com/)"
54.37.252.119 - - [02/Apr/2026:02:13:40 +0800] "GET /ufa%20168.aspx HTTP/1.1" 200 554 "-" "Mozilla/5.0 (compatible; MJ12bot/v1.4.8; http://mj12bot.com/)"
54.37.252.119 - - [02/Apr/2026:02:13:42 +0800] "GET /ufa%20c4.aspx HTTP/1.1" 200 554 "-" "Mozilla/5.0 (compatible; MJ12bot/v1.4.8; http://mj12bot.com/)"
54.37.252.119 - - [02/Apr/2026:02:13:44 +0800] "GET /ufa%20sa.aspx HTTP/1.1" 200 554 "-" "Mozilla/5.0 (compatible; MJ12bot/v1.4.8; http://mj12bot.com/)"
54.37.252.119 - - [02/Apr/2026:02:13:45 +0800] "GET /ufa%20slot.aspx HTTP/1.1" 200 554 "-" "Mozilla/5.0 (compatible; MJ12bot/v1.4.8; http://mj12bot.com/)"
54.37.252.119 - - [02/Apr/2026:02:13:47 +0800] "GET /ufa%20vip.aspx HTTP/1.1" 200 554 "-" "Mozilla/5.0 (compatible; MJ12bot/v1.4.8; http://mj12bot.com/)"
54.37.252.119 - - [02/Apr/2026:02:13:49 +0800] "GET /ufa%20wallet%20777.aspx HTTP/1.1" 200 554 "-" "Mozilla/5.0 (compatible; MJ12bot/v1.4.8; http://mj12bot.com/)"
54.37.252.119 - - [02/Apr/2026:02:13:51 +0800] "GET /ufa%20wallet.aspx HTTP/1.1" 200 554 "-" "Mozilla/5.0 (compatible; MJ12bot/v1.4.8; http://mj12bot.com/)"
54.37.252.119 - - [02/Apr/2026:02:13:52 +0800] "GET /ufabet%20100.aspx HTTP/1.1" 200 554 "-" "Mozilla/5.0 (compatible; MJ12bot/v1.4.8; http://mj12bot.com/)"
54.37.252.119 - - [02/Apr/2026:02:13:54 +0800] "GET /ufabet%201668.aspx HTTP/1.1" 200 554 "-" "Mozilla/5.0 (compatible; MJ12bot/v1.4.8; http://mj12bot.com/)"
54.37.252.119 - - [02/Apr/2026:02:13:56 +0800] "GET /ufabet%207777.aspx HTTP/1.1" 200 554 "-" "Mozilla/5.0 (compatible; MJ12bot/v1.4.8; http://mj12bot.com/)"
54.37.252.119 - - [02/Apr/2026:02:13:58 +0800] "GET /ufabet%20auto%20wallet.aspx HTTP/1.1" 200 554 "-" "Mozilla/5.0 (compatible; MJ12bot/v1.4.8; http://mj12bot.com/)"
54.37.252.119 - - [02/Apr/2026:02:13:59 +0800] "GET /ufabet%20auto.aspx HTTP/1.1" 200 554 "-" "Mozilla/5.0 (compatible; MJ12bot/v1.4.8; http://mj12bot.com/)"
54.37.252.119 - - [02/Apr/2026:02:14:01 +0800] "GET /ufabet%20net.aspx HTTP/1.1" 200 554 "-" "Mozilla/5.0 (compatible; MJ12bot/v1.4.8; http://mj12bot.com/)"
54.37.252.119 - - [02/Apr/2026:02:14:03 +0800] "GET /ufabet%20wallet%20777.aspx HTTP/1.1" 200 554 "-" "Mozilla/5.0 (compatible; MJ12bot/v1.4.8; http://mj12bot.com/)"
54.37.252.119 - - [02/Apr/2026:02:14:04 +0800] "GET /ufabet%20wallet.aspx HTTP/1.1" 200 554 "-" "Mozilla/5.0 (compatible; MJ12bot/v1.4.8; http://mj12bot.com/)"
54.37.252.119 - - [02/Apr/2026:02:14:06 +0800] "GET /w69%20slot.aspx HTTP/1.1" 200 554 "-" "Mozilla/5.0 (compatible; MJ12bot/v1.4.8; http://mj12bot.com/)"
54.37.252.119 - - [02/Apr/2026:02:14:08 +0800] "GET /wallet%20slot.aspx HTTP/1.1" 200 554 "-" "Mozilla/5.0 (compatible; MJ12bot/v1.4.8; http://mj12bot.com/)"
54.37.252.119 - - [02/Apr/2026:02:14:09 +0800] "GET /we88%20slot.aspx HTTP/1.1" 200 554 "-" "Mozilla/5.0 (compatible; MJ12bot/v1.4.8; http://mj12bot.com/)"
54.37.252.119 - - [02/Apr/2026:02:14:11 +0800] "GET /www%20ufabet%20com.aspx HTTP/1.1" 200 554 "-" "Mozilla/5.0 (compatible; MJ12bot/v1.4.8; http://mj12bot.com/)"
54.37.252.119 - - [02/Apr/2026:02:14:13 +0800] "GET /xo%20slot.aspx HTTP/1.1" 200 554 "-" "Mozilla/5.0 (compatible; MJ12bot/v1.4.8; http://mj12bot.com/)"
54.37.252.119 - - [02/Apr/2026:02:14:14 +0800] "GET /yakuza%20slot.aspx HTTP/1.1" 200 554 "-" "Mozilla/5.0 (compatible; MJ12bot/v1.4.8; http://mj12bot.com/)"
66.249.69.235 - - [02/Apr/2026:02:14:25 +0800] "GET /?pa=1129716882598 HTTP/1.1" 200 554 "-" "Mozilla/5.0 (Linux; Android 6.0.1; Nexus 5X Build/MMB29P) AppleWebKit/537.36 (KHTML, like Gecko) Chrome/146.0.7680.164 Mobile Safari/537.36 (compatible; Googlebot/2.1; +http://www.google.com/bot.html)"
66.249.69.233 - - [02/Apr/2026:02:14:43 +0800] "GET /?pa=1129716721768 HTTP/1.1" 200 554 "-" "Mozilla/5.0 (Linux; Android 6.0.1; Nexus 5X Build/MMB29P) AppleWebKit/537.36 (KHTML, like Gecko) Chrome/146.0.7680.164 Mobile Safari/537.36 (compatible; Googlebot/2.1; +http://www.google.com/bot.html)"
66.249.69.233 - - [02/Apr/2026:02:15:01 +0800] "GET /?pa=1129716812951 HTTP/1.1" 200 554 "-" "Mozilla/5.0 (Linux; Android 6.0.1; Nexus 5X Build/MMB29P) AppleWebKit/537.36 (KHTML, like Gecko) Chrome/146.0.7680.164 Mobile Safari/537.36 (compatible; Googlebot/2.1; +http://www.google.com/bot.html)"
66.249.69.233 - - [02/Apr/2026:02:15:19 +0800] "GET /?pa=1129716871948 HTTP/1.1" 200 554 "-" "Mozilla/5.0 (Linux; Android 6.0.1; Nexus 5X Build/MMB29P) AppleWebKit/537.36 (KHTML, like Gecko) Chrome/146.0.7680.164 Mobile Safari/537.36 (compatible; Googlebot/2.1; +http://www.google.com/bot.html)"
92.170.65.216 - - [02/Apr/2026:02:15:58 +0800] "GET /wp-content/uploads/2024/10/Paramount-Stage-Plan.pdf HTTP/1.1" 200 1651563 "-" "Mozilla/5.0 (Macintosh; Intel Mac OS X 10_7_3 rv:4.0; ar-ER) AppleWebKit/532.32.2 (KHTML, like Gecko) Version/5.1 Safari/532.32.2"
66.249.69.233 - - [02/Apr/2026:02:16:14 +0800] "GET /?pa=1129717331198 HTTP/1.1" 200 554 "-" "Mozilla/5.0 (Linux; Android 6.0.1; Nexus 5X Build/MMB29P) AppleWebKit/537.36 (KHTML, like Gecko) Chrome/146.0.7680.164 Mobile Safari/537.36 (compatible; Googlebot/2.1; +http://www.google.com/bot.html)"
66.249.69.234 - - [02/Apr/2026:02:16:14 +0800] "GET /?pa=1129717072826 HTTP/1.1" 200 554 "-" "Mozilla/5.0 (Linux; Android 6.0.1; Nexus 5X Build/MMB29P) AppleWebKit/537.36 (KHTML, like Gecko) Chrome/146.0.7680.164 Mobile Safari/537.36 (compatible; Googlebot/2.1; +http://www.google.com/bot.html)"
66.249.69.234 - - [02/Apr/2026:02:16:14 +0800] "GET /?pa=1129717359652 HTTP/1.1" 200 554 "-" "Mozilla/5.0 (Linux; Android 6.0.1; Nexus 5X Build/MMB29P) AppleWebKit/537.36 (KHTML, like Gecko) Chrome/146.0.7680.164 Mobile Safari/537.36 (compatible; Googlebot/2.1; +http://www.google.com/bot.html)"
216.73.216.21 - - [02/Apr/2026:02:16:17 +0800] "GET / HTTP/1.1" 200 554 "-" "Mozilla/5.0 AppleWebKit/537.36 (KHTML, like Gecko; compatible; ClaudeBot/1.0; +claudebot@anthropic.com)"
66.249.69.234 - - [02/Apr/2026:02:16:33 +0800] "GET /?pa=1129716542311 HTTP/1.1" 200 554 "-" "Mozilla/5.0 (Linux; Android 6.0.1; Nexus 5X Build/MMB29P) AppleWebKit/537.36 (KHTML, like Gecko) Chrome/146.0.7680.164 Mobile Safari/537.36 (compatible; Googlebot/2.1; +http://www.google.com/bot.html)"
66.249.69.233 - - [02/Apr/2026:02:17:26 +0800] "GET /?pa=1129717346930 HTTP/1.1" 200 554 "-" "Mozilla/5.0 (Linux; Android 6.0.1; Nexus 5X Build/MMB29P) AppleWebKit/537.36 (KHTML, like Gecko) Chrome/146.0.7680.164 Mobile Safari/537.36 (compatible; Googlebot/2.1; +http://www.google.com/bot.html)"
198.244.183.41 - - [02/Apr/2026:02:17:26 +0800] "GET /?sitemap.xml HTTP/1.1" 200 554 "-" "Mozilla/5.0 (compatible; AhrefsBot/7.0; +http://ahrefs.com/robot/)"
66.249.69.234 - - [02/Apr/2026:02:17:44 +0800] "GET /?pa=1129716871723 HTTP/1.1" 200 554 "-" "Mozilla/5.0 (Linux; Android 6.0.1; Nexus 5X Build/MMB29P) AppleWebKit/537.36 (KHTML, like Gecko) Chrome/146.0.7680.164 Mobile Safari/537.36 (compatible; Googlebot/2.1; +http://www.google.com/bot.html)"
216.244.66.240 - - [02/Apr/2026:02:17:45 +0800] "GET /%E0%B9%80%E0%B8%82%E0%B9%89%E0%B8%B2%E0%B8%AA%E0%B8%B9%E0%B9%88%E0%B8%A3%E0%B8%B0%E0%B8%9A%E0%B8%9A%20ufa191.aspx HTTP/1.1" 200 1096 "-" "Mozilla/5.0 (compatible; DotBot/1.2; +https://opensiteexplorer.org/dotbot; help@moz.com)"
216.244.66.240 - - [02/Apr/2026:02:18:02 +0800] "GET /%E0%B8%A7%E0%B8%B4%E0%B8%98%E0%B8%B5%E0%B9%80%E0%B8%A5%E0%B9%88%E0%B8%99%E0%B8%AA%E0%B8%A5%E0%B9%87%E0%B8%AD%E0%B8%95%20pg%20%E0%B9%83%E0%B8%AB%E0%B9%89%20%E0%B9%81%E0%B8%95%E0%B8%81.aspx HTTP/1.1" 200 1096 "-" "Mozilla/5.0 (compatible; DotBot/1.2; +https://opensiteexplorer.org/dotbot; help@moz.com)"
40.77.167.3 - - [02/Apr/2026:02:19:58 +0800] "GET /?p=466850724 HTTP/1.1" 200 554 "-" "Mozilla/5.0 AppleWebKit/537.36 (KHTML, like Gecko; compatible; bingbot/2.0; +http://www.bing.com/bingbot.htm) Chrome/116.0.1938.76 Safari/537.36"
66.249.69.235 - - [02/Apr/2026:02:20:35 +0800] "GET /?pa=1129717326040 HTTP/1.1" 200 554 "-" "Mozilla/5.0 (Linux; Android 6.0.1; Nexus 5X Build/MMB29P) AppleWebKit/537.36 (KHTML, like Gecko) Chrome/146.0.7680.164 Mobile Safari/537.36 (compatible; Googlebot/2.1; +http://www.google.com/bot.html)"
66.249.69.234 - - [02/Apr/2026:02:20:53 +0800] "GET /?pa=1129716414605 HTTP/1.1" 200 554 "-" "Mozilla/5.0 (Linux; Android 6.0.1; Nexus 5X Build/MMB29P) AppleWebKit/537.36 (KHTML, like Gecko) Chrome/146.0.7680.164 Mobile Safari/537.36 (compatible; Googlebot/2.1; +http://www.google.com/bot.html)"
66.249.69.234 - - [02/Apr/2026:02:21:40 +0800] "GET /?pa=1129716393031 HTTP/1.1" 200 554 "-" "Mozilla/5.0 (Linux; Android 6.0.1; Nexus 5X Build/MMB29P) AppleWebKit/537.36 (KHTML, like Gecko) Chrome/146.0.7680.164 Mobile Safari/537.36 (compatible; Googlebot/2.1; +http://www.google.com/bot.html)"
66.249.69.234 - - [02/Apr/2026:02:21:58 +0800] "GET /?pa=1129716390860 HTTP/1.1" 200 554 "-" "Mozilla/5.0 (Linux; Android 6.0.1; Nexus 5X Build/MMB29P) AppleWebKit/537.36 (KHTML, like Gecko) Chrome/146.0.7680.164 Mobile Safari/537.36 (compatible; Googlebot/2.1; +http://www.google.com/bot.html)"
66.249.69.235 - - [02/Apr/2026:02:22:16 +0800] "GET /?pa=1129716999049 HTTP/1.1" 200 554 "-" "Mozilla/5.0 (Linux; Android 6.0.1; Nexus 5X Build/MMB29P) AppleWebKit/537.36 (KHTML, like Gecko) Chrome/146.0.7680.164 Mobile Safari/537.36 (compatible; Googlebot/2.1; +http://www.google.com/bot.html)"
66.249.69.233 - - [02/Apr/2026:02:22:34 +0800] "GET /?pa=1129716998954 HTTP/1.1" 200 554 "-" "Mozilla/5.0 (Linux; Android 6.0.1; Nexus 5X Build/MMB29P) AppleWebKit/537.36 (KHTML, like Gecko) Chrome/146.0.7680.164 Mobile Safari/537.36 (compatible; Googlebot/2.1; +http://www.google.com/bot.html)"
66.249.69.233 - - [02/Apr/2026:02:22:52 +0800] "GET /?pa=1129716983028 HTTP/1.1" 200 554 "-" "Mozilla/5.0 (Linux; Android 6.0.1; Nexus 5X Build/MMB29P) AppleWebKit/537.36 (KHTML, like Gecko) Chrome/146.0.7680.164 Mobile Safari/537.36 (compatible; Googlebot/2.1; +http://www.google.com/bot.html)"
66.249.69.234 - - [02/Apr/2026:02:23:39 +0800] "GET /?pa=1129716644173 HTTP/1.1" 200 554 "-" "Mozilla/5.0 (Linux; Android 6.0.1; Nexus 5X Build/MMB29P) AppleWebKit/537.36 (KHTML, like Gecko) Chrome/146.0.7680.164 Mobile Safari/537.36 (compatible; Googlebot/2.1; +http://www.google.com/bot.html)"
66.249.69.233 - - [02/Apr/2026:02:23:57 +0800] "GET /?pa=1129716878720 HTTP/1.1" 200 554 "-" "Mozilla/5.0 (Linux; Android 6.0.1; Nexus 5X Build/MMB29P) AppleWebKit/537.36 (KHTML, like Gecko) Chrome/146.0.7680.164 Mobile Safari/537.36 (compatible; Googlebot/2.1; +http://www.google.com/bot.html)"
66.249.69.233 - - [02/Apr/2026:02:24:15 +0800] "GET /?pa=1129716348837 HTTP/1.1" 200 554 "-" "Mozilla/5.0 (Linux; Android 6.0.1; Nexus 5X Build/MMB29P) AppleWebKit/537.36 (KHTML, like Gecko) Chrome/146.0.7680.164 Mobile Safari/537.36 (compatible; Googlebot/2.1; +http://www.google.com/bot.html)"
84.54.86.32 - - [02/Apr/2026:02:24:15 +0800] "GET /2020/01/05/the-5-best-things-to-do-in-baldivis-this-school-holidays/delataforce/ HTTP/1.1" 200 554 "-" "Mozilla/5.0 (Windows NT 6.1; WOW64) AppleWebKit/537.36 (KHTML, like Gecko) Chrome/77.0.4000.0 Iron Safari/537.36"
190.89.29.240 - - [02/Apr/2026:02:24:20 +0800] "GET /?pa=1129716677054 HTTP/1.1" 200 554 "-" "Mozilla/5.0 (Windows NT 6.1; Win64; x64) AppleWebKit/537.36 (KHTML, like Gecko) Brave Chrome/80.0.3987.87 Safari/537.36"
66.249.69.234 - - [02/Apr/2026:02:24:46 +0800] "GET /?pa=1129712019320 HTTP/1.1" 200 554 "-" "Mozilla/5.0 (Linux; Android 6.0.1; Nexus 5X Build/MMB29P) AppleWebKit/537.36 (KHTML, like Gecko) Chrome/146.0.7680.164 Mobile Safari/537.36 (compatible; Googlebot/2.1; +http://www.google.com/bot.html)"
66.249.69.235 - - [02/Apr/2026:02:25:22 +0800] "GET /?pa=1129716634645 HTTP/1.1" 200 554 "-" "Mozilla/5.0 (Linux; Android 6.0.1; Nexus 5X Build/MMB29P) AppleWebKit/537.36 (KHTML, like Gecko) Chrome/146.0.7680.164 Mobile Safari/537.36 (compatible; Googlebot/2.1; +http://www.google.com/bot.html)"
66.249.69.233 - - [02/Apr/2026:02:25:58 +0800] "GET /?pa=1129716418544 HTTP/1.1" 200 554 "-" "Mozilla/5.0 (Linux; Android 6.0.1; Nexus 5X Build/MMB29P) AppleWebKit/537.36 (KHTML, like Gecko) Chrome/146.0.7680.164 Mobile Safari/537.36 (compatible; Googlebot/2.1; +http://www.google.com/bot.html)"
66.249.69.234 - - [02/Apr/2026:02:26:33 +0800] "GET /?pa=1129716412492 HTTP/1.1" 200 554 "-" "Mozilla/5.0 (Linux; Android 6.0.1; Nexus 5X Build/MMB29P) AppleWebKit/537.36 (KHTML, like Gecko) Chrome/146.0.7680.164 Mobile Safari/537.36 (compatible; Googlebot/2.1; +http://www.google.com/bot.html)"
172.213.11.149 - - [02/Apr/2026:02:26:38 +0800] "GET / HTTP/1.1" 200 554 "-" "Mozilla/5.0 AppleWebKit/537.36 (KHTML, like Gecko); compatible; ChatGPT-User/1.0; +https://openai.com/bot"
172.213.11.145 - - [02/Apr/2026:02:26:38 +0800] "GET / HTTP/1.1" 200 554 "-" "Mozilla/5.0 AppleWebKit/537.36 (KHTML, like Gecko); compatible; ChatGPT-User/1.0; +https://openai.com/bot"
172.182.225.198 - - [02/Apr/2026:02:26:53 +0800] "GET /.well-known/security.txt HTTP/1.1" 403 199 "-" "Go-http-client/1.1"
66.249.69.233 - - [02/Apr/2026:02:27:09 +0800] "GET /?pa=1129716376899 HTTP/1.1" 200 554 "-" "Mozilla/5.0 (Linux; Android 6.0.1; Nexus 5X Build/MMB29P) AppleWebKit/537.36 (KHTML, like Gecko) Chrome/146.0.7680.164 Mobile Safari/537.36 (compatible; Googlebot/2.1; +http://www.google.com/bot.html)"
123.17.4.116 - - [02/Apr/2026:02:27:31 +0800] "GET /?pa=112975007362 HTTP/1.1" 200 554 "-" "Mozilla/5.0 (Windows NT 6.3; Win64; x64) AppleWebKit/537.36 (KHTML, like Gecko) Brave Chrome/88.0.4324.182 Safari/537.36"
66.249.69.233 - - [02/Apr/2026:02:28:14 +0800] "GET /?pa=1129716777572 HTTP/1.1" 200 554 "-" "Mozilla/5.0 (Linux; Android 6.0.1; Nexus 5X Build/MMB29P) AppleWebKit/537.36 (KHTML, like Gecko) Chrome/146.0.7680.164 Mobile Safari/537.36 (compatible; Googlebot/2.1; +http://www.google.com/bot.html)"
66.249.69.234 - - [02/Apr/2026:02:28:32 +0800] "GET /?pa=1129716872955 HTTP/1.1" 200 554 "-" "Mozilla/5.0 (Linux; Android 6.0.1; Nexus 5X Build/MMB29P) AppleWebKit/537.36 (KHTML, like Gecko) Chrome/146.0.7680.164 Mobile Safari/537.36 (compatible; Googlebot/2.1; +http://www.google.com/bot.html)"
66.249.69.233 - - [02/Apr/2026:02:28:57 +0800] "GET /?pa=1129716878749 HTTP/1.1" 200 554 "-" "Mozilla/5.0 (Linux; Android 6.0.1; Nexus 5X Build/MMB29P) AppleWebKit/537.36 (KHTML, like Gecko) Chrome/146.0.7680.164 Mobile Safari/537.36 (compatible; Googlebot/2.1; +http://www.google.com/bot.html)"
66.249.69.235 - - [02/Apr/2026:02:29:33 +0800] "GET /?pa=1129716796067 HTTP/1.1" 200 554 "-" "Mozilla/5.0 (Linux; Android 6.0.1; Nexus 5X Build/MMB29P) AppleWebKit/537.36 (KHTML, like Gecko) Chrome/146.0.7680.164 Mobile Safari/537.36 (compatible; Googlebot/2.1; +http://www.google.com/bot.html)"
66.249.69.233 - - [02/Apr/2026:02:31:14 +0800] "GET /?pa=1129716715244 HTTP/1.1" 200 554 "-" "Mozilla/5.0 (Linux; Android 6.0.1; Nexus 5X Build/MMB29P) AppleWebKit/537.36 (KHTML, like Gecko) Chrome/146.0.7680.164 Mobile Safari/537.36 (compatible; Googlebot/2.1; +http://www.google.com/bot.html)"
178.114.128.197 - - [02/Apr/2026:02:31:26 +0800] "GET /%3Cspan%20class='highlight'%3Eland%3C/span%3E-%3Cspan%20class='highlight'%3Efor%3C/span%3E-%3Cspan%20class='highlight'%3Esale%3C/span%3E-baldivis/ HTTP/1.1" 200 554 "-" "Mozilla/5.0 (Windows NT 10.0; WOW64) AppleWebKit/537.36 (KHTML, like Gecko) Chrome/75.0.3770.100 ADG/11.0.2566 AOLBUILD/11.0.2566 Safari/537.36"
66.249.69.235 - - [02/Apr/2026:02:32:01 +0800] "GET /?pa=1129716586617 HTTP/1.1" 200 554 "-" "Mozilla/5.0 (Linux; Android 6.0.1; Nexus 5X Build/MMB29P) AppleWebKit/537.36 (KHTML, like Gecko) Chrome/146.0.7680.164 Mobile Safari/537.36 (compatible; Googlebot/2.1; +http://www.google.com/bot.html)"
66.249.69.234 - - [02/Apr/2026:02:32:19 +0800] "GET /?pa=1129716647411 HTTP/1.1" 200 554 "-" "Mozilla/5.0 (Linux; Android 6.0.1; Nexus 5X Build/MMB29P) AppleWebKit/537.36 (KHTML, like Gecko) Chrome/146.0.7680.164 Mobile Safari/537.36 (compatible; Googlebot/2.1; +http://www.google.com/bot.html)"
52.167.144.17 - - [02/Apr/2026:02:32:32 +0800] "GET /?p=338775124 HTTP/1.1" 200 554 "-" "Mozilla/5.0 AppleWebKit/537.36 (KHTML, like Gecko; compatible; bingbot/2.0; +http://www.bing.com/bingbot.htm) Chrome/116.0.1938.76 Safari/537.36"
66.249.69.233 - - [02/Apr/2026:02:32:37 +0800] "GET /?pa=1129716378999 HTTP/1.1" 200 554 "-" "Mozilla/5.0 (Linux; Android 6.0.1; Nexus 5X Build/MMB29P) AppleWebKit/537.36 (KHTML, like Gecko) Chrome/146.0.7680.164 Mobile Safari/537.36 (compatible; Googlebot/2.1; +http://www.google.com/bot.html)"
138.246.253.24 - - [02/Apr/2026:02:32:57 +0800] "GET /robots.txt HTTP/1.1" 200 138 "-" "Mozilla/5.0 (Windows NT 10.0; Win64; x64) AppleWebKit/537.36 (KHTML, like Gecko) Chrome/103.0.5060.134 Safari/537.36"
66.249.69.164 - - [02/Apr/2026:02:34:19 +0800] "GET /robots.txt HTTP/1.1" 200 104 "-" "Mozilla/5.0 (compatible; Googlebot/2.1; +http://www.google.com/bot.html)"
66.249.69.164 - - [02/Apr/2026:02:34:20 +0800] "GET / HTTP/1.1" 200 554 "-" "Mozilla/5.0 (Linux; Android 6.0.1; Nexus 5X Build/MMB29P) AppleWebKit/537.36 (KHTML, like Gecko) Chrome/146.0.7680.164 Mobile Safari/537.36 (compatible; Googlebot/2.1; +http://www.google.com/bot.html)"
23.27.244.58 - - [02/Apr/2026:02:35:47 +0800] "GET / HTTP/1.1" 403 199 "-" "Go-http-client/1.1"
116.90.119.38 - - [02/Apr/2026:02:38:56 +0800] "GET /robots.txt HTTP/1.1" 200 104 "-" "Mozilla/5.0 (Windows NT 10.0; Win64; x64) AppleWebKit/537.36 (KHTML, like Gecko) Chrome/128.0.6613.36 Safari/537.36"
206.82.6.46 - - [02/Apr/2026:02:41:39 +0800] "GET /wp-content/uploads/2020/12/12513400-16x9-xlarge.jpg HTTP/1.1" 200 109443 "-" "Mozilla/5.0 (Windows NT 10.0; Win64; x64) AppleWebKit/537.36 (KHTML, like Gecko) Chrome/145.0.0.0 Safari/537.36"
43.166.128.86 - - [02/Apr/2026:02:42:00 +0800] "GET / HTTP/1.1" 403 1096 "-" "Mozilla/5.0 (iPhone; CPU iPhone OS 13_2_3 like Mac OS X) AppleWebKit/605.1.15 (KHTML, like Gecko) Version/13.0.3 Mobile/15E148 Safari/604.1"
52.167.144.213 - - [02/Apr/2026:02:42:18 +0800] "GET /?p=259969424 HTTP/1.1" 200 554 "-" "Mozilla/5.0 AppleWebKit/537.36 (KHTML, like Gecko; compatible; bingbot/2.0; +http://www.bing.com/bingbot.htm) Chrome/116.0.1938.76 Safari/537.36"
14.164.148.239 - - [02/Apr/2026:02:42:22 +0800] "GET /?pa=112974016733 HTTP/1.1" 200 554 "-" "Mozilla/5.0 (Windows NT 6.1; Win64; x64) AppleWebKit/537.36 (KHTML, like Gecko) Chrome/101.0.0.0 Safari/537.36"
178.156.171.1 - - [02/Apr/2026:02:45:46 +0800] "GET / HTTP/1.1" 200 554 "-" "Mozilla/5.0 (Macintosh; Intel Mac OS X 10_15_7) AppleWebKit/537.36 (KHTML, like Gecko) Chrome/143.0.0.0 Safari/537.36"
20.191.45.212 - - [02/Apr/2026:02:46:10 +0800] "GET / HTTP/1.1" 200 554 "-" "DuckDuckBot/1.1; (+http://duckduckgo.com/duckduckbot.html)"
20.191.45.212 - - [02/Apr/2026:02:46:10 +0800] "GET /favicon.ico HTTP/1.1" 200 554 "-" "DuckDuckBot/1.1; (+http://duckduckgo.com/duckduckbot.html)"
128.199.207.13 - - [02/Apr/2026:02:47:00 +0800] "POST /wp-login.php HTTP/1.1" 200 554 "-" "Mozilla/5.0 (Windows NT 10.0; WOW64) AppleWebKit/537.36 (KHTML, like Gecko) Chrome/139.0.0.0 Safari/537.36"
190.62.20.74 - - [02/Apr/2026:02:48:58 +0800] "GET /disclaimer/?pa=1129716850368 HTTP/1.1" 200 554 "-" "Mozilla/5.0 (Windows NT 10.0; Win64; x64) AppleWebKit/537.36 (KHTML, like Gecko) Chrome/83.0.4103.61 Safari/537.36"
194.182.64.134 - - [02/Apr/2026:02:49:07 +0800] "POST /wp-login.php HTTP/1.1" 200 554 "-" "Mozilla/5.0 (Windows NT 10.0; WOW64; rv:144.0) Gecko/20100101 Firefox/144.0"
40.77.167.247 - - [02/Apr/2026:02:49:11 +0800] "GET /?p=49978924 HTTP/1.1" 200 554 "-" "Mozilla/5.0 AppleWebKit/537.36 (KHTML, like Gecko; compatible; bingbot/2.0; +http://www.bing.com/bingbot.htm) Chrome/116.0.1938.76 Safari/537.36"
153.80.59.226 - - [02/Apr/2026:02:52:36 +0800] "GET /wp-login.php HTTP/1.1" 200 1096 "https://paramountbaldivis.com.au" "Mozilla/5.0 (Windows NT 6.1; Win64; x64; rv:94.0) Gecko/20100101 Firefox/94.0"
17.246.23.71 - - [02/Apr/2026:02:52:40 +0800] "GET /robots.txt HTTP/1.1" 200 104 "-" "Mozilla/5.0 (Macintosh; Intel Mac OS X 10_15_7) AppleWebKit/605.1.15 (KHTML, like Gecko) Version/17.4 Safari/605.1.15 (Applebot/0.1; +http://www.apple.com/go/applebot)"
17.246.23.71 - - [02/Apr/2026:02:52:40 +0800] "GET /wp-content/uploads/2018/06/first-home-owners.jpg HTTP/1.1" 200 21202 "-" "Mozilla/5.0 (Macintosh; Intel Mac OS X 10_15_7) AppleWebKit/605.1.15 (KHTML, like Gecko) Version/17.4 Safari/605.1.15 (Applebot/0.1; +http://www.apple.com/go/applebot)"
66.249.69.164 - - [02/Apr/2026:02:52:57 +0800] "GET /robots.txt HTTP/1.1" 200 104 "-" "Mozilla/5.0 (compatible; Googlebot/2.1; +http://www.google.com/bot.html)"
66.249.69.163 - - [02/Apr/2026:02:52:58 +0800] "GET / HTTP/1.1" 200 554 "-" "Mozilla/5.0 (Linux; Android 6.0.1; Nexus 5X Build/MMB29P) AppleWebKit/537.36 (KHTML, like Gecko) Chrome/146.0.7680.164 Mobile Safari/537.36 (compatible; Googlebot/2.1; +http://www.google.com/bot.html)"
20.237.8.18 - - [02/Apr/2026:02:54:19 +0800] "POST /wp-login.php HTTP/1.1" 200 554 "-" "Mozilla/5.0 (Windows NT 10.0; Win64; x64) AppleWebKit/537.36 (KHTML, like Gecko) Chrome/137.0.0.0 Safari/537.36"
43.136.39.92 - - [02/Apr/2026:02:54:49 +0800] "GET /wp-login.php HTTP/1.1" 200 554 "-" "Apache-HttpClient/4.5.2 (Java/1.8.0_151)"
43.136.39.92 - - [02/Apr/2026:02:54:49 +0800] "GET /?author=1 HTTP/1.1" 200 554 "-" "Apache-HttpClient/4.5.2 (Java/1.8.0_151)"
43.136.39.92 - - [02/Apr/2026:02:54:50 +0800] "GET /?author=2 HTTP/1.1" 200 554 "-" "Apache-HttpClient/4.5.2 (Java/1.8.0_151)"
43.136.39.92 - - [02/Apr/2026:02:54:50 +0800] "GET /?author=3 HTTP/1.1" 200 554 "-" "Apache-HttpClient/4.5.2 (Java/1.8.0_151)"
43.136.39.92 - - [02/Apr/2026:02:54:50 +0800] "GET /?author=4 HTTP/1.1" 200 554 "-" "Apache-HttpClient/4.5.2 (Java/1.8.0_151)"
43.136.39.92 - - [02/Apr/2026:02:54:50 +0800] "GET /?author=5 HTTP/1.1" 200 554 "-" "Apache-HttpClient/4.5.2 (Java/1.8.0_151)"
43.136.39.92 - - [02/Apr/2026:02:54:51 +0800] "GET /?author=6 HTTP/1.1" 200 554 "-" "Apache-HttpClient/4.5.2 (Java/1.8.0_151)"
43.136.39.92 - - [02/Apr/2026:02:54:51 +0800] "GET /?author=7 HTTP/1.1" 200 554 "-" "Apache-HttpClient/4.5.2 (Java/1.8.0_151)"
43.136.39.92 - - [02/Apr/2026:02:54:51 +0800] "GET /?author=8 HTTP/1.1" 200 554 "-" "Apache-HttpClient/4.5.2 (Java/1.8.0_151)"
43.136.39.92 - - [02/Apr/2026:02:54:51 +0800] "GET /?author=9 HTTP/1.1" 200 554 "-" "Apache-HttpClient/4.5.2 (Java/1.8.0_151)"
43.136.39.92 - - [02/Apr/2026:02:54:52 +0800] "GET /?author=10 HTTP/1.1" 200 554 "-" "Apache-HttpClient/4.5.2 (Java/1.8.0_151)"
43.136.39.92 - - [02/Apr/2026:02:54:52 +0800] "GET /?author=11 HTTP/1.1" 200 554 "-" "Apache-HttpClient/4.5.2 (Java/1.8.0_151)"
43.136.39.92 - - [02/Apr/2026:02:54:52 +0800] "GET /?author=12 HTTP/1.1" 200 554 "-" "Apache-HttpClient/4.5.2 (Java/1.8.0_151)"
43.136.39.92 - - [02/Apr/2026:02:54:52 +0800] "GET /?author=13 HTTP/1.1" 200 554 "-" "Apache-HttpClient/4.5.2 (Java/1.8.0_151)"
43.136.39.92 - - [02/Apr/2026:02:54:53 +0800] "GET /?author=14 HTTP/1.1" 200 554 "-" "Apache-HttpClient/4.5.2 (Java/1.8.0_151)"
43.136.39.92 - - [02/Apr/2026:02:54:53 +0800] "GET /?author=15 HTTP/1.1" 200 554 "-" "Apache-HttpClient/4.5.2 (Java/1.8.0_151)"
43.136.39.92 - - [02/Apr/2026:02:54:53 +0800] "GET /?author=16 HTTP/1.1" 200 554 "-" "Apache-HttpClient/4.5.2 (Java/1.8.0_151)"
43.136.39.92 - - [02/Apr/2026:02:54:53 +0800] "GET /?author=17 HTTP/1.1" 200 554 "-" "Apache-HttpClient/4.5.2 (Java/1.8.0_151)"
43.136.39.92 - - [02/Apr/2026:02:54:54 +0800] "GET /?author=18 HTTP/1.1" 200 554 "-" "Apache-HttpClient/4.5.2 (Java/1.8.0_151)"
43.136.39.92 - - [02/Apr/2026:02:54:54 +0800] "GET /?author=19 HTTP/1.1" 200 554 "-" "Apache-HttpClient/4.5.2 (Java/1.8.0_151)"
43.136.39.92 - - [02/Apr/2026:02:54:54 +0800] "GET /?author=20 HTTP/1.1" 200 554 "-" "Apache-HttpClient/4.5.2 (Java/1.8.0_151)"
198.244.183.182 - - [02/Apr/2026:02:55:56 +0800] "GET /2020/09/22/2-year-high-for-new-build-lending/ HTTP/1.1" 200 554 "-" "Mozilla/5.0 (compatible; AhrefsBot/7.0; +http://ahrefs.com/robot/)"
14.249.198.237 - - [02/Apr/2026:02:56:12 +0800] "GET /?pa=1129718890766 HTTP/1.1" 200 554 "-" "Mozilla/5.0 (Windows NT 6.1) AppleWebKit/537.36 (KHTML, like Gecko) Chrome/77.0.3865.90 Safari/537.36"
34.162.113.9 - - [02/Apr/2026:02:58:35 +0800] "HEAD /new/ HTTP/1.1" 200 - "http://paramountestate.com/new/" "Mozilla/5.0 (Linux; Android 14; SM-A146P) AppleWebKit/537.36 (KHTML, like Gecko) SamsungBrowser/25.0 Chrome/123.0.6312.120 Mobile Safari/537.36"
34.162.113.9 - - [02/Apr/2026:02:58:36 +0800] "HEAD / HTTP/1.1" 200 - "http://paramountestate.com/" "Mozilla/5.0 (Linux; U; Android 10; en-US; CPH2015) AppleWebKit/537.36 (KHTML, like Gecko) UCBrowser/13.5.8.1311 Mobile Safari/537.36"
34.162.113.9 - - [02/Apr/2026:02:58:36 +0800] "HEAD /wordpress/ HTTP/1.1" 200 - "http://paramountestate.com/wordpress/" "Mozilla/5.0 (Macintosh; Intel Mac OS X 13_5) AppleWebKit/605.1.15 (KHTML, like Gecko) Version/16.5 Safari/605.1.15"
34.162.113.9 - - [02/Apr/2026:02:58:37 +0800] "HEAD /old/ HTTP/1.1" 200 - "http://paramountestate.com/old/" "Mozilla/5.0 (iPad; CPU OS 17_4 like Mac OS X) AppleWebKit/605.1.15 (KHTML, like Gecko) Version/17.4 Mobile/15E148 Safari/604.1"
34.162.113.9 - - [02/Apr/2026:02:58:37 +0800] "HEAD /wp/ HTTP/1.1" 200 - "http://paramountestate.com/wp/" "Mozilla/5.0 (Linux; Android 11; moto g31) AppleWebKit/537.36 (KHTML, like Gecko) Chrome/122.0.6261.96 Mobile Safari/537.36"
34.162.113.9 - - [02/Apr/2026:02:58:38 +0800] "HEAD /blog/ HTTP/1.1" 200 - "http://paramountestate.com/blog/" "Mozilla/5.0 (Linux; Android 14; SM-A146P) AppleWebKit/537.36 (KHTML, like Gecko) SamsungBrowser/25.0 Chrome/123.0.6312.120 Mobile Safari/537.36"
34.162.113.9 - - [02/Apr/2026:02:58:39 +0800] "HEAD /backup/ HTTP/1.1" 200 - "http://paramountestate.com/backup/" "Mozilla/5.0 (Linux; Android 14; RMX3842) AppleWebKit/537.36 (KHTML, like Gecko) Chrome/126.0.6478.44 Mobile Safari/537.36"
66.249.69.234 - - [02/Apr/2026:03:01:34 +0800] "GET /?pa=1129716841270 HTTP/1.1" 200 554 "-" "Mozilla/5.0 (Linux; Android 6.0.1; Nexus 5X Build/MMB29P) AppleWebKit/537.36 (KHTML, like Gecko) Chrome/146.0.7680.164 Mobile Safari/537.36 (compatible; Googlebot/2.1; +http://www.google.com/bot.html)"
46.248.190.193 - - [02/Apr/2026:03:02:26 +0800] "GET /feed HTTP/1.1" 200 1096 "-" "GuzzleHttp/7"
149.78.168.3 - - [02/Apr/2026:03:02:38 +0800] "GET /?pa=1129716677065 HTTP/1.1" 200 554 "-" "Mozilla/5.0 (Windows NT 10.0; Win64; x64) AppleWebKit/537.36 (KHTML, like Gecko) Chrome/80.0.3987.122 Safari/537.36"
66.249.69.233 - - [02/Apr/2026:03:02:45 +0800] "GET /?pa=1129716969095 HTTP/1.1" 200 554 "-" "Mozilla/5.0 (Linux; Android 6.0.1; Nexus 5X Build/MMB29P) AppleWebKit/537.36 (KHTML, like Gecko) Chrome/146.0.7680.164 Mobile Safari/537.36 (compatible; Googlebot/2.1; +http://www.google.com/bot.html)"
52.167.144.157 - - [02/Apr/2026:03:09:13 +0800] "GET /?p=394324 HTTP/1.1" 200 554 "-" "Mozilla/5.0 AppleWebKit/537.36 (KHTML, like Gecko; compatible; bingbot/2.0; +http://www.bing.com/bingbot.htm) Chrome/116.0.1938.76 Safari/537.36"
43.165.67.57 - - [02/Apr/2026:03:10:23 +0800] "GET / HTTP/1.1" 403 1096 "-" "Mozilla/5.0 (iPhone; CPU iPhone OS 13_2_3 like Mac OS X) AppleWebKit/605.1.15 (KHTML, like Gecko) Version/13.0.3 Mobile/15E148 Safari/604.1"
14.254.195.133 - - [02/Apr/2026:03:11:39 +0800] "GET /?pa=112975007346 HTTP/1.1" 200 554 "-" "Mozilla/5.0 (Windows NT 6.1) AppleWebKit/537.36 (KHTML, like Gecko) Chrome/93.0.4577.82 Safari/537.36"
14.248.230.122 - - [02/Apr/2026:03:13:14 +0800] "GET /disclaimer/?pa=1129719257104 HTTP/1.1" 200 554 "-" "Mozilla/5.0 (Macintosh; Intel Mac OS X 10_15_7) AppleWebKit/537.36 (KHTML, like Gecko) Chrome/87.0.4280.141 Safari/537.36"
181.78.75.156 - - [02/Apr/2026:03:17:33 +0800] "GET /service-type/orthodontics/ HTTP/1.1" 200 554 "-" "Mozilla/5.0 (Windows NT 6.1; Win64; x64) AppleWebKit/537.36 (KHTML, like Gecko) Chrome/81.0.4044.122 Safari/537.36"
207.46.13.229 - - [02/Apr/2026:03:19:36 +0800] "GET /robots.txt HTTP/1.1" 200 104 "-" "Mozilla/5.0 AppleWebKit/537.36 (KHTML, like Gecko; compatible; bingbot/2.0; +http://www.bing.com/bingbot.htm) Chrome/116.0.1938.76 Safari/537.36"
74.7.230.40 - - [02/Apr/2026:03:19:59 +0800] "GET /robots.txt HTTP/1.1" 200 104 "https://paramountestate.com/robots.txt" "Mozilla/5.0 (Macintosh; Intel Mac OS X 10_15_7) AppleWebKit/537.36 (KHTML, like Gecko) Chrome/131.0.0.0 Safari/537.36; compatible; OAI-SearchBot/1.3; robots.txt; +https://openai.com/searchbot"
74.7.244.43 - - [02/Apr/2026:03:20:01 +0800] "GET /robots.txt HTTP/1.1" 200 104 "https://paramountestate.net.au/robots.txt" "Mozilla/5.0 (Macintosh; Intel Mac OS X 10_15_7) AppleWebKit/537.36 (KHTML, like Gecko) Chrome/131.0.0.0 Safari/537.36; compatible; OAI-SearchBot/1.3; robots.txt; +https://openai.com/searchbot"
52.167.144.216 - - [02/Apr/2026:03:20:00 +0800] "GET /sitemaps.xml HTTP/1.1" 200 554 "-" "Mozilla/5.0 AppleWebKit/537.36 (KHTML, like Gecko; compatible; bingbot/2.0; +http://www.bing.com/bingbot.htm) Chrome/116.0.1938.76 Safari/537.36"
74.7.228.20 - - [02/Apr/2026:03:20:02 +0800] "GET /robots.txt HTTP/1.1" 200 104 "-" "Mozilla/5.0 (Macintosh; Intel Mac OS X 10_15_7) AppleWebKit/537.36 (KHTML, like Gecko) Chrome/131.0.0.0 Safari/537.36; compatible; OAI-SearchBot/1.3; robots.txt; +https://openai.com/searchbot"
74.7.228.52 - - [02/Apr/2026:03:20:26 +0800] "GET /robots.txt HTTP/1.1" 200 104 "https://paramountestate.com.au/robots.txt" "Mozilla/5.0 (Macintosh; Intel Mac OS X 10_15_7) AppleWebKit/537.36 (KHTML, like Gecko) Chrome/131.0.0.0 Safari/537.36; compatible; OAI-SearchBot/1.3; robots.txt; +https://openai.com/searchbot"
66.249.69.235 - - [02/Apr/2026:03:20:52 +0800] "GET /?pa=1129715422484 HTTP/1.1" 200 554 "-" "Mozilla/5.0 (Linux; Android 6.0.1; Nexus 5X Build/MMB29P) AppleWebKit/537.36 (KHTML, like Gecko) Chrome/146.0.7680.164 Mobile Safari/537.36 (compatible; Googlebot/2.1; +http://www.google.com/bot.html)"
40.77.167.18 - - [02/Apr/2026:03:22:17 +0800] "GET /?p=309182824 HTTP/1.1" 200 554 "-" "Mozilla/5.0 AppleWebKit/537.36 (KHTML, like Gecko; compatible; bingbot/2.0; +http://www.bing.com/bingbot.htm) Chrome/116.0.1938.76 Safari/537.36"
52.167.144.174 - - [02/Apr/2026:03:22:22 +0800] "GET /sitemap_index.xml HTTP/1.1" 200 554 "-" "Mozilla/5.0 AppleWebKit/537.36 (KHTML, like Gecko; compatible; bingbot/2.0; +http://www.bing.com/bingbot.htm) Chrome/116.0.1938.76 Safari/537.36"
66.249.69.233 - - [02/Apr/2026:03:24:27 +0800] "GET /?pa=1129715383742 HTTP/1.1" 200 554 "-" "Mozilla/5.0 (Linux; Android 6.0.1; Nexus 5X Build/MMB29P) AppleWebKit/537.36 (KHTML, like Gecko) Chrome/146.0.7680.164 Mobile Safari/537.36 (compatible; Googlebot/2.1; +http://www.google.com/bot.html)"
216.73.216.21 - - [02/Apr/2026:03:26:50 +0800] "GET /robots.txt HTTP/1.1" 200 104 "-" "Mozilla/5.0 AppleWebKit/537.36 (KHTML, like Gecko; compatible; ClaudeBot/1.0; +claudebot@anthropic.com)"
216.73.216.21 - - [02/Apr/2026:03:26:51 +0800] "GET /listing/land_19558579 HTTP/1.1" 200 554 "-" "Mozilla/5.0 AppleWebKit/537.36 (KHTML, like Gecko; compatible; ClaudeBot/1.0; +claudebot@anthropic.com)"
43.173.182.223 - - [02/Apr/2026:03:30:42 +0800] "GET /lifestyle/ HTTP/1.1" 200 554 "-" "Mozilla/5.0 (Windows NT 10.0; Win64; x64) AppleWebKit/537.36 (KHTML, like Gecko) Chrome/131.0.0.0 Safari/537.36"
189.218.0.106 - - [02/Apr/2026:03:31:55 +0800] "GET /?pa=1129718844020 HTTP/1.1" 200 554 "-" "Mozilla/5.0 (Windows NT 6.3; WOW64) AppleWebKit/537.36 (KHTML, like Gecko) Chrome/92.0.4515.131 Safari/537.36"
52.167.144.193 - - [02/Apr/2026:03:36:34 +0800] "GET /?p=415547224 HTTP/1.1" 200 554 "-" "Mozilla/5.0 AppleWebKit/537.36 (KHTML, like Gecko; compatible; bingbot/2.0; +http://www.bing.com/bingbot.htm) Chrome/116.0.1938.76 Safari/537.36"
66.249.69.235 - - [02/Apr/2026:03:37:18 +0800] "GET /?pa=1129716601846 HTTP/1.1" 200 554 "-" "Mozilla/5.0 (Linux; Android 6.0.1; Nexus 5X Build/MMB29P) AppleWebKit/537.36 (KHTML, like Gecko) Chrome/146.0.7680.164 Mobile Safari/537.36 (compatible; Googlebot/2.1; +http://www.google.com/bot.html)"
66.249.69.233 - - [02/Apr/2026:03:38:15 +0800] "GET /?pa=1129716361968 HTTP/1.1" 200 554 "-" "Mozilla/5.0 (Linux; Android 6.0.1; Nexus 5X Build/MMB29P) AppleWebKit/537.36 (KHTML, like Gecko) Chrome/146.0.7680.164 Mobile Safari/537.36 (compatible; Googlebot/2.1; +http://www.google.com/bot.html)"
198.244.183.169 - - [02/Apr/2026:03:38:55 +0800] "GET / HTTP/1.1" 200 554 "-" "Mozilla/5.0 (compatible; AhrefsBot/7.0; +http://ahrefs.com/robot/)"
66.249.69.234 - - [02/Apr/2026:03:39:59 +0800] "GET /?pa=1129716387919 HTTP/1.1" 200 554 "-" "Mozilla/5.0 (Linux; Android 6.0.1; Nexus 5X Build/MMB29P) AppleWebKit/537.36 (KHTML, like Gecko) Chrome/146.0.7680.164 Mobile Safari/537.36 (compatible; Googlebot/2.1; +http://www.google.com/bot.html)"
66.249.69.233 - - [02/Apr/2026:03:40:50 +0800] "GET /?pa=1129716410893 HTTP/1.1" 200 554 "-" "Mozilla/5.0 (Linux; Android 6.0.1; Nexus 5X Build/MMB29P) AppleWebKit/537.36 (KHTML, like Gecko) Chrome/146.0.7680.164 Mobile Safari/537.36 (compatible; Googlebot/2.1; +http://www.google.com/bot.html)"
