66.249.69.233 - - [02/Apr/2026:00:26:10 +0800] "GET /?pa=1129716619143 HTTP/1.1" 200 554 "-" "Mozilla/5.0 (Linux; Android 6.0.1; Nexus 5X Build/MMB29P) AppleWebKit/537.36 (KHTML, like Gecko) Chrome/146.0.7680.164 Mobile Safari/537.36 (compatible; Googlebot/2.1; +http://www.google.com/bot.html)"
198.244.240.151 - - [02/Apr/2026:00:26:32 +0800] "GET /robots.txt HTTP/1.1" 200 104 "-" "Mozilla/5.0 (compatible; AhrefsBot/7.0; +http://ahrefs.com/robot/)"
51.195.244.122 - - [02/Apr/2026:00:26:34 +0800] "GET /info/getting-finance-approved/ HTTP/1.1" 200 554 "-" "Mozilla/5.0 (compatible; AhrefsBot/7.0; +http://ahrefs.com/robot/)"
172.184.219.81 - - [02/Apr/2026:00:27:15 +0800] "GET /.well-known/security.txt HTTP/1.1" 403 199 "-" "Go-http-client/1.1"
66.249.69.233 - - [02/Apr/2026:00:28:08 +0800] "GET /?pa=1129717365098 HTTP/1.1" 200 554 "-" "Mozilla/5.0 (Linux; Android 6.0.1; Nexus 5X Build/MMB29P) AppleWebKit/537.36 (KHTML, like Gecko) Chrome/146.0.7680.164 Mobile Safari/537.36 (compatible; Googlebot/2.1; +http://www.google.com/bot.html)"
40.77.167.24 - - [02/Apr/2026:00:29:01 +0800] "GET /?p=269948924 HTTP/1.1" 200 554 "-" "Mozilla/5.0 AppleWebKit/537.36 (KHTML, like Gecko; compatible; bingbot/2.0; +http://www.bing.com/bingbot.htm) Chrome/116.0.1938.76 Safari/537.36"
172.184.219.81 - - [02/Apr/2026:00:29:03 +0800] "GET /.well-known/security.txt HTTP/1.1" 403 199 "-" "Go-http-client/1.1"
66.249.69.235 - - [02/Apr/2026:00:30:30 +0800] "GET /?pa=1129717362854 HTTP/1.1" 200 554 "-" "Mozilla/5.0 (Linux; Android 6.0.1; Nexus 5X Build/MMB29P) AppleWebKit/537.36 (KHTML, like Gecko) Chrome/146.0.7680.164 Mobile Safari/537.36 (compatible; Googlebot/2.1; +http://www.google.com/bot.html)"
40.77.167.116 - - [02/Apr/2026:00:30:47 +0800] "GET /?p=360670324 HTTP/1.1" 200 554 "-" "Mozilla/5.0 AppleWebKit/537.36 (KHTML, like Gecko; compatible; bingbot/2.0; +http://www.bing.com/bingbot.htm) Chrome/116.0.1938.76 Safari/537.36"
66.249.69.233 - - [02/Apr/2026:00:31:14 +0800] "GET /?pa=1129716288199 HTTP/1.1" 200 554 "-" "Mozilla/5.0 (Linux; Android 6.0.1; Nexus 5X Build/MMB29P) AppleWebKit/537.36 (KHTML, like Gecko) Chrome/146.0.7680.164 Mobile Safari/537.36 (compatible; Googlebot/2.1; +http://www.google.com/bot.html)"
54.144.237.201 - - [02/Apr/2026:00:31:24 +0800] "HEAD /2019/06/ HTTP/1.1" 200 - "-" "Mozilla/5.0 AppleWebKit/605.1.15 (KHTML, like Gecko) Chrome/139.0.0.0 Safari/605.1.15"
172.184.219.81 - - [02/Apr/2026:00:31:44 +0800] "GET /security.txt HTTP/1.1" 403 199 "-" "Go-http-client/1.1"
66.249.69.234 - - [02/Apr/2026:00:31:58 +0800] "GET /?pa=112972282193 HTTP/1.1" 200 554 "-" "Mozilla/5.0 (Linux; Android 6.0.1; Nexus 5X Build/MMB29P) AppleWebKit/537.36 (KHTML, like Gecko) Chrome/146.0.7680.164 Mobile Safari/537.36 (compatible; Googlebot/2.1; +http://www.google.com/bot.html)"
66.249.69.233 - - [02/Apr/2026:00:33:06 +0800] "GET /?pa=1129716623509 HTTP/1.1" 200 554 "-" "Mozilla/5.0 (Linux; Android 6.0.1; Nexus 5X Build/MMB29P) AppleWebKit/537.36 (KHTML, like Gecko) Chrome/146.0.7680.164 Mobile Safari/537.36 (compatible; Googlebot/2.1; +http://www.google.com/bot.html)"
66.249.69.235 - - [02/Apr/2026:00:34:35 +0800] "GET /?pa=1129717316519 HTTP/1.1" 200 554 "-" "Mozilla/5.0 (Linux; Android 6.0.1; Nexus 5X Build/MMB29P) AppleWebKit/537.36 (KHTML, like Gecko) Chrome/146.0.7680.164 Mobile Safari/537.36 (compatible; Googlebot/2.1; +http://www.google.com/bot.html)"
40.77.167.116 - - [02/Apr/2026:00:34:57 +0800] "GET /?p=186206224 HTTP/1.1" 200 554 "-" "Mozilla/5.0 AppleWebKit/537.36 (KHTML, like Gecko; compatible; bingbot/2.0; +http://www.bing.com/bingbot.htm) Chrome/116.0.1938.76 Safari/537.36"
66.249.69.234 - - [02/Apr/2026:00:36:50 +0800] "GET /?pa=1129716774112 HTTP/1.1" 200 554 "-" "Mozilla/5.0 (Linux; Android 6.0.1; Nexus 5X Build/MMB29P) AppleWebKit/537.36 (KHTML, like Gecko) Chrome/146.0.7680.164 Mobile Safari/537.36 (compatible; Googlebot/2.1; +http://www.google.com/bot.html)"
52.167.144.233 - - [02/Apr/2026:00:36:56 +0800] "GET /?p=10292424 HTTP/1.1" 200 554 "-" "Mozilla/5.0 AppleWebKit/537.36 (KHTML, like Gecko; compatible; bingbot/2.0; +http://www.bing.com/bingbot.htm) Chrome/116.0.1938.76 Safari/537.36"
66.249.69.235 - - [02/Apr/2026:00:37:34 +0800] "GET /?pa=112974807398 HTTP/1.1" 200 554 "-" "Mozilla/5.0 (Linux; Android 6.0.1; Nexus 5X Build/MMB29P) AppleWebKit/537.36 (KHTML, like Gecko) Chrome/146.0.7680.164 Mobile Safari/537.36 (compatible; Googlebot/2.1; +http://www.google.com/bot.html)"
66.249.69.235 - - [02/Apr/2026:00:38:55 +0800] "GET /?pa=1129715338151 HTTP/1.1" 200 554 "-" "Mozilla/5.0 (Linux; Android 6.0.1; Nexus 5X Build/MMB29P) AppleWebKit/537.36 (KHTML, like Gecko) Chrome/146.0.7680.164 Mobile Safari/537.36 (compatible; Googlebot/2.1; +http://www.google.com/bot.html)"
89.148.42.170 - - [02/Apr/2026:00:38:57 +0800] "GET /disclaimer/?pa=1129719373346 HTTP/1.1" 200 554 "-" "Mozilla/5.0 (Windows NT 10.0; Win64; x64) AppleWebKit/537.36 (KHTML, like Gecko) Chrome/80.0.3987.163 Safari/537.36"
52.167.144.233 - - [02/Apr/2026:00:39:06 +0800] "GET /service-type/hospitality/ HTTP/1.1" 200 554 "-" "Mozilla/5.0 AppleWebKit/537.36 (KHTML, like Gecko; compatible; bingbot/2.0; +http://www.bing.com/bingbot.htm) Chrome/116.0.1938.76 Safari/537.36"
216.244.66.240 - - [02/Apr/2026:00:40:11 +0800] "GET /robots.txt HTTP/1.1" 200 138 "-" "Mozilla/5.0 (compatible; DotBot/1.2; +https://opensiteexplorer.org/dotbot; help@moz.com)"
51.195.86.160 - - [02/Apr/2026:00:40:22 +0800] "POST /wp-login.php HTTP/1.1" 200 554 "-" "Mozilla/5.0 (Windows NT 10.0; Win64; x64) AppleWebKit/537.43 (KHTML, like Gecko) Chrome/140.0.0.0 Safari/537.36 OPR/124.0.0.0"
66.249.69.234 - - [02/Apr/2026:00:41:12 +0800] "GET /?pa=1129712023449 HTTP/1.1" 200 554 "-" "Mozilla/5.0 (Linux; Android 6.0.1; Nexus 5X Build/MMB29P) AppleWebKit/537.36 (KHTML, like Gecko) Chrome/146.0.7680.164 Mobile Safari/537.36 (compatible; Googlebot/2.1; +http://www.google.com/bot.html)"
66.249.69.234 - - [02/Apr/2026:00:41:18 +0800] "GET /post-sitemap.xml HTTP/1.1" 200 554 "-" "Mozilla/5.0 (compatible; Googlebot/2.1; +http://www.google.com/bot.html)"
66.249.69.233 - - [02/Apr/2026:00:41:56 +0800] "GET /?pa=1129717335541 HTTP/1.1" 200 554 "-" "Mozilla/5.0 (Linux; Android 6.0.1; Nexus 5X Build/MMB29P) AppleWebKit/537.36 (KHTML, like Gecko) Chrome/146.0.7680.164 Mobile Safari/537.36 (compatible; Googlebot/2.1; +http://www.google.com/bot.html)"
66.249.69.234 - - [02/Apr/2026:00:42:04 +0800] "GET /?pa=1129717238744 HTTP/1.1" 200 554 "-" "Mozilla/5.0 (Linux; Android 6.0.1; Nexus 5X Build/MMB29P) AppleWebKit/537.36 (KHTML, like Gecko) Chrome/146.0.7680.164 Mobile Safari/537.36 (compatible; Googlebot/2.1; +http://www.google.com/bot.html)"
43.173.175.36 - - [02/Apr/2026:00:43:42 +0800] "GET /about-us/ HTTP/1.1" 200 554 "-" "Mozilla/5.0 (Windows NT 10.0; Win64; x64) AppleWebKit/537.36 (KHTML, like Gecko) Chrome/109.0.0.0 Safari/537.36"
66.249.69.235 - - [02/Apr/2026:00:44:09 +0800] "GET /?pa=1129716706900 HTTP/1.1" 200 554 "-" "Mozilla/5.0 (Linux; Android 6.0.1; Nexus 5X Build/MMB29P) AppleWebKit/537.36 (KHTML, like Gecko) Chrome/146.0.7680.164 Mobile Safari/537.36 (compatible; Googlebot/2.1; +http://www.google.com/bot.html)"
17.22.253.82 - - [02/Apr/2026:00:45:21 +0800] "GET /robots.txt HTTP/1.1" 200 104 "-" "Mozilla/5.0 (Macintosh; Intel Mac OS X 10_15_7) AppleWebKit/605.1.15 (KHTML, like Gecko) Version/17.4 Safari/605.1.15 (Applebot/0.1; +http://www.apple.com/go/applebot)"
17.22.253.82 - - [02/Apr/2026:00:45:22 +0800] "GET /wp-content/uploads/2018/05/masterplan.jpg HTTP/1.1" 200 38630 "-" "Mozilla/5.0 (Macintosh; Intel Mac OS X 10_15_7) AppleWebKit/605.1.15 (KHTML, like Gecko) Version/17.4 Safari/605.1.15 (Applebot/0.1; +http://www.apple.com/go/applebot)"
66.249.69.233 - - [02/Apr/2026:00:45:42 +0800] "GET /?pa=1129715798175 HTTP/1.1" 200 554 "-" "Mozilla/5.0 (Linux; Android 6.0.1; Nexus 5X Build/MMB29P) AppleWebKit/537.36 (KHTML, like Gecko) Chrome/146.0.7680.164 Mobile Safari/537.36 (compatible; Googlebot/2.1; +http://www.google.com/bot.html)"
66.249.69.233 - - [02/Apr/2026:00:46:17 +0800] "GET /?pa=1129717249474 HTTP/1.1" 200 554 "-" "Mozilla/5.0 (Linux; Android 6.0.1; Nexus 5X Build/MMB29P) AppleWebKit/537.36 (KHTML, like Gecko) Chrome/146.0.7680.164 Mobile Safari/537.36 (compatible; Googlebot/2.1; +http://www.google.com/bot.html)"
66.249.69.234 - - [02/Apr/2026:00:46:26 +0800] "GET /?pa=112974263751 HTTP/1.1" 200 554 "-" "Mozilla/5.0 (Linux; Android 6.0.1; Nexus 5X Build/MMB29P) AppleWebKit/537.36 (KHTML, like Gecko) Chrome/146.0.7680.164 Mobile Safari/537.36 (compatible; Googlebot/2.1; +http://www.google.com/bot.html)"
34.195.60.66 - - [02/Apr/2026:00:46:55 +0800] "GET /2020/10/ HTTP/1.1" 200 554 "-" "Mozilla/5.0 AppleWebKit/537.36 (KHTML, like Gecko; compatible; Amazonbot/0.1; +https://developer.amazon.com/support/amazonbot) Chrome/119.0.6045.214 Safari/537.36"
34.206.212.24 - - [02/Apr/2026:00:47:00 +0800] "GET /listing/land_19562003/ HTTP/1.1" 200 554 "-" "Mozilla/5.0 AppleWebKit/537.36 (KHTML, like Gecko; compatible; Amazonbot/0.1; +https://developer.amazon.com/support/amazonbot) Chrome/119.0.6045.214 Safari/537.36"
161.97.166.122 - - [02/Apr/2026:00:47:18 +0800] "POST /wp-login.php HTTP/1.1" 200 554 "-" "Mozilla/5.0 (Windows NT 10.0; Win64; x64) AppleWebKit/537.36 (KHTML, like Gecko) Chrome/141.0.0.0 Safari/537.36"
216.244.66.240 - - [02/Apr/2026:00:47:26 +0800] "GET /superslot.aspx HTTP/1.1" 200 1096 "-" "Mozilla/5.0 (compatible; DotBot/1.2; +https://opensiteexplorer.org/dotbot; help@moz.com)"
216.244.66.240 - - [02/Apr/2026:00:47:31 +0800] "GET /galaxy%20auto%20slot.aspx HTTP/1.1" 200 1096 "-" "Mozilla/5.0 (compatible; DotBot/1.2; +https://opensiteexplorer.org/dotbot; help@moz.com)"
216.244.66.240 - - [02/Apr/2026:00:47:36 +0800] "GET /%E0%B8%AA%E0%B8%A5%E0%B9%87%E0%B8%AD%E0%B8%95pg%E0%B9%80%E0%B8%A7%E0%B9%87%E0%B8%9A%E0%B8%95%E0%B8%A3%E0%B8%87.aspx HTTP/1.1" 200 1096 "-" "Mozilla/5.0 (compatible; DotBot/1.2; +https://opensiteexplorer.org/dotbot; help@moz.com)"
216.244.66.240 - - [02/Apr/2026:00:47:39 +0800] "GET /superslot%20%E0%B8%97%E0%B8%B2%E0%B8%87%E0%B9%80%E0%B8%82%E0%B9%89%E0%B8%B2.aspx HTTP/1.1" 200 1096 "-" "Mozilla/5.0 (compatible; DotBot/1.2; +https://opensiteexplorer.org/dotbot; help@moz.com)"
66.249.69.235 - - [02/Apr/2026:00:47:40 +0800] "GET /?pa=1129717368926 HTTP/1.1" 200 554 "-" "Mozilla/5.0 (Linux; Android 6.0.1; Nexus 5X Build/MMB29P) AppleWebKit/537.36 (KHTML, like Gecko) Chrome/146.0.7680.164 Mobile Safari/537.36 (compatible; Googlebot/2.1; +http://www.google.com/bot.html)"
216.244.66.240 - - [02/Apr/2026:00:47:42 +0800] "GET /%E0%B8%AA%E0%B8%A5%E0%B9%87%E0%B8%AD%E0%B8%95555.aspx HTTP/1.1" 200 1096 "-" "Mozilla/5.0 (compatible; DotBot/1.2; +https://opensiteexplorer.org/dotbot; help@moz.com)"
216.244.66.240 - - [02/Apr/2026:00:47:45 +0800] "GET /%E0%B9%80%E0%B8%A7%E0%B9%87%E0%B8%9A%E0%B8%9E%E0%B8%99%E0%B8%B1%E0%B8%99%E0%B8%AD%E0%B8%AD%E0%B8%99%E0%B9%84%E0%B8%A5%E0%B8%99%E0%B9%8C.aspx HTTP/1.1" 200 1096 "-" "Mozilla/5.0 (compatible; DotBot/1.2; +https://opensiteexplorer.org/dotbot; help@moz.com)"
66.249.69.233 - - [02/Apr/2026:00:49:07 +0800] "GET /?pa=1129717358098 HTTP/1.1" 200 554 "-" "Mozilla/5.0 (Linux; Android 6.0.1; Nexus 5X Build/MMB29P) AppleWebKit/537.36 (KHTML, like Gecko) Chrome/146.0.7680.164 Mobile Safari/537.36 (compatible; Googlebot/2.1; +http://www.google.com/bot.html)"
40.77.167.6 - - [02/Apr/2026:00:50:04 +0800] "GET /?p=345354524 HTTP/1.1" 200 554 "-" "Mozilla/5.0 AppleWebKit/537.36 (KHTML, like Gecko; compatible; bingbot/2.0; +http://www.bing.com/bingbot.htm) Chrome/116.0.1938.76 Safari/537.36"
66.249.69.235 - - [02/Apr/2026:00:50:34 +0800] "GET /?pa=1129716770855 HTTP/1.1" 200 554 "-" "Mozilla/5.0 (Linux; Android 6.0.1; Nexus 5X Build/MMB29P) AppleWebKit/537.36 (KHTML, like Gecko) Chrome/146.0.7680.164 Mobile Safari/537.36 (compatible; Googlebot/2.1; +http://www.google.com/bot.html)"
23.101.55.68 - - [02/Apr/2026:00:50:46 +0800] "GET /wp-content/plugins/hellopress/wp_filemanager.php HTTP/1.1" 200 1096 "-" "-"
23.101.55.68 - - [02/Apr/2026:00:50:46 +0800] "GET /pass4.php HTTP/1.1" 200 1096 "-" "-"
23.101.55.68 - - [02/Apr/2026:00:50:47 +0800] "GET /8daf1238_1774208172.php HTTP/1.1" 200 1096 "-" "-"
23.101.55.68 - - [02/Apr/2026:00:50:47 +0800] "GET /0yellow.php HTTP/1.1" 200 1096 "-" "-"
23.101.55.68 - - [02/Apr/2026:00:50:48 +0800] "GET /dichku.php HTTP/1.1" 200 1096 "-" "-"
23.101.55.68 - - [02/Apr/2026:00:50:48 +0800] "GET /wp.php HTTP/1.1" 200 1096 "-" "-"
23.101.55.68 - - [02/Apr/2026:00:50:49 +0800] "GET /gvg1bvpsgtot1rpklCdefault.php HTTP/1.1" 200 1096 "-" "-"
23.101.55.68 - - [02/Apr/2026:00:50:49 +0800] "GET /Ov-Simple1.php HTTP/1.1" 200 1096 "-" "-"
23.101.55.68 - - [02/Apr/2026:00:50:50 +0800] "GET /a9.php HTTP/1.1" 200 1096 "-" "-"
23.101.55.68 - - [02/Apr/2026:00:50:50 +0800] "GET /file61.php HTTP/1.1" 200 1096 "-" "-"
23.101.55.68 - - [02/Apr/2026:00:50:51 +0800] "GET /qiumnpor3orjwr6me3zmgqCdefault.php HTTP/1.1" 200 1096 "-" "-"
23.101.55.68 - - [02/Apr/2026:00:50:51 +0800] "GET /hnphq.php HTTP/1.1" 200 1096 "-" "-"
23.101.55.68 - - [02/Apr/2026:00:50:52 +0800] "GET /b4txckoieeyhynhsrpi9lCdefault.php HTTP/1.1" 200 1096 "-" "-"
23.101.55.68 - - [02/Apr/2026:00:50:52 +0800] "GET /aligk.php HTTP/1.1" 200 1096 "-" "-"
23.101.55.68 - - [02/Apr/2026:00:50:53 +0800] "GET /jlex.php HTTP/1.1" 200 1096 "-" "-"
23.101.55.68 - - [02/Apr/2026:00:50:54 +0800] "GET /wp-class-20260318124352.php HTTP/1.1" 200 1096 "-" "-"
23.101.55.68 - - [02/Apr/2026:00:50:54 +0800] "GET /5xkfgawzejgwqh9hiaznCdefault.php HTTP/1.1" 200 1096 "-" "-"
23.101.55.68 - - [02/Apr/2026:00:50:55 +0800] "GET /Okxob.php HTTP/1.1" 200 1096 "-" "-"
23.101.55.68 - - [02/Apr/2026:00:50:55 +0800] "GET /q7lhrgzoo7ijhnkcedq2Cdefault.php HTTP/1.1" 200 1096 "-" "-"
23.101.55.68 - - [02/Apr/2026:00:50:56 +0800] "GET /kthusnjbc8ab0jiryls2jinCdefault.php HTTP/1.1" 200 1096 "-" "-"
23.101.55.68 - - [02/Apr/2026:00:50:56 +0800] "GET /only.php HTTP/1.1" 200 1096 "-" "-"
23.101.55.68 - - [02/Apr/2026:00:50:57 +0800] "GET /repurify.php HTTP/1.1" 200 1096 "-" "-"
23.101.55.68 - - [02/Apr/2026:00:50:57 +0800] "GET /tdsaz.php HTTP/1.1" 200 1096 "-" "-"
23.101.55.68 - - [02/Apr/2026:00:50:58 +0800] "GET /xwx1.php HTTP/1.1" 200 1096 "-" "-"
23.101.55.68 - - [02/Apr/2026:00:50:58 +0800] "GET /hfles.php HTTP/1.1" 200 1096 "-" "-"
23.101.55.68 - - [02/Apr/2026:00:50:59 +0800] "GET /6xBAm3vODE05BSzkJZRAws.php HTTP/1.1" 200 1096 "-" "-"
23.101.55.68 - - [02/Apr/2026:00:50:59 +0800] "GET /byrgo.php HTTP/1.1" 200 1096 "-" "-"
23.101.55.68 - - [02/Apr/2026:00:51:00 +0800] "GET /wp-class-20260318122951.php HTTP/1.1" 200 1096 "-" "-"
23.101.55.68 - - [02/Apr/2026:00:51:00 +0800] "GET /lupo.php HTTP/1.1" 200 1096 "-" "-"
23.101.55.68 - - [02/Apr/2026:00:51:01 +0800] "GET /wp-moonka.php HTTP/1.1" 200 1096 "-" "-"
23.101.55.68 - - [02/Apr/2026:00:51:01 +0800] "GET /zoper1.php HTTP/1.1" 200 1096 "-" "-"
23.101.55.68 - - [02/Apr/2026:00:51:02 +0800] "GET /ta0ol.php HTTP/1.1" 200 1096 "-" "-"
23.101.55.68 - - [02/Apr/2026:00:51:02 +0800] "GET /irpl4xz4fmlzm4tlvvu4h1mCdefault.php HTTP/1.1" 200 1096 "-" "-"
23.101.55.68 - - [02/Apr/2026:00:51:03 +0800] "GET /wmore1.php HTTP/1.1" 200 1096 "-" "-"
23.101.55.68 - - [02/Apr/2026:00:51:03 +0800] "GET /tx79.php HTTP/1.1" 200 1096 "-" "-"
23.101.55.68 - - [02/Apr/2026:00:51:04 +0800] "GET /ibcqocdtu3eovdx2hwj7Cdefault.php HTTP/1.1" 200 1096 "-" "-"
23.101.55.68 - - [02/Apr/2026:00:51:04 +0800] "GET /less.php HTTP/1.1" 200 1096 "-" "-"
23.101.55.68 - - [02/Apr/2026:00:51:05 +0800] "GET /t2gorhwasq4vioshtatw5eCdefault.php HTTP/1.1" 200 1096 "-" "-"
23.101.55.68 - - [02/Apr/2026:00:51:05 +0800] "GET /new3.php HTTP/1.1" 200 1096 "-" "-"
23.101.55.68 - - [02/Apr/2026:00:51:06 +0800] "GET /xy.php HTTP/1.1" 200 1096 "-" "-"
23.101.55.68 - - [02/Apr/2026:00:51:06 +0800] "GET /rogsa.php HTTP/1.1" 200 1096 "-" "-"
23.101.55.68 - - [02/Apr/2026:00:51:07 +0800] "GET /htzevfl4k9ey5hoaywdwiCdefault.php HTTP/1.1" 200 1096 "-" "-"
23.101.55.68 - - [02/Apr/2026:00:51:07 +0800] "GET /sadcut1.php HTTP/1.1" 200 1096 "-" "-"
23.101.55.68 - - [02/Apr/2026:00:51:08 +0800] "GET /nhj6t74aqmkde3hgpCdefault.php HTTP/1.1" 200 1096 "-" "-"
23.101.55.68 - - [02/Apr/2026:00:51:08 +0800] "GET /wlld5fjtdpjmjhsds3qzmipfCdefault.php HTTP/1.1" 200 1096 "-" "-"
23.101.55.68 - - [02/Apr/2026:00:51:09 +0800] "GET /ogifomnzqnlvwh5womfjirvaCdefault.php HTTP/1.1" 200 1096 "-" "-"
23.101.55.68 - - [02/Apr/2026:00:51:09 +0800] "GET /CDX1.php HTTP/1.1" 200 1096 "-" "-"
23.101.55.68 - - [02/Apr/2026:00:51:10 +0800] "GET /ynjli.php HTTP/1.1" 200 1096 "-" "-"
23.101.55.68 - - [02/Apr/2026:00:51:10 +0800] "GET /a6.php HTTP/1.1" 200 1096 "-" "-"
23.101.55.68 - - [02/Apr/2026:00:51:11 +0800] "GET /mI35rZhMg1zJ1vuXdefault.php HTTP/1.1" 200 1096 "-" "-"
23.101.55.68 - - [02/Apr/2026:00:51:11 +0800] "GET /sts.php HTTP/1.1" 200 1096 "-" "-"
23.101.55.68 - - [02/Apr/2026:00:51:12 +0800] "GET /hbvdoz7cy9k6xge9zhuvkvitCdefault.php HTTP/1.1" 200 1096 "-" "-"
23.101.55.68 - - [02/Apr/2026:00:51:13 +0800] "GET /wziar1.php HTTP/1.1" 200 1096 "-" "-"
23.101.55.68 - - [02/Apr/2026:00:51:14 +0800] "GET /fsgdjkl.php HTTP/1.1" 200 1096 "-" "-"
23.101.55.68 - - [02/Apr/2026:00:51:15 +0800] "GET /exhds0ucw0ju9vjgasxqCdefault.php HTTP/1.1" 200 1096 "-" "-"
23.101.55.68 - - [02/Apr/2026:00:51:15 +0800] "GET /CDX2.php HTTP/1.1" 200 1096 "-" "-"
23.101.55.68 - - [02/Apr/2026:00:51:16 +0800] "GET /a8.php HTTP/1.1" 200 1096 "-" "-"
23.101.55.68 - - [02/Apr/2026:00:51:16 +0800] "GET /lmutxdvyp7u5yksqke8ozbjgCdefault.php HTTP/1.1" 200 1096 "-" "-"
23.101.55.68 - - [02/Apr/2026:00:51:17 +0800] "GET /ortasekerli1.php HTTP/1.1" 200 1096 "-" "-"
23.101.55.68 - - [02/Apr/2026:00:51:17 +0800] "GET /a7.php HTTP/1.1" 200 1096 "-" "-"
23.101.55.68 - - [02/Apr/2026:00:51:18 +0800] "GET /index-20260330022921.php HTTP/1.1" 200 1096 "-" "-"
23.101.55.68 - - [02/Apr/2026:00:51:18 +0800] "GET /Geforce.php HTTP/1.1" 200 1096 "-" "-"
23.101.55.68 - - [02/Apr/2026:00:51:19 +0800] "GET /press.php HTTP/1.1" 200 1096 "-" "-"
23.101.55.68 - - [02/Apr/2026:00:51:19 +0800] "GET /wp-ccv.php HTTP/1.1" 200 1096 "-" "-"
23.101.55.68 - - [02/Apr/2026:00:51:20 +0800] "GET /luyuc.php HTTP/1.1" 200 1096 "-" "-"
23.101.55.68 - - [02/Apr/2026:00:51:20 +0800] "GET /bless.php HTTP/1.1" 200 1096 "-" "-"
23.101.55.68 - - [02/Apr/2026:00:51:21 +0800] "GET /htto.php HTTP/1.1" 200 1096 "-" "-"
66.249.69.234 - - [02/Apr/2026:00:51:21 +0800] "GET /?pa=1129717189855 HTTP/1.1" 200 554 "-" "Mozilla/5.0 (Linux; Android 6.0.1; Nexus 5X Build/MMB29P) AppleWebKit/537.36 (KHTML, like Gecko) Chrome/146.0.7680.164 Mobile Safari/537.36 (compatible; Googlebot/2.1; +http://www.google.com/bot.html)"
66.249.69.235 - - [02/Apr/2026:00:52:02 +0800] "GET /?pa=1129716854714 HTTP/1.1" 200 554 "-" "Mozilla/5.0 (Linux; Android 6.0.1; Nexus 5X Build/MMB29P) AppleWebKit/537.36 (KHTML, like Gecko) Chrome/146.0.7680.164 Mobile Safari/537.36 (compatible; Googlebot/2.1; +http://www.google.com/bot.html)"
52.167.144.157 - - [02/Apr/2026:00:52:08 +0800] "GET /?p=18910524 HTTP/1.1" 200 554 "-" "Mozilla/5.0 AppleWebKit/537.36 (KHTML, like Gecko; compatible; bingbot/2.0; +http://www.bing.com/bingbot.htm) Chrome/116.0.1938.76 Safari/537.36"
66.249.69.234 - - [02/Apr/2026:00:53:29 +0800] "GET /?pa=1129717362450 HTTP/1.1" 200 554 "-" "Mozilla/5.0 (Linux; Android 6.0.1; Nexus 5X Build/MMB29P) AppleWebKit/537.36 (KHTML, like Gecko) Chrome/146.0.7680.164 Mobile Safari/537.36 (compatible; Googlebot/2.1; +http://www.google.com/bot.html)"
66.249.69.235 - - [02/Apr/2026:00:55:13 +0800] "GET /?pa=1129717252368 HTTP/1.1" 200 554 "-" "Mozilla/5.0 (Linux; Android 6.0.1; Nexus 5X Build/MMB29P) AppleWebKit/537.36 (KHTML, like Gecko) Chrome/146.0.7680.164 Mobile Safari/537.36 (compatible; Googlebot/2.1; +http://www.google.com/bot.html)"
66.249.69.234 - - [02/Apr/2026:00:56:01 +0800] "GET /?pa=1129717289230 HTTP/1.1" 200 554 "-" "Mozilla/5.0 (Linux; Android 6.0.1; Nexus 5X Build/MMB29P) AppleWebKit/537.36 (KHTML, like Gecko) Chrome/146.0.7680.164 Mobile Safari/537.36 (compatible; Googlebot/2.1; +http://www.google.com/bot.html)"
113.190.76.24 - - [02/Apr/2026:00:56:42 +0800] "GET /?pa=1129716677060 HTTP/1.1" 200 554 "-" "Mozilla/5.0 (Windows NT 10.0; Win64; x64) AppleWebKit/537.36 (KHTML, like Gecko) Chrome/83.0.4103.61 Safari/537.36"
116.179.32.221 - - [02/Apr/2026:00:57:18 +0800] "GET /service-type/hospital/ HTTP/1.1" 200 554 "-" "Mozilla/5.0 (Linux;u;Android 4.2.2;zh-cn;) AppleWebKit/534.46 (KHTML,like Gecko) Version/5.1 Mobile Safari/10600.6.3 (compatible; Baiduspider/2.0; +http://www.baidu.com/search/spider.html)"
116.179.32.173 - - [02/Apr/2026:00:57:20 +0800] "GET /service-type/hospital/ HTTP/1.1" 200 554 "-" "Mozilla/5.0 (compatible; Baiduspider/2.0; +http://www.baidu.com/search/spider.html)"
52.226.240.29 - - [02/Apr/2026:00:57:26 +0800] "POST /wp-login.php HTTP/1.1" 200 554 "-" "Mozilla/5.0 (Windows NT 10.0; rv:140.0) Gecko/20100101 Firefox/140.0"
66.249.69.234 - - [02/Apr/2026:00:58:03 +0800] "GET /?pa=1129717355221 HTTP/1.1" 200 554 "-" "Mozilla/5.0 (Linux; Android 6.0.1; Nexus 5X Build/MMB29P) AppleWebKit/537.36 (KHTML, like Gecko) Chrome/146.0.7680.164 Mobile Safari/537.36 (compatible; Googlebot/2.1; +http://www.google.com/bot.html)"
52.167.144.171 - - [02/Apr/2026:00:59:04 +0800] "GET /?p=18559224 HTTP/1.1" 200 554 "-" "Mozilla/5.0 AppleWebKit/537.36 (KHTML, like Gecko; compatible; bingbot/2.0; +http://www.bing.com/bingbot.htm) Chrome/116.0.1938.76 Safari/537.36"
66.249.69.233 - - [02/Apr/2026:01:01:15 +0800] "GET /?pa=1129717369117 HTTP/1.1" 200 554 "-" "Mozilla/5.0 (Linux; Android 6.0.1; Nexus 5X Build/MMB29P) AppleWebKit/537.36 (KHTML, like Gecko) Chrome/146.0.7680.164 Mobile Safari/537.36 (compatible; Googlebot/2.1; +http://www.google.com/bot.html)"
66.249.69.234 - - [02/Apr/2026:01:01:32 +0800] "GET /?pa=1129717009949 HTTP/1.1" 200 554 "-" "Mozilla/5.0 (Linux; Android 6.0.1; Nexus 5X Build/MMB29P) AppleWebKit/537.36 (KHTML, like Gecko) Chrome/146.0.7680.164 Mobile Safari/537.36 (compatible; Googlebot/2.1; +http://www.google.com/bot.html)"
40.77.167.35 - - [02/Apr/2026:01:01:50 +0800] "GET /?p=475858424 HTTP/1.1" 200 554 "-" "Mozilla/5.0 AppleWebKit/537.36 (KHTML, like Gecko; compatible; bingbot/2.0; +http://www.bing.com/bingbot.htm) Chrome/116.0.1938.76 Safari/537.36"
66.249.69.233 - - [02/Apr/2026:01:01:58 +0800] "GET /?pa=1129716850814 HTTP/1.1" 200 554 "-" "Mozilla/5.0 (Linux; Android 6.0.1; Nexus 5X Build/MMB29P) AppleWebKit/537.36 (KHTML, like Gecko) Chrome/146.0.7680.164 Mobile Safari/537.36 (compatible; Googlebot/2.1; +http://www.google.com/bot.html)"
66.249.69.233 - - [02/Apr/2026:01:02:42 +0800] "GET /?pa=1129716824955 HTTP/1.1" 200 554 "-" "Mozilla/5.0 (Linux; Android 6.0.1; Nexus 5X Build/MMB29P) AppleWebKit/537.36 (KHTML, like Gecko) Chrome/146.0.7680.164 Mobile Safari/537.36 (compatible; Googlebot/2.1; +http://www.google.com/bot.html)"
40.77.167.8 - - [02/Apr/2026:01:02:49 +0800] "GET /2019/04/21/what-to-make-of-incentives-and-discounts-on-offer-in-new-build-market/ HTTP/1.1" 200 554 "-" "Mozilla/5.0 AppleWebKit/537.36 (KHTML, like Gecko; compatible; bingbot/2.0; +http://www.bing.com/bingbot.htm) Chrome/116.0.1938.76 Safari/537.36"
66.249.69.235 - - [02/Apr/2026:01:03:35 +0800] "GET /?pa=1129717352396 HTTP/1.1" 200 554 "-" "Mozilla/5.0 (Linux; Android 6.0.1; Nexus 5X Build/MMB29P) AppleWebKit/537.36 (KHTML, like Gecko) Chrome/146.0.7680.164 Mobile Safari/537.36 (compatible; Googlebot/2.1; +http://www.google.com/bot.html)"
66.249.69.234 - - [02/Apr/2026:01:05:08 +0800] "GET /?pa=1129717359633 HTTP/1.1" 200 554 "-" "Mozilla/5.0 (Linux; Android 6.0.1; Nexus 5X Build/MMB29P) AppleWebKit/537.36 (KHTML, like Gecko) Chrome/146.0.7680.164 Mobile Safari/537.36 (compatible; Googlebot/2.1; +http://www.google.com/bot.html)"
66.249.69.233 - - [02/Apr/2026:01:05:52 +0800] "GET /?pa=1129716712031 HTTP/1.1" 200 554 "-" "Mozilla/5.0 (Linux; Android 6.0.1; Nexus 5X Build/MMB29P) AppleWebKit/537.36 (KHTML, like Gecko) Chrome/146.0.7680.164 Mobile Safari/537.36 (compatible; Googlebot/2.1; +http://www.google.com/bot.html)"
52.167.144.171 - - [02/Apr/2026:01:05:54 +0800] "GET /?p=131651824 HTTP/1.1" 200 554 "-" "Mozilla/5.0 AppleWebKit/537.36 (KHTML, like Gecko; compatible; bingbot/2.0; +http://www.bing.com/bingbot.htm) Chrome/116.0.1938.76 Safari/537.36"
66.249.69.234 - - [02/Apr/2026:01:08:14 +0800] "GET /?pa=1129716652522 HTTP/1.1" 200 554 "-" "Mozilla/5.0 (Linux; Android 6.0.1; Nexus 5X Build/MMB29P) AppleWebKit/537.36 (KHTML, like Gecko) Chrome/146.0.7680.164 Mobile Safari/537.36 (compatible; Googlebot/2.1; +http://www.google.com/bot.html)"
66.249.69.233 - - [02/Apr/2026:01:08:58 +0800] "GET /?para-bpdqdbbp-marap.phtml HTTP/1.1" 200 554 "-" "Mozilla/5.0 (Linux; Android 6.0.1; Nexus 5X Build/MMB29P) AppleWebKit/537.36 (KHTML, like Gecko) Chrome/146.0.7680.164 Mobile Safari/537.36 (compatible; Googlebot/2.1; +http://www.google.com/bot.html)"
66.249.69.233 - - [02/Apr/2026:01:09:42 +0800] "GET /?pa=1129716994903 HTTP/1.1" 200 554 "-" "Mozilla/5.0 (Linux; Android 6.0.1; Nexus 5X Build/MMB29P) AppleWebKit/537.36 (KHTML, like Gecko) Chrome/146.0.7680.164 Mobile Safari/537.36 (compatible; Googlebot/2.1; +http://www.google.com/bot.html)"
66.249.69.234 - - [02/Apr/2026:01:10:58 +0800] "GET /?pa=1129716656614 HTTP/1.1" 200 554 "-" "Mozilla/5.0 (Linux; Android 6.0.1; Nexus 5X Build/MMB29P) AppleWebKit/537.36 (KHTML, like Gecko) Chrome/146.0.7680.164 Mobile Safari/537.36 (compatible; Googlebot/2.1; +http://www.google.com/bot.html)"
66.249.69.234 - - [02/Apr/2026:01:13:14 +0800] "GET /?pa=1129717369876 HTTP/1.1" 200 554 "-" "Mozilla/5.0 (Linux; Android 6.0.1; Nexus 5X Build/MMB29P) AppleWebKit/537.36 (KHTML, like Gecko) Chrome/146.0.7680.164 Mobile Safari/537.36 (compatible; Googlebot/2.1; +http://www.google.com/bot.html)"
66.249.69.233 - - [02/Apr/2026:01:13:58 +0800] "GET /?pa=1129716512948 HTTP/1.1" 200 554 "-" "Mozilla/5.0 (Linux; Android 6.0.1; Nexus 5X Build/MMB29P) AppleWebKit/537.36 (KHTML, like Gecko) Chrome/146.0.7680.164 Mobile Safari/537.36 (compatible; Googlebot/2.1; +http://www.google.com/bot.html)"
66.249.69.233 - - [02/Apr/2026:01:15:26 +0800] "GET /?pa=1129717072826 HTTP/1.1" 200 554 "-" "Mozilla/5.0 (Linux; Android 6.0.1; Nexus 5X Build/MMB29P) AppleWebKit/537.36 (KHTML, like Gecko) Chrome/146.0.7680.164 Mobile Safari/537.36 (compatible; Googlebot/2.1; +http://www.google.com/bot.html)"
66.249.69.234 - - [02/Apr/2026:01:15:38 +0800] "GET /?pa=1129716665138 HTTP/1.1" 200 554 "-" "Mozilla/5.0 (Linux; Android 6.0.1; Nexus 5X Build/MMB29P) AppleWebKit/537.36 (KHTML, like Gecko) Chrome/146.0.7680.164 Mobile Safari/537.36 (compatible; Googlebot/2.1; +http://www.google.com/bot.html)"
66.249.69.233 - - [02/Apr/2026:01:15:56 +0800] "GET /?pa=1129716554313 HTTP/1.1" 200 554 "-" "Mozilla/5.0 (Linux; Android 6.0.1; Nexus 5X Build/MMB29P) AppleWebKit/537.36 (KHTML, like Gecko) Chrome/146.0.7680.164 Mobile Safari/537.36 (compatible; Googlebot/2.1; +http://www.google.com/bot.html)"
66.249.69.235 - - [02/Apr/2026:01:16:16 +0800] "GET /?pa=1129716762122 HTTP/1.1" 200 554 "-" "Mozilla/5.0 (Linux; Android 6.0.1; Nexus 5X Build/MMB29P) AppleWebKit/537.36 (KHTML, like Gecko) Chrome/146.0.7680.164 Mobile Safari/537.36 (compatible; Googlebot/2.1; +http://www.google.com/bot.html)"
198.244.168.184 - - [02/Apr/2026:01:16:33 +0800] "GET /2020/12/01/federal-government-homebuilder-deadline-extended/ HTTP/1.1" 200 554 "-" "Mozilla/5.0 (compatible; AhrefsBot/7.0; +http://ahrefs.com/robot/)"
66.249.69.234 - - [02/Apr/2026:01:17:21 +0800] "GET /?pa=1129717349558 HTTP/1.1" 200 554 "-" "Mozilla/5.0 (Linux; Android 6.0.1; Nexus 5X Build/MMB29P) AppleWebKit/537.36 (KHTML, like Gecko) Chrome/146.0.7680.164 Mobile Safari/537.36 (compatible; Googlebot/2.1; +http://www.google.com/bot.html)"
66.249.69.234 - - [02/Apr/2026:01:18:10 +0800] "GET /?pa=1129717287352 HTTP/1.1" 200 554 "-" "Mozilla/5.0 (Linux; Android 6.0.1; Nexus 5X Build/MMB29P) AppleWebKit/537.36 (KHTML, like Gecko) Chrome/146.0.7680.164 Mobile Safari/537.36 (compatible; Googlebot/2.1; +http://www.google.com/bot.html)"
66.249.69.234 - - [02/Apr/2026:01:18:28 +0800] "GET /?pa=1129717368820 HTTP/1.1" 200 554 "-" "Mozilla/5.0 (Linux; Android 6.0.1; Nexus 5X Build/MMB29P) AppleWebKit/537.36 (KHTML, like Gecko) Chrome/146.0.7680.164 Mobile Safari/537.36 (compatible; Googlebot/2.1; +http://www.google.com/bot.html)"
66.249.69.234 - - [02/Apr/2026:01:19:11 +0800] "GET /?pa=1129716464888 HTTP/1.1" 200 554 "-" "Mozilla/5.0 (Linux; Android 6.0.1; Nexus 5X Build/MMB29P) AppleWebKit/537.36 (KHTML, like Gecko) Chrome/146.0.7680.164 Mobile Safari/537.36 (compatible; Googlebot/2.1; +http://www.google.com/bot.html)"
216.144.229.127 - - [02/Apr/2026:01:19:34 +0800] "GET / HTTP/1.1" 200 554 "-" "Mozilla/5.0 (Windows NT 10.0; Win64; x64) AppleWebKit/537.36 (KHTML, like Gecko) Chrome/120.0.0.0 Safari/537.36"
216.144.229.127 - - [02/Apr/2026:01:19:36 +0800] "GET / HTTP/1.1" 200 554 "-" "Mozilla/5.0 (Windows NT 10.0; Win64; x64) AppleWebKit/537.36 (KHTML, like Gecko) Chrome/120.0.0.0 Safari/537.36"
216.144.229.127 - - [02/Apr/2026:01:19:36 +0800] "GET / HTTP/1.1" 200 554 "-" "Mozilla/5.0 (Windows NT 10.0; Win64; x64) AppleWebKit/537.36 (KHTML, like Gecko) Chrome/120.0.0.0 Safari/537.36"
216.144.229.127 - - [02/Apr/2026:01:19:37 +0800] "GET / HTTP/1.1" 200 554 "-" "Mozilla/5.0 (Windows NT 10.0; Win64; x64) AppleWebKit/537.36 (KHTML, like Gecko) Chrome/120.0.0.0 Safari/537.36"
66.249.69.233 - - [02/Apr/2026:01:19:41 +0800] "GET /?pa=1129716332914 HTTP/1.1" 200 554 "-" "Mozilla/5.0 (Linux; Android 6.0.1; Nexus 5X Build/MMB29P) AppleWebKit/537.36 (KHTML, like Gecko) Chrome/146.0.7680.164 Mobile Safari/537.36 (compatible; Googlebot/2.1; +http://www.google.com/bot.html)"
66.249.69.233 - - [02/Apr/2026:01:19:41 +0800] "GET /https://paramountbaldivis.com.au/?pa=1129717245789 HTTP/1.1" 200 554 "-" "Mozilla/5.0 (Linux; Android 6.0.1; Nexus 5X Build/MMB29P) AppleWebKit/537.36 (KHTML, like Gecko) Chrome/146.0.7680.164 Mobile Safari/537.36 (compatible; Googlebot/2.1; +http://www.google.com/bot.html)"
66.249.69.233 - - [02/Apr/2026:01:19:59 +0800] "GET /?pa=1129716357254 HTTP/1.1" 200 554 "-" "Mozilla/5.0 (Linux; Android 6.0.1; Nexus 5X Build/MMB29P) AppleWebKit/537.36 (KHTML, like Gecko) Chrome/146.0.7680.164 Mobile Safari/537.36 (compatible; Googlebot/2.1; +http://www.google.com/bot.html)"
47.82.14.240 - - [02/Apr/2026:01:21:20 +0800] "GET /info/choosing-a-settlement-agent-solicitor/ HTTP/1.1" 200 554 "-" "Mozilla/5.0 (Windows NT 10.0; Win64; x64) AppleWebKit/537.36 (KHTML, like Gecko) Chrome/139.0.0.0 Safari/537.36"
40.77.167.35 - - [02/Apr/2026:01:22:32 +0800] "GET /?p=381961224 HTTP/1.1" 200 554 "-" "Mozilla/5.0 AppleWebKit/537.36 (KHTML, like Gecko; compatible; bingbot/2.0; +http://www.bing.com/bingbot.htm) Chrome/116.0.1938.76 Safari/537.36"
216.244.66.240 - - [02/Apr/2026:01:25:36 +0800] "GET /robots.txt HTTP/1.1" 200 138 "-" "Mozilla/5.0 (compatible; DotBot/1.2; +https://opensiteexplorer.org/dotbot; help@moz.com)"
40.77.167.35 - - [02/Apr/2026:01:25:52 +0800] "GET /?p=419227324 HTTP/1.1" 200 554 "-" "Mozilla/5.0 AppleWebKit/537.36 (KHTML, like Gecko; compatible; bingbot/2.0; +http://www.bing.com/bingbot.htm) Chrome/116.0.1938.76 Safari/537.36"
106.219.181.227 - - [02/Apr/2026:01:26:13 +0800] "GET / HTTP/1.1" 200 554 "-" "Mozilla/5.0 (Macintosh; Intel Mac OS X 10_15_7) AppleWebKit/537.36 (KHTML, like Gecko) Chrome/124.0.0.0 Safari/537.36"
103.131.71.23 - - [02/Apr/2026:01:26:18 +0800] "GET /robots.txt HTTP/1.1" 200 104 "-" "Mozilla/5.0 (compatible; coccocbot-image/1.0; +http://help.coccoc.com/searchengine)"
103.131.71.29 - - [02/Apr/2026:01:26:22 +0800] "GET /wp-content/uploads/2018/06/homebuyer-150x150.jpg HTTP/1.1" 304 - "-" "Mozilla/5.0 (compatible; coccocbot-image/1.0; +http://help.coccoc.com/searchengine)"
49.235.136.28 - - [02/Apr/2026:01:26:43 +0800] "GET / HTTP/1.1" 403 1096 "-" "Mozilla/5.0 (iPhone; CPU iPhone OS 13_2_3 like Mac OS X) AppleWebKit/605.1.15 (KHTML, like Gecko) Version/13.0.3 Mobile/15E148 Safari/604.1"
220.181.108.110 - - [02/Apr/2026:01:27:49 +0800] "GET /service-type/hospital/ HTTP/1.1" 200 554 "-" "Mozilla/5.0 (Linux;u;Android 4.2.2;zh-cn;) AppleWebKit/534.46 (KHTML,like Gecko) Version/5.1 Mobile Safari/10600.6.3 (compatible; Baiduspider/2.0; +http://www.baidu.com/search/spider.html)"
66.249.69.234 - - [02/Apr/2026:01:27:51 +0800] "GET /?pa=1129717369876 HTTP/1.1" 200 554 "-" "Mozilla/5.0 (Linux; Android 6.0.1; Nexus 5X Build/MMB29P) AppleWebKit/537.36 (KHTML, like Gecko) Chrome/146.0.7680.164 Mobile Safari/537.36 (compatible; Googlebot/2.1; +http://www.google.com/bot.html)"
66.249.69.234 - - [02/Apr/2026:01:29:39 +0800] "GET /?pa=1129716512948 HTTP/1.1" 200 554 "-" "Mozilla/5.0 (Linux; Android 6.0.1; Nexus 5X Build/MMB29P) AppleWebKit/537.36 (KHTML, like Gecko) Chrome/146.0.7680.164 Mobile Safari/537.36 (compatible; Googlebot/2.1; +http://www.google.com/bot.html)"
152.203.80.171 - - [02/Apr/2026:01:29:40 +0800] "GET /wp-content/uploads/2024/10/Paramount-Pricelist.pdf HTTP/1.1" 200 104344 "-" "Mozilla/5.0 (iPod; U; CPU iPhone OS 3_0 like Mac OS X; mg-MG) AppleWebKit/533.48.3 (KHTML, like Gecko) Version/4.0.5 Mobile/8B115 Safari/6533.48.3"
66.249.69.233 - - [02/Apr/2026:01:30:15 +0800] "GET /?pa=1129716665138 HTTP/1.1" 200 554 "-" "Mozilla/5.0 (Linux; Android 6.0.1; Nexus 5X Build/MMB29P) AppleWebKit/537.36 (KHTML, like Gecko) Chrome/146.0.7680.164 Mobile Safari/537.36 (compatible; Googlebot/2.1; +http://www.google.com/bot.html)"
66.249.69.233 - - [02/Apr/2026:01:31:27 +0800] "GET /?pa=1129716554313 HTTP/1.1" 200 554 "-" "Mozilla/5.0 (Linux; Android 6.0.1; Nexus 5X Build/MMB29P) AppleWebKit/537.36 (KHTML, like Gecko) Chrome/146.0.7680.164 Mobile Safari/537.36 (compatible; Googlebot/2.1; +http://www.google.com/bot.html)"
66.249.69.233 - - [02/Apr/2026:01:32:02 +0800] "GET /?pa=1129716762122 HTTP/1.1" 200 554 "-" "Mozilla/5.0 (Linux; Android 6.0.1; Nexus 5X Build/MMB29P) AppleWebKit/537.36 (KHTML, like Gecko) Chrome/146.0.7680.164 Mobile Safari/537.36 (compatible; Googlebot/2.1; +http://www.google.com/bot.html)"
216.244.66.240 - - [02/Apr/2026:01:32:10 +0800] "GET /%E0%B8%8B%E0%B8%B8%E0%B8%9B%E0%B9%80%E0%B8%9B%E0%B8%AD%E0%B8%A3%E0%B9%8C%E0%B8%AA%E0%B8%A5%E0%B9%87%E0%B8%AD%E0%B8%951234.aspx HTTP/1.1" 200 1096 "-" "Mozilla/5.0 (compatible; DotBot/1.2; +https://opensiteexplorer.org/dotbot; help@moz.com)"
66.249.69.235 - - [02/Apr/2026:01:34:42 +0800] "GET /?pa=1129717349558 HTTP/1.1" 200 554 "-" "Mozilla/5.0 (Linux; Android 6.0.1; Nexus 5X Build/MMB29P) AppleWebKit/537.36 (KHTML, like Gecko) Chrome/146.0.7680.164 Mobile Safari/537.36 (compatible; Googlebot/2.1; +http://www.google.com/bot.html)"
216.73.216.21 - - [02/Apr/2026:01:35:51 +0800] "GET /robots.txt HTTP/1.1" 200 104 "-" "Mozilla/5.0 AppleWebKit/537.36 (KHTML, like Gecko; compatible; ClaudeBot/1.0; +claudebot@anthropic.com)"
216.73.216.21 - - [02/Apr/2026:01:35:51 +0800] "GET /sitemap.xml HTTP/1.1" 200 554 "-" "Mozilla/5.0 AppleWebKit/537.36 (KHTML, like Gecko; compatible; ClaudeBot/1.0; +claudebot@anthropic.com)"
66.249.69.234 - - [02/Apr/2026:01:35:59 +0800] "GET /?pa=1129717368820 HTTP/1.1" 200 554 "-" "Mozilla/5.0 (Linux; Android 6.0.1; Nexus 5X Build/MMB29P) AppleWebKit/537.36 (KHTML, like Gecko) Chrome/146.0.7680.164 Mobile Safari/537.36 (compatible; Googlebot/2.1; +http://www.google.com/bot.html)"
66.249.69.235 - - [02/Apr/2026:01:36:17 +0800] "GET /?pa=1129717287352 HTTP/1.1" 200 554 "-" "Mozilla/5.0 (Linux; Android 6.0.1; Nexus 5X Build/MMB29P) AppleWebKit/537.36 (KHTML, like Gecko) Chrome/146.0.7680.164 Mobile Safari/537.36 (compatible; Googlebot/2.1; +http://www.google.com/bot.html)"
66.249.69.234 - - [02/Apr/2026:01:36:35 +0800] "GET /?pa=1129716464888 HTTP/1.1" 200 554 "-" "Mozilla/5.0 (Linux; Android 6.0.1; Nexus 5X Build/MMB29P) AppleWebKit/537.36 (KHTML, like Gecko) Chrome/146.0.7680.164 Mobile Safari/537.36 (compatible; Googlebot/2.1; +http://www.google.com/bot.html)"
104.210.140.139 - - [02/Apr/2026:01:36:35 +0800] "GET /robots.txt HTTP/1.1" 200 104 "-" "Mozilla/5.0 (Macintosh; Intel Mac OS X 10_15_7) AppleWebKit/537.36 (KHTML, like Gecko) Chrome/131.0.0.0 Safari/537.36; compatible; OAI-SearchBot/1.0; +https://openai.com/searchbot"
66.249.69.233 - - [02/Apr/2026:01:36:53 +0800] "GET /?pa=1129716332914 HTTP/1.1" 200 554 "-" "Mozilla/5.0 (Linux; Android 6.0.1; Nexus 5X Build/MMB29P) AppleWebKit/537.36 (KHTML, like Gecko) Chrome/146.0.7680.164 Mobile Safari/537.36 (compatible; Googlebot/2.1; +http://www.google.com/bot.html)"
66.249.69.233 - - [02/Apr/2026:01:37:10 +0800] "GET /?pa=1129716357254 HTTP/1.1" 200 554 "-" "Mozilla/5.0 (Linux; Android 6.0.1; Nexus 5X Build/MMB29P) AppleWebKit/537.36 (KHTML, like Gecko) Chrome/146.0.7680.164 Mobile Safari/537.36 (compatible; Googlebot/2.1; +http://www.google.com/bot.html)"
66.249.69.233 - - [02/Apr/2026:01:37:28 +0800] "GET /?pa=1129717366943 HTTP/1.1" 200 554 "-" "Mozilla/5.0 (Linux; Android 6.0.1; Nexus 5X Build/MMB29P) AppleWebKit/537.36 (KHTML, like Gecko) Chrome/146.0.7680.164 Mobile Safari/537.36 (compatible; Googlebot/2.1; +http://www.google.com/bot.html)"
44.217.177.142 - - [02/Apr/2026:01:37:39 +0800] "GET /personal-information-collection HTTP/1.1" 200 554 "-" "Mozilla/5.0 AppleWebKit/537.36 (KHTML, like Gecko; compatible; Amazonbot/0.1; +https://developer.amazon.com/support/amazonbot) Chrome/119.0.6045.214 Safari/537.36"
216.144.229.127 - - [02/Apr/2026:01:37:43 +0800] "GET / HTTP/1.1" 200 554 "-" "Mozilla/5.0 (Windows NT 10.0; Win64; x64) AppleWebKit/537.36 (KHTML, like Gecko) Chrome/120.0.0.0 Safari/537.36"
44.215.61.66 - - [02/Apr/2026:01:37:43 +0800] "GET /info/rmd-city-of-rockingham/ HTTP/1.1" 200 554 "-" "Mozilla/5.0 AppleWebKit/537.36 (KHTML, like Gecko; compatible; Amazonbot/0.1; +https://developer.amazon.com/support/amazonbot) Chrome/119.0.6045.214 Safari/537.36"
66.249.69.233 - - [02/Apr/2026:01:37:46 +0800] "GET /?pa=1129717367734 HTTP/1.1" 200 554 "-" "Mozilla/5.0 (Linux; Android 6.0.1; Nexus 5X Build/MMB29P) AppleWebKit/537.36 (KHTML, like Gecko) Chrome/146.0.7680.164 Mobile Safari/537.36 (compatible; Googlebot/2.1; +http://www.google.com/bot.html)"
66.249.69.235 - - [02/Apr/2026:01:38:22 +0800] "GET /?pa=1129716879794 HTTP/1.1" 200 554 "-" "Mozilla/5.0 (Linux; Android 6.0.1; Nexus 5X Build/MMB29P) AppleWebKit/537.36 (KHTML, like Gecko) Chrome/146.0.7680.164 Mobile Safari/537.36 (compatible; Googlebot/2.1; +http://www.google.com/bot.html)"
66.249.69.233 - - [02/Apr/2026:01:38:58 +0800] "GET /?pa=1129716852233 HTTP/1.1" 200 554 "-" "Mozilla/5.0 (Linux; Android 6.0.1; Nexus 5X Build/MMB29P) AppleWebKit/537.36 (KHTML, like Gecko) Chrome/146.0.7680.164 Mobile Safari/537.36 (compatible; Googlebot/2.1; +http://www.google.com/bot.html)"
66.249.69.234 - - [02/Apr/2026:01:40:39 +0800] "GET /?pa=1129717359654 HTTP/1.1" 200 554 "-" "Mozilla/5.0 (Linux; Android 6.0.1; Nexus 5X Build/MMB29P) AppleWebKit/537.36 (KHTML, like Gecko) Chrome/146.0.7680.164 Mobile Safari/537.36 (compatible; Googlebot/2.1; +http://www.google.com/bot.html)"
66.249.69.234 - - [02/Apr/2026:01:40:57 +0800] "GET /?pa=1129717348145 HTTP/1.1" 200 554 "-" "Mozilla/5.0 (Linux; Android 6.0.1; Nexus 5X Build/MMB29P) AppleWebKit/537.36 (KHTML, like Gecko) Chrome/146.0.7680.164 Mobile Safari/537.36 (compatible; Googlebot/2.1; +http://www.google.com/bot.html)"
66.249.69.234 - - [02/Apr/2026:01:41:21 +0800] "GET /?pa=1129716940501 HTTP/1.1" 200 554 "-" "Mozilla/5.0 (Linux; Android 6.0.1; Nexus 5X Build/MMB29P) AppleWebKit/537.36 (KHTML, like Gecko) Chrome/146.0.7680.164 Mobile Safari/537.36 (compatible; Googlebot/2.1; +http://www.google.com/bot.html)"
66.249.69.234 - - [02/Apr/2026:01:42:27 +0800] "GET /?pa=1129716867612 HTTP/1.1" 200 554 "-" "Mozilla/5.0 (Linux; Android 6.0.1; Nexus 5X Build/MMB29P) AppleWebKit/537.36 (KHTML, like Gecko) Chrome/146.0.7680.164 Mobile Safari/537.36 (compatible; Googlebot/2.1; +http://www.google.com/bot.html)"
66.249.69.234 - - [02/Apr/2026:01:42:45 +0800] "GET /?pa=1129716886388 HTTP/1.1" 200 554 "-" "Mozilla/5.0 (Linux; Android 6.0.1; Nexus 5X Build/MMB29P) AppleWebKit/537.36 (KHTML, like Gecko) Chrome/146.0.7680.164 Mobile Safari/537.36 (compatible; Googlebot/2.1; +http://www.google.com/bot.html)"
66.249.69.234 - - [02/Apr/2026:01:43:38 +0800] "GET /?pa=1129716392783 HTTP/1.1" 200 554 "-" "Mozilla/5.0 (Linux; Android 6.0.1; Nexus 5X Build/MMB29P) AppleWebKit/537.36 (KHTML, like Gecko) Chrome/146.0.7680.164 Mobile Safari/537.36 (compatible; Googlebot/2.1; +http://www.google.com/bot.html)"
66.249.69.234 - - [02/Apr/2026:01:43:56 +0800] "GET /?pa=1129716882295 HTTP/1.1" 200 554 "-" "Mozilla/5.0 (Linux; Android 6.0.1; Nexus 5X Build/MMB29P) AppleWebKit/537.36 (KHTML, like Gecko) Chrome/146.0.7680.164 Mobile Safari/537.36 (compatible; Googlebot/2.1; +http://www.google.com/bot.html)"
66.249.69.235 - - [02/Apr/2026:01:44:50 +0800] "GET /?pa=1129716380511 HTTP/1.1" 200 554 "-" "Mozilla/5.0 (Linux; Android 6.0.1; Nexus 5X Build/MMB29P) AppleWebKit/537.36 (KHTML, like Gecko) Chrome/146.0.7680.164 Mobile Safari/537.36 (compatible; Googlebot/2.1; +http://www.google.com/bot.html)"
14.180.245.175 - - [02/Apr/2026:01:45:08 +0800] "GET /2020/01/05/the-5-best-things-to-do-in-baldivis-this-school-holidays/perthwake/ HTTP/1.1" 200 554 "-" "Mozilla/5.0 (Macintosh; Intel Mac OS X 10_10_5) AppleWebKit/537.36 (KHTML, like Gecko) Chrome/87.0.4280.88 Safari/537.36"
66.249.69.233 - - [02/Apr/2026:01:45:08 +0800] "GET /?pa=1129716848308 HTTP/1.1" 200 554 "-" "Mozilla/5.0 (Linux; Android 6.0.1; Nexus 5X Build/MMB29P) AppleWebKit/537.36 (KHTML, like Gecko) Chrome/146.0.7680.164 Mobile Safari/537.36 (compatible; Googlebot/2.1; +http://www.google.com/bot.html)"
66.249.69.234 - - [02/Apr/2026:01:45:32 +0800] "GET /?pa=1129716374839 HTTP/1.1" 200 554 "-" "Mozilla/5.0 (Linux; Android 6.0.1; Nexus 5X Build/MMB29P) AppleWebKit/537.36 (KHTML, like Gecko) Chrome/146.0.7680.164 Mobile Safari/537.36 (compatible; Googlebot/2.1; +http://www.google.com/bot.html)"
173.252.87.26 - - [02/Apr/2026:01:45:48 +0800] "GET /robots.txt HTTP/1.1" 206 138 "-" "facebookexternalhit/1.1 (+http://www.facebook.com/externalhit_uatext.php)"
66.249.69.235 - - [02/Apr/2026:01:47:07 +0800] "GET /?pa=1129716699922 HTTP/1.1" 200 554 "-" "Mozilla/5.0 (Linux; Android 6.0.1; Nexus 5X Build/MMB29P) AppleWebKit/537.36 (KHTML, like Gecko) Chrome/146.0.7680.164 Mobile Safari/537.36 (compatible; Googlebot/2.1; +http://www.google.com/bot.html)"
66.249.69.234 - - [02/Apr/2026:01:47:25 +0800] "GET /?pa=1129716646237 HTTP/1.1" 200 554 "-" "Mozilla/5.0 (Linux; Android 6.0.1; Nexus 5X Build/MMB29P) AppleWebKit/537.36 (KHTML, like Gecko) Chrome/146.0.7680.164 Mobile Safari/537.36 (compatible; Googlebot/2.1; +http://www.google.com/bot.html)"
66.249.69.233 - - [02/Apr/2026:01:47:43 +0800] "GET /?pa=1129716747043 HTTP/1.1" 200 554 "-" "Mozilla/5.0 (Linux; Android 6.0.1; Nexus 5X Build/MMB29P) AppleWebKit/537.36 (KHTML, like Gecko) Chrome/146.0.7680.164 Mobile Safari/537.36 (compatible; Googlebot/2.1; +http://www.google.com/bot.html)"
20.237.8.18 - - [02/Apr/2026:01:48:56 +0800] "POST /wp-login.php HTTP/1.1" 200 554 "-" "Mozilla/5.0 (Windows NT 10.0; WOW64) AppleWebKit/537.36 (KHTML, like Gecko) Chrome/140.0.0.0 Safari/537.36 Edg/140.0.0.0"
52.167.144.220 - - [02/Apr/2026:01:50:18 +0800] "GET /?p=507986824 HTTP/1.1" 200 554 "-" "Mozilla/5.0 AppleWebKit/537.36 (KHTML, like Gecko; compatible; bingbot/2.0; +http://www.bing.com/bingbot.htm) Chrome/116.0.1938.76 Safari/537.36"
83.244.38.152 - - [02/Apr/2026:01:50:55 +0800] "GET /?pa=11297869213 HTTP/1.1" 200 554 "-" "Mozilla/5.0 (Macintosh; Intel Mac OS X 10_13_6) AppleWebKit/537.36 (KHTML, like Gecko) Chrome/99.0.4844.84 Safari/537.36"
66.249.69.233 - - [02/Apr/2026:01:51:15 +0800] "GET /?pa=1129716647877 HTTP/1.1" 200 554 "-" "Mozilla/5.0 (Linux; Android 6.0.1; Nexus 5X Build/MMB29P) AppleWebKit/537.36 (KHTML, like Gecko) Chrome/146.0.7680.164 Mobile Safari/537.36 (compatible; Googlebot/2.1; +http://www.google.com/bot.html)"
66.249.69.233 - - [02/Apr/2026:01:51:33 +0800] "GET /?pa=1129716390057 HTTP/1.1" 200 554 "-" "Mozilla/5.0 (Linux; Android 6.0.1; Nexus 5X Build/MMB29P) AppleWebKit/537.36 (KHTML, like Gecko) Chrome/146.0.7680.164 Mobile Safari/537.36 (compatible; Googlebot/2.1; +http://www.google.com/bot.html)"
66.249.69.234 - - [02/Apr/2026:01:52:20 +0800] "GET /?pa=1129716707230 HTTP/1.1" 200 554 "-" "Mozilla/5.0 (Linux; Android 6.0.1; Nexus 5X Build/MMB29P) AppleWebKit/537.36 (KHTML, like Gecko) Chrome/146.0.7680.164 Mobile Safari/537.36 (compatible; Googlebot/2.1; +http://www.google.com/bot.html)"
66.249.69.233 - - [02/Apr/2026:01:52:38 +0800] "GET /?pa=1129716698147 HTTP/1.1" 200 554 "-" "Mozilla/5.0 (Linux; Android 6.0.1; Nexus 5X Build/MMB29P) AppleWebKit/537.36 (KHTML, like Gecko) Chrome/146.0.7680.164 Mobile Safari/537.36 (compatible; Googlebot/2.1; +http://www.google.com/bot.html)"
66.249.69.233 - - [02/Apr/2026:01:52:56 +0800] "GET /?pa=1129716700311 HTTP/1.1" 200 554 "-" "Mozilla/5.0 (Linux; Android 6.0.1; Nexus 5X Build/MMB29P) AppleWebKit/537.36 (KHTML, like Gecko) Chrome/146.0.7680.164 Mobile Safari/537.36 (compatible; Googlebot/2.1; +http://www.google.com/bot.html)"
52.71.203.206 - - [02/Apr/2026:01:53:31 +0800] "GET /2019/01/18/new-parks-and-playgrounds-make-baldivis-even-more-perfect-for-families/ HTTP/1.1" 200 554 "-" "Mozilla/5.0 AppleWebKit/537.36 (KHTML, like Gecko; compatible; Amazonbot/0.1; +https://developer.amazon.com/support/amazonbot) Chrome/119.0.6045.214 Safari/537.36"
66.249.69.234 - - [02/Apr/2026:01:53:43 +0800] "GET /?pa=1129716528980 HTTP/1.1" 200 554 "-" "Mozilla/5.0 (Linux; Android 6.0.1; Nexus 5X Build/MMB29P) AppleWebKit/537.36 (KHTML, like Gecko) Chrome/146.0.7680.164 Mobile Safari/537.36 (compatible; Googlebot/2.1; +http://www.google.com/bot.html)"
66.249.66.165 - - [02/Apr/2026:01:54:01 +0800] "GET /?pa=1129716854013 HTTP/1.1" 200 554 "-" "Mozilla/5.0 (Linux; Android 6.0.1; Nexus 5X Build/MMB29P) AppleWebKit/537.36 (KHTML, like Gecko) Chrome/146.0.7680.164 Mobile Safari/537.36 (compatible; Googlebot/2.1; +http://www.google.com/bot.html)"
66.249.69.234 - - [02/Apr/2026:01:55:17 +0800] "GET /?pa=1129716715099 HTTP/1.1" 200 554 "-" "Mozilla/5.0 (Linux; Android 6.0.1; Nexus 5X Build/MMB29P) AppleWebKit/537.36 (KHTML, like Gecko) Chrome/146.0.7680.164 Mobile Safari/537.36 (compatible; Googlebot/2.1; +http://www.google.com/bot.html)"
66.249.69.233 - - [02/Apr/2026:01:55:35 +0800] "GET /?pa=1129716710554 HTTP/1.1" 200 554 "-" "Mozilla/5.0 (Linux; Android 6.0.1; Nexus 5X Build/MMB29P) AppleWebKit/537.36 (KHTML, like Gecko) Chrome/146.0.7680.164 Mobile Safari/537.36 (compatible; Googlebot/2.1; +http://www.google.com/bot.html)"
66.249.69.235 - - [02/Apr/2026:01:56:23 +0800] "GET /?pa=1129717048709 HTTP/1.1" 200 554 "-" "Mozilla/5.0 (Linux; Android 6.0.1; Nexus 5X Build/MMB29P) AppleWebKit/537.36 (KHTML, like Gecko) Chrome/146.0.7680.164 Mobile Safari/537.36 (compatible; Googlebot/2.1; +http://www.google.com/bot.html)"
66.249.69.233 - - [02/Apr/2026:01:56:23 +0800] "GET /?pa=1129716385777 HTTP/1.1" 200 554 "-" "Mozilla/5.0 (Linux; Android 6.0.1; Nexus 5X Build/MMB29P) AppleWebKit/537.36 (KHTML, like Gecko) Chrome/146.0.7680.164 Mobile Safari/537.36 (compatible; Googlebot/2.1; +http://www.google.com/bot.html)"
66.249.69.235 - - [02/Apr/2026:01:56:23 +0800] "GET /?pa=1129717369860 HTTP/1.1" 200 554 "-" "Mozilla/5.0 (Linux; Android 6.0.1; Nexus 5X Build/MMB29P) AppleWebKit/537.36 (KHTML, like Gecko) Chrome/146.0.7680.164 Mobile Safari/537.36 (compatible; Googlebot/2.1; +http://www.google.com/bot.html)"
66.249.69.234 - - [02/Apr/2026:01:56:41 +0800] "GET /?pa=1129716389269 HTTP/1.1" 200 554 "-" "Mozilla/5.0 (Linux; Android 6.0.1; Nexus 5X Build/MMB29P) AppleWebKit/537.36 (KHTML, like Gecko) Chrome/146.0.7680.164 Mobile Safari/537.36 (compatible; Googlebot/2.1; +http://www.google.com/bot.html)"
66.249.69.233 - - [02/Apr/2026:01:56:58 +0800] "GET /?pa=1129716373206 HTTP/1.1" 200 554 "-" "Mozilla/5.0 (Linux; Android 6.0.1; Nexus 5X Build/MMB29P) AppleWebKit/537.36 (KHTML, like Gecko) Chrome/146.0.7680.164 Mobile Safari/537.36 (compatible; Googlebot/2.1; +http://www.google.com/bot.html)"
66.249.69.233 - - [02/Apr/2026:01:57:16 +0800] "GET /?pa=1129716775137 HTTP/1.1" 200 554 "-" "Mozilla/5.0 (Linux; Android 6.0.1; Nexus 5X Build/MMB29P) AppleWebKit/537.36 (KHTML, like Gecko) Chrome/146.0.7680.164 Mobile Safari/537.36 (compatible; Googlebot/2.1; +http://www.google.com/bot.html)"
66.249.69.233 - - [02/Apr/2026:01:57:34 +0800] "GET /?pa=1129716688442 HTTP/1.1" 200 554 "-" "Mozilla/5.0 (Linux; Android 6.0.1; Nexus 5X Build/MMB29P) AppleWebKit/537.36 (KHTML, like Gecko) Chrome/146.0.7680.164 Mobile Safari/537.36 (compatible; Googlebot/2.1; +http://www.google.com/bot.html)"
66.249.69.234 - - [02/Apr/2026:01:58:51 +0800] "GET /?pa=1129717140038 HTTP/1.1" 200 554 "-" "Mozilla/5.0 (Linux; Android 6.0.1; Nexus 5X Build/MMB29P) AppleWebKit/537.36 (KHTML, like Gecko) Chrome/146.0.7680.164 Mobile Safari/537.36 (compatible; Googlebot/2.1; +http://www.google.com/bot.html)"
66.249.69.234 - - [02/Apr/2026:01:59:27 +0800] "GET /?pa=1129717367428 HTTP/1.1" 200 554 "-" "Mozilla/5.0 (Linux; Android 6.0.1; Nexus 5X Build/MMB29P) AppleWebKit/537.36 (KHTML, like Gecko) Chrome/146.0.7680.164 Mobile Safari/537.36 (compatible; Googlebot/2.1; +http://www.google.com/bot.html)"
203.109.66.54 - - [02/Apr/2026:02:00:42 +0800] "GET /2020/03/04/land-grab-as-low-rates-attract-new-buyers/lots/ HTTP/1.1" 200 554 "-" "Mozilla/5.0 (Windows NT 10.0; WOW64) AppleWebKit/537.36 (KHTML, like Gecko) Chrome/89.0.4389.90 Safari/537.36"
66.249.69.235 - - [02/Apr/2026:02:00:43 +0800] "GET /?pa=1129717345547 HTTP/1.1" 200 554 "-" "Mozilla/5.0 (Linux; Android 6.0.1; Nexus 5X Build/MMB29P) AppleWebKit/537.36 (KHTML, like Gecko) Chrome/146.0.7680.164 Mobile Safari/537.36 (compatible; Googlebot/2.1; +http://www.google.com/bot.html)"
