103.4.122.14 - - [05/Apr/2026:07:08:05 +0800] "POST /wp-cron.php?doing_wp_cron=1775344085.6817278861999511718750 HTTP/1.1" 200 20 "-" "WordPress/6.9.4; https://thegreenscapecollective.com.au"
51.77.43.170 - - [05/Apr/2026:07:08:04 +0800] "GET /pg%20slot%20game.aspx HTTP/1.1" 404 15205 "-" "Mozilla/5.0 (compatible; MJ12bot/v1.4.8; http://mj12bot.com/)"
51.77.43.170 - - [05/Apr/2026:07:08:05 +0800] "GET /pg%20slot%20vegas.aspx HTTP/1.1" 404 15206 "-" "Mozilla/5.0 (compatible; MJ12bot/v1.4.8; http://mj12bot.com/)"
51.77.43.170 - - [05/Apr/2026:07:08:07 +0800] "GET /pg%20slot%20vegas.aspx HTTP/1.1" 404 15206 "-" "Mozilla/5.0 (compatible; MJ12bot/v1.4.8; http://mj12bot.com/)"
51.77.43.170 - - [05/Apr/2026:07:08:08 +0800] "GET /pg%20slot%20vip.aspx HTTP/1.1" 404 15204 "-" "Mozilla/5.0 (compatible; MJ12bot/v1.4.8; http://mj12bot.com/)"
51.77.43.170 - - [05/Apr/2026:07:08:10 +0800] "GET /pg%20slot%20vip.aspx HTTP/1.1" 404 15204 "-" "Mozilla/5.0 (compatible; MJ12bot/v1.4.8; http://mj12bot.com/)"
51.77.43.170 - - [05/Apr/2026:07:08:11 +0800] "GET /pg%20slot%20wallet.aspx HTTP/1.1" 404 15207 "-" "Mozilla/5.0 (compatible; MJ12bot/v1.4.8; http://mj12bot.com/)"
51.77.43.170 - - [05/Apr/2026:07:08:13 +0800] "GET /pg%20slot%20wallet.aspx HTTP/1.1" 404 15207 "-" "Mozilla/5.0 (compatible; MJ12bot/v1.4.8; http://mj12bot.com/)"
51.77.43.170 - - [05/Apr/2026:07:08:34 +0800] "GET /robots.txt HTTP/1.1" 200 188 "-" "Mozilla/5.0 (compatible; MJ12bot/v1.4.8; http://mj12bot.com/)"
51.77.43.170 - - [05/Apr/2026:07:08:37 +0800] "GET /1234%20slot.aspx HTTP/1.1" 404 15203 "-" "Mozilla/5.0 (compatible; MJ12bot/v1.4.8; http://mj12bot.com/)"
51.77.43.170 - - [05/Apr/2026:07:08:40 +0800] "GET /1234%20superslot.aspx HTTP/1.1" 404 15207 "-" "Mozilla/5.0 (compatible; MJ12bot/v1.4.8; http://mj12bot.com/)"
51.77.43.170 - - [05/Apr/2026:07:08:43 +0800] "GET /168%20slot.aspx HTTP/1.1" 404 15202 "-" "Mozilla/5.0 (compatible; MJ12bot/v1.4.8; http://mj12bot.com/)"
51.77.43.170 - - [05/Apr/2026:07:08:46 +0800] "GET /24th%20slot.aspx HTTP/1.1" 404 15203 "-" "Mozilla/5.0 (compatible; MJ12bot/v1.4.8; http://mj12bot.com/)"
51.77.43.170 - - [05/Apr/2026:07:08:49 +0800] "GET /2xl%20slot.aspx HTTP/1.1" 403 199 "-" "Mozilla/5.0 (compatible; MJ12bot/v1.4.8; http://mj12bot.com/)"
51.77.43.170 - - [05/Apr/2026:07:08:51 +0800] "GET /789%20slot.aspx HTTP/1.1" 403 199 "-" "Mozilla/5.0 (compatible; MJ12bot/v1.4.8; http://mj12bot.com/)"
51.77.43.170 - - [05/Apr/2026:07:08:54 +0800] "GET /888%20slot.aspx HTTP/1.1" 403 199 "-" "Mozilla/5.0 (compatible; MJ12bot/v1.4.8; http://mj12bot.com/)"
51.77.43.170 - - [05/Apr/2026:07:08:57 +0800] "GET /all%20slot.aspx HTTP/1.1" 403 199 "-" "Mozilla/5.0 (compatible; MJ12bot/v1.4.8; http://mj12bot.com/)"
51.77.43.170 - - [05/Apr/2026:07:08:59 +0800] "GET /allslot%20wallet.aspx HTTP/1.1" 403 199 "-" "Mozilla/5.0 (compatible; MJ12bot/v1.4.8; http://mj12bot.com/)"
51.77.43.170 - - [05/Apr/2026:07:09:02 +0800] "GET /amb%20superslot.aspx HTTP/1.1" 403 199 "-" "Mozilla/5.0 (compatible; MJ12bot/v1.4.8; http://mj12bot.com/)"
51.77.43.170 - - [05/Apr/2026:07:09:05 +0800] "GET /apollo%20slot%20pg.aspx HTTP/1.1" 403 199 "-" "Mozilla/5.0 (compatible; MJ12bot/v1.4.8; http://mj12bot.com/)"
51.77.43.170 - - [05/Apr/2026:07:09:07 +0800] "GET /betflik%20thailand.aspx HTTP/1.1" 403 199 "-" "Mozilla/5.0 (compatible; MJ12bot/v1.4.8; http://mj12bot.com/)"
51.77.43.170 - - [05/Apr/2026:07:09:10 +0800] "GET /betflix%20auto.aspx HTTP/1.1" 403 199 "-" "Mozilla/5.0 (compatible; MJ12bot/v1.4.8; http://mj12bot.com/)"
51.77.43.170 - - [05/Apr/2026:07:09:13 +0800] "GET /betflix%20casino.aspx HTTP/1.1" 403 199 "-" "Mozilla/5.0 (compatible; MJ12bot/v1.4.8; http://mj12bot.com/)"
51.77.43.170 - - [05/Apr/2026:07:09:16 +0800] "GET /betflix%20co.aspx HTTP/1.1" 403 199 "-" "Mozilla/5.0 (compatible; MJ12bot/v1.4.8; http://mj12bot.com/)"
51.77.43.170 - - [05/Apr/2026:07:09:18 +0800] "GET /betflix%20slot.aspx HTTP/1.1" 403 199 "-" "Mozilla/5.0 (compatible; MJ12bot/v1.4.8; http://mj12bot.com/)"
51.77.43.170 - - [05/Apr/2026:07:09:21 +0800] "GET /betflix%20thailand.aspx HTTP/1.1" 403 199 "-" "Mozilla/5.0 (compatible; MJ12bot/v1.4.8; http://mj12bot.com/)"
51.77.43.170 - - [05/Apr/2026:07:09:23 +0800] "GET /betflix%20wallet.aspx HTTP/1.1" 403 199 "-" "Mozilla/5.0 (compatible; MJ12bot/v1.4.8; http://mj12bot.com/)"
51.77.43.170 - - [05/Apr/2026:07:09:26 +0800] "GET /casino%20betflik.aspx HTTP/1.1" 403 199 "-" "Mozilla/5.0 (compatible; MJ12bot/v1.4.8; http://mj12bot.com/)"
51.77.43.170 - - [05/Apr/2026:07:09:29 +0800] "GET /casino%20betflix.aspx HTTP/1.1" 403 199 "-" "Mozilla/5.0 (compatible; MJ12bot/v1.4.8; http://mj12bot.com/)"
51.77.43.170 - - [05/Apr/2026:07:09:32 +0800] "GET /casino%20wallet.aspx HTTP/1.1" 403 199 "-" "Mozilla/5.0 (compatible; MJ12bot/v1.4.8; http://mj12bot.com/)"
51.77.43.170 - - [05/Apr/2026:07:09:34 +0800] "GET /demon%20slot%20game.aspx HTTP/1.1" 403 199 "-" "Mozilla/5.0 (compatible; MJ12bot/v1.4.8; http://mj12bot.com/)"
51.77.43.170 - - [05/Apr/2026:07:09:37 +0800] "GET /dg%20casino.aspx HTTP/1.1" 403 199 "-" "Mozilla/5.0 (compatible; MJ12bot/v1.4.8; http://mj12bot.com/)"
51.77.43.170 - - [05/Apr/2026:07:09:40 +0800] "GET /g2g%20slot.aspx HTTP/1.1" 403 199 "-" "Mozilla/5.0 (compatible; MJ12bot/v1.4.8; http://mj12bot.com/)"
51.77.43.170 - - [05/Apr/2026:07:09:43 +0800] "GET /galaxy%20auto%20slot.aspx HTTP/1.1" 403 199 "-" "Mozilla/5.0 (compatible; MJ12bot/v1.4.8; http://mj12bot.com/)"
51.77.43.170 - - [05/Apr/2026:07:09:46 +0800] "GET /galaxy%20bet%20slot.aspx HTTP/1.1" 404 15208 "-" "Mozilla/5.0 (compatible; MJ12bot/v1.4.8; http://mj12bot.com/)"
51.77.43.170 - - [05/Apr/2026:07:09:50 +0800] "GET /galaxy%20slot.aspx HTTP/1.1" 404 15205 "-" "Mozilla/5.0 (compatible; MJ12bot/v1.4.8; http://mj12bot.com/)"
51.77.43.170 - - [05/Apr/2026:07:09:54 +0800] "GET /h25%20com.aspx HTTP/1.1" 404 15200 "-" "Mozilla/5.0 (compatible; MJ12bot/v1.4.8; http://mj12bot.com/)"
51.77.43.170 - - [05/Apr/2026:07:09:57 +0800] "GET /jili%20slot.aspx HTTP/1.1" 404 15203 "-" "Mozilla/5.0 (compatible; MJ12bot/v1.4.8; http://mj12bot.com/)"
51.77.43.170 - - [05/Apr/2026:07:10:00 +0800] "GET /joker%20slot.aspx HTTP/1.1" 404 15204 "-" "Mozilla/5.0 (compatible; MJ12bot/v1.4.8; http://mj12bot.com/)"
51.77.43.170 - - [05/Apr/2026:07:10:03 +0800] "GET /joker%20vip.aspx HTTP/1.1" 404 15202 "-" "Mozilla/5.0 (compatible; MJ12bot/v1.4.8; http://mj12bot.com/)"
51.77.43.170 - - [05/Apr/2026:07:10:07 +0800] "GET /kingkong%20joker.aspx HTTP/1.1" 404 15206 "-" "Mozilla/5.0 (compatible; MJ12bot/v1.4.8; http://mj12bot.com/)"
51.77.43.170 - - [05/Apr/2026:07:10:10 +0800] "GET /lava%20slot.aspx HTTP/1.1" 404 15203 "-" "Mozilla/5.0 (compatible; MJ12bot/v1.4.8; http://mj12bot.com/)"
51.77.43.170 - - [05/Apr/2026:07:10:14 +0800] "GET /mega%20slot.aspx HTTP/1.1" 404 15203 "-" "Mozilla/5.0 (compatible; MJ12bot/v1.4.8; http://mj12bot.com/)"
51.77.43.170 - - [05/Apr/2026:07:10:16 +0800] "GET /metal%20slot.aspx HTTP/1.1" 404 15203 "-" "Mozilla/5.0 (compatible; MJ12bot/v1.4.8; http://mj12bot.com/)"
51.77.43.170 - - [05/Apr/2026:07:10:20 +0800] "GET /pg%20168.aspx HTTP/1.1" 404 15200 "-" "Mozilla/5.0 (compatible; MJ12bot/v1.4.8; http://mj12bot.com/)"
51.77.43.170 - - [05/Apr/2026:07:10:23 +0800] "GET /pg%20auto.aspx HTTP/1.1" 403 199 "-" "Mozilla/5.0 (compatible; MJ12bot/v1.4.8; http://mj12bot.com/)"
51.77.43.170 - - [05/Apr/2026:07:10:26 +0800] "GET /pg%20betflik.aspx HTTP/1.1" 403 199 "-" "Mozilla/5.0 (compatible; MJ12bot/v1.4.8; http://mj12bot.com/)"
51.77.43.170 - - [05/Apr/2026:07:10:29 +0800] "GET /pg%20game%20slot.aspx HTTP/1.1" 403 199 "-" "Mozilla/5.0 (compatible; MJ12bot/v1.4.8; http://mj12bot.com/)"
51.77.43.170 - - [05/Apr/2026:07:10:32 +0800] "GET /pg%20game.aspx HTTP/1.1" 403 199 "-" "Mozilla/5.0 (compatible; MJ12bot/v1.4.8; http://mj12bot.com/)"
51.77.43.170 - - [05/Apr/2026:07:10:35 +0800] "GET /pg%20joker%20auto.aspx HTTP/1.1" 403 199 "-" "Mozilla/5.0 (compatible; MJ12bot/v1.4.8; http://mj12bot.com/)"
51.77.43.170 - - [05/Apr/2026:07:10:39 +0800] "GET /pg%20joker.aspx HTTP/1.1" 403 199 "-" "Mozilla/5.0 (compatible; MJ12bot/v1.4.8; http://mj12bot.com/)"
51.77.43.170 - - [05/Apr/2026:07:10:45 +0800] "GET /pg%20osaka.aspx HTTP/1.1" 403 199 "-" "Mozilla/5.0 (compatible; MJ12bot/v1.4.8; http://mj12bot.com/)"
51.77.43.170 - - [05/Apr/2026:07:10:47 +0800] "GET /pg%20plus.aspx HTTP/1.1" 403 199 "-" "Mozilla/5.0 (compatible; MJ12bot/v1.4.8; http://mj12bot.com/)"
51.77.43.170 - - [05/Apr/2026:07:10:50 +0800] "GET /pg%20slot%20168.aspx HTTP/1.1" 403 199 "-" "Mozilla/5.0 (compatible; MJ12bot/v1.4.8; http://mj12bot.com/)"
51.77.43.170 - - [05/Apr/2026:07:10:52 +0800] "GET /pg%20slot%20789.aspx HTTP/1.1" 403 199 "-" "Mozilla/5.0 (compatible; MJ12bot/v1.4.8; http://mj12bot.com/)"
51.77.43.170 - - [05/Apr/2026:07:10:55 +0800] "GET /pg%20slot%20888th.aspx HTTP/1.1" 403 199 "-" "Mozilla/5.0 (compatible; MJ12bot/v1.4.8; http://mj12bot.com/)"
51.77.43.170 - - [05/Apr/2026:07:10:58 +0800] "GET /pg%20slot%20auto%20wallet.aspx HTTP/1.1" 403 199 "-" "Mozilla/5.0 (compatible; MJ12bot/v1.4.8; http://mj12bot.com/)"
51.77.43.170 - - [05/Apr/2026:07:11:01 +0800] "GET /pg%20slot%20auto.aspx HTTP/1.1" 403 199 "-" "Mozilla/5.0 (compatible; MJ12bot/v1.4.8; http://mj12bot.com/)"
51.77.43.170 - - [05/Apr/2026:07:11:05 +0800] "GET /pg%20slot%20game.aspx HTTP/1.1" 403 199 "-" "Mozilla/5.0 (compatible; MJ12bot/v1.4.8; http://mj12bot.com/)"
51.77.43.170 - - [05/Apr/2026:07:11:08 +0800] "GET /pg%20slot%20vegas.aspx HTTP/1.1" 403 199 "-" "Mozilla/5.0 (compatible; MJ12bot/v1.4.8; http://mj12bot.com/)"
51.77.43.170 - - [05/Apr/2026:07:11:11 +0800] "GET /pg%20slot%20vip.aspx HTTP/1.1" 403 199 "-" "Mozilla/5.0 (compatible; MJ12bot/v1.4.8; http://mj12bot.com/)"
54.37.118.91 - - [05/Apr/2026:07:11:10 +0800] "GET /author/greenscape/ HTTP/1.1" 200 18311 "-" "Mozilla/5.0 (compatible; AhrefsBot/7.0; +http://ahrefs.com/robot/)"
51.77.43.170 - - [05/Apr/2026:07:11:14 +0800] "GET /pg%20slot%20wallet.aspx HTTP/1.1" 403 199 "-" "Mozilla/5.0 (compatible; MJ12bot/v1.4.8; http://mj12bot.com/)"
106.68.20.60 - - [05/Apr/2026:07:13:53 +0800] "GET /wp-content/uploads/2020/12/Common-Everlasting.jpg HTTP/1.1" 200 97949 "https://www.google.com/" "Mozilla/5.0 (iPhone; CPU iPhone OS 18_7 like Mac OS X) AppleWebKit/605.1.15 (KHTML, like Gecko) Version/18.7.4 Mobile/15E148 Safari/604.1"
180.181.248.47 - - [05/Apr/2026:07:15:52 +0800] "GET /wp-content/uploads/2020/05/city-of-perth-parklet.jpg HTTP/1.1" 200 466107 "https://www.google.com/" "Mozilla/5.0 (Windows NT 10.0; Win64; x64) AppleWebKit/537.36 (KHTML, like Gecko) Chrome/146.0.0.0 Safari/537.36"
103.4.122.14 - - [05/Apr/2026:07:24:43 +0800] "POST /wp-cron.php?doing_wp_cron=1775345083.1427350044250488281250 HTTP/1.1" 200 20 "-" "WordPress/6.9.4; https://thegreenscapecollective.com.au"
191.128.5.79 - - [05/Apr/2026:07:24:41 +0800] "GET /privacy-policy/ HTTP/1.1" 200 16623 "-" "Mozilla/5.0 (Macintosh; Intel Mac OS X 10_2) AppleWebKit/537.36 (KHTML, like Gecko) Chrome/100.0.4886.148 Safari/537.36"
192.178.6.67 - - [05/Apr/2026:07:26:43 +0800] "GET /robots.txt HTTP/1.1" 301 20 "-" "Mozilla/5.0 (compatible; Googlebot/2.1; +http://www.google.com/bot.html)"
192.178.6.68 - - [05/Apr/2026:07:26:45 +0800] "GET /wp-content/uploads/2018/12/Hay-Fever-in-artice-image-2.jpg HTTP/1.1" 301 20 "-" "GoogleOther-Image/1.0"
66.249.75.160 - - [05/Apr/2026:07:26:48 +0800] "GET /wp-content/uploads/2018/12/Hay-Fever-in-artice-image-2.jpg HTTP/1.1" 404 15704 "-" "GoogleOther-Image/1.0"
103.4.122.14 - - [05/Apr/2026:07:28:05 +0800] "POST /wp-cron.php?doing_wp_cron=1775345284.9487590789794921875000 HTTP/1.1" 200 20 "-" "WordPress/6.9.4; https://thegreenscapecollective.com.au"
103.4.122.14 - - [05/Apr/2026:07:36:48 +0800] "POST /wp-cron.php?doing_wp_cron=1775345808.2625269889831542968750 HTTP/1.1" 200 20 "-" "WordPress/6.9.4; https://thegreenscapecollective.com.au"
216.244.66.233 - - [05/Apr/2026:07:36:47 +0800] "GET /robots.txt HTTP/1.1" 301 - "-" "Mozilla/5.0 (compatible; DotBot/1.2; +https://opensiteexplorer.org/dotbot; help@moz.com)"
216.244.66.233 - - [05/Apr/2026:07:36:49 +0800] "GET /robots.txt HTTP/1.1" 200 188 "-" "Mozilla/5.0 (compatible; DotBot/1.2; +https://opensiteexplorer.org/dotbot; help@moz.com)"
103.4.122.14 - - [05/Apr/2026:07:45:43 +0800] "POST /wp-cron.php?doing_wp_cron=1775346343.2575070858001708984375 HTTP/1.1" 200 20 "-" "WordPress/6.9.4; https://thegreenscapecollective.com.au"
190.140.21.156 - - [05/Apr/2026:07:45:42 +0800] "GET /terms-of-service HTTP/1.1" 301 20 "-" "Mozilla/5.0 (Windows NT 6.1) AppleWebKit/537.36 (KHTML, like Gecko) Chrome/78.0.3904.108 Safari/537.36"
190.140.21.156 - - [05/Apr/2026:07:45:44 +0800] "GET /terms-of-service/ HTTP/1.1" 200 15724 "-" "Mozilla/5.0 (Windows NT 6.1) AppleWebKit/537.36 (KHTML, like Gecko) Chrome/78.0.3904.108 Safari/537.36"
103.4.122.14 - - [05/Apr/2026:07:48:21 +0800] "POST /wp-cron.php?doing_wp_cron=1775346501.6805169582366943359375 HTTP/1.1" 200 20 "-" "WordPress/6.9.4; https://thegreenscapecollective.com.au"
14.240.107.104 - - [05/Apr/2026:07:48:20 +0800] "GET /?p=1110 HTTP/1.1" 301 20 "-" "Mozilla/5.0 (Macintosh; Intel Mac OS X 10_9_3) AppleWebKit/537.36 (KHTML, like Gecko) Chrome/35.0.1916.47 Safari/537.36"
14.240.107.104 - - [05/Apr/2026:07:48:22 +0800] "GET /the-6-best-australian-native-plants-for-waterwise-perth-garden-designs/ HTTP/1.1" 200 26953 "-" "Mozilla/5.0 (Macintosh; Intel Mac OS X 10_9_3) AppleWebKit/537.36 (KHTML, like Gecko) Chrome/35.0.1916.47 Safari/537.36"
216.244.66.233 - - [05/Apr/2026:07:48:45 +0800] "GET /category/garden-care/feed/ HTTP/1.1" 200 27424 "-" "Mozilla/5.0 (compatible; DotBot/1.2; +https://opensiteexplorer.org/dotbot; help@moz.com)"
216.73.216.146 - - [05/Apr/2026:07:52:21 +0800] "GET /robots.txt HTTP/1.1" 200 140 "-" "Mozilla/5.0 AppleWebKit/537.36 (KHTML, like Gecko; compatible; ClaudeBot/1.0; +claudebot@anthropic.com)"
216.73.216.146 - - [05/Apr/2026:07:52:22 +0800] "GET /sitemap_index.xml HTTP/1.1" 200 385 "-" "Mozilla/5.0 AppleWebKit/537.36 (KHTML, like Gecko; compatible; ClaudeBot/1.0; +claudebot@anthropic.com)"
103.4.122.14 - - [05/Apr/2026:07:53:48 +0800] "POST /wp-cron.php?doing_wp_cron=1775346828.4797830581665039062500 HTTP/1.1" 200 20 "-" "WordPress/6.9.4; https://thegreenscapecollective.com.au"
113.180.83.44 - - [05/Apr/2026:07:53:47 +0800] "GET /privacy-policy/tel:0861025202 HTTP/1.1" 404 15195 "-" "Mozilla/5.0 (Windows NT 10.0; Win64; x64) AppleWebKit/537.36 (KHTML, like Gecko) Chrome/80.0.3987.132 Safari/537.36 Kinza/6.1.5"
103.4.122.14 - - [05/Apr/2026:08:06:14 +0800] "POST /wp-cron.php?doing_wp_cron=1775347574.3231549263000488281250 HTTP/1.1" 200 20 "-" "WordPress/6.9.4; https://thegreenscapecollective.com.au"
216.73.216.146 - - [05/Apr/2026:08:06:13 +0800] "GET /services HTTP/1.1" 301 20 "-" "Mozilla/5.0 AppleWebKit/537.36 (KHTML, like Gecko; compatible; ClaudeBot/1.0; +claudebot@anthropic.com)"
216.73.216.146 - - [05/Apr/2026:08:06:14 +0800] "GET /services/ HTTP/1.1" 200 17125 "https://thegreenscapecollective.com.au/services" "Mozilla/5.0 AppleWebKit/537.36 (KHTML, like Gecko; compatible; ClaudeBot/1.0; +claudebot@anthropic.com)"
103.4.122.14 - - [05/Apr/2026:08:09:22 +0800] "POST /wp-cron.php?doing_wp_cron=1775347762.5926520824432373046875 HTTP/1.1" 200 20 "-" "WordPress/6.9.4; https://thegreenscapecollective.com.au"
216.73.216.146 - - [05/Apr/2026:08:09:21 +0800] "GET /privacy-policy HTTP/1.1" 301 20 "-" "Mozilla/5.0 AppleWebKit/537.36 (KHTML, like Gecko; compatible; ClaudeBot/1.0; +claudebot@anthropic.com)"
216.73.216.146 - - [05/Apr/2026:08:09:23 +0800] "GET /privacy-policy/ HTTP/1.1" 200 16625 "https://thegreenscapecollective.com.au/privacy-policy" "Mozilla/5.0 AppleWebKit/537.36 (KHTML, like Gecko; compatible; ClaudeBot/1.0; +claudebot@anthropic.com)"
103.4.122.14 - - [05/Apr/2026:08:16:50 +0800] "POST /wp-cron.php?doing_wp_cron=1775348210.1978321075439453125000 HTTP/1.1" 200 20 "-" "WordPress/6.9.4; https://thegreenscapecollective.com.au"
113.187.209.31 - - [05/Apr/2026:08:16:48 +0800] "GET /australian-native-alternatives-to-the-christmas-tree/tel:0861025202 HTTP/1.1" 404 15226 "-" "Mozilla/5.0 (Windows NT 10.0; Win64; x64) AppleWebKit/537.36 (KHTML, like Gecko) Chrome/92.0.4515.159 Safari/537.36"
103.4.122.14 - - [05/Apr/2026:08:21:14 +0800] "POST /wp-cron.php?doing_wp_cron=1775348474.2494919300079345703125 HTTP/1.1" 200 20 "-" "WordPress/6.9.4; https://thegreenscapecollective.com.au"
57.141.14.63 - - [05/Apr/2026:08:21:12 +0800] "GET /the-6-best-australian-native-plants-for-waterwise-perth-garden-designs/ HTTP/1.1" 200 213415 "-" "meta-externalagent/1.1 (+https://developers.facebook.com/docs/sharing/webmasters/crawler)"
181.46.166.110 - - [05/Apr/2026:08:21:36 +0800] "GET /city-of-perth-parklet/tel:0861025202 HTTP/1.1" 404 15210 "-" "Mozilla/5.0 (Macintosh; Intel Mac OS X 10_14_6) AppleWebKit/537.36 (KHTML, like Gecko) Chrome/76.0.3809.100 Safari/537.36"
103.4.122.14 - - [05/Apr/2026:08:25:04 +0800] "POST /wp-cron.php?doing_wp_cron=1775348703.9100420475006103515625 HTTP/1.1" 200 20 "-" "WordPress/6.9.4; https://thegreenscapecollective.com.au"
57.141.14.84 - - [05/Apr/2026:08:25:02 +0800] "GET /services/ HTTP/1.1" 200 127800 "-" "meta-externalagent/1.1 (+https://developers.facebook.com/docs/sharing/webmasters/crawler)"
113.170.105.22 - - [05/Apr/2026:08:25:52 +0800] "GET /blog/ HTTP/1.1" 200 17392 "-" "Mozilla/5.0 (Windows NT 6.2; Win64; x64) AppleWebKit/537.36 (KHTML, like Gecko) Brave Chrome/86.0.4240.198 Safari/537.36"
103.4.122.14 - - [05/Apr/2026:08:28:49 +0800] "POST /wp-cron.php?doing_wp_cron=1775348928.7615270614624023437500 HTTP/1.1" 200 20 "-" "WordPress/6.9.4; https://thegreenscapecollective.com.au"
51.75.236.148 - - [05/Apr/2026:08:28:47 +0800] "GET / HTTP/1.1" 200 22004 "-" "Mozilla/5.0 (compatible; AhrefsBot/7.0; +http://ahrefs.com/robot/)"
202.8.42.27 - - [05/Apr/2026:08:28:50 +0800] "GET /wp-json/contact-form-7/v1/contact-forms/893/feedback/schema HTTP/1.1" 200 736 "https://thegreenscapecollective.com.au/" "Mozilla/5.0 (compatible; AhrefsBot/7.0; +http://ahrefs.com/robot/)"
202.8.42.27 - - [05/Apr/2026:08:28:50 +0800] "GET /wp-json/contact-form-7/v1/contact-forms/889/feedback/schema HTTP/1.1" 200 682 "https://thegreenscapecollective.com.au/" "Mozilla/5.0 (compatible; AhrefsBot/7.0; +http://ahrefs.com/robot/)"
202.8.42.27 - - [05/Apr/2026:08:28:50 +0800] "GET /wp-json/contact-form-7/v1/contact-forms/892/feedback/schema HTTP/1.1" 200 678 "https://thegreenscapecollective.com.au/" "Mozilla/5.0 (compatible; AhrefsBot/7.0; +http://ahrefs.com/robot/)"
202.8.42.27 - - [05/Apr/2026:08:28:50 +0800] "GET /wp-json/contact-form-7/v1/contact-forms/891/feedback/schema HTTP/1.1" 200 736 "https://thegreenscapecollective.com.au/" "Mozilla/5.0 (compatible; AhrefsBot/7.0; +http://ahrefs.com/robot/)"
202.8.42.27 - - [05/Apr/2026:08:28:50 +0800] "GET /wp-content/cache/autoptimize/js/gutenslider-js.js HTTP/1.1" 410 17830 "https://thegreenscapecollective.com.au/" "Mozilla/5.0 (compatible; AhrefsBot/7.0; +http://ahrefs.com/robot/)"
106.68.235.122 - - [05/Apr/2026:08:31:24 +0800] "GET / HTTP/1.1" 200 22006 "https://www.google.com/" "Mozilla/5.0 (Linux; Android 10; K) AppleWebKit/537.36 (KHTML, like Gecko) Chrome/146.0.0.0 Mobile Safari/537.36"
106.68.235.122 - - [05/Apr/2026:08:31:26 +0800] "GET /wp-content/cache/autoptimize/css/autoptimize_2e02926ac66b065cdef3e3d343893e11.css HTTP/1.1" 200 52362 "https://thegreenscapecollective.com.au/" "Mozilla/5.0 (Linux; Android 10; K) AppleWebKit/537.36 (KHTML, like Gecko) Chrome/146.0.0.0 Mobile Safari/537.36"
106.68.235.122 - - [05/Apr/2026:08:31:26 +0800] "GET /wp-content/cache/autoptimize/css/autoptimize_single_a0e61596f3f196c3460ed19f7d818fe7.css?generated=1755196485&ver=1.21.5 HTTP/1.1" 200 3059 "https://thegreenscapecollective.com.au/" "Mozilla/5.0 (Linux; Android 10; K) AppleWebKit/537.36 (KHTML, like Gecko) Chrome/146.0.0.0 Mobile Safari/537.36"
106.68.235.122 - - [05/Apr/2026:08:31:26 +0800] "GET /wp-includes/css/dashicons.min.css?ver=6.9.4 HTTP/1.1" 200 35721 "https://thegreenscapecollective.com.au/" "Mozilla/5.0 (Linux; Android 10; K) AppleWebKit/537.36 (KHTML, like Gecko) Chrome/146.0.0.0 Mobile Safari/537.36"
106.68.235.122 - - [05/Apr/2026:08:31:26 +0800] "GET /wp-content/cache/autoptimize/css/autoptimize_single_c3c5d54ef606327a4025aefb8e32211e.css?ver=1765800085 HTTP/1.1" 200 633 "https://thegreenscapecollective.com.au/" "Mozilla/5.0 (Linux; Android 10; K) AppleWebKit/537.36 (KHTML, like Gecko) Chrome/146.0.0.0 Mobile Safari/537.36"
106.68.235.122 - - [05/Apr/2026:08:31:26 +0800] "GET /wp-includes/js/jquery/jquery.min.js?ver=3.7.1 HTTP/1.1" 200 30368 "https://thegreenscapecollective.com.au/" "Mozilla/5.0 (Linux; Android 10; K) AppleWebKit/537.36 (KHTML, like Gecko) Chrome/146.0.0.0 Mobile Safari/537.36"
106.68.235.122 - - [05/Apr/2026:08:31:26 +0800] "GET /wp-includes/js/dist/hooks.min.js?ver=dd5603f07f9220ed27f1 HTTP/1.1" 200 1941 "https://thegreenscapecollective.com.au/" "Mozilla/5.0 (Linux; Android 10; K) AppleWebKit/537.36 (KHTML, like Gecko) Chrome/146.0.0.0 Mobile Safari/537.36"
106.68.235.122 - - [05/Apr/2026:08:31:26 +0800] "GET /wp-includes/js/dist/i18n.min.js?ver=c26c3dc7bed366793375 HTTP/1.1" 200 2229 "https://thegreenscapecollective.com.au/" "Mozilla/5.0 (Linux; Android 10; K) AppleWebKit/537.36 (KHTML, like Gecko) Chrome/146.0.0.0 Mobile Safari/537.36"
106.68.235.122 - - [05/Apr/2026:08:31:26 +0800] "GET /wp-includes/js/dist/vendor/wp-polyfill.min.js?ver=3.15.0 HTTP/1.1" 200 11852 "https://thegreenscapecollective.com.au/" "Mozilla/5.0 (Linux; Android 10; K) AppleWebKit/537.36 (KHTML, like Gecko) Chrome/146.0.0.0 Mobile Safari/537.36"
106.68.235.122 - - [05/Apr/2026:08:31:26 +0800] "GET /wp-content/plugins/autoptimize/classes/external/js/lazysizes.min.js?ao_version=3.1.15 HTTP/1.1" 200 4122 "https://thegreenscapecollective.com.au/" "Mozilla/5.0 (Linux; Android 10; K) AppleWebKit/537.36 (KHTML, like Gecko) Chrome/146.0.0.0 Mobile Safari/537.36"
106.68.235.122 - - [05/Apr/2026:08:31:26 +0800] "GET /wp-content/uploads/2020/10/right-arrow-green.png HTTP/1.1" 200 2211 "https://thegreenscapecollective.com.au/wp-content/cache/autoptimize/css/autoptimize_2e02926ac66b065cdef3e3d343893e11.css" "Mozilla/5.0 (Linux; Android 10; K) AppleWebKit/537.36 (KHTML, like Gecko) Chrome/146.0.0.0 Mobile Safari/537.36"
106.68.235.122 - - [05/Apr/2026:08:31:26 +0800] "GET /wp-content/uploads/2020/10/fingerprint.png HTTP/1.1" 200 49629 "https://thegreenscapecollective.com.au/wp-content/cache/autoptimize/css/autoptimize_single_c3c5d54ef606327a4025aefb8e32211e.css?ver=1765800085" "Mozilla/5.0 (Linux; Android 10; K) AppleWebKit/537.36 (KHTML, like Gecko) Chrome/146.0.0.0 Mobile Safari/537.36"
106.68.235.122 - - [05/Apr/2026:08:31:26 +0800] "GET /wp-content/plugins/lightweight-social-icons/fonts/fontello.woff HTTP/1.1" 200 23328 "https://thegreenscapecollective.com.au/wp-content/cache/autoptimize/css/autoptimize_2e02926ac66b065cdef3e3d343893e11.css" "Mozilla/5.0 (Linux; Android 10; K) AppleWebKit/537.36 (KHTML, like Gecko) Chrome/146.0.0.0 Mobile Safari/537.36"
106.68.235.122 - - [05/Apr/2026:08:31:26 +0800] "GET /wp-content/uploads/2020/10/greenscapeaugust-0030-1536x1024.jpg HTTP/1.1" 200 436322 "https://thegreenscapecollective.com.au/" "Mozilla/5.0 (Linux; Android 10; K) AppleWebKit/537.36 (KHTML, like Gecko) Chrome/146.0.0.0 Mobile Safari/537.36"
106.68.235.122 - - [05/Apr/2026:08:31:26 +0800] "GET /wp-content/cache/autoptimize/js/autoptimize_ab496bd2c807e734c892193f0f86f2bc.js HTTP/1.1" 200 63340 "https://thegreenscapecollective.com.au/" "Mozilla/5.0 (Linux; Android 10; K) AppleWebKit/537.36 (KHTML, like Gecko) Chrome/146.0.0.0 Mobile Safari/537.36"
106.68.235.122 - - [05/Apr/2026:08:31:26 +0800] "GET /wp-content/uploads/2020/10/the-greenscape-collective.png HTTP/1.1" 200 28488 "https://thegreenscapecollective.com.au/" "Mozilla/5.0 (Linux; Android 10; K) AppleWebKit/537.36 (KHTML, like Gecko) Chrome/146.0.0.0 Mobile Safari/537.36"
106.68.235.122 - - [05/Apr/2026:08:31:26 +0800] "GET /wp-json/contact-form-7/v1/contact-forms/892/feedback/schema HTTP/1.1" 200 678 "https://thegreenscapecollective.com.au/" "Mozilla/5.0 (Linux; Android 10; K) AppleWebKit/537.36 (KHTML, like Gecko) Chrome/146.0.0.0 Mobile Safari/537.36"
106.68.235.122 - - [05/Apr/2026:08:31:27 +0800] "GET /wp-json/contact-form-7/v1/contact-forms/891/feedback/schema HTTP/1.1" 200 736 "https://thegreenscapecollective.com.au/" "Mozilla/5.0 (Linux; Android 10; K) AppleWebKit/537.36 (KHTML, like Gecko) Chrome/146.0.0.0 Mobile Safari/537.36"
106.68.235.122 - - [05/Apr/2026:08:31:26 +0800] "GET /wp-json/contact-form-7/v1/contact-forms/893/feedback/schema HTTP/1.1" 200 736 "https://thegreenscapecollective.com.au/" "Mozilla/5.0 (Linux; Android 10; K) AppleWebKit/537.36 (KHTML, like Gecko) Chrome/146.0.0.0 Mobile Safari/537.36"
106.68.235.122 - - [05/Apr/2026:08:31:26 +0800] "GET /wp-content/cache/autoptimize/js/gutenslider-js.js HTTP/1.1" 410 17830 "https://thegreenscapecollective.com.au/" "Mozilla/5.0 (Linux; Android 10; K) AppleWebKit/537.36 (KHTML, like Gecko) Chrome/146.0.0.0 Mobile Safari/537.36"
106.68.235.122 - - [05/Apr/2026:08:31:27 +0800] "GET /wp-json/contact-form-7/v1/contact-forms/889/feedback/schema HTTP/1.1" 200 682 "https://thegreenscapecollective.com.au/" "Mozilla/5.0 (Linux; Android 10; K) AppleWebKit/537.36 (KHTML, like Gecko) Chrome/146.0.0.0 Mobile Safari/537.36"
106.68.235.122 - - [05/Apr/2026:08:31:29 +0800] "GET /wp-content/uploads/2020/10/greenscapeaugust-0073-1536x1024.jpg HTTP/1.1" 200 121097 "https://thegreenscapecollective.com.au/" "Mozilla/5.0 (Linux; Android 10; K) AppleWebKit/537.36 (KHTML, like Gecko) Chrome/146.0.0.0 Mobile Safari/537.36"
106.68.235.122 - - [05/Apr/2026:08:31:29 +0800] "GET /wp-content/uploads/2020/10/cropped-greenscape-favicon-2-192x192.png HTTP/1.1" 200 22570 "https://thegreenscapecollective.com.au/" "Mozilla/5.0 (Linux; Android 10; K) AppleWebKit/537.36 (KHTML, like Gecko) Chrome/146.0.0.0 Mobile Safari/537.36"
106.68.235.122 - - [05/Apr/2026:08:31:29 +0800] "GET /wp-content/uploads/2020/10/cropped-greenscape-favicon-2-180x180.png HTTP/1.1" 200 20841 "https://thegreenscapecollective.com.au/" "Mozilla/5.0 (Linux; Android 10; K) AppleWebKit/537.36 (KHTML, like Gecko) Chrome/146.0.0.0 Mobile Safari/537.36"
106.68.235.122 - - [05/Apr/2026:08:31:30 +0800] "GET /wp-content/uploads/2020/10/consult-thumbnail.jpg HTTP/1.1" 200 81166 "https://thegreenscapecollective.com.au/" "Mozilla/5.0 (Linux; Android 10; K) AppleWebKit/537.36 (KHTML, like Gecko) Chrome/146.0.0.0 Mobile Safari/537.36"
106.68.235.122 - - [05/Apr/2026:08:31:31 +0800] "GET /wp-content/uploads/2020/10/create-thumbnail.jpg HTTP/1.1" 200 67514 "https://thegreenscapecollective.com.au/" "Mozilla/5.0 (Linux; Android 10; K) AppleWebKit/537.36 (KHTML, like Gecko) Chrome/146.0.0.0 Mobile Safari/537.36"
106.68.235.122 - - [05/Apr/2026:08:31:31 +0800] "GET /wp-content/uploads/2020/10/greenscapeaugust-0552-1536x1024.jpg HTTP/1.1" 200 138945 "https://thegreenscapecollective.com.au/" "Mozilla/5.0 (Linux; Android 10; K) AppleWebKit/537.36 (KHTML, like Gecko) Chrome/146.0.0.0 Mobile Safari/537.36"
106.68.235.122 - - [05/Apr/2026:08:31:32 +0800] "GET /wp-content/uploads/2020/10/construct-thumbnail.jpg HTTP/1.1" 200 79887 "https://thegreenscapecollective.com.au/" "Mozilla/5.0 (Linux; Android 10; K) AppleWebKit/537.36 (KHTML, like Gecko) Chrome/146.0.0.0 Mobile Safari/537.36"
106.68.235.122 - - [05/Apr/2026:08:31:33 +0800] "GET /wp-content/uploads/2020/10/care-thumbnail.jpg HTTP/1.1" 200 106504 "https://thegreenscapecollective.com.au/" "Mozilla/5.0 (Linux; Android 10; K) AppleWebKit/537.36 (KHTML, like Gecko) Chrome/146.0.0.0 Mobile Safari/537.36"
106.68.235.122 - - [05/Apr/2026:08:31:34 +0800] "GET /wp-content/uploads/2020/10/greenscapeaugust-0474-1536x1024.jpg HTTP/1.1" 200 163646 "https://thegreenscapecollective.com.au/" "Mozilla/5.0 (Linux; Android 10; K) AppleWebKit/537.36 (KHTML, like Gecko) Chrome/146.0.0.0 Mobile Safari/537.36"
106.68.235.122 - - [05/Apr/2026:08:31:37 +0800] "GET /wp-content/uploads/2020/10/greenscapeaugust-0246-1536x1024.jpg HTTP/1.1" 200 227353 "https://thegreenscapecollective.com.au/" "Mozilla/5.0 (Linux; Android 10; K) AppleWebKit/537.36 (KHTML, like Gecko) Chrome/146.0.0.0 Mobile Safari/537.36"
103.4.122.14 - - [05/Apr/2026:08:47:23 +0800] "POST /wp-cron.php?doing_wp_cron=1775350043.6885271072387695312500 HTTP/1.1" 200 20 "-" "WordPress/6.9.4; https://thegreenscapecollective.com.au"
103.4.122.14 - - [05/Apr/2026:08:54:02 +0800] "POST /wp-cron.php?doing_wp_cron=1775350442.4057419300079345703125 HTTP/1.1" 200 20 "-" "WordPress/6.9.4; https://thegreenscapecollective.com.au"
44.214.252.38 - - [05/Apr/2026:08:54:01 +0800] "GET /robots.txt HTTP/1.1" 200 140 "-" "Mozilla/5.0 (Macintosh; Intel Mac OS X 10_10_1) AppleWebKit/600.2.5 (KHTML, like Gecko) Version/8.0.2 Safari/600.2.5 (Gort)"
88.88.133.210 - - [05/Apr/2026:08:57:48 +0800] "GET /robots.txt HTTP/1.1" 200 188 "-" "Mozilla/5.0 (compatible; MJ12bot/v1.4.8; http://mj12bot.com/)"
103.4.122.14 - - [05/Apr/2026:08:57:52 +0800] "POST /wp-cron.php?doing_wp_cron=1775350672.1119639873504638671875 HTTP/1.1" 200 20 "-" "WordPress/6.9.4; https://thegreenscapecollective.com.au"
88.88.133.210 - - [05/Apr/2026:08:57:50 +0800] "GET /auto%20slot.aspx HTTP/1.1" 404 15203 "-" "Mozilla/5.0 (compatible; MJ12bot/v1.4.8; http://mj12bot.com/)"
88.88.133.210 - - [05/Apr/2026:08:57:54 +0800] "GET /betflik%20casino.aspx HTTP/1.1" 404 15208 "-" "Mozilla/5.0 (compatible; MJ12bot/v1.4.8; http://mj12bot.com/)"
88.88.133.210 - - [05/Apr/2026:08:57:56 +0800] "GET /betflik%20co.aspx HTTP/1.1" 404 15205 "-" "Mozilla/5.0 (compatible; MJ12bot/v1.4.8; http://mj12bot.com/)"
88.88.133.210 - - [05/Apr/2026:08:57:59 +0800] "GET /betflik%20dc.aspx HTTP/1.1" 404 15205 "-" "Mozilla/5.0 (compatible; MJ12bot/v1.4.8; http://mj12bot.com/)"
88.88.133.210 - - [05/Apr/2026:08:58:02 +0800] "GET /betflik%20original.aspx HTTP/1.1" 404 15208 "-" "Mozilla/5.0 (compatible; MJ12bot/v1.4.8; http://mj12bot.com/)"
88.88.133.210 - - [05/Apr/2026:08:58:05 +0800] "GET /betflik%20slot.aspx HTTP/1.1" 404 15207 "-" "Mozilla/5.0 (compatible; MJ12bot/v1.4.8; http://mj12bot.com/)"
57.141.14.99 - - [05/Apr/2026:08:59:26 +0800] "GET / HTTP/1.1" 200 188062 "-" "meta-externalagent/1.1 (+https://developers.facebook.com/docs/sharing/webmasters/crawler)"
103.4.122.14 - - [05/Apr/2026:09:06:52 +0800] "POST /wp-cron.php?doing_wp_cron=1775351212.6681919097900390625000 HTTP/1.1" 200 20 "-" "WordPress/6.9.4; https://thegreenscapecollective.com.au"
80.94.95.173 - - [05/Apr/2026:09:06:51 +0800] "GET / HTTP/1.0" 301 - "http://thegreenscapecollective.com.au/" "Mozilla/5.0 (Windows NT 10.0; Win64; x64) AppleWebKit/537.36 (KHTML, like Gecko) Chrome/129.0.0.0 Safari/537.36"
80.94.95.173 - - [05/Apr/2026:09:06:53 +0800] "GET / HTTP/1.0" 200 188062 "https://thegreenscapecollective.com.au/" "Mozilla/5.0 (Windows NT 10.0; Win64; x64) AppleWebKit/537.36 (KHTML, like Gecko) Chrome/129.0.0.0 Safari/537.36"
80.94.95.173 - - [05/Apr/2026:09:06:56 +0800] "POST / HTTP/1.0" 200 189018 "https://thegreenscapecollective.com.au/" "Mozilla/5.0 (Windows NT 10.0; Win64; x64) AppleWebKit/537.36 (KHTML, like Gecko) Chrome/129.0.0.0 Safari/537.36"
103.4.122.14 - - [05/Apr/2026:09:14:50 +0800] "POST /wp-cron.php?doing_wp_cron=1775351689.9064729213714599609375 HTTP/1.1" 200 20 "-" "WordPress/6.9.4; https://thegreenscapecollective.com.au"
216.73.216.146 - - [05/Apr/2026:09:14:48 +0800] "GET /robots.txt HTTP/1.1" 200 140 "-" "Mozilla/5.0 AppleWebKit/537.36 (KHTML, like Gecko; compatible; ClaudeBot/1.0; +claudebot@anthropic.com)"
216.73.216.146 - - [05/Apr/2026:09:14:50 +0800] "GET /sitemap_index.xml HTTP/1.1" 200 385 "-" "Mozilla/5.0 AppleWebKit/537.36 (KHTML, like Gecko; compatible; ClaudeBot/1.0; +claudebot@anthropic.com)"
103.4.122.14 - - [05/Apr/2026:09:21:56 +0800] "POST /wp-cron.php?doing_wp_cron=1775352116.7549231052398681640625 HTTP/1.1" 200 20 "-" "WordPress/6.9.4; https://thegreenscapecollective.com.au"
113.188.210.13 - - [05/Apr/2026:09:21:55 +0800] "GET /the-6-best-australian-native-plants-for-waterwise-perth-garden-designs/tel:0861025202 HTTP/1.1" 404 15234 "-" "Mozilla/5.0 (Windows NT 6.1; Win64; x64) AppleWebKit/537.36 (KHTML, like Gecko) Chrome/101.0.4951.54 Safari/537.36"
49.51.72.236 - - [05/Apr/2026:09:23:47 +0800] "GET / HTTP/1.1" 403 199 "-" "Mozilla/5.0 (iPhone; CPU iPhone OS 13_2_3 like Mac OS X) AppleWebKit/605.1.15 (KHTML, like Gecko) Version/13.0.3 Mobile/15E148 Safari/604.1"
103.4.122.14 - - [05/Apr/2026:09:27:10 +0800] "POST /wp-cron.php?doing_wp_cron=1775352430.3431239128112792968750 HTTP/1.1" 200 20 "-" "WordPress/6.9.4; https://thegreenscapecollective.com.au"
172.204.16.74 - - [05/Apr/2026:09:27:08 +0800] "GET / HTTP/1.1" 200 22000 "-" "Mozilla/5.0 AppleWebKit/537.36 (KHTML, like Gecko); compatible; ChatGPT-User/1.0; +https://openai.com/bot"
103.4.122.14 - - [05/Apr/2026:09:29:03 +0800] "POST /wp-cron.php?doing_wp_cron=1775352543.8200678825378417968750 HTTP/1.1" 200 20 "-" "WordPress/6.9.4; https://thegreenscapecollective.com.au"
66.249.75.160 - - [05/Apr/2026:09:29:02 +0800] "GET /page-sitemap.xml HTTP/1.1" 200 1061 "-" "Mozilla/5.0 (compatible; Googlebot/2.1; +http://www.google.com/bot.html)"
123.31.171.160 - - [05/Apr/2026:09:29:22 +0800] "GET /tag/asthma/ HTTP/1.1" 200 16053 "-" "Mozilla/5.0 (Windows NT 6.1) AppleWebKit/537.36 (KHTML, like Gecko) Chrome/78.0.3904.108 Safari/537.36"
103.4.122.14 - - [05/Apr/2026:09:42:21 +0800] "POST /wp-cron.php?doing_wp_cron=1775353340.9191930294036865234375 HTTP/1.1" 200 20 "-" "WordPress/6.9.4; https://thegreenscapecollective.com.au"
113.173.9.223 - - [05/Apr/2026:09:42:19 +0800] "GET /category/garden-care/ HTTP/1.1" 200 17105 "-" "Mozilla/5.0 (Macintosh; Intel Mac OS X 10_14_6) AppleWebKit/537.36 (KHTML, like Gecko) Chrome/89.0.4389.90 Safari/537.36"
103.4.122.14 - - [05/Apr/2026:09:44:39 +0800] "POST /wp-cron.php?doing_wp_cron=1775353479.7857561111450195312500 HTTP/1.1" 200 20 "-" "WordPress/6.9.4; https://thegreenscapecollective.com.au"
176.31.139.14 - - [05/Apr/2026:09:44:38 +0800] "GET /sitemap_index.xml HTTP/1.1" 200 385 "-" "Mozilla/5.0 (compatible; AhrefsBot/7.0; +http://ahrefs.com/robot/)"
94.23.188.203 - - [05/Apr/2026:09:44:42 +0800] "GET /post-sitemap.xml HTTP/1.1" 200 949 "-" "Mozilla/5.0 (compatible; AhrefsBot/7.0; +http://ahrefs.com/robot/)"
5.39.1.234 - - [05/Apr/2026:09:44:50 +0800] "GET /page-sitemap.xml HTTP/1.1" 200 1061 "-" "Mozilla/5.0 (compatible; AhrefsBot/7.0; +http://ahrefs.com/robot/)"
51.68.247.195 - - [05/Apr/2026:09:44:58 +0800] "GET /testimonial-sitemap.xml HTTP/1.1" 200 433 "-" "Mozilla/5.0 (compatible; AhrefsBot/7.0; +http://ahrefs.com/robot/)"
176.31.139.8 - - [05/Apr/2026:09:45:07 +0800] "GET /category-sitemap.xml HTTP/1.1" 200 406 "-" "Mozilla/5.0 (compatible; AhrefsBot/7.0; +http://ahrefs.com/robot/)"
176.31.139.7 - - [05/Apr/2026:09:45:59 +0800] "GET /author-sitemap.xml HTTP/1.1" 200 377 "-" "Mozilla/5.0 (compatible; AhrefsBot/7.0; +http://ahrefs.com/robot/)"
103.4.122.14 - - [05/Apr/2026:09:52:01 +0800] "POST /wp-cron.php?doing_wp_cron=1775353921.2505779266357421875000 HTTP/1.1" 200 20 "-" "WordPress/6.9.4; https://thegreenscapecollective.com.au"
66.249.75.161 - - [05/Apr/2026:09:51:59 +0800] "GET /city-of-perth-parklet/ HTTP/1.1" 200 16876 "-" "Mozilla/5.0 (Linux; Android 6.0.1; Nexus 5X Build/MMB29P) AppleWebKit/537.36 (KHTML, like Gecko) Chrome/146.0.7680.177 Mobile Safari/537.36 (compatible; Googlebot/2.1; +http://www.google.com/bot.html)"
66.249.75.161 - - [05/Apr/2026:09:52:07 +0800] "GET /wp-content/cache/autoptimize/css/autoptimize_fe20083bcccdc0c5c68c63f254873565.css HTTP/1.1" 200 48435 "https://thegreenscapecollective.com.au/city-of-perth-parklet/" "Mozilla/5.0 (Linux; Android 6.0.1; Nexus 5X Build/MMB29P) AppleWebKit/537.36 (KHTML, like Gecko) Chrome/146.0.7680.177 Mobile Safari/537.36 (compatible; Googlebot/2.1; +http://www.google.com/bot.html)"
115.131.158.127 - - [05/Apr/2026:09:59:15 +0800] "GET /wp-content/uploads/2020/12/Native-Fuchsia.jpg HTTP/1.1" 200 59054 "-" "Mozilla/4.0 (compatible; ms-office; MSOffice 16)"
114.119.146.37 - - [05/Apr/2026:10:01:34 +0800] "GET / HTTP/1.1" 301 247 "-" "Mozilla/5.0 (Linux; Android 7.0;) AppleWebKit/537.36 (KHTML, like Gecko) Mobile Safari/537.36 (compatible; PetalBot;+https://webmaster.petalsearch.com/site/petalbot)"
103.4.122.14 - - [05/Apr/2026:10:01:38 +0800] "POST /wp-cron.php?doing_wp_cron=1775354498.1758799552917480468750 HTTP/1.1" 200 20 "-" "WordPress/6.9.4; https://thegreenscapecollective.com.au"
114.119.146.37 - - [05/Apr/2026:10:01:36 +0800] "GET / HTTP/1.1" 200 22006 "-" "Mozilla/5.0 (Linux; Android 7.0;) AppleWebKit/537.36 (KHTML, like Gecko) Mobile Safari/537.36 (compatible; PetalBot;+https://webmaster.petalsearch.com/site/petalbot)"
103.4.122.14 - - [05/Apr/2026:10:06:23 +0800] "POST /wp-cron.php?doing_wp_cron=1775354783.0674560070037841796875 HTTP/1.1" 200 20 "-" "WordPress/6.9.4; https://thegreenscapecollective.com.au"
157.55.39.196 - - [05/Apr/2026:10:06:21 +0800] "GET /?s= HTTP/1.1" 200 18288 "-" "Mozilla/5.0 AppleWebKit/537.36 (KHTML, like Gecko; compatible; bingbot/2.0; +http://www.bing.com/bingbot.htm) Chrome/116.0.1938.76 Safari/537.36"
103.4.122.14 - - [05/Apr/2026:10:13:19 +0800] "POST /wp-cron.php?doing_wp_cron=1775355199.2423510551452636718750 HTTP/1.1" 200 20 "-" "WordPress/6.9.4; https://thegreenscapecollective.com.au"
66.249.75.162 - - [05/Apr/2026:10:13:17 +0800] "GET /how-to-create-a-low-allergen-garden-in-perth/ HTTP/1.1" 200 21297 "-" "Mozilla/5.0 (Linux; Android 6.0.1; Nexus 5X Build/MMB29P) AppleWebKit/537.36 (KHTML, like Gecko) Chrome/146.0.7680.177 Mobile Safari/537.36 (compatible; Googlebot/2.1; +http://www.google.com/bot.html)"
66.249.75.161 - - [05/Apr/2026:10:13:31 +0800] "GET /wp-content/cache/autoptimize/css/autoptimize_93c0e07e015467a882943a5da09168e3.css HTTP/1.1" 200 49777 "https://thegreenscapecollective.com.au/how-to-create-a-low-allergen-garden-in-perth/" "Mozilla/5.0 (Linux; Android 6.0.1; Nexus 5X Build/MMB29P) AppleWebKit/537.36 (KHTML, like Gecko) Chrome/146.0.7680.177 Mobile Safari/537.36 (compatible; Googlebot/2.1; +http://www.google.com/bot.html)"
66.249.75.160 - - [05/Apr/2026:10:13:36 +0800] "GET /wp-json/contact-form-7/v1/contact-forms/889/feedback/schema HTTP/1.1" 200 682 "https://thegreenscapecollective.com.au/how-to-create-a-low-allergen-garden-in-perth/" "Mozilla/5.0 (Linux; Android 6.0.1; Nexus 5X Build/MMB29P) AppleWebKit/537.36 (KHTML, like Gecko) Chrome/146.0.7680.177 Mobile Safari/537.36 (compatible; Googlebot/2.1; +http://www.google.com/bot.html)"
103.4.122.14 - - [05/Apr/2026:10:25:05 +0800] "POST /wp-cron.php?doing_wp_cron=1775355905.7908780574798583984375 HTTP/1.1" 200 20 "-" "WordPress/6.9.4; https://thegreenscapecollective.com.au"
114.119.133.1 - - [05/Apr/2026:10:25:04 +0800] "GET /about/ HTTP/1.1" 301 20 "-" "Mozilla/5.0 (Linux; Android 7.0;) AppleWebKit/537.36 (KHTML, like Gecko) Mobile Safari/537.36 (compatible; PetalBot;+https://webmaster.petalsearch.com/site/petalbot)"
114.119.133.1 - - [05/Apr/2026:10:25:07 +0800] "GET /about/ HTTP/1.1" 200 18747 "-" "Mozilla/5.0 (Linux; Android 7.0;) AppleWebKit/537.36 (KHTML, like Gecko) Mobile Safari/537.36 (compatible; PetalBot;+https://webmaster.petalsearch.com/site/petalbot)"
114.119.133.1 - - [05/Apr/2026:10:25:09 +0800] "GET /wp-content/cache/autoptimize/css/autoptimize_96b68dd506dffc123c52aa39a661bd82.css HTTP/1.1" 200 49646 "https://thegreenscapecollective.com.au/about/" "Mozilla/5.0 (Linux; Android 7.0;) AppleWebKit/537.36 (KHTML, like Gecko) Mobile Safari/537.36 (compatible; PetalBot;+https://webmaster.petalsearch.com/site/petalbot)"
114.119.133.1 - - [05/Apr/2026:10:25:09 +0800] "GET /wp-content/cache/autoptimize/css/autoptimize_single_a0e61596f3f196c3460ed19f7d818fe7.css?generated=1755196485&ver=1.21.5 HTTP/1.1" 200 3059 "https://thegreenscapecollective.com.au/about/" "Mozilla/5.0 (Linux; Android 7.0;) AppleWebKit/537.36 (KHTML, like Gecko) Mobile Safari/537.36 (compatible; PetalBot;+https://webmaster.petalsearch.com/site/petalbot)"
114.119.133.1 - - [05/Apr/2026:10:25:09 +0800] "GET /wp-includes/css/dashicons.min.css?ver=6.9.4 HTTP/1.1" 200 35721 "https://thegreenscapecollective.com.au/about/" "Mozilla/5.0 (Linux; Android 7.0;) AppleWebKit/537.36 (KHTML, like Gecko) Mobile Safari/537.36 (compatible; PetalBot;+https://webmaster.petalsearch.com/site/petalbot)"
114.119.133.1 - - [05/Apr/2026:10:25:09 +0800] "GET /wp-content/cache/autoptimize/css/autoptimize_single_fe8f181541bb22b337e01d4d0d362cb4.css?ver=1765807811 HTTP/1.1" 200 777 "https://thegreenscapecollective.com.au/about/" "Mozilla/5.0 (Linux; Android 7.0;) AppleWebKit/537.36 (KHTML, like Gecko) Mobile Safari/537.36 (compatible; PetalBot;+https://webmaster.petalsearch.com/site/petalbot)"
114.119.133.1 - - [05/Apr/2026:10:25:09 +0800] "GET /wp-includes/js/jquery/jquery.min.js?ver=3.7.1 HTTP/1.1" 200 30368 "https://thegreenscapecollective.com.au/about/" "Mozilla/5.0 (Linux; Android 7.0;) AppleWebKit/537.36 (KHTML, like Gecko) Mobile Safari/537.36 (compatible; PetalBot;+https://webmaster.petalsearch.com/site/petalbot)"
114.119.133.1 - - [05/Apr/2026:10:25:09 +0800] "GET /wp-includes/js/dist/hooks.min.js?ver=dd5603f07f9220ed27f1 HTTP/1.1" 200 1941 "https://thegreenscapecollective.com.au/about/" "Mozilla/5.0 (Linux; Android 7.0;) AppleWebKit/537.36 (KHTML, like Gecko) Mobile Safari/537.36 (compatible; PetalBot;+https://webmaster.petalsearch.com/site/petalbot)"
114.119.133.1 - - [05/Apr/2026:10:25:09 +0800] "GET /wp-includes/js/dist/i18n.min.js?ver=c26c3dc7bed366793375 HTTP/1.1" 200 2229 "https://thegreenscapecollective.com.au/about/" "Mozilla/5.0 (Linux; Android 7.0;) AppleWebKit/537.36 (KHTML, like Gecko) Mobile Safari/537.36 (compatible; PetalBot;+https://webmaster.petalsearch.com/site/petalbot)"
114.119.133.1 - - [05/Apr/2026:10:25:09 +0800] "GET /wp-includes/js/dist/vendor/wp-polyfill.min.js?ver=3.15.0 HTTP/1.1" 200 11852 "https://thegreenscapecollective.com.au/about/" "Mozilla/5.0 (Linux; Android 7.0;) AppleWebKit/537.36 (KHTML, like Gecko) Mobile Safari/537.36 (compatible; PetalBot;+https://webmaster.petalsearch.com/site/petalbot)"
114.119.133.1 - - [05/Apr/2026:10:25:11 +0800] "GET /wp-content/plugins/autoptimize/classes/external/js/lazysizes.min.js?ao_version=3.1.15 HTTP/1.1" 200 4122 "https://thegreenscapecollective.com.au/about/" "Mozilla/5.0 (Linux; Android 7.0;) AppleWebKit/537.36 (KHTML, like Gecko) Mobile Safari/537.36 (compatible; PetalBot;+https://webmaster.petalsearch.com/site/petalbot)"
114.119.133.1 - - [05/Apr/2026:10:25:11 +0800] "GET /wp-content/cache/autoptimize/js/autoptimize_608318ece1b0c8452f17313c8b437743.js HTTP/1.1" 200 61064 "https://thegreenscapecollective.com.au/about/" "Mozilla/5.0 (Linux; Android 7.0;) AppleWebKit/537.36 (KHTML, like Gecko) Mobile Safari/537.36 (compatible; PetalBot;+https://webmaster.petalsearch.com/site/petalbot)"
114.119.133.1 - - [05/Apr/2026:10:25:12 +0800] "GET /wp-json/contact-form-7/v1/contact-forms/893/feedback/schema HTTP/1.1" 200 736 "https://thegreenscapecollective.com.au/about/" "Mozilla/5.0 (Linux; Android 7.0;) AppleWebKit/537.36 (KHTML, like Gecko) Mobile Safari/537.36 (compatible; PetalBot;+https://webmaster.petalsearch.com/site/petalbot)"
114.119.133.1 - - [05/Apr/2026:10:25:13 +0800] "GET /wp-json/contact-form-7/v1/contact-forms/891/feedback/schema HTTP/1.1" 200 736 "https://thegreenscapecollective.com.au/about/" "Mozilla/5.0 (Linux; Android 7.0;) AppleWebKit/537.36 (KHTML, like Gecko) Mobile Safari/537.36 (compatible; PetalBot;+https://webmaster.petalsearch.com/site/petalbot)"
114.119.133.1 - - [05/Apr/2026:10:25:13 +0800] "GET /wp-json/contact-form-7/v1/contact-forms/892/feedback/schema HTTP/1.1" 200 678 "https://thegreenscapecollective.com.au/about/" "Mozilla/5.0 (Linux; Android 7.0;) AppleWebKit/537.36 (KHTML, like Gecko) Mobile Safari/537.36 (compatible; PetalBot;+https://webmaster.petalsearch.com/site/petalbot)"
114.119.133.1 - - [05/Apr/2026:10:25:13 +0800] "GET /wp-json/contact-form-7/v1/contact-forms/889/feedback/schema HTTP/1.1" 200 682 "https://thegreenscapecollective.com.au/about/" "Mozilla/5.0 (Linux; Android 7.0;) AppleWebKit/537.36 (KHTML, like Gecko) Mobile Safari/537.36 (compatible; PetalBot;+https://webmaster.petalsearch.com/site/petalbot)"
23.27.244.58 - - [05/Apr/2026:10:26:40 +0800] "GET / HTTP/1.1" 200 22007 "-" "Mozilla/5.0 (Windows NT 10.0; Win64; x64) AppleWebKit/537.36"
103.4.122.14 - - [05/Apr/2026:10:29:02 +0800] "POST /wp-cron.php?doing_wp_cron=1775356142.6982541084289550781250 HTTP/1.1" 200 20 "-" "WordPress/6.9.4; https://thegreenscapecollective.com.au"
20.199.97.195 - - [05/Apr/2026:10:31:24 +0800] "GET /wp-content/plugins/hellopress/wp_filemanager.php HTTP/1.1" 301 - "-" "-"
20.199.97.195 - - [05/Apr/2026:10:31:30 +0800] "GET /wp-content/plugins/hellopress/wp_filemanager.php HTTP/1.1" 404 122984 "-" "-"
20.199.97.195 - - [05/Apr/2026:10:31:33 +0800] "GET /xwx1.php HTTP/1.1" 301 - "-" "-"
20.199.97.195 - - [05/Apr/2026:10:31:35 +0800] "GET /xwx1.php HTTP/1.1" 404 117580 "-" "-"
20.199.97.195 - - [05/Apr/2026:10:31:37 +0800] "GET /dass.php HTTP/1.1" 301 - "-" "-"
20.199.97.195 - - [05/Apr/2026:10:31:38 +0800] "GET /dass.php HTTP/1.1" 404 117580 "-" "-"
20.199.97.195 - - [05/Apr/2026:10:31:39 +0800] "GET /taff.php HTTP/1.1" 301 - "-" "-"
20.199.97.195 - - [05/Apr/2026:10:31:41 +0800] "GET /taff.php HTTP/1.1" 404 117580 "-" "-"
20.199.97.195 - - [05/Apr/2026:10:31:42 +0800] "GET /maxro.php HTTP/1.1" 301 - "-" "-"
20.199.97.195 - - [05/Apr/2026:10:31:44 +0800] "GET /maxro.php HTTP/1.1" 404 117584 "-" "-"
20.199.97.195 - - [05/Apr/2026:10:31:45 +0800] "GET /tymi.php HTTP/1.1" 301 - "-" "-"
20.199.97.195 - - [05/Apr/2026:10:31:46 +0800] "GET /tymi.php HTTP/1.1" 404 117580 "-" "-"
20.199.97.195 - - [05/Apr/2026:10:31:48 +0800] "GET /wp-class.php HTTP/1.1" 403 199 "-" "-"
20.199.97.195 - - [05/Apr/2026:10:31:50 +0800] "GET /wp-class.php HTTP/1.1" 403 199 "-" "-"
20.199.97.195 - - [05/Apr/2026:10:31:51 +0800] "GET /wp-class.php HTTP/1.1" 403 199 "-" "-"
20.199.97.195 - - [05/Apr/2026:10:31:51 +0800] "GET /wp-class.php HTTP/1.1" 403 199 "-" "-"
20.199.97.195 - - [05/Apr/2026:10:31:53 +0800] "GET /7logs.php HTTP/1.1" 403 199 "-" "-"
20.199.97.195 - - [05/Apr/2026:10:31:54 +0800] "GET /7logs.php HTTP/1.1" 403 199 "-" "-"
20.199.97.195 - - [05/Apr/2026:10:31:55 +0800] "GET /7logs.php HTTP/1.1" 403 199 "-" "-"
20.199.97.195 - - [05/Apr/2026:10:31:56 +0800] "GET /7logs.php HTTP/1.1" 403 199 "-" "-"
20.199.97.195 - - [05/Apr/2026:10:31:57 +0800] "GET /xxc.php HTTP/1.1" 403 199 "-" "-"
20.199.97.195 - - [05/Apr/2026:10:31:58 +0800] "GET /xxc.php HTTP/1.1" 403 199 "-" "-"
20.199.97.195 - - [05/Apr/2026:10:31:59 +0800] "GET /xxc.php HTTP/1.1" 403 199 "-" "-"
20.199.97.195 - - [05/Apr/2026:10:32:01 +0800] "GET /xxc.php HTTP/1.1" 403 199 "-" "-"
20.199.97.195 - - [05/Apr/2026:10:32:03 +0800] "GET /Jcrop.php HTTP/1.1" 403 199 "-" "-"
20.199.97.195 - - [05/Apr/2026:10:32:05 +0800] "GET /Jcrop.php HTTP/1.1" 403 199 "-" "-"
20.199.97.195 - - [05/Apr/2026:10:32:06 +0800] "GET /Jcrop.php HTTP/1.1" 403 199 "-" "-"
20.199.97.195 - - [05/Apr/2026:10:32:08 +0800] "GET /Jcrop.php HTTP/1.1" 403 199 "-" "-"
20.199.97.195 - - [05/Apr/2026:10:32:09 +0800] "GET /rh.php HTTP/1.1" 403 199 "-" "-"
20.199.97.195 - - [05/Apr/2026:10:32:11 +0800] "GET /rh.php HTTP/1.1" 403 199 "-" "-"
20.199.97.195 - - [05/Apr/2026:10:32:14 +0800] "GET /rh.php HTTP/1.1" 403 199 "-" "-"
20.199.97.195 - - [05/Apr/2026:10:32:46 +0800] "GET /xx.php HTTP/1.1" 301 - "-" "-"
103.4.122.14 - - [05/Apr/2026:10:32:51 +0800] "POST /wp-cron.php?doing_wp_cron=1775356371.7125101089477539062500 HTTP/1.1" 200 20 "-" "WordPress/6.9.4; https://thegreenscapecollective.com.au"
20.199.97.195 - - [05/Apr/2026:10:32:50 +0800] "GET /xx.php HTTP/1.1" 404 117572 "-" "-"
20.199.97.195 - - [05/Apr/2026:10:32:58 +0800] "GET /bkyac.php HTTP/1.1" 301 - "-" "-"
20.199.97.195 - - [05/Apr/2026:10:33:02 +0800] "GET /bkyac.php HTTP/1.1" 404 117584 "-" "-"
20.199.97.195 - - [05/Apr/2026:10:33:05 +0800] "GET /cilus.php HTTP/1.1" 301 - "-" "-"
20.199.97.195 - - [05/Apr/2026:10:33:06 +0800] "GET /cilus.php HTTP/1.1" 404 117584 "-" "-"
20.199.97.195 - - [05/Apr/2026:10:33:08 +0800] "GET /error_log.php HTTP/1.1" 301 - "-" "-"
20.199.97.195 - - [05/Apr/2026:10:33:09 +0800] "GET /error_log.php HTTP/1.1" 404 117600 "-" "-"
20.199.97.195 - - [05/Apr/2026:10:33:11 +0800] "GET /HLA-dd.php HTTP/1.1" 301 - "-" "-"
20.199.97.195 - - [05/Apr/2026:10:33:12 +0800] "GET /HLA-dd.php HTTP/1.1" 404 117588 "-" "-"
20.199.97.195 - - [05/Apr/2026:10:33:13 +0800] "GET /wsc.php HTTP/1.1" 301 - "-" "-"
20.199.97.195 - - [05/Apr/2026:10:33:15 +0800] "GET /wsc.php HTTP/1.1" 404 117576 "-" "-"
20.199.97.195 - - [05/Apr/2026:10:33:16 +0800] "GET /wp-lvminl.php HTTP/1.1" 301 - "-" "-"
20.199.97.195 - - [05/Apr/2026:10:33:18 +0800] "GET /wp-lvminl.php HTTP/1.1" 404 117600 "-" "-"
20.199.97.195 - - [05/Apr/2026:10:33:19 +0800] "GET /ww.php HTTP/1.1" 403 199 "-" "-"
20.199.97.195 - - [05/Apr/2026:10:33:21 +0800] "GET /ww.php HTTP/1.1" 403 199 "-" "-"
20.199.97.195 - - [05/Apr/2026:10:33:22 +0800] "GET /ww.php HTTP/1.1" 403 199 "-" "-"
20.199.97.195 - - [05/Apr/2026:10:33:23 +0800] "GET /ww.php HTTP/1.1" 403 199 "-" "-"
20.199.97.195 - - [05/Apr/2026:10:33:24 +0800] "GET /dczem.php HTTP/1.1" 403 199 "-" "-"
20.199.97.195 - - [05/Apr/2026:10:33:26 +0800] "GET /dczem.php HTTP/1.1" 403 199 "-" "-"
20.199.97.195 - - [05/Apr/2026:10:33:28 +0800] "GET /dczem.php HTTP/1.1" 403 199 "-" "-"
20.199.97.195 - - [05/Apr/2026:10:33:30 +0800] "GET /dczem.php HTTP/1.1" 403 199 "-" "-"
20.199.97.195 - - [05/Apr/2026:10:33:33 +0800] "GET /albrt.php HTTP/1.1" 403 199 "-" "-"
103.4.122.13 - - [05/Apr/2026:10:33:34 +0800] "GET / HTTP/1.1" 200 188062 "https://wpmain.screwlooseit.com.au" "Mozilla/5.0 (compatible; MainWP/6.0.7; +http://mainwp.com)"
20.199.97.195 - - [05/Apr/2026:10:33:36 +0800] "GET /albrt.php HTTP/1.1" 403 199 "-" "-"
