195.154.176.6 - - [02/Apr/2026:01:55:13 +0800] "GET /index.php?rest_route=/wp/v2/users&orderby=id&order=asc&per_page=100&page=1 HTTP/1.1" 200 1925 "http://thegreenscapecollective.com.au/index.php?rest_route=/wp/v2/users&orderby=id&order=asc&per_page=100&page=1" "Mozilla/5.0 (Windows NT 10.0; Win64; x64) AppleWebKit/537.36 (KHTML, like Gecko) Chrome/145.0.0.0 Safari/537.36"
213.152.62.188 - - [02/Apr/2026:01:57:03 +0800] "GET /wp-content/uploads/2020/10/slide1-1024x568.jpg HTTP/1.1" 200 71724 "-" "Mozilla/5.0 (compatible; crawler)"
103.4.122.14 - - [02/Apr/2026:01:58:31 +0800] "POST /wp-cron.php?doing_wp_cron=1775066311.3342618942260742187500 HTTP/1.1" 200 20 "-" "WordPress/6.9.4; https://thegreenscapecollective.com.au"
197.58.28.141 - - [02/Apr/2026:01:58:30 +0800] "GET /category/garden-creation/tel:0861025202 HTTP/1.1" 404 15209 "-" "Mozilla/5.0 (Macintosh; Intel Mac OS X 10_10_5) AppleWebKit/537.36 (KHTML, like Gecko) Chrome/87.0.4280.88 Safari/537.36"
43.166.245.120 - - [02/Apr/2026:02:04:37 +0800] "GET / HTTP/1.1" 403 199 "-" "Mozilla/5.0 (iPhone; CPU iPhone OS 13_2_3 like Mac OS X) AppleWebKit/605.1.15 (KHTML, like Gecko) Version/13.0.3 Mobile/15E148 Safari/604.1"
103.4.122.14 - - [02/Apr/2026:02:08:44 +0800] "POST /wp-cron.php?doing_wp_cron=1775066924.2686910629272460937500 HTTP/1.1" 200 20 "-" "WordPress/6.9.4; https://thegreenscapecollective.com.au"
216.73.216.190 - - [02/Apr/2026:02:08:43 +0800] "GET /robots.txt HTTP/1.1" 200 140 "-" "Mozilla/5.0 AppleWebKit/537.36 (KHTML, like Gecko; compatible; ClaudeBot/1.0; +claudebot@anthropic.com)"
216.73.216.190 - - [02/Apr/2026:02:08:44 +0800] "GET /sitemap_index.xml HTTP/1.1" 200 385 "-" "Mozilla/5.0 AppleWebKit/537.36 (KHTML, like Gecko; compatible; ClaudeBot/1.0; +claudebot@anthropic.com)"
27.46.69.2 - - [02/Apr/2026:02:11:17 +0800] "GET /robots.txt HTTP/1.1" 301 20 "-" "Mozilla/5.0 (Windows NT 10.0; Win64; x64) AppleWebKit/537.36 (KHTML, like Gecko) Chrome/78.0.2567.147 Safari/537.36 Edge/18.18362"
116.76.39.221 - - [02/Apr/2026:02:11:21 +0800] "GET /robots.txt HTTP/1.1" 200 140 "-" "Mozilla/5.0 (Windows NT 10.0; Win64; x64) AppleWebKit/537.36 (KHTML, like Gecko) Chrome/78.0.2567.147 Safari/537.36 Edge/18.18362"
103.4.122.14 - - [02/Apr/2026:02:17:43 +0800] "POST /wp-cron.php?doing_wp_cron=1775067463.7099208831787109375000 HTTP/1.1" 200 20 "-" "WordPress/6.9.4; https://thegreenscapecollective.com.au"
123.22.110.236 - - [02/Apr/2026:02:17:42 +0800] "GET /wp-json/oembed/1.0/embed?format=xml&url=https%3A%2F%2Fthegreenscapecollective.com.au%2Fterms-of-service%2F HTTP/1.1" 200 1253 "-" "Mozilla/5.0 (Macintosh; Intel Mac OS X 11_0_0) AppleWebKit/537.36 (KHTML, like Gecko) Chrome/87.0.4280.88 Safari/537.36"
103.4.122.14 - - [02/Apr/2026:02:33:28 +0800] "POST /wp-cron.php?doing_wp_cron=1775068408.8351480960845947265625 HTTP/1.1" 200 20 "-" "WordPress/6.9.4; https://thegreenscapecollective.com.au"
74.248.113.81 - - [02/Apr/2026:02:33:27 +0800] "GET /wp-content/plugins/hellopress/wp_filemanager.php HTTP/1.1" 301 - "-" "-"
74.248.113.81 - - [02/Apr/2026:02:33:29 +0800] "GET /wp-content/plugins/hellopress/wp_filemanager.php HTTP/1.1" 404 122984 "-" "-"
74.248.113.81 - - [02/Apr/2026:02:33:32 +0800] "GET /wp-Blogs.php HTTP/1.1" 301 - "-" "-"
74.248.113.81 - - [02/Apr/2026:02:33:33 +0800] "GET /wp-Blogs.php HTTP/1.1" 404 117596 "-" "-"
103.4.122.14 - - [02/Apr/2026:02:47:33 +0800] "POST /wp-cron.php?doing_wp_cron=1775069253.6719670295715332031250 HTTP/1.1" 200 20 "-" "WordPress/6.9.4; https://thegreenscapecollective.com.au"
216.73.216.190 - - [02/Apr/2026:02:47:32 +0800] "GET /robots.txt HTTP/1.1" 301 20 "-" "Mozilla/5.0 AppleWebKit/537.36 (KHTML, like Gecko; compatible; ClaudeBot/1.0; +claudebot@anthropic.com)"
216.73.216.190 - - [02/Apr/2026:02:47:38 +0800] "GET /robots.txt HTTP/1.1" 200 140 "https://www.thegreenscapecollective.com.au/robots.txt" "Mozilla/5.0 AppleWebKit/537.36 (KHTML, like Gecko; compatible; ClaudeBot/1.0; +claudebot@anthropic.com)"
216.73.216.190 - - [02/Apr/2026:02:47:40 +0800] "GET /robots.txt HTTP/1.1" 301 20 "-" ""
216.73.216.190 - - [02/Apr/2026:02:47:41 +0800] "GET /robots.txt HTTP/1.1" 200 140 "https://www.thegreenscapecollective.com.au/robots.txt" ""
216.73.216.190 - - [02/Apr/2026:02:47:42 +0800] "GET / HTTP/1.1" 301 247 "-" "Mozilla/5.0 AppleWebKit/537.36 (KHTML, like Gecko; compatible; ClaudeBot/1.0; +claudebot@anthropic.com)"
216.73.216.190 - - [02/Apr/2026:02:47:42 +0800] "GET / HTTP/1.1" 200 22005 "https://www.thegreenscapecollective.com.au/" "Mozilla/5.0 AppleWebKit/537.36 (KHTML, like Gecko; compatible; ClaudeBot/1.0; +claudebot@anthropic.com)"
103.4.122.14 - - [02/Apr/2026:02:51:19 +0800] "POST /wp-cron.php?doing_wp_cron=1775069479.1284790039062500000000 HTTP/1.1" 200 20 "-" "WordPress/6.9.4; https://thegreenscapecollective.com.au"
222.253.216.188 - - [02/Apr/2026:02:51:17 +0800] "GET /services/landscape-and-garden-design/tel:0861025202 HTTP/1.1" 404 15687 "-" "Mozilla/5.0 (Macintosh; Intel Mac OS X 10_13_6) AppleWebKit/537.36 (KHTML, like Gecko) Chrome/106.0.0.0 Safari/537.36"
103.4.122.14 - - [02/Apr/2026:03:09:16 +0800] "POST /wp-cron.php?doing_wp_cron=1775070556.4291470050811767578125 HTTP/1.1" 200 20 "-" "WordPress/6.9.4; https://thegreenscapecollective.com.au"
14.168.184.24 - - [02/Apr/2026:03:09:15 +0800] "GET /privacy-policy/ HTTP/1.1" 301 20 "-" "Mozilla/5.0 (Windows NT 10.0; Win64; x64) AppleWebKit/537.36 (KHTML, like Gecko) Chrome/121.0.0.0 Safari/537.36 Edg/121.0.0.0"
14.180.56.143 - - [02/Apr/2026:03:09:23 +0800] "GET /privacy-policy/ HTTP/1.1" 200 16626 "-" "Mozilla/5.0 (Windows NT 10.0; Win64; x64) AppleWebKit/537.36 (KHTML, like Gecko) Chrome/121.0.0.0 Safari/537.36 Edg/121.0.0.0"
113.188.66.238 - - [02/Apr/2026:03:09:26 +0800] "GET /contact/ HTTP/1.1" 301 20 "-" "Mozilla/5.0 (Windows NT 10.0; Win64; x64) AppleWebKit/537.36 (KHTML, like Gecko) Chrome/122.0.0.0 Safari/537.36"
103.4.122.14 - - [02/Apr/2026:03:21:15 +0800] "POST /wp-cron.php?doing_wp_cron=1775071275.1965920925140380859375 HTTP/1.1" 200 20 "-" "WordPress/6.9.4; https://thegreenscapecollective.com.au"
216.73.216.190 - - [02/Apr/2026:03:21:14 +0800] "GET /robots.txt HTTP/1.1" 200 140 "-" "Mozilla/5.0 AppleWebKit/537.36 (KHTML, like Gecko; compatible; ClaudeBot/1.0; +claudebot@anthropic.com)"
216.73.216.190 - - [02/Apr/2026:03:21:15 +0800] "GET /sitemap_index.xml HTTP/1.1" 200 385 "-" "Mozilla/5.0 AppleWebKit/537.36 (KHTML, like Gecko; compatible; ClaudeBot/1.0; +claudebot@anthropic.com)"
103.99.135.185 - - [02/Apr/2026:03:22:06 +0800] "GET / HTTP/1.1" 200 22002 "-" "Mozilla/5.0 (Macintosh; U; Intel Mac OS X 10_11_1) AppleWebKit/534.1 (KHTML, like Gecko) Chrome/53.0.809.0 Safari/534.1"
45.172.182.34 - - [02/Apr/2026:03:22:29 +0800] "GET /wp-json/ HTTP/1.1" 200 16881 "-" "Opera/8.16.(Windows CE; so-KE) Presto/2.9.176 Version/12.00"
103.4.122.14 - - [02/Apr/2026:03:29:51 +0800] "POST /wp-cron.php?doing_wp_cron=1775071791.2880330085754394531250 HTTP/1.1" 200 20 "-" "WordPress/6.9.4; https://thegreenscapecollective.com.au"
34.85.187.213 - - [02/Apr/2026:03:29:50 +0800] "HEAD /old/ HTTP/1.1" 301 - "-" "Mozilla/5.0 (X11; Linux x86_64; rv:127.0) Gecko/20100101 Firefox/127.0"
34.85.187.213 - - [02/Apr/2026:03:29:52 +0800] "HEAD /old/ HTTP/1.1" 404 - "http://thegreenscapecollective.com.au/old/" "Mozilla/5.0 (X11; Linux x86_64; rv:127.0) Gecko/20100101 Firefox/127.0"
34.85.187.213 - - [02/Apr/2026:03:29:53 +0800] "HEAD /backup/ HTTP/1.1" 301 - "-" "Mozilla/5.0 (Windows NT 11.0; Win64; x64) AppleWebKit/537.36 (KHTML, like Gecko) Edg/128.0.2790.25 Chrome/128.0.6540.22 Safari/537.36"
34.85.187.213 - - [02/Apr/2026:03:29:54 +0800] "HEAD /backup/ HTTP/1.1" 404 - "http://thegreenscapecollective.com.au/backup/" "Mozilla/5.0 (Windows NT 11.0; Win64; x64) AppleWebKit/537.36 (KHTML, like Gecko) Edg/128.0.2790.25 Chrome/128.0.6540.22 Safari/537.36"
34.85.187.213 - - [02/Apr/2026:03:29:55 +0800] "HEAD /new/ HTTP/1.1" 301 - "-" "Mozilla/5.0 (Linux; Android 13; Nokia G42 5G) AppleWebKit/537.36 (KHTML, like Gecko) Chrome/126.0.6478.41 Mobile Safari/537.36"
34.85.187.213 - - [02/Apr/2026:03:29:56 +0800] "HEAD /new/ HTTP/1.1" 404 - "http://thegreenscapecollective.com.au/new/" "Mozilla/5.0 (Linux; Android 13; Nokia G42 5G) AppleWebKit/537.36 (KHTML, like Gecko) Chrome/126.0.6478.41 Mobile Safari/537.36"
34.85.187.213 - - [02/Apr/2026:03:29:57 +0800] "HEAD / HTTP/1.1" 301 - "-" "Mozilla/5.0 (X11; Fedora; Linux x86_64; rv:125.0) Gecko/20100101 Firefox/125.0"
34.85.187.213 - - [02/Apr/2026:03:29:58 +0800] "HEAD / HTTP/1.1" 200 - "http://thegreenscapecollective.com.au/" "Mozilla/5.0 (X11; Fedora; Linux x86_64; rv:125.0) Gecko/20100101 Firefox/125.0"
34.85.187.213 - - [02/Apr/2026:03:29:59 +0800] "HEAD /wordpress/ HTTP/1.1" 301 - "-" "Mozilla/5.0 (X11; Fedora; Linux x86_64; rv:125.0) Gecko/20100101 Firefox/125.0"
34.85.187.213 - - [02/Apr/2026:03:30:00 +0800] "HEAD /wordpress/ HTTP/1.1" 404 - "http://thegreenscapecollective.com.au/wordpress/" "Mozilla/5.0 (X11; Fedora; Linux x86_64; rv:125.0) Gecko/20100101 Firefox/125.0"
34.85.187.213 - - [02/Apr/2026:03:30:01 +0800] "HEAD /wp/ HTTP/1.1" 301 - "-" "Mozilla/5.0 (iPhone; CPU iPhone OS 17_5 like Mac OS X) AppleWebKit/605.1.15 (KHTML, like Gecko) Version/17.5 Mobile/15E148 Safari/604.1"
34.85.187.213 - - [02/Apr/2026:03:30:02 +0800] "HEAD /wp/ HTTP/1.1" 404 - "http://thegreenscapecollective.com.au/wp/" "Mozilla/5.0 (iPhone; CPU iPhone OS 17_5 like Mac OS X) AppleWebKit/605.1.15 (KHTML, like Gecko) Version/17.5 Mobile/15E148 Safari/604.1"
34.85.187.213 - - [02/Apr/2026:03:30:03 +0800] "HEAD /blog/ HTTP/1.1" 301 - "-" "Mozilla/5.0 (Macintosh; Intel Mac OS X 15_0) AppleWebKit/537.36 (KHTML, like Gecko) Chrome/125.0.6422.141 Safari/537.36"
34.85.187.213 - - [02/Apr/2026:03:30:04 +0800] "HEAD /blog/ HTTP/1.1" 200 - "http://thegreenscapecollective.com.au/blog/" "Mozilla/5.0 (Macintosh; Intel Mac OS X 15_0) AppleWebKit/537.36 (KHTML, like Gecko) Chrome/125.0.6422.141 Safari/537.36"
120.223.162.43 - - [02/Apr/2026:03:35:50 +0800] "GET /petscaping-your-garden HTTP/1.1" 301 20 "-" "Mozilla/5.0 (Windows NT 10.0; Win64; x64) AppleWebKit/537.36 (KHTML, like Gecko) Chrome/142.0.0.0 Safari/537.36"
103.4.122.14 - - [02/Apr/2026:03:35:52 +0800] "POST /wp-cron.php?doing_wp_cron=1775072151.8404910564422607421875 HTTP/1.1" 200 20 "-" "WordPress/6.9.4; https://thegreenscapecollective.com.au"
120.223.162.43 - - [02/Apr/2026:03:35:52 +0800] "GET /petscaping-your-garden/ HTTP/1.1" 200 18029 "-" "Mozilla/5.0 (Windows NT 10.0; Win64; x64) AppleWebKit/537.36 (KHTML, like Gecko) Chrome/142.0.0.0 Safari/537.36"
120.223.162.43 - - [02/Apr/2026:03:35:54 +0800] "GET /wp-content/cache/autoptimize/css/autoptimize_d85503fb70e0bfe5a84fb67ce3b1f351.css HTTP/1.1" 200 48407 "https://thegreenscapecollective.com.au/petscaping-your-garden/" "Mozilla/5.0 (Windows NT 10.0; Win64; x64) AppleWebKit/537.36 (KHTML, like Gecko) Chrome/142.0.0.0 Safari/537.36"
120.223.162.43 - - [02/Apr/2026:03:35:55 +0800] "GET /wp-content/cache/autoptimize/css/autoptimize_single_a0e61596f3f196c3460ed19f7d818fe7.css?generated=1755196485&ver=1.21.5 HTTP/1.1" 200 3059 "https://thegreenscapecollective.com.au/petscaping-your-garden/" "Mozilla/5.0 (Windows NT 10.0; Win64; x64) AppleWebKit/537.36 (KHTML, like Gecko) Chrome/142.0.0.0 Safari/537.36"
120.223.162.43 - - [02/Apr/2026:03:35:55 +0800] "GET /wp-includes/js/dist/hooks.min.js?ver=dd5603f07f9220ed27f1 HTTP/1.1" 200 1941 "https://thegreenscapecollective.com.au/petscaping-your-garden/" "Mozilla/5.0 (Windows NT 10.0; Win64; x64) AppleWebKit/537.36 (KHTML, like Gecko) Chrome/142.0.0.0 Safari/537.36"
120.223.162.43 - - [02/Apr/2026:03:35:55 +0800] "GET /wp-includes/css/dashicons.min.css?ver=6.9.4 HTTP/1.1" 200 35721 "https://thegreenscapecollective.com.au/petscaping-your-garden/" "Mozilla/5.0 (Windows NT 10.0; Win64; x64) AppleWebKit/537.36 (KHTML, like Gecko) Chrome/142.0.0.0 Safari/537.36"
120.223.162.43 - - [02/Apr/2026:03:35:55 +0800] "GET /wp-includes/js/jquery/jquery.min.js?ver=3.7.1 HTTP/1.1" 200 30368 "https://thegreenscapecollective.com.au/petscaping-your-garden/" "Mozilla/5.0 (Windows NT 10.0; Win64; x64) AppleWebKit/537.36 (KHTML, like Gecko) Chrome/142.0.0.0 Safari/537.36"
120.223.162.43 - - [02/Apr/2026:03:35:55 +0800] "GET /wp-includes/js/dist/i18n.min.js?ver=c26c3dc7bed366793375 HTTP/1.1" 200 2229 "https://thegreenscapecollective.com.au/petscaping-your-garden/" "Mozilla/5.0 (Windows NT 10.0; Win64; x64) AppleWebKit/537.36 (KHTML, like Gecko) Chrome/142.0.0.0 Safari/537.36"
120.223.162.43 - - [02/Apr/2026:03:35:55 +0800] "GET /wp-includes/js/dist/vendor/wp-polyfill.min.js?ver=3.15.0 HTTP/1.1" 200 11852 "https://thegreenscapecollective.com.au/petscaping-your-garden/" "Mozilla/5.0 (Windows NT 10.0; Win64; x64) AppleWebKit/537.36 (KHTML, like Gecko) Chrome/142.0.0.0 Safari/537.36"
103.4.122.14 - - [02/Apr/2026:03:47:31 +0800] "POST /wp-cron.php?doing_wp_cron=1775072851.7575159072875976562500 HTTP/1.1" 200 20 "-" "WordPress/6.9.4; https://thegreenscapecollective.com.au"
207.180.11.58 - - [02/Apr/2026:03:47:30 +0800] "GET /tag/trees/feed/ HTTP/1.1" 200 5430 "-" "Mozilla/5.0 (Macintosh; Intel Mac OS X 10_15_7) AppleWebKit/537.36 (KHTML, like Gecko) Chrome/135.0.0.0 Safari/537.36"
103.4.122.14 - - [02/Apr/2026:04:26:48 +0800] "POST /wp-cron.php?doing_wp_cron=1775075208.8756949901580810546875 HTTP/1.1" 200 20 "-" "WordPress/6.9.4; https://thegreenscapecollective.com.au"
34.86.17.132 - - [02/Apr/2026:04:26:47 +0800] "HEAD /wordpress/ HTTP/1.1" 301 - "-" "Mozilla/5.0 (Linux; Android 11; RMX2195) AppleWebKit/537.36 (KHTML, like Gecko) Chrome/120.0.6099.210 Mobile Safari/537.36 OPR/75.2.3995.72468"
34.86.17.132 - - [02/Apr/2026:04:26:49 +0800] "HEAD /wordpress/ HTTP/1.1" 301 - "http://www.thegreenscapecollective.com.au/wordpress/" "Mozilla/5.0 (Linux; Android 11; RMX2195) AppleWebKit/537.36 (KHTML, like Gecko) Chrome/120.0.6099.210 Mobile Safari/537.36 OPR/75.2.3995.72468"
34.86.17.132 - - [02/Apr/2026:04:26:51 +0800] "HEAD /wordpress/ HTTP/1.1" 404 - "https://www.thegreenscapecollective.com.au/wordpress/" "Mozilla/5.0 (Linux; Android 11; RMX2195) AppleWebKit/537.36 (KHTML, like Gecko) Chrome/120.0.6099.210 Mobile Safari/537.36 OPR/75.2.3995.72468"
34.86.17.132 - - [02/Apr/2026:04:26:52 +0800] "HEAD /wp/ HTTP/1.1" 301 - "-" "Mozilla/5.0 (iPhone; CPU iPhone OS 16_7 like Mac OS X) AppleWebKit/605.1.15 (KHTML, like Gecko) Version/16.7 Mobile/15E148 Safari/604.1"
34.86.17.132 - - [02/Apr/2026:04:26:53 +0800] "HEAD /wp/ HTTP/1.1" 301 - "http://www.thegreenscapecollective.com.au/wp/" "Mozilla/5.0 (iPhone; CPU iPhone OS 16_7 like Mac OS X) AppleWebKit/605.1.15 (KHTML, like Gecko) Version/16.7 Mobile/15E148 Safari/604.1"
34.86.17.132 - - [02/Apr/2026:04:26:54 +0800] "HEAD /wp/ HTTP/1.1" 404 - "https://www.thegreenscapecollective.com.au/wp/" "Mozilla/5.0 (iPhone; CPU iPhone OS 16_7 like Mac OS X) AppleWebKit/605.1.15 (KHTML, like Gecko) Version/16.7 Mobile/15E148 Safari/604.1"
34.86.17.132 - - [02/Apr/2026:04:26:55 +0800] "HEAD /blog/ HTTP/1.1" 301 - "-" "Mozilla/5.0 (Linux; Android 14; OnePlus 12) AppleWebKit/537.36 (KHTML, like Gecko) Chrome/125.0.6422.102 Mobile Safari/537.36"
34.86.17.132 - - [02/Apr/2026:04:26:57 +0800] "HEAD /blog/ HTTP/1.1" 301 - "http://www.thegreenscapecollective.com.au/blog/" "Mozilla/5.0 (Linux; Android 14; OnePlus 12) AppleWebKit/537.36 (KHTML, like Gecko) Chrome/125.0.6422.102 Mobile Safari/537.36"
34.86.17.132 - - [02/Apr/2026:04:26:58 +0800] "HEAD /blog/ HTTP/1.1" 200 - "https://www.thegreenscapecollective.com.au/blog/" "Mozilla/5.0 (Linux; Android 14; OnePlus 12) AppleWebKit/537.36 (KHTML, like Gecko) Chrome/125.0.6422.102 Mobile Safari/537.36"
34.86.17.132 - - [02/Apr/2026:04:26:59 +0800] "HEAD /backup/ HTTP/1.1" 301 - "-" "Mozilla/5.0 (X11; Linux x86_64) AppleWebKit/537.36 (KHTML, like Gecko) Chrome/125.0.6422.76 Safari/537.36"
34.86.17.132 - - [02/Apr/2026:04:27:00 +0800] "HEAD /backup/ HTTP/1.1" 301 - "http://www.thegreenscapecollective.com.au/backup/" "Mozilla/5.0 (X11; Linux x86_64) AppleWebKit/537.36 (KHTML, like Gecko) Chrome/125.0.6422.76 Safari/537.36"
34.86.17.132 - - [02/Apr/2026:04:27:01 +0800] "HEAD /backup/ HTTP/1.1" 404 - "https://www.thegreenscapecollective.com.au/backup/" "Mozilla/5.0 (X11; Linux x86_64) AppleWebKit/537.36 (KHTML, like Gecko) Chrome/125.0.6422.76 Safari/537.36"
34.86.17.132 - - [02/Apr/2026:04:27:02 +0800] "HEAD /new/ HTTP/1.1" 301 - "-" "Mozilla/5.0 (Windows NT 10.0; Win64; x64; rv:127.0) Gecko/20100101 Firefox/127.0"
34.86.17.132 - - [02/Apr/2026:04:27:03 +0800] "HEAD /new/ HTTP/1.1" 301 - "http://www.thegreenscapecollective.com.au/new/" "Mozilla/5.0 (Windows NT 10.0; Win64; x64; rv:127.0) Gecko/20100101 Firefox/127.0"
34.86.17.132 - - [02/Apr/2026:04:27:04 +0800] "HEAD /new/ HTTP/1.1" 404 - "https://www.thegreenscapecollective.com.au/new/" "Mozilla/5.0 (Windows NT 10.0; Win64; x64; rv:127.0) Gecko/20100101 Firefox/127.0"
34.86.17.132 - - [02/Apr/2026:04:27:05 +0800] "HEAD / HTTP/1.1" 301 - "-" "Mozilla/5.0 (iPad; CPU OS 17_4 like Mac OS X) AppleWebKit/605.1.15 (KHTML, like Gecko) Version/17.4 Mobile/15E148 Safari/604.1"
34.86.17.132 - - [02/Apr/2026:04:27:06 +0800] "HEAD / HTTP/1.1" 200 - "http://www.thegreenscapecollective.com.au/" "Mozilla/5.0 (iPad; CPU OS 17_4 like Mac OS X) AppleWebKit/605.1.15 (KHTML, like Gecko) Version/17.4 Mobile/15E148 Safari/604.1"
34.86.17.132 - - [02/Apr/2026:04:27:07 +0800] "HEAD /old/ HTTP/1.1" 301 - "-" "Mozilla/5.0 (X11; Linux x86_64; rv:127.0) Gecko/20100101 Firefox/127.0"
34.86.17.132 - - [02/Apr/2026:04:27:08 +0800] "HEAD /old/ HTTP/1.1" 301 - "http://www.thegreenscapecollective.com.au/old/" "Mozilla/5.0 (X11; Linux x86_64; rv:127.0) Gecko/20100101 Firefox/127.0"
34.86.17.132 - - [02/Apr/2026:04:27:09 +0800] "HEAD /old/ HTTP/1.1" 404 - "https://www.thegreenscapecollective.com.au/old/" "Mozilla/5.0 (X11; Linux x86_64; rv:127.0) Gecko/20100101 Firefox/127.0"
23.27.244.58 - - [02/Apr/2026:04:34:52 +0800] "GET / HTTP/1.1" 403 199 "-" "Go-http-client/1.1"
103.4.122.14 - - [02/Apr/2026:04:36:15 +0800] "POST /wp-cron.php?doing_wp_cron=1775075775.0901749134063720703125 HTTP/1.1" 200 20 "-" "WordPress/6.9.4; https://thegreenscapecollective.com.au"
43.173.187.227 - - [02/Apr/2026:04:36:14 +0800] "GET /robots.txt HTTP/1.1" 200 140 "-" "Mozilla/5.0 (Macintosh; Intel Mac OS X 10_15_7) AppleWebKit/537.36 (KHTML, like Gecko) Chrome/129.0.0.0 Safari/537.36"
43.173.179.15 - - [02/Apr/2026:04:37:17 +0800] "GET /services/residential-and-strata-garden-maintenance/ HTTP/1.1" 200 17206 "-" "Mozilla/5.0 (Windows NT 10.0; Win64; x64) AppleWebKit/537.36 (KHTML, like Gecko) Chrome/144.0.0.0 Safari/537.36"
43.172.194.250 - - [02/Apr/2026:04:37:20 +0800] "GET /wp-content/cache/autoptimize/css/autoptimize_single_ddc831ce512729069ba9c17caf264e70.css?ver=1765819278 HTTP/1.1" 200 559 "https://thegreenscapecollective.com.au/services/residential-and-strata-garden-maintenance/" "Mozilla/5.0 (Windows NT 10.0; Win64; x64) AppleWebKit/537.36 (KHTML, like Gecko) Chrome/144.0.0.0 Safari/537.36"
43.173.180.44 - - [02/Apr/2026:04:37:26 +0800] "GET /wp-json/contact-form-7/v1/contact-forms/893/feedback/schema HTTP/1.1" 200 736 "https://thegreenscapecollective.com.au/services/residential-and-strata-garden-maintenance/" "Mozilla/5.0 (Windows NT 10.0; Win64; x64) AppleWebKit/537.36 (KHTML, like Gecko) Chrome/144.0.0.0 Safari/537.36"
43.173.174.27 - - [02/Apr/2026:04:37:26 +0800] "GET /wp-json/contact-form-7/v1/contact-forms/892/feedback/schema HTTP/1.1" 200 678 "https://thegreenscapecollective.com.au/services/residential-and-strata-garden-maintenance/" "Mozilla/5.0 (Windows NT 10.0; Win64; x64) AppleWebKit/537.36 (KHTML, like Gecko) Chrome/144.0.0.0 Safari/537.36"
43.173.175.170 - - [02/Apr/2026:04:37:26 +0800] "GET /wp-json/contact-form-7/v1/contact-forms/891/feedback/schema HTTP/1.1" 200 736 "https://thegreenscapecollective.com.au/services/residential-and-strata-garden-maintenance/" "Mozilla/5.0 (Windows NT 10.0; Win64; x64) AppleWebKit/537.36 (KHTML, like Gecko) Chrome/144.0.0.0 Safari/537.36"
43.173.177.14 - - [02/Apr/2026:04:37:26 +0800] "GET /wp-json/contact-form-7/v1/contact-forms/889/feedback/schema HTTP/1.1" 200 682 "https://thegreenscapecollective.com.au/services/residential-and-strata-garden-maintenance/" "Mozilla/5.0 (Windows NT 10.0; Win64; x64) AppleWebKit/537.36 (KHTML, like Gecko) Chrome/144.0.0.0 Safari/537.36"
103.4.122.14 - - [02/Apr/2026:04:38:04 +0800] "POST /wp-cron.php?doing_wp_cron=1775075884.6818199157714843750000 HTTP/1.1" 200 20 "-" "WordPress/6.9.4; https://thegreenscapecollective.com.au"
43.173.180.224 - - [02/Apr/2026:04:38:03 +0800] "GET /services/residential-and-strata-garden-maintenance/ HTTP/1.1" 200 17206 "-" "Mozilla/5.0 (Windows NT 10.0; Win64; x64) AppleWebKit/537.36 (KHTML, like Gecko) Chrome/106.0.5249.119 Safari/537.36"
103.4.122.14 - - [02/Apr/2026:04:42:59 +0800] "POST /wp-cron.php?doing_wp_cron=1775076179.6302049160003662109375 HTTP/1.1" 200 20 "-" "WordPress/6.9.4; https://thegreenscapecollective.com.au"
113.173.211.43 - - [02/Apr/2026:04:42:58 +0800] "GET /contact HTTP/1.1" 301 20 "-" "Mozilla/5.0 (Macintosh; Intel Mac OS X 10_15_7) AppleWebKit/537.36 (KHTML, like Gecko) Chrome/94.0.4606.114 Safari/537.36"
192.0.96.245 - - [02/Apr/2026:04:43:01 +0800] "GET /wp-content/uploads/2020/12/Toothbrush-Grevillea-768x512.jpg HTTP/1.1" 200 93726 "-" "Photon/1.0"
45.235.38.152 - - [02/Apr/2026:04:43:02 +0800] "GET /contact/ HTTP/1.1" 200 16204 "-" "Mozilla/5.0 (Macintosh; Intel Mac OS X 10_15_7) AppleWebKit/537.36 (KHTML, like Gecko) Chrome/94.0.4606.114 Safari/537.36"
14.183.168.6 - - [02/Apr/2026:04:45:01 +0800] "GET /contact/ HTTP/1.1" 200 16204 "-" "Mozilla/5.0 (Macintosh; Intel Mac OS X 10_14_6) AppleWebKit/537.36 (KHTML, like Gecko) Chrome/99.0.4844.84 Safari/537.36"
103.4.122.14 - - [02/Apr/2026:04:49:13 +0800] "POST /wp-cron.php?doing_wp_cron=1775076553.5605208873748779296875 HTTP/1.1" 200 20 "-" "WordPress/6.9.4; https://thegreenscapecollective.com.au"
54.38.147.6 - - [02/Apr/2026:04:49:12 +0800] "GET /robots.txt HTTP/1.1" 200 140 "-" "Mozilla/5.0 (compatible; AhrefsBot/7.0; +http://ahrefs.com/robot/)"
92.222.104.215 - - [02/Apr/2026:04:49:15 +0800] "GET / HTTP/1.1" 200 22005 "-" "Mozilla/5.0 (compatible; AhrefsBot/7.0; +http://ahrefs.com/robot/)"
202.8.42.27 - - [02/Apr/2026:04:49:19 +0800] "GET /wp-includes/css/dashicons.min.css?ver=6.9.4 HTTP/1.1" 200 35721 "https://thegreenscapecollective.com.au/" "Mozilla/5.0 (compatible; AhrefsBot/7.0; +http://ahrefs.com/robot/)"
202.8.42.27 - - [02/Apr/2026:04:49:19 +0800] "GET /wp-content/cache/autoptimize/css/autoptimize_single_a0e61596f3f196c3460ed19f7d818fe7.css?generated=1755196485&ver=1.21.5 HTTP/1.1" 200 3059 "https://thegreenscapecollective.com.au/" "Mozilla/5.0 (compatible; AhrefsBot/7.0; +http://ahrefs.com/robot/)"
202.8.42.27 - - [02/Apr/2026:04:49:19 +0800] "GET /wp-includes/js/dist/hooks.min.js?ver=dd5603f07f9220ed27f1 HTTP/1.1" 200 1941 "https://thegreenscapecollective.com.au/" "Mozilla/5.0 (compatible; AhrefsBot/7.0; +http://ahrefs.com/robot/)"
202.8.42.27 - - [02/Apr/2026:04:49:19 +0800] "GET /wp-includes/js/dist/i18n.min.js?ver=c26c3dc7bed366793375 HTTP/1.1" 200 2229 "https://thegreenscapecollective.com.au/" "Mozilla/5.0 (compatible; AhrefsBot/7.0; +http://ahrefs.com/robot/)"
202.8.42.27 - - [02/Apr/2026:04:49:19 +0800] "GET /wp-includes/js/jquery/jquery.min.js?ver=3.7.1 HTTP/1.1" 200 30368 "https://thegreenscapecollective.com.au/" "Mozilla/5.0 (compatible; AhrefsBot/7.0; +http://ahrefs.com/robot/)"
202.8.42.27 - - [02/Apr/2026:04:49:19 +0800] "GET /wp-includes/js/dist/vendor/wp-polyfill.min.js?ver=3.15.0 HTTP/1.1" 200 11852 "https://thegreenscapecollective.com.au/" "Mozilla/5.0 (compatible; AhrefsBot/7.0; +http://ahrefs.com/robot/)"
202.8.42.27 - - [02/Apr/2026:04:49:19 +0800] "GET /wp-content/plugins/autoptimize/classes/external/js/lazysizes.min.js?ao_version=3.1.15 HTTP/1.1" 200 4122 "https://thegreenscapecollective.com.au/" "Mozilla/5.0 (compatible; AhrefsBot/7.0; +http://ahrefs.com/robot/)"
202.8.42.27 - - [02/Apr/2026:04:49:19 +0800] "GET /wp-content/plugins/lightweight-social-icons/fonts/fontello.woff HTTP/1.1" 200 23328 "https://thegreenscapecollective.com.au/wp-content/cache/autoptimize/css/autoptimize_2e02926ac66b065cdef3e3d343893e11.css" "Mozilla/5.0 (compatible; AhrefsBot/7.0; +http://ahrefs.com/robot/)"
202.8.42.27 - - [02/Apr/2026:04:49:19 +0800] "GET /wp-json/contact-form-7/v1/contact-forms/893/feedback/schema HTTP/1.1" 200 736 "https://thegreenscapecollective.com.au/" "Mozilla/5.0 (compatible; AhrefsBot/7.0; +http://ahrefs.com/robot/)"
202.8.42.27 - - [02/Apr/2026:04:49:19 +0800] "GET /wp-json/contact-form-7/v1/contact-forms/891/feedback/schema HTTP/1.1" 200 736 "https://thegreenscapecollective.com.au/" "Mozilla/5.0 (compatible; AhrefsBot/7.0; +http://ahrefs.com/robot/)"
202.8.42.27 - - [02/Apr/2026:04:49:19 +0800] "GET /wp-json/contact-form-7/v1/contact-forms/892/feedback/schema HTTP/1.1" 200 678 "https://thegreenscapecollective.com.au/" "Mozilla/5.0 (compatible; AhrefsBot/7.0; +http://ahrefs.com/robot/)"
202.8.42.27 - - [02/Apr/2026:04:49:19 +0800] "GET /wp-content/cache/autoptimize/js/gutenslider-js.js HTTP/1.1" 410 17831 "https://thegreenscapecollective.com.au/" "Mozilla/5.0 (compatible; AhrefsBot/7.0; +http://ahrefs.com/robot/)"
202.8.42.27 - - [02/Apr/2026:04:49:20 +0800] "GET /wp-json/contact-form-7/v1/contact-forms/889/feedback/schema HTTP/1.1" 200 682 "https://thegreenscapecollective.com.au/" "Mozilla/5.0 (compatible; AhrefsBot/7.0; +http://ahrefs.com/robot/)"
113.168.12.201 - - [02/Apr/2026:04:50:14 +0800] "GET /5-ways-to-transform-your-backyard-into-a-breathtaking-entertaining-area/tel:0861025202 HTTP/1.1" 404 15237 "-" "Mozilla/5.0 (Windows NT 6.1) AppleWebKit/537.36 (KHTML, like Gecko) Chrome/95.0.4638.69 Safari/537.36"
103.4.122.14 - - [02/Apr/2026:04:56:23 +0800] "POST /wp-cron.php?doing_wp_cron=1775076983.0760750770568847656250 HTTP/1.1" 200 20 "-" "WordPress/6.9.4; https://thegreenscapecollective.com.au"
87.250.224.108 - - [02/Apr/2026:04:56:22 +0800] "GET /robots.txt HTTP/1.1" 200 188 "-" "Mozilla/5.0 (compatible; YandexBot/3.0; +http://yandex.com/bots)"
213.180.203.28 - - [02/Apr/2026:04:56:25 +0800] "GET /sitemap_index.xml HTTP/1.1" 200 385 "-" "Mozilla/5.0 (compatible; YandexBot/3.0; +http://yandex.com/bots)"
103.4.122.14 - - [02/Apr/2026:05:02:40 +0800] "POST /wp-cron.php?doing_wp_cron=1775077360.8001120090484619140625 HTTP/1.1" 200 20 "-" "WordPress/6.9.4; https://thegreenscapecollective.com.au"
85.208.96.193 - - [02/Apr/2026:05:02:39 +0800] "GET /robots.txt HTTP/1.1" 200 140 "-" "Mozilla/5.0 (compatible; SemrushBot/7~bl; +http://www.semrush.com/bot.html)"
185.191.171.6 - - [02/Apr/2026:05:02:41 +0800] "GET /tag/trees/ HTTP/1.1" 200 16054 "-" "Mozilla/5.0 (compatible; SemrushBot/7~bl; +http://www.semrush.com/bot.html)"
103.4.122.14 - - [02/Apr/2026:05:05:53 +0800] "POST /wp-cron.php?doing_wp_cron=1775077553.2487330436706542968750 HTTP/1.1" 200 20 "-" "WordPress/6.9.4; https://thegreenscapecollective.com.au"
14.230.218.127 - - [02/Apr/2026:05:05:51 +0800] "GET /blog/ HTTP/1.1" 200 17392 "-" "Mozilla/5.0 (Windows NT 10.0; Win64; x64) AppleWebKit/537.36 (KHTML, like Gecko) Chrome/122.0.0.0 Safari/537.36"
103.4.122.14 - - [02/Apr/2026:05:05:57 +0800] "POST /wp-cron.php?doing_wp_cron=1775077557.8363769054412841796875 HTTP/1.1" 200 20 "-" "WordPress/6.9.4; https://thegreenscapecollective.com.au"
181.46.76.223 - - [02/Apr/2026:05:05:56 +0800] "GET /services/landscape-and-garden-design/ HTTP/1.1" 200 17019 "-" "Mozilla/5.0 (iPhone; CPU iPhone OS 17_0 like Mac OS X) AppleWebKit/605.1.15 (KHTML, like Gecko) Version/17.0 Mobile/15E148 Safari/604.1 OPT/4.2.3"
169.224.125.230 - - [02/Apr/2026:05:06:03 +0800] "GET /services/residential-and-commercial-landscape-construction/ HTTP/1.1" 200 17729 "-" "Mozilla/5.0 (Windows NT 10.0; Win64; x64) AppleWebKit/537.36 (KHTML, like Gecko) Chrome/121.0.0.0 Safari/537.36 Edg/121.0.0.0 Unique/97.7.7286.70"
14.182.71.166 - - [02/Apr/2026:05:06:05 +0800] "GET /services/residential-and-strata-garden-maintenance/ HTTP/1.1" 200 17206 "-" "Mozilla/5.0 (iPhone; CPU iPhone OS 17_2 like Mac OS X) AppleWebKit/605.1.15 (KHTML, like Gecko) EdgiOS/119.0.2151.96 Version/17.0 Mobile/15E148 Safari/604.1"
160.177.136.228 - - [02/Apr/2026:05:06:06 +0800] "GET /contact/ HTTP/1.1" 200 16204 "-" "Mozilla/5.0 (Windows NT 10.0; Win64; x64) AppleWebKit/537.36 (KHTML, like Gecko) Chrome/121.0.0.0 Safari/537.36 Edg/121.0.0.0"
113.188.206.162 - - [02/Apr/2026:05:06:08 +0800] "GET /services/ HTTP/1.1" 200 17125 "-" "Mozilla/5.0 (Windows NT 10.0; Win64; x64) AppleWebKit/537.36 (KHTML, like Gecko) Chrome/122.0.0.0 Safari/537.36"
14.232.151.211 - - [02/Apr/2026:05:06:09 +0800] "GET /services/great-garden-advice/ HTTP/1.1" 200 17229 "-" "Mozilla/5.0 (Macintosh; Intel Mac OS X 10_15_7) AppleWebKit/605.1.15 (KHTML, like Gecko) Version/17.0 Safari/605.1.15"
113.172.182.227 - - [02/Apr/2026:05:06:12 +0800] "GET /about/ HTTP/1.1" 200 18747 "-" "Mozilla/5.0 (Windows NT 10.0; Win64; x64) AppleWebKit/537.36 (KHTML, like Gecko) Chrome/121.0.0.0 Safari/537.36 Edg/121.0.0.0 Trailer/93.3.3695.30"
14.184.54.14 - - [02/Apr/2026:05:06:14 +0800] "GET / HTTP/1.1" 200 22000 "-" "Mozilla/5.0 (iPhone; CPU iPhone OS 17_0_3 like Mac OS X) AppleWebKit/605.1.15 (KHTML, like Gecko) Version/17.0.3 Mobile/15E148 Safari/604.1 RDDocuments/8.7.2.978"
207.180.194.94 - - [02/Apr/2026:05:08:25 +0800] "GET /wp-admin/css/ HTTP/1.1" 403 199 "binance.com" "Mozilla/5.0 (Windows NT 10.0; Win64; x64) AppleWebKit/537.36 (KHTML, like Gecko) Chrome/90.0.4430.85 Safari/537.36"
204.10.160.151 - - [02/Apr/2026:05:14:17 +0800] "GET /services/landscape-and-garden-design/ HTTP/1.1" 200 17019 "-" "Mozilla/5.0 (Windows NT 10.0; Win64; x64; rv:109.0) Gecko/20100101 Firefox/111.0"
103.4.122.14 - - [02/Apr/2026:05:14:18 +0800] "POST /wp-cron.php?doing_wp_cron=1775078058.3407850265502929687500 HTTP/1.1" 200 20 "-" "WordPress/6.9.4; https://thegreenscapecollective.com.au"
204.10.160.151 - - [02/Apr/2026:05:14:16 +0800] "GET /contact/ HTTP/1.1" 200 16204 "-" "Mozilla/5.0 (Windows NT 10.0; Win64; x64; rv:109.0) Gecko/20100101 Firefox/111.0"
204.10.160.151 - - [02/Apr/2026:05:14:19 +0800] "GET /contact HTTP/1.1" 301 20 "-" "Mozilla/5.0 (Windows NT 10.0; Win64; x64; rv:109.0) Gecko/20100101 Firefox/111.0"
204.10.160.151 - - [02/Apr/2026:05:14:19 +0800] "GET /about HTTP/1.1" 301 20 "-" "Mozilla/5.0 (Windows NT 10.0; Win64; x64; rv:109.0) Gecko/20100101 Firefox/111.0"
204.10.160.151 - - [02/Apr/2026:05:14:20 +0800] "GET /about/ HTTP/1.1" 200 18747 "-" "Mozilla/5.0 (Windows NT 10.0; Win64; x64; rv:109.0) Gecko/20100101 Firefox/111.0"
204.10.160.151 - - [02/Apr/2026:05:14:20 +0800] "GET /contact/ HTTP/1.1" 200 16204 "-" "Mozilla/5.0 (Windows NT 10.0; Win64; x64; rv:109.0) Gecko/20100101 Firefox/111.0"
204.10.160.151 - - [02/Apr/2026:05:15:38 +0800] "GET /about/ HTTP/1.1" 200 18747 "-" "Mozilla/5.0 (Windows NT 10.0; Win64; x64; rv:109.0) Gecko/20100101 Firefox/111.0"
15.204.183.221 - - [02/Apr/2026:05:15:45 +0800] "GET / HTTP/1.1" 301 20 "-" "Mozilla/5.0 (Macintosh; Intel Mac OS X 10_15_7) AppleWebKit/537.36 (KHTML, like Gecko) Chrome/144.0.0.0 Safari/537.36"
15.204.183.221 - - [02/Apr/2026:05:15:46 +0800] "GET / HTTP/1.1" 200 22004 "http://thegreenscapecollective.com.au/" "Mozilla/5.0 (Macintosh; Intel Mac OS X 10_15_7) AppleWebKit/537.36 (KHTML, like Gecko) Chrome/144.0.0.0 Safari/537.36"
103.4.122.14 - - [02/Apr/2026:05:15:58 +0800] "POST /wp-cron.php?doing_wp_cron=1775078158.5026130676269531250000 HTTP/1.1" 200 20 "-" "WordPress/6.9.4; https://thegreenscapecollective.com.au"
204.10.160.151 - - [02/Apr/2026:05:15:57 +0800] "GET /privacy-policy/ HTTP/1.1" 200 16626 "-" "Mozilla/5.0 (Windows NT 10.0; Win64; x64; rv:109.0) Gecko/20100101 Firefox/111.0"
204.10.160.151 - - [02/Apr/2026:05:16:00 +0800] "GET /contact HTTP/1.1" 301 20 "-" "Mozilla/5.0 (Windows NT 10.0; Win64; x64; rv:109.0) Gecko/20100101 Firefox/111.0"
204.10.160.151 - - [02/Apr/2026:05:16:01 +0800] "GET /contact/ HTTP/1.1" 200 16204 "-" "Mozilla/5.0 (Windows NT 10.0; Win64; x64; rv:109.0) Gecko/20100101 Firefox/111.0"
103.4.122.14 - - [02/Apr/2026:05:18:40 +0800] "POST /wp-cron.php?doing_wp_cron=1775078319.9722089767456054687500 HTTP/1.1" 200 20 "-" "WordPress/6.9.4; https://thegreenscapecollective.com.au"
204.10.160.151 - - [02/Apr/2026:05:18:38 +0800] "GET / HTTP/1.1" 200 22004 "-" "Mozilla/5.0 (Windows NT 10.0; Win64; x64; rv:109.0) Gecko/20100101 Firefox/111.0"
145.239.66.34 - - [02/Apr/2026:05:18:56 +0800] "GET /robots.txt HTTP/1.1" 200 188 "-" "Mozilla/5.0 (compatible; MJ12bot/v1.4.8; http://mj12bot.com/)"
145.239.66.34 - - [02/Apr/2026:05:18:58 +0800] "GET /betflik%20thailand.aspx HTTP/1.1" 404 15210 "-" "Mozilla/5.0 (compatible; MJ12bot/v1.4.8; http://mj12bot.com/)"
145.239.66.34 - - [02/Apr/2026:05:19:01 +0800] "GET /betflix%20auto.aspx HTTP/1.1" 404 15206 "-" "Mozilla/5.0 (compatible; MJ12bot/v1.4.8; http://mj12bot.com/)"
145.239.66.34 - - [02/Apr/2026:05:19:04 +0800] "GET /betflix%20casino.aspx HTTP/1.1" 404 15209 "-" "Mozilla/5.0 (compatible; MJ12bot/v1.4.8; http://mj12bot.com/)"
145.239.66.34 - - [02/Apr/2026:05:19:07 +0800] "GET /betflix%20co.aspx HTTP/1.1" 404 15206 "-" "Mozilla/5.0 (compatible; MJ12bot/v1.4.8; http://mj12bot.com/)"
145.239.66.34 - - [02/Apr/2026:05:19:10 +0800] "GET /betflix%20slot.aspx HTTP/1.1" 404 15207 "-" "Mozilla/5.0 (compatible; MJ12bot/v1.4.8; http://mj12bot.com/)"
145.239.66.34 - - [02/Apr/2026:05:19:12 +0800] "GET /betflix%20thailand.aspx HTTP/1.1" 404 15210 "-" "Mozilla/5.0 (compatible; MJ12bot/v1.4.8; http://mj12bot.com/)"
145.239.66.34 - - [02/Apr/2026:05:19:15 +0800] "GET /betflix%20wallet.aspx HTTP/1.1" 404 15209 "-" "Mozilla/5.0 (compatible; MJ12bot/v1.4.8; http://mj12bot.com/)"
145.239.66.34 - - [02/Apr/2026:05:19:18 +0800] "GET /casino%20betflik.aspx HTTP/1.1" 404 15209 "-" "Mozilla/5.0 (compatible; MJ12bot/v1.4.8; http://mj12bot.com/)"
145.239.66.34 - - [02/Apr/2026:05:19:21 +0800] "GET /casino%20betflix.aspx HTTP/1.1" 404 15209 "-" "Mozilla/5.0 (compatible; MJ12bot/v1.4.8; http://mj12bot.com/)"
145.239.66.34 - - [02/Apr/2026:05:19:24 +0800] "GET /casino%20wallet.aspx HTTP/1.1" 404 15209 "-" "Mozilla/5.0 (compatible; MJ12bot/v1.4.8; http://mj12bot.com/)"
145.239.66.34 - - [02/Apr/2026:05:19:26 +0800] "GET /demon%20slot%20game.aspx HTTP/1.1" 404 15211 "-" "Mozilla/5.0 (compatible; MJ12bot/v1.4.8; http://mj12bot.com/)"
145.239.66.34 - - [02/Apr/2026:05:19:29 +0800] "GET /dg%20casino.aspx HTTP/1.1" 403 199 "-" "Mozilla/5.0 (compatible; MJ12bot/v1.4.8; http://mj12bot.com/)"
145.239.66.34 - - [02/Apr/2026:05:19:32 +0800] "GET /g2g%20slot.aspx HTTP/1.1" 403 199 "-" "Mozilla/5.0 (compatible; MJ12bot/v1.4.8; http://mj12bot.com/)"
145.239.66.34 - - [02/Apr/2026:05:19:34 +0800] "GET /galaxy%20auto%20slot.aspx HTTP/1.1" 403 199 "-" "Mozilla/5.0 (compatible; MJ12bot/v1.4.8; http://mj12bot.com/)"
145.239.66.34 - - [02/Apr/2026:05:19:37 +0800] "GET /galaxy%20bet%20slot.aspx HTTP/1.1" 403 199 "-" "Mozilla/5.0 (compatible; MJ12bot/v1.4.8; http://mj12bot.com/)"
145.239.66.34 - - [02/Apr/2026:05:19:39 +0800] "GET /galaxy%20slot.aspx HTTP/1.1" 403 199 "-" "Mozilla/5.0 (compatible; MJ12bot/v1.4.8; http://mj12bot.com/)"
145.239.66.34 - - [02/Apr/2026:05:19:42 +0800] "GET /h25%20com.aspx HTTP/1.1" 403 199 "-" "Mozilla/5.0 (compatible; MJ12bot/v1.4.8; http://mj12bot.com/)"
145.239.66.34 - - [02/Apr/2026:05:19:44 +0800] "GET /jili%20slot.aspx HTTP/1.1" 403 199 "-" "Mozilla/5.0 (compatible; MJ12bot/v1.4.8; http://mj12bot.com/)"
145.239.66.34 - - [02/Apr/2026:05:19:47 +0800] "GET /joker%20slot.aspx HTTP/1.1" 403 199 "-" "Mozilla/5.0 (compatible; MJ12bot/v1.4.8; http://mj12bot.com/)"
145.239.66.34 - - [02/Apr/2026:05:19:49 +0800] "GET /joker%20vip.aspx HTTP/1.1" 403 199 "-" "Mozilla/5.0 (compatible; MJ12bot/v1.4.8; http://mj12bot.com/)"
145.239.66.34 - - [02/Apr/2026:05:19:51 +0800] "GET /kingkong%20joker.aspx HTTP/1.1" 403 199 "-" "Mozilla/5.0 (compatible; MJ12bot/v1.4.8; http://mj12bot.com/)"
145.239.66.34 - - [02/Apr/2026:05:19:54 +0800] "GET /lava%20slot.aspx HTTP/1.1" 403 199 "-" "Mozilla/5.0 (compatible; MJ12bot/v1.4.8; http://mj12bot.com/)"
145.239.66.34 - - [02/Apr/2026:05:19:56 +0800] "GET /mega%20slot.aspx HTTP/1.1" 403 199 "-" "Mozilla/5.0 (compatible; MJ12bot/v1.4.8; http://mj12bot.com/)"
145.239.66.34 - - [02/Apr/2026:05:19:59 +0800] "GET /metal%20slot.aspx HTTP/1.1" 403 199 "-" "Mozilla/5.0 (compatible; MJ12bot/v1.4.8; http://mj12bot.com/)"
145.239.66.34 - - [02/Apr/2026:05:20:01 +0800] "GET /pg%20168.aspx HTTP/1.1" 403 199 "-" "Mozilla/5.0 (compatible; MJ12bot/v1.4.8; http://mj12bot.com/)"
145.239.66.34 - - [02/Apr/2026:05:20:04 +0800] "GET /pg%20auto.aspx HTTP/1.1" 403 199 "-" "Mozilla/5.0 (compatible; MJ12bot/v1.4.8; http://mj12bot.com/)"
145.239.66.34 - - [02/Apr/2026:05:20:06 +0800] "GET /pg%20betflik.aspx HTTP/1.1" 403 199 "-" "Mozilla/5.0 (compatible; MJ12bot/v1.4.8; http://mj12bot.com/)"
145.239.66.34 - - [02/Apr/2026:05:20:08 +0800] "GET /pg%20game%20slot.aspx HTTP/1.1" 403 199 "-" "Mozilla/5.0 (compatible; MJ12bot/v1.4.8; http://mj12bot.com/)"
145.239.66.34 - - [02/Apr/2026:05:20:11 +0800] "GET /pg%20game.aspx HTTP/1.1" 403 199 "-" "Mozilla/5.0 (compatible; MJ12bot/v1.4.8; http://mj12bot.com/)"
145.239.66.34 - - [02/Apr/2026:05:20:13 +0800] "GET /pg%20joker%20auto.aspx HTTP/1.1" 403 199 "-" "Mozilla/5.0 (compatible; MJ12bot/v1.4.8; http://mj12bot.com/)"
145.239.66.34 - - [02/Apr/2026:05:20:16 +0800] "GET /pg%20joker.aspx HTTP/1.1" 403 199 "-" "Mozilla/5.0 (compatible; MJ12bot/v1.4.8; http://mj12bot.com/)"
145.239.66.34 - - [02/Apr/2026:05:20:18 +0800] "GET /pg%20osaka.aspx HTTP/1.1" 403 199 "-" "Mozilla/5.0 (compatible; MJ12bot/v1.4.8; http://mj12bot.com/)"
145.239.66.34 - - [02/Apr/2026:05:20:20 +0800] "GET /pg%20plus.aspx HTTP/1.1" 403 199 "-" "Mozilla/5.0 (compatible; MJ12bot/v1.4.8; http://mj12bot.com/)"
145.239.66.34 - - [02/Apr/2026:05:20:23 +0800] "GET /pg%20slot%20168.aspx HTTP/1.1" 403 199 "-" "Mozilla/5.0 (compatible; MJ12bot/v1.4.8; http://mj12bot.com/)"
145.239.66.34 - - [02/Apr/2026:05:20:25 +0800] "GET /pg%20slot%20789.aspx HTTP/1.1" 403 199 "-" "Mozilla/5.0 (compatible; MJ12bot/v1.4.8; http://mj12bot.com/)"
145.239.66.34 - - [02/Apr/2026:05:20:27 +0800] "GET /pg%20slot%20888th.aspx HTTP/1.1" 404 15209 "-" "Mozilla/5.0 (compatible; MJ12bot/v1.4.8; http://mj12bot.com/)"
145.239.66.34 - - [02/Apr/2026:05:20:31 +0800] "GET /pg%20slot%20auto%20wallet.aspx HTTP/1.1" 404 15213 "-" "Mozilla/5.0 (compatible; MJ12bot/v1.4.8; http://mj12bot.com/)"
145.239.66.34 - - [02/Apr/2026:05:20:34 +0800] "GET /pg%20slot%20auto.aspx HTTP/1.1" 404 15206 "-" "Mozilla/5.0 (compatible; MJ12bot/v1.4.8; http://mj12bot.com/)"
145.239.66.34 - - [02/Apr/2026:05:20:36 +0800] "GET /pg%20slot%20game.aspx HTTP/1.1" 404 15207 "-" "Mozilla/5.0 (compatible; MJ12bot/v1.4.8; http://mj12bot.com/)"
145.239.66.34 - - [02/Apr/2026:05:20:39 +0800] "GET /pg%20slot%20vegas.aspx HTTP/1.1" 404 15208 "-" "Mozilla/5.0 (compatible; MJ12bot/v1.4.8; http://mj12bot.com/)"
145.239.66.34 - - [02/Apr/2026:05:20:42 +0800] "GET /pg%20slot%20vip.aspx HTTP/1.1" 404 15206 "-" "Mozilla/5.0 (compatible; MJ12bot/v1.4.8; http://mj12bot.com/)"
145.239.66.34 - - [02/Apr/2026:05:20:45 +0800] "GET /pg%20slot%20wallet.aspx HTTP/1.1" 404 15209 "-" "Mozilla/5.0 (compatible; MJ12bot/v1.4.8; http://mj12bot.com/)"
103.4.122.14 - - [02/Apr/2026:05:29:47 +0800] "POST /wp-cron.php?doing_wp_cron=1775078987.1609489917755126953125 HTTP/1.1" 200 20 "-" "WordPress/6.9.4; https://thegreenscapecollective.com.au"
14.191.11.71 - - [02/Apr/2026:05:29:45 +0800] "GET /services/residential-and-strata-garden-maintenance/tel:0861025202 HTTP/1.1" 404 15679 "-" "Mozilla/5.0 (Macintosh; Intel Mac OS X 10_15_5) AppleWebKit/537.36 (KHTML, like Gecko) Chrome/88.0.4324.150 Safari/537.36"
103.4.122.14 - - [02/Apr/2026:05:37:27 +0800] "POST /wp-cron.php?doing_wp_cron=1775079447.2167389392852783203125 HTTP/1.1" 200 20 "-" "WordPress/6.9.4; https://thegreenscapecollective.com.au"
103.4.122.13 - - [02/Apr/2026:05:37:25 +0800] "GET / HTTP/1.1" 200 188062 "https://wpmain.screwlooseit.com.au" "Mozilla/5.0 (compatible; MainWP/6.0.7; +http://mainwp.com)"
103.4.122.14 - - [02/Apr/2026:05:38:41 +0800] "POST /wp-cron.php?doing_wp_cron=1775079520.9955480098724365234375 HTTP/1.1" 200 20 "-" "WordPress/6.9.4; https://thegreenscapecollective.com.au"
52.167.144.216 - - [02/Apr/2026:05:38:39 +0800] "GET /?s=2025 HTTP/1.1" 200 15400 "-" "Mozilla/5.0 AppleWebKit/537.36 (KHTML, like Gecko; compatible; bingbot/2.0; +http://www.bing.com/bingbot.htm) Chrome/116.0.1938.76 Safari/537.36"
34.85.187.213 - - [02/Apr/2026:05:40:24 +0800] "HEAD / HTTP/1.1" 200 - "https://thegreenscapecollective.com/" "Mozilla/5.0 (Macintosh; Intel Mac OS X 13_5) AppleWebKit/605.1.15 (KHTML, like Gecko) Version/16.5 Safari/605.1.15"
217.216.37.55 - - [02/Apr/2026:05:46:26 +0800] "GET / HTTP/1.1" 403 199 "-" "Go-http-client/1.1"
217.216.37.55 - - [02/Apr/2026:05:46:27 +0800] "GET /media/system/js/core.js HTTP/1.1" 403 199 "-" "Go-http-client/1.1"
103.4.122.14 - - [02/Apr/2026:06:02:45 +0800] "POST /wp-cron.php?doing_wp_cron=1775080965.7046520709991455078125 HTTP/1.1" 200 20 "-" "WordPress/6.9.4; https://thegreenscapecollective.com.au"
216.73.216.190 - - [02/Apr/2026:06:02:44 +0800] "GET /robots.txt HTTP/1.1" 200 140 "-" "Mozilla/5.0 AppleWebKit/537.36 (KHTML, like Gecko; compatible; ClaudeBot/1.0; +claudebot@anthropic.com)"
216.73.216.190 - - [02/Apr/2026:06:02:46 +0800] "GET /sitemap_index.xml HTTP/1.1" 200 385 "-" "Mozilla/5.0 AppleWebKit/537.36 (KHTML, like Gecko; compatible; ClaudeBot/1.0; +claudebot@anthropic.com)"
15.204.183.221 - - [02/Apr/2026:06:06:19 +0800] "GET / HTTP/1.1" 301 247 "-" "Mozilla/5.0 (Macintosh; Intel Mac OS X 10_15_7) AppleWebKit/537.36 (KHTML, like Gecko) Chrome/144.0.0.0 Safari/537.36"
103.4.122.14 - - [02/Apr/2026:06:06:22 +0800] "POST /wp-cron.php?doing_wp_cron=1775081181.8011710643768310546875 HTTP/1.1" 200 20 "-" "WordPress/6.9.4; https://thegreenscapecollective.com.au"
15.204.183.221 - - [02/Apr/2026:06:06:20 +0800] "GET / HTTP/1.1" 200 22002 "http://www.thegreenscapecollective.com.au/" "Mozilla/5.0 (Macintosh; Intel Mac OS X 10_15_7) AppleWebKit/537.36 (KHTML, like Gecko) Chrome/144.0.0.0 Safari/537.36"
103.4.122.14 - - [02/Apr/2026:06:09:25 +0800] "POST /wp-cron.php?doing_wp_cron=1775081365.4855070114135742187500 HTTP/1.1" 200 20 "-" "WordPress/6.9.4; https://thegreenscapecollective.com.au"
52.167.144.236 - - [02/Apr/2026:06:09:24 +0800] "GET /about/ HTTP/1.1" 200 18747 "-" "Mozilla/5.0 AppleWebKit/537.36 (KHTML, like Gecko; compatible; bingbot/2.0; +http://www.bing.com/bingbot.htm) Chrome/116.0.1938.76 Safari/537.36"
14.231.151.119 - - [02/Apr/2026:06:10:57 +0800] "GET /tel:0861025202 HTTP/1.1" 404 15195 "-" "Mozilla/5.0 (Macintosh; Intel Mac OS X 10_13_6) AppleWebKit/537.36 (KHTML, like Gecko) Chrome/99.0.3538.77 Safari/537.36"
40.77.167.6 - - [02/Apr/2026:06:11:00 +0800] "GET /wp-content/cache/autoptimize/css/autoptimize_single_fe8f181541bb22b337e01d4d0d362cb4.css?ver=1765807811 HTTP/1.1" 200 777 "-" "Mozilla/5.0 AppleWebKit/537.36 (KHTML, like Gecko; compatible; bingbot/2.0; +http://www.bing.com/bingbot.htm) Chrome/116.0.1938.76 Safari/537.36"
103.4.122.14 - - [02/Apr/2026:06:11:58 +0800] "POST /wp-cron.php?doing_wp_cron=1775081518.1523480415344238281250 HTTP/1.1" 200 20 "-" "WordPress/6.9.4; https://thegreenscapecollective.com.au"
17.241.75.238 - - [02/Apr/2026:06:11:56 +0800] "GET /robots.txt HTTP/1.1" 200 140 "-" "Mozilla/5.0 (Macintosh; Intel Mac OS X 10_15_7) AppleWebKit/605.1.15 (KHTML, like Gecko) Version/17.4 Safari/605.1.15 (Applebot/0.1; +http://www.apple.com/go/applebot)"
17.241.75.238 - - [02/Apr/2026:06:11:58 +0800] "GET /tag/weeds/feed/ HTTP/1.1" 200 5435 "-" "Mozilla/5.0 (Macintosh; Intel Mac OS X 10_15_7) AppleWebKit/605.1.15 (KHTML, like Gecko) Version/17.4 Safari/605.1.15 (Applebot/0.1; +http://www.apple.com/go/applebot)"
103.4.122.14 - - [02/Apr/2026:06:13:28 +0800] "POST /wp-cron.php?doing_wp_cron=1775081608.1406190395355224609375 HTTP/1.1" 200 20 "-" "WordPress/6.9.4; https://thegreenscapecollective.com.au"
38.248.157.96 - - [02/Apr/2026:06:13:26 +0800] "GET /terms-of-service/ HTTP/1.1" 200 15726 "-" "Mozilla/5.0 (Macintosh; Intel Mac OS X 14_1_0) AppleWebKit/537.36 (KHTML, like Gecko) Chrome/129.0.6668.58 Safari/537.36"
103.4.122.14 - - [02/Apr/2026:06:34:56 +0800] "POST /wp-cron.php?doing_wp_cron=1775082896.5699429512023925781250 HTTP/1.1" 200 20 "-" "WordPress/6.9.4; https://thegreenscapecollective.com.au"
141.94.101.142 - - [02/Apr/2026:06:34:55 +0800] "GET /robots.txt HTTP/1.1" 200 188 "-" "Mozilla/5.0 (compatible; MJ12bot/v1.4.8; http://mj12bot.com/)"
141.94.101.142 - - [02/Apr/2026:06:34:58 +0800] "GET /1234%20slot.aspx HTTP/1.1" 404 15205 "-" "Mozilla/5.0 (compatible; MJ12bot/v1.4.8; http://mj12bot.com/)"
141.94.101.142 - - [02/Apr/2026:06:35:01 +0800] "GET /1234%20superslot.aspx HTTP/1.1" 404 15209 "-" "Mozilla/5.0 (compatible; MJ12bot/v1.4.8; http://mj12bot.com/)"
141.94.101.142 - - [02/Apr/2026:06:35:04 +0800] "GET /168%20slot.aspx HTTP/1.1" 404 15205 "-" "Mozilla/5.0 (compatible; MJ12bot/v1.4.8; http://mj12bot.com/)"
141.94.101.142 - - [02/Apr/2026:06:35:07 +0800] "GET /24th%20slot.aspx HTTP/1.1" 404 15205 "-" "Mozilla/5.0 (compatible; MJ12bot/v1.4.8; http://mj12bot.com/)"
141.94.101.142 - - [02/Apr/2026:06:35:10 +0800] "GET /2xl%20slot.aspx HTTP/1.1" 404 15205 "-" "Mozilla/5.0 (compatible; MJ12bot/v1.4.8; http://mj12bot.com/)"
141.94.101.142 - - [02/Apr/2026:06:35:13 +0800] "GET /789%20slot.aspx HTTP/1.1" 404 15205 "-" "Mozilla/5.0 (compatible; MJ12bot/v1.4.8; http://mj12bot.com/)"
141.94.101.142 - - [02/Apr/2026:06:35:16 +0800] "GET /888%20slot.aspx HTTP/1.1" 404 15205 "-" "Mozilla/5.0 (compatible; MJ12bot/v1.4.8; http://mj12bot.com/)"
141.94.101.142 - - [02/Apr/2026:06:35:19 +0800] "GET /all%20slot.aspx HTTP/1.1" 404 15204 "-" "Mozilla/5.0 (compatible; MJ12bot/v1.4.8; http://mj12bot.com/)"
141.94.101.142 - - [02/Apr/2026:06:35:21 +0800] "GET /allslot%20wallet.aspx HTTP/1.1" 404 15209 "-" "Mozilla/5.0 (compatible; MJ12bot/v1.4.8; http://mj12bot.com/)"
141.94.101.142 - - [02/Apr/2026:06:35:24 +0800] "GET /amb%20superslot.aspx HTTP/1.1" 404 15208 "-" "Mozilla/5.0 (compatible; MJ12bot/v1.4.8; http://mj12bot.com/)"
141.94.101.142 - - [02/Apr/2026:06:35:27 +0800] "GET /apollo%20slot%20pg.aspx HTTP/1.1" 404 15209 "-" "Mozilla/5.0 (compatible; MJ12bot/v1.4.8; http://mj12bot.com/)"
94.23.188.200 - - [02/Apr/2026:06:36:41 +0800] "GET /sitemap_index.xml HTTP/1.1" 200 385 "-" "Mozilla/5.0 (compatible; AhrefsBot/7.0; +http://ahrefs.com/robot/)"
5.39.109.189 - - [02/Apr/2026:06:36:51 +0800] "GET /post-sitemap.xml HTTP/1.1" 200 949 "-" "Mozilla/5.0 (compatible; AhrefsBot/7.0; +http://ahrefs.com/robot/)"
5.39.109.180 - - [02/Apr/2026:06:37:10 +0800] "GET /page-sitemap.xml HTTP/1.1" 200 1061 "-" "Mozilla/5.0 (compatible; AhrefsBot/7.0; +http://ahrefs.com/robot/)"
5.39.1.250 - - [02/Apr/2026:06:37:13 +0800] "GET /testimonial-sitemap.xml HTTP/1.1" 200 433 "-" "Mozilla/5.0 (compatible; AhrefsBot/7.0; +http://ahrefs.com/robot/)"
92.222.104.200 - - [02/Apr/2026:06:37:16 +0800] "GET /category-sitemap.xml HTTP/1.1" 200 406 "-" "Mozilla/5.0 (compatible; AhrefsBot/7.0; +http://ahrefs.com/robot/)"
94.23.188.223 - - [02/Apr/2026:06:37:19 +0800] "GET /post_tag-sitemap.xml HTTP/1.1" 200 397 "-" "Mozilla/5.0 (compatible; AhrefsBot/7.0; +http://ahrefs.com/robot/)"
103.4.122.14 - - [02/Apr/2026:06:37:53 +0800] "POST /wp-cron.php?doing_wp_cron=1775083073.4264850616455078125000 HTTP/1.1" 200 20 "-" "WordPress/6.9.4; https://thegreenscapecollective.com.au"
94.23.188.195 - - [02/Apr/2026:06:37:52 +0800] "GET /author-sitemap.xml HTTP/1.1" 200 377 "-" "Mozilla/5.0 (compatible; AhrefsBot/7.0; +http://ahrefs.com/robot/)"
123.20.86.58 - - [02/Apr/2026:06:38:08 +0800] "GET /australian-native-alternatives-to-the-christmas-tree/tel:0861025202 HTTP/1.1" 404 15226 "-" "Mozilla/5.0 (Macintosh; Intel Mac OS X 10_11_0) AppleWebKit/537.36 (KHTML, like Gecko) Chrome/67.0.3396.3 Safari/537.36"
3.216.210.239 - - [02/Apr/2026:06:38:50 +0800] "GET /robots.txt HTTP/1.1" 200 140 "-" "Mozilla/5.0 (Macintosh; Intel Mac OS X 10_10_1) AppleWebKit/600.2.5 (KHTML, like Gecko) Version/8.0.2 Safari/600.2.5 (Gort)"
43.173.181.167 - - [02/Apr/2026:06:39:26 +0800] "GET / HTTP/1.1" 301 20 "-" "Mozilla/5.0 (Windows NT 10.0; Win64; x64) AppleWebKit/537.36 (KHTML, like Gecko) Chrome/124.0.0.0 Safari/537.36"
43.173.176.75 - - [02/Apr/2026:06:39:28 +0800] "GET / HTTP/1.1" 200 22008 "-" "Mozilla/5.0 (Windows NT 10.0; Win64; x64) AppleWebKit/537.36 (KHTML, like Gecko) Chrome/124.0.0.0 Safari/537.36"
43.172.194.172 - - [02/Apr/2026:06:39:36 +0800] "GET /wp-json/contact-form-7/v1/contact-forms/893/feedback/schema HTTP/1.1" 200 736 "https://thegreenscapecollective.com.au/" "Mozilla/5.0 (Windows NT 10.0; Win64; x64) AppleWebKit/537.36 (KHTML, like Gecko) Chrome/124.0.0.0 Safari/537.36"
43.173.177.99 - - [02/Apr/2026:06:39:36 +0800] "GET /wp-content/cache/autoptimize/js/gutenslider-js.js HTTP/1.1" 410 17831 "https://thegreenscapecollective.com.au/" "Mozilla/5.0 (Windows NT 10.0; Win64; x64) AppleWebKit/537.36 (KHTML, like Gecko) Chrome/124.0.0.0 Safari/537.36"
43.172.194.70 - - [02/Apr/2026:06:39:37 +0800] "GET /wp-json/contact-form-7/v1/contact-forms/892/feedback/schema HTTP/1.1" 200 678 "https://thegreenscapecollective.com.au/" "Mozilla/5.0 (Windows NT 10.0; Win64; x64) AppleWebKit/537.36 (KHTML, like Gecko) Chrome/124.0.0.0 Safari/537.36"
43.172.194.180 - - [02/Apr/2026:06:39:37 +0800] "GET /wp-json/contact-form-7/v1/contact-forms/891/feedback/schema HTTP/1.1" 200 736 "https://thegreenscapecollective.com.au/" "Mozilla/5.0 (Windows NT 10.0; Win64; x64) AppleWebKit/537.36 (KHTML, like Gecko) Chrome/124.0.0.0 Safari/537.36"
