43.157.153.236 - - [03/Apr/2026:14:49:50 +0800] "GET / HTTP/1.1" 403 199 "-" "Mozilla/5.0 (iPhone; CPU iPhone OS 13_2_3 like Mac OS X) AppleWebKit/605.1.15 (KHTML, like Gecko) Version/13.0.3 Mobile/15E148 Safari/604.1"
192.178.6.65 - - [03/Apr/2026:14:51:09 +0800] "GET /robots.txt HTTP/1.1" 301 20 "-" "Mozilla/5.0 (compatible; Googlebot/2.1; +http://www.google.com/bot.html)"
192.178.6.67 - - [03/Apr/2026:14:51:11 +0800] "GET /robots.txt HTTP/1.1" 301 20 "-" "Mozilla/5.0 (compatible; Googlebot/2.1; +http://www.google.com/bot.html)"
66.249.75.162 - - [03/Apr/2026:14:51:13 +0800] "GET /robots.txt HTTP/1.1" 200 140 "-" "Mozilla/5.0 (compatible; Googlebot/2.1; +http://www.google.com/bot.html)"
192.178.6.64 - - [03/Apr/2026:14:51:14 +0800] "GET / HTTP/1.1" 301 247 "-" "Mozilla/5.0 (Linux; Android 6.0.1; Nexus 5X Build/MMB29P) AppleWebKit/537.36 (KHTML, like Gecko) Chrome/146.0.7680.177 Mobile Safari/537.36 (compatible; Googlebot/2.1; +http://www.google.com/bot.html)"
66.249.75.160 - - [03/Apr/2026:14:51:15 +0800] "GET / HTTP/1.1" 200 22008 "-" "Mozilla/5.0 (Linux; Android 6.0.1; Nexus 5X Build/MMB29P) AppleWebKit/537.36 (KHTML, like Gecko) Chrome/146.0.7680.177 Mobile Safari/537.36 (compatible; Googlebot/2.1; +http://www.google.com/bot.html)"
202.56.2.106 - - [03/Apr/2026:14:51:22 +0800] "GET /?p=1110 HTTP/1.1" 301 20 "-" "Mozilla/5.0 (Windows NT 10.0; WOW64) AppleWebKit/537.36 (KHTML, like Gecko) Chrome/62.0.3202.9 Safari/537.36"
66.249.75.161 - - [03/Apr/2026:14:51:25 +0800] "GET /wp-content/cache/autoptimize/css/autoptimize_2e02926ac66b065cdef3e3d343893e11.css HTTP/1.1" 200 52362 "https://thegreenscapecollective.com.au/" "Mozilla/5.0 (Linux; Android 6.0.1; Nexus 5X Build/MMB29P) AppleWebKit/537.36 (KHTML, like Gecko) Chrome/146.0.7680.177 Mobile Safari/537.36 (compatible; Googlebot/2.1; +http://www.google.com/bot.html)"
202.56.2.106 - - [03/Apr/2026:14:51:23 +0800] "GET /the-6-best-australian-native-plants-for-waterwise-perth-garden-designs/ HTTP/1.1" 200 26958 "-" "Mozilla/5.0 (Windows NT 10.0; WOW64) AppleWebKit/537.36 (KHTML, like Gecko) Chrome/62.0.3202.9 Safari/537.36"
66.249.75.161 - - [03/Apr/2026:14:51:25 +0800] "GET /wp-includes/css/dashicons.min.css?ver=6.9.4 HTTP/1.1" 200 35721 "https://thegreenscapecollective.com.au/" "Mozilla/5.0 (Linux; Android 6.0.1; Nexus 5X Build/MMB29P) AppleWebKit/537.36 (KHTML, like Gecko) Chrome/146.0.7680.177 Mobile Safari/537.36 (compatible; Googlebot/2.1; +http://www.google.com/bot.html)"
66.249.75.161 - - [03/Apr/2026:14:51:26 +0800] "GET /wp-content/cache/autoptimize/js/autoptimize_ab496bd2c807e734c892193f0f86f2bc.js HTTP/1.1" 200 63340 "https://thegreenscapecollective.com.au/" "Mozilla/5.0 (Linux; Android 6.0.1; Nexus 5X Build/MMB29P) AppleWebKit/537.36 (KHTML, like Gecko) Chrome/146.0.7680.177 Mobile Safari/537.36 (compatible; Googlebot/2.1; +http://www.google.com/bot.html)"
66.249.75.160 - - [03/Apr/2026:14:51:27 +0800] "GET /wp-content/cache/autoptimize/js/gutenslider-js.js HTTP/1.1" 410 17833 "https://thegreenscapecollective.com.au/" "Mozilla/5.0 (Linux; Android 6.0.1; Nexus 5X Build/MMB29P) AppleWebKit/537.36 (KHTML, like Gecko) Chrome/146.0.7680.177 Mobile Safari/537.36 (compatible; Googlebot/2.1; +http://www.google.com/bot.html)"
35.205.163.48 - - [03/Apr/2026:14:53:23 +0800] "GET / HTTP/1.1" 301 247 "-" "Mozilla/5.0 (Windows NT 10.0; Win64; x64) AppleWebKit/537.36 (KHTML, like Gecko) Chrome/84.0.4147.105 Safari/537.36"
103.4.122.14 - - [03/Apr/2026:14:54:06 +0800] "POST /wp-cron.php?doing_wp_cron=1775199246.1359820365905761718750 HTTP/1.1" 200 20 "-" "WordPress/6.9.4; https://thegreenscapecollective.com.au"
74.7.241.179 - - [03/Apr/2026:14:54:05 +0800] "GET /robots.txt HTTP/1.1" 301 20 "-" "Mozilla/5.0 (Macintosh; Intel Mac OS X 10_15_7) AppleWebKit/537.36 (KHTML, like Gecko) Chrome/131.0.0.0 Safari/537.36; compatible; OAI-SearchBot/1.3; robots.txt; +https://openai.com/searchbot"
74.7.241.179 - - [03/Apr/2026:14:54:06 +0800] "GET /robots.txt HTTP/1.1" 301 20 "http://www.thegreenscapecollective.com.au/robots.txt" "Mozilla/5.0 (Macintosh; Intel Mac OS X 10_15_7) AppleWebKit/537.36 (KHTML, like Gecko) Chrome/131.0.0.0 Safari/537.36; compatible; OAI-SearchBot/1.3; robots.txt; +https://openai.com/searchbot"
35.205.163.48 - - [03/Apr/2026:14:54:09 +0800] "GET / HTTP/1.1" 301 247 "-" "Mozilla/5.0 (Windows NT 10.0; Win64; x64) AppleWebKit/537.36 (KHTML, like Gecko) Chrome/84.0.4147.105 Safari/537.36"
74.7.241.179 - - [03/Apr/2026:14:54:08 +0800] "GET /robots.txt HTTP/1.1" 200 140 "https://www.thegreenscapecollective.com.au/robots.txt" "Mozilla/5.0 (Macintosh; Intel Mac OS X 10_15_7) AppleWebKit/537.36 (KHTML, like Gecko) Chrome/131.0.0.0 Safari/537.36; compatible; OAI-SearchBot/1.3; robots.txt; +https://openai.com/searchbot"
35.205.163.48 - - [03/Apr/2026:14:54:11 +0800] "GET / HTTP/1.1" 200 188062 "-" "Mozilla/5.0 (Windows NT 10.0; Win64; x64) AppleWebKit/537.36 (KHTML, like Gecko) Chrome/84.0.4147.105 Safari/537.36"
14.174.163.78 - - [03/Apr/2026:14:54:47 +0800] "GET /services/great-garden-advice/ HTTP/1.1" 200 17231 "-" "Mozilla/5.0 (Windows NT 10.0; Win64; x64) AppleWebKit/537.36 (KHTML, like Gecko) Chrome/102.0.5005.49 Safari/537.36"
91.224.92.190 - - [03/Apr/2026:14:59:33 +0800] "HEAD / HTTP/1.1" 301 - "-" "python-requests/2.32.5"
103.4.122.14 - - [03/Apr/2026:14:59:34 +0800] "POST /wp-cron.php?doing_wp_cron=1775199574.0946331024169921875000 HTTP/1.1" 200 20 "-" "WordPress/6.9.4; https://thegreenscapecollective.com.au"
91.224.92.190 - - [03/Apr/2026:14:59:34 +0800] "HEAD / HTTP/1.1" 200 - "-" "python-requests/2.32.5"
91.224.92.190 - - [03/Apr/2026:14:59:35 +0800] "HEAD / HTTP/1.1" 200 - "-" "python-requests/2.32.5"
91.224.92.190 - - [03/Apr/2026:14:59:37 +0800] "HEAD / HTTP/1.1" 200 - "-" "python-requests/2.32.5"
106.68.4.36 - - [03/Apr/2026:15:02:04 +0800] "GET / HTTP/1.1" 301 247 "https://www.google.com/" "Mozilla/5.0 (Macintosh; Intel Mac OS X 10_15_7) AppleWebKit/605.1.15 (KHTML, like Gecko) Version/26.3.1 Safari/605.1.15"
106.68.4.36 - - [03/Apr/2026:15:02:04 +0800] "GET / HTTP/1.1" 200 22010 "https://www.google.com/" "Mozilla/5.0 (Macintosh; Intel Mac OS X 10_15_7) AppleWebKit/605.1.15 (KHTML, like Gecko) Version/26.3.1 Safari/605.1.15"
106.68.4.36 - - [03/Apr/2026:15:02:06 +0800] "GET /wp-content/cache/autoptimize/css/autoptimize_2e02926ac66b065cdef3e3d343893e11.css HTTP/1.1" 200 52362 "https://thegreenscapecollective.com.au/" "Mozilla/5.0 (Macintosh; Intel Mac OS X 10_15_7) AppleWebKit/605.1.15 (KHTML, like Gecko) Version/26.3.1 Safari/605.1.15"
106.68.4.36 - - [03/Apr/2026:15:02:06 +0800] "GET /wp-content/cache/autoptimize/css/autoptimize_single_c3c5d54ef606327a4025aefb8e32211e.css?ver=1765800085 HTTP/1.1" 200 633 "https://thegreenscapecollective.com.au/" "Mozilla/5.0 (Macintosh; Intel Mac OS X 10_15_7) AppleWebKit/605.1.15 (KHTML, like Gecko) Version/26.3.1 Safari/605.1.15"
106.68.4.36 - - [03/Apr/2026:15:02:06 +0800] "GET /wp-content/cache/autoptimize/css/autoptimize_single_a0e61596f3f196c3460ed19f7d818fe7.css?generated=1755196485&ver=1.21.5 HTTP/1.1" 200 3059 "https://thegreenscapecollective.com.au/" "Mozilla/5.0 (Macintosh; Intel Mac OS X 10_15_7) AppleWebKit/605.1.15 (KHTML, like Gecko) Version/26.3.1 Safari/605.1.15"
106.68.4.36 - - [03/Apr/2026:15:02:06 +0800] "GET /wp-includes/css/dashicons.min.css?ver=6.9.4 HTTP/1.1" 200 35721 "https://thegreenscapecollective.com.au/" "Mozilla/5.0 (Macintosh; Intel Mac OS X 10_15_7) AppleWebKit/605.1.15 (KHTML, like Gecko) Version/26.3.1 Safari/605.1.15"
106.68.4.36 - - [03/Apr/2026:15:02:06 +0800] "GET /wp-includes/js/jquery/jquery.min.js?ver=3.7.1 HTTP/1.1" 200 30368 "https://thegreenscapecollective.com.au/" "Mozilla/5.0 (Macintosh; Intel Mac OS X 10_15_7) AppleWebKit/605.1.15 (KHTML, like Gecko) Version/26.3.1 Safari/605.1.15"
106.68.4.36 - - [03/Apr/2026:15:02:06 +0800] "GET /wp-content/plugins/autoptimize/classes/external/js/lazysizes.min.js?ao_version=3.1.15 HTTP/1.1" 200 4122 "https://thegreenscapecollective.com.au/" "Mozilla/5.0 (Macintosh; Intel Mac OS X 10_15_7) AppleWebKit/605.1.15 (KHTML, like Gecko) Version/26.3.1 Safari/605.1.15"
106.68.4.36 - - [03/Apr/2026:15:02:06 +0800] "GET /wp-includes/js/dist/hooks.min.js?ver=dd5603f07f9220ed27f1 HTTP/1.1" 200 1941 "https://thegreenscapecollective.com.au/" "Mozilla/5.0 (Macintosh; Intel Mac OS X 10_15_7) AppleWebKit/605.1.15 (KHTML, like Gecko) Version/26.3.1 Safari/605.1.15"
106.68.4.36 - - [03/Apr/2026:15:02:06 +0800] "GET /wp-includes/js/dist/i18n.min.js?ver=c26c3dc7bed366793375 HTTP/1.1" 200 2229 "https://thegreenscapecollective.com.au/" "Mozilla/5.0 (Macintosh; Intel Mac OS X 10_15_7) AppleWebKit/605.1.15 (KHTML, like Gecko) Version/26.3.1 Safari/605.1.15"
106.68.4.36 - - [03/Apr/2026:15:02:06 +0800] "GET /wp-includes/js/dist/vendor/wp-polyfill.min.js?ver=3.15.0 HTTP/1.1" 200 11852 "https://thegreenscapecollective.com.au/" "Mozilla/5.0 (Macintosh; Intel Mac OS X 10_15_7) AppleWebKit/605.1.15 (KHTML, like Gecko) Version/26.3.1 Safari/605.1.15"
106.68.4.36 - - [03/Apr/2026:15:02:06 +0800] "GET /wp-content/cache/autoptimize/js/autoptimize_ab496bd2c807e734c892193f0f86f2bc.js HTTP/1.1" 200 63340 "https://thegreenscapecollective.com.au/" "Mozilla/5.0 (Macintosh; Intel Mac OS X 10_15_7) AppleWebKit/605.1.15 (KHTML, like Gecko) Version/26.3.1 Safari/605.1.15"
106.68.4.36 - - [03/Apr/2026:15:02:06 +0800] "GET /wp-content/uploads/2020/10/right-arrow-green.png HTTP/1.1" 200 2211 "https://thegreenscapecollective.com.au/" "Mozilla/5.0 (Macintosh; Intel Mac OS X 10_15_7) AppleWebKit/605.1.15 (KHTML, like Gecko) Version/26.3.1 Safari/605.1.15"
106.68.4.36 - - [03/Apr/2026:15:02:07 +0800] "GET /wp-content/plugins/lightweight-social-icons/fonts/fontello.woff HTTP/1.1" 200 23328 "https://thegreenscapecollective.com.au/" "Mozilla/5.0 (Macintosh; Intel Mac OS X 10_15_7) AppleWebKit/605.1.15 (KHTML, like Gecko) Version/26.3.1 Safari/605.1.15"
106.68.4.36 - - [03/Apr/2026:15:02:06 +0800] "GET /wp-content/uploads/2020/10/greenscapeaugust-0030.jpg HTTP/1.1" 200 3079857 "https://thegreenscapecollective.com.au/" "Mozilla/5.0 (Macintosh; Intel Mac OS X 10_15_7) AppleWebKit/605.1.15 (KHTML, like Gecko) Version/26.3.1 Safari/605.1.15"
106.68.4.36 - - [03/Apr/2026:15:02:07 +0800] "GET /wp-json/contact-form-7/v1/contact-forms/892/feedback/schema HTTP/1.1" 200 678 "https://thegreenscapecollective.com.au/" "Mozilla/5.0 (Macintosh; Intel Mac OS X 10_15_7) AppleWebKit/605.1.15 (KHTML, like Gecko) Version/26.3.1 Safari/605.1.15"
106.68.4.36 - - [03/Apr/2026:15:02:07 +0800] "GET /wp-json/contact-form-7/v1/contact-forms/893/feedback/schema HTTP/1.1" 200 736 "https://thegreenscapecollective.com.au/" "Mozilla/5.0 (Macintosh; Intel Mac OS X 10_15_7) AppleWebKit/605.1.15 (KHTML, like Gecko) Version/26.3.1 Safari/605.1.15"
106.68.4.36 - - [03/Apr/2026:15:02:08 +0800] "GET /wp-content/uploads/2020/10/the-greenscape-collective.png HTTP/1.1" 200 28488 "https://thegreenscapecollective.com.au/" "Mozilla/5.0 (Macintosh; Intel Mac OS X 10_15_7) AppleWebKit/605.1.15 (KHTML, like Gecko) Version/26.3.1 Safari/605.1.15"
106.68.4.36 - - [03/Apr/2026:15:02:07 +0800] "GET /wp-json/contact-form-7/v1/contact-forms/891/feedback/schema HTTP/1.1" 200 736 "https://thegreenscapecollective.com.au/" "Mozilla/5.0 (Macintosh; Intel Mac OS X 10_15_7) AppleWebKit/605.1.15 (KHTML, like Gecko) Version/26.3.1 Safari/605.1.15"
106.68.4.36 - - [03/Apr/2026:15:02:06 +0800] "GET /wp-content/cache/autoptimize/js/gutenslider-js.js HTTP/1.1" 410 17833 "https://thegreenscapecollective.com.au/" "Mozilla/5.0 (Macintosh; Intel Mac OS X 10_15_7) AppleWebKit/605.1.15 (KHTML, like Gecko) Version/26.3.1 Safari/605.1.15"
106.68.4.36 - - [03/Apr/2026:15:02:08 +0800] "GET /wp-content/uploads/2020/10/fingerprint.png HTTP/1.1" 200 49629 "https://thegreenscapecollective.com.au/" "Mozilla/5.0 (Macintosh; Intel Mac OS X 10_15_7) AppleWebKit/605.1.15 (KHTML, like Gecko) Version/26.3.1 Safari/605.1.15"
106.68.4.36 - - [03/Apr/2026:15:02:08 +0800] "GET /wp-content/uploads/2020/10/cropped-greenscape-favicon-2-32x32.png HTTP/1.1" 200 2496 "https://thegreenscapecollective.com.au/" "Mozilla/5.0 (Macintosh; Intel Mac OS X 10_15_7) AppleWebKit/605.1.15 (KHTML, like Gecko) Version/26.3.1 Safari/605.1.15"
106.68.4.36 - - [03/Apr/2026:15:02:08 +0800] "GET /wp-content/uploads/2020/10/cropped-greenscape-favicon-2-192x192.png HTTP/1.1" 200 22570 "https://thegreenscapecollective.com.au/" "Mozilla/5.0 (Macintosh; Intel Mac OS X 10_15_7) AppleWebKit/605.1.15 (KHTML, like Gecko) Version/26.3.1 Safari/605.1.15"
106.68.4.36 - - [03/Apr/2026:15:02:07 +0800] "GET /wp-json/contact-form-7/v1/contact-forms/889/feedback/schema HTTP/1.1" 200 682 "https://thegreenscapecollective.com.au/" "Mozilla/5.0 (Macintosh; Intel Mac OS X 10_15_7) AppleWebKit/605.1.15 (KHTML, like Gecko) Version/26.3.1 Safari/605.1.15"
106.68.4.36 - - [03/Apr/2026:15:02:12 +0800] "GET /wp-content/uploads/2020/10/consult-thumbnail.jpg HTTP/1.1" 200 81166 "https://thegreenscapecollective.com.au/" "Mozilla/5.0 (Macintosh; Intel Mac OS X 10_15_7) AppleWebKit/605.1.15 (KHTML, like Gecko) Version/26.3.1 Safari/605.1.15"
106.68.4.36 - - [03/Apr/2026:15:02:12 +0800] "GET /wp-content/uploads/2020/10/create-thumbnail.jpg HTTP/1.1" 200 67514 "https://thegreenscapecollective.com.au/" "Mozilla/5.0 (Macintosh; Intel Mac OS X 10_15_7) AppleWebKit/605.1.15 (KHTML, like Gecko) Version/26.3.1 Safari/605.1.15"
106.68.4.36 - - [03/Apr/2026:15:02:12 +0800] "GET /wp-content/uploads/2020/10/construct-thumbnail.jpg HTTP/1.1" 200 79887 "https://thegreenscapecollective.com.au/" "Mozilla/5.0 (Macintosh; Intel Mac OS X 10_15_7) AppleWebKit/605.1.15 (KHTML, like Gecko) Version/26.3.1 Safari/605.1.15"
106.68.4.36 - - [03/Apr/2026:15:02:12 +0800] "GET /wp-content/uploads/2020/10/care-thumbnail.jpg HTTP/1.1" 200 106504 "https://thegreenscapecollective.com.au/" "Mozilla/5.0 (Macintosh; Intel Mac OS X 10_15_7) AppleWebKit/605.1.15 (KHTML, like Gecko) Version/26.3.1 Safari/605.1.15"
106.68.4.36 - - [03/Apr/2026:15:02:14 +0800] "GET /wp-content/uploads/2020/10/greenscapeaugust-0073.jpg HTTP/1.1" 200 1415544 "https://thegreenscapecollective.com.au/" "Mozilla/5.0 (Macintosh; Intel Mac OS X 10_15_7) AppleWebKit/605.1.15 (KHTML, like Gecko) Version/26.3.1 Safari/605.1.15"
106.68.4.36 - - [03/Apr/2026:15:02:36 +0800] "GET /wp-content/uploads/2020/10/right-arrow-grey.png HTTP/1.1" 200 2107 "https://thegreenscapecollective.com.au/" "Mozilla/5.0 (Macintosh; Intel Mac OS X 10_15_7) AppleWebKit/605.1.15 (KHTML, like Gecko) Version/26.3.1 Safari/605.1.15"
103.4.122.14 - - [03/Apr/2026:15:10:32 +0800] "POST /wp-cron.php?doing_wp_cron=1775200231.9559159278869628906250 HTTP/1.1" 200 20 "-" "WordPress/6.9.4; https://thegreenscapecollective.com.au"
190.6.38.151 - - [03/Apr/2026:15:10:31 +0800] "GET /terms-of-service HTTP/1.1" 301 20 "-" "Mozilla/5.0 (Macintosh; Intel Mac OS X 10_13_6) AppleWebKit/537.36 (KHTML, like Gecko) Chrome/80.0.3987.149 Safari/537.36"
190.6.38.151 - - [03/Apr/2026:15:10:32 +0800] "GET /terms-of-service/ HTTP/1.1" 200 15729 "-" "Mozilla/5.0 (Macintosh; Intel Mac OS X 10_13_6) AppleWebKit/537.36 (KHTML, like Gecko) Chrome/80.0.3987.149 Safari/537.36"
103.4.122.14 - - [03/Apr/2026:15:18:01 +0800] "POST /wp-cron.php?doing_wp_cron=1775200680.9986410140991210937500 HTTP/1.1" 200 20 "-" "WordPress/6.9.4; https://thegreenscapecollective.com.au"
148.113.128.54 - - [03/Apr/2026:15:18:00 +0800] "GET /robots.txt HTTP/1.1" 200 140 "-" "Mozilla/5.0 (compatible; AhrefsBot/7.0; +http://ahrefs.com/robot/)"
5.39.1.233 - - [03/Apr/2026:15:18:07 +0800] "GET /tag/pollen/ HTTP/1.1" 200 16058 "-" "Mozilla/5.0 (compatible; AhrefsBot/7.0; +http://ahrefs.com/robot/)"
103.104.87.232 - - [03/Apr/2026:15:18:36 +0800] "GET /tag/asthma/ HTTP/1.1" 200 16056 "-" "Mozilla/5.0 (Macintosh; Intel Mac OS X 10_14_6) AppleWebKit/537.36 (KHTML, like Gecko) Brave Chrome/81.0.4044.113 Safari/537.36"
103.4.122.14 - - [03/Apr/2026:15:24:27 +0800] "POST /wp-cron.php?doing_wp_cron=1775201067.3469390869140625000000 HTTP/1.1" 200 20 "-" "WordPress/6.9.4; https://thegreenscapecollective.com.au"
209.141.45.41 - - [03/Apr/2026:15:24:25 +0800] "GET /wp-login.php HTTP/1.1" 200 2901 "-" "Mozilla/5.0 (Windows NT 10.0; Win64; x64) AppleWebKit/537.36 (KHTML, like Gecko) Chrome/134.0.0.0 Safari/537.36"
209.141.45.41 - - [03/Apr/2026:15:24:27 +0800] "POST /wp-login.php HTTP/1.1" 200 3033 "https://thegreenscapecollective.com.au/wp-admin/" "Mozilla/5.0 (Windows NT 10.0; Win64; x64) AppleWebKit/537.36 (KHTML, like Gecko) Chrome/134.0.0.0 Safari/537.36"
212.47.144.185 - - [03/Apr/2026:15:26:41 +0800] "GET /the-6-best-australian-native-plants-for-waterwise-perth-garden-designs/tel:0861025202 HTTP/1.1" 404 15237 "-" "Mozilla/5.0 (Macintosh; Intel Mac OS X 10_13_6) AppleWebKit/537.36 (KHTML, like Gecko) Brave Chrome/90.0.4430.72 Safari/537.36"
103.4.122.14 - - [03/Apr/2026:15:47:35 +0800] "POST /wp-cron.php?doing_wp_cron=1775202455.3882849216461181640625 HTTP/1.1" 200 20 "-" "WordPress/6.9.4; https://thegreenscapecollective.com.au"
117.13.163.60 - - [03/Apr/2026:15:47:34 +0800] "GET /petscaping-your-garden HTTP/1.1" 301 20 "-" "Mozilla/5.0 (Macintosh; Intel Mac OS X 10_15_7) AppleWebKit/537.36 (KHTML, like Gecko) Chrome/140.0.0.0 Safari/537.36"
27.189.161.180 - - [03/Apr/2026:15:47:44 +0800] "GET /petscaping-your-garden HTTP/1.1" 301 20 "-" "Mozilla/5.0 (Macintosh; Intel Mac OS X 10_15_7) AppleWebKit/537.36 (KHTML, like Gecko) Chrome/140.0.0.0 Safari/537.36"
120.227.150.23 - - [03/Apr/2026:15:47:46 +0800] "GET /petscaping-your-garden/ HTTP/1.1" 200 18031 "https://thegreenscapecollective.com.au/petscaping-your-garden" "Mozilla/5.0 (Macintosh; Intel Mac OS X 10_15_7) AppleWebKit/537.36 (KHTML, like Gecko) Chrome/140.0.0.0 Safari/537.36"
103.4.122.14 - - [03/Apr/2026:15:50:19 +0800] "POST /wp-cron.php?doing_wp_cron=1775202619.0618660449981689453125 HTTP/1.1" 200 20 "-" "WordPress/6.9.4; https://thegreenscapecollective.com.au"
178.91.17.142 - - [03/Apr/2026:15:50:17 +0800] "GET /privacy-policy/tel:0861025202 HTTP/1.1" 404 15200 "-" "Mozilla/5.0 (Windows NT 6.1; Win64; x64) AppleWebKit/537.36 (KHTML, like Gecko) Chrome/79.0.3945.88 Safari/537.36"
103.4.122.14 - - [03/Apr/2026:15:58:11 +0800] "POST /wp-cron.php?doing_wp_cron=1775203091.1087710857391357421875 HTTP/1.1" 200 20 "-" "WordPress/6.9.4; https://thegreenscapecollective.com.au"
146.174.168.126 - - [03/Apr/2026:15:58:10 +0800] "GET /testimonials/ HTTP/1.1" 301 20 "-" "Mozilla/5.0 (Macintosh; Intel Mac OS X 13_4_1) AppleWebKit/537.36 (KHTML, like Gecko) Chrome/130.0.6723.116 Safari/537.36"
202.76.169.31 - - [03/Apr/2026:15:58:12 +0800] "GET /testimonials/ HTTP/1.1" 200 15729 "-" "Mozilla/5.0 (Macintosh; Intel Mac OS X 13_4_1) AppleWebKit/537.36 (KHTML, like Gecko) Chrome/130.0.6723.116 Safari/537.36"
40.77.167.48 - - [03/Apr/2026:16:01:53 +0800] "GET /services/great-garden-advice/ HTTP/1.1" 200 17231 "-" "Mozilla/5.0 AppleWebKit/537.36 (KHTML, like Gecko; compatible; bingbot/2.0; +http://www.bing.com/bingbot.htm) Chrome/116.0.1938.76 Safari/537.36"
52.167.144.232 - - [03/Apr/2026:16:02:03 +0800] "GET /wp-content/cache/autoptimize/css/autoptimize_256955e54debce9cdbf3549df694c60e.css HTTP/1.1" 200 49639 "-" "Mozilla/5.0 AppleWebKit/537.36 (KHTML, like Gecko; compatible; bingbot/2.0; +http://www.bing.com/bingbot.htm) Chrome/116.0.1938.76 Safari/537.36"
103.4.122.14 - - [03/Apr/2026:16:07:19 +0800] "POST /wp-cron.php?doing_wp_cron=1775203639.3720300197601318359375 HTTP/1.1" 200 20 "-" "WordPress/6.9.4; https://thegreenscapecollective.com.au"
113.166.60.202 - - [03/Apr/2026:16:07:18 +0800] "GET /australian-native-alternatives-to-the-christmas-tree/ HTTP/1.1" 200 17970 "-" "Mozilla/5.0 (Windows NT 10.0; Win64; x64) AppleWebKit/537.36 (KHTML, like Gecko) Chrome/121.0.0.0 Safari/537.36 Edg/121.0.0.0 GLS/100.10.9850.99"
185.71.90.60 - - [03/Apr/2026:16:07:20 +0800] "GET /the-top-5-garden-trends-arriving-in-2020/ HTTP/1.1" 200 17713 "-" "Mozilla/5.0 (Windows NT 10.0; Win64; x64; rv:123.0) Gecko/20100101 Firefox/123.0"
113.164.90.160 - - [03/Apr/2026:16:07:23 +0800] "GET /how-to-create-a-low-allergen-garden-in-perth/ HTTP/1.1" 200 21300 "-" "Mozilla/5.0 (Linux; Android 10; K) AppleWebKit/537.36 (KHTML, like Gecko) Chrome/122.0.0.0 Mobile Safari/537.36"
113.173.89.75 - - [03/Apr/2026:16:07:27 +0800] "GET /wormscaping-how-to-build-an-in-ground-worm-farm/ HTTP/1.1" 200 18135 "-" "Mozilla/5.0 (Windows NT 10.0; Win64; x64) AppleWebKit/537.36 (KHTML, like Gecko) Chrome/122.0.0.0 Safari/537.36"
14.245.71.19 - - [03/Apr/2026:16:07:28 +0800] "GET /petscaping-your-garden/ HTTP/1.1" 200 18031 "-" "Mozilla/5.0 (Windows NT 10.0; Win64; x64) AppleWebKit/537.36 (KHTML, like Gecko) Chrome/121.0.0.0 Safari/537.36 Edg/121.0.0.0"
14.186.37.196 - - [03/Apr/2026:16:07:36 +0800] "GET /privacy-policy/ HTTP/1.1" 200 16629 "-" "Mozilla/5.0 (Windows NT 10.0; Win64; x64) AppleWebKit/537.36 (KHTML, like Gecko) Chrome/121.0.0.0 Safari/537.36 Edg/121.0.0.0 Trailer/93.3.3695.30"
104.232.199.230 - - [03/Apr/2026:16:08:12 +0800] "HEAD / HTTP/1.1" 301 - "-" "Mozilla/5.0 (Windows NT 10.0; Win64; x64) AppleWebKit/537.36 (KHTML, like Gecko) Chrome/121.0.0.0 Safari/537.36 Edg/121.0.0.0"
103.4.122.14 - - [03/Apr/2026:16:08:13 +0800] "POST /wp-cron.php?doing_wp_cron=1775203692.9666450023651123046875 HTTP/1.1" 200 20 "-" "WordPress/6.9.4; https://thegreenscapecollective.com.au"
104.232.39.20 - - [03/Apr/2026:16:08:12 +0800] "HEAD / HTTP/1.1" 200 - "-" "Mozilla/5.0 (Windows NT 10.0; Win64; x64; rv:123.0) Gecko/20100101 Firefox/123.0"
104.232.199.230 - - [03/Apr/2026:16:08:13 +0800] "GET / HTTP/1.1" 301 247 "-" "Mozilla/5.0 (Windows NT 10.0; Win64; x64) AppleWebKit/537.36 (KHTML, like Gecko) Chrome/121.0.0.0 Safari/537.36 Edg/121.0.0.0"
192.177.58.144 - - [03/Apr/2026:16:08:12 +0800] "HEAD / HTTP/1.1" 200 - "-" "Mozilla/5.0 (Windows NT 5.1; Win64; x64) AppleWebKit/537.36 (KHTML, like Gecko) Chrome/60.0.3112.90 Safari/537.36"
192.177.58.144 - - [03/Apr/2026:16:08:14 +0800] "GET / HTTP/1.1" 200 188062 "-" "Mozilla/5.0 (Windows NT 5.1; Win64; x64) AppleWebKit/537.36 (KHTML, like Gecko) Chrome/60.0.3112.90 Safari/537.36"
104.232.39.20 - - [03/Apr/2026:16:08:14 +0800] "GET / HTTP/1.1" 200 22008 "-" "Mozilla/5.0 (Windows NT 10.0; Win64; x64; rv:123.0) Gecko/20100101 Firefox/123.0"
172.121.223.223 - - [03/Apr/2026:16:08:16 +0800] "HEAD / HTTP/1.1" 301 - "-" "Mozilla/5.0 (Windows NT 10.0; Win64; x64) AppleWebKit/537.36 (KHTML, like Gecko) Chrome/55.0.2883.87 Safari/537.36"
172.121.223.223 - - [03/Apr/2026:16:08:17 +0800] "HEAD / HTTP/1.1" 200 - "-" "Mozilla/5.0 (Windows NT 10.0; Win64; x64) AppleWebKit/537.36 (KHTML, like Gecko) Chrome/55.0.2883.87 Safari/537.36"
172.121.223.223 - - [03/Apr/2026:16:08:18 +0800] "GET / HTTP/1.1" 301 - "-" "Mozilla/5.0 (Windows NT 10.0; Win64; x64) AppleWebKit/537.36 (KHTML, like Gecko) Chrome/55.0.2883.87 Safari/537.36"
172.121.223.223 - - [03/Apr/2026:16:08:20 +0800] "GET / HTTP/1.1" 200 188062 "-" "Mozilla/5.0 (Windows NT 10.0; Win64; x64) AppleWebKit/537.36 (KHTML, like Gecko) Chrome/55.0.2883.87 Safari/537.36"
104.237.245.242 - - [03/Apr/2026:16:08:23 +0800] "HEAD / HTTP/1.1" 301 - "-" "Mozilla/5.0 (Windows NT 10.0; WOW64; Trident/7.0; rv:11.0) like Gecko"
104.194.198.47 - - [03/Apr/2026:16:08:23 +0800] "GET / HTTP/1.1" 301 247 "-" "Mozilla/5.0 (Macintosh; Intel Mac OS X 14_2_1) AppleWebKit/605.1.15 (KHTML, like Gecko) Version/17.2 Safari/605.1.15"
172.121.208.170 - - [03/Apr/2026:16:08:23 +0800] "GET / HTTP/1.1" 200 22010 "-" "Mozilla/5.0 (X11; U; Linux i686; en-US; rv:1.4) Gecko/20030624"
104.237.245.242 - - [03/Apr/2026:16:08:24 +0800] "HEAD / HTTP/1.1" 200 - "-" "Mozilla/5.0 (Windows NT 10.0; WOW64; Trident/7.0; rv:11.0) like Gecko"
104.194.198.47 - - [03/Apr/2026:16:08:24 +0800] "GET / HTTP/1.1" 200 22005 "-" "Mozilla/5.0 (Macintosh; Intel Mac OS X 14_2_1) AppleWebKit/605.1.15 (KHTML, like Gecko) Version/17.2 Safari/605.1.15"
104.237.245.242 - - [03/Apr/2026:16:08:26 +0800] "GET / HTTP/1.1" 301 247 "-" "Mozilla/5.0 (Windows NT 10.0; WOW64; Trident/7.0; rv:11.0) like Gecko"
172.121.217.1 - - [03/Apr/2026:16:08:25 +0800] "GET / HTTP/1.1" 200 22010 "-" "Mozilla/5.0 (Macintosh; U; PPC Mac OS X Mach-O; en-US; rv:1.4a) Gecko/20030401"
172.121.216.100 - - [03/Apr/2026:16:08:25 +0800] "GET / HTTP/1.1" 200 22011 "-" "Mozilla/5.0 (X11; Ubuntu; Linux x86_64; rv:109.0) Gecko/20100101 Firefox/121.0"
104.194.198.47 - - [03/Apr/2026:16:08:26 +0800] "GET /robots.txt HTTP/1.1" 301 20 "https://thegreenscapecollective.com.au/" "Mozilla/5.0 (Macintosh; Intel Mac OS X 14_2_1) AppleWebKit/605.1.15 (KHTML, like Gecko) Version/17.2 Safari/605.1.15"
104.237.245.242 - - [03/Apr/2026:16:08:26 +0800] "GET / HTTP/1.1" 200 188062 "-" "Mozilla/5.0 (Windows NT 10.0; WOW64; Trident/7.0; rv:11.0) like Gecko"
172.121.208.170 - - [03/Apr/2026:16:08:27 +0800] "GET /robots.txt HTTP/1.1" 200 140 "https://thegreenscapecollective.com.au/" "Mozilla/5.0 (X11; U; Linux i686; en-US; rv:1.4) Gecko/20030624"
104.194.198.47 - - [03/Apr/2026:16:08:28 +0800] "GET / HTTP/1.1" 301 247 "-" "Mozilla/5.0 (Macintosh; Intel Mac OS X 14_2_1) AppleWebKit/605.1.15 (KHTML, like Gecko) Version/17.2 Safari/605.1.15"
104.168.124.142 - - [03/Apr/2026:16:08:29 +0800] "HEAD / HTTP/1.1" 301 - "-" "Mozilla/5.0 (Windows NT 10.0; Win64; x64) AppleWebKit/537.36 (KHTML, like Gecko) Chrome/57.0.2987.133 Safari/537.36"
172.121.208.170 - - [03/Apr/2026:16:08:29 +0800] "GET / HTTP/1.1" 200 22010 "-" "Mozilla/5.0 (X11; U; Linux i686; en-US; rv:1.4) Gecko/20030624"
172.121.222.8 - - [03/Apr/2026:16:08:30 +0800] "HEAD / HTTP/1.1" 301 - "-" "Mozilla/5.0 (Windows NT 6.1; Trident/7.0; rv:11.0) like Gecko"
104.168.124.142 - - [03/Apr/2026:16:08:30 +0800] "HEAD / HTTP/1.1" 200 - "-" "Mozilla/5.0 (Windows NT 10.0; Win64; x64) AppleWebKit/537.36 (KHTML, like Gecko) Chrome/57.0.2987.133 Safari/537.36"
104.168.124.142 - - [03/Apr/2026:16:08:31 +0800] "GET / HTTP/1.1" 301 247 "-" "Mozilla/5.0 (Windows NT 10.0; Win64; x64) AppleWebKit/537.36 (KHTML, like Gecko) Chrome/57.0.2987.133 Safari/537.36"
172.121.222.8 - - [03/Apr/2026:16:08:31 +0800] "HEAD / HTTP/1.1" 200 - "-" "Mozilla/5.0 (Windows NT 6.1; Trident/7.0; rv:11.0) like Gecko"
172.121.222.8 - - [03/Apr/2026:16:08:32 +0800] "GET / HTTP/1.1" 301 247 "-" "Mozilla/5.0 (Windows NT 6.1; Trident/7.0; rv:11.0) like Gecko"
104.168.124.142 - - [03/Apr/2026:16:08:31 +0800] "GET / HTTP/1.1" 200 188062 "-" "Mozilla/5.0 (Windows NT 10.0; Win64; x64) AppleWebKit/537.36 (KHTML, like Gecko) Chrome/57.0.2987.133 Safari/537.36"
172.121.208.170 - - [03/Apr/2026:16:08:31 +0800] "GET /about/ HTTP/1.1" 200 18750 "-" "Mozilla/5.0 (X11; U; Linux i686; en-US; rv:1.4) Gecko/20030624"
172.121.222.8 - - [03/Apr/2026:16:08:32 +0800] "GET / HTTP/1.1" 200 188062 "-" "Mozilla/5.0 (Windows NT 6.1; Trident/7.0; rv:11.0) like Gecko"
104.232.199.212 - - [03/Apr/2026:16:08:33 +0800] "HEAD / HTTP/1.1" 200 - "-" "Mozilla/5.0 (Windows NT 10.0; Win64; x64) AppleWebKit/537.36 (KHTML, like Gecko) Chrome/57.0.2987.133 Safari/537.36"
172.121.208.170 - - [03/Apr/2026:16:08:33 +0800] "GET /contact/ HTTP/1.1" 200 16206 "-" "Mozilla/5.0 (X11; U; Linux i686; en-US; rv:1.4) Gecko/20030624"
104.232.39.213 - - [03/Apr/2026:16:08:35 +0800] "HEAD / HTTP/1.1" 301 - "-" "Mozilla/5.0 (Windows NT 6.1; Win64; x64) AppleWebKit/537.36 (KHTML, like Gecko) Chrome/60.0.3112.90 Safari/537.36"
45.5.67.21 - - [03/Apr/2026:16:08:34 +0800] "HEAD / HTTP/1.1" 200 - "-" "Mozilla/5.0 (Windows NT 6.1; WOW64; Trident/7.0; rv:11.0) like Gecko"
104.232.39.213 - - [03/Apr/2026:16:08:36 +0800] "HEAD / HTTP/1.1" 200 - "-" "Mozilla/5.0 (Windows NT 6.1; Win64; x64) AppleWebKit/537.36 (KHTML, like Gecko) Chrome/60.0.3112.90 Safari/537.36"
104.232.39.213 - - [03/Apr/2026:16:08:37 +0800] "GET / HTTP/1.1" 301 247 "-" "Mozilla/5.0 (Windows NT 6.1; Win64; x64) AppleWebKit/537.36 (KHTML, like Gecko) Chrome/60.0.3112.90 Safari/537.36"
172.121.208.170 - - [03/Apr/2026:16:08:36 +0800] "GET /services/residential-and-commercial-landscape-construction/ HTTP/1.1" 200 17731 "-" "Mozilla/5.0 (X11; U; Linux i686; en-US; rv:1.4) Gecko/20030624"
104.232.199.212 - - [03/Apr/2026:16:08:36 +0800] "GET / HTTP/1.1" 200 188062 "-" "Mozilla/5.0 (Windows NT 10.0; Win64; x64) AppleWebKit/537.36 (KHTML, like Gecko) Chrome/57.0.2987.133 Safari/537.36"
44.244.69.155 - - [03/Apr/2026:16:08:36 +0800] "GET / HTTP/1.1" 200 22010 "-" "Mozilla/5.0 (X11; Linux x86_64) AppleWebKit/537.36 (KHTML, like Gecko) Chrome/140.0.0.0 Safari/537.36"
44.244.69.155 - - [03/Apr/2026:16:08:37 +0800] "GET /wp-content/cache/autoptimize/css/autoptimize_2e02926ac66b065cdef3e3d343893e11.css HTTP/1.1" 200 52362 "https://thegreenscapecollective.com.au/" "Mozilla/5.0 (X11; Linux x86_64) AppleWebKit/537.36 (KHTML, like Gecko) Chrome/140.0.0.0 Safari/537.36"
44.244.69.155 - - [03/Apr/2026:16:08:38 +0800] "GET /wp-content/cache/autoptimize/css/autoptimize_single_a0e61596f3f196c3460ed19f7d818fe7.css?generated=1755196485&ver=1.21.5 HTTP/1.1" 200 3059 "https://thegreenscapecollective.com.au/" "Mozilla/5.0 (X11; Linux x86_64) AppleWebKit/537.36 (KHTML, like Gecko) Chrome/140.0.0.0 Safari/537.36"
44.244.69.155 - - [03/Apr/2026:16:08:38 +0800] "GET /wp-includes/css/dashicons.min.css?ver=6.9.4 HTTP/1.1" 200 35721 "https://thegreenscapecollective.com.au/" "Mozilla/5.0 (X11; Linux x86_64) AppleWebKit/537.36 (KHTML, like Gecko) Chrome/140.0.0.0 Safari/537.36"
44.244.69.155 - - [03/Apr/2026:16:08:38 +0800] "GET /wp-content/cache/autoptimize/css/autoptimize_single_c3c5d54ef606327a4025aefb8e32211e.css?ver=1765800085 HTTP/1.1" 200 633 "https://thegreenscapecollective.com.au/" "Mozilla/5.0 (X11; Linux x86_64) AppleWebKit/537.36 (KHTML, like Gecko) Chrome/140.0.0.0 Safari/537.36"
44.244.69.155 - - [03/Apr/2026:16:08:38 +0800] "GET /wp-includes/js/dist/hooks.min.js?ver=dd5603f07f9220ed27f1 HTTP/1.1" 200 1941 "https://thegreenscapecollective.com.au/" "Mozilla/5.0 (X11; Linux x86_64) AppleWebKit/537.36 (KHTML, like Gecko) Chrome/140.0.0.0 Safari/537.36"
44.244.69.155 - - [03/Apr/2026:16:08:38 +0800] "GET /wp-includes/js/jquery/jquery.min.js?ver=3.7.1 HTTP/1.1" 200 30368 "https://thegreenscapecollective.com.au/" "Mozilla/5.0 (X11; Linux x86_64) AppleWebKit/537.36 (KHTML, like Gecko) Chrome/140.0.0.0 Safari/537.36"
45.5.67.21 - - [03/Apr/2026:16:08:36 +0800] "GET / HTTP/1.1" 200 188062 "-" "Mozilla/5.0 (Windows NT 6.1; WOW64; Trident/7.0; rv:11.0) like Gecko"
44.244.69.155 - - [03/Apr/2026:16:08:38 +0800] "GET /wp-includes/js/dist/i18n.min.js?ver=c26c3dc7bed366793375 HTTP/1.1" 200 2229 "https://thegreenscapecollective.com.au/" "Mozilla/5.0 (X11; Linux x86_64) AppleWebKit/537.36 (KHTML, like Gecko) Chrome/140.0.0.0 Safari/537.36"
44.244.69.155 - - [03/Apr/2026:16:08:38 +0800] "GET /wp-includes/js/dist/vendor/wp-polyfill.min.js?ver=3.15.0 HTTP/1.1" 200 11852 "https://thegreenscapecollective.com.au/" "Mozilla/5.0 (X11; Linux x86_64) AppleWebKit/537.36 (KHTML, like Gecko) Chrome/140.0.0.0 Safari/537.36"
44.244.69.155 - - [03/Apr/2026:16:08:38 +0800] "GET /wp-content/uploads/2020/10/greenscapeaugust-0030-1024x683.jpg HTTP/1.1" 200 217688 "https://thegreenscapecollective.com.au/" "Mozilla/5.0 (X11; Linux x86_64) AppleWebKit/537.36 (KHTML, like Gecko) Chrome/140.0.0.0 Safari/537.36"
44.244.69.155 - - [03/Apr/2026:16:08:38 +0800] "GET /wp-content/plugins/autoptimize/classes/external/js/lazysizes.min.js?ao_version=3.1.15 HTTP/1.1" 200 4122 "https://thegreenscapecollective.com.au/" "Mozilla/5.0 (X11; Linux x86_64) AppleWebKit/537.36 (KHTML, like Gecko) Chrome/140.0.0.0 Safari/537.36"
44.244.69.155 - - [03/Apr/2026:16:08:38 +0800] "GET /wp-content/cache/autoptimize/js/autoptimize_ab496bd2c807e734c892193f0f86f2bc.js HTTP/1.1" 200 63340 "https://thegreenscapecollective.com.au/" "Mozilla/5.0 (X11; Linux x86_64) AppleWebKit/537.36 (KHTML, like Gecko) Chrome/140.0.0.0 Safari/537.36"
44.244.69.155 - - [03/Apr/2026:16:08:38 +0800] "GET /wp-content/uploads/2020/10/right-arrow-green.png HTTP/1.1" 200 2211 "https://thegreenscapecollective.com.au/wp-content/cache/autoptimize/css/autoptimize_2e02926ac66b065cdef3e3d343893e11.css" "Mozilla/5.0 (X11; Linux x86_64) AppleWebKit/537.36 (KHTML, like Gecko) Chrome/140.0.0.0 Safari/537.36"
44.244.69.155 - - [03/Apr/2026:16:08:38 +0800] "GET /wp-content/uploads/2020/10/fingerprint.png HTTP/1.1" 200 49629 "https://thegreenscapecollective.com.au/wp-content/cache/autoptimize/css/autoptimize_single_c3c5d54ef606327a4025aefb8e32211e.css?ver=1765800085" "Mozilla/5.0 (X11; Linux x86_64) AppleWebKit/537.36 (KHTML, like Gecko) Chrome/140.0.0.0 Safari/537.36"
104.232.39.213 - - [03/Apr/2026:16:08:37 +0800] "GET / HTTP/1.1" 200 188062 "-" "Mozilla/5.0 (Windows NT 6.1; Win64; x64) AppleWebKit/537.36 (KHTML, like Gecko) Chrome/60.0.3112.90 Safari/537.36"
44.244.69.155 - - [03/Apr/2026:16:08:38 +0800] "GET /wp-content/plugins/lightweight-social-icons/fonts/fontello.woff HTTP/1.1" 200 23328 "https://thegreenscapecollective.com.au/wp-content/cache/autoptimize/css/autoptimize_2e02926ac66b065cdef3e3d343893e11.css" "Mozilla/5.0 (X11; Linux x86_64) AppleWebKit/537.36 (KHTML, like Gecko) Chrome/140.0.0.0 Safari/537.36"
44.244.69.155 - - [03/Apr/2026:16:08:38 +0800] "GET /wp-content/uploads/2020/10/the-greenscape-collective.png HTTP/1.1" 200 28488 "https://thegreenscapecollective.com.au/" "Mozilla/5.0 (X11; Linux x86_64) AppleWebKit/537.36 (KHTML, like Gecko) Chrome/140.0.0.0 Safari/537.36"
172.121.208.170 - - [03/Apr/2026:16:08:38 +0800] "GET /privacy-policy/ HTTP/1.1" 200 16629 "-" "Mozilla/5.0 (X11; U; Linux i686; en-US; rv:1.4) Gecko/20030624"
44.244.69.155 - - [03/Apr/2026:16:08:39 +0800] "GET /wp-json/contact-form-7/v1/contact-forms/892/feedback/schema HTTP/1.1" 200 678 "https://thegreenscapecollective.com.au/" "Mozilla/5.0 (X11; Linux x86_64) AppleWebKit/537.36 (KHTML, like Gecko) Chrome/140.0.0.0 Safari/537.36"
44.244.69.155 - - [03/Apr/2026:16:08:39 +0800] "GET /wp-json/contact-form-7/v1/contact-forms/893/feedback/schema HTTP/1.1" 200 736 "https://thegreenscapecollective.com.au/" "Mozilla/5.0 (X11; Linux x86_64) AppleWebKit/537.36 (KHTML, like Gecko) Chrome/140.0.0.0 Safari/537.36"
44.244.69.155 - - [03/Apr/2026:16:08:39 +0800] "GET /wp-content/cache/autoptimize/js/gutenslider-js.js HTTP/1.1" 410 17833 "https://thegreenscapecollective.com.au/" "Mozilla/5.0 (X11; Linux x86_64) AppleWebKit/537.36 (KHTML, like Gecko) Chrome/140.0.0.0 Safari/537.36"
44.244.69.155 - - [03/Apr/2026:16:08:39 +0800] "GET /wp-json/contact-form-7/v1/contact-forms/891/feedback/schema HTTP/1.1" 200 736 "https://thegreenscapecollective.com.au/" "Mozilla/5.0 (X11; Linux x86_64) AppleWebKit/537.36 (KHTML, like Gecko) Chrome/140.0.0.0 Safari/537.36"
44.244.69.155 - - [03/Apr/2026:16:08:40 +0800] "GET /wp-content/uploads/2020/10/cropped-greenscape-favicon-2-32x32.png HTTP/1.1" 200 2496 "https://thegreenscapecollective.com.au/" "Mozilla/5.0 (X11; Linux x86_64) AppleWebKit/537.36 (KHTML, like Gecko) Chrome/140.0.0.0 Safari/537.36"
44.244.69.155 - - [03/Apr/2026:16:08:40 +0800] "GET /wp-content/uploads/2020/10/greenscapeaugust-0073-1024x683.jpg HTTP/1.1" 200 66782 "https://thegreenscapecollective.com.au/" "Mozilla/5.0 (X11; Linux x86_64) AppleWebKit/537.36 (KHTML, like Gecko) Chrome/140.0.0.0 Safari/537.36"
44.244.69.155 - - [03/Apr/2026:16:08:40 +0800] "GET /wp-content/uploads/2020/10/create-thumbnail.jpg HTTP/1.1" 200 67514 "https://thegreenscapecollective.com.au/" "Mozilla/5.0 (X11; Linux x86_64) AppleWebKit/537.36 (KHTML, like Gecko) Chrome/140.0.0.0 Safari/537.36"
44.244.69.155 - - [03/Apr/2026:16:08:40 +0800] "GET /wp-content/uploads/2020/10/consult-thumbnail.jpg HTTP/1.1" 200 81166 "https://thegreenscapecollective.com.au/" "Mozilla/5.0 (X11; Linux x86_64) AppleWebKit/537.36 (KHTML, like Gecko) Chrome/140.0.0.0 Safari/537.36"
44.244.69.155 - - [03/Apr/2026:16:08:40 +0800] "GET /wp-content/uploads/2020/10/construct-thumbnail.jpg HTTP/1.1" 200 79887 "https://thegreenscapecollective.com.au/" "Mozilla/5.0 (X11; Linux x86_64) AppleWebKit/537.36 (KHTML, like Gecko) Chrome/140.0.0.0 Safari/537.36"
44.244.69.155 - - [03/Apr/2026:16:08:40 +0800] "GET /wp-content/uploads/2020/10/care-thumbnail.jpg HTTP/1.1" 200 106504 "https://thegreenscapecollective.com.au/" "Mozilla/5.0 (X11; Linux x86_64) AppleWebKit/537.36 (KHTML, like Gecko) Chrome/140.0.0.0 Safari/537.36"
44.244.69.155 - - [03/Apr/2026:16:08:39 +0800] "GET /wp-json/contact-form-7/v1/contact-forms/889/feedback/schema HTTP/1.1" 200 682 "https://thegreenscapecollective.com.au/" "Mozilla/5.0 (X11; Linux x86_64) AppleWebKit/537.36 (KHTML, like Gecko) Chrome/140.0.0.0 Safari/537.36"
172.121.208.170 - - [03/Apr/2026:16:08:40 +0800] "GET /services/great-garden-advice/ HTTP/1.1" 200 17231 "-" "Mozilla/5.0 (X11; U; Linux i686; en-US; rv:1.4) Gecko/20030624"
172.121.209.214 - - [03/Apr/2026:16:08:42 +0800] "HEAD / HTTP/1.1" 200 - "-" "Mozilla/5.0 (Windows NT 6.2; WOW64; Trident/7.0; rv:11.0) like Gecko"
172.121.208.170 - - [03/Apr/2026:16:08:43 +0800] "GET /faq/ HTTP/1.1" 200 17890 "-" "Mozilla/5.0 (X11; U; Linux i686; en-US; rv:1.4) Gecko/20030624"
50.118.248.98 - - [03/Apr/2026:16:08:43 +0800] "HEAD / HTTP/1.1" 200 - "-" "Mozilla/5.0 (compatible; MSIE 9.0; Windows NT 6.1; Trident/5.0)"
172.121.208.170 - - [03/Apr/2026:16:08:45 +0800] "GET /blog/ HTTP/1.1" 200 17395 "-" "Mozilla/5.0 (X11; U; Linux i686; en-US; rv:1.4) Gecko/20030624"
172.121.209.214 - - [03/Apr/2026:16:08:45 +0800] "GET / HTTP/1.1" 200 188062 "-" "Mozilla/5.0 (Windows NT 6.2; WOW64; Trident/7.0; rv:11.0) like Gecko"
104.232.39.13 - - [03/Apr/2026:16:08:46 +0800] "GET / HTTP/1.1" 200 22005 "-" "Mozilla/5.0 (Windows NT 6.3; Win64; x64) AppleWebKit/537.36 (KHTML, like Gecko) Chrome/60.0.3112.113 Safari/537.36"
172.121.208.170 - - [03/Apr/2026:16:08:47 +0800] "GET /services/residential-and-strata-garden-maintenance/ HTTP/1.1" 200 17209 "-" "Mozilla/5.0 (X11; U; Linux i686; en-US; rv:1.4) Gecko/20030624"
50.118.248.98 - - [03/Apr/2026:16:08:47 +0800] "GET / HTTP/1.1" 200 188062 "-" "Mozilla/5.0 (compatible; MSIE 9.0; Windows NT 6.1; Trident/5.0)"
172.121.208.170 - - [03/Apr/2026:16:08:50 +0800] "GET /services/ HTTP/1.1" 200 17129 "-" "Mozilla/5.0 (X11; U; Linux i686; en-US; rv:1.4) Gecko/20030624"
172.121.223.241 - - [03/Apr/2026:16:09:07 +0800] "HEAD / HTTP/1.1" 200 - "-" "Mozilla/5.0 (Windows NT 6.3; Win64; x64) AppleWebKit/537.36 (KHTML, like Gecko) Chrome/60.0.3112.113 Safari/537.36"
172.121.223.241 - - [03/Apr/2026:16:09:08 +0800] "GET / HTTP/1.1" 200 188062 "-" "Mozilla/5.0 (Windows NT 6.3; Win64; x64) AppleWebKit/537.36 (KHTML, like Gecko) Chrome/60.0.3112.113 Safari/537.36"
104.232.199.215 - - [03/Apr/2026:16:09:11 +0800] "HEAD / HTTP/1.1" 301 - "-" "Mozilla/5.0 (compatible; MSIE 9.0; Windows NT 6.1; WOW64; Trident/5.0)"
104.232.199.215 - - [03/Apr/2026:16:09:13 +0800] "HEAD / HTTP/1.1" 200 - "-" "Mozilla/5.0 (compatible; MSIE 9.0; Windows NT 6.1; WOW64; Trident/5.0)"
104.232.199.215 - - [03/Apr/2026:16:09:14 +0800] "GET / HTTP/1.1" 301 - "-" "Mozilla/5.0 (compatible; MSIE 9.0; Windows NT 6.1; WOW64; Trident/5.0)"
104.232.199.215 - - [03/Apr/2026:16:09:15 +0800] "GET / HTTP/1.1" 200 188062 "-" "Mozilla/5.0 (compatible; MSIE 9.0; Windows NT 6.1; WOW64; Trident/5.0)"
34.217.87.49 - - [03/Apr/2026:16:09:20 +0800] "GET / HTTP/1.1" 200 22010 "-" "Mozilla/5.0 (X11; Linux x86_64) AppleWebKit/537.36 (KHTML, like Gecko) Chrome/140.0.0.0 Safari/537.36"
34.217.87.49 - - [03/Apr/2026:16:09:22 +0800] "GET /wp-content/cache/autoptimize/css/autoptimize_2e02926ac66b065cdef3e3d343893e11.css HTTP/1.1" 200 52362 "https://thegreenscapecollective.com.au/" "Mozilla/5.0 (X11; Linux x86_64) AppleWebKit/537.36 (KHTML, like Gecko) Chrome/140.0.0.0 Safari/537.36"
34.217.87.49 - - [03/Apr/2026:16:09:22 +0800] "GET /wp-content/cache/autoptimize/css/autoptimize_single_a0e61596f3f196c3460ed19f7d818fe7.css?generated=1755196485&ver=1.21.5 HTTP/1.1" 200 3059 "https://thegreenscapecollective.com.au/" "Mozilla/5.0 (X11; Linux x86_64) AppleWebKit/537.36 (KHTML, like Gecko) Chrome/140.0.0.0 Safari/537.36"
34.217.87.49 - - [03/Apr/2026:16:09:22 +0800] "GET /wp-includes/css/dashicons.min.css?ver=6.9.4 HTTP/1.1" 200 35721 "https://thegreenscapecollective.com.au/" "Mozilla/5.0 (X11; Linux x86_64) AppleWebKit/537.36 (KHTML, like Gecko) Chrome/140.0.0.0 Safari/537.36"
34.217.87.49 - - [03/Apr/2026:16:09:22 +0800] "GET /wp-includes/js/dist/hooks.min.js?ver=dd5603f07f9220ed27f1 HTTP/1.1" 200 1941 "https://thegreenscapecollective.com.au/" "Mozilla/5.0 (X11; Linux x86_64) AppleWebKit/537.36 (KHTML, like Gecko) Chrome/140.0.0.0 Safari/537.36"
34.217.87.49 - - [03/Apr/2026:16:09:22 +0800] "GET /wp-content/cache/autoptimize/css/autoptimize_single_c3c5d54ef606327a4025aefb8e32211e.css?ver=1765800085 HTTP/1.1" 200 633 "https://thegreenscapecollective.com.au/" "Mozilla/5.0 (X11; Linux x86_64) AppleWebKit/537.36 (KHTML, like Gecko) Chrome/140.0.0.0 Safari/537.36"
34.217.87.49 - - [03/Apr/2026:16:09:22 +0800] "GET /wp-includes/js/jquery/jquery.min.js?ver=3.7.1 HTTP/1.1" 200 30368 "https://thegreenscapecollective.com.au/" "Mozilla/5.0 (X11; Linux x86_64) AppleWebKit/537.36 (KHTML, like Gecko) Chrome/140.0.0.0 Safari/537.36"
34.217.87.49 - - [03/Apr/2026:16:09:22 +0800] "GET /wp-includes/js/dist/i18n.min.js?ver=c26c3dc7bed366793375 HTTP/1.1" 200 2229 "https://thegreenscapecollective.com.au/" "Mozilla/5.0 (X11; Linux x86_64) AppleWebKit/537.36 (KHTML, like Gecko) Chrome/140.0.0.0 Safari/537.36"
34.217.87.49 - - [03/Apr/2026:16:09:22 +0800] "GET /wp-includes/js/dist/vendor/wp-polyfill.min.js?ver=3.15.0 HTTP/1.1" 200 11852 "https://thegreenscapecollective.com.au/" "Mozilla/5.0 (X11; Linux x86_64) AppleWebKit/537.36 (KHTML, like Gecko) Chrome/140.0.0.0 Safari/537.36"
34.217.87.49 - - [03/Apr/2026:16:09:22 +0800] "GET /wp-content/uploads/2020/10/greenscapeaugust-0030-1024x683.jpg HTTP/1.1" 200 217688 "https://thegreenscapecollective.com.au/" "Mozilla/5.0 (X11; Linux x86_64) AppleWebKit/537.36 (KHTML, like Gecko) Chrome/140.0.0.0 Safari/537.36"
34.217.87.49 - - [03/Apr/2026:16:09:22 +0800] "GET /wp-content/plugins/autoptimize/classes/external/js/lazysizes.min.js?ao_version=3.1.15 HTTP/1.1" 200 4122 "https://thegreenscapecollective.com.au/" "Mozilla/5.0 (X11; Linux x86_64) AppleWebKit/537.36 (KHTML, like Gecko) Chrome/140.0.0.0 Safari/537.36"
34.217.87.49 - - [03/Apr/2026:16:09:22 +0800] "GET /wp-content/cache/autoptimize/js/autoptimize_ab496bd2c807e734c892193f0f86f2bc.js HTTP/1.1" 200 63340 "https://thegreenscapecollective.com.au/" "Mozilla/5.0 (X11; Linux x86_64) AppleWebKit/537.36 (KHTML, like Gecko) Chrome/140.0.0.0 Safari/537.36"
34.217.87.49 - - [03/Apr/2026:16:09:22 +0800] "GET /wp-content/uploads/2020/10/right-arrow-green.png HTTP/1.1" 200 2211 "https://thegreenscapecollective.com.au/wp-content/cache/autoptimize/css/autoptimize_2e02926ac66b065cdef3e3d343893e11.css" "Mozilla/5.0 (X11; Linux x86_64) AppleWebKit/537.36 (KHTML, like Gecko) Chrome/140.0.0.0 Safari/537.36"
34.217.87.49 - - [03/Apr/2026:16:09:22 +0800] "GET /wp-content/uploads/2020/10/fingerprint.png HTTP/1.1" 200 49629 "https://thegreenscapecollective.com.au/wp-content/cache/autoptimize/css/autoptimize_single_c3c5d54ef606327a4025aefb8e32211e.css?ver=1765800085" "Mozilla/5.0 (X11; Linux x86_64) AppleWebKit/537.36 (KHTML, like Gecko) Chrome/140.0.0.0 Safari/537.36"
34.217.87.49 - - [03/Apr/2026:16:09:23 +0800] "GET /wp-content/plugins/lightweight-social-icons/fonts/fontello.woff HTTP/1.1" 200 23328 "https://thegreenscapecollective.com.au/wp-content/cache/autoptimize/css/autoptimize_2e02926ac66b065cdef3e3d343893e11.css" "Mozilla/5.0 (X11; Linux x86_64) AppleWebKit/537.36 (KHTML, like Gecko) Chrome/140.0.0.0 Safari/537.36"
34.217.87.49 - - [03/Apr/2026:16:09:23 +0800] "GET /wp-content/uploads/2020/10/the-greenscape-collective.png HTTP/1.1" 200 28488 "https://thegreenscapecollective.com.au/" "Mozilla/5.0 (X11; Linux x86_64) AppleWebKit/537.36 (KHTML, like Gecko) Chrome/140.0.0.0 Safari/537.36"
34.217.87.49 - - [03/Apr/2026:16:09:23 +0800] "GET /wp-json/contact-form-7/v1/contact-forms/893/feedback/schema HTTP/1.1" 200 736 "https://thegreenscapecollective.com.au/" "Mozilla/5.0 (X11; Linux x86_64) AppleWebKit/537.36 (KHTML, like Gecko) Chrome/140.0.0.0 Safari/537.36"
34.217.87.49 - - [03/Apr/2026:16:09:23 +0800] "GET /wp-json/contact-form-7/v1/contact-forms/892/feedback/schema HTTP/1.1" 200 678 "https://thegreenscapecollective.com.au/" "Mozilla/5.0 (X11; Linux x86_64) AppleWebKit/537.36 (KHTML, like Gecko) Chrome/140.0.0.0 Safari/537.36"
34.217.87.49 - - [03/Apr/2026:16:09:23 +0800] "GET /wp-json/contact-form-7/v1/contact-forms/891/feedback/schema HTTP/1.1" 200 736 "https://thegreenscapecollective.com.au/" "Mozilla/5.0 (X11; Linux x86_64) AppleWebKit/537.36 (KHTML, like Gecko) Chrome/140.0.0.0 Safari/537.36"
34.217.87.49 - - [03/Apr/2026:16:09:23 +0800] "GET /wp-content/cache/autoptimize/js/gutenslider-js.js HTTP/1.1" 410 17833 "https://thegreenscapecollective.com.au/" "Mozilla/5.0 (X11; Linux x86_64) AppleWebKit/537.36 (KHTML, like Gecko) Chrome/140.0.0.0 Safari/537.36"
34.217.87.49 - - [03/Apr/2026:16:09:24 +0800] "GET /wp-content/uploads/2020/10/cropped-greenscape-favicon-2-32x32.png HTTP/1.1" 200 2496 "https://thegreenscapecollective.com.au/" "Mozilla/5.0 (X11; Linux x86_64) AppleWebKit/537.36 (KHTML, like Gecko) Chrome/140.0.0.0 Safari/537.36"
34.217.87.49 - - [03/Apr/2026:16:09:24 +0800] "GET /wp-content/uploads/2020/10/construct-thumbnail.jpg HTTP/1.1" 200 79887 "https://thegreenscapecollective.com.au/" "Mozilla/5.0 (X11; Linux x86_64) AppleWebKit/537.36 (KHTML, like Gecko) Chrome/140.0.0.0 Safari/537.36"
34.217.87.49 - - [03/Apr/2026:16:09:24 +0800] "GET /wp-content/uploads/2020/10/create-thumbnail.jpg HTTP/1.1" 200 67514 "https://thegreenscapecollective.com.au/" "Mozilla/5.0 (X11; Linux x86_64) AppleWebKit/537.36 (KHTML, like Gecko) Chrome/140.0.0.0 Safari/537.36"
34.217.87.49 - - [03/Apr/2026:16:09:24 +0800] "GET /wp-content/uploads/2020/10/greenscapeaugust-0073-1024x683.jpg HTTP/1.1" 200 66782 "https://thegreenscapecollective.com.au/" "Mozilla/5.0 (X11; Linux x86_64) AppleWebKit/537.36 (KHTML, like Gecko) Chrome/140.0.0.0 Safari/537.36"
34.217.87.49 - - [03/Apr/2026:16:09:24 +0800] "GET /wp-content/uploads/2020/10/consult-thumbnail.jpg HTTP/1.1" 200 81166 "https://thegreenscapecollective.com.au/" "Mozilla/5.0 (X11; Linux x86_64) AppleWebKit/537.36 (KHTML, like Gecko) Chrome/140.0.0.0 Safari/537.36"
34.217.87.49 - - [03/Apr/2026:16:09:23 +0800] "GET /wp-json/contact-form-7/v1/contact-forms/889/feedback/schema HTTP/1.1" 200 682 "https://thegreenscapecollective.com.au/" "Mozilla/5.0 (X11; Linux x86_64) AppleWebKit/537.36 (KHTML, like Gecko) Chrome/140.0.0.0 Safari/537.36"
34.217.87.49 - - [03/Apr/2026:16:09:24 +0800] "GET /wp-content/uploads/2020/10/care-thumbnail.jpg HTTP/1.1" 200 106504 "https://thegreenscapecollective.com.au/" "Mozilla/5.0 (X11; Linux x86_64) AppleWebKit/537.36 (KHTML, like Gecko) Chrome/140.0.0.0 Safari/537.36"
104.168.40.6 - - [03/Apr/2026:16:09:55 +0800] "GET /wp-login.php HTTP/1.1" 200 2901 "-" "Mozilla/5.0 (X11; Ubuntu; Linux x86_64; rv:109.0) Gecko/20100101 Firefox/121.0"
103.4.122.14 - - [03/Apr/2026:16:15:51 +0800] "POST /wp-cron.php?doing_wp_cron=1775204151.0215411186218261718750 HTTP/1.1" 200 20 "-" "WordPress/6.9.4; https://thegreenscapecollective.com.au"
113.190.19.183 - - [03/Apr/2026:16:15:49 +0800] "GET /privacy-policy/ HTTP/1.1" 200 16629 "-" "Mozilla/5.0 (Macintosh; Intel Mac OS X 14_3_1) AppleWebKit/537.36 (KHTML, like Gecko) Chrome/131.0.6778.204 Safari/537.36"
169.224.62.169 - - [03/Apr/2026:16:19:16 +0800] "GET /wp-content/uploads/2020/10/greenscapeaugust-0030.jpg HTTP/1.1" 200 3079857 "-" "Mozilla/5.0 (Macintosh; U; PPC Mac OS X 10_5_0 rv:5.0; kl-GL) AppleWebKit/532.37.5 (KHTML, like Gecko) Version/5.0.3 Safari/532.37.5"
143.202.51.2 - - [03/Apr/2026:16:19:29 +0800] "GET /wp-content/uploads/2020/10/greenscapeaugust-0030.jpg HTTP/1.1" 200 3079857 "-" "Opera/8.71.(Windows 98; Win 9x 4.90; bhb-IN) Presto/2.9.186 Version/12.00"
177.248.27.136 - - [03/Apr/2026:16:19:43 +0800] "GET /wp-content/uploads/2020/10/greenscapeaugust-0030.jpg HTTP/1.1" 200 3079857 "-" "Mozilla/5.0 (compatible; MSIE 8.0; Windows NT 5.2; Trident/4.0)"
103.4.122.14 - - [03/Apr/2026:16:22:12 +0800] "POST /wp-cron.php?doing_wp_cron=1775204532.2890579700469970703125 HTTP/1.1" 200 20 "-" "WordPress/6.9.4; https://thegreenscapecollective.com.au"
14.237.216.5 - - [03/Apr/2026:16:22:11 +0800] "GET /services/tel:0861025202 HTTP/1.1" 404 15199 "-" "Mozilla/5.0 (Windows NT 6.1; Win64; x64) AppleWebKit/537.36 (KHTML, like Gecko) Chrome/62.0.3202.94 Safari/537.36"
14.200.8.195 - - [03/Apr/2026:16:27:04 +0800] "GET /wp-content/uploads/2020/12/Native-Fuchsia.jpg HTTP/1.1" 200 59054 "-" "com.google.GoogleMobile/414.0 iPhone/18.7.6 hw/iPhone11_8"
103.4.122.14 - - [03/Apr/2026:16:31:21 +0800] "POST /wp-cron.php?doing_wp_cron=1775205081.3070271015167236328125 HTTP/1.1" 200 20 "-" "WordPress/6.9.4; https://thegreenscapecollective.com.au"
216.73.216.190 - - [03/Apr/2026:16:31:20 +0800] "GET /robots.txt HTTP/1.1" 200 140 "-" "Mozilla/5.0 AppleWebKit/537.36 (KHTML, like Gecko; compatible; ClaudeBot/1.0; +claudebot@anthropic.com)"
216.73.216.190 - - [03/Apr/2026:16:31:21 +0800] "GET /sitemap_index.xml HTTP/1.1" 200 385 "-" "Mozilla/5.0 AppleWebKit/537.36 (KHTML, like Gecko; compatible; ClaudeBot/1.0; +claudebot@anthropic.com)"
103.4.122.14 - - [03/Apr/2026:16:34:16 +0800] "POST /wp-cron.php?doing_wp_cron=1775205256.2904810905456542968750 HTTP/1.1" 200 20 "-" "WordPress/6.9.4; https://thegreenscapecollective.com.au"
51.75.236.144 - - [03/Apr/2026:16:34:15 +0800] "GET /robots.txt HTTP/1.1" 301 20 "-" "Mozilla/5.0 (compatible; AhrefsBot/7.0; +http://ahrefs.com/robot/)"
51.75.236.144 - - [03/Apr/2026:16:34:18 +0800] "GET /robots.txt HTTP/1.1" 200 140 "-" "Mozilla/5.0 (compatible; AhrefsBot/7.0; +http://ahrefs.com/robot/)"
148.113.128.3 - - [03/Apr/2026:16:34:21 +0800] "GET / HTTP/1.1" 301 20 "-" "Mozilla/5.0 (compatible; AhrefsBot/7.0; +http://ahrefs.com/robot/)"
