211.30.27.45 - - [03/Apr/2026:18:50:01 +0800] "GET /wp-includes/js/dist/i18n.min.js?ver=c26c3dc7bed366793375 HTTP/1.1" 200 2229 "https://thegreenscapecollective.com.au/the-6-best-australian-native-plants-for-waterwise-perth-garden-designs/" "Mozilla/5.0 (iPhone; CPU iPhone OS 18_7 like Mac OS X) AppleWebKit/605.1.15 (KHTML, like Gecko) Version/26.3 Mobile/15E148 Safari/604.1"
211.30.27.45 - - [03/Apr/2026:18:50:01 +0800] "GET /wp-includes/js/dist/vendor/wp-polyfill.min.js?ver=3.15.0 HTTP/1.1" 200 11852 "https://thegreenscapecollective.com.au/the-6-best-australian-native-plants-for-waterwise-perth-garden-designs/" "Mozilla/5.0 (iPhone; CPU iPhone OS 18_7 like Mac OS X) AppleWebKit/605.1.15 (KHTML, like Gecko) Version/26.3 Mobile/15E148 Safari/604.1"
211.30.27.45 - - [03/Apr/2026:18:50:01 +0800] "GET /wp-content/uploads/2020/12/Toothbrush-Grevillea.jpg HTTP/1.1" 200 152987 "https://thegreenscapecollective.com.au/the-6-best-australian-native-plants-for-waterwise-perth-garden-designs/" "Mozilla/5.0 (iPhone; CPU iPhone OS 18_7 like Mac OS X) AppleWebKit/605.1.15 (KHTML, like Gecko) Version/26.3 Mobile/15E148 Safari/604.1"
211.30.27.45 - - [03/Apr/2026:18:50:01 +0800] "GET /wp-content/cache/autoptimize/js/autoptimize_608318ece1b0c8452f17313c8b437743.js HTTP/1.1" 200 61064 "https://thegreenscapecollective.com.au/the-6-best-australian-native-plants-for-waterwise-perth-garden-designs/" "Mozilla/5.0 (iPhone; CPU iPhone OS 18_7 like Mac OS X) AppleWebKit/605.1.15 (KHTML, like Gecko) Version/26.3 Mobile/15E148 Safari/604.1"
211.30.27.45 - - [03/Apr/2026:18:50:01 +0800] "GET /wp-content/plugins/lightweight-social-icons/fonts/fontello.woff HTTP/1.1" 200 23328 "https://thegreenscapecollective.com.au/the-6-best-australian-native-plants-for-waterwise-perth-garden-designs/" "Mozilla/5.0 (iPhone; CPU iPhone OS 18_7 like Mac OS X) AppleWebKit/605.1.15 (KHTML, like Gecko) Version/26.3 Mobile/15E148 Safari/604.1"
211.30.27.45 - - [03/Apr/2026:18:50:01 +0800] "GET /wp-content/uploads/2020/10/fingerprint.png HTTP/1.1" 200 49629 "https://thegreenscapecollective.com.au/the-6-best-australian-native-plants-for-waterwise-perth-garden-designs/" "Mozilla/5.0 (iPhone; CPU iPhone OS 18_7 like Mac OS X) AppleWebKit/605.1.15 (KHTML, like Gecko) Version/26.3 Mobile/15E148 Safari/604.1"
211.30.27.45 - - [03/Apr/2026:18:50:01 +0800] "GET /wp-content/uploads/2020/12/Common-Everlasting-thumb.jpg HTTP/1.1" 200 15068 "https://thegreenscapecollective.com.au/the-6-best-australian-native-plants-for-waterwise-perth-garden-designs/" "Mozilla/5.0 (iPhone; CPU iPhone OS 18_7 like Mac OS X) AppleWebKit/605.1.15 (KHTML, like Gecko) Version/26.3 Mobile/15E148 Safari/604.1"
211.30.27.45 - - [03/Apr/2026:18:50:02 +0800] "GET /wp-content/uploads/2020/10/cropped-greenscape-favicon-2-32x32.png HTTP/1.1" 200 2496 "https://thegreenscapecollective.com.au/the-6-best-australian-native-plants-for-waterwise-perth-garden-designs/" "Mozilla/5.0 (iPhone; CPU iPhone OS 18_7 like Mac OS X) AppleWebKit/605.1.15 (KHTML, like Gecko) Version/26.3 Mobile/15E148 Safari/604.1"
211.30.27.45 - - [03/Apr/2026:18:50:01 +0800] "GET /wp-json/contact-form-7/v1/contact-forms/893/feedback/schema HTTP/1.1" 200 736 "https://thegreenscapecollective.com.au/the-6-best-australian-native-plants-for-waterwise-perth-garden-designs/" "Mozilla/5.0 (iPhone; CPU iPhone OS 18_7 like Mac OS X) AppleWebKit/605.1.15 (KHTML, like Gecko) Version/26.3 Mobile/15E148 Safari/604.1"
211.30.27.45 - - [03/Apr/2026:18:50:01 +0800] "GET /wp-json/contact-form-7/v1/contact-forms/891/feedback/schema HTTP/1.1" 200 736 "https://thegreenscapecollective.com.au/the-6-best-australian-native-plants-for-waterwise-perth-garden-designs/" "Mozilla/5.0 (iPhone; CPU iPhone OS 18_7 like Mac OS X) AppleWebKit/605.1.15 (KHTML, like Gecko) Version/26.3 Mobile/15E148 Safari/604.1"
211.30.27.45 - - [03/Apr/2026:18:50:01 +0800] "GET /wp-json/contact-form-7/v1/contact-forms/889/feedback/schema HTTP/1.1" 200 682 "https://thegreenscapecollective.com.au/the-6-best-australian-native-plants-for-waterwise-perth-garden-designs/" "Mozilla/5.0 (iPhone; CPU iPhone OS 18_7 like Mac OS X) AppleWebKit/605.1.15 (KHTML, like Gecko) Version/26.3 Mobile/15E148 Safari/604.1"
211.30.27.45 - - [03/Apr/2026:18:50:01 +0800] "GET /wp-json/contact-form-7/v1/contact-forms/892/feedback/schema HTTP/1.1" 200 678 "https://thegreenscapecollective.com.au/the-6-best-australian-native-plants-for-waterwise-perth-garden-designs/" "Mozilla/5.0 (iPhone; CPU iPhone OS 18_7 like Mac OS X) AppleWebKit/605.1.15 (KHTML, like Gecko) Version/26.3 Mobile/15E148 Safari/604.1"
211.30.27.45 - - [03/Apr/2026:18:50:03 +0800] "GET /wp-content/uploads/2020/12/Toothbrush-Grevillea-thumb.jpg HTTP/1.1" 200 14557 "https://thegreenscapecollective.com.au/the-6-best-australian-native-plants-for-waterwise-perth-garden-designs/" "Mozilla/5.0 (iPhone; CPU iPhone OS 18_7 like Mac OS X) AppleWebKit/605.1.15 (KHTML, like Gecko) Version/26.3 Mobile/15E148 Safari/604.1"
211.30.27.45 - - [03/Apr/2026:18:50:02 +0800] "GET /wp-content/uploads/2020/10/cropped-greenscape-favicon-2-192x192.png HTTP/1.1" 200 22570 "https://thegreenscapecollective.com.au/the-6-best-australian-native-plants-for-waterwise-perth-garden-designs/" "Mozilla/5.0 (iPhone; CPU iPhone OS 18_7 like Mac OS X) AppleWebKit/605.1.15 (KHTML, like Gecko) Version/26.3 Mobile/15E148 Safari/604.1"
180.153.236.130 - - [03/Apr/2026:18:54:39 +0800] "GET / HTTP/1.1" 403 199 "https://thegreenscapecollective.com.au/" "User-Agent:Mozilla/5.0 (Windows NT 10.0; Win64; x64) AppleWebKit/537.36 (KHTML, like Gecko) Chrome/140.0.0.0 Safari/537.36 Edg/140.0.0.0; 360Spider"
49.76.156.216 - - [03/Apr/2026:18:54:57 +0800] "GET / HTTP/1.1" 403 199 "https://thegreenscapecollective.com.au/" "User-Agent:Mozilla/5.0 (Windows NT 6.1; WOW64) AppleWebKit/537.36 (KHTML, like Gecko) Chrome/50.0.2661.102 Safari/537.36"
103.4.122.14 - - [03/Apr/2026:18:58:59 +0800] "POST /wp-cron.php?doing_wp_cron=1775213938.9873108863830566406250 HTTP/1.1" 200 20 "-" "WordPress/6.9.4; https://thegreenscapecollective.com.au"
5.29.21.233 - - [03/Apr/2026:18:58:57 +0800] "GET /contact/ HTTP/1.1" 200 16206 "-" "Mozilla/5.0 (Windows NT 6.1; Win64; x64) AppleWebKit/537.36 (KHTML, like Gecko) Brave Chrome/90.0.4430.72 Safari/537.36"
103.4.122.14 - - [03/Apr/2026:19:19:54 +0800] "POST /wp-cron.php?doing_wp_cron=1775215193.8288950920104980468750 HTTP/1.1" 200 20 "-" "WordPress/6.9.4; https://thegreenscapecollective.com.au"
92.222.104.211 - - [03/Apr/2026:19:19:52 +0800] "GET /sitemap_index.xml HTTP/1.1" 200 385 "-" "Mozilla/5.0 (compatible; AhrefsBot/7.0; +http://ahrefs.com/robot/)"
94.23.188.219 - - [03/Apr/2026:19:19:55 +0800] "GET /post-sitemap.xml HTTP/1.1" 200 949 "-" "Mozilla/5.0 (compatible; AhrefsBot/7.0; +http://ahrefs.com/robot/)"
54.37.118.70 - - [03/Apr/2026:19:19:58 +0800] "GET /page-sitemap.xml HTTP/1.1" 200 1061 "-" "Mozilla/5.0 (compatible; AhrefsBot/7.0; +http://ahrefs.com/robot/)"
94.23.188.197 - - [03/Apr/2026:19:20:01 +0800] "GET /testimonial-sitemap.xml HTTP/1.1" 200 433 "-" "Mozilla/5.0 (compatible; AhrefsBot/7.0; +http://ahrefs.com/robot/)"
92.222.104.198 - - [03/Apr/2026:19:20:04 +0800] "GET /category-sitemap.xml HTTP/1.1" 200 406 "-" "Mozilla/5.0 (compatible; AhrefsBot/7.0; +http://ahrefs.com/robot/)"
51.68.247.197 - - [03/Apr/2026:19:20:07 +0800] "GET /post_tag-sitemap.xml HTTP/1.1" 200 397 "-" "Mozilla/5.0 (compatible; AhrefsBot/7.0; +http://ahrefs.com/robot/)"
92.222.108.100 - - [03/Apr/2026:19:20:10 +0800] "GET /author-sitemap.xml HTTP/1.1" 200 377 "-" "Mozilla/5.0 (compatible; AhrefsBot/7.0; +http://ahrefs.com/robot/)"
103.4.122.14 - - [03/Apr/2026:19:33:05 +0800] "POST /wp-cron.php?doing_wp_cron=1775215985.7744090557098388671875 HTTP/1.1" 200 20 "-" "WordPress/6.9.4; https://thegreenscapecollective.com.au"
14.173.86.95 - - [03/Apr/2026:19:33:04 +0800] "GET /tag/pollen/ HTTP/1.1" 200 16058 "-" "Mozilla/5.0 (Macintosh; Intel Mac OS X 10_13_4) AppleWebKit/537.36 (KHTML, like Gecko) Chrome/66.0.3359.139 Safari/537.36"
5.180.41.96 - - [03/Apr/2026:19:35:14 +0800] "GET / HTTP/1.1" 301 247 "-" "Mozilla/5.0 (Macintosh; Intel Mac OS X 10_15_7) AppleWebKit/537.36 (KHTML, like Gecko) Chrome/120.0.0.0 Safari/537.36"
5.180.41.96 - - [03/Apr/2026:19:35:14 +0800] "GET / HTTP/1.1" 200 22004 "-" "Mozilla/5.0 (Macintosh; Intel Mac OS X 10_15_7) AppleWebKit/537.36 (KHTML, like Gecko) Chrome/120.0.0.0 Safari/537.36"
5.180.41.96 - - [03/Apr/2026:19:35:15 +0800] "GET / HTTP/1.1" 200 22004 "https://www.thegreenscapecollective.com.au" "Mozilla/5.0 (Macintosh; Intel Mac OS X 10_15_7) AppleWebKit/537.36 (KHTML, like Gecko) Chrome/120.0.0.0 Safari/537.36"
216.73.216.190 - - [03/Apr/2026:19:36:12 +0800] "GET /robots.txt HTTP/1.1" 200 140 "-" "Mozilla/5.0 AppleWebKit/537.36 (KHTML, like Gecko; compatible; ClaudeBot/1.0; +claudebot@anthropic.com)"
216.73.216.190 - - [03/Apr/2026:19:36:13 +0800] "GET /sitemap_index.xml HTTP/1.1" 200 385 "-" "Mozilla/5.0 AppleWebKit/537.36 (KHTML, like Gecko; compatible; ClaudeBot/1.0; +claudebot@anthropic.com)"
124.158.99.12 - - [03/Apr/2026:19:39:28 +0800] "GET /wp-json/contact-form-7/v1/contact-forms/892/feedback/schema HTTP/1.1" 200 678 "https://thegreenscapecollective.com.au/the-6-best-australian-native-plants-for-waterwise-perth-garden-designs/" "Mozilla/5.0 (iPhone; CPU iPhone OS 18_7 like Mac OS X) AppleWebKit/605.1.15 (KHTML, like Gecko) Version/26.3 Mobile/15E148 Safari/604.1"
124.158.99.12 - - [03/Apr/2026:19:39:28 +0800] "GET /wp-json/contact-form-7/v1/contact-forms/889/feedback/schema HTTP/1.1" 200 682 "https://thegreenscapecollective.com.au/the-6-best-australian-native-plants-for-waterwise-perth-garden-designs/" "Mozilla/5.0 (iPhone; CPU iPhone OS 18_7 like Mac OS X) AppleWebKit/605.1.15 (KHTML, like Gecko) Version/26.3 Mobile/15E148 Safari/604.1"
124.158.99.12 - - [03/Apr/2026:19:39:28 +0800] "GET /wp-json/contact-form-7/v1/contact-forms/891/feedback/schema HTTP/1.1" 200 736 "https://thegreenscapecollective.com.au/the-6-best-australian-native-plants-for-waterwise-perth-garden-designs/" "Mozilla/5.0 (iPhone; CPU iPhone OS 18_7 like Mac OS X) AppleWebKit/605.1.15 (KHTML, like Gecko) Version/26.3 Mobile/15E148 Safari/604.1"
124.158.99.12 - - [03/Apr/2026:19:39:29 +0800] "GET /wp-content/uploads/2020/10/the-greenscape-collective.png HTTP/1.1" 200 28488 "https://thegreenscapecollective.com.au/the-6-best-australian-native-plants-for-waterwise-perth-garden-designs/" "Mozilla/5.0 (iPhone; CPU iPhone OS 18_7 like Mac OS X) AppleWebKit/605.1.15 (KHTML, like Gecko) Version/26.3 Mobile/15E148 Safari/604.1"
103.4.122.14 - - [03/Apr/2026:19:39:29 +0800] "POST /wp-cron.php?doing_wp_cron=1775216369.0545089244842529296875 HTTP/1.1" 200 20 "-" "WordPress/6.9.4; https://thegreenscapecollective.com.au"
124.158.99.12 - - [03/Apr/2026:19:39:28 +0800] "GET /wp-json/contact-form-7/v1/contact-forms/893/feedback/schema HTTP/1.1" 200 736 "https://thegreenscapecollective.com.au/the-6-best-australian-native-plants-for-waterwise-perth-garden-designs/" "Mozilla/5.0 (iPhone; CPU iPhone OS 18_7 like Mac OS X) AppleWebKit/605.1.15 (KHTML, like Gecko) Version/26.3 Mobile/15E148 Safari/604.1"
113.173.113.118 - - [03/Apr/2026:19:41:05 +0800] "GET /author/greenscape/tel:0861025202 HTTP/1.1" 404 15691 "-" "Mozilla/5.0 (Macintosh; Intel Mac OS X 10_11_6) AppleWebKit/537.36 (KHTML, like Gecko) Chrome/93.0.4577.82 Safari/537.36"
43.163.104.54 - - [03/Apr/2026:19:44:16 +0800] "GET / HTTP/1.1" 403 199 "-" "Mozilla/5.0 (iPhone; CPU iPhone OS 13_2_3 like Mac OS X) AppleWebKit/605.1.15 (KHTML, like Gecko) Version/13.0.3 Mobile/15E148 Safari/604.1"
66.249.75.160 - - [03/Apr/2026:19:44:54 +0800] "GET /wp-content/uploads/2020/10/the-greenscape-collective.png HTTP/1.1" 304 - "-" "Googlebot-Image/1.0"
103.4.122.14 - - [03/Apr/2026:19:45:02 +0800] "POST /wp-cron.php?doing_wp_cron=1775216701.9094879627227783203125 HTTP/1.1" 200 20 "-" "WordPress/6.9.4; https://thegreenscapecollective.com.au"
169.224.6.83 - - [03/Apr/2026:19:45:00 +0800] "GET / HTTP/1.1" 200 22010 "-" "Mozilla/5.0 (Macintosh; U; PPC Mac OS X 10_12_9 rv:6.0; tr-CY) AppleWebKit/535.26.1 (KHTML, like Gecko) Version/5.0.4 Safari/535.26.1"
180.74.70.103 - - [03/Apr/2026:19:45:07 +0800] "GET /wp-json/ HTTP/1.1" 200 16881 "-" "Mozilla/5.0 (Windows; U; Windows 98) AppleWebKit/532.22.7 (KHTML, like Gecko) Version/4.1 Safari/532.22.7"
169.224.67.59 - - [03/Apr/2026:19:45:21 +0800] "GET /services/residential-and-strata-garden-maintenance/tel:0861025202 HTTP/1.1" 404 15682 "-" "Mozilla/5.0 (Macintosh; Intel Mac OS X 10_15_7) AppleWebKit/537.36 (KHTML, like Gecko) Chrome/100.0.4896.75 Safari/537.36"
74.7.230.15 - - [03/Apr/2026:19:45:21 +0800] "GET /robots.txt HTTP/1.1" 200 140 "-" "Mozilla/5.0 (Macintosh; Intel Mac OS X 10_15_7) AppleWebKit/537.36 (KHTML, like Gecko) Chrome/131.0.0.0 Safari/537.36; compatible; OAI-SearchBot/1.3; robots.txt; +https://openai.com/searchbot"
41.83.48.230 - - [03/Apr/2026:19:45:26 +0800] "GET /services/residential-and-strata-garden-maintenance/tel:0861025202 HTTP/1.1" 404 15682 "-" "Mozilla/5.0 (Macintosh; Intel Mac OS X 10_16_0) AppleWebKit/537.36 (KHTML, like Gecko) Chrome/84.0.4147.89 Safari/537.36"
103.4.122.14 - - [03/Apr/2026:19:48:53 +0800] "POST /wp-cron.php?doing_wp_cron=1775216933.4423170089721679687500 HTTP/1.1" 200 20 "-" "WordPress/6.9.4; https://thegreenscapecollective.com.au"
123.19.151.130 - - [03/Apr/2026:19:48:52 +0800] "GET /services/great-garden-advice/ HTTP/1.1" 200 17231 "-" "Mozilla/5.0 (compatible; MSIE 7.0; Windows 95; Trident/5.1)"
38.25.95.220 - - [03/Apr/2026:19:49:08 +0800] "GET /xmlrpc.php?rsd HTTP/1.1" 200 317 "-" "Mozilla/5.0 (Macintosh; Intel Mac OS X 10_12_6) AppleWebKit/534.1 (KHTML, like Gecko) Chrome/48.0.829.0 Safari/534.1"
103.4.122.14 - - [03/Apr/2026:19:57:49 +0800] "POST /wp-cron.php?doing_wp_cron=1775217469.0654559135437011718750 HTTP/1.1" 200 20 "-" "WordPress/6.9.4; https://thegreenscapecollective.com.au"
14.161.70.247 - - [03/Apr/2026:19:57:47 +0800] "GET /the-top-5-garden-trends-arriving-in-2020/tel:0861025202 HTTP/1.1" 404 15222 "-" "Mozilla/5.0 (Macintosh; Intel Mac OS X 10_15_7) AppleWebKit/537.36 (KHTML, like Gecko) Chrome/93.0.4577.63 Safari/537.36"
103.4.122.14 - - [03/Apr/2026:20:05:33 +0800] "POST /wp-cron.php?doing_wp_cron=1775217933.1293110847473144531250 HTTP/1.1" 200 20 "-" "WordPress/6.9.4; https://thegreenscapecollective.com.au"
34.195.178.221 - - [03/Apr/2026:20:05:38 +0800] "GET /robots.txt HTTP/1.1" 200 140 "-" "Mozilla/5.0 (Macintosh; Intel Mac OS X 10_10_1) AppleWebKit/600.2.5 (KHTML, like Gecko) Version/8.0.2 Safari/600.2.5 (Gort)"
103.4.122.14 - - [03/Apr/2026:20:11:26 +0800] "POST /wp-cron.php?doing_wp_cron=1775218286.5572869777679443359375 HTTP/1.1" 200 20 "-" "WordPress/6.9.4; https://thegreenscapecollective.com.au"
14.224.81.168 - - [03/Apr/2026:20:11:25 +0800] "GET /category/garden-care/tel:0861025202 HTTP/1.1" 404 15202 "-" "Mozilla/5.0 (Windows NT 6.3) AppleWebKit/537.36 (KHTML, like Gecko) Chrome/94.0.4606.61 Safari/537.36"
103.4.122.14 - - [03/Apr/2026:20:13:16 +0800] "POST /wp-cron.php?doing_wp_cron=1775218396.7126760482788085937500 HTTP/1.1" 200 20 "-" "WordPress/6.9.4; https://thegreenscapecollective.com.au"
47.251.255.0 - - [03/Apr/2026:20:13:15 +0800] "GET / HTTP/1.1" 200 22000 "-" "Mozilla/5.0 (Windows NT 10.0; Win64; x64) AppleWebKit/537.36 (KHTML, like Gecko) Chrome/134.0.0.0 Safari/537.36 Edg/134.0.0.0"
47.251.255.0 - - [03/Apr/2026:20:13:20 +0800] "GET /about/ HTTP/1.1" 200 18747 "https://thegreenscapecollective.com.au/" "Mozilla/5.0 (Windows NT 10.0; Win64; x64) AppleWebKit/537.36 (KHTML, like Gecko) Chrome/134.0.0.0 Safari/537.36 Edg/134.0.0.0"
47.251.255.0 - - [03/Apr/2026:20:13:22 +0800] "GET /terms-of-service HTTP/1.1" 301 20 "https://thegreenscapecollective.com.au/" "Mozilla/5.0 (Windows NT 10.0; Win64; x64) AppleWebKit/537.36 (KHTML, like Gecko) Chrome/134.0.0.0 Safari/537.36 Edg/134.0.0.0"
47.251.255.0 - - [03/Apr/2026:20:13:23 +0800] "GET /terms-of-service/ HTTP/1.1" 200 15726 "https://thegreenscapecollective.com.au/" "Mozilla/5.0 (Windows NT 10.0; Win64; x64) AppleWebKit/537.36 (KHTML, like Gecko) Chrome/134.0.0.0 Safari/537.36 Edg/134.0.0.0"
47.251.255.0 - - [03/Apr/2026:20:13:26 +0800] "GET /services/residential-and-strata-garden-maintenance/ HTTP/1.1" 200 17206 "https://thegreenscapecollective.com.au/" "Mozilla/5.0 (Windows NT 10.0; Win64; x64) AppleWebKit/537.36 (KHTML, like Gecko) Chrome/134.0.0.0 Safari/537.36 Edg/134.0.0.0"
47.251.255.0 - - [03/Apr/2026:20:13:26 +0800] "GET /services/residential-and-commercial-landscape-construction/ HTTP/1.1" 200 17729 "https://thegreenscapecollective.com.au/" "Mozilla/5.0 (Windows NT 10.0; Win64; x64) AppleWebKit/537.36 (KHTML, like Gecko) Chrome/134.0.0.0 Safari/537.36 Edg/134.0.0.0"
47.251.255.0 - - [03/Apr/2026:20:13:27 +0800] "GET /services/landscape-and-garden-design/ HTTP/1.1" 200 17021 "https://thegreenscapecollective.com.au/" "Mozilla/5.0 (Windows NT 10.0; Win64; x64) AppleWebKit/537.36 (KHTML, like Gecko) Chrome/134.0.0.0 Safari/537.36 Edg/134.0.0.0"
47.251.255.0 - - [03/Apr/2026:20:13:28 +0800] "GET /services/great-garden-advice/ HTTP/1.1" 200 17229 "https://thegreenscapecollective.com.au/" "Mozilla/5.0 (Windows NT 10.0; Win64; x64) AppleWebKit/537.36 (KHTML, like Gecko) Chrome/134.0.0.0 Safari/537.36 Edg/134.0.0.0"
47.251.255.0 - - [03/Apr/2026:20:13:30 +0800] "GET /privacy-policy/ HTTP/1.1" 200 16626 "https://thegreenscapecollective.com.au/" "Mozilla/5.0 (Windows NT 10.0; Win64; x64) AppleWebKit/537.36 (KHTML, like Gecko) Chrome/134.0.0.0 Safari/537.36 Edg/134.0.0.0"
47.251.255.0 - - [03/Apr/2026:20:13:30 +0800] "GET /services/ HTTP/1.1" 200 17125 "https://thegreenscapecollective.com.au/" "Mozilla/5.0 (Windows NT 10.0; Win64; x64) AppleWebKit/537.36 (KHTML, like Gecko) Chrome/134.0.0.0 Safari/537.36 Edg/134.0.0.0"
47.251.255.0 - - [03/Apr/2026:20:13:34 +0800] "GET /blog/ HTTP/1.1" 200 17392 "https://thegreenscapecollective.com.au/" "Mozilla/5.0 (Windows NT 10.0; Win64; x64) AppleWebKit/537.36 (KHTML, like Gecko) Chrome/134.0.0.0 Safari/537.36 Edg/134.0.0.0"
47.251.255.0 - - [03/Apr/2026:20:13:34 +0800] "GET /faq/ HTTP/1.1" 200 17888 "https://thegreenscapecollective.com.au/" "Mozilla/5.0 (Windows NT 10.0; Win64; x64) AppleWebKit/537.36 (KHTML, like Gecko) Chrome/134.0.0.0 Safari/537.36 Edg/134.0.0.0"
47.251.255.0 - - [03/Apr/2026:20:13:36 +0800] "GET /contact/ HTTP/1.1" 200 16202 "https://thegreenscapecollective.com.au/" "Mozilla/5.0 (Windows NT 10.0; Win64; x64) AppleWebKit/537.36 (KHTML, like Gecko) Chrome/134.0.0.0 Safari/537.36 Edg/134.0.0.0"
47.251.255.0 - - [03/Apr/2026:20:13:36 +0800] "GET / HTTP/1.1" 200 22001 "https://thegreenscapecollective.com.au/" "Mozilla/5.0 (Windows NT 10.0; Win64; x64) AppleWebKit/537.36 (KHTML, like Gecko) Chrome/134.0.0.0 Safari/537.36 Edg/134.0.0.0"
15.134.234.121 - - [03/Apr/2026:20:14:50 +0800] "GET / HTTP/1.1" 200 22004 "-" "Mozilla/5.0 (compatible; DomainAuditor/1.0; +https://example.com/bot)"
15.134.234.121 - - [03/Apr/2026:20:14:51 +0800] "GET / HTTP/1.1" 301 20 "-" "Mozilla/5.0 (compatible; DomainAuditor/1.0; +https://example.com/bot)"
15.134.234.121 - - [03/Apr/2026:20:14:52 +0800] "GET / HTTP/1.1" 200 22004 "-" "Mozilla/5.0 (compatible; DomainAuditor/1.0; +https://example.com/bot)"
5.57.6.206 - - [03/Apr/2026:20:14:56 +0800] "GET /about/tel:0861025202 HTTP/1.1" 404 15197 "-" "Mozilla/5.0 (Windows NT 10.0; Win64; x64) AppleWebKit/537.36 (KHTML, like Gecko) Chrome/88.0.4324.96 Safari/537.36"
103.4.122.14 - - [03/Apr/2026:20:24:51 +0800] "POST /wp-cron.php?doing_wp_cron=1775219090.8802359104156494140625 HTTP/1.1" 200 20 "-" "WordPress/6.9.4; https://thegreenscapecollective.com.au"
14.189.47.113 - - [03/Apr/2026:20:24:49 +0800] "GET /services/great-garden-advice/tel:0861025202 HTTP/1.1" 404 15680 "-" "Mozilla/5.0 (Macintosh; Intel Mac OS X 10_12_6) AppleWebKit/537.36 (KHTML, like Gecko) Chrome/89.0.4389.90 Safari/537.36"
125.212.240.205 - - [03/Apr/2026:20:31:59 +0800] "GET /env/.env HTTP/1.1" 403 199 "-" "Mozilla/5.0"
125.212.240.205 - - [03/Apr/2026:20:31:59 +0800] "GET /api/.env HTTP/1.1" 403 199 "-" "Mozilla/5.0"
125.212.240.205 - - [03/Apr/2026:20:32:00 +0800] "GET /api/.env HTTP/1.1" 403 199 "-" "Mozilla/5.0"
125.212.240.205 - - [03/Apr/2026:20:32:00 +0800] "GET /env/.env HTTP/1.1" 403 199 "-" "Mozilla/5.0"
103.4.122.14 - - [03/Apr/2026:20:34:08 +0800] "POST /wp-cron.php?doing_wp_cron=1775219648.6760740280151367187500 HTTP/1.1" 200 20 "-" "WordPress/6.9.4; https://thegreenscapecollective.com.au"
94.23.188.196 - - [03/Apr/2026:20:34:07 +0800] "GET /faq/ HTTP/1.1" 200 17888 "-" "Mozilla/5.0 (compatible; AhrefsBot/7.0; +http://ahrefs.com/robot/)"
51.68.247.213 - - [03/Apr/2026:20:34:17 +0800] "GET /wp-content/cache/autoptimize/css/autoptimize_ef4aa4754dd2d6bc342be62c61f7c77a.css HTTP/1.1" 200 48414 "-" "Mozilla/5.0 (compatible; AhrefsBot/7.0; +http://ahrefs.com/robot/)"
192.178.8.102 - - [03/Apr/2026:20:34:44 +0800] "GET /.well-known/traffic-advice HTTP/1.1" 404 15206 "-" "Chrome Privacy Preserving Prefetch Proxy"
193.186.4.175 - - [03/Apr/2026:20:34:44 +0800] "GET /wormscaping-how-to-build-an-in-ground-worm-farm/ HTTP/1.1" 200 18132 "https://www.google.com/" "Mozilla/5.0 (Windows NT 10.0; Win64; x64) AppleWebKit/537.36 (KHTML, like Gecko) Chrome/146.0.0.0 Safari/537.36"
182.44.8.254 - - [03/Apr/2026:20:37:43 +0800] "GET / HTTP/1.1" 403 199 "-" "Mozilla/5.0 (iPhone; CPU iPhone OS 13_2_3 like Mac OS X) AppleWebKit/605.1.15 (KHTML, like Gecko) Version/13.0.3 Mobile/15E148 Safari/604.1"
103.4.122.14 - - [03/Apr/2026:20:40:44 +0800] "POST /wp-cron.php?doing_wp_cron=1775220044.8835148811340332031250 HTTP/1.1" 200 20 "-" "WordPress/6.9.4; https://thegreenscapecollective.com.au"
147.182.144.33 - - [03/Apr/2026:20:40:43 +0800] "GET / HTTP/1.1" 301 20 "-" "Mozilla/5.0 (X11; Linux x86_64; rv:142.0) Gecko/20100101 Firefox/142.0"
147.182.144.33 - - [03/Apr/2026:20:40:45 +0800] "GET / HTTP/1.1" 200 22006 "-" "Mozilla/5.0 (X11; Linux x86_64) AppleWebKit/537.36 (KHTML, like Gecko) Chrome/142.0.0.0 Safari/537.36"
147.182.144.33 - - [03/Apr/2026:20:40:52 +0800] "GET /wp-content/uploads/2020/10/cropped-greenscape-favicon-2-32x32.png HTTP/1.1" 200 2496 "https://thegreenscapecollective.com.au/" "Mozilla/5.0 (X11; Linux x86_64) AppleWebKit/537.36 (KHTML, like Gecko) Chrome/142.0.0.0 Safari/537.36"
162.120.184.49 - - [03/Apr/2026:20:41:37 +0800] "GET / HTTP/1.1" 200 22004 "https://www.google.com/" "Mozilla/5.0 (Windows NT 10.0; Win64; x64) AppleWebKit/537.36 (KHTML, like Gecko) Chrome/146.0.0.0 Safari/537.36"
103.4.122.14 - - [03/Apr/2026:20:53:26 +0800] "POST /wp-cron.php?doing_wp_cron=1775220806.2418959140777587890625 HTTP/1.1" 200 20 "-" "WordPress/6.9.4; https://thegreenscapecollective.com.au"
192.178.6.67 - - [03/Apr/2026:20:53:25 +0800] "GET /robots.txt HTTP/1.1" 301 20 "-" "Mozilla/5.0 (compatible; Googlebot/2.1; +http://www.google.com/bot.html)"
66.249.75.160 - - [03/Apr/2026:20:53:27 +0800] "GET /robots.txt HTTP/1.1" 200 140 "-" "Mozilla/5.0 (compatible; Googlebot/2.1; +http://www.google.com/bot.html)"
192.178.6.68 - - [03/Apr/2026:20:53:29 +0800] "GET / HTTP/1.1" 301 247 "-" "Mozilla/5.0 (Linux; Android 6.0.1; Nexus 5X Build/MMB29P) AppleWebKit/537.36 (KHTML, like Gecko) Chrome/146.0.7680.177 Mobile Safari/537.36 (compatible; Googlebot/2.1; +http://www.google.com/bot.html)"
66.249.75.160 - - [03/Apr/2026:20:53:31 +0800] "GET /wp-content/cache/autoptimize/css/autoptimize_single_a0e61596f3f196c3460ed19f7d818fe7.css?generated=1755196485&ver=1.21.5 HTTP/1.1" 200 3059 "https://thegreenscapecollective.com.au/" "Mozilla/5.0 (Linux; Android 6.0.1; Nexus 5X Build/MMB29P) AppleWebKit/537.36 (KHTML, like Gecko) Chrome/146.0.7680.177 Mobile Safari/537.36 (compatible; Googlebot/2.1; +http://www.google.com/bot.html)"
66.249.75.160 - - [03/Apr/2026:20:53:32 +0800] "GET /wp-includes/css/dashicons.min.css?ver=6.9.4 HTTP/1.1" 200 35721 "https://thegreenscapecollective.com.au/" "Mozilla/5.0 (Linux; Android 6.0.1; Nexus 5X Build/MMB29P) AppleWebKit/537.36 (KHTML, like Gecko) Chrome/146.0.7680.177 Mobile Safari/537.36 (compatible; Googlebot/2.1; +http://www.google.com/bot.html)"
66.249.75.161 - - [03/Apr/2026:20:53:32 +0800] "GET /wp-includes/js/jquery/jquery.min.js?ver=3.7.1 HTTP/1.1" 200 30368 "https://thegreenscapecollective.com.au/" "Mozilla/5.0 (Linux; Android 6.0.1; Nexus 5X Build/MMB29P) AppleWebKit/537.36 (KHTML, like Gecko) Chrome/146.0.7680.177 Mobile Safari/537.36 (compatible; Googlebot/2.1; +http://www.google.com/bot.html)"
66.249.75.161 - - [03/Apr/2026:20:53:32 +0800] "GET /wp-content/cache/autoptimize/js/gutenslider-js.js HTTP/1.1" 410 17830 "https://thegreenscapecollective.com.au/" "Mozilla/5.0 (Linux; Android 6.0.1; Nexus 5X Build/MMB29P) AppleWebKit/537.36 (KHTML, like Gecko) Chrome/146.0.7680.177 Mobile Safari/537.36 (compatible; Googlebot/2.1; +http://www.google.com/bot.html)"
66.249.75.160 - - [03/Apr/2026:20:53:34 +0800] "GET /wp-json/contact-form-7/v1/contact-forms/891/feedback/schema HTTP/1.1" 200 736 "https://thegreenscapecollective.com.au/" "Mozilla/5.0 (Linux; Android 6.0.1; Nexus 5X Build/MMB29P) AppleWebKit/537.36 (KHTML, like Gecko) Chrome/146.0.7680.177 Mobile Safari/537.36 (compatible; Googlebot/2.1; +http://www.google.com/bot.html)"
66.249.75.161 - - [03/Apr/2026:20:53:34 +0800] "GET /wp-content/cache/autoptimize/js/gutenslider-js.js HTTP/1.1" 410 17830 "https://thegreenscapecollective.com.au/" "Mozilla/5.0 (Linux; Android 6.0.1; Nexus 5X Build/MMB29P) AppleWebKit/537.36 (KHTML, like Gecko) Chrome/146.0.7680.177 Mobile Safari/537.36 (compatible; Googlebot/2.1; +http://www.google.com/bot.html)"
66.249.75.160 - - [03/Apr/2026:20:53:34 +0800] "GET /wp-json/contact-form-7/v1/contact-forms/892/feedback/schema HTTP/1.1" 200 678 "https://thegreenscapecollective.com.au/" "Mozilla/5.0 (Linux; Android 6.0.1; Nexus 5X Build/MMB29P) AppleWebKit/537.36 (KHTML, like Gecko) Chrome/146.0.7680.177 Mobile Safari/537.36 (compatible; Googlebot/2.1; +http://www.google.com/bot.html)"
66.249.75.160 - - [03/Apr/2026:20:53:35 +0800] "GET /wp-json/contact-form-7/v1/contact-forms/893/feedback/schema HTTP/1.1" 200 736 "https://thegreenscapecollective.com.au/" "Mozilla/5.0 (Linux; Android 6.0.1; Nexus 5X Build/MMB29P) AppleWebKit/537.36 (KHTML, like Gecko) Chrome/146.0.7680.177 Mobile Safari/537.36 (compatible; Googlebot/2.1; +http://www.google.com/bot.html)"
66.249.75.161 - - [03/Apr/2026:20:53:35 +0800] "GET /wp-json/contact-form-7/v1/contact-forms/889/feedback/schema HTTP/1.1" 200 682 "https://thegreenscapecollective.com.au/" "Mozilla/5.0 (Linux; Android 6.0.1; Nexus 5X Build/MMB29P) AppleWebKit/537.36 (KHTML, like Gecko) Chrome/146.0.7680.177 Mobile Safari/537.36 (compatible; Googlebot/2.1; +http://www.google.com/bot.html)"
103.4.122.14 - - [03/Apr/2026:21:00:43 +0800] "POST /wp-cron.php?doing_wp_cron=1775221242.9611771106719970703125 HTTP/1.1" 200 20 "-" "WordPress/6.9.4; https://thegreenscapecollective.com.au"
51.68.111.202 - - [03/Apr/2026:21:00:42 +0800] "GET /robots.txt HTTP/1.1" 200 140 "-" "Mozilla/5.0 (compatible; MJ12bot/v2.0.5; http://mj12bot.com/)"
51.68.111.202 - - [03/Apr/2026:21:00:43 +0800] "GET / HTTP/1.1" 200 22004 "-" "Mozilla/5.0 (compatible; MJ12bot/v2.0.5; http://mj12bot.com/)"
66.249.75.161 - - [03/Apr/2026:21:01:50 +0800] "GET /wp-content/uploads/2020/12/Syzygium-Australae-Pinnacle-thumb.jpg HTTP/1.1" 304 - "-" "Googlebot-Image/1.0"
103.4.122.14 - - [03/Apr/2026:21:13:06 +0800] "POST /wp-cron.php?doing_wp_cron=1775221986.1929121017456054687500 HTTP/1.1" 200 20 "-" "WordPress/6.9.4; https://thegreenscapecollective.com.au"
57.141.12.55 - - [03/Apr/2026:21:13:04 +0800] "GET /the-6-best-australian-native-plants-for-waterwise-perth-garden-designs/ HTTP/1.1" 200 213415 "-" "meta-webindexer/1.1 (+https://developers.facebook.com/docs/sharing/webmasters/crawler)"
103.4.122.14 - - [03/Apr/2026:21:14:13 +0800] "POST /wp-cron.php?doing_wp_cron=1775222053.8366758823394775390625 HTTP/1.1" 200 20 "-" "WordPress/6.9.4; https://thegreenscapecollective.com.au"
93.158.90.71 - - [03/Apr/2026:21:14:21 +0800] "GET / HTTP/1.1" 200 22000 "https://thegreenscapecollective.com/" "Mozilla/5.0 (Linux; U; Android 13; sk-sk; Xiaomi 11T Pro Build/TKQ1.220829.002) AppleWebKit/537.36 (KHTML, like Gecko) Version/4.0 Chrome/112.0.5615.136 Mobile Safari/537.36 XiaoMi/MiuiBrowser/14.4.0-g"
103.4.122.14 - - [03/Apr/2026:21:19:32 +0800] "POST /wp-cron.php?doing_wp_cron=1775222372.6716830730438232421875 HTTP/1.1" 200 20 "-" "WordPress/6.9.4; https://thegreenscapecollective.com.au"
14.201.131.238 - - [03/Apr/2026:21:21:38 +0800] "GET / HTTP/1.1" 200 22007 "https://www.google.com/" "Mozilla/5.0 (iPad; CPU OS 26_3_1 like Mac OS X) AppleWebKit/605.1.15 (KHTML, like Gecko) CriOS/146.0.7680.151 Mobile/15E148 Safari/604.1"
14.201.131.238 - - [03/Apr/2026:21:21:40 +0800] "GET /wp-content/cache/autoptimize/css/autoptimize_single_a0e61596f3f196c3460ed19f7d818fe7.css?generated=1755196485&ver=1.21.5 HTTP/1.1" 200 3059 "https://thegreenscapecollective.com.au/" "Mozilla/5.0 (iPad; CPU OS 26_3_1 like Mac OS X) AppleWebKit/605.1.15 (KHTML, like Gecko) CriOS/146.0.7680.151 Mobile/15E148 Safari/604.1"
14.201.131.238 - - [03/Apr/2026:21:21:40 +0800] "GET /wp-content/cache/autoptimize/css/autoptimize_2e02926ac66b065cdef3e3d343893e11.css HTTP/1.1" 200 52362 "https://thegreenscapecollective.com.au/" "Mozilla/5.0 (iPad; CPU OS 26_3_1 like Mac OS X) AppleWebKit/605.1.15 (KHTML, like Gecko) CriOS/146.0.7680.151 Mobile/15E148 Safari/604.1"
14.201.131.238 - - [03/Apr/2026:21:21:40 +0800] "GET /wp-content/cache/autoptimize/css/autoptimize_single_c3c5d54ef606327a4025aefb8e32211e.css?ver=1765800085 HTTP/1.1" 200 633 "https://thegreenscapecollective.com.au/" "Mozilla/5.0 (iPad; CPU OS 26_3_1 like Mac OS X) AppleWebKit/605.1.15 (KHTML, like Gecko) CriOS/146.0.7680.151 Mobile/15E148 Safari/604.1"
14.201.131.238 - - [03/Apr/2026:21:21:40 +0800] "GET /wp-includes/css/dashicons.min.css?ver=6.9.4 HTTP/1.1" 200 35721 "https://thegreenscapecollective.com.au/" "Mozilla/5.0 (iPad; CPU OS 26_3_1 like Mac OS X) AppleWebKit/605.1.15 (KHTML, like Gecko) CriOS/146.0.7680.151 Mobile/15E148 Safari/604.1"
14.201.131.238 - - [03/Apr/2026:21:21:40 +0800] "GET /wp-includes/js/jquery/jquery.min.js?ver=3.7.1 HTTP/1.1" 200 30368 "https://thegreenscapecollective.com.au/" "Mozilla/5.0 (iPad; CPU OS 26_3_1 like Mac OS X) AppleWebKit/605.1.15 (KHTML, like Gecko) CriOS/146.0.7680.151 Mobile/15E148 Safari/604.1"
14.201.131.238 - - [03/Apr/2026:21:21:40 +0800] "GET /wp-includes/js/dist/hooks.min.js?ver=dd5603f07f9220ed27f1 HTTP/1.1" 200 1941 "https://thegreenscapecollective.com.au/" "Mozilla/5.0 (iPad; CPU OS 26_3_1 like Mac OS X) AppleWebKit/605.1.15 (KHTML, like Gecko) CriOS/146.0.7680.151 Mobile/15E148 Safari/604.1"
14.201.131.238 - - [03/Apr/2026:21:21:40 +0800] "GET /wp-includes/js/dist/i18n.min.js?ver=c26c3dc7bed366793375 HTTP/1.1" 200 2229 "https://thegreenscapecollective.com.au/" "Mozilla/5.0 (iPad; CPU OS 26_3_1 like Mac OS X) AppleWebKit/605.1.15 (KHTML, like Gecko) CriOS/146.0.7680.151 Mobile/15E148 Safari/604.1"
14.201.131.238 - - [03/Apr/2026:21:21:40 +0800] "GET /wp-includes/js/dist/vendor/wp-polyfill.min.js?ver=3.15.0 HTTP/1.1" 200 11852 "https://thegreenscapecollective.com.au/" "Mozilla/5.0 (iPad; CPU OS 26_3_1 like Mac OS X) AppleWebKit/605.1.15 (KHTML, like Gecko) CriOS/146.0.7680.151 Mobile/15E148 Safari/604.1"
14.201.131.238 - - [03/Apr/2026:21:21:40 +0800] "GET /wp-content/uploads/2020/10/greenscapeaugust-0030.jpg HTTP/1.1" 200 3079857 "https://thegreenscapecollective.com.au/" "Mozilla/5.0 (iPad; CPU OS 26_3_1 like Mac OS X) AppleWebKit/605.1.15 (KHTML, like Gecko) CriOS/146.0.7680.151 Mobile/15E148 Safari/604.1"
14.201.131.238 - - [03/Apr/2026:21:21:40 +0800] "GET /wp-content/cache/autoptimize/js/autoptimize_ab496bd2c807e734c892193f0f86f2bc.js HTTP/1.1" 200 63340 "https://thegreenscapecollective.com.au/" "Mozilla/5.0 (iPad; CPU OS 26_3_1 like Mac OS X) AppleWebKit/605.1.15 (KHTML, like Gecko) CriOS/146.0.7680.151 Mobile/15E148 Safari/604.1"
14.201.131.238 - - [03/Apr/2026:21:21:40 +0800] "GET /wp-content/plugins/autoptimize/classes/external/js/lazysizes.min.js?ao_version=3.1.15 HTTP/1.1" 200 4122 "https://thegreenscapecollective.com.au/" "Mozilla/5.0 (iPad; CPU OS 26_3_1 like Mac OS X) AppleWebKit/605.1.15 (KHTML, like Gecko) CriOS/146.0.7680.151 Mobile/15E148 Safari/604.1"
14.201.131.238 - - [03/Apr/2026:21:21:40 +0800] "GET /wp-content/plugins/lightweight-social-icons/fonts/fontello.woff HTTP/1.1" 200 23328 "https://thegreenscapecollective.com.au/" "Mozilla/5.0 (iPad; CPU OS 26_3_1 like Mac OS X) AppleWebKit/605.1.15 (KHTML, like Gecko) CriOS/146.0.7680.151 Mobile/15E148 Safari/604.1"
14.201.131.238 - - [03/Apr/2026:21:21:40 +0800] "GET /wp-content/uploads/2020/10/right-arrow-green.png HTTP/1.1" 200 2211 "https://thegreenscapecollective.com.au/" "Mozilla/5.0 (iPad; CPU OS 26_3_1 like Mac OS X) AppleWebKit/605.1.15 (KHTML, like Gecko) CriOS/146.0.7680.151 Mobile/15E148 Safari/604.1"
14.201.131.238 - - [03/Apr/2026:21:21:40 +0800] "GET /wp-content/uploads/2020/10/fingerprint.png HTTP/1.1" 200 49629 "https://thegreenscapecollective.com.au/" "Mozilla/5.0 (iPad; CPU OS 26_3_1 like Mac OS X) AppleWebKit/605.1.15 (KHTML, like Gecko) CriOS/146.0.7680.151 Mobile/15E148 Safari/604.1"
14.201.131.238 - - [03/Apr/2026:21:21:40 +0800] "GET /wp-content/uploads/2020/10/the-greenscape-collective.png HTTP/1.1" 200 28488 "https://thegreenscapecollective.com.au/" "Mozilla/5.0 (iPad; CPU OS 26_3_1 like Mac OS X) AppleWebKit/605.1.15 (KHTML, like Gecko) CriOS/146.0.7680.151 Mobile/15E148 Safari/604.1"
14.201.131.238 - - [03/Apr/2026:21:21:40 +0800] "GET /wp-content/uploads/2020/10/cropped-greenscape-favicon-2-192x192.png HTTP/1.1" 200 22570 "-" "Mozilla/5.0 (iPad; CPU OS 26_3_1 like Mac OS X) AppleWebKit/605.1.15 (KHTML, like Gecko) CriOS/146.0.7680.151 Mobile/15E148 Safari/604.1"
14.201.131.238 - - [03/Apr/2026:21:21:40 +0800] "GET /wp-content/uploads/2020/10/cropped-greenscape-favicon-2-180x180.png HTTP/1.1" 200 20841 "-" "Mozilla/5.0 (iPad; CPU OS 26_3_1 like Mac OS X) AppleWebKit/605.1.15 (KHTML, like Gecko) CriOS/146.0.7680.151 Mobile/15E148 Safari/604.1"
14.201.131.238 - - [03/Apr/2026:21:21:40 +0800] "GET /wp-json/contact-form-7/v1/contact-forms/893/feedback/schema HTTP/1.1" 200 736 "https://thegreenscapecollective.com.au/" "Mozilla/5.0 (iPad; CPU OS 26_3_1 like Mac OS X) AppleWebKit/605.1.15 (KHTML, like Gecko) CriOS/146.0.7680.151 Mobile/15E148 Safari/604.1"
14.201.131.238 - - [03/Apr/2026:21:21:40 +0800] "GET /wp-json/contact-form-7/v1/contact-forms/891/feedback/schema HTTP/1.1" 200 736 "https://thegreenscapecollective.com.au/" "Mozilla/5.0 (iPad; CPU OS 26_3_1 like Mac OS X) AppleWebKit/605.1.15 (KHTML, like Gecko) CriOS/146.0.7680.151 Mobile/15E148 Safari/604.1"
14.201.131.238 - - [03/Apr/2026:21:21:40 +0800] "GET /wp-json/contact-form-7/v1/contact-forms/892/feedback/schema HTTP/1.1" 200 678 "https://thegreenscapecollective.com.au/" "Mozilla/5.0 (iPad; CPU OS 26_3_1 like Mac OS X) AppleWebKit/605.1.15 (KHTML, like Gecko) CriOS/146.0.7680.151 Mobile/15E148 Safari/604.1"
14.201.131.238 - - [03/Apr/2026:21:21:40 +0800] "GET /wp-content/cache/autoptimize/js/gutenslider-js.js HTTP/1.1" 410 17830 "https://thegreenscapecollective.com.au/" "Mozilla/5.0 (iPad; CPU OS 26_3_1 like Mac OS X) AppleWebKit/605.1.15 (KHTML, like Gecko) CriOS/146.0.7680.151 Mobile/15E148 Safari/604.1"
14.201.131.238 - - [03/Apr/2026:21:21:41 +0800] "GET /wp-content/uploads/2020/10/consult-thumbnail.jpg HTTP/1.1" 200 81166 "https://thegreenscapecollective.com.au/" "Mozilla/5.0 (iPad; CPU OS 26_3_1 like Mac OS X) AppleWebKit/605.1.15 (KHTML, like Gecko) CriOS/146.0.7680.151 Mobile/15E148 Safari/604.1"
14.201.131.238 - - [03/Apr/2026:21:21:41 +0800] "GET /wp-content/uploads/2020/10/care-thumbnail.jpg HTTP/1.1" 200 106504 "https://thegreenscapecollective.com.au/" "Mozilla/5.0 (iPad; CPU OS 26_3_1 like Mac OS X) AppleWebKit/605.1.15 (KHTML, like Gecko) CriOS/146.0.7680.151 Mobile/15E148 Safari/604.1"
14.201.131.238 - - [03/Apr/2026:21:21:41 +0800] "GET /wp-content/uploads/2020/10/create-thumbnail.jpg HTTP/1.1" 200 67514 "https://thegreenscapecollective.com.au/" "Mozilla/5.0 (iPad; CPU OS 26_3_1 like Mac OS X) AppleWebKit/605.1.15 (KHTML, like Gecko) CriOS/146.0.7680.151 Mobile/15E148 Safari/604.1"
14.201.131.238 - - [03/Apr/2026:21:21:41 +0800] "GET /wp-content/uploads/2020/10/construct-thumbnail.jpg HTTP/1.1" 200 79887 "https://thegreenscapecollective.com.au/" "Mozilla/5.0 (iPad; CPU OS 26_3_1 like Mac OS X) AppleWebKit/605.1.15 (KHTML, like Gecko) CriOS/146.0.7680.151 Mobile/15E148 Safari/604.1"
14.201.131.238 - - [03/Apr/2026:21:21:40 +0800] "GET /wp-json/contact-form-7/v1/contact-forms/889/feedback/schema HTTP/1.1" 200 682 "https://thegreenscapecollective.com.au/" "Mozilla/5.0 (iPad; CPU OS 26_3_1 like Mac OS X) AppleWebKit/605.1.15 (KHTML, like Gecko) CriOS/146.0.7680.151 Mobile/15E148 Safari/604.1"
14.201.131.238 - - [03/Apr/2026:21:21:44 +0800] "GET /wp-content/uploads/2020/10/greenscapeaugust-0073.jpg HTTP/1.1" 200 1415544 "https://thegreenscapecollective.com.au/" "Mozilla/5.0 (iPad; CPU OS 26_3_1 like Mac OS X) AppleWebKit/605.1.15 (KHTML, like Gecko) CriOS/146.0.7680.151 Mobile/15E148 Safari/604.1"
14.201.131.238 - - [03/Apr/2026:21:21:56 +0800] "GET /about/ HTTP/1.1" 200 18747 "https://thegreenscapecollective.com.au/" "Mozilla/5.0 (iPad; CPU OS 26_3_1 like Mac OS X) AppleWebKit/605.1.15 (KHTML, like Gecko) CriOS/146.0.7680.151 Mobile/15E148 Safari/604.1"
14.201.131.238 - - [03/Apr/2026:21:21:57 +0800] "GET /wp-content/cache/autoptimize/js/autoptimize_608318ece1b0c8452f17313c8b437743.js HTTP/1.1" 200 61064 "https://thegreenscapecollective.com.au/about/" "Mozilla/5.0 (iPad; CPU OS 26_3_1 like Mac OS X) AppleWebKit/605.1.15 (KHTML, like Gecko) CriOS/146.0.7680.151 Mobile/15E148 Safari/604.1"
14.201.131.238 - - [03/Apr/2026:21:21:57 +0800] "GET /wp-content/cache/autoptimize/css/autoptimize_single_fe8f181541bb22b337e01d4d0d362cb4.css?ver=1765807811 HTTP/1.1" 200 777 "https://thegreenscapecollective.com.au/about/" "Mozilla/5.0 (iPad; CPU OS 26_3_1 like Mac OS X) AppleWebKit/605.1.15 (KHTML, like Gecko) CriOS/146.0.7680.151 Mobile/15E148 Safari/604.1"
14.201.131.238 - - [03/Apr/2026:21:21:57 +0800] "GET /wp-content/cache/autoptimize/css/autoptimize_96b68dd506dffc123c52aa39a661bd82.css HTTP/1.1" 200 49646 "https://thegreenscapecollective.com.au/about/" "Mozilla/5.0 (iPad; CPU OS 26_3_1 like Mac OS X) AppleWebKit/605.1.15 (KHTML, like Gecko) CriOS/146.0.7680.151 Mobile/15E148 Safari/604.1"
14.201.131.238 - - [03/Apr/2026:21:21:58 +0800] "GET /wp-content/uploads/2020/10/about.jpg HTTP/1.1" 200 595897 "https://thegreenscapecollective.com.au/about/" "Mozilla/5.0 (iPad; CPU OS 26_3_1 like Mac OS X) AppleWebKit/605.1.15 (KHTML, like Gecko) CriOS/146.0.7680.151 Mobile/15E148 Safari/604.1"
14.201.131.238 - - [03/Apr/2026:21:21:58 +0800] "GET /wp-json/contact-form-7/v1/contact-forms/893/feedback/schema HTTP/1.1" 200 736 "https://thegreenscapecollective.com.au/about/" "Mozilla/5.0 (iPad; CPU OS 26_3_1 like Mac OS X) AppleWebKit/605.1.15 (KHTML, like Gecko) CriOS/146.0.7680.151 Mobile/15E148 Safari/604.1"
14.201.131.238 - - [03/Apr/2026:21:21:58 +0800] "GET /wp-json/contact-form-7/v1/contact-forms/892/feedback/schema HTTP/1.1" 200 678 "https://thegreenscapecollective.com.au/about/" "Mozilla/5.0 (iPad; CPU OS 26_3_1 like Mac OS X) AppleWebKit/605.1.15 (KHTML, like Gecko) CriOS/146.0.7680.151 Mobile/15E148 Safari/604.1"
14.201.131.238 - - [03/Apr/2026:21:21:58 +0800] "GET /wp-json/contact-form-7/v1/contact-forms/889/feedback/schema HTTP/1.1" 200 682 "https://thegreenscapecollective.com.au/about/" "Mozilla/5.0 (iPad; CPU OS 26_3_1 like Mac OS X) AppleWebKit/605.1.15 (KHTML, like Gecko) CriOS/146.0.7680.151 Mobile/15E148 Safari/604.1"
14.201.131.238 - - [03/Apr/2026:21:21:59 +0800] "GET /wp-content/uploads/2020/10/group-profile-users.png HTTP/1.1" 200 6001 "https://thegreenscapecollective.com.au/about/" "Mozilla/5.0 (iPad; CPU OS 26_3_1 like Mac OS X) AppleWebKit/605.1.15 (KHTML, like Gecko) CriOS/146.0.7680.151 Mobile/15E148 Safari/604.1"
14.201.131.238 - - [03/Apr/2026:21:21:59 +0800] "GET /wp-content/uploads/2020/10/piggy-bank.png HTTP/1.1" 200 5931 "https://thegreenscapecollective.com.au/about/" "Mozilla/5.0 (iPad; CPU OS 26_3_1 like Mac OS X) AppleWebKit/605.1.15 (KHTML, like Gecko) CriOS/146.0.7680.151 Mobile/15E148 Safari/604.1"
14.201.131.238 - - [03/Apr/2026:21:21:59 +0800] "GET /wp-content/uploads/2020/10/notepad.png HTTP/1.1" 200 4350 "https://thegreenscapecollective.com.au/about/" "Mozilla/5.0 (iPad; CPU OS 26_3_1 like Mac OS X) AppleWebKit/605.1.15 (KHTML, like Gecko) CriOS/146.0.7680.151 Mobile/15E148 Safari/604.1"
14.201.131.238 - - [03/Apr/2026:21:21:58 +0800] "GET /wp-json/contact-form-7/v1/contact-forms/891/feedback/schema HTTP/1.1" 200 736 "https://thegreenscapecollective.com.au/about/" "Mozilla/5.0 (iPad; CPU OS 26_3_1 like Mac OS X) AppleWebKit/605.1.15 (KHTML, like Gecko) CriOS/146.0.7680.151 Mobile/15E148 Safari/604.1"
14.201.131.238 - - [03/Apr/2026:21:21:59 +0800] "GET /wp-content/uploads/2020/10/thumbs-up-hand-symbol.png HTTP/1.1" 200 3653 "https://thegreenscapecollective.com.au/about/" "Mozilla/5.0 (iPad; CPU OS 26_3_1 like Mac OS X) AppleWebKit/605.1.15 (KHTML, like Gecko) CriOS/146.0.7680.151 Mobile/15E148 Safari/604.1"
14.201.131.238 - - [03/Apr/2026:21:22:08 +0800] "GET /wp-content/uploads/2020/10/get-to-know-each-other.jpg HTTP/1.1" 200 43739 "https://thegreenscapecollective.com.au/about/" "Mozilla/5.0 (iPad; CPU OS 26_3_1 like Mac OS X) AppleWebKit/605.1.15 (KHTML, like Gecko) CriOS/146.0.7680.151 Mobile/15E148 Safari/604.1"
14.201.131.238 - - [03/Apr/2026:21:22:15 +0800] "GET /wp-content/uploads/2020/10/create-beautiful-gardens.jpg HTTP/1.1" 200 49808 "https://thegreenscapecollective.com.au/about/" "Mozilla/5.0 (iPad; CPU OS 26_3_1 like Mac OS X) AppleWebKit/605.1.15 (KHTML, like Gecko) CriOS/146.0.7680.151 Mobile/15E148 Safari/604.1"
14.201.131.238 - - [03/Apr/2026:21:22:16 +0800] "GET /wp-content/uploads/2020/10/bring-your-dream-garden-to-life.jpg HTTP/1.1" 200 48247 "https://thegreenscapecollective.com.au/about/" "Mozilla/5.0 (iPad; CPU OS 26_3_1 like Mac OS X) AppleWebKit/605.1.15 (KHTML, like Gecko) CriOS/146.0.7680.151 Mobile/15E148 Safari/604.1"
14.201.131.238 - - [03/Apr/2026:21:22:17 +0800] "GET /wp-content/uploads/2020/10/let-you-relax-and-unwind.jpg HTTP/1.1" 200 31009 "https://thegreenscapecollective.com.au/about/" "Mozilla/5.0 (iPad; CPU OS 26_3_1 like Mac OS X) AppleWebKit/605.1.15 (KHTML, like Gecko) CriOS/146.0.7680.151 Mobile/15E148 Safari/604.1"
14.201.131.238 - - [03/Apr/2026:21:22:26 +0800] "GET /wp-json/pum/v1/analytics/?event=open&pid=895&_cache=1775222546171 HTTP/1.1" 204 - "https://thegreenscapecollective.com.au/about/" "Mozilla/5.0 (iPad; CPU OS 26_3_1 like Mac OS X) AppleWebKit/605.1.15 (KHTML, like Gecko) CriOS/146.0.7680.151 Mobile/15E148 Safari/604.1"
14.201.131.238 - - [03/Apr/2026:21:22:38 +0800] "GET /wp-json/pum/v1/analytics/?event=open&pid=900&_cache=1775222558210 HTTP/1.1" 204 - "https://thegreenscapecollective.com.au/about/" "Mozilla/5.0 (iPad; CPU OS 26_3_1 like Mac OS X) AppleWebKit/605.1.15 (KHTML, like Gecko) CriOS/146.0.7680.151 Mobile/15E148 Safari/604.1"
14.201.131.238 - - [03/Apr/2026:21:22:45 +0800] "GET /wp-json/pum/v1/analytics/?event=open&pid=902&_cache=1775222565047 HTTP/1.1" 204 - "https://thegreenscapecollective.com.au/about/" "Mozilla/5.0 (iPad; CPU OS 26_3_1 like Mac OS X) AppleWebKit/605.1.15 (KHTML, like Gecko) CriOS/146.0.7680.151 Mobile/15E148 Safari/604.1"
103.4.122.14 - - [03/Apr/2026:21:22:57 +0800] "POST /wp-cron.php?doing_wp_cron=1775222577.0554509162902832031250 HTTP/1.1" 200 20 "-" "WordPress/6.9.4; https://thegreenscapecollective.com.au"
14.201.131.238 - - [03/Apr/2026:21:22:55 +0800] "GET /services/ HTTP/1.1" 200 17125 "https://thegreenscapecollective.com.au/about/" "Mozilla/5.0 (iPad; CPU OS 26_3_1 like Mac OS X) AppleWebKit/605.1.15 (KHTML, like Gecko) CriOS/146.0.7680.151 Mobile/15E148 Safari/604.1"
14.201.131.238 - - [03/Apr/2026:21:22:57 +0800] "GET /wp-content/cache/autoptimize/css/autoptimize_single_47f0c8d854c3e49ec699a5c4ff4b6b69.css?ver=1765831749 HTTP/1.1" 200 641 "https://thegreenscapecollective.com.au/services/" "Mozilla/5.0 (iPad; CPU OS 26_3_1 like Mac OS X) AppleWebKit/605.1.15 (KHTML, like Gecko) CriOS/146.0.7680.151 Mobile/15E148 Safari/604.1"
14.201.131.238 - - [03/Apr/2026:21:22:57 +0800] "GET /wp-content/cache/autoptimize/css/autoptimize_097dea125fa5174069b601e3d5938f73.css HTTP/1.1" 200 49632 "https://thegreenscapecollective.com.au/services/" "Mozilla/5.0 (iPad; CPU OS 26_3_1 like Mac OS X) AppleWebKit/605.1.15 (KHTML, like Gecko) CriOS/146.0.7680.151 Mobile/15E148 Safari/604.1"
14.201.131.238 - - [03/Apr/2026:21:22:57 +0800] "GET /wp-content/uploads/2020/10/services.jpg HTTP/1.1" 200 236329 "https://thegreenscapecollective.com.au/services/" "Mozilla/5.0 (iPad; CPU OS 26_3_1 like Mac OS X) AppleWebKit/605.1.15 (KHTML, like Gecko) CriOS/146.0.7680.151 Mobile/15E148 Safari/604.1"
14.201.131.238 - - [03/Apr/2026:21:22:57 +0800] "GET /wp-json/contact-form-7/v1/contact-forms/893/feedback/schema HTTP/1.1" 200 736 "https://thegreenscapecollective.com.au/services/" "Mozilla/5.0 (iPad; CPU OS 26_3_1 like Mac OS X) AppleWebKit/605.1.15 (KHTML, like Gecko) CriOS/146.0.7680.151 Mobile/15E148 Safari/604.1"
14.201.131.238 - - [03/Apr/2026:21:22:57 +0800] "GET /wp-json/contact-form-7/v1/contact-forms/892/feedback/schema HTTP/1.1" 200 678 "https://thegreenscapecollective.com.au/services/" "Mozilla/5.0 (iPad; CPU OS 26_3_1 like Mac OS X) AppleWebKit/605.1.15 (KHTML, like Gecko) CriOS/146.0.7680.151 Mobile/15E148 Safari/604.1"
14.201.131.238 - - [03/Apr/2026:21:22:57 +0800] "GET /wp-json/contact-form-7/v1/contact-forms/891/feedback/schema HTTP/1.1" 200 736 "https://thegreenscapecollective.com.au/services/" "Mozilla/5.0 (iPad; CPU OS 26_3_1 like Mac OS X) AppleWebKit/605.1.15 (KHTML, like Gecko) CriOS/146.0.7680.151 Mobile/15E148 Safari/604.1"
14.201.131.238 - - [03/Apr/2026:21:22:57 +0800] "GET /wp-json/contact-form-7/v1/contact-forms/889/feedback/schema HTTP/1.1" 200 682 "https://thegreenscapecollective.com.au/services/" "Mozilla/5.0 (iPad; CPU OS 26_3_1 like Mac OS X) AppleWebKit/605.1.15 (KHTML, like Gecko) CriOS/146.0.7680.151 Mobile/15E148 Safari/604.1"
14.201.131.238 - - [03/Apr/2026:21:22:58 +0800] "GET /contact/ HTTP/1.1" 200 16202 "https://thegreenscapecollective.com.au/services/" "Mozilla/5.0 (iPad; CPU OS 26_3_1 like Mac OS X) AppleWebKit/605.1.15 (KHTML, like Gecko) CriOS/146.0.7680.151 Mobile/15E148 Safari/604.1"
14.201.131.238 - - [03/Apr/2026:21:22:59 +0800] "GET /wp-content/cache/autoptimize/css/autoptimize_3d9422e908e46f207bed651ebb88557c.css HTTP/1.1" 200 49012 "https://thegreenscapecollective.com.au/contact/" "Mozilla/5.0 (iPad; CPU OS 26_3_1 like Mac OS X) AppleWebKit/605.1.15 (KHTML, like Gecko) CriOS/146.0.7680.151 Mobile/15E148 Safari/604.1"
14.201.131.238 - - [03/Apr/2026:21:22:59 +0800] "GET /wp-content/cache/autoptimize/css/autoptimize_single_ddc831ce512729069ba9c17caf264e70.css?ver=1765809073 HTTP/1.1" 200 559 "https://thegreenscapecollective.com.au/contact/" "Mozilla/5.0 (iPad; CPU OS 26_3_1 like Mac OS X) AppleWebKit/605.1.15 (KHTML, like Gecko) CriOS/146.0.7680.151 Mobile/15E148 Safari/604.1"
14.201.131.238 - - [03/Apr/2026:21:22:59 +0800] "GET /wp-content/uploads/2020/10/contact.jpg HTTP/1.1" 200 325164 "https://thegreenscapecollective.com.au/contact/" "Mozilla/5.0 (iPad; CPU OS 26_3_1 like Mac OS X) AppleWebKit/605.1.15 (KHTML, like Gecko) CriOS/146.0.7680.151 Mobile/15E148 Safari/604.1"
14.201.131.238 - - [03/Apr/2026:21:22:59 +0800] "GET /wp-json/contact-form-7/v1/contact-forms/904/feedback/schema HTTP/1.1" 200 553 "https://thegreenscapecollective.com.au/contact/" "Mozilla/5.0 (iPad; CPU OS 26_3_1 like Mac OS X) AppleWebKit/605.1.15 (KHTML, like Gecko) CriOS/146.0.7680.151 Mobile/15E148 Safari/604.1"
14.201.131.238 - - [03/Apr/2026:21:22:59 +0800] "GET /wp-json/contact-form-7/v1/contact-forms/892/feedback/schema HTTP/1.1" 200 678 "https://thegreenscapecollective.com.au/contact/" "Mozilla/5.0 (iPad; CPU OS 26_3_1 like Mac OS X) AppleWebKit/605.1.15 (KHTML, like Gecko) CriOS/146.0.7680.151 Mobile/15E148 Safari/604.1"
14.201.131.238 - - [03/Apr/2026:21:22:59 +0800] "GET /wp-json/contact-form-7/v1/contact-forms/889/feedback/schema HTTP/1.1" 200 682 "https://thegreenscapecollective.com.au/contact/" "Mozilla/5.0 (iPad; CPU OS 26_3_1 like Mac OS X) AppleWebKit/605.1.15 (KHTML, like Gecko) CriOS/146.0.7680.151 Mobile/15E148 Safari/604.1"
14.201.131.238 - - [03/Apr/2026:21:22:59 +0800] "GET /wp-json/contact-form-7/v1/contact-forms/891/feedback/schema HTTP/1.1" 200 736 "https://thegreenscapecollective.com.au/contact/" "Mozilla/5.0 (iPad; CPU OS 26_3_1 like Mac OS X) AppleWebKit/605.1.15 (KHTML, like Gecko) CriOS/146.0.7680.151 Mobile/15E148 Safari/604.1"
14.201.131.238 - - [03/Apr/2026:21:22:59 +0800] "GET /wp-json/contact-form-7/v1/contact-forms/893/feedback/schema HTTP/1.1" 200 736 "https://thegreenscapecollective.com.au/contact/" "Mozilla/5.0 (iPad; CPU OS 26_3_1 like Mac OS X) AppleWebKit/605.1.15 (KHTML, like Gecko) CriOS/146.0.7680.151 Mobile/15E148 Safari/604.1"
51.68.247.211 - - [03/Apr/2026:21:27:36 +0800] "GET /services/residential-and-strata-garden-maintenance/ HTTP/1.1" 200 17206 "-" "Mozilla/5.0 (compatible; AhrefsBot/7.0; +http://ahrefs.com/robot/)"
103.4.122.14 - - [03/Apr/2026:21:33:32 +0800] "POST /wp-cron.php?doing_wp_cron=1775223211.3425219058990478515625 HTTP/1.1" 200 20 "-" "WordPress/6.9.4; https://thegreenscapecollective.com.au"
103.4.122.14 - - [03/Apr/2026:21:37:54 +0800] "POST /wp-cron.php?doing_wp_cron=1775223474.5997440814971923828125 HTTP/1.1" 200 20 "-" "WordPress/6.9.4; https://thegreenscapecollective.com.au"
18.215.219.36 - - [03/Apr/2026:21:37:53 +0800] "GET /robots.txt HTTP/1.1" 301 20 "-" "Mozilla/5.0 (Macintosh; Intel Mac OS X 10_10_1) AppleWebKit/600.2.5 (KHTML, like Gecko) Version/8.0.2 Safari/600.2.5 (Gort)"
