98.84.64.180 - - [03/Apr/2026:21:37:55 +0800] "GET /robots.txt HTTP/1.1" 200 140 "-" "Mozilla/5.0 (Macintosh; Intel Mac OS X 10_10_1) AppleWebKit/600.2.5 (KHTML, like Gecko) Version/8.0.2 Safari/600.2.5 (Gort)"
139.218.126.238 - - [03/Apr/2026:21:39:37 +0800] "GET /wp-content/uploads/2020/12/Common-Everlasting.jpg HTTP/1.1" 200 97949 "https://www.google.com/" "Mozilla/5.0 (iPhone; CPU iPhone OS 18_7 like Mac OS X) AppleWebKit/605.1.15 (KHTML, like Gecko) Version/26.3 Mobile/15E148 Safari/604.1"
173.252.95.9 - - [03/Apr/2026:21:41:50 +0800] "GET /robots.txt HTTP/1.1" 301 - "-" "facebookexternalhit/1.1 (+http://www.facebook.com/externalhit_uatext.php)"
124.158.99.12 - - [03/Apr/2026:21:44:14 +0800] "GET /wp-json/contact-form-7/v1/contact-forms/891/feedback/schema HTTP/1.1" 200 736 "https://thegreenscapecollective.com.au/the-6-best-australian-native-plants-for-waterwise-perth-garden-designs/" "Mozilla/5.0 (iPhone; CPU iPhone OS 18_7 like Mac OS X) AppleWebKit/605.1.15 (KHTML, like Gecko) Version/26.3 Mobile/15E148 Safari/604.1"
124.158.99.12 - - [03/Apr/2026:21:44:14 +0800] "GET /wp-json/contact-form-7/v1/contact-forms/892/feedback/schema HTTP/1.1" 200 678 "https://thegreenscapecollective.com.au/the-6-best-australian-native-plants-for-waterwise-perth-garden-designs/" "Mozilla/5.0 (iPhone; CPU iPhone OS 18_7 like Mac OS X) AppleWebKit/605.1.15 (KHTML, like Gecko) Version/26.3 Mobile/15E148 Safari/604.1"
103.4.122.14 - - [03/Apr/2026:21:44:15 +0800] "POST /wp-cron.php?doing_wp_cron=1775223854.8744640350341796875000 HTTP/1.1" 200 20 "-" "WordPress/6.9.4; https://thegreenscapecollective.com.au"
124.158.99.12 - - [03/Apr/2026:21:44:13 +0800] "GET /wp-json/contact-form-7/v1/contact-forms/893/feedback/schema HTTP/1.1" 200 736 "https://thegreenscapecollective.com.au/the-6-best-australian-native-plants-for-waterwise-perth-garden-designs/" "Mozilla/5.0 (iPhone; CPU iPhone OS 18_7 like Mac OS X) AppleWebKit/605.1.15 (KHTML, like Gecko) Version/26.3 Mobile/15E148 Safari/604.1"
124.158.99.12 - - [03/Apr/2026:21:44:15 +0800] "GET /wp-content/uploads/2020/12/Coastal-Wattle-thumb.jpg HTTP/1.1" 200 16254 "https://thegreenscapecollective.com.au/the-6-best-australian-native-plants-for-waterwise-perth-garden-designs/" "Mozilla/5.0 (iPhone; CPU iPhone OS 18_7 like Mac OS X) AppleWebKit/605.1.15 (KHTML, like Gecko) Version/26.3 Mobile/15E148 Safari/604.1"
124.158.99.12 - - [03/Apr/2026:21:44:14 +0800] "GET /wp-json/contact-form-7/v1/contact-forms/889/feedback/schema HTTP/1.1" 200 682 "https://thegreenscapecollective.com.au/the-6-best-australian-native-plants-for-waterwise-perth-garden-designs/" "Mozilla/5.0 (iPhone; CPU iPhone OS 18_7 like Mac OS X) AppleWebKit/605.1.15 (KHTML, like Gecko) Version/26.3 Mobile/15E148 Safari/604.1"
200.75.179.9 - - [03/Apr/2026:21:44:55 +0800] "GET /category/garden-care/ HTTP/1.1" 200 17105 "-" "Mozilla/5.0 (Windows NT 6.1) AppleWebKit/537.36 (KHTML, like Gecko) Chrome/75.0.3770.100 ADG/11.0.2510 AOLBUILD/11.0.2510 Safari/537.36"
103.4.122.14 - - [03/Apr/2026:21:53:45 +0800] "POST /wp-cron.php?doing_wp_cron=1775224425.6522951126098632812500 HTTP/1.1" 200 20 "-" "WordPress/6.9.4; https://thegreenscapecollective.com.au"
149.224.50.122 - - [03/Apr/2026:21:53:44 +0800] "GET /robots.txt HTTP/1.1" 200 188 "-" "Mozilla/5.0 (compatible; MJ12bot/v1.4.8; http://mj12bot.com/)"
149.224.50.122 - - [03/Apr/2026:21:53:47 +0800] "GET /auto%20slot.aspx HTTP/1.1" 404 15203 "-" "Mozilla/5.0 (compatible; MJ12bot/v1.4.8; http://mj12bot.com/)"
149.224.50.122 - - [03/Apr/2026:21:53:50 +0800] "GET /betflik%20casino.aspx HTTP/1.1" 404 15209 "-" "Mozilla/5.0 (compatible; MJ12bot/v1.4.8; http://mj12bot.com/)"
149.224.50.122 - - [03/Apr/2026:21:53:53 +0800] "GET /betflik%20co.aspx HTTP/1.1" 404 15206 "-" "Mozilla/5.0 (compatible; MJ12bot/v1.4.8; http://mj12bot.com/)"
149.224.50.122 - - [03/Apr/2026:21:53:56 +0800] "GET /betflik%20dc.aspx HTTP/1.1" 404 15206 "-" "Mozilla/5.0 (compatible; MJ12bot/v1.4.8; http://mj12bot.com/)"
149.224.50.122 - - [03/Apr/2026:21:53:59 +0800] "GET /betflik%20original.aspx HTTP/1.1" 404 15208 "-" "Mozilla/5.0 (compatible; MJ12bot/v1.4.8; http://mj12bot.com/)"
149.224.50.122 - - [03/Apr/2026:21:54:01 +0800] "GET /betflik%20slot.aspx HTTP/1.1" 404 15207 "-" "Mozilla/5.0 (compatible; MJ12bot/v1.4.8; http://mj12bot.com/)"
103.4.122.14 - - [03/Apr/2026:21:57:51 +0800] "POST /wp-cron.php?doing_wp_cron=1775224670.8916559219360351562500 HTTP/1.1" 200 20 "-" "WordPress/6.9.4; https://thegreenscapecollective.com.au"
101.115.83.132 - - [03/Apr/2026:21:57:49 +0800] "GET /the-6-best-australian-native-plants-for-waterwise-perth-garden-designs/ HTTP/1.1" 200 26955 "-" "Mozilla/5.0 (iPhone; CPU iPhone OS 18_7 like Mac OS X) AppleWebKit/605.1.15 (KHTML, like Gecko) Version/26.3 Mobile/15E148 Safari/604.1"
101.115.83.132 - - [03/Apr/2026:21:57:51 +0800] "GET /wp-content/cache/autoptimize/css/autoptimize_b2d70d75074c3f6f710cac67f62d68e7.css HTTP/1.1" 200 51526 "https://thegreenscapecollective.com.au/the-6-best-australian-native-plants-for-waterwise-perth-garden-designs/" "Mozilla/5.0 (iPhone; CPU iPhone OS 18_7 like Mac OS X) AppleWebKit/605.1.15 (KHTML, like Gecko) Version/26.3 Mobile/15E148 Safari/604.1"
101.115.83.132 - - [03/Apr/2026:21:57:51 +0800] "GET /wp-content/plugins/autoptimize/classes/external/js/lazysizes.min.js?ao_version=3.1.15 HTTP/1.1" 200 4122 "https://thegreenscapecollective.com.au/the-6-best-australian-native-plants-for-waterwise-perth-garden-designs/" "Mozilla/5.0 (iPhone; CPU iPhone OS 18_7 like Mac OS X) AppleWebKit/605.1.15 (KHTML, like Gecko) Version/26.3 Mobile/15E148 Safari/604.1"
101.115.83.132 - - [03/Apr/2026:21:57:51 +0800] "GET /wp-includes/js/dist/hooks.min.js?ver=dd5603f07f9220ed27f1 HTTP/1.1" 200 1941 "https://thegreenscapecollective.com.au/the-6-best-australian-native-plants-for-waterwise-perth-garden-designs/" "Mozilla/5.0 (iPhone; CPU iPhone OS 18_7 like Mac OS X) AppleWebKit/605.1.15 (KHTML, like Gecko) Version/26.3 Mobile/15E148 Safari/604.1"
101.115.83.132 - - [03/Apr/2026:21:57:51 +0800] "GET /wp-includes/js/dist/i18n.min.js?ver=c26c3dc7bed366793375 HTTP/1.1" 200 2229 "https://thegreenscapecollective.com.au/the-6-best-australian-native-plants-for-waterwise-perth-garden-designs/" "Mozilla/5.0 (iPhone; CPU iPhone OS 18_7 like Mac OS X) AppleWebKit/605.1.15 (KHTML, like Gecko) Version/26.3 Mobile/15E148 Safari/604.1"
101.115.83.132 - - [03/Apr/2026:21:57:51 +0800] "GET /wp-content/cache/autoptimize/css/autoptimize_single_a0e61596f3f196c3460ed19f7d818fe7.css?generated=1755196485&ver=1.21.5 HTTP/1.1" 200 3059 "https://thegreenscapecollective.com.au/the-6-best-australian-native-plants-for-waterwise-perth-garden-designs/" "Mozilla/5.0 (iPhone; CPU iPhone OS 18_7 like Mac OS X) AppleWebKit/605.1.15 (KHTML, like Gecko) Version/26.3 Mobile/15E148 Safari/604.1"
101.115.83.132 - - [03/Apr/2026:21:57:51 +0800] "GET /wp-includes/css/dashicons.min.css?ver=6.9.4 HTTP/1.1" 200 35721 "https://thegreenscapecollective.com.au/the-6-best-australian-native-plants-for-waterwise-perth-garden-designs/" "Mozilla/5.0 (iPhone; CPU iPhone OS 18_7 like Mac OS X) AppleWebKit/605.1.15 (KHTML, like Gecko) Version/26.3 Mobile/15E148 Safari/604.1"
101.115.83.132 - - [03/Apr/2026:21:57:51 +0800] "GET /wp-includes/js/jquery/jquery.min.js?ver=3.7.1 HTTP/1.1" 200 30368 "https://thegreenscapecollective.com.au/the-6-best-australian-native-plants-for-waterwise-perth-garden-designs/" "Mozilla/5.0 (iPhone; CPU iPhone OS 18_7 like Mac OS X) AppleWebKit/605.1.15 (KHTML, like Gecko) Version/26.3 Mobile/15E148 Safari/604.1"
101.115.83.132 - - [03/Apr/2026:21:57:51 +0800] "GET /wp-content/uploads/2020/12/Toothbrush-Grevillea.jpg HTTP/1.1" 200 152987 "https://thegreenscapecollective.com.au/the-6-best-australian-native-plants-for-waterwise-perth-garden-designs/" "Mozilla/5.0 (iPhone; CPU iPhone OS 18_7 like Mac OS X) AppleWebKit/605.1.15 (KHTML, like Gecko) Version/26.3 Mobile/15E148 Safari/604.1"
101.115.83.132 - - [03/Apr/2026:21:57:51 +0800] "GET /wp-includes/js/dist/vendor/wp-polyfill.min.js?ver=3.15.0 HTTP/1.1" 200 11852 "https://thegreenscapecollective.com.au/the-6-best-australian-native-plants-for-waterwise-perth-garden-designs/" "Mozilla/5.0 (iPhone; CPU iPhone OS 18_7 like Mac OS X) AppleWebKit/605.1.15 (KHTML, like Gecko) Version/26.3 Mobile/15E148 Safari/604.1"
101.115.83.132 - - [03/Apr/2026:21:57:51 +0800] "GET /wp-content/cache/autoptimize/js/autoptimize_608318ece1b0c8452f17313c8b437743.js HTTP/1.1" 200 61064 "https://thegreenscapecollective.com.au/the-6-best-australian-native-plants-for-waterwise-perth-garden-designs/" "Mozilla/5.0 (iPhone; CPU iPhone OS 18_7 like Mac OS X) AppleWebKit/605.1.15 (KHTML, like Gecko) Version/26.3 Mobile/15E148 Safari/604.1"
101.115.83.132 - - [03/Apr/2026:21:57:51 +0800] "GET /wp-content/plugins/lightweight-social-icons/fonts/fontello.woff HTTP/1.1" 200 23328 "https://thegreenscapecollective.com.au/the-6-best-australian-native-plants-for-waterwise-perth-garden-designs/" "Mozilla/5.0 (iPhone; CPU iPhone OS 18_7 like Mac OS X) AppleWebKit/605.1.15 (KHTML, like Gecko) Version/26.3 Mobile/15E148 Safari/604.1"
101.115.83.132 - - [03/Apr/2026:21:57:51 +0800] "GET /wp-content/uploads/2020/10/fingerprint.png HTTP/1.1" 200 49629 "https://thegreenscapecollective.com.au/the-6-best-australian-native-plants-for-waterwise-perth-garden-designs/" "Mozilla/5.0 (iPhone; CPU iPhone OS 18_7 like Mac OS X) AppleWebKit/605.1.15 (KHTML, like Gecko) Version/26.3 Mobile/15E148 Safari/604.1"
101.115.83.132 - - [03/Apr/2026:21:57:52 +0800] "GET /wp-content/uploads/2020/10/the-greenscape-collective.png HTTP/1.1" 200 28488 "https://thegreenscapecollective.com.au/the-6-best-australian-native-plants-for-waterwise-perth-garden-designs/" "Mozilla/5.0 (iPhone; CPU iPhone OS 18_7 like Mac OS X) AppleWebKit/605.1.15 (KHTML, like Gecko) Version/26.3 Mobile/15E148 Safari/604.1"
101.115.83.132 - - [03/Apr/2026:21:57:52 +0800] "GET /wp-json/contact-form-7/v1/contact-forms/889/feedback/schema HTTP/1.1" 200 682 "https://thegreenscapecollective.com.au/the-6-best-australian-native-plants-for-waterwise-perth-garden-designs/" "Mozilla/5.0 (iPhone; CPU iPhone OS 18_7 like Mac OS X) AppleWebKit/605.1.15 (KHTML, like Gecko) Version/26.3 Mobile/15E148 Safari/604.1"
101.115.83.132 - - [03/Apr/2026:21:57:52 +0800] "GET /wp-json/contact-form-7/v1/contact-forms/893/feedback/schema HTTP/1.1" 200 736 "https://thegreenscapecollective.com.au/the-6-best-australian-native-plants-for-waterwise-perth-garden-designs/" "Mozilla/5.0 (iPhone; CPU iPhone OS 18_7 like Mac OS X) AppleWebKit/605.1.15 (KHTML, like Gecko) Version/26.3 Mobile/15E148 Safari/604.1"
101.115.83.132 - - [03/Apr/2026:21:57:52 +0800] "GET /wp-json/contact-form-7/v1/contact-forms/891/feedback/schema HTTP/1.1" 200 736 "https://thegreenscapecollective.com.au/the-6-best-australian-native-plants-for-waterwise-perth-garden-designs/" "Mozilla/5.0 (iPhone; CPU iPhone OS 18_7 like Mac OS X) AppleWebKit/605.1.15 (KHTML, like Gecko) Version/26.3 Mobile/15E148 Safari/604.1"
101.115.83.132 - - [03/Apr/2026:21:57:52 +0800] "GET /wp-json/contact-form-7/v1/contact-forms/892/feedback/schema HTTP/1.1" 200 678 "https://thegreenscapecollective.com.au/the-6-best-australian-native-plants-for-waterwise-perth-garden-designs/" "Mozilla/5.0 (iPhone; CPU iPhone OS 18_7 like Mac OS X) AppleWebKit/605.1.15 (KHTML, like Gecko) Version/26.3 Mobile/15E148 Safari/604.1"
101.115.83.132 - - [03/Apr/2026:21:57:53 +0800] "GET /wp-content/uploads/2020/12/Common-Everlasting.jpg HTTP/1.1" 200 97949 "https://thegreenscapecollective.com.au/the-6-best-australian-native-plants-for-waterwise-perth-garden-designs/" "Mozilla/5.0 (iPhone; CPU iPhone OS 18_7 like Mac OS X) AppleWebKit/605.1.15 (KHTML, like Gecko) Version/26.3 Mobile/15E148 Safari/604.1"
101.115.83.132 - - [03/Apr/2026:21:57:53 +0800] "GET /wp-content/uploads/2020/12/Native-Fuchsia.jpg HTTP/1.1" 200 59054 "https://thegreenscapecollective.com.au/the-6-best-australian-native-plants-for-waterwise-perth-garden-designs/" "Mozilla/5.0 (iPhone; CPU iPhone OS 18_7 like Mac OS X) AppleWebKit/605.1.15 (KHTML, like Gecko) Version/26.3 Mobile/15E148 Safari/604.1"
101.115.83.132 - - [03/Apr/2026:21:57:55 +0800] "GET /wp-content/uploads/2020/12/Coastal-Wattle-thumb.jpg HTTP/1.1" 200 16254 "https://thegreenscapecollective.com.au/the-6-best-australian-native-plants-for-waterwise-perth-garden-designs/" "Mozilla/5.0 (iPhone; CPU iPhone OS 18_7 like Mac OS X) AppleWebKit/605.1.15 (KHTML, like Gecko) Version/26.3 Mobile/15E148 Safari/604.1"
101.115.83.132 - - [03/Apr/2026:21:57:58 +0800] "GET /wp-content/uploads/2020/12/Toothbrush-Grevillea-thumb.jpg HTTP/1.1" 200 14557 "https://thegreenscapecollective.com.au/the-6-best-australian-native-plants-for-waterwise-perth-garden-designs/" "Mozilla/5.0 (iPhone; CPU iPhone OS 18_7 like Mac OS X) AppleWebKit/605.1.15 (KHTML, like Gecko) Version/26.3 Mobile/15E148 Safari/604.1"
101.115.83.132 - - [03/Apr/2026:21:58:02 +0800] "GET /wp-content/uploads/2020/12/Common-Everlasting-thumb.jpg HTTP/1.1" 200 15068 "https://thegreenscapecollective.com.au/the-6-best-australian-native-plants-for-waterwise-perth-garden-designs/" "Mozilla/5.0 (iPhone; CPU iPhone OS 18_7 like Mac OS X) AppleWebKit/605.1.15 (KHTML, like Gecko) Version/26.3 Mobile/15E148 Safari/604.1"
101.115.83.132 - - [03/Apr/2026:21:58:03 +0800] "GET /wp-content/uploads/2020/12/Callistemon-Kings-Park-Special-thumb.jpg HTTP/1.1" 200 11760 "https://thegreenscapecollective.com.au/the-6-best-australian-native-plants-for-waterwise-perth-garden-designs/" "Mozilla/5.0 (iPhone; CPU iPhone OS 18_7 like Mac OS X) AppleWebKit/605.1.15 (KHTML, like Gecko) Version/26.3 Mobile/15E148 Safari/604.1"
101.115.83.132 - - [03/Apr/2026:21:58:09 +0800] "GET /wp-content/uploads/2020/12/NSW-Christmas-Bush-thumb.jpg HTTP/1.1" 200 14041 "https://thegreenscapecollective.com.au/the-6-best-australian-native-plants-for-waterwise-perth-garden-designs/" "Mozilla/5.0 (iPhone; CPU iPhone OS 18_7 like Mac OS X) AppleWebKit/605.1.15 (KHTML, like Gecko) Version/26.3 Mobile/15E148 Safari/604.1"
101.115.83.132 - - [03/Apr/2026:21:59:10 +0800] "GET /wp-content/uploads/2020/12/Bower-Plant-thumb.jpg HTTP/1.1" 200 13811 "https://thegreenscapecollective.com.au/the-6-best-australian-native-plants-for-waterwise-perth-garden-designs/" "Mozilla/5.0 (iPhone; CPU iPhone OS 18_7 like Mac OS X) AppleWebKit/605.1.15 (KHTML, like Gecko) Version/26.3 Mobile/15E148 Safari/604.1"
101.115.83.132 - - [03/Apr/2026:21:59:13 +0800] "GET /wp-content/uploads/2020/12/Candlestick-Banksia-thumb.jpg HTTP/1.1" 200 13597 "https://thegreenscapecollective.com.au/the-6-best-australian-native-plants-for-waterwise-perth-garden-designs/" "Mozilla/5.0 (iPhone; CPU iPhone OS 18_7 like Mac OS X) AppleWebKit/605.1.15 (KHTML, like Gecko) Version/26.3 Mobile/15E148 Safari/604.1"
101.115.83.132 - - [03/Apr/2026:21:59:18 +0800] "GET /wp-content/uploads/2020/12/Syzygium-Australae-Pinnacle-thumb.jpg HTTP/1.1" 200 13515 "https://thegreenscapecollective.com.au/the-6-best-australian-native-plants-for-waterwise-perth-garden-designs/" "Mozilla/5.0 (iPhone; CPU iPhone OS 18_7 like Mac OS X) AppleWebKit/605.1.15 (KHTML, like Gecko) Version/26.3 Mobile/15E148 Safari/604.1"
101.115.83.132 - - [03/Apr/2026:21:59:50 +0800] "GET /wp-content/uploads/2020/12/Aniseed-Boronia-thumb.jpg HTTP/1.1" 200 15635 "https://thegreenscapecollective.com.au/the-6-best-australian-native-plants-for-waterwise-perth-garden-designs/" "Mozilla/5.0 (iPhone; CPU iPhone OS 18_7 like Mac OS X) AppleWebKit/605.1.15 (KHTML, like Gecko) Version/26.3 Mobile/15E148 Safari/604.1"
101.115.83.132 - - [03/Apr/2026:21:59:53 +0800] "GET /wp-content/uploads/2020/12/Native-Fuchsia-thumb.jpg HTTP/1.1" 200 11101 "https://thegreenscapecollective.com.au/the-6-best-australian-native-plants-for-waterwise-perth-garden-designs/" "Mozilla/5.0 (iPhone; CPU iPhone OS 18_7 like Mac OS X) AppleWebKit/605.1.15 (KHTML, like Gecko) Version/26.3 Mobile/15E148 Safari/604.1"
103.4.122.14 - - [03/Apr/2026:22:20:42 +0800] "POST /wp-cron.php?doing_wp_cron=1775226041.9656739234924316406250 HTTP/1.1" 200 20 "-" "WordPress/6.9.4; https://thegreenscapecollective.com.au"
186.232.203.100 - - [03/Apr/2026:22:20:40 +0800] "GET /services/residential-and-commercial-landscape-construction/ HTTP/1.1" 200 17729 "-" "Opera/9.50.(X11; Linux i686; hak-TW) Presto/2.9.184 Version/12.00"
103.4.122.14 - - [03/Apr/2026:22:25:11 +0800] "POST /wp-cron.php?doing_wp_cron=1775226310.9699280261993408203125 HTTP/1.1" 200 20 "-" "WordPress/6.9.4; https://thegreenscapecollective.com.au"
62.201.242.201 - - [03/Apr/2026:22:25:09 +0800] "GET /comments/feed/ HTTP/1.1" 200 433 "-" "Mozilla/5.0 (iPod; U; CPU iPhone OS 4_3 like Mac OS X; km-KH) AppleWebKit/532.24.5 (KHTML, like Gecko) Version/4.0.5 Mobile/8B112 Safari/6532.24.5"
51.68.107.154 - - [03/Apr/2026:22:27:48 +0800] "GET /robots.txt HTTP/1.1" 200 140 "-" "Mozilla/5.0 (compatible; MJ12bot/v2.0.5; http://mj12bot.com/)"
103.4.122.14 - - [03/Apr/2026:22:27:50 +0800] "POST /wp-cron.php?doing_wp_cron=1775226470.6378159523010253906250 HTTP/1.1" 200 20 "-" "WordPress/6.9.4; https://thegreenscapecollective.com.au"
51.68.107.154 - - [03/Apr/2026:22:27:49 +0800] "GET / HTTP/1.1" 200 22007 "-" "Mozilla/5.0 (compatible; MJ12bot/v2.0.5; http://mj12bot.com/)"
216.73.216.190 - - [03/Apr/2026:22:30:15 +0800] "GET /robots.txt HTTP/1.1" 200 140 "-" "Mozilla/5.0 AppleWebKit/537.36 (KHTML, like Gecko; compatible; ClaudeBot/1.0; +claudebot@anthropic.com)"
216.73.216.190 - - [03/Apr/2026:22:30:16 +0800] "GET /sitemap_index.xml HTTP/1.1" 200 385 "-" "Mozilla/5.0 AppleWebKit/537.36 (KHTML, like Gecko; compatible; ClaudeBot/1.0; +claudebot@anthropic.com)"
51.75.236.151 - - [03/Apr/2026:22:32:23 +0800] "GET /sitemap_index.xml HTTP/1.1" 200 385 "-" "Mozilla/5.0 (compatible; AhrefsBot/7.0; +http://ahrefs.com/robot/)"
94.23.188.222 - - [03/Apr/2026:22:32:26 +0800] "GET /post-sitemap.xml HTTP/1.1" 200 949 "-" "Mozilla/5.0 (compatible; AhrefsBot/7.0; +http://ahrefs.com/robot/)"
176.31.139.28 - - [03/Apr/2026:22:32:29 +0800] "GET /page-sitemap.xml HTTP/1.1" 200 1061 "-" "Mozilla/5.0 (compatible; AhrefsBot/7.0; +http://ahrefs.com/robot/)"
92.222.108.105 - - [03/Apr/2026:22:32:32 +0800] "GET /testimonial-sitemap.xml HTTP/1.1" 200 433 "-" "Mozilla/5.0 (compatible; AhrefsBot/7.0; +http://ahrefs.com/robot/)"
94.23.188.223 - - [03/Apr/2026:22:32:34 +0800] "GET /category-sitemap.xml HTTP/1.1" 200 406 "-" "Mozilla/5.0 (compatible; AhrefsBot/7.0; +http://ahrefs.com/robot/)"
37.59.204.133 - - [03/Apr/2026:22:32:37 +0800] "GET /post_tag-sitemap.xml HTTP/1.1" 200 397 "-" "Mozilla/5.0 (compatible; AhrefsBot/7.0; +http://ahrefs.com/robot/)"
103.4.122.14 - - [03/Apr/2026:22:33:15 +0800] "POST /wp-cron.php?doing_wp_cron=1775226795.5641109943389892578125 HTTP/1.1" 200 20 "-" "WordPress/6.9.4; https://thegreenscapecollective.com.au"
5.39.109.183 - - [03/Apr/2026:22:33:14 +0800] "GET /author-sitemap.xml HTTP/1.1" 200 377 "-" "Mozilla/5.0 (compatible; AhrefsBot/7.0; +http://ahrefs.com/robot/)"
72.146.45.53 - - [03/Apr/2026:22:35:39 +0800] "GET /wp-content/plugins/hellopress/wp_filemanager.php HTTP/1.1" 301 - "-" "-"
72.146.45.53 - - [03/Apr/2026:22:35:41 +0800] "GET /wp-content/plugins/hellopress/wp_filemanager.php HTTP/1.1" 404 122984 "-" "-"
72.146.45.53 - - [03/Apr/2026:22:35:43 +0800] "GET /wpb.php HTTP/1.1" 301 - "-" "-"
72.146.45.53 - - [03/Apr/2026:22:35:44 +0800] "GET /wpb.php HTTP/1.1" 404 117576 "-" "-"
103.4.122.14 - - [03/Apr/2026:22:38:15 +0800] "POST /wp-cron.php?doing_wp_cron=1775227095.2819340229034423828125 HTTP/1.1" 200 20 "-" "WordPress/6.9.4; https://thegreenscapecollective.com.au"
45.238.248.9 - - [03/Apr/2026:22:38:14 +0800] "GET /feed/ HTTP/1.1" 200 21814 "-" "Mozilla/5.0 (Windows; U; Windows NT 6.2) AppleWebKit/533.40.5 (KHTML, like Gecko) Version/4.0 Safari/533.40.5"
103.4.122.14 - - [03/Apr/2026:22:50:28 +0800] "POST /wp-cron.php?doing_wp_cron=1775227828.8005909919738769531250 HTTP/1.1" 200 20 "-" "WordPress/6.9.4; https://thegreenscapecollective.com.au"
66.249.75.162 - - [03/Apr/2026:22:50:27 +0800] "GET / HTTP/1.1" 200 22000 "-" "Mozilla/5.0 (Linux; Android 6.0.1; Nexus 5X Build/MMB29P) AppleWebKit/537.36 (KHTML, like Gecko) Chrome/146.0.7680.177 Mobile Safari/537.36 (compatible; Googlebot/2.1; +http://www.google.com/bot.html)"
66.249.75.161 - - [03/Apr/2026:22:52:14 +0800] "GET /wp-json/contact-form-7/v1/contact-forms/891/feedback/schema HTTP/1.1" 200 736 "https://thegreenscapecollective.com.au/" "Mozilla/5.0 (Linux; Android 6.0.1; Nexus 5X Build/MMB29P) AppleWebKit/537.36 (KHTML, like Gecko) Chrome/146.0.7680.177 Mobile Safari/537.36 (compatible; Googlebot/2.1; +http://www.google.com/bot.html)"
66.249.75.160 - - [03/Apr/2026:22:52:14 +0800] "GET /wp-json/contact-form-7/v1/contact-forms/892/feedback/schema HTTP/1.1" 200 678 "https://thegreenscapecollective.com.au/" "Mozilla/5.0 (Linux; Android 6.0.1; Nexus 5X Build/MMB29P) AppleWebKit/537.36 (KHTML, like Gecko) Chrome/146.0.7680.177 Mobile Safari/537.36 (compatible; Googlebot/2.1; +http://www.google.com/bot.html)"
66.249.75.162 - - [03/Apr/2026:22:52:14 +0800] "GET /wp-json/contact-form-7/v1/contact-forms/893/feedback/schema HTTP/1.1" 200 736 "https://thegreenscapecollective.com.au/" "Mozilla/5.0 (Linux; Android 6.0.1; Nexus 5X Build/MMB29P) AppleWebKit/537.36 (KHTML, like Gecko) Chrome/146.0.7680.177 Mobile Safari/537.36 (compatible; Googlebot/2.1; +http://www.google.com/bot.html)"
66.249.75.160 - - [03/Apr/2026:22:52:15 +0800] "GET /wp-json/contact-form-7/v1/contact-forms/889/feedback/schema HTTP/1.1" 200 682 "https://thegreenscapecollective.com.au/" "Mozilla/5.0 (Linux; Android 6.0.1; Nexus 5X Build/MMB29P) AppleWebKit/537.36 (KHTML, like Gecko) Chrome/146.0.7680.177 Mobile Safari/537.36 (compatible; Googlebot/2.1; +http://www.google.com/bot.html)"
103.4.122.14 - - [03/Apr/2026:23:04:04 +0800] "POST /wp-cron.php?doing_wp_cron=1775228644.6549530029296875000000 HTTP/1.1" 200 20 "-" "WordPress/6.9.4; https://thegreenscapecollective.com.au"
47.15.246.57 - - [03/Apr/2026:23:04:03 +0800] "GET /blog/ HTTP/1.1" 200 17392 "-" "Mozilla/5.0 (Macintosh; Intel Mac OS X 10_10_3 rv:2.0; doi-IN) AppleWebKit/532.35.3 (KHTML, like Gecko) Version/5.1 Safari/532.35.3"
23.27.244.58 - - [03/Apr/2026:23:06:27 +0800] "GET / HTTP/1.1" 403 199 "-" "Go-http-client/1.1"
103.4.122.14 - - [03/Apr/2026:23:06:42 +0800] "POST /wp-cron.php?doing_wp_cron=1775228802.5897979736328125000000 HTTP/1.1" 200 20 "-" "WordPress/6.9.4; https://thegreenscapecollective.com.au"
113.162.136.71 - - [03/Apr/2026:23:06:41 +0800] "GET /services/landscape-and-garden-design/ HTTP/1.1" 200 17021 "-" "Mozilla/5.0 (Windows; U; Windows 98; Win 9x 4.90) AppleWebKit/532.14.3 (KHTML, like Gecko) Version/4.1 Safari/532.14.3"
103.4.122.14 - - [03/Apr/2026:23:19:50 +0800] "POST /wp-cron.php?doing_wp_cron=1775229590.3532900810241699218750 HTTP/1.1" 200 20 "-" "WordPress/6.9.4; https://thegreenscapecollective.com.au"
202.144.201.8 - - [03/Apr/2026:23:19:48 +0800] "GET /tag/weeds/tel:0861025202 HTTP/1.1" 404 15690 "-" "Mozilla/5.0 (Windows NT 6.2; WOW64) AppleWebKit/537.36 (KHTML, like Gecko) Chrome/75.0.3770.100 ADG/11.0.2510 AOLBUILD/11.0.2510 Safari/537.36"
103.4.122.14 - - [03/Apr/2026:23:25:10 +0800] "POST /wp-cron.php?doing_wp_cron=1775229910.4095139503479003906250 HTTP/1.1" 200 20 "-" "WordPress/6.9.4; https://thegreenscapecollective.com.au"
123.19.230.160 - - [03/Apr/2026:23:25:09 +0800] "GET /tag/asthma/tel:0861025202 HTTP/1.1" 404 15691 "-" "Mozilla/5.0 (Macintosh; Intel Mac OS X 10_16_0) AppleWebKit/537.36 (KHTML, like Gecko) Brave Chrome/80.0.3987.116 Safari/537.36"
103.4.122.14 - - [03/Apr/2026:23:28:03 +0800] "POST /wp-cron.php?doing_wp_cron=1775230083.6843709945678710937500 HTTP/1.1" 200 20 "-" "WordPress/6.9.4; https://thegreenscapecollective.com.au"
176.31.139.23 - - [03/Apr/2026:23:28:02 +0800] "GET /robots.txt HTTP/1.1" 200 140 "-" "Mozilla/5.0 (compatible; AhrefsBot/7.0; +http://ahrefs.com/robot/)"
94.23.188.217 - - [03/Apr/2026:23:28:05 +0800] "GET /services/ HTTP/1.1" 200 17125 "-" "Mozilla/5.0 (compatible; AhrefsBot/7.0; +http://ahrefs.com/robot/)"
122.2.115.63 - - [03/Apr/2026:23:30:48 +0800] "POST /xmlrpc.php HTTP/1.1" 200 403 "-" "Mozilla/5.0 (Windows NT 6.2; x64) AppleWebKit/537.36 (KHTML, like Gecko) Opera/74.0.0.0 Safari/537.36"
103.4.122.14 - - [04/Apr/2026:00:12:05 +0800] "POST /wp-cron.php?doing_wp_cron=1775232725.3387649059295654296875 HTTP/1.1" 200 20 "-" "WordPress/6.9.4; https://thegreenscapecollective.com.au"
85.203.21.30 - - [04/Apr/2026:00:12:04 +0800] "GET /inputs.php HTTP/1.1" 301 20 "-" "Mozilla/5.0 (Windows NT 10.0; Win64; x64) AppleWebKit/537.36 (KHTML, like Gecko) Chrome/58.0.3029.110 Safari/537.3"
85.203.21.11 - - [04/Apr/2026:00:12:05 +0800] "GET /inputs.php HTTP/1.1" 404 15197 "http://thegreenscapecollective.com.au/inputs.php" "Mozilla/5.0 (Windows NT 10.0; Win64; x64) AppleWebKit/537.36 (KHTML, like Gecko) Chrome/58.0.3029.110 Safari/537.3"
85.203.21.30 - - [04/Apr/2026:00:12:07 +0800] "GET /.well-known/core.php HTTP/1.1" 301 20 "-" "Mozilla/5.0 (Windows NT 10.0; Win64; x64) AppleWebKit/537.36 (KHTML, like Gecko) Chrome/58.0.3029.110 Safari/537.3"
85.203.21.11 - - [04/Apr/2026:00:12:08 +0800] "GET /.well-known/core.php HTTP/1.1" 404 15206 "http://thegreenscapecollective.com.au/.well-known/core.php" "Mozilla/5.0 (Windows NT 10.0; Win64; x64) AppleWebKit/537.36 (KHTML, like Gecko) Chrome/58.0.3029.110 Safari/537.3"
85.203.21.30 - - [04/Apr/2026:00:12:09 +0800] "GET /wp-content/users.php HTTP/1.1" 301 20 "-" "Mozilla/5.0 (Windows NT 10.0; Win64; x64) AppleWebKit/537.36 (KHTML, like Gecko) Chrome/58.0.3029.110 Safari/537.3"
85.203.21.11 - - [04/Apr/2026:00:12:10 +0800] "GET /wp-content/users.php HTTP/1.1" 404 15195 "http://thegreenscapecollective.com.au/wp-content/users.php" "Mozilla/5.0 (Windows NT 10.0; Win64; x64) AppleWebKit/537.36 (KHTML, like Gecko) Chrome/58.0.3029.110 Safari/537.3"
85.203.21.30 - - [04/Apr/2026:00:12:11 +0800] "GET /wp-content/wp-activate.php HTTP/1.1" 301 20 "-" "Mozilla/5.0 (Windows NT 10.0; Win64; x64) AppleWebKit/537.36 (KHTML, like Gecko) Chrome/58.0.3029.110 Safari/537.3"
85.203.21.11 - - [04/Apr/2026:00:12:12 +0800] "GET /wp-content/wp-activate.php HTTP/1.1" 404 15200 "http://thegreenscapecollective.com.au/wp-content/wp-activate.php" "Mozilla/5.0 (Windows NT 10.0; Win64; x64) AppleWebKit/537.36 (KHTML, like Gecko) Chrome/58.0.3029.110 Safari/537.3"
85.203.21.30 - - [04/Apr/2026:00:12:13 +0800] "GET /num.php HTTP/1.1" 301 20 "-" "Mozilla/5.0 (Windows NT 10.0; Win64; x64) AppleWebKit/537.36 (KHTML, like Gecko) Chrome/58.0.3029.110 Safari/537.3"
85.203.21.11 - - [04/Apr/2026:00:12:14 +0800] "GET /num.php HTTP/1.1" 404 15196 "http://thegreenscapecollective.com.au/num.php" "Mozilla/5.0 (Windows NT 10.0; Win64; x64) AppleWebKit/537.36 (KHTML, like Gecko) Chrome/58.0.3029.110 Safari/537.3"
85.203.21.30 - - [04/Apr/2026:00:12:16 +0800] "GET /app.php HTTP/1.1" 301 20 "-" "Mozilla/5.0 (Windows NT 10.0; Win64; x64) AppleWebKit/537.36 (KHTML, like Gecko) Chrome/58.0.3029.110 Safari/537.3"
85.203.21.11 - - [04/Apr/2026:00:12:17 +0800] "GET /app.php HTTP/1.1" 404 15196 "http://thegreenscapecollective.com.au/app.php" "Mozilla/5.0 (Windows NT 10.0; Win64; x64) AppleWebKit/537.36 (KHTML, like Gecko) Chrome/58.0.3029.110 Safari/537.3"
85.203.21.30 - - [04/Apr/2026:00:12:18 +0800] "GET /wp-includes/php-compat/ HTTP/1.1" 403 199 "-" "Mozilla/5.0 (Windows NT 10.0; Win64; x64) AppleWebKit/537.36 (KHTML, like Gecko) Chrome/58.0.3029.110 Safari/537.3"
85.203.21.30 - - [04/Apr/2026:00:12:18 +0800] "GET /wp-includes/js/codemirror/config.php HTTP/1.1" 403 199 "-" "Mozilla/5.0 (Windows NT 10.0; Win64; x64) AppleWebKit/537.36 (KHTML, like Gecko) Chrome/58.0.3029.110 Safari/537.3"
85.203.21.55 - - [04/Apr/2026:00:12:18 +0800] "GET /wp-content/test.php HTTP/1.1" 301 20 "-" "Mozilla/5.0 (Windows NT 10.0; Win64; x64) AppleWebKit/537.36 (KHTML, like Gecko) Chrome/58.0.3029.110 Safari/537.3"
85.203.21.11 - - [04/Apr/2026:00:12:19 +0800] "GET /wp-content/test.php HTTP/1.1" 404 15196 "http://thegreenscapecollective.com.au/wp-content/test.php" "Mozilla/5.0 (Windows NT 10.0; Win64; x64) AppleWebKit/537.36 (KHTML, like Gecko) Chrome/58.0.3029.110 Safari/537.3"
85.203.21.55 - - [04/Apr/2026:00:12:20 +0800] "GET /wp-includes/header.php HTTP/1.1" 403 199 "-" "Mozilla/5.0 (Windows NT 10.0; Win64; x64) AppleWebKit/537.36 (KHTML, like Gecko) Chrome/58.0.3029.110 Safari/537.3"
85.203.21.46 - - [04/Apr/2026:00:12:20 +0800] "GET /wp-includes/block-bindings/system_core.php HTTP/1.1" 403 199 "-" "Mozilla/5.0 (Windows NT 10.0; Win64; x64) AppleWebKit/537.36 (KHTML, like Gecko) Chrome/58.0.3029.110 Safari/537.3"
85.203.21.53 - - [04/Apr/2026:00:12:21 +0800] "GET /system_core.php HTTP/1.1" 301 20 "-" "Mozilla/5.0 (Windows NT 10.0; Win64; x64) AppleWebKit/537.36 (KHTML, like Gecko) Chrome/58.0.3029.110 Safari/537.3"
85.203.21.53 - - [04/Apr/2026:00:12:23 +0800] "GET /rip.php HTTP/1.1" 301 20 "-" "Mozilla/5.0 (Windows NT 10.0; Win64; x64) AppleWebKit/537.36 (KHTML, like Gecko) Chrome/58.0.3029.110 Safari/537.3"
85.203.21.11 - - [04/Apr/2026:00:12:21 +0800] "GET /system_core.php HTTP/1.1" 404 15201 "http://thegreenscapecollective.com.au/system_core.php" "Mozilla/5.0 (Windows NT 10.0; Win64; x64) AppleWebKit/537.36 (KHTML, like Gecko) Chrome/58.0.3029.110 Safari/537.3"
85.203.21.11 - - [04/Apr/2026:00:12:24 +0800] "GET /rip.php HTTP/1.1" 404 15196 "http://thegreenscapecollective.com.au/rip.php" "Mozilla/5.0 (Windows NT 10.0; Win64; x64) AppleWebKit/537.36 (KHTML, like Gecko) Chrome/58.0.3029.110 Safari/537.3"
85.203.21.53 - - [04/Apr/2026:00:12:25 +0800] "GET /wp-content/uploads/admin.php HTTP/1.1" 301 20 "-" "Mozilla/5.0 (Windows NT 10.0; Win64; x64) AppleWebKit/537.36 (KHTML, like Gecko) Chrome/58.0.3029.110 Safari/537.3"
85.203.21.11 - - [04/Apr/2026:00:12:26 +0800] "GET /wp-content/uploads/admin.php HTTP/1.1" 404 15682 "http://thegreenscapecollective.com.au/wp-content/uploads/admin.php" "Mozilla/5.0 (Windows NT 10.0; Win64; x64) AppleWebKit/537.36 (KHTML, like Gecko) Chrome/58.0.3029.110 Safari/537.3"
85.203.21.53 - - [04/Apr/2026:00:12:28 +0800] "GET /wp-content/plugins/pwnd/pwnd.php HTTP/1.1" 403 199 "-" "Mozilla/5.0 (Windows NT 10.0; Win64; x64) AppleWebKit/537.36 (KHTML, like Gecko) Chrome/58.0.3029.110 Safari/537.3"
85.203.21.48 - - [04/Apr/2026:00:12:28 +0800] "GET /admin.php HTTP/1.1" 301 20 "-" "Mozilla/5.0 (Windows NT 10.0; Win64; x64) AppleWebKit/537.36 (KHTML, like Gecko) Chrome/58.0.3029.110 Safari/537.3"
85.203.21.11 - - [04/Apr/2026:00:12:29 +0800] "GET /admin.php HTTP/1.1" 404 15195 "http://thegreenscapecollective.com.au/admin.php" "Mozilla/5.0 (Windows NT 10.0; Win64; x64) AppleWebKit/537.36 (KHTML, like Gecko) Chrome/58.0.3029.110 Safari/537.3"
85.203.21.48 - - [04/Apr/2026:00:12:30 +0800] "GET /upload/zczv.php HTTP/1.1" 301 20 "-" "Mozilla/5.0 (Windows NT 10.0; Win64; x64) AppleWebKit/537.36 (KHTML, like Gecko) Chrome/58.0.3029.110 Safari/537.3"
85.203.21.11 - - [04/Apr/2026:00:12:31 +0800] "GET /upload/zczv.php HTTP/1.1" 403 199 "http://thegreenscapecollective.com.au/upload/zczv.php" "Mozilla/5.0 (Windows NT 10.0; Win64; x64) AppleWebKit/537.36 (KHTML, like Gecko) Chrome/58.0.3029.110 Safari/537.3"
85.203.21.60 - - [04/Apr/2026:00:12:31 +0800] "GET /upload/zczv.php HTTP/1.1" 404 15200 "http://thegreenscapecollective.com.au/upload/zczv.php" "Mozilla/5.0 (Windows NT 10.0; Win64; x64) AppleWebKit/537.36 (KHTML, like Gecko) Chrome/58.0.3029.110 Safari/537.3"
85.203.21.48 - - [04/Apr/2026:00:12:33 +0800] "GET /wp-content/ HTTP/1.1" 200 20 "-" "Mozilla/5.0 (Windows NT 10.0; Win64; x64) AppleWebKit/537.36 (KHTML, like Gecko) Chrome/58.0.3029.110 Safari/537.3"
85.203.21.48 - - [04/Apr/2026:00:12:33 +0800] "GET /filemanager.php HTTP/1.1" 403 199 "-" "Mozilla/5.0 (Windows NT 10.0; Win64; x64) AppleWebKit/537.36 (KHTML, like Gecko) Chrome/58.0.3029.110 Safari/537.3"
85.203.21.60 - - [04/Apr/2026:00:12:34 +0800] "GET /admin/ HTTP/1.1" 302 20 "http://thegreenscapecollective.com.au/admin/" "Mozilla/5.0 (Windows NT 10.0; Win64; x64) AppleWebKit/537.36 (KHTML, like Gecko) Chrome/58.0.3029.110 Safari/537.3"
85.203.21.47 - - [04/Apr/2026:00:12:33 +0800] "GET /admin/ HTTP/1.1" 301 20 "-" "Mozilla/5.0 (Windows NT 10.0; Win64; x64) AppleWebKit/537.36 (KHTML, like Gecko) Chrome/58.0.3029.110 Safari/537.3"
85.203.21.60 - - [04/Apr/2026:00:12:35 +0800] "GET /wp-admin/ HTTP/1.1" 302 20 "https://thegreenscapecollective.com.au/admin/" "Mozilla/5.0 (Windows NT 10.0; Win64; x64) AppleWebKit/537.36 (KHTML, like Gecko) Chrome/58.0.3029.110 Safari/537.3"
85.203.21.47 - - [04/Apr/2026:00:12:38 +0800] "GET /wp-includes/speculative8.php HTTP/1.1" 403 199 "-" "Mozilla/5.0 (Windows NT 10.0; Win64; x64) AppleWebKit/537.36 (KHTML, like Gecko) Chrome/58.0.3029.110 Safari/537.3"
85.203.21.60 - - [04/Apr/2026:00:12:36 +0800] "GET /wp-login.php?redirect_to=https%3A%2F%2Fthegreenscapecollective.com.au%2Fwp-admin%2F&reauth=1 HTTP/1.1" 200 2904 "https://thegreenscapecollective.com.au/wp-admin/" "Mozilla/5.0 (Windows NT 10.0; Win64; x64) AppleWebKit/537.36 (KHTML, like Gecko) Chrome/58.0.3029.110 Safari/537.3"
85.203.21.67 - - [04/Apr/2026:00:12:38 +0800] "GET /assets/images/selam.php HTTP/1.1" 301 20 "-" "Mozilla/5.0 (Windows NT 10.0; Win64; x64) AppleWebKit/537.36 (KHTML, like Gecko) Chrome/58.0.3029.110 Safari/537.3"
85.203.21.5 - - [04/Apr/2026:00:12:39 +0800] "GET /assets/images/selam.php HTTP/1.1" 404 15695 "http://thegreenscapecollective.com.au/assets/images/selam.php" "Mozilla/5.0 (Windows NT 10.0; Win64; x64) AppleWebKit/537.36 (KHTML, like Gecko) Chrome/58.0.3029.110 Safari/537.3"
85.203.21.67 - - [04/Apr/2026:00:12:40 +0800] "GET /item.php HTTP/1.1" 301 20 "-" "Mozilla/5.0 (Windows NT 10.0; Win64; x64) AppleWebKit/537.36 (KHTML, like Gecko) Chrome/58.0.3029.110 Safari/537.3"
85.203.21.5 - - [04/Apr/2026:00:12:41 +0800] "GET /item.php HTTP/1.1" 404 15196 "http://thegreenscapecollective.com.au/item.php" "Mozilla/5.0 (Windows NT 10.0; Win64; x64) AppleWebKit/537.36 (KHTML, like Gecko) Chrome/58.0.3029.110 Safari/537.3"
85.203.21.67 - - [04/Apr/2026:00:12:43 +0800] "GET /3PJcpMFsD8B.php HTTP/1.1" 301 20 "-" "Mozilla/5.0 (Windows NT 10.0; Win64; x64) AppleWebKit/537.36 (KHTML, like Gecko) Chrome/58.0.3029.110 Safari/537.3"
85.203.21.5 - - [04/Apr/2026:00:12:43 +0800] "GET /3PJcpMFsD8B.php HTTP/1.1" 404 15206 "http://thegreenscapecollective.com.au/3PJcpMFsD8B.php" "Mozilla/5.0 (Windows NT 10.0; Win64; x64) AppleWebKit/537.36 (KHTML, like Gecko) Chrome/58.0.3029.110 Safari/537.3"
85.203.21.67 - - [04/Apr/2026:00:12:45 +0800] "GET /1.php HTTP/1.1" 301 20 "-" "Mozilla/5.0 (Windows NT 10.0; Win64; x64) AppleWebKit/537.36 (KHTML, like Gecko) Chrome/58.0.3029.110 Safari/537.3"
85.203.21.5 - - [04/Apr/2026:00:12:46 +0800] "GET /1.php HTTP/1.1" 404 15195 "http://thegreenscapecollective.com.au/1.php" "Mozilla/5.0 (Windows NT 10.0; Win64; x64) AppleWebKit/537.36 (KHTML, like Gecko) Chrome/58.0.3029.110 Safari/537.3"
85.203.21.67 - - [04/Apr/2026:00:12:47 +0800] "GET /wp-config-sample.php HTTP/1.1" 500 1004 "-" "Mozilla/5.0 (Windows NT 10.0; Win64; x64) AppleWebKit/537.36 (KHTML, like Gecko) Chrome/58.0.3029.110 Safari/537.3"
85.203.21.27 - - [04/Apr/2026:00:12:47 +0800] "GET /wp-content/plugins/hello-plus/classes/ehp-sarang.php HTTP/1.1" 301 20 "-" "Mozilla/5.0 (Windows NT 10.0; Win64; x64) AppleWebKit/537.36 (KHTML, like Gecko) Chrome/58.0.3029.110 Safari/537.3"
85.203.21.5 - - [04/Apr/2026:00:12:48 +0800] "GET /wp-content/plugins/hello-plus/classes/ehp-sarang.php HTTP/1.1" 404 15690 "http://thegreenscapecollective.com.au/wp-content/plugins/hello-plus/classes/ehp-sarang.php" "Mozilla/5.0 (Windows NT 10.0; Win64; x64) AppleWebKit/537.36 (KHTML, like Gecko) Chrome/58.0.3029.110 Safari/537.3"
85.203.21.27 - - [04/Apr/2026:00:12:49 +0800] "GET /fm.php HTTP/1.1" 403 199 "-" "Mozilla/5.0 (Windows NT 10.0; Win64; x64) AppleWebKit/537.36 (KHTML, like Gecko) Chrome/58.0.3029.110 Safari/537.3"
85.203.21.38 - - [04/Apr/2026:00:12:49 +0800] "GET /wp-content/updraft/plugins-old/updraftplus/vendor/team-updraft/ HTTP/1.1" 403 199 "-" "Mozilla/5.0 (Windows NT 10.0; Win64; x64) AppleWebKit/537.36 (KHTML, like Gecko) Chrome/58.0.3029.110 Safari/537.3"
85.203.21.38 - - [04/Apr/2026:00:12:49 +0800] "GET /wp-content/themes/ HTTP/1.1" 200 20 "-" "Mozilla/5.0 (Windows NT 10.0; Win64; x64) AppleWebKit/537.36 (KHTML, like Gecko) Chrome/58.0.3029.110 Safari/537.3"
85.203.21.38 - - [04/Apr/2026:00:12:51 +0800] "GET /wp-admin/css/ HTTP/1.1" 403 199 "-" "Mozilla/5.0 (Windows NT 10.0; Win64; x64) AppleWebKit/537.36 (KHTML, like Gecko) Chrome/58.0.3029.110 Safari/537.3"
103.4.122.14 - - [04/Apr/2026:00:12:52 +0800] "POST /wp-cron.php?doing_wp_cron=1775232772.5518450736999511718750 HTTP/1.1" 200 20 "-" "WordPress/6.9.4; https://thegreenscapecollective.com.au"
85.203.21.38 - - [04/Apr/2026:00:12:51 +0800] "GET /wp-content/updates.php HTTP/1.1" 301 20 "-" "Mozilla/5.0 (Windows NT 10.0; Win64; x64) AppleWebKit/537.36 (KHTML, like Gecko) Chrome/58.0.3029.110 Safari/537.3"
85.203.21.5 - - [04/Apr/2026:00:12:52 +0800] "GET /wp-content/updates.php HTTP/1.1" 404 15195 "http://thegreenscapecollective.com.au/wp-content/updates.php" "Mozilla/5.0 (Windows NT 10.0; Win64; x64) AppleWebKit/537.36 (KHTML, like Gecko) Chrome/58.0.3029.110 Safari/537.3"
85.203.21.38 - - [04/Apr/2026:00:12:53 +0800] "GET /wp-admin/js/ HTTP/1.1" 403 199 "-" "Mozilla/5.0 (Windows NT 10.0; Win64; x64) AppleWebKit/537.36 (KHTML, like Gecko) Chrome/58.0.3029.110 Safari/537.3"
85.203.21.38 - - [04/Apr/2026:00:12:54 +0800] "GET /wp-admin/css/colors/modern/ HTTP/1.1" 403 199 "-" "Mozilla/5.0 (Windows NT 10.0; Win64; x64) AppleWebKit/537.36 (KHTML, like Gecko) Chrome/58.0.3029.110 Safari/537.3"
85.203.21.38 - - [04/Apr/2026:00:12:54 +0800] "GET /class.api.php HTTP/1.1" 301 20 "-" "Mozilla/5.0 (Windows NT 10.0; Win64; x64) AppleWebKit/537.36 (KHTML, like Gecko) Chrome/58.0.3029.110 Safari/537.3"
85.203.21.5 - - [04/Apr/2026:00:12:55 +0800] "GET /class.api.php HTTP/1.1" 404 15200 "http://thegreenscapecollective.com.au/class.api.php" "Mozilla/5.0 (Windows NT 10.0; Win64; x64) AppleWebKit/537.36 (KHTML, like Gecko) Chrome/58.0.3029.110 Safari/537.3"
85.203.21.38 - - [04/Apr/2026:00:12:56 +0800] "GET /wp-admin/ HTTP/1.1" 302 20 "-" "Mozilla/5.0 (Windows NT 10.0; Win64; x64) AppleWebKit/537.36 (KHTML, like Gecko) Chrome/58.0.3029.110 Safari/537.3"
85.203.21.5 - - [04/Apr/2026:00:12:57 +0800] "GET /wp-admin/ HTTP/1.1" 302 20 "http://thegreenscapecollective.com.au/wp-admin/" "Mozilla/5.0 (Windows NT 10.0; Win64; x64) AppleWebKit/537.36 (KHTML, like Gecko) Chrome/58.0.3029.110 Safari/537.3"
85.203.21.5 - - [04/Apr/2026:00:12:58 +0800] "GET /wp-login.php?redirect_to=https%3A%2F%2Fthegreenscapecollective.com.au%2Fwp-admin%2F&reauth=1 HTTP/1.1" 200 2904 "https://thegreenscapecollective.com.au/wp-admin/" "Mozilla/5.0 (Windows NT 10.0; Win64; x64) AppleWebKit/537.36 (KHTML, like Gecko) Chrome/58.0.3029.110 Safari/537.3"
85.203.21.38 - - [04/Apr/2026:00:12:59 +0800] "GET /adminfuns.php HTTP/1.1" 301 20 "-" "Mozilla/5.0 (Windows NT 10.0; Win64; x64) AppleWebKit/537.36 (KHTML, like Gecko) Chrome/58.0.3029.110 Safari/537.3"
85.203.21.38 - - [04/Apr/2026:00:13:01 +0800] "GET /comments/feed/ HTTP/1.1" 301 20 "-" "Mozilla/5.0 (Windows NT 10.0; Win64; x64) AppleWebKit/537.36 (KHTML, like Gecko) Chrome/58.0.3029.110 Safari/537.3"
85.203.21.5 - - [04/Apr/2026:00:13:00 +0800] "GET /adminfuns.php HTTP/1.1" 404 15199 "http://thegreenscapecollective.com.au/adminfuns.php" "Mozilla/5.0 (Windows NT 10.0; Win64; x64) AppleWebKit/537.36 (KHTML, like Gecko) Chrome/58.0.3029.110 Safari/537.3"
85.203.21.5 - - [04/Apr/2026:00:13:02 +0800] "GET /comments/feed/ HTTP/1.1" 200 433 "http://thegreenscapecollective.com.au/comments/feed/" "Mozilla/5.0 (Windows NT 10.0; Win64; x64) AppleWebKit/537.36 (KHTML, like Gecko) Chrome/58.0.3029.110 Safari/537.3"
85.203.21.38 - - [04/Apr/2026:00:13:03 +0800] "GET /wp-content/admin.php HTTP/1.1" 301 20 "-" "Mozilla/5.0 (Windows NT 10.0; Win64; x64) AppleWebKit/537.36 (KHTML, like Gecko) Chrome/58.0.3029.110 Safari/537.3"
85.203.21.5 - - [04/Apr/2026:00:13:04 +0800] "GET /wp-content/admin.php HTTP/1.1" 404 15194 "http://thegreenscapecollective.com.au/wp-content/admin.php" "Mozilla/5.0 (Windows NT 10.0; Win64; x64) AppleWebKit/537.36 (KHTML, like Gecko) Chrome/58.0.3029.110 Safari/537.3"
85.203.21.38 - - [04/Apr/2026:00:13:05 +0800] "GET /wp-admin/network/cache/ HTTP/1.1" 301 20 "-" "Mozilla/5.0 (Windows NT 10.0; Win64; x64) AppleWebKit/537.36 (KHTML, like Gecko) Chrome/58.0.3029.110 Safari/537.3"
85.203.21.5 - - [04/Apr/2026:00:13:06 +0800] "GET /wp-admin/network/cache/ HTTP/1.1" 404 15690 "http://thegreenscapecollective.com.au/wp-admin/network/cache/" "Mozilla/5.0 (Windows NT 10.0; Win64; x64) AppleWebKit/537.36 (KHTML, like Gecko) Chrome/58.0.3029.110 Safari/537.3"
85.203.21.38 - - [04/Apr/2026:00:13:07 +0800] "GET /mah.php HTTP/1.1" 301 20 "-" "Mozilla/5.0 (Windows NT 10.0; Win64; x64) AppleWebKit/537.36 (KHTML, like Gecko) Chrome/58.0.3029.110 Safari/537.3"
85.203.21.5 - - [04/Apr/2026:00:13:08 +0800] "GET /mah.php HTTP/1.1" 404 15196 "http://thegreenscapecollective.com.au/mah.php" "Mozilla/5.0 (Windows NT 10.0; Win64; x64) AppleWebKit/537.36 (KHTML, like Gecko) Chrome/58.0.3029.110 Safari/537.3"
85.203.21.38 - - [04/Apr/2026:00:13:09 +0800] "GET /wp-admin/shell.php HTTP/1.1" 301 20 "-" "Mozilla/5.0 (Windows NT 10.0; Win64; x64) AppleWebKit/537.36 (KHTML, like Gecko) Chrome/58.0.3029.110 Safari/537.3"
85.203.21.5 - - [04/Apr/2026:00:13:10 +0800] "GET /wp-admin/shell.php HTTP/1.1" 403 199 "http://thegreenscapecollective.com.au/wp-admin/shell.php" "Mozilla/5.0 (Windows NT 10.0; Win64; x64) AppleWebKit/537.36 (KHTML, like Gecko) Chrome/58.0.3029.110 Safari/537.3"
103.4.122.14 - - [04/Apr/2026:00:13:12 +0800] "POST /wp-cron.php?doing_wp_cron=1775232792.3854711055755615234375 HTTP/1.1" 200 20 "-" "WordPress/6.9.4; https://thegreenscapecollective.com.au"
85.203.21.60 - - [04/Apr/2026:00:13:11 +0800] "GET /wp-admin/shell.php HTTP/1.1" 404 15197 "http://thegreenscapecollective.com.au/wp-admin/shell.php" "Mozilla/5.0 (Windows NT 10.0; Win64; x64) AppleWebKit/537.36 (KHTML, like Gecko) Chrome/58.0.3029.110 Safari/537.3"
85.203.21.38 - - [04/Apr/2026:00:13:12 +0800] "GET /goods.php HTTP/1.1" 301 20 "-" "Mozilla/5.0 (Windows NT 10.0; Win64; x64) AppleWebKit/537.36 (KHTML, like Gecko) Chrome/58.0.3029.110 Safari/537.3"
85.203.21.60 - - [04/Apr/2026:00:13:13 +0800] "GET /goods.php HTTP/1.1" 404 15198 "http://thegreenscapecollective.com.au/goods.php" "Mozilla/5.0 (Windows NT 10.0; Win64; x64) AppleWebKit/537.36 (KHTML, like Gecko) Chrome/58.0.3029.110 Safari/537.3"
85.203.21.38 - - [04/Apr/2026:00:13:14 +0800] "GET /wp-content/plugins/revslider/includes/external/page/ HTTP/1.1" 301 20 "-" "Mozilla/5.0 (Windows NT 10.0; Win64; x64) AppleWebKit/537.36 (KHTML, like Gecko) Chrome/58.0.3029.110 Safari/537.3"
85.203.21.60 - - [04/Apr/2026:00:13:15 +0800] "GET /wp-content/plugins/revslider/includes/external/page/ HTTP/1.1" 404 15683 "http://thegreenscapecollective.com.au/wp-content/plugins/revslider/includes/external/page/" "Mozilla/5.0 (Windows NT 10.0; Win64; x64) AppleWebKit/537.36 (KHTML, like Gecko) Chrome/58.0.3029.110 Safari/537.3"
85.203.21.38 - - [04/Apr/2026:00:13:16 +0800] "GET /bolt.php HTTP/1.1" 301 20 "-" "Mozilla/5.0 (Windows NT 10.0; Win64; x64) AppleWebKit/537.36 (KHTML, like Gecko) Chrome/58.0.3029.110 Safari/537.3"
85.203.21.60 - - [04/Apr/2026:00:13:17 +0800] "GET /bolt.php HTTP/1.1" 404 15196 "http://thegreenscapecollective.com.au/bolt.php" "Mozilla/5.0 (Windows NT 10.0; Win64; x64) AppleWebKit/537.36 (KHTML, like Gecko) Chrome/58.0.3029.110 Safari/537.3"
85.203.21.38 - - [04/Apr/2026:00:13:18 +0800] "GET /about.php HTTP/1.1" 301 20 "-" "Mozilla/5.0 (Windows NT 10.0; Win64; x64) AppleWebKit/537.36 (KHTML, like Gecko) Chrome/58.0.3029.110 Safari/537.3"
85.203.21.60 - - [04/Apr/2026:00:13:19 +0800] "GET /about.php HTTP/1.1" 404 15196 "http://thegreenscapecollective.com.au/about.php" "Mozilla/5.0 (Windows NT 10.0; Win64; x64) AppleWebKit/537.36 (KHTML, like Gecko) Chrome/58.0.3029.110 Safari/537.3"
85.203.21.38 - - [04/Apr/2026:00:13:20 +0800] "GET /wp-includes/blocks/archives/ HTTP/1.1" 403 199 "-" "Mozilla/5.0 (Windows NT 10.0; Win64; x64) AppleWebKit/537.36 (KHTML, like Gecko) Chrome/58.0.3029.110 Safari/537.3"
85.203.21.38 - - [04/Apr/2026:00:13:21 +0800] "GET /wp-includes/blocks/code/ HTTP/1.1" 403 199 "-" "Mozilla/5.0 (Windows NT 10.0; Win64; x64) AppleWebKit/537.36 (KHTML, like Gecko) Chrome/58.0.3029.110 Safari/537.3"
85.203.21.38 - - [04/Apr/2026:00:13:21 +0800] "GET /wp-content/uploads/ HTTP/1.1" 403 33 "-" "Mozilla/5.0 (Windows NT 10.0; Win64; x64) AppleWebKit/537.36 (KHTML, like Gecko) Chrome/58.0.3029.110 Safari/537.3"
85.203.21.38 - - [04/Apr/2026:00:13:21 +0800] "GET /wp-includes/css/dist/block-library/ HTTP/1.1" 403 199 "-" "Mozilla/5.0 (Windows NT 10.0; Win64; x64) AppleWebKit/537.36 (KHTML, like Gecko) Chrome/58.0.3029.110 Safari/537.3"
49.51.132.100 - - [04/Apr/2026:00:13:21 +0800] "GET / HTTP/1.1" 403 199 "-" "Mozilla/5.0 (iPhone; CPU iPhone OS 13_2_3 like Mac OS X) AppleWebKit/605.1.15 (KHTML, like Gecko) Version/13.0.3 Mobile/15E148 Safari/604.1"
85.203.21.38 - - [04/Apr/2026:00:13:21 +0800] "GET /edit.php HTTP/1.1" 301 20 "-" "Mozilla/5.0 (Windows NT 10.0; Win64; x64) AppleWebKit/537.36 (KHTML, like Gecko) Chrome/58.0.3029.110 Safari/537.3"
85.203.21.60 - - [04/Apr/2026:00:13:22 +0800] "GET /edit.php HTTP/1.1" 404 15196 "http://thegreenscapecollective.com.au/edit.php" "Mozilla/5.0 (Windows NT 10.0; Win64; x64) AppleWebKit/537.36 (KHTML, like Gecko) Chrome/58.0.3029.110 Safari/537.3"
85.203.21.38 - - [04/Apr/2026:00:13:23 +0800] "GET /wp-admin/maint/ HTTP/1.1" 403 199 "-" "Mozilla/5.0 (Windows NT 10.0; Win64; x64) AppleWebKit/537.36 (KHTML, like Gecko) Chrome/58.0.3029.110 Safari/537.3"
85.203.21.38 - - [04/Apr/2026:00:13:23 +0800] "GET /404.php HTTP/1.1" 301 20 "-" "Mozilla/5.0 (Windows NT 10.0; Win64; x64) AppleWebKit/537.36 (KHTML, like Gecko) Chrome/58.0.3029.110 Safari/537.3"
85.203.21.60 - - [04/Apr/2026:00:13:24 +0800] "GET /404.php HTTP/1.1" 404 15196 "http://thegreenscapecollective.com.au/404.php" "Mozilla/5.0 (Windows NT 10.0; Win64; x64) AppleWebKit/537.36 (KHTML, like Gecko) Chrome/58.0.3029.110 Safari/537.3"
85.203.21.38 - - [04/Apr/2026:00:13:25 +0800] "GET /wp-content/plugins/advanced-product-fields-for-woocommerce/db.php HTTP/1.1" 301 20 "-" "Mozilla/5.0 (Windows NT 10.0; Win64; x64) AppleWebKit/537.36 (KHTML, like Gecko) Chrome/58.0.3029.110 Safari/537.3"
85.203.21.60 - - [04/Apr/2026:00:13:26 +0800] "GET /wp-content/plugins/advanced-product-fields-for-woocommerce/db.php HTTP/1.1" 404 15697 "http://thegreenscapecollective.com.au/wp-content/plugins/advanced-product-fields-for-woocommerce/db.php" "Mozilla/5.0 (Windows NT 10.0; Win64; x64) AppleWebKit/537.36 (KHTML, like Gecko) Chrome/58.0.3029.110 Safari/537.3"
85.203.21.38 - - [04/Apr/2026:00:13:27 +0800] "GET /wp-admin/js/widgets/ HTTP/1.1" 403 199 "-" "Mozilla/5.0 (Windows NT 10.0; Win64; x64) AppleWebKit/537.36 (KHTML, like Gecko) Chrome/58.0.3029.110 Safari/537.3"
85.203.21.38 - - [04/Apr/2026:00:13:27 +0800] "GET /index/function.php HTTP/1.1" 301 20 "-" "Mozilla/5.0 (Windows NT 10.0; Win64; x64) AppleWebKit/537.36 (KHTML, like Gecko) Chrome/58.0.3029.110 Safari/537.3"
85.203.21.60 - - [04/Apr/2026:00:13:28 +0800] "GET /index/function.php HTTP/1.1" 404 15197 "http://thegreenscapecollective.com.au/index/function.php" "Mozilla/5.0 (Windows NT 10.0; Win64; x64) AppleWebKit/537.36 (KHTML, like Gecko) Chrome/58.0.3029.110 Safari/537.3"
85.203.21.38 - - [04/Apr/2026:00:13:30 +0800] "GET /simple.php HTTP/1.1" 301 20 "-" "Mozilla/5.0 (Windows NT 10.0; Win64; x64) AppleWebKit/537.36 (KHTML, like Gecko) Chrome/58.0.3029.110 Safari/537.3"
85.203.21.60 - - [04/Apr/2026:00:13:30 +0800] "GET /simple.php HTTP/1.1" 404 15198 "http://thegreenscapecollective.com.au/simple.php" "Mozilla/5.0 (Windows NT 10.0; Win64; x64) AppleWebKit/537.36 (KHTML, like Gecko) Chrome/58.0.3029.110 Safari/537.3"
85.203.21.38 - - [04/Apr/2026:00:13:32 +0800] "GET /wp-includes/css/dist/ HTTP/1.1" 403 199 "-" "Mozilla/5.0 (Windows NT 10.0; Win64; x64) AppleWebKit/537.36 (KHTML, like Gecko) Chrome/58.0.3029.110 Safari/537.3"
85.203.21.38 - - [04/Apr/2026:00:13:32 +0800] "GET /wp-includes/theme-compat/ HTTP/1.1" 403 199 "-" "Mozilla/5.0 (Windows NT 10.0; Win64; x64) AppleWebKit/537.36 (KHTML, like Gecko) Chrome/58.0.3029.110 Safari/537.3"
85.203.21.38 - - [04/Apr/2026:00:13:32 +0800] "GET /wp-admin/includes/images/ HTTP/1.1" 301 20 "-" "Mozilla/5.0 (Windows NT 10.0; Win64; x64) AppleWebKit/537.36 (KHTML, like Gecko) Chrome/58.0.3029.110 Safari/537.3"
85.203.21.60 - - [04/Apr/2026:00:13:33 +0800] "GET /wp-admin/includes/images/ HTTP/1.1" 403 199 "http://thegreenscapecollective.com.au/wp-admin/includes/images/" "Mozilla/5.0 (Windows NT 10.0; Win64; x64) AppleWebKit/537.36 (KHTML, like Gecko) Chrome/58.0.3029.110 Safari/537.3"
85.203.21.20 - - [04/Apr/2026:00:13:33 +0800] "GET /wp-admin/includes/images/ HTTP/1.1" 404 15686 "http://thegreenscapecollective.com.au/wp-admin/includes/images/" "Mozilla/5.0 (Windows NT 10.0; Win64; x64) AppleWebKit/537.36 (KHTML, like Gecko) Chrome/58.0.3029.110 Safari/537.3"
85.203.21.38 - - [04/Apr/2026:00:13:34 +0800] "GET /wp-content/plugins/so-pinyin-slugs/inc/main_json.php HTTP/1.1" 301 20 "-" "Mozilla/5.0 (Windows NT 10.0; Win64; x64) AppleWebKit/537.36 (KHTML, like Gecko) Chrome/58.0.3029.110 Safari/537.3"
85.203.21.20 - - [04/Apr/2026:00:13:35 +0800] "GET /wp-content/plugins/so-pinyin-slugs/inc/main_json.php HTTP/1.1" 404 15695 "http://thegreenscapecollective.com.au/wp-content/plugins/so-pinyin-slugs/inc/main_json.php" "Mozilla/5.0 (Windows NT 10.0; Win64; x64) AppleWebKit/537.36 (KHTML, like Gecko) Chrome/58.0.3029.110 Safari/537.3"
