43.173.174.104 - - [03/Apr/2026:12:16:45 +0800] "GET /wp-json/contact-form-7/v1/contact-forms/889/feedback/schema HTTP/1.1" 200 682 "https://thegreenscapecollective.com.au/" "Mozilla/5.0 (Windows NT 10.0; Win64; x64) AppleWebKit/537.36 (KHTML, like Gecko) Chrome/117.0.0.0 Safari/537.36"
43.173.178.149 - - [03/Apr/2026:12:16:44 +0800] "GET /wp-json/contact-form-7/v1/contact-forms/893/feedback/schema HTTP/1.1" 200 736 "https://thegreenscapecollective.com.au/" "Mozilla/5.0 (Windows NT 10.0; Win64; x64) AppleWebKit/537.36 (KHTML, like Gecko) Chrome/117.0.0.0 Safari/537.36"
43.173.181.242 - - [03/Apr/2026:12:16:45 +0800] "GET /wp-json/contact-form-7/v1/contact-forms/892/feedback/schema HTTP/1.1" 200 678 "https://thegreenscapecollective.com.au/" "Mozilla/5.0 (Windows NT 10.0; Win64; x64) AppleWebKit/537.36 (KHTML, like Gecko) Chrome/117.0.0.0 Safari/537.36"
43.173.181.230 - - [03/Apr/2026:12:16:49 +0800] "GET / HTTP/1.1" 301 20 "-" "Mozilla/5.0 (Windows NT 10.0; Win64; x64) AppleWebKit/537.36 (KHTML, like Gecko) Chrome/111.0.0.0 Safari/537.36"
43.173.181.230 - - [03/Apr/2026:12:16:51 +0800] "GET / HTTP/1.1" 200 22008 "http://thegreenscapecollective.com.au" "Mozilla/5.0 (Windows NT 10.0; Win64; x64) AppleWebKit/537.36 (KHTML, like Gecko) Chrome/111.0.0.0 Safari/537.36"
3.214.212.20 - - [03/Apr/2026:12:17:05 +0800] "GET / HTTP/1.1" 200 22004 "-" "Mozilla/5.0 (Windows NT 10.0; Win64; x64) AppleWebKit/537.36"
3.214.212.20 - - [03/Apr/2026:12:17:07 +0800] "GET /wp-includes/js/jquery/jquery.min.js?ver=3.7.1 HTTP/1.1" 200 30368 "https://thegreenscapecollective.com.au/" "Mozilla/5.0 (Windows NT 10.0; Win64; x64) AppleWebKit/537.36"
3.214.212.20 - - [03/Apr/2026:12:17:07 +0800] "GET /wp-content/plugins/autoptimize/classes/external/js/lazysizes.min.js?ao_version=3.1.15 HTTP/1.1" 200 4122 "https://thegreenscapecollective.com.au/" "Mozilla/5.0 (Windows NT 10.0; Win64; x64) AppleWebKit/537.36"
3.214.212.20 - - [03/Apr/2026:12:17:07 +0800] "GET /wp-includes/js/dist/hooks.min.js?ver=dd5603f07f9220ed27f1 HTTP/1.1" 200 1941 "https://thegreenscapecollective.com.au/" "Mozilla/5.0 (Windows NT 10.0; Win64; x64) AppleWebKit/537.36"
3.214.212.20 - - [03/Apr/2026:12:17:07 +0800] "GET /wp-includes/js/dist/i18n.min.js?ver=c26c3dc7bed366793375 HTTP/1.1" 200 2229 "https://thegreenscapecollective.com.au/" "Mozilla/5.0 (Windows NT 10.0; Win64; x64) AppleWebKit/537.36"
3.214.212.20 - - [03/Apr/2026:12:17:07 +0800] "GET /wp-includes/js/dist/vendor/wp-polyfill.min.js?ver=3.15.0 HTTP/1.1" 200 11852 "https://thegreenscapecollective.com.au/" "Mozilla/5.0 (Windows NT 10.0; Win64; x64) AppleWebKit/537.36"
3.214.212.20 - - [03/Apr/2026:12:17:07 +0800] "GET /wp-content/cache/autoptimize/js/autoptimize_ab496bd2c807e734c892193f0f86f2bc.js HTTP/1.1" 200 63340 "https://thegreenscapecollective.com.au/" "Mozilla/5.0 (Windows NT 10.0; Win64; x64) AppleWebKit/537.36"
3.214.212.20 - - [03/Apr/2026:12:17:08 +0800] "GET /wp-json/contact-form-7/v1/contact-forms/893/feedback/schema HTTP/1.1" 200 736 "https://thegreenscapecollective.com.au/" "Mozilla/5.0 (Windows NT 10.0; Win64; x64) AppleWebKit/537.36"
3.214.212.20 - - [03/Apr/2026:12:17:08 +0800] "GET /wp-json/contact-form-7/v1/contact-forms/892/feedback/schema HTTP/1.1" 200 678 "https://thegreenscapecollective.com.au/" "Mozilla/5.0 (Windows NT 10.0; Win64; x64) AppleWebKit/537.36"
3.214.212.20 - - [03/Apr/2026:12:17:08 +0800] "GET /wp-json/contact-form-7/v1/contact-forms/891/feedback/schema HTTP/1.1" 200 736 "https://thegreenscapecollective.com.au/" "Mozilla/5.0 (Windows NT 10.0; Win64; x64) AppleWebKit/537.36"
3.214.212.20 - - [03/Apr/2026:12:17:08 +0800] "GET /wp-content/cache/autoptimize/js/gutenslider-js.js HTTP/1.1" 410 17833 "https://thegreenscapecollective.com.au/" "Mozilla/5.0 (Windows NT 10.0; Win64; x64) AppleWebKit/537.36"
3.214.212.20 - - [03/Apr/2026:12:17:09 +0800] "GET /wp-content/uploads/2020/10/cropped-greenscape-favicon-2-32x32.png HTTP/1.1" 200 2496 "https://thegreenscapecollective.com.au/" "Mozilla/5.0 (Windows NT 10.0; Win64; x64) AppleWebKit/537.36"
3.214.212.20 - - [03/Apr/2026:12:17:08 +0800] "GET /wp-json/contact-form-7/v1/contact-forms/889/feedback/schema HTTP/1.1" 200 682 "https://thegreenscapecollective.com.au/" "Mozilla/5.0 (Windows NT 10.0; Win64; x64) AppleWebKit/537.36"
103.4.122.14 - - [03/Apr/2026:12:29:51 +0800] "POST /wp-cron.php?doing_wp_cron=1775190591.5457260608673095703125 HTTP/1.1" 200 20 "-" "WordPress/6.9.4; https://thegreenscapecollective.com.au"
197.2.196.242 - - [03/Apr/2026:12:29:50 +0800] "GET /?p=3 HTTP/1.1" 301 20 "-" "Mozilla/5.0 (Macintosh; Intel Mac OS X 10_15_7) AppleWebKit/537.36 (KHTML, like Gecko) Chrome/89.0.4389.105 Safari/537.36"
197.2.196.242 - - [03/Apr/2026:12:29:52 +0800] "GET /privacy-policy/ HTTP/1.1" 200 16629 "-" "Mozilla/5.0 (Macintosh; Intel Mac OS X 10_15_7) AppleWebKit/537.36 (KHTML, like Gecko) Chrome/89.0.4389.105 Safari/537.36"
176.31.139.2 - - [03/Apr/2026:12:30:50 +0800] "GET / HTTP/1.1" 200 22008 "-" "Mozilla/5.0 (compatible; AhrefsBot/7.0; +http://ahrefs.com/robot/)"
202.8.42.27 - - [03/Apr/2026:12:30:53 +0800] "GET /wp-json/contact-form-7/v1/contact-forms/892/feedback/schema HTTP/1.1" 200 678 "https://thegreenscapecollective.com.au/" "Mozilla/5.0 (compatible; AhrefsBot/7.0; +http://ahrefs.com/robot/)"
202.8.42.27 - - [03/Apr/2026:12:30:53 +0800] "GET /wp-json/contact-form-7/v1/contact-forms/893/feedback/schema HTTP/1.1" 200 736 "https://thegreenscapecollective.com.au/" "Mozilla/5.0 (compatible; AhrefsBot/7.0; +http://ahrefs.com/robot/)"
202.8.42.27 - - [03/Apr/2026:12:30:53 +0800] "GET /wp-json/contact-form-7/v1/contact-forms/889/feedback/schema HTTP/1.1" 200 682 "https://thegreenscapecollective.com.au/" "Mozilla/5.0 (compatible; AhrefsBot/7.0; +http://ahrefs.com/robot/)"
202.8.42.27 - - [03/Apr/2026:12:30:53 +0800] "GET /wp-json/contact-form-7/v1/contact-forms/891/feedback/schema HTTP/1.1" 200 736 "https://thegreenscapecollective.com.au/" "Mozilla/5.0 (compatible; AhrefsBot/7.0; +http://ahrefs.com/robot/)"
202.8.42.27 - - [03/Apr/2026:12:30:53 +0800] "GET /wp-content/cache/autoptimize/js/gutenslider-js.js HTTP/1.1" 410 17833 "https://thegreenscapecollective.com.au/" "Mozilla/5.0 (compatible; AhrefsBot/7.0; +http://ahrefs.com/robot/)"
103.4.122.14 - - [03/Apr/2026:12:37:07 +0800] "POST /wp-cron.php?doing_wp_cron=1775191027.2175490856170654296875 HTTP/1.1" 200 20 "-" "WordPress/6.9.4; https://thegreenscapecollective.com.au"
57.141.14.14 - - [03/Apr/2026:12:37:05 +0800] "GET /services/ HTTP/1.1" 200 127800 "-" "meta-externalagent/1.1 (+https://developers.facebook.com/docs/sharing/webmasters/crawler)"
103.4.122.14 - - [03/Apr/2026:12:46:26 +0800] "POST /wp-cron.php?doing_wp_cron=1775191586.5430240631103515625000 HTTP/1.1" 200 20 "-" "WordPress/6.9.4; https://thegreenscapecollective.com.au"
186.1.186.21 - - [03/Apr/2026:12:46:25 +0800] "GET /contact/tel:0861025202 HTTP/1.1" 404 15200 "-" "Mozilla/5.0 (Macintosh; Intel Mac OS X 10_12_0) AppleWebKit/537.36 (KHTML, like Gecko) Chrome/68.0.3409.631 Safari/537.36"
103.4.122.14 - - [03/Apr/2026:12:54:24 +0800] "POST /wp-cron.php?doing_wp_cron=1775192064.4968969821929931640625 HTTP/1.1" 200 20 "-" "WordPress/6.9.4; https://thegreenscapecollective.com.au"
14.187.167.104 - - [03/Apr/2026:12:54:23 +0800] "GET /blog/ HTTP/1.1" 200 17395 "-" "Mozilla/5.0 (Windows NT 10.0; WOW64; x64) AppleWebKit/537.36 (KHTML, like Gecko) Chrome/105.0.5118.205 Safari/537.36"
103.4.122.14 - - [03/Apr/2026:12:57:52 +0800] "POST /wp-cron.php?doing_wp_cron=1775192272.4325509071350097656250 HTTP/1.1" 200 20 "-" "WordPress/6.9.4; https://thegreenscapecollective.com.au"
69.171.231.14 - - [03/Apr/2026:12:57:51 +0800] "GET /robots.txt HTTP/1.1" 200 188 "-" "facebookexternalhit/1.1 (+http://www.facebook.com/externalhit_uatext.php)"
14.245.77.9 - - [03/Apr/2026:12:58:54 +0800] "GET /category/garden-creation/tel:0861025202 HTTP/1.1" 404 15211 "-" "Mozilla/5.0 (Macintosh; Intel Mac OS X 10_15_7) AppleWebKit/537.36 (KHTML, like Gecko) Chrome/96.0.4664.55 Safari/537.36"
103.4.122.14 - - [03/Apr/2026:13:04:07 +0800] "POST /wp-cron.php?doing_wp_cron=1775192647.2501668930053710937500 HTTP/1.1" 200 20 "-" "WordPress/6.9.4; https://thegreenscapecollective.com.au"
216.73.216.190 - - [03/Apr/2026:13:04:06 +0800] "GET /robots.txt HTTP/1.1" 200 140 "-" "Mozilla/5.0 AppleWebKit/537.36 (KHTML, like Gecko; compatible; ClaudeBot/1.0; +claudebot@anthropic.com)"
216.73.216.190 - - [03/Apr/2026:13:04:07 +0800] "GET /sitemap_index.xml HTTP/1.1" 200 385 "-" "Mozilla/5.0 AppleWebKit/537.36 (KHTML, like Gecko; compatible; ClaudeBot/1.0; +claudebot@anthropic.com)"
57.141.14.109 - - [03/Apr/2026:13:06:06 +0800] "GET /about/ HTTP/1.1" 200 133421 "-" "meta-externalagent/1.1 (+https://developers.facebook.com/docs/sharing/webmasters/crawler)"
103.4.122.14 - - [03/Apr/2026:13:12:07 +0800] "POST /wp-cron.php?doing_wp_cron=1775193127.1217620372772216796875 HTTP/1.1" 200 20 "-" "WordPress/6.9.4; https://thegreenscapecollective.com.au"
114.225.228.106 - - [03/Apr/2026:13:12:06 +0800] "GET /petscaping-your-garden HTTP/1.1" 301 20 "-" "Mozilla/5.0 (Macintosh; Intel Mac OS X 10_15_7) AppleWebKit/537.36 (KHTML, like Gecko) Chrome/140.0.0.0 Safari/537.36"
103.4.122.14 - - [03/Apr/2026:13:16:58 +0800] "POST /wp-cron.php?doing_wp_cron=1775193418.2494430541992187500000 HTTP/1.1" 200 20 "-" "WordPress/6.9.4; https://thegreenscapecollective.com.au"
121.237.36.29 - - [03/Apr/2026:13:16:56 +0800] "GET / HTTP/1.1" 200 22004 "-" "Mozilla/5.0 (X11; U; Linux i686; en-US; rv:1.9b3pre) Gecko/2008010415 Firefox/3.0b"
103.4.122.14 - - [03/Apr/2026:13:18:08 +0800] "POST /wp-cron.php?doing_wp_cron=1775193487.7766480445861816406250 HTTP/1.1" 200 20 "-" "WordPress/6.9.4; https://thegreenscapecollective.com.au"
121.237.36.31 - - [03/Apr/2026:13:18:06 +0800] "GET /favicon.ico HTTP/1.1" 302 20 "-" "Dalvik/2.1.0 (Linux; U; Android 9.0; ZTE BA520 Build/MRA58K)"
121.237.36.31 - - [03/Apr/2026:13:18:08 +0800] "GET /wp-content/uploads/2020/10/cropped-greenscape-favicon-2-32x32.png HTTP/1.1" 200 2496 "-" "Dalvik/2.1.0 (Linux; U; Android 9.0; ZTE BA520 Build/MRA58K)"
123.243.24.133 - - [03/Apr/2026:13:22:28 +0800] "GET /wp-content/uploads/2020/12/Toothbrush-Grevillea.jpg HTTP/1.1" 200 152987 "https://au.images.search.yahoo.com/search/images;_ylt=Awrx.LRWTc9pApoGkPsN5gt.;_ylu=c2VjA3NlYXJjaARzbGsDYnV0dG9u;_ylc=X1MDMjExNDcwOTAwNQRfcgMyBGZyA21jYWZlZQRmcjIDcDpzLHY6aSxtOnNiLXRvcARncHJpZANoN0JtMGRxT1J5R1NkXy5JOHl4U3FBBG5fcnNsdAMwBG5fc3VnZwMxMARvcmlnaW4DYXUuaW1hZ2VzLnNlYXJjaC55YWhvby5jb20EcG9zAzAEcHFzdHIDBHBxc3RybAMwBHFzdHJsAzU3BHF1ZXJ5A3Nob3clMjBsb3ZlbHklMjBnYXJkZW5zJTIwaW4lMjBzdHJhaWdodCUyMGxpbmUlMjBmb3IlMjBwZXJ0aCUyMHdhJTIwY2xpbWF0ZQR0X3N0bXADMTc3NTE5MzU5OQ--?p=show+lovely+gardens+in+straight+line+for+perth+wa+climate&fr=mcafee&fr2=p%3As%2Cv%3Ai%2Cm%3Asb-top&ei=UTF-8&x=wrt" "Mozilla/5.0 (Windows NT 10.0; Win64; x64) AppleWebKit/537.36 (KHTML, like Gecko) Chrome/146.0.0.0 Safari/537.36"
60.241.153.107 - - [03/Apr/2026:13:22:38 +0800] "GET / HTTP/1.1" 200 22004 "-" "Mozilla/5.0 (Linux; Android 10; K) AppleWebKit/537.36 (KHTML, like Gecko) Chrome/146.0.0.0 Mobile Safari/537.36"
60.241.153.107 - - [03/Apr/2026:13:22:39 +0800] "GET /wp-content/uploads/2020/10/greenscapeaugust-0030-1536x1024.jpg HTTP/1.1" 200 436322 "https://thegreenscapecollective.com.au/" "Mozilla/5.0 (Linux; Android 10; K) AppleWebKit/537.36 (KHTML, like Gecko) Chrome/146.0.0.0 Mobile Safari/537.36"
60.241.153.107 - - [03/Apr/2026:13:22:39 +0800] "GET /wp-content/cache/autoptimize/css/autoptimize_2e02926ac66b065cdef3e3d343893e11.css HTTP/1.1" 200 52362 "https://thegreenscapecollective.com.au/" "Mozilla/5.0 (Linux; Android 10; K) AppleWebKit/537.36 (KHTML, like Gecko) Chrome/146.0.0.0 Mobile Safari/537.36"
60.241.153.107 - - [03/Apr/2026:13:22:40 +0800] "GET /wp-content/plugins/autoptimize/classes/external/js/lazysizes.min.js?ao_version=3.1.15 HTTP/1.1" 200 4122 "https://thegreenscapecollective.com.au/" "Mozilla/5.0 (Linux; Android 10; K) AppleWebKit/537.36 (KHTML, like Gecko) Chrome/146.0.0.0 Mobile Safari/537.36"
60.241.153.107 - - [03/Apr/2026:13:22:40 +0800] "GET /wp-json/contact-form-7/v1/contact-forms/893/feedback/schema HTTP/1.1" 200 736 "https://thegreenscapecollective.com.au/" "Mozilla/5.0 (Linux; Android 10; K) AppleWebKit/537.36 (KHTML, like Gecko) Chrome/146.0.0.0 Mobile Safari/537.36"
60.241.153.107 - - [03/Apr/2026:13:22:40 +0800] "GET /wp-json/contact-form-7/v1/contact-forms/889/feedback/schema HTTP/1.1" 200 682 "https://thegreenscapecollective.com.au/" "Mozilla/5.0 (Linux; Android 10; K) AppleWebKit/537.36 (KHTML, like Gecko) Chrome/146.0.0.0 Mobile Safari/537.36"
60.241.153.107 - - [03/Apr/2026:13:22:40 +0800] "GET /wp-json/contact-form-7/v1/contact-forms/892/feedback/schema HTTP/1.1" 200 678 "https://thegreenscapecollective.com.au/" "Mozilla/5.0 (Linux; Android 10; K) AppleWebKit/537.36 (KHTML, like Gecko) Chrome/146.0.0.0 Mobile Safari/537.36"
60.241.153.107 - - [03/Apr/2026:13:22:40 +0800] "GET /wp-content/cache/autoptimize/js/gutenslider-js.js HTTP/1.1" 410 17833 "https://thegreenscapecollective.com.au/" "Mozilla/5.0 (Linux; Android 10; K) AppleWebKit/537.36 (KHTML, like Gecko) Chrome/146.0.0.0 Mobile Safari/537.36"
60.241.153.107 - - [03/Apr/2026:13:22:40 +0800] "GET /wp-json/contact-form-7/v1/contact-forms/891/feedback/schema HTTP/1.1" 200 736 "https://thegreenscapecollective.com.au/" "Mozilla/5.0 (Linux; Android 10; K) AppleWebKit/537.36 (KHTML, like Gecko) Chrome/146.0.0.0 Mobile Safari/537.36"
103.4.122.14 - - [03/Apr/2026:13:22:54 +0800] "POST /wp-cron.php?doing_wp_cron=1775193774.7039880752563476562500 HTTP/1.1" 200 20 "-" "WordPress/6.9.4; https://thegreenscapecollective.com.au"
60.241.153.107 - - [03/Apr/2026:13:22:53 +0800] "GET /services/landscape-and-garden-design/ HTTP/1.1" 200 17023 "https://thegreenscapecollective.com.au/" "Mozilla/5.0 (Linux; Android 10; K) AppleWebKit/537.36 (KHTML, like Gecko) Chrome/146.0.0.0 Mobile Safari/537.36"
60.241.153.107 - - [03/Apr/2026:13:22:54 +0800] "GET /wp-content/cache/autoptimize/css/autoptimize_097dea125fa5174069b601e3d5938f73.css HTTP/1.1" 200 49632 "https://thegreenscapecollective.com.au/services/landscape-and-garden-design/" "Mozilla/5.0 (Linux; Android 10; K) AppleWebKit/537.36 (KHTML, like Gecko) Chrome/146.0.0.0 Mobile Safari/537.36"
60.241.153.107 - - [03/Apr/2026:13:22:54 +0800] "GET /wp-content/cache/autoptimize/js/autoptimize_608318ece1b0c8452f17313c8b437743.js HTTP/1.1" 200 61064 "https://thegreenscapecollective.com.au/services/landscape-and-garden-design/" "Mozilla/5.0 (Linux; Android 10; K) AppleWebKit/537.36 (KHTML, like Gecko) Chrome/146.0.0.0 Mobile Safari/537.36"
60.241.153.107 - - [03/Apr/2026:13:22:55 +0800] "GET /wp-content/uploads/2020/10/design-concepts.png HTTP/1.1" 200 5742 "https://thegreenscapecollective.com.au/services/landscape-and-garden-design/" "Mozilla/5.0 (Linux; Android 10; K) AppleWebKit/537.36 (KHTML, like Gecko) Chrome/146.0.0.0 Mobile Safari/537.36"
60.241.153.107 - - [03/Apr/2026:13:22:55 +0800] "GET /wp-content/uploads/2020/10/create.jpg HTTP/1.1" 200 313628 "https://thegreenscapecollective.com.au/services/landscape-and-garden-design/" "Mozilla/5.0 (Linux; Android 10; K) AppleWebKit/537.36 (KHTML, like Gecko) Chrome/146.0.0.0 Mobile Safari/537.36"
60.241.153.107 - - [03/Apr/2026:13:22:55 +0800] "GET /wp-json/contact-form-7/v1/contact-forms/893/feedback/schema HTTP/1.1" 200 736 "https://thegreenscapecollective.com.au/services/landscape-and-garden-design/" "Mozilla/5.0 (Linux; Android 10; K) AppleWebKit/537.36 (KHTML, like Gecko) Chrome/146.0.0.0 Mobile Safari/537.36"
60.241.153.107 - - [03/Apr/2026:13:22:55 +0800] "GET /wp-json/contact-form-7/v1/contact-forms/892/feedback/schema HTTP/1.1" 200 678 "https://thegreenscapecollective.com.au/services/landscape-and-garden-design/" "Mozilla/5.0 (Linux; Android 10; K) AppleWebKit/537.36 (KHTML, like Gecko) Chrome/146.0.0.0 Mobile Safari/537.36"
60.241.153.107 - - [03/Apr/2026:13:22:55 +0800] "GET /wp-json/contact-form-7/v1/contact-forms/891/feedback/schema HTTP/1.1" 200 736 "https://thegreenscapecollective.com.au/services/landscape-and-garden-design/" "Mozilla/5.0 (Linux; Android 10; K) AppleWebKit/537.36 (KHTML, like Gecko) Chrome/146.0.0.0 Mobile Safari/537.36"
60.241.153.107 - - [03/Apr/2026:13:22:55 +0800] "GET /wp-json/contact-form-7/v1/contact-forms/889/feedback/schema HTTP/1.1" 200 682 "https://thegreenscapecollective.com.au/services/landscape-and-garden-design/" "Mozilla/5.0 (Linux; Android 10; K) AppleWebKit/537.36 (KHTML, like Gecko) Chrome/146.0.0.0 Mobile Safari/537.36"
60.241.153.107 - - [03/Apr/2026:13:22:57 +0800] "GET /wp-content/uploads/2020/10/basic-package.png HTTP/1.1" 200 3533 "https://thegreenscapecollective.com.au/services/landscape-and-garden-design/" "Mozilla/5.0 (Linux; Android 10; K) AppleWebKit/537.36 (KHTML, like Gecko) Chrome/146.0.0.0 Mobile Safari/537.36"
60.241.153.107 - - [03/Apr/2026:13:23:01 +0800] "GET /wp-content/uploads/2020/10/3d.png HTTP/1.1" 200 4165 "https://thegreenscapecollective.com.au/services/landscape-and-garden-design/" "Mozilla/5.0 (Linux; Android 10; K) AppleWebKit/537.36 (KHTML, like Gecko) Chrome/146.0.0.0 Mobile Safari/537.36"
60.241.153.107 - - [03/Apr/2026:13:23:17 +0800] "GET /about/ HTTP/1.1" 200 18750 "https://thegreenscapecollective.com.au/services/landscape-and-garden-design/" "Mozilla/5.0 (Linux; Android 10; K) AppleWebKit/537.36 (KHTML, like Gecko) Chrome/146.0.0.0 Mobile Safari/537.36"
60.241.153.107 - - [03/Apr/2026:13:23:19 +0800] "GET /wp-content/cache/autoptimize/css/autoptimize_96b68dd506dffc123c52aa39a661bd82.css HTTP/1.1" 200 49646 "https://thegreenscapecollective.com.au/about/" "Mozilla/5.0 (Linux; Android 10; K) AppleWebKit/537.36 (KHTML, like Gecko) Chrome/146.0.0.0 Mobile Safari/537.36"
60.241.153.107 - - [03/Apr/2026:13:23:19 +0800] "GET /wp-content/cache/autoptimize/css/autoptimize_single_fe8f181541bb22b337e01d4d0d362cb4.css?ver=1765807811 HTTP/1.1" 200 777 "https://thegreenscapecollective.com.au/about/" "Mozilla/5.0 (Linux; Android 10; K) AppleWebKit/537.36 (KHTML, like Gecko) Chrome/146.0.0.0 Mobile Safari/537.36"
60.241.153.107 - - [03/Apr/2026:13:23:19 +0800] "GET /wp-json/contact-form-7/v1/contact-forms/893/feedback/schema HTTP/1.1" 200 736 "https://thegreenscapecollective.com.au/about/" "Mozilla/5.0 (Linux; Android 10; K) AppleWebKit/537.36 (KHTML, like Gecko) Chrome/146.0.0.0 Mobile Safari/537.36"
60.241.153.107 - - [03/Apr/2026:13:23:19 +0800] "GET /wp-json/contact-form-7/v1/contact-forms/892/feedback/schema HTTP/1.1" 200 678 "https://thegreenscapecollective.com.au/about/" "Mozilla/5.0 (Linux; Android 10; K) AppleWebKit/537.36 (KHTML, like Gecko) Chrome/146.0.0.0 Mobile Safari/537.36"
60.241.153.107 - - [03/Apr/2026:13:23:19 +0800] "GET /wp-json/contact-form-7/v1/contact-forms/891/feedback/schema HTTP/1.1" 200 736 "https://thegreenscapecollective.com.au/about/" "Mozilla/5.0 (Linux; Android 10; K) AppleWebKit/537.36 (KHTML, like Gecko) Chrome/146.0.0.0 Mobile Safari/537.36"
60.241.153.107 - - [03/Apr/2026:13:23:19 +0800] "GET /wp-json/contact-form-7/v1/contact-forms/889/feedback/schema HTTP/1.1" 200 682 "https://thegreenscapecollective.com.au/about/" "Mozilla/5.0 (Linux; Android 10; K) AppleWebKit/537.36 (KHTML, like Gecko) Chrome/146.0.0.0 Mobile Safari/537.36"
60.241.153.107 - - [03/Apr/2026:13:23:19 +0800] "GET /wp-content/uploads/2020/10/about.jpg HTTP/1.1" 200 595897 "https://thegreenscapecollective.com.au/about/" "Mozilla/5.0 (Linux; Android 10; K) AppleWebKit/537.36 (KHTML, like Gecko) Chrome/146.0.0.0 Mobile Safari/537.36"
60.241.153.107 - - [03/Apr/2026:13:23:20 +0800] "GET /wp-content/uploads/2020/10/group-profile-users.png HTTP/1.1" 200 6001 "https://thegreenscapecollective.com.au/about/" "Mozilla/5.0 (Linux; Android 10; K) AppleWebKit/537.36 (KHTML, like Gecko) Chrome/146.0.0.0 Mobile Safari/537.36"
60.241.153.107 - - [03/Apr/2026:13:23:26 +0800] "GET /wp-content/uploads/2020/10/notepad.png HTTP/1.1" 200 4350 "https://thegreenscapecollective.com.au/about/" "Mozilla/5.0 (Linux; Android 10; K) AppleWebKit/537.36 (KHTML, like Gecko) Chrome/146.0.0.0 Mobile Safari/537.36"
60.241.153.107 - - [03/Apr/2026:13:23:30 +0800] "GET /wp-content/uploads/2020/10/piggy-bank.png HTTP/1.1" 200 5931 "https://thegreenscapecollective.com.au/about/" "Mozilla/5.0 (Linux; Android 10; K) AppleWebKit/537.36 (KHTML, like Gecko) Chrome/146.0.0.0 Mobile Safari/537.36"
60.241.153.107 - - [03/Apr/2026:13:23:30 +0800] "GET /wp-content/uploads/2020/10/thumbs-up-hand-symbol.png HTTP/1.1" 200 3653 "https://thegreenscapecollective.com.au/about/" "Mozilla/5.0 (Linux; Android 10; K) AppleWebKit/537.36 (KHTML, like Gecko) Chrome/146.0.0.0 Mobile Safari/537.36"
60.241.153.107 - - [03/Apr/2026:13:23:38 +0800] "GET /wp-content/uploads/2020/10/get-to-know-each-other.jpg HTTP/1.1" 200 43739 "https://thegreenscapecollective.com.au/about/" "Mozilla/5.0 (Linux; Android 10; K) AppleWebKit/537.36 (KHTML, like Gecko) Chrome/146.0.0.0 Mobile Safari/537.36"
60.241.153.107 - - [03/Apr/2026:13:23:43 +0800] "GET /wp-content/uploads/2020/10/create-beautiful-gardens.jpg HTTP/1.1" 200 49808 "https://thegreenscapecollective.com.au/about/" "Mozilla/5.0 (Linux; Android 10; K) AppleWebKit/537.36 (KHTML, like Gecko) Chrome/146.0.0.0 Mobile Safari/537.36"
60.241.153.107 - - [03/Apr/2026:13:23:55 +0800] "GET /wp-content/uploads/2020/10/bring-your-dream-garden-to-life.jpg HTTP/1.1" 200 48247 "https://thegreenscapecollective.com.au/about/" "Mozilla/5.0 (Linux; Android 10; K) AppleWebKit/537.36 (KHTML, like Gecko) Chrome/146.0.0.0 Mobile Safari/537.36"
60.241.153.107 - - [03/Apr/2026:13:24:06 +0800] "GET /wp-content/uploads/2020/10/let-you-relax-and-unwind.jpg HTTP/1.1" 200 31009 "https://thegreenscapecollective.com.au/about/" "Mozilla/5.0 (Linux; Android 10; K) AppleWebKit/537.36 (KHTML, like Gecko) Chrome/146.0.0.0 Mobile Safari/537.36"
60.241.153.107 - - [03/Apr/2026:13:24:44 +0800] "GET /about/ HTTP/1.1" 200 18750 "https://thegreenscapecollective.com.au/services/landscape-and-garden-design/" "Mozilla/5.0 (Linux; Android 10; K) AppleWebKit/537.36 (KHTML, like Gecko) Chrome/146.0.0.0 Mobile Safari/537.36"
60.241.153.107 - - [03/Apr/2026:13:24:46 +0800] "GET /wp-json/contact-form-7/v1/contact-forms/893/feedback/schema HTTP/1.1" 200 736 "https://thegreenscapecollective.com.au/about/" "Mozilla/5.0 (Linux; Android 10; K) AppleWebKit/537.36 (KHTML, like Gecko) Chrome/146.0.0.0 Mobile Safari/537.36"
60.241.153.107 - - [03/Apr/2026:13:24:46 +0800] "GET /wp-json/contact-form-7/v1/contact-forms/892/feedback/schema HTTP/1.1" 200 678 "https://thegreenscapecollective.com.au/about/" "Mozilla/5.0 (Linux; Android 10; K) AppleWebKit/537.36 (KHTML, like Gecko) Chrome/146.0.0.0 Mobile Safari/537.36"
60.241.153.107 - - [03/Apr/2026:13:24:46 +0800] "GET /wp-json/contact-form-7/v1/contact-forms/891/feedback/schema HTTP/1.1" 200 736 "https://thegreenscapecollective.com.au/about/" "Mozilla/5.0 (Linux; Android 10; K) AppleWebKit/537.36 (KHTML, like Gecko) Chrome/146.0.0.0 Mobile Safari/537.36"
60.241.153.107 - - [03/Apr/2026:13:24:46 +0800] "GET /wp-json/contact-form-7/v1/contact-forms/889/feedback/schema HTTP/1.1" 200 682 "https://thegreenscapecollective.com.au/about/" "Mozilla/5.0 (Linux; Android 10; K) AppleWebKit/537.36 (KHTML, like Gecko) Chrome/146.0.0.0 Mobile Safari/537.36"
60.241.153.107 - - [03/Apr/2026:13:26:53 +0800] "GET /blog/ HTTP/1.1" 200 17395 "https://thegreenscapecollective.com.au/about/" "Mozilla/5.0 (Linux; Android 10; K) AppleWebKit/537.36 (KHTML, like Gecko) Chrome/146.0.0.0 Mobile Safari/537.36"
60.241.153.107 - - [03/Apr/2026:13:26:55 +0800] "GET /wp-content/cache/autoptimize/css/autoptimize_fb04fa34b281d3bcf05b85921840dd2f.css HTTP/1.1" 200 49011 "https://thegreenscapecollective.com.au/blog/" "Mozilla/5.0 (Linux; Android 10; K) AppleWebKit/537.36 (KHTML, like Gecko) Chrome/146.0.0.0 Mobile Safari/537.36"
60.241.153.107 - - [03/Apr/2026:13:26:55 +0800] "GET /wp-content/cache/autoptimize/css/autoptimize_single_5b5ec5fc01aa64b66afee8fea7c6014a.css?ver=1765809515 HTTP/1.1" 200 959 "https://thegreenscapecollective.com.au/blog/" "Mozilla/5.0 (Linux; Android 10; K) AppleWebKit/537.36 (KHTML, like Gecko) Chrome/146.0.0.0 Mobile Safari/537.36"
60.241.153.107 - - [03/Apr/2026:13:26:55 +0800] "GET /wp-content/uploads/2020/12/Toothbrush-Grevillea-150x150.jpg HTTP/1.1" 200 10732 "https://thegreenscapecollective.com.au/blog/" "Mozilla/5.0 (Linux; Android 10; K) AppleWebKit/537.36 (KHTML, like Gecko) Chrome/146.0.0.0 Mobile Safari/537.36"
60.241.153.107 - - [03/Apr/2026:13:26:55 +0800] "GET /wp-content/uploads/2020/10/blog.jpg HTTP/1.1" 200 257007 "https://thegreenscapecollective.com.au/blog/" "Mozilla/5.0 (Linux; Android 10; K) AppleWebKit/537.36 (KHTML, like Gecko) Chrome/146.0.0.0 Mobile Safari/537.36"
60.241.153.107 - - [03/Apr/2026:13:26:55 +0800] "GET /wp-json/contact-form-7/v1/contact-forms/893/feedback/schema HTTP/1.1" 200 736 "https://thegreenscapecollective.com.au/blog/" "Mozilla/5.0 (Linux; Android 10; K) AppleWebKit/537.36 (KHTML, like Gecko) Chrome/146.0.0.0 Mobile Safari/537.36"
60.241.153.107 - - [03/Apr/2026:13:26:55 +0800] "GET /wp-json/contact-form-7/v1/contact-forms/892/feedback/schema HTTP/1.1" 200 678 "https://thegreenscapecollective.com.au/blog/" "Mozilla/5.0 (Linux; Android 10; K) AppleWebKit/537.36 (KHTML, like Gecko) Chrome/146.0.0.0 Mobile Safari/537.36"
60.241.153.107 - - [03/Apr/2026:13:26:55 +0800] "GET /wp-json/contact-form-7/v1/contact-forms/889/feedback/schema HTTP/1.1" 200 682 "https://thegreenscapecollective.com.au/blog/" "Mozilla/5.0 (Linux; Android 10; K) AppleWebKit/537.36 (KHTML, like Gecko) Chrome/146.0.0.0 Mobile Safari/537.36"
60.241.153.107 - - [03/Apr/2026:13:26:55 +0800] "GET /wp-json/contact-form-7/v1/contact-forms/891/feedback/schema HTTP/1.1" 200 736 "https://thegreenscapecollective.com.au/blog/" "Mozilla/5.0 (Linux; Android 10; K) AppleWebKit/537.36 (KHTML, like Gecko) Chrome/146.0.0.0 Mobile Safari/537.36"
60.241.153.107 - - [03/Apr/2026:13:26:58 +0800] "GET /wp-content/uploads/2020/10/create-150x150.jpg HTTP/1.1" 200 9628 "https://thegreenscapecollective.com.au/blog/" "Mozilla/5.0 (Linux; Android 10; K) AppleWebKit/537.36 (KHTML, like Gecko) Chrome/146.0.0.0 Mobile Safari/537.36"
60.241.153.107 - - [03/Apr/2026:13:27:03 +0800] "GET /wp-content/uploads/2020/05/city-of-perth-parklet-150x150.jpg HTTP/1.1" 200 7560 "https://thegreenscapecollective.com.au/blog/" "Mozilla/5.0 (Linux; Android 10; K) AppleWebKit/537.36 (KHTML, like Gecko) Chrome/146.0.0.0 Mobile Safari/537.36"
60.241.153.107 - - [03/Apr/2026:13:27:07 +0800] "GET /wp-content/uploads/2020/01/top-5-garden-trends-150x150.jpg HTTP/1.1" 200 5265 "https://thegreenscapecollective.com.au/blog/" "Mozilla/5.0 (Linux; Android 10; K) AppleWebKit/537.36 (KHTML, like Gecko) Chrome/146.0.0.0 Mobile Safari/537.36"
60.241.153.107 - - [03/Apr/2026:13:27:09 +0800] "GET /wp-content/uploads/2020/10/about-150x150.jpg HTTP/1.1" 200 9537 "https://thegreenscapecollective.com.au/blog/" "Mozilla/5.0 (Linux; Android 10; K) AppleWebKit/537.36 (KHTML, like Gecko) Chrome/146.0.0.0 Mobile Safari/537.36"
60.241.153.107 - - [03/Apr/2026:13:27:12 +0800] "GET /wp-content/uploads/2020/10/contact-150x150.jpg HTTP/1.1" 200 8485 "https://thegreenscapecollective.com.au/blog/" "Mozilla/5.0 (Linux; Android 10; K) AppleWebKit/537.36 (KHTML, like Gecko) Chrome/146.0.0.0 Mobile Safari/537.36"
60.241.153.107 - - [03/Apr/2026:13:27:14 +0800] "GET /wp-content/uploads/2019/10/petscaping-your-garden-150x150.jpg HTTP/1.1" 200 8483 "https://thegreenscapecollective.com.au/blog/" "Mozilla/5.0 (Linux; Android 10; K) AppleWebKit/537.36 (KHTML, like Gecko) Chrome/146.0.0.0 Mobile Safari/537.36"
60.241.153.107 - - [03/Apr/2026:13:27:15 +0800] "GET /wp-content/uploads/2018/12/How-to-create-a-low-allergen-garden-in-Perth-150x150.jpg HTTP/1.1" 200 5914 "https://thegreenscapecollective.com.au/blog/" "Mozilla/5.0 (Linux; Android 10; K) AppleWebKit/537.36 (KHTML, like Gecko) Chrome/146.0.0.0 Mobile Safari/537.36"
60.241.153.107 - - [03/Apr/2026:13:27:19 +0800] "GET /wp-json/pum/v1/analytics/?event=open&pid=895&_cache=1775194039975 HTTP/1.1" 204 - "https://thegreenscapecollective.com.au/blog/" "Mozilla/5.0 (Linux; Android 10; K) AppleWebKit/537.36 (KHTML, like Gecko) Chrome/146.0.0.0 Mobile Safari/537.36"
103.4.122.14 - - [03/Apr/2026:13:28:17 +0800] "POST /wp-cron.php?doing_wp_cron=1775194097.7164320945739746093750 HTTP/1.1" 200 20 "-" "WordPress/6.9.4; https://thegreenscapecollective.com.au"
60.241.153.107 - - [03/Apr/2026:13:28:16 +0800] "GET /wp-content/cache/autoptimize/js/gutenslider-js.js HTTP/1.1" 410 17833 "https://thegreenscapecollective.com.au/" "Mozilla/5.0 (Linux; Android 10; K) AppleWebKit/537.36 (KHTML, like Gecko) Chrome/146.0.0.0 Mobile Safari/537.36"
180.181.250.152 - - [03/Apr/2026:13:39:12 +0800] "GET /wp-content/uploads/2020/12/Native-Fuchsia.jpg HTTP/1.1" 200 59054 "-" "com.google.GoogleMobile/414.0 iPhone/18.5 hw/iPhone14_7"
103.4.122.14 - - [03/Apr/2026:13:39:50 +0800] "POST /wp-cron.php?doing_wp_cron=1775194789.8784139156341552734375 HTTP/1.1" 200 20 "-" "WordPress/6.9.4; https://thegreenscapecollective.com.au"
193.34.47.179 - - [03/Apr/2026:13:39:48 +0800] "GET /robots.txt HTTP/1.1" 200 140 "-" "Mozilla/5.0 (Macintosh; Intel Mac OS X 12.4; rv:131.0) Gecko/20100101 Firefox/131.0"
105.235.133.219 - - [03/Apr/2026:13:39:53 +0800] "GET /sitemap_index.xml HTTP/1.1" 200 385 "-" "Mozilla/5.0 (Macintosh; Intel Mac OS X 14.4; rv:135.0) Gecko/20100101 Firefox/135.0"
198.163.194.38 - - [03/Apr/2026:13:39:55 +0800] "GET /terms-of-service/tel:0861025202 HTTP/1.1" 404 15201 "-" "Mozilla/5.0 (Macintosh; Intel Mac OS X 10_11_3) AppleWebKit/537.36 (KHTML, like Gecko) Chrome/68.0.3409.1 Safari/537.36"
180.181.250.152 - - [03/Apr/2026:13:40:09 +0800] "GET /wp-content/uploads/2020/12/Toothbrush-Grevillea.jpg HTTP/1.1" 200 152987 "-" "com.google.GoogleMobile/414.0 iPhone/18.5 hw/iPhone14_7"
66.249.75.160 - - [03/Apr/2026:13:46:12 +0800] "GET /wp-content/uploads/2020/12/Native-Fuchsia.jpg HTTP/1.1" 304 - "-" "Googlebot-Image/1.0"
103.4.122.14 - - [03/Apr/2026:13:46:50 +0800] "POST /wp-cron.php?doing_wp_cron=1775195210.0862839221954345703125 HTTP/1.1" 200 20 "-" "WordPress/6.9.4; https://thegreenscapecollective.com.au"
185.91.208.91 - - [03/Apr/2026:13:46:49 +0800] "GET /page-sitemap.xml HTTP/1.1" 200 1061 "-" "Mozilla/5.0 (Macintosh; Intel Mac OS X 11_5_1) AppleWebKit/537.36 (KHTML, like Gecko) Chrome/124.0.6367.155 Safari/537.36"
102.67.201.140 - - [03/Apr/2026:13:47:22 +0800] "GET /post-sitemap.xml HTTP/1.1" 200 949 "-" "Mozilla/5.0 (Macintosh; Intel Mac OS X 15.1; rv:128.0) Gecko/20100101 Firefox/128.0"
103.4.122.14 - - [03/Apr/2026:13:54:27 +0800] "POST /wp-cron.php?doing_wp_cron=1775195667.0843360424041748046875 HTTP/1.1" 200 20 "-" "WordPress/6.9.4; https://thegreenscapecollective.com.au"
37.59.204.145 - - [03/Apr/2026:13:54:26 +0800] "GET /sitemap_index.xml HTTP/1.1" 200 385 "-" "Mozilla/5.0 (compatible; AhrefsBot/7.0; +http://ahrefs.com/robot/)"
51.68.247.193 - - [03/Apr/2026:13:54:33 +0800] "GET /post-sitemap.xml HTTP/1.1" 200 949 "-" "Mozilla/5.0 (compatible; AhrefsBot/7.0; +http://ahrefs.com/robot/)"
92.222.104.193 - - [03/Apr/2026:13:54:36 +0800] "GET /page-sitemap.xml HTTP/1.1" 200 1061 "-" "Mozilla/5.0 (compatible; AhrefsBot/7.0; +http://ahrefs.com/robot/)"
51.75.236.130 - - [03/Apr/2026:13:54:39 +0800] "GET /testimonial-sitemap.xml HTTP/1.1" 200 433 "-" "Mozilla/5.0 (compatible; AhrefsBot/7.0; +http://ahrefs.com/robot/)"
51.75.236.129 - - [03/Apr/2026:13:54:48 +0800] "GET /category-sitemap.xml HTTP/1.1" 200 406 "-" "Mozilla/5.0 (compatible; AhrefsBot/7.0; +http://ahrefs.com/robot/)"
92.222.108.96 - - [03/Apr/2026:13:55:00 +0800] "GET /post_tag-sitemap.xml HTTP/1.1" 200 397 "-" "Mozilla/5.0 (compatible; AhrefsBot/7.0; +http://ahrefs.com/robot/)"
51.68.247.196 - - [03/Apr/2026:13:55:04 +0800] "GET /author-sitemap.xml HTTP/1.1" 200 377 "-" "Mozilla/5.0 (compatible; AhrefsBot/7.0; +http://ahrefs.com/robot/)"
146.174.164.57 - - [03/Apr/2026:13:55:18 +0800] "GET /post_tag-sitemap.xml HTTP/1.1" 200 397 "-" "Mozilla/5.0 (Windows NT 10.0; Win64; x64) AppleWebKit/537.36 (KHTML, like Gecko) Chrome/133.0.6943.141 Safari/537.36"
185.194.8.37 - - [03/Apr/2026:13:56:18 +0800] "GET /category-sitemap.xml HTTP/1.1" 200 406 "-" "Mozilla/5.0 (Macintosh; Intel Mac OS X 11_1_0) AppleWebKit/537.36 (KHTML, like Gecko) Chrome/128.0.6613.84 Safari/537.36"
103.4.122.14 - - [03/Apr/2026:13:59:08 +0800] "POST /wp-cron.php?doing_wp_cron=1775195948.7421369552612304687500 HTTP/1.1" 200 20 "-" "WordPress/6.9.4; https://thegreenscapecollective.com.au"
136.158.41.39 - - [03/Apr/2026:13:59:07 +0800] "GET /author-sitemap.xml HTTP/1.1" 200 377 "-" "Mozilla/5.0 (Macintosh; Intel Mac OS X 11.5; rv:130.0) Gecko/20100101 Firefox/130.0"
121.237.36.29 - - [03/Apr/2026:13:59:48 +0800] "GET / HTTP/1.1" 200 22010 "-" "Dalvik/2.1.0 (Linux; U; Android 9.0; ZTE BA520 Build/MRA58K)"
180.252.168.165 - - [03/Apr/2026:14:00:59 +0800] "GET /testimonial-sitemap.xml HTTP/1.1" 200 433 "-" "Mozilla/5.0 (Macintosh; Intel Mac OS X 12_6_0) AppleWebKit/537.36 (KHTML, like Gecko) Chrome/132.0.6834.83 Safari/537.36"
14.235.242.177 - - [03/Apr/2026:14:01:25 +0800] "GET /wormscaping-how-to-build-an-in-ground-worm-farm/tel:0861025202 HTTP/1.1" 404 15227 "-" "Mozilla/5.0 (Macintosh; Intel Mac OS X 11_0_1) AppleWebKit/537.36 (KHTML, like Gecko) Chrome/87.0.4280.88 Safari/537.36"
103.4.122.14 - - [03/Apr/2026:14:04:07 +0800] "POST /wp-cron.php?doing_wp_cron=1775196247.6706030368804931640625 HTTP/1.1" 200 20 "-" "WordPress/6.9.4; https://thegreenscapecollective.com.au"
49.234.192.248 - - [03/Apr/2026:14:11:39 +0800] "GET / HTTP/1.1" 403 199 "-" "Mozilla/5.0 (iPhone; CPU iPhone OS 13_2_3 like Mac OS X) AppleWebKit/605.1.15 (KHTML, like Gecko) Version/13.0.3 Mobile/15E148 Safari/604.1"
103.4.122.14 - - [03/Apr/2026:14:17:11 +0800] "POST /wp-cron.php?doing_wp_cron=1775197031.7778689861297607421875 HTTP/1.1" 200 20 "-" "WordPress/6.9.4; https://thegreenscapecollective.com.au"
20.63.102.187 - - [03/Apr/2026:14:17:10 +0800] "GET //wp-content/plugins/fix/up.php HTTP/1.1" 301 20 "-" "Mozilla/5.0 (Windows NT 10.0; Win64; x64) AppleWebKit/537.36 (KHTML, like Gecko) Chrome/85.0.4183.102 Safari/537.36"
20.63.102.187 - - [03/Apr/2026:14:17:12 +0800] "GET //wp-content/plugins/fix/up.php HTTP/1.1" 301 20 "-" "Mozilla/5.0 (Windows NT 10.0; Win64; x64) AppleWebKit/537.36 (KHTML, like Gecko) Chrome/85.0.4183.102 Safari/537.36"
20.63.102.187 - - [03/Apr/2026:14:17:13 +0800] "GET /wp-content/plugins/fix/up.php HTTP/1.1" 404 15682 "-" "Mozilla/5.0 (Windows NT 10.0; Win64; x64) AppleWebKit/537.36 (KHTML, like Gecko) Chrome/85.0.4183.102 Safari/537.36"
66.249.75.160 - - [03/Apr/2026:14:19:17 +0800] "GET /wp-content/uploads/2020/12/Toothbrush-Grevillea-150x150.jpg HTTP/1.1" 304 - "-" "Googlebot-Image/1.0"
207.170.179.172 - - [03/Apr/2026:14:24:01 +0800] "GET / HTTP/1.1" 301 247 "-" "Mozilla/5.0 (Windows NT 10.0; Win64; x64) AppleWebKit/537.36 (KHTML, like Gecko) Chrome/145.0.0.0 Safari/537.36"
103.4.122.14 - - [03/Apr/2026:14:28:06 +0800] "POST /wp-cron.php?doing_wp_cron=1775197686.0437610149383544921875 HTTP/1.1" 200 20 "-" "WordPress/6.9.4; https://thegreenscapecollective.com.au"
14.185.18.95 - - [03/Apr/2026:14:28:04 +0800] "GET /australian-native-alternatives-to-the-christmas-tree/tel:0861025202 HTTP/1.1" 404 15229 "-" "Mozilla/5.0 (Windows NT 6.1) AppleWebKit/537.36 (KHTML, like Gecko) Chrome/95.0.4638.69 Safari/537.36"
104.36.180.61 - - [03/Apr/2026:14:30:00 +0800] "GET /australian-native-alternatives-to-the-christmas-tree/ HTTP/1.1" 200 17970 "-" "Mozilla/5.0 (Macintosh; Intel Mac OS X 10_15_7) AppleWebKit/537.36 (KHTML, like Gecko) Chrome/142.0.0.0 Safari/537.36"
23.226.210.198 - - [03/Apr/2026:14:30:11 +0800] "GET /the-top-5-garden-trends-arriving-in-2020/ HTTP/1.1" 200 17713 "-" "Mozilla/5.0 (Macintosh; Intel Mac OS X 10_15_7) AppleWebKit/537.36 (KHTML, like Gecko) Chrome/142.0.0.0 Safari/537.36"
103.4.122.14 - - [03/Apr/2026:14:39:05 +0800] "POST /wp-cron.php?doing_wp_cron=1775198345.0959830284118652343750 HTTP/1.1" 200 20 "-" "WordPress/6.9.4; https://thegreenscapecollective.com.au"
57.141.14.44 - - [03/Apr/2026:14:39:03 +0800] "GET / HTTP/1.1" 200 188062 "-" "meta-externalagent/1.1 (+https://developers.facebook.com/docs/sharing/webmasters/crawler)"
159.196.132.76 - - [03/Apr/2026:14:40:56 +0800] "GET / HTTP/1.1" 301 247 "https://www.google.com/" "Mozilla/5.0 (Windows NT 10.0; Win64; x64) AppleWebKit/537.36 (KHTML, like Gecko) Chrome/142.0.0.0 Safari/537.36 Edg/142.0.0.0"
159.196.132.76 - - [03/Apr/2026:14:40:56 +0800] "GET / HTTP/1.1" 200 22005 "https://www.google.com/" "Mozilla/5.0 (Windows NT 10.0; Win64; x64) AppleWebKit/537.36 (KHTML, like Gecko) Chrome/142.0.0.0 Safari/537.36 Edg/142.0.0.0"
159.196.132.76 - - [03/Apr/2026:14:40:57 +0800] "GET /wp-content/cache/autoptimize/css/autoptimize_2e02926ac66b065cdef3e3d343893e11.css HTTP/1.1" 200 52362 "https://thegreenscapecollective.com.au/" "Mozilla/5.0 (Windows NT 10.0; Win64; x64) AppleWebKit/537.36 (KHTML, like Gecko) Chrome/142.0.0.0 Safari/537.36 Edg/142.0.0.0"
159.196.132.76 - - [03/Apr/2026:14:40:57 +0800] "GET /wp-content/cache/autoptimize/css/autoptimize_single_a0e61596f3f196c3460ed19f7d818fe7.css?generated=1755196485&ver=1.21.5 HTTP/1.1" 200 3059 "https://thegreenscapecollective.com.au/" "Mozilla/5.0 (Windows NT 10.0; Win64; x64) AppleWebKit/537.36 (KHTML, like Gecko) Chrome/142.0.0.0 Safari/537.36 Edg/142.0.0.0"
159.196.132.76 - - [03/Apr/2026:14:40:57 +0800] "GET /wp-includes/css/dashicons.min.css?ver=6.9.4 HTTP/1.1" 200 35721 "https://thegreenscapecollective.com.au/" "Mozilla/5.0 (Windows NT 10.0; Win64; x64) AppleWebKit/537.36 (KHTML, like Gecko) Chrome/142.0.0.0 Safari/537.36 Edg/142.0.0.0"
159.196.132.76 - - [03/Apr/2026:14:40:58 +0800] "GET /wp-content/cache/autoptimize/css/autoptimize_single_c3c5d54ef606327a4025aefb8e32211e.css?ver=1765800085 HTTP/1.1" 200 633 "https://thegreenscapecollective.com.au/" "Mozilla/5.0 (Windows NT 10.0; Win64; x64) AppleWebKit/537.36 (KHTML, like Gecko) Chrome/142.0.0.0 Safari/537.36 Edg/142.0.0.0"
159.196.132.76 - - [03/Apr/2026:14:40:58 +0800] "GET /wp-includes/js/jquery/jquery.min.js?ver=3.7.1 HTTP/1.1" 200 30368 "https://thegreenscapecollective.com.au/" "Mozilla/5.0 (Windows NT 10.0; Win64; x64) AppleWebKit/537.36 (KHTML, like Gecko) Chrome/142.0.0.0 Safari/537.36 Edg/142.0.0.0"
159.196.132.76 - - [03/Apr/2026:14:40:58 +0800] "GET /wp-includes/js/dist/hooks.min.js?ver=dd5603f07f9220ed27f1 HTTP/1.1" 200 1941 "https://thegreenscapecollective.com.au/" "Mozilla/5.0 (Windows NT 10.0; Win64; x64) AppleWebKit/537.36 (KHTML, like Gecko) Chrome/142.0.0.0 Safari/537.36 Edg/142.0.0.0"
159.196.132.76 - - [03/Apr/2026:14:40:58 +0800] "GET /wp-includes/js/dist/i18n.min.js?ver=c26c3dc7bed366793375 HTTP/1.1" 200 2229 "https://thegreenscapecollective.com.au/" "Mozilla/5.0 (Windows NT 10.0; Win64; x64) AppleWebKit/537.36 (KHTML, like Gecko) Chrome/142.0.0.0 Safari/537.36 Edg/142.0.0.0"
159.196.132.76 - - [03/Apr/2026:14:40:58 +0800] "GET /wp-includes/js/dist/vendor/wp-polyfill.min.js?ver=3.15.0 HTTP/1.1" 200 11852 "https://thegreenscapecollective.com.au/" "Mozilla/5.0 (Windows NT 10.0; Win64; x64) AppleWebKit/537.36 (KHTML, like Gecko) Chrome/142.0.0.0 Safari/537.36 Edg/142.0.0.0"
159.196.132.76 - - [03/Apr/2026:14:40:58 +0800] "GET /wp-content/uploads/2020/10/greenscapeaugust-0030-2048x1365.jpg HTTP/1.1" 200 690951 "https://thegreenscapecollective.com.au/" "Mozilla/5.0 (Windows NT 10.0; Win64; x64) AppleWebKit/537.36 (KHTML, like Gecko) Chrome/142.0.0.0 Safari/537.36 Edg/142.0.0.0"
159.196.132.76 - - [03/Apr/2026:14:40:58 +0800] "GET /wp-content/plugins/autoptimize/classes/external/js/lazysizes.min.js?ao_version=3.1.15 HTTP/1.1" 200 4122 "https://thegreenscapecollective.com.au/" "Mozilla/5.0 (Windows NT 10.0; Win64; x64) AppleWebKit/537.36 (KHTML, like Gecko) Chrome/142.0.0.0 Safari/537.36 Edg/142.0.0.0"
159.196.132.76 - - [03/Apr/2026:14:40:58 +0800] "GET /wp-content/uploads/2020/10/right-arrow-green.png HTTP/1.1" 200 2211 "https://thegreenscapecollective.com.au/wp-content/cache/autoptimize/css/autoptimize_2e02926ac66b065cdef3e3d343893e11.css" "Mozilla/5.0 (Windows NT 10.0; Win64; x64) AppleWebKit/537.36 (KHTML, like Gecko) Chrome/142.0.0.0 Safari/537.36 Edg/142.0.0.0"
159.196.132.76 - - [03/Apr/2026:14:40:58 +0800] "GET /wp-content/uploads/2020/10/fingerprint.png HTTP/1.1" 200 49629 "https://thegreenscapecollective.com.au/wp-content/cache/autoptimize/css/autoptimize_single_c3c5d54ef606327a4025aefb8e32211e.css?ver=1765800085" "Mozilla/5.0 (Windows NT 10.0; Win64; x64) AppleWebKit/537.36 (KHTML, like Gecko) Chrome/142.0.0.0 Safari/537.36 Edg/142.0.0.0"
159.196.132.76 - - [03/Apr/2026:14:40:58 +0800] "GET /wp-content/cache/autoptimize/js/autoptimize_ab496bd2c807e734c892193f0f86f2bc.js HTTP/1.1" 200 63340 "https://thegreenscapecollective.com.au/" "Mozilla/5.0 (Windows NT 10.0; Win64; x64) AppleWebKit/537.36 (KHTML, like Gecko) Chrome/142.0.0.0 Safari/537.36 Edg/142.0.0.0"
159.196.132.76 - - [03/Apr/2026:14:40:58 +0800] "GET /wp-content/plugins/lightweight-social-icons/fonts/fontello.woff HTTP/1.1" 200 23328 "https://thegreenscapecollective.com.au/wp-content/cache/autoptimize/css/autoptimize_2e02926ac66b065cdef3e3d343893e11.css" "Mozilla/5.0 (Windows NT 10.0; Win64; x64) AppleWebKit/537.36 (KHTML, like Gecko) Chrome/142.0.0.0 Safari/537.36 Edg/142.0.0.0"
159.196.132.76 - - [03/Apr/2026:14:40:58 +0800] "GET /wp-content/uploads/2020/10/the-greenscape-collective.png HTTP/1.1" 200 28488 "https://thegreenscapecollective.com.au/" "Mozilla/5.0 (Windows NT 10.0; Win64; x64) AppleWebKit/537.36 (KHTML, like Gecko) Chrome/142.0.0.0 Safari/537.36 Edg/142.0.0.0"
159.196.132.76 - - [03/Apr/2026:14:40:58 +0800] "GET /wp-json/contact-form-7/v1/contact-forms/893/feedback/schema HTTP/1.1" 200 736 "https://thegreenscapecollective.com.au/" "Mozilla/5.0 (Windows NT 10.0; Win64; x64) AppleWebKit/537.36 (KHTML, like Gecko) Chrome/142.0.0.0 Safari/537.36 Edg/142.0.0.0"
159.196.132.76 - - [03/Apr/2026:14:40:58 +0800] "GET /wp-json/contact-form-7/v1/contact-forms/889/feedback/schema HTTP/1.1" 200 682 "https://thegreenscapecollective.com.au/" "Mozilla/5.0 (Windows NT 10.0; Win64; x64) AppleWebKit/537.36 (KHTML, like Gecko) Chrome/142.0.0.0 Safari/537.36 Edg/142.0.0.0"
159.196.132.76 - - [03/Apr/2026:14:40:58 +0800] "GET /wp-json/contact-form-7/v1/contact-forms/892/feedback/schema HTTP/1.1" 200 678 "https://thegreenscapecollective.com.au/" "Mozilla/5.0 (Windows NT 10.0; Win64; x64) AppleWebKit/537.36 (KHTML, like Gecko) Chrome/142.0.0.0 Safari/537.36 Edg/142.0.0.0"
159.196.132.76 - - [03/Apr/2026:14:40:58 +0800] "GET /wp-content/cache/autoptimize/js/gutenslider-js.js HTTP/1.1" 410 17833 "https://thegreenscapecollective.com.au/" "Mozilla/5.0 (Windows NT 10.0; Win64; x64) AppleWebKit/537.36 (KHTML, like Gecko) Chrome/142.0.0.0 Safari/537.36 Edg/142.0.0.0"
159.196.132.76 - - [03/Apr/2026:14:40:58 +0800] "GET /wp-json/contact-form-7/v1/contact-forms/891/feedback/schema HTTP/1.1" 200 736 "https://thegreenscapecollective.com.au/" "Mozilla/5.0 (Windows NT 10.0; Win64; x64) AppleWebKit/537.36 (KHTML, like Gecko) Chrome/142.0.0.0 Safari/537.36 Edg/142.0.0.0"
159.196.132.76 - - [03/Apr/2026:14:41:00 +0800] "GET /wp-content/uploads/2020/10/cropped-greenscape-favicon-2-32x32.png HTTP/1.1" 200 2496 "https://thegreenscapecollective.com.au/" "Mozilla/5.0 (Windows NT 10.0; Win64; x64) AppleWebKit/537.36 (KHTML, like Gecko) Chrome/142.0.0.0 Safari/537.36 Edg/142.0.0.0"
159.196.132.76 - - [03/Apr/2026:14:41:07 +0800] "GET /contact/ HTTP/1.1" 200 16206 "https://thegreenscapecollective.com.au/" "Mozilla/5.0 (Windows NT 10.0; Win64; x64) AppleWebKit/537.36 (KHTML, like Gecko) Chrome/142.0.0.0 Safari/537.36 Edg/142.0.0.0"
159.196.132.76 - - [03/Apr/2026:14:41:08 +0800] "GET /wp-content/cache/autoptimize/css/autoptimize_3d9422e908e46f207bed651ebb88557c.css HTTP/1.1" 200 49012 "https://thegreenscapecollective.com.au/contact/" "Mozilla/5.0 (Windows NT 10.0; Win64; x64) AppleWebKit/537.36 (KHTML, like Gecko) Chrome/142.0.0.0 Safari/537.36 Edg/142.0.0.0"
159.196.132.76 - - [03/Apr/2026:14:41:08 +0800] "GET /wp-content/cache/autoptimize/css/autoptimize_single_ddc831ce512729069ba9c17caf264e70.css?ver=1765809073 HTTP/1.1" 200 559 "https://thegreenscapecollective.com.au/contact/" "Mozilla/5.0 (Windows NT 10.0; Win64; x64) AppleWebKit/537.36 (KHTML, like Gecko) Chrome/142.0.0.0 Safari/537.36 Edg/142.0.0.0"
159.196.132.76 - - [03/Apr/2026:14:41:08 +0800] "GET /wp-content/cache/autoptimize/js/autoptimize_608318ece1b0c8452f17313c8b437743.js HTTP/1.1" 200 61064 "https://thegreenscapecollective.com.au/contact/" "Mozilla/5.0 (Windows NT 10.0; Win64; x64) AppleWebKit/537.36 (KHTML, like Gecko) Chrome/142.0.0.0 Safari/537.36 Edg/142.0.0.0"
159.196.132.76 - - [03/Apr/2026:14:41:08 +0800] "GET /wp-content/uploads/2020/10/contact.jpg HTTP/1.1" 200 325164 "https://thegreenscapecollective.com.au/contact/" "Mozilla/5.0 (Windows NT 10.0; Win64; x64) AppleWebKit/537.36 (KHTML, like Gecko) Chrome/142.0.0.0 Safari/537.36 Edg/142.0.0.0"
159.196.132.76 - - [03/Apr/2026:14:41:08 +0800] "GET /wp-json/contact-form-7/v1/contact-forms/904/feedback/schema HTTP/1.1" 200 553 "https://thegreenscapecollective.com.au/contact/" "Mozilla/5.0 (Windows NT 10.0; Win64; x64) AppleWebKit/537.36 (KHTML, like Gecko) Chrome/142.0.0.0 Safari/537.36 Edg/142.0.0.0"
159.196.132.76 - - [03/Apr/2026:14:41:08 +0800] "GET /wp-json/contact-form-7/v1/contact-forms/892/feedback/schema HTTP/1.1" 200 678 "https://thegreenscapecollective.com.au/contact/" "Mozilla/5.0 (Windows NT 10.0; Win64; x64) AppleWebKit/537.36 (KHTML, like Gecko) Chrome/142.0.0.0 Safari/537.36 Edg/142.0.0.0"
159.196.132.76 - - [03/Apr/2026:14:41:08 +0800] "GET /wp-json/contact-form-7/v1/contact-forms/893/feedback/schema HTTP/1.1" 200 736 "https://thegreenscapecollective.com.au/contact/" "Mozilla/5.0 (Windows NT 10.0; Win64; x64) AppleWebKit/537.36 (KHTML, like Gecko) Chrome/142.0.0.0 Safari/537.36 Edg/142.0.0.0"
159.196.132.76 - - [03/Apr/2026:14:41:08 +0800] "GET /wp-json/contact-form-7/v1/contact-forms/891/feedback/schema HTTP/1.1" 200 736 "https://thegreenscapecollective.com.au/contact/" "Mozilla/5.0 (Windows NT 10.0; Win64; x64) AppleWebKit/537.36 (KHTML, like Gecko) Chrome/142.0.0.0 Safari/537.36 Edg/142.0.0.0"
159.196.132.76 - - [03/Apr/2026:14:41:08 +0800] "GET /wp-json/contact-form-7/v1/contact-forms/889/feedback/schema HTTP/1.1" 200 682 "https://thegreenscapecollective.com.au/contact/" "Mozilla/5.0 (Windows NT 10.0; Win64; x64) AppleWebKit/537.36 (KHTML, like Gecko) Chrome/142.0.0.0 Safari/537.36 Edg/142.0.0.0"
159.196.132.76 - - [03/Apr/2026:14:41:24 +0800] "GET /contact/ HTTP/1.1" 200 16206 "https://thegreenscapecollective.com.au/contact/" "Mozilla/5.0 (Windows NT 10.0; Win64; x64) AppleWebKit/537.36 (KHTML, like Gecko) Chrome/142.0.0.0 Safari/537.36 Edg/142.0.0.0"
159.196.132.76 - - [03/Apr/2026:14:41:26 +0800] "GET /wp-json/contact-form-7/v1/contact-forms/893/feedback/schema HTTP/1.1" 200 736 "https://thegreenscapecollective.com.au/contact/" "Mozilla/5.0 (Windows NT 10.0; Win64; x64) AppleWebKit/537.36 (KHTML, like Gecko) Chrome/142.0.0.0 Safari/537.36 Edg/142.0.0.0"
159.196.132.76 - - [03/Apr/2026:14:41:26 +0800] "GET /wp-json/contact-form-7/v1/contact-forms/904/feedback/schema HTTP/1.1" 200 553 "https://thegreenscapecollective.com.au/contact/" "Mozilla/5.0 (Windows NT 10.0; Win64; x64) AppleWebKit/537.36 (KHTML, like Gecko) Chrome/142.0.0.0 Safari/537.36 Edg/142.0.0.0"
159.196.132.76 - - [03/Apr/2026:14:41:26 +0800] "GET /wp-json/contact-form-7/v1/contact-forms/892/feedback/schema HTTP/1.1" 200 678 "https://thegreenscapecollective.com.au/contact/" "Mozilla/5.0 (Windows NT 10.0; Win64; x64) AppleWebKit/537.36 (KHTML, like Gecko) Chrome/142.0.0.0 Safari/537.36 Edg/142.0.0.0"
159.196.132.76 - - [03/Apr/2026:14:41:26 +0800] "GET /wp-json/contact-form-7/v1/contact-forms/891/feedback/schema HTTP/1.1" 200 736 "https://thegreenscapecollective.com.au/contact/" "Mozilla/5.0 (Windows NT 10.0; Win64; x64) AppleWebKit/537.36 (KHTML, like Gecko) Chrome/142.0.0.0 Safari/537.36 Edg/142.0.0.0"
159.196.132.76 - - [03/Apr/2026:14:41:26 +0800] "GET /wp-json/contact-form-7/v1/contact-forms/889/feedback/schema HTTP/1.1" 200 682 "https://thegreenscapecollective.com.au/contact/" "Mozilla/5.0 (Windows NT 10.0; Win64; x64) AppleWebKit/537.36 (KHTML, like Gecko) Chrome/142.0.0.0 Safari/537.36 Edg/142.0.0.0"
103.4.122.14 - - [03/Apr/2026:14:46:42 +0800] "POST /wp-cron.php?doing_wp_cron=1775198802.5736479759216308593750 HTTP/1.1" 200 20 "-" "WordPress/6.9.4; https://thegreenscapecollective.com.au"
159.196.132.76 - - [03/Apr/2026:14:46:39 +0800] "POST /wp-json/contact-form-7/v1/contact-forms/904/feedback HTTP/1.1" 200 182 "https://thegreenscapecollective.com.au/contact/" "Mozilla/5.0 (Windows NT 10.0; Win64; x64) AppleWebKit/537.36 (KHTML, like Gecko) Chrome/142.0.0.0 Safari/537.36 Edg/142.0.0.0"
159.196.132.76 - - [03/Apr/2026:14:46:42 +0800] "GET /wp-json/contact-form-7/v1/contact-forms/904/refill HTTP/1.1" 200 22 "https://thegreenscapecollective.com.au/contact/" "Mozilla/5.0 (Windows NT 10.0; Win64; x64) AppleWebKit/537.36 (KHTML, like Gecko) Chrome/142.0.0.0 Safari/537.36 Edg/142.0.0.0"
103.4.122.14 - - [03/Apr/2026:14:49:06 +0800] "POST /wp-cron.php?doing_wp_cron=1775198946.6822879314422607421875 HTTP/1.1" 200 20 "-" "WordPress/6.9.4; https://thegreenscapecollective.com.au"
207.180.11.67 - - [03/Apr/2026:14:49:05 +0800] "GET /wp-json/oembed/1.0/embed?format=xml&url=https%3A%2F%2Fthegreenscapecollective.com.au%2Fterms-of-service%2F HTTP/1.1" 200 1252 "-" "Mozilla/5.0 (Macintosh; Intel Mac OS X 10_15_7) AppleWebKit/537.36 (KHTML, like Gecko) Chrome/135.0.0.0 Safari/537.36"
51.68.107.139 - - [03/Apr/2026:14:49:37 +0800] "GET /robots.txt HTTP/1.1" 200 140 "-" "Mozilla/5.0 (compatible; MJ12bot/v2.0.5; http://mj12bot.com/)"
51.68.107.139 - - [03/Apr/2026:14:49:38 +0800] "GET / HTTP/1.1" 200 22010 "-" "Mozilla/5.0 (compatible; MJ12bot/v2.0.5; http://mj12bot.com/)"
