34.23.175.138 - - [03/Apr/2026:03:07:14 +0800] "HEAD /blog/ HTTP/1.1" 200 - "https://www.thegreenscapecollective.com.au/blog/" "Mozilla/5.0 (Linux; Android 12; Redmi Note 11) AppleWebKit/537.36 (KHTML, like Gecko) Chrome/123.0.6312.112 Mobile Safari/537.36"
34.23.175.138 - - [03/Apr/2026:03:07:15 +0800] "HEAD / HTTP/1.1" 301 - "-" "Mozilla/5.0 (Windows NT 10.0; Win64; x64) AppleWebKit/537.36 (KHTML, like Gecko) Chrome/127.0.6534.42 Safari/537.36"
34.23.175.138 - - [03/Apr/2026:03:07:16 +0800] "HEAD / HTTP/1.1" 200 - "http://www.thegreenscapecollective.com.au/" "Mozilla/5.0 (Windows NT 10.0; Win64; x64) AppleWebKit/537.36 (KHTML, like Gecko) Chrome/127.0.6534.42 Safari/537.36"
34.23.175.138 - - [03/Apr/2026:03:07:17 +0800] "HEAD /backup/ HTTP/1.1" 301 - "-" "Mozilla/5.0 (Windows NT 10.0; Win64; x64) AppleWebKit/537.36 (KHTML, like Gecko) Chrome/127.0.6534.42 Safari/537.36"
34.23.175.138 - - [03/Apr/2026:03:07:18 +0800] "HEAD /backup/ HTTP/1.1" 301 - "http://www.thegreenscapecollective.com.au/backup/" "Mozilla/5.0 (Windows NT 10.0; Win64; x64) AppleWebKit/537.36 (KHTML, like Gecko) Chrome/127.0.6534.42 Safari/537.36"
34.23.175.138 - - [03/Apr/2026:03:07:19 +0800] "HEAD /backup/ HTTP/1.1" 404 - "https://www.thegreenscapecollective.com.au/backup/" "Mozilla/5.0 (Windows NT 10.0; Win64; x64) AppleWebKit/537.36 (KHTML, like Gecko) Chrome/127.0.6534.42 Safari/537.36"
34.23.175.138 - - [03/Apr/2026:03:07:20 +0800] "HEAD /wp/ HTTP/1.1" 301 - "-" "Mozilla/5.0 (Linux; Android 14; SM-A146P) AppleWebKit/537.36 (KHTML, like Gecko) SamsungBrowser/25.0 Chrome/123.0.6312.120 Mobile Safari/537.36"
34.23.175.138 - - [03/Apr/2026:03:07:21 +0800] "HEAD /wp/ HTTP/1.1" 301 - "http://www.thegreenscapecollective.com.au/wp/" "Mozilla/5.0 (Linux; Android 14; SM-A146P) AppleWebKit/537.36 (KHTML, like Gecko) SamsungBrowser/25.0 Chrome/123.0.6312.120 Mobile Safari/537.36"
34.23.175.138 - - [03/Apr/2026:03:07:22 +0800] "HEAD /wp/ HTTP/1.1" 404 - "https://www.thegreenscapecollective.com.au/wp/" "Mozilla/5.0 (Linux; Android 14; SM-A146P) AppleWebKit/537.36 (KHTML, like Gecko) SamsungBrowser/25.0 Chrome/123.0.6312.120 Mobile Safari/537.36"
34.23.175.138 - - [03/Apr/2026:03:07:23 +0800] "HEAD /new/ HTTP/1.1" 301 - "-" "Mozilla/5.0 (Linux; Android 14; Xiaomi 14 Pro) AppleWebKit/537.36 (KHTML, like Gecko) Chrome/126.0.6478.33 Mobile Safari/537.36"
34.23.175.138 - - [03/Apr/2026:03:07:24 +0800] "HEAD /new/ HTTP/1.1" 301 - "http://www.thegreenscapecollective.com.au/new/" "Mozilla/5.0 (Linux; Android 14; Xiaomi 14 Pro) AppleWebKit/537.36 (KHTML, like Gecko) Chrome/126.0.6478.33 Mobile Safari/537.36"
34.23.175.138 - - [03/Apr/2026:03:07:25 +0800] "HEAD /new/ HTTP/1.1" 404 - "https://www.thegreenscapecollective.com.au/new/" "Mozilla/5.0 (Linux; Android 14; Xiaomi 14 Pro) AppleWebKit/537.36 (KHTML, like Gecko) Chrome/126.0.6478.33 Mobile Safari/537.36"
34.23.175.138 - - [03/Apr/2026:03:07:26 +0800] "HEAD /old/ HTTP/1.1" 301 - "-" "Mozilla/5.0 (Linux; Android 11; moto g31) AppleWebKit/537.36 (KHTML, like Gecko) Chrome/122.0.6261.96 Mobile Safari/537.36"
34.23.175.138 - - [03/Apr/2026:03:07:27 +0800] "HEAD /old/ HTTP/1.1" 301 - "http://www.thegreenscapecollective.com.au/old/" "Mozilla/5.0 (Linux; Android 11; moto g31) AppleWebKit/537.36 (KHTML, like Gecko) Chrome/122.0.6261.96 Mobile Safari/537.36"
34.23.175.138 - - [03/Apr/2026:03:07:28 +0800] "HEAD /old/ HTTP/1.1" 404 - "https://www.thegreenscapecollective.com.au/old/" "Mozilla/5.0 (Linux; Android 11; moto g31) AppleWebKit/537.36 (KHTML, like Gecko) Chrome/122.0.6261.96 Mobile Safari/537.36"
103.4.122.14 - - [03/Apr/2026:03:20:17 +0800] "POST /wp-cron.php?doing_wp_cron=1775157616.9919540882110595703125 HTTP/1.1" 200 20 "-" "WordPress/6.9.4; https://thegreenscapecollective.com.au"
111.225.148.234 - - [03/Apr/2026:03:20:16 +0800] "GET /robots.txt HTTP/1.1" 200 140 "-" "Mozilla/5.0 (Linux; Android 5.0) AppleWebKit/537.36 (KHTML, like Gecko) Mobile Safari/537.36 (compatible; Bytespider; https://zhanzhang.toutiao.com/)"
171.5.135.201 - - [03/Apr/2026:03:22:19 +0800] "GET /wp-json/wp/v2/posts HTTP/1.1" 301 20 "-" "Mozilla/5.0 (Windows NT 10.0; Win64; x64) AppleWebKit/537.36 (KHTML, like Gecko) Chrome/120.0.0.0 Safari/537.36"
103.4.122.14 - - [03/Apr/2026:03:24:02 +0800] "POST /wp-cron.php?doing_wp_cron=1775157842.3761799335479736328125 HTTP/1.1" 200 20 "-" "WordPress/6.9.4; https://thegreenscapecollective.com.au"
186.189.77.80 - - [03/Apr/2026:03:24:01 +0800] "GET /about/ HTTP/1.1" 200 18749 "-" "Mozilla/5.0 (Macintosh; Intel Mac OS X 10_15_7) AppleWebKit/537.36 (KHTML, like Gecko) Chrome/96.0.4664.45 Safari/537.36"
91.39.183.173 - - [03/Apr/2026:03:25:21 +0800] "GET /?s=spacetourismus-spacetourism HTTP/1.1" 200 15420 "-" "Mozilla/5.0 (Windows NT 10.0; Win64; x64; rv:149.0) Gecko/20100101 Firefox/149.0"
103.4.122.14 - - [03/Apr/2026:03:37:34 +0800] "POST /wp-cron.php?doing_wp_cron=1775158654.0884659290313720703125 HTTP/1.1" 200 20 "-" "WordPress/6.9.4; https://thegreenscapecollective.com.au"
14.231.249.61 - - [03/Apr/2026:03:37:32 +0800] "GET /city-of-perth-parklet/ HTTP/1.1" 200 16878 "-" "Mozilla/5.0 (Macintosh; Intel Mac OS X 15_2_0) AppleWebKit/537.36 (KHTML, like Gecko) Chrome/125.0.6422.60 Safari/537.36"
103.4.122.14 - - [03/Apr/2026:03:41:20 +0800] "POST /wp-cron.php?doing_wp_cron=1775158879.8815970420837402343750 HTTP/1.1" 200 20 "-" "WordPress/6.9.4; https://thegreenscapecollective.com.au"
14.183.208.51 - - [03/Apr/2026:03:41:18 +0800] "GET /privacy-policy/ HTTP/1.1" 200 16628 "-" "Mozilla/5.0 (Macintosh; Intel Mac OS X 10_13_6) AppleWebKit/537.36 (KHTML, like Gecko) Chrome/84.0.4147.125 Safari/537.36"
103.4.122.14 - - [03/Apr/2026:03:45:06 +0800] "POST /wp-cron.php?doing_wp_cron=1775159106.6096639633178710937500 HTTP/1.1" 200 20 "-" "WordPress/6.9.4; https://thegreenscapecollective.com.au"
20.63.47.115 - - [03/Apr/2026:03:45:05 +0800] "GET /wp-content/plugins/hellopress/wp_filemanager.php HTTP/1.1" 301 - "-" "-"
20.63.47.115 - - [03/Apr/2026:03:45:07 +0800] "GET /wp-content/plugins/hellopress/wp_filemanager.php HTTP/1.1" 404 122984 "-" "-"
20.63.47.115 - - [03/Apr/2026:03:45:09 +0800] "GET /wp-Blogs.php HTTP/1.1" 301 - "-" "-"
20.63.47.115 - - [03/Apr/2026:03:45:10 +0800] "GET /wp-Blogs.php HTTP/1.1" 404 117596 "-" "-"
20.63.102.187 - - [03/Apr/2026:03:45:30 +0800] "GET //wp-content/plugins/fix/up.php HTTP/1.1" 301 20 "-" "Mozilla/5.0 (Windows NT 10.0; Win64; x64) AppleWebKit/537.36 (KHTML, like Gecko) Chrome/85.0.4183.102 Safari/537.36"
20.63.102.187 - - [03/Apr/2026:03:45:32 +0800] "GET //wp-content/plugins/fix/up.php HTTP/1.1" 301 20 "-" "Mozilla/5.0 (Windows NT 10.0; Win64; x64) AppleWebKit/537.36 (KHTML, like Gecko) Chrome/85.0.4183.102 Safari/537.36"
20.63.102.187 - - [03/Apr/2026:03:45:33 +0800] "GET /wp-content/plugins/fix/up.php HTTP/1.1" 404 15681 "-" "Mozilla/5.0 (Windows NT 10.0; Win64; x64) AppleWebKit/537.36 (KHTML, like Gecko) Chrome/85.0.4183.102 Safari/537.36"
43.166.245.120 - - [03/Apr/2026:03:46:02 +0800] "GET / HTTP/1.1" 403 199 "-" "Mozilla/5.0 (iPhone; CPU iPhone OS 13_2_3 like Mac OS X) AppleWebKit/605.1.15 (KHTML, like Gecko) Version/13.0.3 Mobile/15E148 Safari/604.1"
103.4.122.14 - - [03/Apr/2026:04:00:33 +0800] "POST /wp-cron.php?doing_wp_cron=1775160033.1830139160156250000000 HTTP/1.1" 200 20 "-" "WordPress/6.9.4; https://thegreenscapecollective.com.au"
20.63.102.187 - - [03/Apr/2026:04:00:32 +0800] "GET //wp-content/plugins/fix/up.php HTTP/1.1" 301 20 "-" "Mozilla/5.0 (Windows NT 10.0; Win64; x64) AppleWebKit/537.36 (KHTML, like Gecko) Chrome/85.0.4183.102 Safari/537.36"
20.63.102.187 - - [03/Apr/2026:04:00:34 +0800] "GET //wp-content/plugins/fix/up.php HTTP/1.1" 301 20 "-" "Mozilla/5.0 (Windows NT 10.0; Win64; x64) AppleWebKit/537.36 (KHTML, like Gecko) Chrome/85.0.4183.102 Safari/537.36"
20.63.102.187 - - [03/Apr/2026:04:00:35 +0800] "GET /wp-content/plugins/fix/up.php HTTP/1.1" 404 15681 "-" "Mozilla/5.0 (Windows NT 10.0; Win64; x64) AppleWebKit/537.36 (KHTML, like Gecko) Chrome/85.0.4183.102 Safari/537.36"
103.4.122.14 - - [03/Apr/2026:04:04:55 +0800] "POST /wp-cron.php?doing_wp_cron=1775160295.2615320682525634765625 HTTP/1.1" 200 20 "-" "WordPress/6.9.4; https://thegreenscapecollective.com.au"
20.215.220.218 - - [03/Apr/2026:04:04:53 +0800] "GET /the-6-best-australian-native-plants-for-waterwise-perth-garden-designs/ HTTP/1.1" 200 26956 "-" "Mozilla/5.0 AppleWebKit/537.36 (KHTML, like Gecko); compatible; ChatGPT-User/1.0; +https://openai.com/bot"
20.215.220.223 - - [03/Apr/2026:04:05:23 +0800] "GET / HTTP/1.1" 200 22008 "-" "Mozilla/5.0 AppleWebKit/537.36 (KHTML, like Gecko); compatible; ChatGPT-User/1.0; +https://openai.com/bot"
31.220.80.169 - - [03/Apr/2026:04:12:02 +0800] "GET /wp-admin/css/ HTTP/1.1" 403 199 "binance.com" "Mozilla/5.0 (Windows NT 10.0; Win64; x64) AppleWebKit/537.36 (KHTML, like Gecko) Chrome/90.0.4430.85 Safari/537.36"
103.4.122.14 - - [03/Apr/2026:04:12:07 +0800] "POST /wp-cron.php?doing_wp_cron=1775160727.2659230232238769531250 HTTP/1.1" 200 20 "-" "WordPress/6.9.4; https://thegreenscapecollective.com.au"
216.244.66.233 - - [03/Apr/2026:04:12:06 +0800] "GET /robots.txt HTTP/1.1" 301 - "-" "Mozilla/5.0 (compatible; DotBot/1.2; +https://opensiteexplorer.org/dotbot; help@moz.com)"
216.244.66.233 - - [03/Apr/2026:04:12:08 +0800] "GET /robots.txt HTTP/1.1" 200 188 "-" "Mozilla/5.0 (compatible; DotBot/1.2; +https://opensiteexplorer.org/dotbot; help@moz.com)"
103.4.122.14 - - [03/Apr/2026:04:26:12 +0800] "POST /wp-cron.php?doing_wp_cron=1775161572.8116669654846191406250 HTTP/1.1" 200 20 "-" "WordPress/6.9.4; https://thegreenscapecollective.com.au"
216.244.66.233 - - [03/Apr/2026:04:26:11 +0800] "GET /tag/trees/ HTTP/1.1" 200 120913 "-" "Mozilla/5.0 (compatible; DotBot/1.2; +https://opensiteexplorer.org/dotbot; help@moz.com)"
103.4.122.14 - - [03/Apr/2026:04:30:24 +0800] "POST /wp-cron.php?doing_wp_cron=1775161824.0017919540405273437500 HTTP/1.1" 200 20 "-" "WordPress/6.9.4; https://thegreenscapecollective.com.au"
185.211.97.188 - - [03/Apr/2026:04:30:23 +0800] "GET /services/great-garden-advice/ HTTP/1.1" 301 20 "-" "Mozilla/5.0 (Macintosh; Intel Mac OS X 10_15_7) AppleWebKit/537.36 (KHTML, like Gecko) Chrome/142.0.0.0 Safari/537.36"
84.37.149.24 - - [03/Apr/2026:04:31:12 +0800] "GET /services/great-garden-advice/ HTTP/1.1" 200 17230 "-" "Mozilla/5.0 (Macintosh; Intel Mac OS X 10_15_7) AppleWebKit/537.36 (KHTML, like Gecko) Chrome/142.0.0.0 Safari/537.36"
103.4.122.14 - - [03/Apr/2026:04:41:23 +0800] "POST /wp-cron.php?doing_wp_cron=1775162483.3086369037628173828125 HTTP/1.1" 200 20 "-" "WordPress/6.9.4; https://thegreenscapecollective.com.au"
114.119.139.207 - - [03/Apr/2026:04:41:21 +0800] "GET /services/ HTTP/1.1" 200 17127 "-" "Mozilla/5.0 (Linux; Android 7.0;) AppleWebKit/537.36 (KHTML, like Gecko) Mobile Safari/537.36 (compatible; PetalBot;+https://webmaster.petalsearch.com/site/petalbot)"
114.119.139.207 - - [03/Apr/2026:04:41:24 +0800] "GET /wp-content/cache/autoptimize/css/autoptimize_097dea125fa5174069b601e3d5938f73.css HTTP/1.1" 200 49632 "https://thegreenscapecollective.com.au/services/" "Mozilla/5.0 (Linux; Android 7.0;) AppleWebKit/537.36 (KHTML, like Gecko) Mobile Safari/537.36 (compatible; PetalBot;+https://webmaster.petalsearch.com/site/petalbot)"
114.119.139.207 - - [03/Apr/2026:04:41:24 +0800] "GET /wp-content/cache/autoptimize/css/autoptimize_single_47f0c8d854c3e49ec699a5c4ff4b6b69.css?ver=1765831749 HTTP/1.1" 200 641 "https://thegreenscapecollective.com.au/services/" "Mozilla/5.0 (Linux; Android 7.0;) AppleWebKit/537.36 (KHTML, like Gecko) Mobile Safari/537.36 (compatible; PetalBot;+https://webmaster.petalsearch.com/site/petalbot)"
114.119.139.207 - - [03/Apr/2026:04:41:24 +0800] "GET /wp-includes/js/jquery/jquery.min.js?ver=3.7.1 HTTP/1.1" 200 30368 "https://thegreenscapecollective.com.au/services/" "Mozilla/5.0 (Linux; Android 7.0;) AppleWebKit/537.36 (KHTML, like Gecko) Mobile Safari/537.36 (compatible; PetalBot;+https://webmaster.petalsearch.com/site/petalbot)"
114.119.139.207 - - [03/Apr/2026:04:41:28 +0800] "GET /wp-json/contact-form-7/v1/contact-forms/893/feedback/schema HTTP/1.1" 200 736 "https://thegreenscapecollective.com.au/services/" "Mozilla/5.0 (Linux; Android 7.0;) AppleWebKit/537.36 (KHTML, like Gecko) Mobile Safari/537.36 (compatible; PetalBot;+https://webmaster.petalsearch.com/site/petalbot)"
114.119.139.207 - - [03/Apr/2026:04:41:28 +0800] "GET /wp-json/contact-form-7/v1/contact-forms/892/feedback/schema HTTP/1.1" 200 678 "https://thegreenscapecollective.com.au/services/" "Mozilla/5.0 (Linux; Android 7.0;) AppleWebKit/537.36 (KHTML, like Gecko) Mobile Safari/537.36 (compatible; PetalBot;+https://webmaster.petalsearch.com/site/petalbot)"
114.119.139.207 - - [03/Apr/2026:04:41:29 +0800] "GET /wp-json/contact-form-7/v1/contact-forms/889/feedback/schema HTTP/1.1" 200 682 "https://thegreenscapecollective.com.au/services/" "Mozilla/5.0 (Linux; Android 7.0;) AppleWebKit/537.36 (KHTML, like Gecko) Mobile Safari/537.36 (compatible; PetalBot;+https://webmaster.petalsearch.com/site/petalbot)"
114.119.139.207 - - [03/Apr/2026:04:41:29 +0800] "GET /wp-json/contact-form-7/v1/contact-forms/891/feedback/schema HTTP/1.1" 200 736 "https://thegreenscapecollective.com.au/services/" "Mozilla/5.0 (Linux; Android 7.0;) AppleWebKit/537.36 (KHTML, like Gecko) Mobile Safari/537.36 (compatible; PetalBot;+https://webmaster.petalsearch.com/site/petalbot)"
103.4.122.14 - - [03/Apr/2026:04:46:04 +0800] "POST /wp-cron.php?doing_wp_cron=1775162764.6877079010009765625000 HTTP/1.1" 200 20 "-" "WordPress/6.9.4; https://thegreenscapecollective.com.au"
14.235.253.30 - - [03/Apr/2026:04:46:03 +0800] "GET /contact HTTP/1.1" 301 20 "-" "Mozilla/5.0 (Macintosh; Intel Mac OS X 10_15_7) AppleWebKit/537.36 (KHTML, like Gecko) Chrome/93.0.4577.63 Safari/537.36"
213.139.40.14 - - [03/Apr/2026:04:46:20 +0800] "GET /contact HTTP/1.1" 301 20 "-" "Mozilla/5.0 (Windows NT 5.1) AppleWebKit/537.36 (KHTML, like Gecko) Chrome/35.0.3319.102 Safari/537.36"
105.74.66.89 - - [03/Apr/2026:04:46:27 +0800] "GET /contact/ HTTP/1.1" 200 16205 "-" "Mozilla/5.0 (Windows NT 5.1) AppleWebKit/537.36 (KHTML, like Gecko) Chrome/35.0.3319.102 Safari/537.36"
103.4.122.14 - - [03/Apr/2026:04:55:05 +0800] "POST /wp-cron.php?doing_wp_cron=1775163305.0105528831481933593750 HTTP/1.1" 200 20 "-" "WordPress/6.9.4; https://thegreenscapecollective.com.au"
216.73.216.190 - - [03/Apr/2026:04:55:04 +0800] "GET /robots.txt HTTP/1.1" 200 140 "-" "Mozilla/5.0 AppleWebKit/537.36 (KHTML, like Gecko; compatible; ClaudeBot/1.0; +claudebot@anthropic.com)"
216.73.216.190 - - [03/Apr/2026:04:55:05 +0800] "GET /sitemap_index.xml HTTP/1.1" 200 385 "-" "Mozilla/5.0 AppleWebKit/537.36 (KHTML, like Gecko; compatible; ClaudeBot/1.0; +claudebot@anthropic.com)"
103.4.122.14 - - [03/Apr/2026:04:59:54 +0800] "POST /wp-cron.php?doing_wp_cron=1775163594.8712821006774902343750 HTTP/1.1" 200 20 "-" "WordPress/6.9.4; https://thegreenscapecollective.com.au"
34.162.21.44 - - [03/Apr/2026:04:59:53 +0800] "HEAD /new/ HTTP/1.1" 301 - "-" "Mozilla/5.0 (Windows NT 10.0; Win64; x64) AppleWebKit/537.36 (KHTML, like Gecko) Chrome/127.0.6534.42 Safari/537.36"
34.162.21.44 - - [03/Apr/2026:04:59:55 +0800] "HEAD /new/ HTTP/1.1" 404 - "http://thegreenscapecollective.com.au/new/" "Mozilla/5.0 (Windows NT 10.0; Win64; x64) AppleWebKit/537.36 (KHTML, like Gecko) Chrome/127.0.6534.42 Safari/537.36"
34.162.21.44 - - [03/Apr/2026:04:59:56 +0800] "HEAD /backup/ HTTP/1.1" 301 - "-" "Mozilla/5.0 (Linux; Android 13; Pixel 7a) AppleWebKit/537.36 (KHTML, like Gecko) Chrome/124.0.6367.82 Mobile Safari/537.36"
34.162.21.44 - - [03/Apr/2026:04:59:57 +0800] "HEAD /backup/ HTTP/1.1" 404 - "http://thegreenscapecollective.com.au/backup/" "Mozilla/5.0 (Linux; Android 13; Pixel 7a) AppleWebKit/537.36 (KHTML, like Gecko) Chrome/124.0.6367.82 Mobile Safari/537.36"
34.162.21.44 - - [03/Apr/2026:04:59:58 +0800] "HEAD /wordpress/ HTTP/1.1" 301 - "-" "Mozilla/5.0 (Linux; Android 13; Pixel 7a) AppleWebKit/537.36 (KHTML, like Gecko) Chrome/124.0.6367.82 Mobile Safari/537.36"
34.162.21.44 - - [03/Apr/2026:05:00:00 +0800] "HEAD /wordpress/ HTTP/1.1" 404 - "http://thegreenscapecollective.com.au/wordpress/" "Mozilla/5.0 (Linux; Android 13; Pixel 7a) AppleWebKit/537.36 (KHTML, like Gecko) Chrome/124.0.6367.82 Mobile Safari/537.36"
34.162.21.44 - - [03/Apr/2026:05:00:01 +0800] "HEAD /blog/ HTTP/1.1" 301 - "-" "Mozilla/5.0 (Linux; Android 10; vivo 1904) AppleWebKit/537.36 (KHTML, like Gecko) Chrome/117.0.5938.60 Mobile Safari/537.36"
34.162.21.44 - - [03/Apr/2026:05:00:02 +0800] "HEAD /blog/ HTTP/1.1" 200 - "http://thegreenscapecollective.com.au/blog/" "Mozilla/5.0 (Linux; Android 10; vivo 1904) AppleWebKit/537.36 (KHTML, like Gecko) Chrome/117.0.5938.60 Mobile Safari/537.36"
34.162.21.44 - - [03/Apr/2026:05:00:03 +0800] "HEAD /old/ HTTP/1.1" 301 - "-" "Mozilla/5.0 (Macintosh; Intel Mac OS X 13_5) AppleWebKit/605.1.15 (KHTML, like Gecko) Version/16.5 Safari/605.1.15"
34.162.21.44 - - [03/Apr/2026:05:00:04 +0800] "HEAD /old/ HTTP/1.1" 404 - "http://thegreenscapecollective.com.au/old/" "Mozilla/5.0 (Macintosh; Intel Mac OS X 13_5) AppleWebKit/605.1.15 (KHTML, like Gecko) Version/16.5 Safari/605.1.15"
34.162.21.44 - - [03/Apr/2026:05:00:05 +0800] "HEAD / HTTP/1.1" 301 - "-" "Mozilla/5.0 (Linux; Android 14; RMX3842) AppleWebKit/537.36 (KHTML, like Gecko) Chrome/126.0.6478.44 Mobile Safari/537.36"
34.162.21.44 - - [03/Apr/2026:05:00:07 +0800] "HEAD /wp/ HTTP/1.1" 301 - "-" "Mozilla/5.0 (Windows NT 10.0; Win64; x64) AppleWebKit/537.36 (KHTML, like Gecko) Chrome/125.0.6422.112 Safari/537.36 Brave/1.63.120"
34.162.21.44 - - [03/Apr/2026:05:00:06 +0800] "HEAD / HTTP/1.1" 200 - "http://thegreenscapecollective.com.au/" "Mozilla/5.0 (Linux; Android 14; RMX3842) AppleWebKit/537.36 (KHTML, like Gecko) Chrome/126.0.6478.44 Mobile Safari/537.36"
34.162.21.44 - - [03/Apr/2026:05:00:08 +0800] "HEAD /wp/ HTTP/1.1" 404 - "http://thegreenscapecollective.com.au/wp/" "Mozilla/5.0 (Windows NT 10.0; Win64; x64) AppleWebKit/537.36 (KHTML, like Gecko) Chrome/125.0.6422.112 Safari/537.36 Brave/1.63.120"
216.244.66.233 - - [03/Apr/2026:05:01:09 +0800] "GET /robots.txt HTTP/1.1" 301 - "-" "Mozilla/5.0 (compatible; DotBot/1.2; +https://opensiteexplorer.org/dotbot; help@moz.com)"
216.244.66.233 - - [03/Apr/2026:05:01:11 +0800] "GET /robots.txt HTTP/1.1" 200 188 "-" "Mozilla/5.0 (compatible; DotBot/1.2; +https://opensiteexplorer.org/dotbot; help@moz.com)"
103.4.122.14 - - [03/Apr/2026:05:04:53 +0800] "POST /wp-cron.php?doing_wp_cron=1775163893.6022810935974121093750 HTTP/1.1" 200 20 "-" "WordPress/6.9.4; https://thegreenscapecollective.com.au"
102.186.52.72 - - [03/Apr/2026:05:04:52 +0800] "GET /tag/trees/tel:0861025202 HTTP/1.1" 404 15692 "-" "Mozilla/5.0 (Macintosh; Intel Mac OS X 10_13_6) AppleWebKit/537.36 (KHTML, like Gecko) Brave Chrome/80.0.3987.162 Safari/537.36"
57.141.14.84 - - [03/Apr/2026:05:05:28 +0800] "GET /page-sitemap.xml HTTP/1.1" 200 9095 "-" "meta-externalagent/1.1 (+https://developers.facebook.com/docs/sharing/webmasters/crawler)"
103.4.122.14 - - [03/Apr/2026:05:07:29 +0800] "POST /wp-cron.php?doing_wp_cron=1775164049.6759181022644042968750 HTTP/1.1" 200 20 "-" "WordPress/6.9.4; https://thegreenscapecollective.com.au"
51.75.21.177 - - [03/Apr/2026:05:07:31 +0800] "GET / HTTP/1.1" 200 22001 "-" "Mozilla/5.0 (Windows NT 10.0; Win64; x64) AppleWebKit/537.36 (KHTML, like Gecko) Chrome/139.0.0.0 Safari/537.36"
51.75.21.177 - - [03/Apr/2026:05:07:34 +0800] "GET /wp-content/uploads/2020/10/care-thumbnail.jpg HTTP/1.1" 200 106504 "-" "Mozilla/5.0 (Windows NT 10.0; Win64; x64) AppleWebKit/537.36 (KHTML, like Gecko) Chrome/139.0.0.0 Safari/537.36"
51.77.211.191 - - [03/Apr/2026:05:07:34 +0800] "GET /wp-content/uploads/2020/10/the-greenscape-collective.png HTTP/1.1" 200 28488 "-" "Mozilla/5.0 (Windows NT 10.0; Win64; x64) AppleWebKit/537.36 (KHTML, like Gecko) Chrome/139.0.0.0 Safari/537.36"
57.129.69.52 - - [03/Apr/2026:05:07:34 +0800] "GET /wp-content/uploads/2020/10/create-thumbnail.jpg HTTP/1.1" 200 67514 "-" "Mozilla/5.0 (Windows NT 10.0; Win64; x64) AppleWebKit/537.36 (KHTML, like Gecko) Chrome/139.0.0.0 Safari/537.36"
141.94.79.3 - - [03/Apr/2026:05:07:34 +0800] "GET /wp-content/uploads/2020/10/consult-thumbnail.jpg HTTP/1.1" 200 81166 "-" "Mozilla/5.0 (Windows NT 10.0; Win64; x64) AppleWebKit/537.36 (KHTML, like Gecko) Chrome/139.0.0.0 Safari/537.36"
51.91.255.78 - - [03/Apr/2026:05:07:34 +0800] "GET /wp-content/uploads/2020/10/construct-thumbnail.jpg HTTP/1.1" 200 79887 "-" "Mozilla/5.0 (Windows NT 10.0; Win64; x64) AppleWebKit/537.36 (KHTML, like Gecko) Chrome/139.0.0.0 Safari/537.36"
151.80.133.238 - - [03/Apr/2026:05:07:34 +0800] "GET /wp-content/uploads/2020/10/greenscapeaugust-0030.jpg HTTP/1.1" 200 3079857 "-" "Mozilla/5.0 (Windows NT 10.0; Win64; x64) AppleWebKit/537.36 (KHTML, like Gecko) Chrome/139.0.0.0 Safari/537.36"
146.59.127.80 - - [03/Apr/2026:05:07:36 +0800] "GET /wp-content/uploads/2020/10/cropped-greenscape-favicon-2-270x270.png HTTP/1.1" 200 32258 "-" "Mozilla/5.0 (Windows NT 10.0; Win64; x64) AppleWebKit/537.36 (KHTML, like Gecko) Chrome/139.0.0.0 Safari/537.36"
217.182.73.176 - - [03/Apr/2026:05:07:34 +0800] "GET /wp-content/uploads/2020/10/greenscapeaugust-0552.jpg HTTP/1.1" 200 1371094 "-" "Mozilla/5.0 (Windows NT 10.0; Win64; x64) AppleWebKit/537.36 (KHTML, like Gecko) Chrome/139.0.0.0 Safari/537.36"
51.75.18.6 - - [03/Apr/2026:05:07:36 +0800] "GET /wp-content/uploads/2020/10/cropped-greenscape-favicon-2-180x180.png HTTP/1.1" 200 20841 "-" "Mozilla/5.0 (Windows NT 10.0; Win64; x64) AppleWebKit/537.36 (KHTML, like Gecko) Chrome/139.0.0.0 Safari/537.36"
51.75.24.242 - - [03/Apr/2026:05:07:34 +0800] "GET /wp-content/uploads/2020/10/greenscapeaugust-0073.jpg HTTP/1.1" 200 1415544 "-" "Mozilla/5.0 (Windows NT 10.0; Win64; x64) AppleWebKit/537.36 (KHTML, like Gecko) Chrome/139.0.0.0 Safari/537.36"
57.129.135.175 - - [03/Apr/2026:05:07:36 +0800] "GET /wp-content/uploads/2020/10/cropped-greenscape-favicon-2-32x32.png HTTP/1.1" 200 2496 "-" "Mozilla/5.0 (Windows NT 10.0; Win64; x64) AppleWebKit/537.36 (KHTML, like Gecko) Chrome/139.0.0.0 Safari/537.36"
51.38.115.13 - - [03/Apr/2026:05:07:36 +0800] "GET /wp-content/uploads/2020/10/cropped-greenscape-favicon-2-192x192.png HTTP/1.1" 200 22570 "-" "Mozilla/5.0 (Windows NT 10.0; Win64; x64) AppleWebKit/537.36 (KHTML, like Gecko) Chrome/139.0.0.0 Safari/537.36"
57.129.81.227 - - [03/Apr/2026:05:07:34 +0800] "GET /wp-content/uploads/2020/10/greenscapeaugust-0474.jpg HTTP/1.1" 200 1575863 "-" "Mozilla/5.0 (Windows NT 10.0; Win64; x64) AppleWebKit/537.36 (KHTML, like Gecko) Chrome/139.0.0.0 Safari/537.36"
149.202.51.38 - - [03/Apr/2026:05:07:34 +0800] "GET /wp-content/uploads/2020/10/greenscapeaugust-0246.jpg HTTP/1.1" 200 1907668 "-" "Mozilla/5.0 (Windows NT 10.0; Win64; x64) AppleWebKit/537.36 (KHTML, like Gecko) Chrome/139.0.0.0 Safari/537.36"
103.4.122.14 - - [03/Apr/2026:05:10:52 +0800] "POST /wp-cron.php?doing_wp_cron=1775164251.8387439250946044921875 HTTP/1.1" 200 20 "-" "WordPress/6.9.4; https://thegreenscapecollective.com.au"
165.231.182.47 - - [03/Apr/2026:05:10:50 +0800] "GET / HTTP/1.0" 200 188062 "https://thegreenscapecollective.com.au/" "Mozilla/5.0 (Windows NT 10.0; Win64; x64) AppleWebKit/537.36 (KHTML, like Gecko) Chrome/103.0.5042.0 Safari/537.36"
165.231.182.47 - - [03/Apr/2026:05:10:53 +0800] "POST / HTTP/1.0" 200 189056 "https://thegreenscapecollective.com.au/" "Mozilla/5.0 (Windows NT 10.0; Win64; x64) AppleWebKit/537.36 (KHTML, like Gecko) Chrome/103.0.5042.0 Safari/537.36"
18.219.176.173 - - [03/Apr/2026:05:11:07 +0800] "GET / HTTP/1.1" 200 22002 "-" "curl/8.3.0"
103.4.122.14 - - [03/Apr/2026:05:13:35 +0800] "POST /wp-cron.php?doing_wp_cron=1775164415.7767450809478759765625 HTTP/1.1" 200 20 "-" "WordPress/6.9.4; https://thegreenscapecollective.com.au"
216.244.66.233 - - [03/Apr/2026:05:13:34 +0800] "GET /city-of-perth-parklet/ HTTP/1.1" 200 123886 "-" "Mozilla/5.0 (compatible; DotBot/1.2; +https://opensiteexplorer.org/dotbot; help@moz.com)"
103.4.122.14 - - [03/Apr/2026:05:24:45 +0800] "POST /wp-cron.php?doing_wp_cron=1775165085.0367410182952880859375 HTTP/1.1" 200 20 "-" "WordPress/6.9.4; https://thegreenscapecollective.com.au"
40.77.167.159 - - [03/Apr/2026:05:24:43 +0800] "GET /?s=2027 HTTP/1.1" 200 15402 "-" "Mozilla/5.0 AppleWebKit/537.36 (KHTML, like Gecko; compatible; bingbot/2.0; +http://www.bing.com/bingbot.htm) Chrome/116.0.1938.76 Safari/537.36"
103.4.122.14 - - [03/Apr/2026:05:29:13 +0800] "POST /wp-cron.php?doing_wp_cron=1775165353.3139090538024902343750 HTTP/1.1" 200 20 "-" "WordPress/6.9.4; https://thegreenscapecollective.com.au"
47.128.112.156 - - [03/Apr/2026:05:29:11 +0800] "GET /the-6-best-australian-native-plants-for-waterwise-perth-garden-designs/ HTTP/1.1" 200 26956 "-" "Mozilla/5.0 (Linux; Android 5.0) AppleWebKit/537.36 (KHTML, like Gecko) Mobile Safari/537.36 (compatible; Bytespider; spider-feedback@bytedance.com)"
47.128.112.156 - - [03/Apr/2026:05:29:16 +0800] "GET /wp-content/cache/autoptimize/css/autoptimize_single_a0e61596f3f196c3460ed19f7d818fe7.css?generated=1755196485&ver=1.21.5 HTTP/1.1" 200 3059 "https://thegreenscapecollective.com.au/the-6-best-australian-native-plants-for-waterwise-perth-garden-designs/" "Mozilla/5.0 (Linux; Android 5.0) AppleWebKit/537.36 (KHTML, like Gecko) Mobile Safari/537.36 (compatible; Bytespider; spider-feedback@bytedance.com)"
47.128.112.156 - - [03/Apr/2026:05:29:17 +0800] "GET /wp-content/cache/autoptimize/css/autoptimize_b2d70d75074c3f6f710cac67f62d68e7.css HTTP/1.1" 200 51526 "https://thegreenscapecollective.com.au/the-6-best-australian-native-plants-for-waterwise-perth-garden-designs/" "Mozilla/5.0 (Linux; Android 5.0) AppleWebKit/537.36 (KHTML, like Gecko) Mobile Safari/537.36 (compatible; Bytespider; spider-feedback@bytedance.com)"
151.80.133.55 - - [03/Apr/2026:05:29:22 +0800] "GET /wp-content/uploads/2020/10/contact.jpg HTTP/1.1" 200 325164 "-" "Mozilla/5.0 (Windows NT 10.0; Win64; x64) AppleWebKit/537.36 (KHTML, like Gecko) Chrome/139.0.0.0 Safari/537.36"
103.4.122.14 - - [03/Apr/2026:05:36:00 +0800] "POST /wp-cron.php?doing_wp_cron=1775165760.0246601104736328125000 HTTP/1.1" 200 20 "-" "WordPress/6.9.4; https://thegreenscapecollective.com.au"
216.73.216.190 - - [03/Apr/2026:05:35:59 +0800] "GET /sitemap_index.xml HTTP/1.1" 200 385 "-" "Mozilla/5.0 AppleWebKit/537.36 (KHTML, like Gecko; compatible; ClaudeBot/1.0; +claudebot@anthropic.com)"
103.4.122.14 - - [03/Apr/2026:05:38:04 +0800] "POST /wp-cron.php?doing_wp_cron=1775165884.4536030292510986328125 HTTP/1.1" 200 20 "-" "WordPress/6.9.4; https://thegreenscapecollective.com.au"
115.45.42.123 - - [03/Apr/2026:05:38:03 +0800] "GET /robots.txt HTTP/1.1" 301 20 "-" "Mozilla/5.0 (Windows NT 10.0; Win64; x64) AppleWebKit/537.36 (KHTML, like Gecko) Chrome/69.0.4484.106 Safari/537.36 Edge/18.18362"
27.46.75.4 - - [03/Apr/2026:05:38:07 +0800] "GET /robots.txt HTTP/1.1" 200 140 "-" "Mozilla/5.0 (Windows NT 10.0; Win64; x64) AppleWebKit/537.36 (KHTML, like Gecko) Chrome/69.0.4484.106 Safari/537.36 Edge/18.18362"
103.4.122.14 - - [03/Apr/2026:05:56:14 +0800] "POST /wp-cron.php?doing_wp_cron=1775166974.1385419368743896484375 HTTP/1.1" 200 20 "-" "WordPress/6.9.4; https://thegreenscapecollective.com.au"
54.37.118.68 - - [03/Apr/2026:05:56:12 +0800] "GET / HTTP/1.1" 200 22008 "-" "Mozilla/5.0 (compatible; AhrefsBot/7.0; +http://ahrefs.com/robot/)"
202.8.42.27 - - [03/Apr/2026:05:56:16 +0800] "GET /wp-content/cache/autoptimize/css/autoptimize_single_a0e61596f3f196c3460ed19f7d818fe7.css?generated=1755196485&ver=1.21.5 HTTP/1.1" 200 3059 "https://thegreenscapecollective.com.au/" "Mozilla/5.0 (compatible; AhrefsBot/7.0; +http://ahrefs.com/robot/)"
202.8.42.27 - - [03/Apr/2026:05:56:16 +0800] "GET /wp-includes/css/dashicons.min.css?ver=6.9.4 HTTP/1.1" 200 35721 "https://thegreenscapecollective.com.au/" "Mozilla/5.0 (compatible; AhrefsBot/7.0; +http://ahrefs.com/robot/)"
202.8.42.27 - - [03/Apr/2026:05:56:16 +0800] "GET /wp-includes/js/dist/hooks.min.js?ver=dd5603f07f9220ed27f1 HTTP/1.1" 200 1941 "https://thegreenscapecollective.com.au/" "Mozilla/5.0 (compatible; AhrefsBot/7.0; +http://ahrefs.com/robot/)"
202.8.42.27 - - [03/Apr/2026:05:56:16 +0800] "GET /wp-includes/js/dist/i18n.min.js?ver=c26c3dc7bed366793375 HTTP/1.1" 200 2229 "https://thegreenscapecollective.com.au/" "Mozilla/5.0 (compatible; AhrefsBot/7.0; +http://ahrefs.com/robot/)"
202.8.42.27 - - [03/Apr/2026:05:56:16 +0800] "GET /wp-includes/js/jquery/jquery.min.js?ver=3.7.1 HTTP/1.1" 200 30368 "https://thegreenscapecollective.com.au/" "Mozilla/5.0 (compatible; AhrefsBot/7.0; +http://ahrefs.com/robot/)"
202.8.42.27 - - [03/Apr/2026:05:56:16 +0800] "GET /wp-includes/js/dist/vendor/wp-polyfill.min.js?ver=3.15.0 HTTP/1.1" 200 11852 "https://thegreenscapecollective.com.au/" "Mozilla/5.0 (compatible; AhrefsBot/7.0; +http://ahrefs.com/robot/)"
202.8.42.27 - - [03/Apr/2026:05:56:16 +0800] "GET /wp-content/plugins/autoptimize/classes/external/js/lazysizes.min.js?ao_version=3.1.15 HTTP/1.1" 200 4122 "https://thegreenscapecollective.com.au/" "Mozilla/5.0 (compatible; AhrefsBot/7.0; +http://ahrefs.com/robot/)"
202.8.42.27 - - [03/Apr/2026:05:56:16 +0800] "GET /wp-content/plugins/lightweight-social-icons/fonts/fontello.woff HTTP/1.1" 200 23328 "https://thegreenscapecollective.com.au/wp-content/cache/autoptimize/css/autoptimize_2e02926ac66b065cdef3e3d343893e11.css" "Mozilla/5.0 (compatible; AhrefsBot/7.0; +http://ahrefs.com/robot/)"
202.8.42.27 - - [03/Apr/2026:05:56:16 +0800] "GET /wp-json/contact-form-7/v1/contact-forms/891/feedback/schema HTTP/1.1" 200 736 "https://thegreenscapecollective.com.au/" "Mozilla/5.0 (compatible; AhrefsBot/7.0; +http://ahrefs.com/robot/)"
202.8.42.27 - - [03/Apr/2026:05:56:16 +0800] "GET /wp-json/contact-form-7/v1/contact-forms/892/feedback/schema HTTP/1.1" 200 678 "https://thegreenscapecollective.com.au/" "Mozilla/5.0 (compatible; AhrefsBot/7.0; +http://ahrefs.com/robot/)"
202.8.42.27 - - [03/Apr/2026:05:56:16 +0800] "GET /wp-content/cache/autoptimize/js/gutenslider-js.js HTTP/1.1" 410 17833 "https://thegreenscapecollective.com.au/" "Mozilla/5.0 (compatible; AhrefsBot/7.0; +http://ahrefs.com/robot/)"
202.8.42.27 - - [03/Apr/2026:05:56:16 +0800] "GET /wp-json/contact-form-7/v1/contact-forms/893/feedback/schema HTTP/1.1" 200 736 "https://thegreenscapecollective.com.au/" "Mozilla/5.0 (compatible; AhrefsBot/7.0; +http://ahrefs.com/robot/)"
202.8.42.27 - - [03/Apr/2026:05:56:17 +0800] "GET /wp-json/contact-form-7/v1/contact-forms/889/feedback/schema HTTP/1.1" 200 682 "https://thegreenscapecollective.com.au/" "Mozilla/5.0 (compatible; AhrefsBot/7.0; +http://ahrefs.com/robot/)"
103.4.122.14 - - [03/Apr/2026:06:16:26 +0800] "POST /wp-cron.php?doing_wp_cron=1775168186.7045550346374511718750 HTTP/1.1" 200 20 "-" "WordPress/6.9.4; https://thegreenscapecollective.com.au"
181.28.233.6 - - [03/Apr/2026:06:16:58 +0800] "GET /services/ HTTP/1.1" 200 17127 "-" "Mozilla/5.0 (Macintosh; Intel Mac OS X 12_7_2) AppleWebKit/537.36 (KHTML, like Gecko) Chrome/126.0.6478.182 Safari/537.36"
103.4.122.14 - - [03/Apr/2026:06:36:23 +0800] "POST /wp-cron.php?doing_wp_cron=1775169383.1912689208984375000000 HTTP/1.1" 200 20 "-" "WordPress/6.9.4; https://thegreenscapecollective.com.au"
45.154.98.56 - - [03/Apr/2026:06:37:44 +0800] "GET /txets.php HTTP/1.1" 301 20 "-" "Mozilla/5.0 (Windows NT 10.0; Win64; x64) AppleWebKit/537.36 (KHTML, like Gecko) Chrome/91.0.4472.124 Safari/537.36"
45.154.98.56 - - [03/Apr/2026:06:37:46 +0800] "GET /wp-content/txets.php HTTP/1.1" 301 20 "-" "Mozilla/5.0 (Windows NT 10.0; Win64; x64) AppleWebKit/537.36 (KHTML, like Gecko) Chrome/91.0.4472.124 Safari/537.36"
45.154.98.56 - - [03/Apr/2026:06:37:47 +0800] "GET /wp-includes/widgets/txets.php HTTP/1.1" 403 199 "-" "Mozilla/5.0 (Windows NT 10.0; Win64; x64) AppleWebKit/537.36 (KHTML, like Gecko) Chrome/91.0.4472.124 Safari/537.36"
45.154.98.56 - - [03/Apr/2026:06:37:47 +0800] "GET /wp-includes/rest-api/txets.php HTTP/1.1" 403 199 "-" "Mozilla/5.0 (Windows NT 10.0; Win64; x64) AppleWebKit/537.36 (KHTML, like Gecko) Chrome/91.0.4472.124 Safari/537.36"
45.154.98.56 - - [03/Apr/2026:06:37:48 +0800] "GET /wp-includes/blocks/post-template/txets.php HTTP/1.1" 403 199 "-" "Mozilla/5.0 (Windows NT 10.0; Win64; x64) AppleWebKit/537.36 (KHTML, like Gecko) Chrome/91.0.4472.124 Safari/537.36"
45.154.98.56 - - [03/Apr/2026:06:37:48 +0800] "GET /wp-admin/txets.php HTTP/1.1" 301 20 "-" "Mozilla/5.0 (Windows NT 10.0; Win64; x64) AppleWebKit/537.36 (KHTML, like Gecko) Chrome/91.0.4472.124 Safari/537.36"
45.154.98.56 - - [03/Apr/2026:06:37:50 +0800] "GET /wp-includes/txets.php HTTP/1.1" 403 199 "-" "Mozilla/5.0 (Windows NT 10.0; Win64; x64) AppleWebKit/537.36 (KHTML, like Gecko) Chrome/91.0.4472.124 Safari/537.36"
103.4.122.14 - - [03/Apr/2026:06:37:51 +0800] "POST /wp-cron.php?doing_wp_cron=1775169471.4681320190429687500000 HTTP/1.1" 200 20 "-" "WordPress/6.9.4; https://thegreenscapecollective.com.au"
45.154.98.56 - - [03/Apr/2026:06:37:50 +0800] "GET /schallfuns.php HTTP/1.1" 301 20 "-" "Mozilla/5.0 (Windows NT 10.0; Win64; x64) AppleWebKit/537.36 (KHTML, like Gecko) Chrome/91.0.4472.124 Safari/537.36"
45.154.98.56 - - [03/Apr/2026:06:37:51 +0800] "GET /postnews.php HTTP/1.1" 301 20 "-" "Mozilla/5.0 (Windows NT 10.0; Win64; x64) AppleWebKit/537.36 (KHTML, like Gecko) Chrome/91.0.4472.124 Safari/537.36"
216.244.66.233 - - [03/Apr/2026:06:39:26 +0800] "GET /robots.txt HTTP/1.1" 301 - "-" "Mozilla/5.0 (compatible; DotBot/1.2; +https://opensiteexplorer.org/dotbot; help@moz.com)"
216.244.66.233 - - [03/Apr/2026:06:39:28 +0800] "GET /robots.txt HTTP/1.1" 200 188 "-" "Mozilla/5.0 (compatible; DotBot/1.2; +https://opensiteexplorer.org/dotbot; help@moz.com)"
103.4.122.14 - - [03/Apr/2026:06:43:36 +0800] "POST /wp-cron.php?doing_wp_cron=1775169816.4090349674224853515625 HTTP/1.1" 200 20 "-" "WordPress/6.9.4; https://thegreenscapecollective.com.au"
114.119.131.123 - - [03/Apr/2026:06:43:35 +0800] "GET /services/ HTTP/1.1" 200 17127 "-" "Mozilla/5.0 (Linux; Android 7.0;) AppleWebKit/537.36 (KHTML, like Gecko) Mobile Safari/537.36 (compatible; PetalBot;+https://webmaster.petalsearch.com/site/petalbot)"
114.119.131.123 - - [03/Apr/2026:06:43:40 +0800] "GET /wp-json/contact-form-7/v1/contact-forms/893/feedback/schema HTTP/1.1" 200 736 "https://thegreenscapecollective.com.au/services/" "Mozilla/5.0 (Linux; Android 7.0;) AppleWebKit/537.36 (KHTML, like Gecko) Mobile Safari/537.36 (compatible; PetalBot;+https://webmaster.petalsearch.com/site/petalbot)"
114.119.131.123 - - [03/Apr/2026:06:43:40 +0800] "GET /wp-json/contact-form-7/v1/contact-forms/892/feedback/schema HTTP/1.1" 200 678 "https://thegreenscapecollective.com.au/services/" "Mozilla/5.0 (Linux; Android 7.0;) AppleWebKit/537.36 (KHTML, like Gecko) Mobile Safari/537.36 (compatible; PetalBot;+https://webmaster.petalsearch.com/site/petalbot)"
114.119.131.123 - - [03/Apr/2026:06:43:40 +0800] "GET /wp-json/contact-form-7/v1/contact-forms/891/feedback/schema HTTP/1.1" 200 736 "https://thegreenscapecollective.com.au/services/" "Mozilla/5.0 (Linux; Android 7.0;) AppleWebKit/537.36 (KHTML, like Gecko) Mobile Safari/537.36 (compatible; PetalBot;+https://webmaster.petalsearch.com/site/petalbot)"
114.119.131.123 - - [03/Apr/2026:06:43:40 +0800] "GET /wp-json/contact-form-7/v1/contact-forms/889/feedback/schema HTTP/1.1" 200 682 "https://thegreenscapecollective.com.au/services/" "Mozilla/5.0 (Linux; Android 7.0;) AppleWebKit/537.36 (KHTML, like Gecko) Mobile Safari/537.36 (compatible; PetalBot;+https://webmaster.petalsearch.com/site/petalbot)"
114.119.131.123 - - [03/Apr/2026:06:44:44 +0800] "GET /services/ HTTP/1.1" 301 20 "-" "Mozilla/5.0 (Linux; Android 7.0;) AppleWebKit/537.36 (KHTML, like Gecko) Mobile Safari/537.36 (compatible; PetalBot;+https://webmaster.petalsearch.com/site/petalbot)"
114.119.131.123 - - [03/Apr/2026:06:44:46 +0800] "GET /services/ HTTP/1.1" 200 17127 "-" "Mozilla/5.0 (Linux; Android 7.0;) AppleWebKit/537.36 (KHTML, like Gecko) Mobile Safari/537.36 (compatible; PetalBot;+https://webmaster.petalsearch.com/site/petalbot)"
114.119.131.123 - - [03/Apr/2026:06:44:57 +0800] "GET /wp-json/contact-form-7/v1/contact-forms/893/feedback/schema HTTP/1.1" 200 736 "https://thegreenscapecollective.com.au/services/" "Mozilla/5.0 (Linux; Android 7.0;) AppleWebKit/537.36 (KHTML, like Gecko) Mobile Safari/537.36 (compatible; PetalBot;+https://webmaster.petalsearch.com/site/petalbot)"
114.119.131.123 - - [03/Apr/2026:06:44:57 +0800] "GET /wp-json/contact-form-7/v1/contact-forms/892/feedback/schema HTTP/1.1" 200 678 "https://thegreenscapecollective.com.au/services/" "Mozilla/5.0 (Linux; Android 7.0;) AppleWebKit/537.36 (KHTML, like Gecko) Mobile Safari/537.36 (compatible; PetalBot;+https://webmaster.petalsearch.com/site/petalbot)"
114.119.131.123 - - [03/Apr/2026:06:44:57 +0800] "GET /wp-json/contact-form-7/v1/contact-forms/891/feedback/schema HTTP/1.1" 200 736 "https://thegreenscapecollective.com.au/services/" "Mozilla/5.0 (Linux; Android 7.0;) AppleWebKit/537.36 (KHTML, like Gecko) Mobile Safari/537.36 (compatible; PetalBot;+https://webmaster.petalsearch.com/site/petalbot)"
114.119.131.123 - - [03/Apr/2026:06:44:57 +0800] "GET /wp-json/contact-form-7/v1/contact-forms/889/feedback/schema HTTP/1.1" 200 682 "https://thegreenscapecollective.com.au/services/" "Mozilla/5.0 (Linux; Android 7.0;) AppleWebKit/537.36 (KHTML, like Gecko) Mobile Safari/537.36 (compatible; PetalBot;+https://webmaster.petalsearch.com/site/petalbot)"
157.20.53.31 - - [03/Apr/2026:06:45:50 +0800] "GET / HTTP/1.1" 301 247 "-" "Mozilla/5.0 (Windows NT 10.0; Win64; x64) AppleWebKit/537.36 (KHTML, like Gecko) Chrome/110.0.0.0 Safari/537.36 Edg/110.0.1587.41"
157.20.53.31 - - [03/Apr/2026:06:45:51 +0800] "GET / HTTP/1.1" 301 247 "-" "Mozilla/5.0 (Windows NT 10.0; Win64; x64) AppleWebKit/537.36 (KHTML, like Gecko) Chrome/110.0.0.0 Safari/537.36 Edg/110.0.1587.41"
157.20.53.31 - - [03/Apr/2026:06:45:53 +0800] "GET / HTTP/1.1" 200 22008 "-" "Mozilla/5.0 (Windows NT 10.0; Win64; x64) AppleWebKit/537.36 (KHTML, like Gecko) Chrome/110.0.0.0 Safari/537.36 Edg/110.0.1587.41"
14.233.85.206 - - [03/Apr/2026:06:46:54 +0800] "GET /privacy-policy/ HTTP/1.1" 301 20 "-" "Mozilla/5.0 (Windows NT 10.0; WOW64; rv:125.0) Gecko/20100101 Firefox/125.0"
103.115.196.18 - - [03/Apr/2026:06:46:57 +0800] "GET /privacy-policy/ HTTP/1.1" 200 16628 "-" "Mozilla/5.0 (Windows NT 10.0; WOW64; rv:125.0) Gecko/20100101 Firefox/125.0"
103.4.122.14 - - [03/Apr/2026:06:48:35 +0800] "POST /wp-cron.php?doing_wp_cron=1775170115.6116070747375488281250 HTTP/1.1" 200 20 "-" "WordPress/6.9.4; https://thegreenscapecollective.com.au"
43.173.182.102 - - [03/Apr/2026:06:48:34 +0800] "GET / HTTP/1.1" 301 20 "-" "Mozilla/5.0 (Windows NT 10.0; Win64; x64) AppleWebKit/537.36 (KHTML, like Gecko) Chrome/109.0.0.0 Safari/537.36"
43.173.182.102 - - [03/Apr/2026:06:48:36 +0800] "GET / HTTP/1.1" 200 22005 "http://thegreenscapecollective.com.au" "Mozilla/5.0 (Windows NT 10.0; Win64; x64) AppleWebKit/537.36 (KHTML, like Gecko) Chrome/109.0.0.0 Safari/537.36"
103.4.122.14 - - [03/Apr/2026:06:52:57 +0800] "POST /wp-cron.php?doing_wp_cron=1775170377.1894850730895996093750 HTTP/1.1" 200 20 "-" "WordPress/6.9.4; https://thegreenscapecollective.com.au"
64.227.76.27 - - [03/Apr/2026:06:52:56 +0800] "GET /wp-json/wp/v2/posts HTTP/1.1" 301 20 "-" "Mozilla/5.0 (Windows NT 10.0; Win64; x64) AppleWebKit/537.36 (KHTML, like Gecko) Chrome/120.0.0.0 Safari/537.36"
216.244.66.233 - - [03/Apr/2026:06:54:30 +0800] "GET /services/residential-and-strata-garden-maintenance/ HTTP/1.1" 200 125588 "-" "Mozilla/5.0 (compatible; DotBot/1.2; +https://opensiteexplorer.org/dotbot; help@moz.com)"
34.162.21.44 - - [03/Apr/2026:06:55:33 +0800] "HEAD / HTTP/1.1" 200 - "https://thegreenscapecollective.com/" "Mozilla/5.0 (X11; Linux x86_64) AppleWebKit/537.36 (KHTML, like Gecko) Chrome/125.0.6422.76 Safari/537.36"
52.167.144.17 - - [03/Apr/2026:06:57:11 +0800] "GET /?s=2026 HTTP/1.1" 200 15401 "-" "Mozilla/5.0 AppleWebKit/537.36 (KHTML, like Gecko; compatible; bingbot/2.0; +http://www.bing.com/bingbot.htm) Chrome/116.0.1938.76 Safari/537.36"
207.180.11.28 - - [03/Apr/2026:06:57:12 +0800] "GET /wp-json/wp/v2/tags/8 HTTP/1.1" 200 1496 "-" "Mozilla/5.0 (Macintosh; Intel Mac OS X 10_15_7) AppleWebKit/537.36 (KHTML, like Gecko) Chrome/135.0.0.0 Safari/537.36"
103.4.122.14 - - [03/Apr/2026:07:03:01 +0800] "POST /wp-cron.php?doing_wp_cron=1775170981.8142220973968505859375 HTTP/1.1" 200 20 "-" "WordPress/6.9.4; https://thegreenscapecollective.com.au"
195.7.10.242 - - [03/Apr/2026:07:03:00 +0800] "GET /faq/tel:0861025202 HTTP/1.1" 404 15199 "-" "Mozilla/5.0 (Windows NT 10.0; Win64; x64) AppleWebKit/537.36 (KHTML, like Gecko) Chrome/68.0.3440.106 Safari/537.36"
114.119.153.97 - - [03/Apr/2026:07:06:26 +0800] "GET /services/ HTTP/1.1" 301 20 "-" "Mozilla/5.0 (Linux; Android 7.0;) AppleWebKit/537.36 (KHTML, like Gecko) Mobile Safari/537.36 (compatible; PetalBot;+https://webmaster.petalsearch.com/site/petalbot)"
114.119.153.97 - - [03/Apr/2026:07:06:28 +0800] "GET /services/ HTTP/1.1" 200 17127 "-" "Mozilla/5.0 (Linux; Android 7.0;) AppleWebKit/537.36 (KHTML, like Gecko) Mobile Safari/537.36 (compatible; PetalBot;+https://webmaster.petalsearch.com/site/petalbot)"
114.119.153.97 - - [03/Apr/2026:07:06:35 +0800] "GET /wp-json/contact-form-7/v1/contact-forms/893/feedback/schema HTTP/1.1" 200 736 "https://thegreenscapecollective.com.au/services/" "Mozilla/5.0 (Linux; Android 7.0;) AppleWebKit/537.36 (KHTML, like Gecko) Mobile Safari/537.36 (compatible; PetalBot;+https://webmaster.petalsearch.com/site/petalbot)"
114.119.153.97 - - [03/Apr/2026:07:06:35 +0800] "GET /wp-json/contact-form-7/v1/contact-forms/891/feedback/schema HTTP/1.1" 200 736 "https://thegreenscapecollective.com.au/services/" "Mozilla/5.0 (Linux; Android 7.0;) AppleWebKit/537.36 (KHTML, like Gecko) Mobile Safari/537.36 (compatible; PetalBot;+https://webmaster.petalsearch.com/site/petalbot)"
114.119.153.97 - - [03/Apr/2026:07:06:35 +0800] "GET /wp-json/contact-form-7/v1/contact-forms/892/feedback/schema HTTP/1.1" 200 678 "https://thegreenscapecollective.com.au/services/" "Mozilla/5.0 (Linux; Android 7.0;) AppleWebKit/537.36 (KHTML, like Gecko) Mobile Safari/537.36 (compatible; PetalBot;+https://webmaster.petalsearch.com/site/petalbot)"
114.119.153.97 - - [03/Apr/2026:07:06:35 +0800] "GET /wp-json/contact-form-7/v1/contact-forms/889/feedback/schema HTTP/1.1" 200 682 "https://thegreenscapecollective.com.au/services/" "Mozilla/5.0 (Linux; Android 7.0;) AppleWebKit/537.36 (KHTML, like Gecko) Mobile Safari/537.36 (compatible; PetalBot;+https://webmaster.petalsearch.com/site/petalbot)"
103.4.122.14 - - [03/Apr/2026:07:10:49 +0800] "POST /wp-cron.php?doing_wp_cron=1775171448.8563690185546875000000 HTTP/1.1" 200 20 "-" "WordPress/6.9.4; https://thegreenscapecollective.com.au"
136.119.129.236 - - [03/Apr/2026:07:10:47 +0800] "GET / HTTP/1.1" 200 22008 "-" "Mozilla/5.0 (X11; Linux x86_64) AppleWebKit/537.36 (KHTML, like Gecko) Chrome/144.0.0.0 Safari/537.36"
136.119.129.236 - - [03/Apr/2026:07:10:51 +0800] "GET /wp-content/cache/autoptimize/css/autoptimize_2e02926ac66b065cdef3e3d343893e11.css HTTP/1.1" 200 52362 "https://thegreenscapecollective.com.au/" "Mozilla/5.0 (X11; Linux x86_64) AppleWebKit/537.36 (KHTML, like Gecko) Chrome/144.0.0.0 Safari/537.36"
136.119.129.236 - - [03/Apr/2026:07:10:53 +0800] "GET /wp-content/cache/autoptimize/css/autoptimize_single_a0e61596f3f196c3460ed19f7d818fe7.css?generated=1755196485&ver=1.21.5 HTTP/1.1" 200 3059 "https://thegreenscapecollective.com.au/" "Mozilla/5.0 (X11; Linux x86_64) AppleWebKit/537.36 (KHTML, like Gecko) Chrome/144.0.0.0 Safari/537.36"
136.119.129.236 - - [03/Apr/2026:07:10:53 +0800] "GET /wp-includes/css/dashicons.min.css?ver=6.9.4 HTTP/1.1" 200 35721 "https://thegreenscapecollective.com.au/" "Mozilla/5.0 (X11; Linux x86_64) AppleWebKit/537.36 (KHTML, like Gecko) Chrome/144.0.0.0 Safari/537.36"
136.119.129.236 - - [03/Apr/2026:07:10:53 +0800] "GET /wp-content/cache/autoptimize/css/autoptimize_single_c3c5d54ef606327a4025aefb8e32211e.css?ver=1765800085 HTTP/1.1" 200 633 "https://thegreenscapecollective.com.au/" "Mozilla/5.0 (X11; Linux x86_64) AppleWebKit/537.36 (KHTML, like Gecko) Chrome/144.0.0.0 Safari/537.36"
136.119.129.236 - - [03/Apr/2026:07:10:56 +0800] "GET /wp-content/uploads/2020/10/greenscapeaugust-0030-300x200.jpg HTTP/1.1" 200 21869 "https://thegreenscapecollective.com.au/" "Mozilla/5.0 (X11; Linux x86_64) AppleWebKit/537.36 (KHTML, like Gecko) Chrome/144.0.0.0 Safari/537.36"
136.119.129.236 - - [03/Apr/2026:07:10:56 +0800] "GET /wp-includes/js/jquery/jquery.min.js?ver=3.7.1 HTTP/1.1" 200 30368 "https://thegreenscapecollective.com.au/" "Mozilla/5.0 (X11; Linux x86_64) AppleWebKit/537.36 (KHTML, like Gecko) Chrome/144.0.0.0 Safari/537.36"
136.119.129.236 - - [03/Apr/2026:07:10:56 +0800] "GET /wp-includes/js/dist/i18n.min.js?ver=c26c3dc7bed366793375 HTTP/1.1" 200 2229 "https://thegreenscapecollective.com.au/" "Mozilla/5.0 (X11; Linux x86_64) AppleWebKit/537.36 (KHTML, like Gecko) Chrome/144.0.0.0 Safari/537.36"
136.119.129.236 - - [03/Apr/2026:07:10:56 +0800] "GET /wp-includes/js/dist/hooks.min.js?ver=dd5603f07f9220ed27f1 HTTP/1.1" 200 1941 "https://thegreenscapecollective.com.au/" "Mozilla/5.0 (X11; Linux x86_64) AppleWebKit/537.36 (KHTML, like Gecko) Chrome/144.0.0.0 Safari/537.36"
136.119.129.236 - - [03/Apr/2026:07:10:58 +0800] "GET /wp-content/plugins/autoptimize/classes/external/js/lazysizes.min.js?ao_version=3.1.15 HTTP/1.1" 200 4122 "https://thegreenscapecollective.com.au/" "Mozilla/5.0 (X11; Linux x86_64) AppleWebKit/537.36 (KHTML, like Gecko) Chrome/144.0.0.0 Safari/537.36"
136.119.129.236 - - [03/Apr/2026:07:10:58 +0800] "GET /wp-includes/js/dist/vendor/wp-polyfill.min.js?ver=3.15.0 HTTP/1.1" 200 11852 "https://thegreenscapecollective.com.au/" "Mozilla/5.0 (X11; Linux x86_64) AppleWebKit/537.36 (KHTML, like Gecko) Chrome/144.0.0.0 Safari/537.36"
136.119.129.236 - - [03/Apr/2026:07:10:58 +0800] "GET /wp-content/cache/autoptimize/js/autoptimize_ab496bd2c807e734c892193f0f86f2bc.js HTTP/1.1" 200 63340 "https://thegreenscapecollective.com.au/" "Mozilla/5.0 (X11; Linux x86_64) AppleWebKit/537.36 (KHTML, like Gecko) Chrome/144.0.0.0 Safari/537.36"
34.56.168.230 - - [03/Apr/2026:07:11:01 +0800] "GET /wp-content/uploads/2020/10/right-arrow-green.png HTTP/1.1" 200 2211 "https://thegreenscapecollective.com.au/wp-content/cache/autoptimize/css/autoptimize_2e02926ac66b065cdef3e3d343893e11.css" "Mozilla/5.0 (X11; Linux x86_64) AppleWebKit/537.36 (KHTML, like Gecko) Chrome/144.0.0.0 Safari/537.36"
136.119.129.236 - - [03/Apr/2026:07:11:00 +0800] "GET /wp-json/contact-form-7/v1/contact-forms/893/feedback/schema HTTP/1.1" 200 736 "https://thegreenscapecollective.com.au/" "Mozilla/5.0 (X11; Linux x86_64) AppleWebKit/537.36 (KHTML, like Gecko) Chrome/144.0.0.0 Safari/537.36"
136.119.129.236 - - [03/Apr/2026:07:11:00 +0800] "GET /wp-json/contact-form-7/v1/contact-forms/892/feedback/schema HTTP/1.1" 200 678 "https://thegreenscapecollective.com.au/" "Mozilla/5.0 (X11; Linux x86_64) AppleWebKit/537.36 (KHTML, like Gecko) Chrome/144.0.0.0 Safari/537.36"
136.119.129.236 - - [03/Apr/2026:07:11:00 +0800] "GET /wp-json/contact-form-7/v1/contact-forms/891/feedback/schema HTTP/1.1" 200 736 "https://thegreenscapecollective.com.au/" "Mozilla/5.0 (X11; Linux x86_64) AppleWebKit/537.36 (KHTML, like Gecko) Chrome/144.0.0.0 Safari/537.36"
136.119.129.236 - - [03/Apr/2026:07:11:01 +0800] "GET /wp-json/contact-form-7/v1/contact-forms/889/feedback/schema HTTP/1.1" 200 682 "https://thegreenscapecollective.com.au/" "Mozilla/5.0 (X11; Linux x86_64) AppleWebKit/537.36 (KHTML, like Gecko) Chrome/144.0.0.0 Safari/537.36"
34.56.168.230 - - [03/Apr/2026:07:11:10 +0800] "GET /wp-content/plugins/lightweight-social-icons/fonts/fontello.woff HTTP/1.1" 200 23328 "https://thegreenscapecollective.com.au/wp-content/cache/autoptimize/css/autoptimize_2e02926ac66b065cdef3e3d343893e11.css" "Mozilla/5.0 (X11; Linux x86_64) AppleWebKit/537.36 (KHTML, like Gecko) Chrome/144.0.0.0 Safari/537.36"
34.56.168.230 - - [03/Apr/2026:07:11:10 +0800] "GET /wp-content/uploads/2020/10/fingerprint.png HTTP/1.1" 200 49629 "https://thegreenscapecollective.com.au/wp-content/cache/autoptimize/css/autoptimize_single_c3c5d54ef606327a4025aefb8e32211e.css?ver=1765800085" "Mozilla/5.0 (X11; Linux x86_64) AppleWebKit/537.36 (KHTML, like Gecko) Chrome/144.0.0.0 Safari/537.36"
34.56.168.230 - - [03/Apr/2026:07:11:10 +0800] "GET /wp-content/uploads/2020/10/the-greenscape-collective.png HTTP/1.1" 200 28488 "https://thegreenscapecollective.com.au/" "Mozilla/5.0 (X11; Linux x86_64) AppleWebKit/537.36 (KHTML, like Gecko) Chrome/144.0.0.0 Safari/537.36"
34.56.168.230 - - [03/Apr/2026:07:11:13 +0800] "HEAD / HTTP/1.1" 200 - "-" "Mozilla/5.0 (X11; Linux x86_64) AppleWebKit/537.36 (KHTML, like Gecko) Chrome/136.0.0.0 Safari/537.36"
34.56.168.230 - - [03/Apr/2026:07:11:14 +0800] "GET / HTTP/1.1" 200 22007 "-" "Mozilla/5.0 (X11; Linux x86_64) AppleWebKit/537.36 (KHTML, like Gecko) Chrome/136.0.0.0 Safari/537.36"
34.56.168.230 - - [03/Apr/2026:07:11:25 +0800] "GET /wp-content/uploads/2020/10/consult-thumbnail-150x150.jpg HTTP/1.1" 200 9782 "https://thegreenscapecollective.com.au/" "Mozilla/5.0 (X11; Linux x86_64) AppleWebKit/537.36 (KHTML, like Gecko) Chrome/144.0.0.0 Safari/537.36"
34.56.168.230 - - [03/Apr/2026:07:11:25 +0800] "GET /wp-content/uploads/2020/10/create-thumbnail-150x150.jpg HTTP/1.1" 200 8588 "https://thegreenscapecollective.com.au/" "Mozilla/5.0 (X11; Linux x86_64) AppleWebKit/537.36 (KHTML, like Gecko) Chrome/144.0.0.0 Safari/537.36"
34.56.168.230 - - [03/Apr/2026:07:11:25 +0800] "GET /wp-content/uploads/2020/10/construct-thumbnail-150x150.jpg HTTP/1.1" 200 7382 "https://thegreenscapecollective.com.au/" "Mozilla/5.0 (X11; Linux x86_64) AppleWebKit/537.36 (KHTML, like Gecko) Chrome/144.0.0.0 Safari/537.36"
