3.229.130.103 - - [02/Apr/2026:09:48:21 +0800] "GET / HTTP/1.1" 301 247 "-" "Mozilla/5.0 (Windows NT 10.0; Win64; x64) AppleWebKit/537.36 (KHTML, like Gecko) Chrome/139.0.0.0 Safari/537.36"
3.229.130.103 - - [02/Apr/2026:09:48:21 +0800] "GET / HTTP/1.1" 301 247 "-" "Mozilla/5.0 (Windows NT 10.0; Win64; x64) AppleWebKit/537.36 (KHTML, like Gecko) Chrome/139.0.0.0 Safari/537.36"
3.229.130.103 - - [02/Apr/2026:09:48:21 +0800] "GET / HTTP/1.1" 301 247 "-" "Mozilla/5.0 (Windows NT 10.0; Win64; x64) AppleWebKit/537.36 (KHTML, like Gecko) Chrome/139.0.0.0 Safari/537.36"
3.229.130.103 - - [02/Apr/2026:09:48:21 +0800] "GET / HTTP/1.1" 301 247 "-" "Mozilla/5.0 (Windows NT 10.0; Win64; x64) AppleWebKit/537.36 (KHTML, like Gecko) Chrome/139.0.0.0 Safari/537.36"
3.229.130.103 - - [02/Apr/2026:09:48:21 +0800] "GET / HTTP/1.1" 301 247 "-" "Mozilla/5.0 (Windows NT 10.0; Win64; x64) AppleWebKit/537.36 (KHTML, like Gecko) Chrome/139.0.0.0 Safari/537.36"
3.229.130.103 - - [02/Apr/2026:09:48:22 +0800] "GET / HTTP/1.1" 200 22007 "https://www.thegreenscapecollective.com.au/" "Mozilla/5.0 (Windows NT 10.0; Win64; x64) AppleWebKit/537.36 (KHTML, like Gecko) Chrome/139.0.0.0 Safari/537.36"
3.229.130.103 - - [02/Apr/2026:09:48:22 +0800] "GET / HTTP/1.1" 200 22006 "https://www.thegreenscapecollective.com.au/" "Mozilla/5.0 (Windows NT 10.0; Win64; x64) AppleWebKit/537.36 (KHTML, like Gecko) Chrome/139.0.0.0 Safari/537.36"
3.229.130.103 - - [02/Apr/2026:09:48:22 +0800] "GET / HTTP/1.1" 200 22000 "https://www.thegreenscapecollective.com.au/" "Mozilla/5.0 (Windows NT 10.0; Win64; x64) AppleWebKit/537.36 (KHTML, like Gecko) Chrome/139.0.0.0 Safari/537.36"
103.4.122.14 - - [02/Apr/2026:09:48:23 +0800] "POST /wp-cron.php?doing_wp_cron=1775094503.4627420902252197265625 HTTP/1.1" 200 20 "-" "WordPress/6.9.4; https://thegreenscapecollective.com.au"
3.229.130.103 - - [02/Apr/2026:09:48:22 +0800] "GET / HTTP/1.1" 200 22001 "https://www.thegreenscapecollective.com.au/" "Mozilla/5.0 (Windows NT 10.0; Win64; x64) AppleWebKit/537.36 (KHTML, like Gecko) Chrome/139.0.0.0 Safari/537.36"
3.229.130.103 - - [02/Apr/2026:09:48:22 +0800] "GET / HTTP/1.1" 200 22007 "https://www.thegreenscapecollective.com.au/" "Mozilla/5.0 (Windows NT 10.0; Win64; x64) AppleWebKit/537.36 (KHTML, like Gecko) Chrome/139.0.0.0 Safari/537.36"
14.191.172.108 - - [02/Apr/2026:09:50:47 +0800] "GET /petscaping-your-garden/tel:0861025202 HTTP/1.1" 404 15208 "-" "Mozilla/5.0 (Windows NT 6.1; Win64; x64) AppleWebKit/537.36 (KHTML, like Gecko) Chrome/64.0.3282.24 Safari/537.36"
103.4.122.14 - - [02/Apr/2026:09:56:08 +0800] "POST /wp-cron.php?doing_wp_cron=1775094968.6419610977172851562500 HTTP/1.1" 200 20 "-" "WordPress/6.9.4; https://thegreenscapecollective.com.au"
14.248.73.12 - - [02/Apr/2026:09:56:07 +0800] "GET /terms-of-service/tel:0861025202 HTTP/1.1" 404 15199 "-" "Mozilla/5.0 (Macintosh; Intel Mac OS X 10_15_5) AppleWebKit/537.36 (KHTML, like Gecko) Chrome/84.0.4147.105 Safari/537.36"
54.39.210.141 - - [02/Apr/2026:09:57:38 +0800] "GET /robots.txt HTTP/1.1" 301 20 "-" "Mozilla/5.0 (compatible; AhrefsBot/7.0; +http://ahrefs.com/robot/)"
54.39.210.141 - - [02/Apr/2026:09:57:40 +0800] "GET /robots.txt HTTP/1.1" 200 140 "-" "Mozilla/5.0 (compatible; AhrefsBot/7.0; +http://ahrefs.com/robot/)"
54.39.6.131 - - [02/Apr/2026:09:57:43 +0800] "GET / HTTP/1.1" 301 247 "-" "Mozilla/5.0 (compatible; AhrefsBot/7.0; +http://ahrefs.com/robot/)"
103.4.122.14 - - [02/Apr/2026:10:00:56 +0800] "POST /wp-cron.php?doing_wp_cron=1775095256.2320380210876464843750 HTTP/1.1" 200 20 "-" "WordPress/6.9.4; https://thegreenscapecollective.com.au"
123.20.156.56 - - [02/Apr/2026:10:00:54 +0800] "GET /services/great-garden-advice/tel:0861025202 HTTP/1.1" 404 15681 "-" "Mozilla/5.0 (Windows NT 6.3; Win64; x64) AppleWebKit/537.36 (KHTML, like Gecko) Chrome/74.0.3729.169 Safari/537.36"
103.4.122.14 - - [02/Apr/2026:10:07:16 +0800] "POST /wp-cron.php?doing_wp_cron=1775095636.5471229553222656250000 HTTP/1.1" 200 20 "-" "WordPress/6.9.4; https://thegreenscapecollective.com.au"
216.73.216.190 - - [02/Apr/2026:10:07:15 +0800] "GET /sitemap_index.xml HTTP/1.1" 200 385 "-" "Mozilla/5.0 AppleWebKit/537.36 (KHTML, like Gecko; compatible; ClaudeBot/1.0; +claudebot@anthropic.com)"
103.4.122.14 - - [02/Apr/2026:10:15:31 +0800] "POST /wp-cron.php?doing_wp_cron=1775096131.3653008937835693359375 HTTP/1.1" 200 20 "-" "WordPress/6.9.4; https://thegreenscapecollective.com.au"
192.178.6.69 - - [02/Apr/2026:10:15:30 +0800] "GET /robots.txt HTTP/1.1" 301 20 "-" "Mozilla/5.0 (compatible; Googlebot/2.1; +http://www.google.com/bot.html)"
66.249.75.160 - - [02/Apr/2026:10:15:32 +0800] "GET /robots.txt HTTP/1.1" 200 140 "-" "Mozilla/5.0 (compatible; Googlebot/2.1; +http://www.google.com/bot.html)"
192.178.6.68 - - [02/Apr/2026:10:15:34 +0800] "GET /contact HTTP/1.1" 301 20 "-" "Mozilla/5.0 (Linux; Android 6.0.1; Nexus 5X Build/MMB29P) AppleWebKit/537.36 (KHTML, like Gecko) Chrome/146.0.7680.164 Mobile Safari/537.36 (compatible; Googlebot/2.1; +http://www.google.com/bot.html)"
66.249.75.162 - - [02/Apr/2026:10:15:36 +0800] "GET /contact/ HTTP/1.1" 200 16203 "-" "Mozilla/5.0 (Linux; Android 6.0.1; Nexus 5X Build/MMB29P) AppleWebKit/537.36 (KHTML, like Gecko) Chrome/146.0.7680.164 Mobile Safari/537.36 (compatible; Googlebot/2.1; +http://www.google.com/bot.html)"
66.249.75.160 - - [02/Apr/2026:10:15:42 +0800] "GET /wp-json/contact-form-7/v1/contact-forms/904/feedback/schema HTTP/1.1" 200 553 "https://thegreenscapecollective.com.au/contact/" "Mozilla/5.0 (Linux; Android 6.0.1; Nexus 5X Build/MMB29P) AppleWebKit/537.36 (KHTML, like Gecko) Chrome/146.0.7680.164 Mobile Safari/537.36 (compatible; Googlebot/2.1; +http://www.google.com/bot.html)"
103.4.122.13 - - [02/Apr/2026:10:21:47 +0800] "GET /wp-cron.php HTTP/1.1" 200 20 "-" "WordPress/6.9.4; https://wpmain.screwlooseit.com.au"
103.4.122.14 - - [02/Apr/2026:10:23:43 +0800] "POST /wp-cron.php?doing_wp_cron=1775096623.7832911014556884765625 HTTP/1.1" 200 20 "-" "WordPress/6.9.4; https://thegreenscapecollective.com.au"
14.233.55.45 - - [02/Apr/2026:10:23:42 +0800] "GET /how-to-create-a-low-allergen-garden-in-perth/tel:0861025202 HTTP/1.1" 404 15224 "-" "Mozilla/5.0 (Windows NT 10.0; Win64; x64) AppleWebKit/537.36 (KHTML, like Gecko) Chrome/91.0.4472.114 Safari/537.36"
157.55.39.58 - - [02/Apr/2026:10:25:06 +0800] "GET /australian-native-alternatives-to-the-christmas-tree/ HTTP/1.1" 200 17968 "-" "Mozilla/5.0 AppleWebKit/537.36 (KHTML, like Gecko; compatible; bingbot/2.0; +http://www.bing.com/bingbot.htm) Chrome/116.0.1938.76 Safari/537.36"
185.136.148.98 - - [02/Apr/2026:10:26:34 +0800] "GET /feed/ HTTP/1.1" 200 21814 "-" "Mozilla/5.0 (iPod; U; CPU iPhone OS 3_1 like Mac OS X; gv-GB) AppleWebKit/533.49.6 (KHTML, like Gecko) Version/4.0.5 Mobile/8B113 Safari/6533.49.6"
31.171.1.161 - - [02/Apr/2026:10:27:03 +0800] "GET /feed/ HTTP/1.1" 200 21814 "-" "Mozilla/5.0 (iPad; CPU iPad OS 3_1_3 like Mac OS X) AppleWebKit/531.2 (KHTML, like Gecko) CriOS/44.0.829.0 Mobile/30B901 Safari/531.2"
192.178.6.69 - - [02/Apr/2026:10:27:22 +0800] "GET /services/landscape-design HTTP/1.1" 301 20 "-" "Mozilla/5.0 (Linux; Android 6.0.1; Nexus 5X Build/MMB29P) AppleWebKit/537.36 (KHTML, like Gecko) Chrome/146.0.7680.164 Mobile Safari/537.36 (compatible; Googlebot/2.1; +http://www.google.com/bot.html)"
66.249.75.160 - - [02/Apr/2026:10:27:24 +0800] "GET /services/landscape-design HTTP/1.1" 404 15198 "-" "Mozilla/5.0 (Linux; Android 6.0.1; Nexus 5X Build/MMB29P) AppleWebKit/537.36 (KHTML, like Gecko) Chrome/146.0.7680.164 Mobile Safari/537.36 (compatible; Googlebot/2.1; +http://www.google.com/bot.html)"
74.7.243.226 - - [02/Apr/2026:10:50:43 +0800] "GET / HTTP/1.1" 301 247 "-" "Mozilla/5.0 AppleWebKit/537.36 (KHTML, like Gecko; compatible; GPTBot/1.3; +https://openai.com/gptbot)"
103.4.122.14 - - [02/Apr/2026:10:50:44 +0800] "POST /wp-cron.php?doing_wp_cron=1775098244.2135610580444335937500 HTTP/1.1" 200 20 "-" "WordPress/6.9.4; https://thegreenscapecollective.com.au"
74.7.241.179 - - [02/Apr/2026:10:50:44 +0800] "GET /robots.txt HTTP/1.1" 301 20 "-" "Mozilla/5.0 (Macintosh; Intel Mac OS X 10_15_7) AppleWebKit/537.36 (KHTML, like Gecko) Chrome/131.0.0.0 Safari/537.36; compatible; OAI-SearchBot/1.3; robots.txt; +https://openai.com/searchbot"
74.7.241.179 - - [02/Apr/2026:10:50:46 +0800] "GET /robots.txt HTTP/1.1" 200 140 "https://www.thegreenscapecollective.com.au/robots.txt" "Mozilla/5.0 (Macintosh; Intel Mac OS X 10_15_7) AppleWebKit/537.36 (KHTML, like Gecko) Chrome/131.0.0.0 Safari/537.36; compatible; OAI-SearchBot/1.3; robots.txt; +https://openai.com/searchbot"
103.4.122.14 - - [02/Apr/2026:10:54:34 +0800] "POST /wp-cron.php?doing_wp_cron=1775098474.6551790237426757812500 HTTP/1.1" 200 20 "-" "WordPress/6.9.4; https://thegreenscapecollective.com.au"
186.216.48.44 - - [02/Apr/2026:10:55:00 +0800] "GET /services/great-garden-advice/ HTTP/1.1" 200 17229 "-" "Mozilla/5.0 (Macintosh; Intel Mac OS X 10_14_5) AppleWebKit/537.36 (KHTML, like Gecko) Chrome/74.0.3729.169 Safari/537.36"
51.161.86.195 - - [02/Apr/2026:11:00:47 +0800] "GET /robots.txt HTTP/1.1" 200 188 "-" "Mozilla/5.0 (compatible; MJ12bot/v1.4.8; http://mj12bot.com/)"
103.4.122.14 - - [02/Apr/2026:11:00:48 +0800] "POST /wp-cron.php?doing_wp_cron=1775098848.1780459880828857421875 HTTP/1.1" 200 20 "-" "WordPress/6.9.4; https://thegreenscapecollective.com.au"
51.161.86.195 - - [02/Apr/2026:11:00:48 +0800] "GET /robots.txt HTTP/1.1" 200 188 "-" "Mozilla/5.0 (compatible; MJ12bot/v1.4.8; http://mj12bot.com/)"
51.161.86.195 - - [02/Apr/2026:11:00:47 +0800] "GET /robots.txt HTTP/1.1" 200 188 "-" "Mozilla/5.0 (compatible; MJ12bot/v1.4.8; http://mj12bot.com/)"
51.161.86.195 - - [02/Apr/2026:11:00:49 +0800] "GET /auto%20slot.aspx HTTP/1.1" 404 15204 "-" "Mozilla/5.0 (compatible; MJ12bot/v1.4.8; http://mj12bot.com/)"
51.161.86.195 - - [02/Apr/2026:11:00:50 +0800] "GET /auto%20slot.aspx HTTP/1.1" 404 15204 "-" "Mozilla/5.0 (compatible; MJ12bot/v1.4.8; http://mj12bot.com/)"
51.161.86.195 - - [02/Apr/2026:11:00:51 +0800] "GET /auto%20slot.aspx HTTP/1.1" 404 15204 "-" "Mozilla/5.0 (compatible; MJ12bot/v1.4.8; http://mj12bot.com/)"
51.161.86.195 - - [02/Apr/2026:11:00:52 +0800] "GET /betflik%20casino.aspx HTTP/1.1" 404 15209 "-" "Mozilla/5.0 (compatible; MJ12bot/v1.4.8; http://mj12bot.com/)"
51.161.86.195 - - [02/Apr/2026:11:00:53 +0800] "GET /betflik%20casino.aspx HTTP/1.1" 404 15209 "-" "Mozilla/5.0 (compatible; MJ12bot/v1.4.8; http://mj12bot.com/)"
51.161.86.195 - - [02/Apr/2026:11:00:55 +0800] "GET /betflik%20co.aspx HTTP/1.1" 404 15206 "-" "Mozilla/5.0 (compatible; MJ12bot/v1.4.8; http://mj12bot.com/)"
51.161.86.195 - - [02/Apr/2026:11:00:55 +0800] "GET /betflik%20co.aspx HTTP/1.1" 404 15206 "-" "Mozilla/5.0 (compatible; MJ12bot/v1.4.8; http://mj12bot.com/)"
51.161.86.195 - - [02/Apr/2026:11:00:57 +0800] "GET /robots.txt HTTP/1.1" 200 188 "-" "Mozilla/5.0 (compatible; MJ12bot/v1.4.8; http://mj12bot.com/)"
51.161.86.195 - - [02/Apr/2026:11:00:57 +0800] "GET /robots.txt HTTP/1.1" 200 188 "-" "Mozilla/5.0 (compatible; MJ12bot/v1.4.8; http://mj12bot.com/)"
51.161.86.195 - - [02/Apr/2026:11:00:58 +0800] "GET /betflik%20dc.aspx HTTP/1.1" 404 15206 "-" "Mozilla/5.0 (compatible; MJ12bot/v1.4.8; http://mj12bot.com/)"
51.161.86.195 - - [02/Apr/2026:11:00:58 +0800] "GET /betflik%20dc.aspx HTTP/1.1" 404 15206 "-" "Mozilla/5.0 (compatible; MJ12bot/v1.4.8; http://mj12bot.com/)"
51.161.86.195 - - [02/Apr/2026:11:00:59 +0800] "GET /auto%20slot.aspx HTTP/1.1" 404 15204 "-" "Mozilla/5.0 (compatible; MJ12bot/v1.4.8; http://mj12bot.com/)"
51.161.86.195 - - [02/Apr/2026:11:01:00 +0800] "GET /auto%20slot.aspx HTTP/1.1" 404 15204 "-" "Mozilla/5.0 (compatible; MJ12bot/v1.4.8; http://mj12bot.com/)"
51.161.86.195 - - [02/Apr/2026:11:01:01 +0800] "GET /betflik%20original.aspx HTTP/1.1" 404 15208 "-" "Mozilla/5.0 (compatible; MJ12bot/v1.4.8; http://mj12bot.com/)"
51.161.86.195 - - [02/Apr/2026:11:01:01 +0800] "GET /betflik%20original.aspx HTTP/1.1" 404 15208 "-" "Mozilla/5.0 (compatible; MJ12bot/v1.4.8; http://mj12bot.com/)"
51.161.86.195 - - [02/Apr/2026:11:01:02 +0800] "GET /robots.txt HTTP/1.1" 403 199 "-" "Mozilla/5.0 (compatible; MJ12bot/v1.4.8; http://mj12bot.com/)"
51.161.86.195 - - [02/Apr/2026:11:01:03 +0800] "GET /betflik%20casino.aspx HTTP/1.1" 403 199 "-" "Mozilla/5.0 (compatible; MJ12bot/v1.4.8; http://mj12bot.com/)"
51.161.86.195 - - [02/Apr/2026:11:01:04 +0800] "GET /betflik%20slot.aspx HTTP/1.1" 403 199 "-" "Mozilla/5.0 (compatible; MJ12bot/v1.4.8; http://mj12bot.com/)"
51.161.86.195 - - [02/Apr/2026:11:01:04 +0800] "GET /betflik%20slot.aspx HTTP/1.1" 403 199 "-" "Mozilla/5.0 (compatible; MJ12bot/v1.4.8; http://mj12bot.com/)"
51.161.86.195 - - [02/Apr/2026:11:01:03 +0800] "GET /betflik%20casino.aspx HTTP/1.1" 403 199 "-" "Mozilla/5.0 (compatible; MJ12bot/v1.4.8; http://mj12bot.com/)"
51.161.86.195 - - [02/Apr/2026:11:01:06 +0800] "GET /betflik%20co.aspx HTTP/1.1" 403 199 "-" "Mozilla/5.0 (compatible; MJ12bot/v1.4.8; http://mj12bot.com/)"
51.161.86.195 - - [02/Apr/2026:11:01:06 +0800] "GET /betflik%20co.aspx HTTP/1.1" 403 199 "-" "Mozilla/5.0 (compatible; MJ12bot/v1.4.8; http://mj12bot.com/)"
51.161.86.195 - - [02/Apr/2026:11:01:08 +0800] "GET /betflik%20dc.aspx HTTP/1.1" 403 199 "-" "Mozilla/5.0 (compatible; MJ12bot/v1.4.8; http://mj12bot.com/)"
51.161.86.195 - - [02/Apr/2026:11:01:08 +0800] "GET /betflik%20casino.aspx HTTP/1.1" 403 199 "-" "Mozilla/5.0 (compatible; MJ12bot/v1.4.8; http://mj12bot.com/)"
51.161.86.195 - - [02/Apr/2026:11:01:09 +0800] "GET /betflik%20dc.aspx HTTP/1.1" 403 199 "-" "Mozilla/5.0 (compatible; MJ12bot/v1.4.8; http://mj12bot.com/)"
51.161.86.195 - - [02/Apr/2026:11:01:10 +0800] "GET /betflik%20original.aspx HTTP/1.1" 403 199 "-" "Mozilla/5.0 (compatible; MJ12bot/v1.4.8; http://mj12bot.com/)"
51.161.86.195 - - [02/Apr/2026:11:01:11 +0800] "GET /betflik%20original.aspx HTTP/1.1" 403 199 "-" "Mozilla/5.0 (compatible; MJ12bot/v1.4.8; http://mj12bot.com/)"
51.161.86.195 - - [02/Apr/2026:11:01:13 +0800] "GET /betflik%20co.aspx HTTP/1.1" 403 199 "-" "Mozilla/5.0 (compatible; MJ12bot/v1.4.8; http://mj12bot.com/)"
51.161.86.195 - - [02/Apr/2026:11:01:14 +0800] "GET /betflik%20slot.aspx HTTP/1.1" 403 199 "-" "Mozilla/5.0 (compatible; MJ12bot/v1.4.8; http://mj12bot.com/)"
51.161.86.195 - - [02/Apr/2026:11:01:15 +0800] "GET /betflik%20slot.aspx HTTP/1.1" 403 199 "-" "Mozilla/5.0 (compatible; MJ12bot/v1.4.8; http://mj12bot.com/)"
51.161.86.195 - - [02/Apr/2026:11:01:16 +0800] "GET /betflik%20dc.aspx HTTP/1.1" 403 199 "-" "Mozilla/5.0 (compatible; MJ12bot/v1.4.8; http://mj12bot.com/)"
51.161.86.195 - - [02/Apr/2026:11:01:18 +0800] "GET /robots.txt HTTP/1.0" 403 199 "-" "Mozilla/5.0 (compatible; MJ12bot/v1.4.8; http://mj12bot.com/)"
51.161.86.195 - - [02/Apr/2026:11:01:21 +0800] "GET /betflik%20original.aspx HTTP/1.1" 403 199 "-" "Mozilla/5.0 (compatible; MJ12bot/v1.4.8; http://mj12bot.com/)"
51.161.86.195 - - [02/Apr/2026:11:01:23 +0800] "GET /betflik%20slot.aspx HTTP/1.1" 403 199 "-" "Mozilla/5.0 (compatible; MJ12bot/v1.4.8; http://mj12bot.com/)"
137.154.101.8 - - [02/Apr/2026:11:01:35 +0800] "GET /wp-content/uploads/2020/12/Native-Fuchsia.jpg HTTP/1.1" 200 59054 "https://www.bing.com/" "Mozilla/5.0 (Windows NT 10.0; Win64; x64) AppleWebKit/537.36 (KHTML, like Gecko) Chrome/146.0.0.0 Safari/537.36 Edg/146.0.0.0"
51.161.86.195 - - [02/Apr/2026:11:01:36 +0800] "GET /robots.txt HTTP/1.1" 403 199 "-" "Mozilla/5.0 (compatible; MJ12bot/v1.4.8; http://mj12bot.com/)"
51.161.86.195 - - [02/Apr/2026:11:01:40 +0800] "GET /robots.txt HTTP/1.0" 403 199 "-" "Mozilla/5.0 (compatible; MJ12bot/v1.4.8; http://mj12bot.com/)"
51.161.86.195 - - [02/Apr/2026:11:02:29 +0800] "GET /robots.txt HTTP/1.1" 200 188 "-" "Mozilla/5.0 (compatible; MJ12bot/v1.4.8; http://mj12bot.com/)"
51.161.86.195 - - [02/Apr/2026:11:02:34 +0800] "GET /auto%20slot.aspx HTTP/1.1" 404 15204 "-" "Mozilla/5.0 (compatible; MJ12bot/v1.4.8; http://mj12bot.com/)"
51.161.86.195 - - [02/Apr/2026:11:02:37 +0800] "GET /betflik%20casino.aspx HTTP/1.1" 404 15209 "-" "Mozilla/5.0 (compatible; MJ12bot/v1.4.8; http://mj12bot.com/)"
51.161.86.195 - - [02/Apr/2026:11:02:41 +0800] "GET /betflik%20co.aspx HTTP/1.1" 404 15206 "-" "Mozilla/5.0 (compatible; MJ12bot/v1.4.8; http://mj12bot.com/)"
51.161.86.195 - - [02/Apr/2026:11:02:45 +0800] "GET /betflik%20dc.aspx HTTP/1.1" 404 15206 "-" "Mozilla/5.0 (compatible; MJ12bot/v1.4.8; http://mj12bot.com/)"
51.161.86.195 - - [02/Apr/2026:11:02:48 +0800] "GET /betflik%20original.aspx HTTP/1.1" 404 15208 "-" "Mozilla/5.0 (compatible; MJ12bot/v1.4.8; http://mj12bot.com/)"
103.4.122.14 - - [02/Apr/2026:11:02:53 +0800] "POST /wp-cron.php?doing_wp_cron=1775098972.9812889099121093750000 HTTP/1.1" 200 20 "-" "WordPress/6.9.4; https://thegreenscapecollective.com.au"
51.161.86.195 - - [02/Apr/2026:11:02:51 +0800] "GET /betflik%20slot.aspx HTTP/1.1" 404 15207 "-" "Mozilla/5.0 (compatible; MJ12bot/v1.4.8; http://mj12bot.com/)"
14.169.195.93 - - [02/Apr/2026:11:03:19 +0800] "GET /tag/asthma/ HTTP/1.1" 200 16054 "-" "Mozilla/5.0 (Macintosh; Intel Mac OS X 12.6; rv:131.0) Gecko/20100101 Firefox/131.0"
103.4.122.14 - - [02/Apr/2026:11:17:25 +0800] "POST /wp-cron.php?doing_wp_cron=1775099845.0654349327087402343750 HTTP/1.1" 200 20 "-" "WordPress/6.9.4; https://thegreenscapecollective.com.au"
94.23.188.196 - - [02/Apr/2026:11:17:24 +0800] "GET /sitemap_index.xml HTTP/1.1" 200 385 "-" "Mozilla/5.0 (compatible; AhrefsBot/7.0; +http://ahrefs.com/robot/)"
37.59.204.137 - - [02/Apr/2026:11:17:27 +0800] "GET /post-sitemap.xml HTTP/1.1" 200 949 "-" "Mozilla/5.0 (compatible; AhrefsBot/7.0; +http://ahrefs.com/robot/)"
103.4.122.14 - - [02/Apr/2026:11:18:01 +0800] "POST /wp-cron.php?doing_wp_cron=1775099881.2623898983001708984375 HTTP/1.1" 200 20 "-" "WordPress/6.9.4; https://thegreenscapecollective.com.au"
54.37.118.66 - - [02/Apr/2026:11:18:00 +0800] "GET /page-sitemap.xml HTTP/1.1" 200 1061 "-" "Mozilla/5.0 (compatible; AhrefsBot/7.0; +http://ahrefs.com/robot/)"
54.37.118.91 - - [02/Apr/2026:11:18:09 +0800] "GET /testimonial-sitemap.xml HTTP/1.1" 200 433 "-" "Mozilla/5.0 (compatible; AhrefsBot/7.0; +http://ahrefs.com/robot/)"
94.23.188.211 - - [02/Apr/2026:11:18:11 +0800] "GET /category-sitemap.xml HTTP/1.1" 200 406 "-" "Mozilla/5.0 (compatible; AhrefsBot/7.0; +http://ahrefs.com/robot/)"
54.37.118.91 - - [02/Apr/2026:11:18:14 +0800] "GET /post_tag-sitemap.xml HTTP/1.1" 200 397 "-" "Mozilla/5.0 (compatible; AhrefsBot/7.0; +http://ahrefs.com/robot/)"
92.222.108.104 - - [02/Apr/2026:11:18:53 +0800] "GET /author-sitemap.xml HTTP/1.1" 200 377 "-" "Mozilla/5.0 (compatible; AhrefsBot/7.0; +http://ahrefs.com/robot/)"
1.169.253.131 - - [02/Apr/2026:11:20:27 +0800] "GET / HTTP/1.1" 301 20 "http://thegreenscapecollective.com.au/" "Mozilla/5.0 (compatible; Baiduspider/2.0; +http://www.baidu.com/search/spider.html)"
1.169.253.131 - - [02/Apr/2026:11:20:29 +0800] "GET / HTTP/1.1" 200 22007 "http://thegreenscapecollective.com.au/" "Mozilla/5.0 (compatible; Baiduspider/2.0; +http://www.baidu.com/search/spider.html)"
1.169.253.131 - - [02/Apr/2026:11:21:12 +0800] "GET /xmlrpc.php?rsd HTTP/1.1" 200 317 "http://vicsmeatmarketday.com.au/" "Mozilla/5.0 (compatible; Baiduspider/2.0; +http://www.baidu.com/search/spider.html)"
1.169.253.131 - - [02/Apr/2026:11:21:12 +0800] "GET /wp-json/wp/v2/pages/9 HTTP/1.1" 200 6707 "http://jiplaw.com.au/" "Mozilla/5.0 (compatible; Baiduspider/2.0; +http://www.baidu.com/search/spider.html)"
1.169.253.131 - - [02/Apr/2026:11:21:13 +0800] "GET /wp-json/oembed/1.0/embed?url=https%3A%2F%2Fthegreenscapecollective.com.au%2F& HTTP/1.1" 200 1235 "http://thegreenscapecollective.com.au/" "Mozilla/5.0 (compatible; Baiduspider/2.0; +http://www.baidu.com/search/spider.html)"
1.169.253.131 - - [02/Apr/2026:11:21:14 +0800] "GET /wp-json/oembed/1.0/embed?url=https%3A%2F%2Fthegreenscapecollective.com.au%2F HTTP/1.1" 200 1235 "http://vickimcinnes.com.au/" "Mozilla/5.0 (compatible; Baiduspider/2.0; +http://www.baidu.com/search/spider.html)"
1.169.253.131 - - [02/Apr/2026:11:21:14 +0800] "GET /wp-json/ HTTP/1.1" 200 16881 "http://vicsquare.com.au/" "Mozilla/5.0 (compatible; Baiduspider/2.0; +http://www.baidu.com/search/spider.html)"
1.169.253.131 - - [02/Apr/2026:11:21:14 +0800] "GET /services/residential-and-strata-garden-maintenance/ HTTP/1.1" 200 17207 "http://jkrimages.com.au/" "Mozilla/5.0 (compatible; Baiduspider/2.0; +http://www.baidu.com/search/spider.html)"
1.169.253.131 - - [02/Apr/2026:11:21:17 +0800] "GET /services/residential-and-commercial-landscape-construction/ HTTP/1.1" 200 17729 "http://jkrimages.com.au/" "Mozilla/5.0 (compatible; Baiduspider/2.0; +http://www.baidu.com/search/spider.html)"
1.169.253.131 - - [02/Apr/2026:11:21:17 +0800] "GET /services/ HTTP/1.1" 200 17126 "http://vicsmeatmarketday.com.au/" "Mozilla/5.0 (compatible; Baiduspider/2.0; +http://www.baidu.com/search/spider.html)"
1.169.253.131 - - [02/Apr/2026:11:21:18 +0800] "GET /blog/ HTTP/1.1" 200 17393 "http://jiplaw.com.au/" "Mozilla/5.0 (compatible; Baiduspider/2.0; +http://www.baidu.com/search/spider.html)"
1.169.253.131 - - [02/Apr/2026:11:21:18 +0800] "GET /services/landscape-and-garden-design/ HTTP/1.1" 200 17020 "http://theglobehotelhobart.com.au/" "Mozilla/5.0 (compatible; Baiduspider/2.0; +http://www.baidu.com/search/spider.html)"
1.169.253.131 - - [02/Apr/2026:11:21:18 +0800] "GET /services/great-garden-advice/ HTTP/1.1" 200 17229 "http://vicmedicaldoctors.com.au/" "Mozilla/5.0 (compatible; Baiduspider/2.0; +http://www.baidu.com/search/spider.html)"
1.169.253.131 - - [02/Apr/2026:11:21:18 +0800] "GET /feed/ HTTP/1.1" 200 21814 "http://jishan.com.au/" "Mozilla/5.0 (compatible; Baiduspider/2.0; +http://www.baidu.com/search/spider.html)"
1.169.253.131 - - [02/Apr/2026:11:21:18 +0800] "GET /comments/feed/ HTTP/1.1" 200 433 "http://jimsmalaysia.com.au/" "Mozilla/5.0 (compatible; Baiduspider/2.0; +http://www.baidu.com/search/spider.html)"
1.169.253.131 - - [02/Apr/2026:11:21:18 +0800] "GET /faq/ HTTP/1.1" 200 17888 "http://jnjresources.com.au/" "Mozilla/5.0 (compatible; Baiduspider/2.0; +http://www.baidu.com/search/spider.html)"
1.169.253.131 - - [02/Apr/2026:11:21:18 +0800] "GET /contact/ HTTP/1.1" 200 16203 "http://jinlingeducation.com.au/" "Mozilla/5.0 (compatible; Baiduspider/2.0; +http://www.baidu.com/search/spider.html)"
1.169.253.131 - - [02/Apr/2026:11:21:22 +0800] "GET /about/ HTTP/1.1" 200 18747 "http://jnjresources.com.au/" "Mozilla/5.0 (compatible; Baiduspider/2.0; +http://www.baidu.com/search/spider.html)"
1.169.253.131 - - [02/Apr/2026:11:21:22 +0800] "GET / HTTP/1.1" 200 22005 "http://jinlingeducation.com.au/" "Mozilla/5.0 (compatible; Baiduspider/2.0; +http://www.baidu.com/search/spider.html)"
1.169.253.131 - - [02/Apr/2026:11:21:22 +0800] "GET /terms-of-service HTTP/1.1" 301 20 "http://vickimcinnes.com.au/" "Mozilla/5.0 (compatible; Baiduspider/2.0; +http://www.baidu.com/search/spider.html)"
1.169.253.131 - - [02/Apr/2026:11:21:22 +0800] "GET /tel:0861025202 HTTP/1.1" 301 20 "http://jkrimages.com.au/" "Mozilla/5.0 (compatible; Baiduspider/2.0; +http://www.baidu.com/search/spider.html)"
1.169.253.131 - - [02/Apr/2026:11:21:23 +0800] "GET /privacy-policy/ HTTP/1.1" 301 20 "http://vicsquare.com.au/" "Mozilla/5.0 (compatible; Baiduspider/2.0; +http://www.baidu.com/search/spider.html)"
1.169.253.131 - - [02/Apr/2026:11:21:23 +0800] "GET /contact/ HTTP/1.1" 301 20 "http://vicsmeatmarketday.com.au/" "Mozilla/5.0 (compatible; Baiduspider/2.0; +http://www.baidu.com/search/spider.html)"
1.169.253.131 - - [02/Apr/2026:11:21:24 +0800] "GET /terms-of-service HTTP/1.1" 301 20 "http://vickimcinnes.com.au/" "Mozilla/5.0 (compatible; Baiduspider/2.0; +http://www.baidu.com/search/spider.html)"
1.169.253.131 - - [02/Apr/2026:11:21:25 +0800] "GET /privacy-policy/ HTTP/1.1" 200 16626 "http://vicsquare.com.au/" "Mozilla/5.0 (compatible; Baiduspider/2.0; +http://www.baidu.com/search/spider.html)"
1.169.253.131 - - [02/Apr/2026:11:21:24 +0800] "GET /tel:0861025202 HTTP/1.1" 404 15195 "http://jkrimages.com.au/" "Mozilla/5.0 (compatible; Baiduspider/2.0; +http://www.baidu.com/search/spider.html)"
1.169.253.131 - - [02/Apr/2026:11:21:25 +0800] "GET /terms-of-service/ HTTP/1.1" 200 15726 "http://vickimcinnes.com.au/" "Mozilla/5.0 (compatible; Baiduspider/2.0; +http://www.baidu.com/search/spider.html)"
1.169.253.131 - - [02/Apr/2026:11:21:25 +0800] "GET /contact/ HTTP/1.1" 200 16203 "http://vicsmeatmarketday.com.au/" "Mozilla/5.0 (compatible; Baiduspider/2.0; +http://www.baidu.com/search/spider.html)"
74.7.230.15 - - [02/Apr/2026:11:27:41 +0800] "GET /robots.txt HTTP/1.1" 200 140 "-" "Mozilla/5.0 (Macintosh; Intel Mac OS X 10_15_7) AppleWebKit/537.36 (KHTML, like Gecko) Chrome/131.0.0.0 Safari/537.36; compatible; OAI-SearchBot/1.3; robots.txt; +https://openai.com/searchbot"
103.4.122.14 - - [02/Apr/2026:11:27:43 +0800] "POST /wp-cron.php?doing_wp_cron=1775100462.8545830249786376953125 HTTP/1.1" 200 20 "-" "WordPress/6.9.4; https://thegreenscapecollective.com.au"
74.7.242.43 - - [02/Apr/2026:11:27:41 +0800] "GET / HTTP/1.1" 200 22004 "-" "Mozilla/5.0 AppleWebKit/537.36 (KHTML, like Gecko; compatible; GPTBot/1.3; +https://openai.com/gptbot)"
139.130.248.114 - - [02/Apr/2026:11:34:02 +0800] "GET /wp-content/uploads/2020/12/Toothbrush-Grevillea.jpg HTTP/1.1" 200 152987 "https://www.bing.com/" "Mozilla/5.0 (Windows NT 10.0; Win64; x64) AppleWebKit/537.36 (KHTML, like Gecko) Chrome/146.0.0.0 Safari/537.36 Edg/146.0.0.0"
103.4.122.14 - - [02/Apr/2026:11:34:24 +0800] "POST /wp-cron.php?doing_wp_cron=1775100863.8967549800872802734375 HTTP/1.1" 200 20 "-" "WordPress/6.9.4; https://thegreenscapecollective.com.au"
103.4.122.14 - - [02/Apr/2026:11:39:41 +0800] "POST /wp-cron.php?doing_wp_cron=1775101181.7575409412384033203125 HTTP/1.1" 200 20 "-" "WordPress/6.9.4; https://thegreenscapecollective.com.au"
51.68.111.209 - - [02/Apr/2026:11:39:40 +0800] "GET /robots.txt HTTP/1.1" 301 20 "-" "Mozilla/5.0 (compatible; MJ12bot/v2.0.5; http://mj12bot.com/)"
51.68.111.209 - - [02/Apr/2026:11:39:42 +0800] "GET /robots.txt HTTP/1.1" 200 140 "-" "Mozilla/5.0 (compatible; MJ12bot/v2.0.5; http://mj12bot.com/)"
51.68.111.209 - - [02/Apr/2026:11:39:43 +0800] "GET / HTTP/1.1" 301 20 "-" "Mozilla/5.0 (compatible; MJ12bot/v2.0.5; http://mj12bot.com/)"
51.68.111.209 - - [02/Apr/2026:11:39:45 +0800] "GET / HTTP/1.1" 200 22006 "-" "Mozilla/5.0 (compatible; MJ12bot/v2.0.5; http://mj12bot.com/)"
52.167.144.172 - - [02/Apr/2026:11:42:21 +0800] "GET /sitemap_index.xml HTTP/1.1" 200 385 "-" "Mozilla/5.0 AppleWebKit/537.36 (KHTML, like Gecko; compatible; bingbot/2.0; +http://www.bing.com/bingbot.htm) Chrome/116.0.1938.76 Safari/537.36"
103.4.122.14 - - [02/Apr/2026:11:45:39 +0800] "POST /wp-cron.php?doing_wp_cron=1775101539.1120150089263916015625 HTTP/1.1" 200 20 "-" "WordPress/6.9.4; https://thegreenscapecollective.com.au"
196.188.112.239 - - [02/Apr/2026:11:45:37 +0800] "GET /faq/tel:0861025202 HTTP/1.1" 404 15197 "-" "Mozilla/5.0 (Windows NT 6.2; Win64; x64) AppleWebKit/537.36 (KHTML, like Gecko) Chrome/87.0.4280.88 Safari/537.36"
103.4.122.14 - - [02/Apr/2026:12:12:16 +0800] "POST /wp-cron.php?doing_wp_cron=1775103136.2406771183013916015625 HTTP/1.1" 200 20 "-" "WordPress/6.9.4; https://thegreenscapecollective.com.au"
51.68.107.138 - - [02/Apr/2026:12:12:15 +0800] "GET /robots.txt HTTP/1.1" 200 140 "-" "Mozilla/5.0 (compatible; MJ12bot/v2.0.5; http://mj12bot.com/)"
51.68.107.138 - - [02/Apr/2026:12:12:16 +0800] "GET / HTTP/1.1" 200 22004 "-" "Mozilla/5.0 (compatible; MJ12bot/v2.0.5; http://mj12bot.com/)"
103.4.122.14 - - [02/Apr/2026:12:17:45 +0800] "POST /wp-cron.php?doing_wp_cron=1775103465.9346530437469482421875 HTTP/1.1" 200 20 "-" "WordPress/6.9.4; https://thegreenscapecollective.com.au"
43.173.176.187 - - [02/Apr/2026:12:17:45 +0800] "GET / HTTP/1.1" 301 20 "-" "Mozilla/5.0 (Windows NT 10.0; Win64; x64) AppleWebKit/537.36 (KHTML, like Gecko) Chrome/106.0.5249.119 Safari/537.36"
43.173.182.91 - - [02/Apr/2026:12:17:46 +0800] "GET / HTTP/1.1" 200 22000 "-" "Mozilla/5.0 (Windows NT 10.0; Win64; x64) AppleWebKit/537.36 (KHTML, like Gecko) Chrome/106.0.5249.119 Safari/537.36"
43.173.179.92 - - [02/Apr/2026:12:17:54 +0800] "GET /wp-content/cache/autoptimize/js/gutenslider-js.js HTTP/1.1" 410 17831 "https://thegreenscapecollective.com.au/" "Mozilla/5.0 (Windows NT 10.0; Win64; x64) AppleWebKit/537.36 (KHTML, like Gecko) Chrome/106.0.5249.119 Safari/537.36"
43.173.179.144 - - [02/Apr/2026:12:17:54 +0800] "GET /wp-json/contact-form-7/v1/contact-forms/889/feedback/schema HTTP/1.1" 200 682 "https://thegreenscapecollective.com.au/" "Mozilla/5.0 (Windows NT 10.0; Win64; x64) AppleWebKit/537.36 (KHTML, like Gecko) Chrome/106.0.5249.119 Safari/537.36"
103.4.122.14 - - [02/Apr/2026:12:17:55 +0800] "POST /wp-cron.php?doing_wp_cron=1775103475.6816830635070800781250 HTTP/1.1" 200 20 "-" "WordPress/6.9.4; https://thegreenscapecollective.com.au"
43.173.179.18 - - [02/Apr/2026:12:17:54 +0800] "GET /wp-json/contact-form-7/v1/contact-forms/892/feedback/schema HTTP/1.1" 200 678 "https://thegreenscapecollective.com.au/" "Mozilla/5.0 (Windows NT 10.0; Win64; x64) AppleWebKit/537.36 (KHTML, like Gecko) Chrome/106.0.5249.119 Safari/537.36"
43.173.180.102 - - [02/Apr/2026:12:17:55 +0800] "GET /wp-json/contact-form-7/v1/contact-forms/891/feedback/schema HTTP/1.1" 200 736 "https://thegreenscapecollective.com.au/" "Mozilla/5.0 (Windows NT 10.0; Win64; x64) AppleWebKit/537.36 (KHTML, like Gecko) Chrome/106.0.5249.119 Safari/537.36"
43.173.180.102 - - [02/Apr/2026:12:17:55 +0800] "GET /wp-json/contact-form-7/v1/contact-forms/893/feedback/schema HTTP/1.1" 200 736 "https://thegreenscapecollective.com.au/" "Mozilla/5.0 (Windows NT 10.0; Win64; x64) AppleWebKit/537.36 (KHTML, like Gecko) Chrome/106.0.5249.119 Safari/537.36"
43.173.180.131 - - [02/Apr/2026:12:18:21 +0800] "GET / HTTP/1.1" 301 20 "-" "Mozilla/5.0 (Windows NT 10.0; Win64; x64) AppleWebKit/537.36 (KHTML, like Gecko) Chrome/108.0.0.0 Safari/537.36"
43.173.175.204 - - [02/Apr/2026:12:18:23 +0800] "GET / HTTP/1.1" 200 22007 "-" "Mozilla/5.0 (Windows NT 10.0; Win64; x64) AppleWebKit/537.36 (KHTML, like Gecko) Chrome/108.0.0.0 Safari/537.36"
43.173.180.170 - - [02/Apr/2026:12:18:33 +0800] "GET /wp-content/cache/autoptimize/js/gutenslider-js.js HTTP/1.1" 410 17831 "https://thegreenscapecollective.com.au/" "Mozilla/5.0 (Windows NT 10.0; Win64; x64) AppleWebKit/537.36 (KHTML, like Gecko) Chrome/108.0.0.0 Safari/537.36"
43.173.180.9 - - [02/Apr/2026:12:18:33 +0800] "GET /wp-json/contact-form-7/v1/contact-forms/892/feedback/schema HTTP/1.1" 200 678 "https://thegreenscapecollective.com.au/" "Mozilla/5.0 (Windows NT 10.0; Win64; x64) AppleWebKit/537.36 (KHTML, like Gecko) Chrome/108.0.0.0 Safari/537.36"
43.172.194.61 - - [02/Apr/2026:12:18:33 +0800] "GET /wp-json/contact-form-7/v1/contact-forms/889/feedback/schema HTTP/1.1" 200 682 "https://thegreenscapecollective.com.au/" "Mozilla/5.0 (Windows NT 10.0; Win64; x64) AppleWebKit/537.36 (KHTML, like Gecko) Chrome/108.0.0.0 Safari/537.36"
43.173.181.184 - - [02/Apr/2026:12:18:33 +0800] "GET /wp-json/contact-form-7/v1/contact-forms/893/feedback/schema HTTP/1.1" 200 736 "https://thegreenscapecollective.com.au/" "Mozilla/5.0 (Windows NT 10.0; Win64; x64) AppleWebKit/537.36 (KHTML, like Gecko) Chrome/108.0.0.0 Safari/537.36"
43.173.173.143 - - [02/Apr/2026:12:18:33 +0800] "GET /wp-json/contact-form-7/v1/contact-forms/891/feedback/schema HTTP/1.1" 200 736 "https://thegreenscapecollective.com.au/" "Mozilla/5.0 (Windows NT 10.0; Win64; x64) AppleWebKit/537.36 (KHTML, like Gecko) Chrome/108.0.0.0 Safari/537.36"
43.173.179.176 - - [02/Apr/2026:12:18:37 +0800] "GET / HTTP/1.1" 301 20 "-" "Mozilla/5.0 (Windows NT 10.0; Win64; x64) AppleWebKit/537.36 (KHTML, like Gecko) Chrome/104.0.5112.81 Safari/537.36"
43.173.179.176 - - [02/Apr/2026:12:18:38 +0800] "GET / HTTP/1.1" 200 22005 "http://thegreenscapecollective.com.au" "Mozilla/5.0 (Windows NT 10.0; Win64; x64) AppleWebKit/537.36 (KHTML, like Gecko) Chrome/104.0.5112.81 Safari/537.36"
58.7.165.142 - - [02/Apr/2026:12:40:56 +0800] "GET / HTTP/1.1" 301 247 "https://www.google.com/" "Mozilla/5.0 (Windows NT 10.0; Win64; x64) AppleWebKit/537.36 (KHTML, like Gecko) Chrome/146.0.0.0 Safari/537.36"
103.4.122.14 - - [02/Apr/2026:12:40:58 +0800] "POST /wp-cron.php?doing_wp_cron=1775104858.0876410007476806640625 HTTP/1.1" 200 20 "-" "WordPress/6.9.4; https://thegreenscapecollective.com.au"
58.7.165.142 - - [02/Apr/2026:12:40:56 +0800] "GET / HTTP/1.1" 200 22007 "https://www.google.com/" "Mozilla/5.0 (Windows NT 10.0; Win64; x64) AppleWebKit/537.36 (KHTML, like Gecko) Chrome/146.0.0.0 Safari/537.36"
58.7.165.142 - - [02/Apr/2026:12:40:58 +0800] "GET /wp-content/cache/autoptimize/css/autoptimize_2e02926ac66b065cdef3e3d343893e11.css HTTP/1.1" 200 52362 "https://thegreenscapecollective.com.au/" "Mozilla/5.0 (Windows NT 10.0; Win64; x64) AppleWebKit/537.36 (KHTML, like Gecko) Chrome/146.0.0.0 Safari/537.36"
58.7.165.142 - - [02/Apr/2026:12:40:58 +0800] "GET /wp-content/cache/autoptimize/css/autoptimize_single_c3c5d54ef606327a4025aefb8e32211e.css?ver=1765800085 HTTP/1.1" 200 633 "https://thegreenscapecollective.com.au/" "Mozilla/5.0 (Windows NT 10.0; Win64; x64) AppleWebKit/537.36 (KHTML, like Gecko) Chrome/146.0.0.0 Safari/537.36"
58.7.165.142 - - [02/Apr/2026:12:40:58 +0800] "GET /wp-content/cache/autoptimize/css/autoptimize_single_a0e61596f3f196c3460ed19f7d818fe7.css?generated=1755196485&ver=1.21.5 HTTP/1.1" 200 3059 "https://thegreenscapecollective.com.au/" "Mozilla/5.0 (Windows NT 10.0; Win64; x64) AppleWebKit/537.36 (KHTML, like Gecko) Chrome/146.0.0.0 Safari/537.36"
58.7.165.142 - - [02/Apr/2026:12:40:58 +0800] "GET /wp-includes/css/dashicons.min.css?ver=6.9.4 HTTP/1.1" 200 35721 "https://thegreenscapecollective.com.au/" "Mozilla/5.0 (Windows NT 10.0; Win64; x64) AppleWebKit/537.36 (KHTML, like Gecko) Chrome/146.0.0.0 Safari/537.36"
58.7.165.142 - - [02/Apr/2026:12:40:58 +0800] "GET /wp-includes/js/jquery/jquery.min.js?ver=3.7.1 HTTP/1.1" 200 30368 "https://thegreenscapecollective.com.au/" "Mozilla/5.0 (Windows NT 10.0; Win64; x64) AppleWebKit/537.36 (KHTML, like Gecko) Chrome/146.0.0.0 Safari/537.36"
58.7.165.142 - - [02/Apr/2026:12:40:58 +0800] "GET /wp-includes/js/dist/hooks.min.js?ver=dd5603f07f9220ed27f1 HTTP/1.1" 200 1941 "https://thegreenscapecollective.com.au/" "Mozilla/5.0 (Windows NT 10.0; Win64; x64) AppleWebKit/537.36 (KHTML, like Gecko) Chrome/146.0.0.0 Safari/537.36"
58.7.165.142 - - [02/Apr/2026:12:40:58 +0800] "GET /wp-includes/js/dist/i18n.min.js?ver=c26c3dc7bed366793375 HTTP/1.1" 200 2229 "https://thegreenscapecollective.com.au/" "Mozilla/5.0 (Windows NT 10.0; Win64; x64) AppleWebKit/537.36 (KHTML, like Gecko) Chrome/146.0.0.0 Safari/537.36"
58.7.165.142 - - [02/Apr/2026:12:40:58 +0800] "GET /wp-includes/js/dist/vendor/wp-polyfill.min.js?ver=3.15.0 HTTP/1.1" 200 11852 "https://thegreenscapecollective.com.au/" "Mozilla/5.0 (Windows NT 10.0; Win64; x64) AppleWebKit/537.36 (KHTML, like Gecko) Chrome/146.0.0.0 Safari/537.36"
58.7.165.142 - - [02/Apr/2026:12:40:59 +0800] "GET /wp-content/plugins/autoptimize/classes/external/js/lazysizes.min.js?ao_version=3.1.15 HTTP/1.1" 200 4122 "https://thegreenscapecollective.com.au/" "Mozilla/5.0 (Windows NT 10.0; Win64; x64) AppleWebKit/537.36 (KHTML, like Gecko) Chrome/146.0.0.0 Safari/537.36"
58.7.165.142 - - [02/Apr/2026:12:40:59 +0800] "GET /wp-content/cache/autoptimize/js/autoptimize_ab496bd2c807e734c892193f0f86f2bc.js HTTP/1.1" 200 63340 "https://thegreenscapecollective.com.au/" "Mozilla/5.0 (Windows NT 10.0; Win64; x64) AppleWebKit/537.36 (KHTML, like Gecko) Chrome/146.0.0.0 Safari/537.36"
58.7.165.142 - - [02/Apr/2026:12:40:58 +0800] "GET /wp-content/uploads/2020/10/greenscapeaugust-0030.jpg HTTP/1.1" 200 3079857 "https://thegreenscapecollective.com.au/" "Mozilla/5.0 (Windows NT 10.0; Win64; x64) AppleWebKit/537.36 (KHTML, like Gecko) Chrome/146.0.0.0 Safari/537.36"
58.7.165.142 - - [02/Apr/2026:12:40:59 +0800] "GET /wp-content/uploads/2020/10/right-arrow-green.png HTTP/1.1" 200 2211 "https://thegreenscapecollective.com.au/wp-content/cache/autoptimize/css/autoptimize_2e02926ac66b065cdef3e3d343893e11.css" "Mozilla/5.0 (Windows NT 10.0; Win64; x64) AppleWebKit/537.36 (KHTML, like Gecko) Chrome/146.0.0.0 Safari/537.36"
58.7.165.142 - - [02/Apr/2026:12:40:59 +0800] "GET /wp-content/uploads/2020/10/fingerprint.png HTTP/1.1" 200 49629 "https://thegreenscapecollective.com.au/wp-content/cache/autoptimize/css/autoptimize_single_c3c5d54ef606327a4025aefb8e32211e.css?ver=1765800085" "Mozilla/5.0 (Windows NT 10.0; Win64; x64) AppleWebKit/537.36 (KHTML, like Gecko) Chrome/146.0.0.0 Safari/537.36"
58.7.165.142 - - [02/Apr/2026:12:40:59 +0800] "GET /wp-content/plugins/lightweight-social-icons/fonts/fontello.woff HTTP/1.1" 200 23328 "https://thegreenscapecollective.com.au/wp-content/cache/autoptimize/css/autoptimize_2e02926ac66b065cdef3e3d343893e11.css" "Mozilla/5.0 (Windows NT 10.0; Win64; x64) AppleWebKit/537.36 (KHTML, like Gecko) Chrome/146.0.0.0 Safari/537.36"
58.7.165.142 - - [02/Apr/2026:12:40:59 +0800] "GET /wp-content/uploads/2020/10/the-greenscape-collective.png HTTP/1.1" 200 28488 "https://thegreenscapecollective.com.au/" "Mozilla/5.0 (Windows NT 10.0; Win64; x64) AppleWebKit/537.36 (KHTML, like Gecko) Chrome/146.0.0.0 Safari/537.36"
58.7.165.142 - - [02/Apr/2026:12:40:59 +0800] "GET /wp-json/contact-form-7/v1/contact-forms/893/feedback/schema HTTP/1.1" 200 736 "https://thegreenscapecollective.com.au/" "Mozilla/5.0 (Windows NT 10.0; Win64; x64) AppleWebKit/537.36 (KHTML, like Gecko) Chrome/146.0.0.0 Safari/537.36"
58.7.165.142 - - [02/Apr/2026:12:40:59 +0800] "GET /wp-json/contact-form-7/v1/contact-forms/892/feedback/schema HTTP/1.1" 200 678 "https://thegreenscapecollective.com.au/" "Mozilla/5.0 (Windows NT 10.0; Win64; x64) AppleWebKit/537.36 (KHTML, like Gecko) Chrome/146.0.0.0 Safari/537.36"
58.7.165.142 - - [02/Apr/2026:12:40:59 +0800] "GET /wp-json/contact-form-7/v1/contact-forms/891/feedback/schema HTTP/1.1" 200 736 "https://thegreenscapecollective.com.au/" "Mozilla/5.0 (Windows NT 10.0; Win64; x64) AppleWebKit/537.36 (KHTML, like Gecko) Chrome/146.0.0.0 Safari/537.36"
58.7.165.142 - - [02/Apr/2026:12:40:59 +0800] "GET /wp-content/cache/autoptimize/js/gutenslider-js.js HTTP/1.1" 410 17831 "https://thegreenscapecollective.com.au/" "Mozilla/5.0 (Windows NT 10.0; Win64; x64) AppleWebKit/537.36 (KHTML, like Gecko) Chrome/146.0.0.0 Safari/537.36"
58.7.165.142 - - [02/Apr/2026:12:40:59 +0800] "GET /wp-json/contact-form-7/v1/contact-forms/889/feedback/schema HTTP/1.1" 200 682 "https://thegreenscapecollective.com.au/" "Mozilla/5.0 (Windows NT 10.0; Win64; x64) AppleWebKit/537.36 (KHTML, like Gecko) Chrome/146.0.0.0 Safari/537.36"
58.7.165.142 - - [02/Apr/2026:12:41:02 +0800] "GET /wp-content/uploads/2020/10/cropped-greenscape-favicon-2-32x32.png HTTP/1.1" 200 2496 "https://thegreenscapecollective.com.au/" "Mozilla/5.0 (Windows NT 10.0; Win64; x64) AppleWebKit/537.36 (KHTML, like Gecko) Chrome/146.0.0.0 Safari/537.36"
58.7.165.142 - - [02/Apr/2026:12:41:02 +0800] "GET /about/ HTTP/1.1" 200 18747 "https://thegreenscapecollective.com.au/" "Mozilla/5.0 (Windows NT 10.0; Win64; x64) AppleWebKit/537.36 (KHTML, like Gecko) Chrome/146.0.0.0 Safari/537.36"
58.7.165.142 - - [02/Apr/2026:12:41:03 +0800] "GET /wp-content/cache/autoptimize/css/autoptimize_single_fe8f181541bb22b337e01d4d0d362cb4.css?ver=1765807811 HTTP/1.1" 200 777 "https://thegreenscapecollective.com.au/about/" "Mozilla/5.0 (Windows NT 10.0; Win64; x64) AppleWebKit/537.36 (KHTML, like Gecko) Chrome/146.0.0.0 Safari/537.36"
58.7.165.142 - - [02/Apr/2026:12:41:03 +0800] "GET /wp-content/cache/autoptimize/css/autoptimize_96b68dd506dffc123c52aa39a661bd82.css HTTP/1.1" 200 49646 "https://thegreenscapecollective.com.au/about/" "Mozilla/5.0 (Windows NT 10.0; Win64; x64) AppleWebKit/537.36 (KHTML, like Gecko) Chrome/146.0.0.0 Safari/537.36"
58.7.165.142 - - [02/Apr/2026:12:41:04 +0800] "GET /wp-content/cache/autoptimize/js/autoptimize_608318ece1b0c8452f17313c8b437743.js HTTP/1.1" 200 61064 "https://thegreenscapecollective.com.au/about/" "Mozilla/5.0 (Windows NT 10.0; Win64; x64) AppleWebKit/537.36 (KHTML, like Gecko) Chrome/146.0.0.0 Safari/537.36"
58.7.165.142 - - [02/Apr/2026:12:41:04 +0800] "GET /wp-content/uploads/2020/10/about.jpg HTTP/1.1" 200 595897 "https://thegreenscapecollective.com.au/about/" "Mozilla/5.0 (Windows NT 10.0; Win64; x64) AppleWebKit/537.36 (KHTML, like Gecko) Chrome/146.0.0.0 Safari/537.36"
58.7.165.142 - - [02/Apr/2026:12:41:04 +0800] "GET /wp-json/contact-form-7/v1/contact-forms/893/feedback/schema HTTP/1.1" 200 736 "https://thegreenscapecollective.com.au/about/" "Mozilla/5.0 (Windows NT 10.0; Win64; x64) AppleWebKit/537.36 (KHTML, like Gecko) Chrome/146.0.0.0 Safari/537.36"
58.7.165.142 - - [02/Apr/2026:12:41:04 +0800] "GET /wp-json/contact-form-7/v1/contact-forms/891/feedback/schema HTTP/1.1" 200 736 "https://thegreenscapecollective.com.au/about/" "Mozilla/5.0 (Windows NT 10.0; Win64; x64) AppleWebKit/537.36 (KHTML, like Gecko) Chrome/146.0.0.0 Safari/537.36"
58.7.165.142 - - [02/Apr/2026:12:41:04 +0800] "GET /wp-json/contact-form-7/v1/contact-forms/889/feedback/schema HTTP/1.1" 200 682 "https://thegreenscapecollective.com.au/about/" "Mozilla/5.0 (Windows NT 10.0; Win64; x64) AppleWebKit/537.36 (KHTML, like Gecko) Chrome/146.0.0.0 Safari/537.36"
58.7.165.142 - - [02/Apr/2026:12:41:04 +0800] "GET /wp-json/contact-form-7/v1/contact-forms/892/feedback/schema HTTP/1.1" 200 678 "https://thegreenscapecollective.com.au/about/" "Mozilla/5.0 (Windows NT 10.0; Win64; x64) AppleWebKit/537.36 (KHTML, like Gecko) Chrome/146.0.0.0 Safari/537.36"
58.7.165.142 - - [02/Apr/2026:12:41:05 +0800] "GET /wp-content/uploads/2020/10/thumbs-up-hand-symbol.png HTTP/1.1" 200 3653 "https://thegreenscapecollective.com.au/about/" "Mozilla/5.0 (Windows NT 10.0; Win64; x64) AppleWebKit/537.36 (KHTML, like Gecko) Chrome/146.0.0.0 Safari/537.36"
58.7.165.142 - - [02/Apr/2026:12:41:05 +0800] "GET /wp-content/uploads/2020/10/piggy-bank.png HTTP/1.1" 200 5931 "https://thegreenscapecollective.com.au/about/" "Mozilla/5.0 (Windows NT 10.0; Win64; x64) AppleWebKit/537.36 (KHTML, like Gecko) Chrome/146.0.0.0 Safari/537.36"
58.7.165.142 - - [02/Apr/2026:12:41:05 +0800] "GET /wp-content/uploads/2020/10/notepad.png HTTP/1.1" 200 4350 "https://thegreenscapecollective.com.au/about/" "Mozilla/5.0 (Windows NT 10.0; Win64; x64) AppleWebKit/537.36 (KHTML, like Gecko) Chrome/146.0.0.0 Safari/537.36"
58.7.165.142 - - [02/Apr/2026:12:41:05 +0800] "GET /wp-content/uploads/2020/10/group-profile-users.png HTTP/1.1" 200 6001 "https://thegreenscapecollective.com.au/about/" "Mozilla/5.0 (Windows NT 10.0; Win64; x64) AppleWebKit/537.36 (KHTML, like Gecko) Chrome/146.0.0.0 Safari/537.36"
58.7.165.142 - - [02/Apr/2026:12:41:05 +0800] "GET /services/ HTTP/1.1" 200 17126 "https://thegreenscapecollective.com.au/about/" "Mozilla/5.0 (Windows NT 10.0; Win64; x64) AppleWebKit/537.36 (KHTML, like Gecko) Chrome/146.0.0.0 Safari/537.36"
58.7.165.142 - - [02/Apr/2026:12:41:06 +0800] "GET /wp-content/cache/autoptimize/css/autoptimize_097dea125fa5174069b601e3d5938f73.css HTTP/1.1" 200 49632 "https://thegreenscapecollective.com.au/services/" "Mozilla/5.0 (Windows NT 10.0; Win64; x64) AppleWebKit/537.36 (KHTML, like Gecko) Chrome/146.0.0.0 Safari/537.36"
58.7.165.142 - - [02/Apr/2026:12:41:06 +0800] "GET /wp-content/cache/autoptimize/css/autoptimize_single_47f0c8d854c3e49ec699a5c4ff4b6b69.css?ver=1765831749 HTTP/1.1" 200 641 "https://thegreenscapecollective.com.au/services/" "Mozilla/5.0 (Windows NT 10.0; Win64; x64) AppleWebKit/537.36 (KHTML, like Gecko) Chrome/146.0.0.0 Safari/537.36"
58.7.165.142 - - [02/Apr/2026:12:41:06 +0800] "GET /wp-content/uploads/2020/10/consult-thumbnail.jpg HTTP/1.1" 200 81166 "https://thegreenscapecollective.com.au/services/" "Mozilla/5.0 (Windows NT 10.0; Win64; x64) AppleWebKit/537.36 (KHTML, like Gecko) Chrome/146.0.0.0 Safari/537.36"
58.7.165.142 - - [02/Apr/2026:12:41:06 +0800] "GET /wp-content/uploads/2020/10/services.jpg HTTP/1.1" 200 236329 "https://thegreenscapecollective.com.au/services/" "Mozilla/5.0 (Windows NT 10.0; Win64; x64) AppleWebKit/537.36 (KHTML, like Gecko) Chrome/146.0.0.0 Safari/537.36"
58.7.165.142 - - [02/Apr/2026:12:41:06 +0800] "GET /wp-json/contact-form-7/v1/contact-forms/892/feedback/schema HTTP/1.1" 200 678 "https://thegreenscapecollective.com.au/services/" "Mozilla/5.0 (Windows NT 10.0; Win64; x64) AppleWebKit/537.36 (KHTML, like Gecko) Chrome/146.0.0.0 Safari/537.36"
58.7.165.142 - - [02/Apr/2026:12:41:06 +0800] "GET /wp-json/contact-form-7/v1/contact-forms/891/feedback/schema HTTP/1.1" 200 736 "https://thegreenscapecollective.com.au/services/" "Mozilla/5.0 (Windows NT 10.0; Win64; x64) AppleWebKit/537.36 (KHTML, like Gecko) Chrome/146.0.0.0 Safari/537.36"
58.7.165.142 - - [02/Apr/2026:12:41:06 +0800] "GET /wp-json/contact-form-7/v1/contact-forms/889/feedback/schema HTTP/1.1" 200 682 "https://thegreenscapecollective.com.au/services/" "Mozilla/5.0 (Windows NT 10.0; Win64; x64) AppleWebKit/537.36 (KHTML, like Gecko) Chrome/146.0.0.0 Safari/537.36"
58.7.165.142 - - [02/Apr/2026:12:41:06 +0800] "GET /wp-json/contact-form-7/v1/contact-forms/893/feedback/schema HTTP/1.1" 200 736 "https://thegreenscapecollective.com.au/services/" "Mozilla/5.0 (Windows NT 10.0; Win64; x64) AppleWebKit/537.36 (KHTML, like Gecko) Chrome/146.0.0.0 Safari/537.36"
58.7.165.142 - - [02/Apr/2026:12:41:08 +0800] "GET /wp-content/uploads/2020/10/create-thumbnail.jpg HTTP/1.1" 200 67514 "https://thegreenscapecollective.com.au/services/" "Mozilla/5.0 (Windows NT 10.0; Win64; x64) AppleWebKit/537.36 (KHTML, like Gecko) Chrome/146.0.0.0 Safari/537.36"
58.7.165.142 - - [02/Apr/2026:12:41:11 +0800] "GET /services/landscape-and-garden-design/ HTTP/1.1" 200 17020 "https://thegreenscapecollective.com.au/services/" "Mozilla/5.0 (Windows NT 10.0; Win64; x64) AppleWebKit/537.36 (KHTML, like Gecko) Chrome/146.0.0.0 Safari/537.36"
58.7.165.142 - - [02/Apr/2026:12:41:13 +0800] "GET /wp-content/uploads/2020/10/create.jpg HTTP/1.1" 200 313628 "https://thegreenscapecollective.com.au/services/landscape-and-garden-design/" "Mozilla/5.0 (Windows NT 10.0; Win64; x64) AppleWebKit/537.36 (KHTML, like Gecko) Chrome/146.0.0.0 Safari/537.36"
58.7.165.142 - - [02/Apr/2026:12:41:13 +0800] "GET /wp-content/uploads/2020/10/design-concepts.png HTTP/1.1" 200 5742 "https://thegreenscapecollective.com.au/services/landscape-and-garden-design/" "Mozilla/5.0 (Windows NT 10.0; Win64; x64) AppleWebKit/537.36 (KHTML, like Gecko) Chrome/146.0.0.0 Safari/537.36"
58.7.165.142 - - [02/Apr/2026:12:41:13 +0800] "GET /wp-json/contact-form-7/v1/contact-forms/893/feedback/schema HTTP/1.1" 200 736 "https://thegreenscapecollective.com.au/services/landscape-and-garden-design/" "Mozilla/5.0 (Windows NT 10.0; Win64; x64) AppleWebKit/537.36 (KHTML, like Gecko) Chrome/146.0.0.0 Safari/537.36"
58.7.165.142 - - [02/Apr/2026:12:41:13 +0800] "GET /wp-json/contact-form-7/v1/contact-forms/889/feedback/schema HTTP/1.1" 200 682 "https://thegreenscapecollective.com.au/services/landscape-and-garden-design/" "Mozilla/5.0 (Windows NT 10.0; Win64; x64) AppleWebKit/537.36 (KHTML, like Gecko) Chrome/146.0.0.0 Safari/537.36"
58.7.165.142 - - [02/Apr/2026:12:41:13 +0800] "GET /wp-json/contact-form-7/v1/contact-forms/891/feedback/schema HTTP/1.1" 200 736 "https://thegreenscapecollective.com.au/services/landscape-and-garden-design/" "Mozilla/5.0 (Windows NT 10.0; Win64; x64) AppleWebKit/537.36 (KHTML, like Gecko) Chrome/146.0.0.0 Safari/537.36"
58.7.165.142 - - [02/Apr/2026:12:41:13 +0800] "GET /wp-json/contact-form-7/v1/contact-forms/892/feedback/schema HTTP/1.1" 200 678 "https://thegreenscapecollective.com.au/services/landscape-and-garden-design/" "Mozilla/5.0 (Windows NT 10.0; Win64; x64) AppleWebKit/537.36 (KHTML, like Gecko) Chrome/146.0.0.0 Safari/537.36"
58.7.165.142 - - [02/Apr/2026:12:41:14 +0800] "GET /wp-content/uploads/2020/10/basic-package.png HTTP/1.1" 200 3533 "https://thegreenscapecollective.com.au/services/landscape-and-garden-design/" "Mozilla/5.0 (Windows NT 10.0; Win64; x64) AppleWebKit/537.36 (KHTML, like Gecko) Chrome/146.0.0.0 Safari/537.36"
58.7.165.142 - - [02/Apr/2026:12:41:14 +0800] "GET /wp-content/uploads/2020/10/3d.png HTTP/1.1" 200 4165 "https://thegreenscapecollective.com.au/services/landscape-and-garden-design/" "Mozilla/5.0 (Windows NT 10.0; Win64; x64) AppleWebKit/537.36 (KHTML, like Gecko) Chrome/146.0.0.0 Safari/537.36"
58.7.165.142 - - [02/Apr/2026:12:41:28 +0800] "GET / HTTP/1.1" 200 22005 "https://thegreenscapecollective.com.au/services/landscape-and-garden-design/" "Mozilla/5.0 (Windows NT 10.0; Win64; x64) AppleWebKit/537.36 (KHTML, like Gecko) Chrome/146.0.0.0 Safari/537.36"
58.7.165.142 - - [02/Apr/2026:12:41:29 +0800] "GET /wp-json/contact-form-7/v1/contact-forms/893/feedback/schema HTTP/1.1" 200 736 "https://thegreenscapecollective.com.au/" "Mozilla/5.0 (Windows NT 10.0; Win64; x64) AppleWebKit/537.36 (KHTML, like Gecko) Chrome/146.0.0.0 Safari/537.36"
58.7.165.142 - - [02/Apr/2026:12:41:29 +0800] "GET /wp-json/contact-form-7/v1/contact-forms/892/feedback/schema HTTP/1.1" 200 678 "https://thegreenscapecollective.com.au/" "Mozilla/5.0 (Windows NT 10.0; Win64; x64) AppleWebKit/537.36 (KHTML, like Gecko) Chrome/146.0.0.0 Safari/537.36"
58.7.165.142 - - [02/Apr/2026:12:41:29 +0800] "GET /wp-json/contact-form-7/v1/contact-forms/889/feedback/schema HTTP/1.1" 200 682 "https://thegreenscapecollective.com.au/" "Mozilla/5.0 (Windows NT 10.0; Win64; x64) AppleWebKit/537.36 (KHTML, like Gecko) Chrome/146.0.0.0 Safari/537.36"
58.7.165.142 - - [02/Apr/2026:12:41:29 +0800] "GET /wp-content/cache/autoptimize/js/gutenslider-js.js HTTP/1.1" 410 17831 "https://thegreenscapecollective.com.au/" "Mozilla/5.0 (Windows NT 10.0; Win64; x64) AppleWebKit/537.36 (KHTML, like Gecko) Chrome/146.0.0.0 Safari/537.36"
