112.213.224.198 - - [04/Apr/2026:14:54:02 +0800] "GET /wp-content/plugins/lightweight-social-icons/fonts/fontello.woff HTTP/1.1" 200 23328 "https://thegreenscapecollective.com.au/" "Mozilla/5.0 (Macintosh; Intel Mac OS X 10_15_7) AppleWebKit/605.1.15 (KHTML, like Gecko) Version/26.3 Safari/605.1.15"
112.213.224.198 - - [04/Apr/2026:14:54:02 +0800] "GET /wp-content/uploads/2020/10/the-greenscape-collective.png HTTP/1.1" 200 28488 "https://thegreenscapecollective.com.au/" "Mozilla/5.0 (Macintosh; Intel Mac OS X 10_15_7) AppleWebKit/605.1.15 (KHTML, like Gecko) Version/26.3 Safari/605.1.15"
112.213.224.198 - - [04/Apr/2026:14:54:02 +0800] "GET /wp-content/uploads/2020/12/Coastal-Wattle-thumb.jpg HTTP/1.1" 200 16254 "https://thegreenscapecollective.com.au/" "Mozilla/5.0 (Macintosh; Intel Mac OS X 10_15_7) AppleWebKit/605.1.15 (KHTML, like Gecko) Version/26.3 Safari/605.1.15"
112.213.224.198 - - [04/Apr/2026:14:54:02 +0800] "GET /wp-content/uploads/2020/10/fingerprint.png HTTP/1.1" 200 49629 "https://thegreenscapecollective.com.au/" "Mozilla/5.0 (Macintosh; Intel Mac OS X 10_15_7) AppleWebKit/605.1.15 (KHTML, like Gecko) Version/26.3 Safari/605.1.15"
112.213.224.198 - - [04/Apr/2026:14:54:02 +0800] "GET /wp-json/contact-form-7/v1/contact-forms/893/feedback/schema HTTP/1.1" 200 736 "https://thegreenscapecollective.com.au/" "Mozilla/5.0 (Macintosh; Intel Mac OS X 10_15_7) AppleWebKit/605.1.15 (KHTML, like Gecko) Version/26.3 Safari/605.1.15"
112.213.224.198 - - [04/Apr/2026:14:54:02 +0800] "GET /wp-json/contact-form-7/v1/contact-forms/891/feedback/schema HTTP/1.1" 200 736 "https://thegreenscapecollective.com.au/" "Mozilla/5.0 (Macintosh; Intel Mac OS X 10_15_7) AppleWebKit/605.1.15 (KHTML, like Gecko) Version/26.3 Safari/605.1.15"
112.213.224.198 - - [04/Apr/2026:14:54:02 +0800] "GET /wp-json/contact-form-7/v1/contact-forms/892/feedback/schema HTTP/1.1" 200 678 "https://thegreenscapecollective.com.au/" "Mozilla/5.0 (Macintosh; Intel Mac OS X 10_15_7) AppleWebKit/605.1.15 (KHTML, like Gecko) Version/26.3 Safari/605.1.15"
112.213.224.198 - - [04/Apr/2026:14:54:02 +0800] "GET /wp-json/contact-form-7/v1/contact-forms/889/feedback/schema HTTP/1.1" 200 682 "https://thegreenscapecollective.com.au/" "Mozilla/5.0 (Macintosh; Intel Mac OS X 10_15_7) AppleWebKit/605.1.15 (KHTML, like Gecko) Version/26.3 Safari/605.1.15"
112.213.224.198 - - [04/Apr/2026:14:54:03 +0800] "GET /wp-content/uploads/2020/10/cropped-greenscape-favicon-2-32x32.png HTTP/1.1" 200 2496 "https://thegreenscapecollective.com.au/" "Mozilla/5.0 (Macintosh; Intel Mac OS X 10_15_7) AppleWebKit/605.1.15 (KHTML, like Gecko) Version/26.3 Safari/605.1.15"
112.213.224.198 - - [04/Apr/2026:14:54:03 +0800] "GET /wp-content/uploads/2020/10/cropped-greenscape-favicon-2-192x192.png HTTP/1.1" 200 22570 "https://thegreenscapecollective.com.au/" "Mozilla/5.0 (Macintosh; Intel Mac OS X 10_15_7) AppleWebKit/605.1.15 (KHTML, like Gecko) Version/26.3 Safari/605.1.15"
112.213.224.198 - - [04/Apr/2026:14:54:03 +0800] "GET /wp-content/uploads/2020/12/Toothbrush-Grevillea-thumb.jpg HTTP/1.1" 200 14557 "https://thegreenscapecollective.com.au/" "Mozilla/5.0 (Macintosh; Intel Mac OS X 10_15_7) AppleWebKit/605.1.15 (KHTML, like Gecko) Version/26.3 Safari/605.1.15"
112.213.224.198 - - [04/Apr/2026:14:54:06 +0800] "GET /wp-content/uploads/2020/12/Common-Everlasting-thumb.jpg HTTP/1.1" 200 15068 "https://thegreenscapecollective.com.au/" "Mozilla/5.0 (Macintosh; Intel Mac OS X 10_15_7) AppleWebKit/605.1.15 (KHTML, like Gecko) Version/26.3 Safari/605.1.15"
103.4.122.14 - - [04/Apr/2026:15:06:28 +0800] "POST /wp-cron.php?doing_wp_cron=1775286388.6257350444793701171875 HTTP/1.1" 200 20 "-" "WordPress/6.9.4; https://thegreenscapecollective.com.au"
40.77.167.158 - - [04/Apr/2026:15:06:27 +0800] "GET /about/ HTTP/1.1" 200 18748 "-" "Mozilla/5.0 AppleWebKit/537.36 (KHTML, like Gecko; compatible; bingbot/2.0; +http://www.bing.com/bingbot.htm) Chrome/116.0.1938.76 Safari/537.36"
135.181.213.219 - - [04/Apr/2026:15:07:43 +0800] "GET /robots.txt HTTP/1.1" 200 188 "-" "Mozilla/5.0 (compatible; MJ12bot/v1.4.8; http://mj12bot.com/)"
135.181.213.219 - - [04/Apr/2026:15:07:47 +0800] "GET /auto%20slot.aspx HTTP/1.1" 404 15204 "-" "Mozilla/5.0 (compatible; MJ12bot/v1.4.8; http://mj12bot.com/)"
103.4.122.14 - - [04/Apr/2026:15:07:52 +0800] "POST /wp-cron.php?doing_wp_cron=1775286472.7164790630340576171875 HTTP/1.1" 200 20 "-" "WordPress/6.9.4; https://thegreenscapecollective.com.au"
135.181.213.219 - - [04/Apr/2026:15:07:51 +0800] "GET /betflik%20casino.aspx HTTP/1.1" 404 15209 "-" "Mozilla/5.0 (compatible; MJ12bot/v1.4.8; http://mj12bot.com/)"
135.181.213.219 - - [04/Apr/2026:15:07:55 +0800] "GET /betflik%20co.aspx HTTP/1.1" 404 15206 "-" "Mozilla/5.0 (compatible; MJ12bot/v1.4.8; http://mj12bot.com/)"
135.181.213.219 - - [04/Apr/2026:15:07:59 +0800] "GET /betflik%20dc.aspx HTTP/1.1" 404 15206 "-" "Mozilla/5.0 (compatible; MJ12bot/v1.4.8; http://mj12bot.com/)"
135.181.213.219 - - [04/Apr/2026:15:08:03 +0800] "GET /betflik%20original.aspx HTTP/1.1" 404 15208 "-" "Mozilla/5.0 (compatible; MJ12bot/v1.4.8; http://mj12bot.com/)"
135.181.213.219 - - [04/Apr/2026:15:08:07 +0800] "GET /betflik%20slot.aspx HTTP/1.1" 404 15208 "-" "Mozilla/5.0 (compatible; MJ12bot/v1.4.8; http://mj12bot.com/)"
43.138.68.113 - - [04/Apr/2026:15:17:07 +0800] "GET / HTTP/1.1" 403 199 "-" "Mozilla/5.0 (iPhone; CPU iPhone OS 13_2_3 like Mac OS X) AppleWebKit/605.1.15 (KHTML, like Gecko) Version/13.0.3 Mobile/15E148 Safari/604.1"
103.4.122.14 - - [04/Apr/2026:15:28:38 +0800] "POST /wp-cron.php?doing_wp_cron=1775287718.1695160865783691406250 HTTP/1.1" 200 20 "-" "WordPress/6.9.4; https://thegreenscapecollective.com.au"
101.128.96.207 - - [04/Apr/2026:15:28:37 +0800] "GET / HTTP/1.1" 301 20 "-" "Mozilla/5.0 (X11; Ubuntu; Linux x86_64; rv:114.0) Gecko/20100101 Firefox/114.0"
101.128.96.207 - - [04/Apr/2026:15:28:38 +0800] "GET / HTTP/1.1" 200 22008 "http://thegreenscapecollective.com.au" "Mozilla/5.0 (X11; Ubuntu; Linux x86_64; rv:114.0) Gecko/20100101 Firefox/114.0"
103.4.122.14 - - [04/Apr/2026:15:37:40 +0800] "POST /wp-cron.php?doing_wp_cron=1775288260.7102129459381103515625 HTTP/1.1" 200 20 "-" "WordPress/6.9.4; https://thegreenscapecollective.com.au"
159.196.132.201 - - [04/Apr/2026:15:37:39 +0800] "GET / HTTP/1.1" 200 22005 "https://www.google.com/" "Mozilla/5.0 (iPhone; CPU iPhone OS 18_7 like Mac OS X) AppleWebKit/605.1.15 (KHTML, like Gecko) Version/26.3 Mobile/15E148 Safari/604.1"
159.196.132.201 - - [04/Apr/2026:15:37:40 +0800] "GET /wp-content/cache/autoptimize/css/autoptimize_single_c3c5d54ef606327a4025aefb8e32211e.css?ver=1765800085 HTTP/1.1" 200 633 "https://thegreenscapecollective.com.au/" "Mozilla/5.0 (iPhone; CPU iPhone OS 18_7 like Mac OS X) AppleWebKit/605.1.15 (KHTML, like Gecko) Version/26.3 Mobile/15E148 Safari/604.1"
159.196.132.201 - - [04/Apr/2026:15:37:40 +0800] "GET /wp-content/cache/autoptimize/css/autoptimize_single_a0e61596f3f196c3460ed19f7d818fe7.css?generated=1755196485&ver=1.21.5 HTTP/1.1" 200 3059 "https://thegreenscapecollective.com.au/" "Mozilla/5.0 (iPhone; CPU iPhone OS 18_7 like Mac OS X) AppleWebKit/605.1.15 (KHTML, like Gecko) Version/26.3 Mobile/15E148 Safari/604.1"
159.196.132.201 - - [04/Apr/2026:15:37:40 +0800] "GET /wp-includes/css/dashicons.min.css?ver=6.9.4 HTTP/1.1" 200 35721 "https://thegreenscapecollective.com.au/" "Mozilla/5.0 (iPhone; CPU iPhone OS 18_7 like Mac OS X) AppleWebKit/605.1.15 (KHTML, like Gecko) Version/26.3 Mobile/15E148 Safari/604.1"
159.196.132.201 - - [04/Apr/2026:15:37:40 +0800] "GET /wp-includes/js/jquery/jquery.min.js?ver=3.7.1 HTTP/1.1" 200 30368 "https://thegreenscapecollective.com.au/" "Mozilla/5.0 (iPhone; CPU iPhone OS 18_7 like Mac OS X) AppleWebKit/605.1.15 (KHTML, like Gecko) Version/26.3 Mobile/15E148 Safari/604.1"
159.196.132.201 - - [04/Apr/2026:15:37:40 +0800] "GET /wp-includes/js/dist/hooks.min.js?ver=dd5603f07f9220ed27f1 HTTP/1.1" 200 1941 "https://thegreenscapecollective.com.au/" "Mozilla/5.0 (iPhone; CPU iPhone OS 18_7 like Mac OS X) AppleWebKit/605.1.15 (KHTML, like Gecko) Version/26.3 Mobile/15E148 Safari/604.1"
159.196.132.201 - - [04/Apr/2026:15:37:40 +0800] "GET /wp-includes/js/dist/i18n.min.js?ver=c26c3dc7bed366793375 HTTP/1.1" 200 2229 "https://thegreenscapecollective.com.au/" "Mozilla/5.0 (iPhone; CPU iPhone OS 18_7 like Mac OS X) AppleWebKit/605.1.15 (KHTML, like Gecko) Version/26.3 Mobile/15E148 Safari/604.1"
159.196.132.201 - - [04/Apr/2026:15:37:41 +0800] "GET /wp-includes/js/dist/vendor/wp-polyfill.min.js?ver=3.15.0 HTTP/1.1" 200 11852 "https://thegreenscapecollective.com.au/" "Mozilla/5.0 (iPhone; CPU iPhone OS 18_7 like Mac OS X) AppleWebKit/605.1.15 (KHTML, like Gecko) Version/26.3 Mobile/15E148 Safari/604.1"
159.196.132.201 - - [04/Apr/2026:15:37:41 +0800] "GET /wp-content/cache/autoptimize/js/autoptimize_ab496bd2c807e734c892193f0f86f2bc.js HTTP/1.1" 200 63340 "https://thegreenscapecollective.com.au/" "Mozilla/5.0 (iPhone; CPU iPhone OS 18_7 like Mac OS X) AppleWebKit/605.1.15 (KHTML, like Gecko) Version/26.3 Mobile/15E148 Safari/604.1"
159.196.132.201 - - [04/Apr/2026:15:37:40 +0800] "GET /wp-content/uploads/2020/10/greenscapeaugust-0030-1536x1024.jpg HTTP/1.1" 200 436322 "https://thegreenscapecollective.com.au/" "Mozilla/5.0 (iPhone; CPU iPhone OS 18_7 like Mac OS X) AppleWebKit/605.1.15 (KHTML, like Gecko) Version/26.3 Mobile/15E148 Safari/604.1"
159.196.132.201 - - [04/Apr/2026:15:37:41 +0800] "GET /wp-content/plugins/lightweight-social-icons/fonts/fontello.woff HTTP/1.1" 200 23328 "https://thegreenscapecollective.com.au/" "Mozilla/5.0 (iPhone; CPU iPhone OS 18_7 like Mac OS X) AppleWebKit/605.1.15 (KHTML, like Gecko) Version/26.3 Mobile/15E148 Safari/604.1"
159.196.132.201 - - [04/Apr/2026:15:37:41 +0800] "GET /wp-json/contact-form-7/v1/contact-forms/893/feedback/schema HTTP/1.1" 200 736 "https://thegreenscapecollective.com.au/" "Mozilla/5.0 (iPhone; CPU iPhone OS 18_7 like Mac OS X) AppleWebKit/605.1.15 (KHTML, like Gecko) Version/26.3 Mobile/15E148 Safari/604.1"
159.196.132.201 - - [04/Apr/2026:15:37:41 +0800] "GET /wp-json/contact-form-7/v1/contact-forms/891/feedback/schema HTTP/1.1" 200 736 "https://thegreenscapecollective.com.au/" "Mozilla/5.0 (iPhone; CPU iPhone OS 18_7 like Mac OS X) AppleWebKit/605.1.15 (KHTML, like Gecko) Version/26.3 Mobile/15E148 Safari/604.1"
159.196.132.201 - - [04/Apr/2026:15:37:40 +0800] "GET /wp-content/cache/autoptimize/css/autoptimize_2e02926ac66b065cdef3e3d343893e11.css HTTP/1.1" 200 52362 "https://thegreenscapecollective.com.au/" "Mozilla/5.0 (iPhone; CPU iPhone OS 18_7 like Mac OS X) AppleWebKit/605.1.15 (KHTML, like Gecko) Version/26.3 Mobile/15E148 Safari/604.1"
159.196.132.201 - - [04/Apr/2026:15:37:42 +0800] "GET /wp-content/plugins/autoptimize/classes/external/js/lazysizes.min.js?ao_version=3.1.15 HTTP/1.1" 200 4122 "https://thegreenscapecollective.com.au/" "Mozilla/5.0 (iPhone; CPU iPhone OS 18_7 like Mac OS X) AppleWebKit/605.1.15 (KHTML, like Gecko) Version/26.3 Mobile/15E148 Safari/604.1"
159.196.132.201 - - [04/Apr/2026:15:37:42 +0800] "GET /wp-content/uploads/2020/10/the-greenscape-collective.png HTTP/1.1" 200 28488 "https://thegreenscapecollective.com.au/" "Mozilla/5.0 (iPhone; CPU iPhone OS 18_7 like Mac OS X) AppleWebKit/605.1.15 (KHTML, like Gecko) Version/26.3 Mobile/15E148 Safari/604.1"
159.196.132.201 - - [04/Apr/2026:15:37:41 +0800] "GET /wp-content/cache/autoptimize/js/gutenslider-js.js HTTP/1.1" 410 17831 "https://thegreenscapecollective.com.au/" "Mozilla/5.0 (iPhone; CPU iPhone OS 18_7 like Mac OS X) AppleWebKit/605.1.15 (KHTML, like Gecko) Version/26.3 Mobile/15E148 Safari/604.1"
159.196.132.201 - - [04/Apr/2026:15:37:42 +0800] "GET /wp-content/uploads/2020/10/right-arrow-green.png HTTP/1.1" 200 2211 "https://thegreenscapecollective.com.au/" "Mozilla/5.0 (iPhone; CPU iPhone OS 18_7 like Mac OS X) AppleWebKit/605.1.15 (KHTML, like Gecko) Version/26.3 Mobile/15E148 Safari/604.1"
159.196.132.201 - - [04/Apr/2026:15:37:42 +0800] "GET /wp-content/uploads/2020/10/fingerprint.png HTTP/1.1" 200 49629 "https://thegreenscapecollective.com.au/" "Mozilla/5.0 (iPhone; CPU iPhone OS 18_7 like Mac OS X) AppleWebKit/605.1.15 (KHTML, like Gecko) Version/26.3 Mobile/15E148 Safari/604.1"
159.196.132.201 - - [04/Apr/2026:15:37:42 +0800] "GET /wp-content/uploads/2020/10/cropped-greenscape-favicon-2-192x192.png HTTP/1.1" 200 22570 "https://thegreenscapecollective.com.au/" "Mozilla/5.0 (iPhone; CPU iPhone OS 18_7 like Mac OS X) AppleWebKit/605.1.15 (KHTML, like Gecko) Version/26.3 Mobile/15E148 Safari/604.1"
159.196.132.201 - - [04/Apr/2026:15:37:42 +0800] "GET /wp-content/uploads/2020/10/cropped-greenscape-favicon-2-32x32.png HTTP/1.1" 200 2496 "https://thegreenscapecollective.com.au/" "Mozilla/5.0 (iPhone; CPU iPhone OS 18_7 like Mac OS X) AppleWebKit/605.1.15 (KHTML, like Gecko) Version/26.3 Mobile/15E148 Safari/604.1"
159.196.132.201 - - [04/Apr/2026:15:37:41 +0800] "GET /wp-json/contact-form-7/v1/contact-forms/892/feedback/schema HTTP/1.1" 200 678 "https://thegreenscapecollective.com.au/" "Mozilla/5.0 (iPhone; CPU iPhone OS 18_7 like Mac OS X) AppleWebKit/605.1.15 (KHTML, like Gecko) Version/26.3 Mobile/15E148 Safari/604.1"
159.196.132.201 - - [04/Apr/2026:15:37:41 +0800] "GET /wp-json/contact-form-7/v1/contact-forms/889/feedback/schema HTTP/1.1" 200 682 "https://thegreenscapecollective.com.au/" "Mozilla/5.0 (iPhone; CPU iPhone OS 18_7 like Mac OS X) AppleWebKit/605.1.15 (KHTML, like Gecko) Version/26.3 Mobile/15E148 Safari/604.1"
159.196.132.201 - - [04/Apr/2026:15:37:43 +0800] "GET /wp-content/uploads/2020/10/greenscapeaugust-0073-1536x1024.jpg HTTP/1.1" 200 121097 "https://thegreenscapecollective.com.au/" "Mozilla/5.0 (iPhone; CPU iPhone OS 18_7 like Mac OS X) AppleWebKit/605.1.15 (KHTML, like Gecko) Version/26.3 Mobile/15E148 Safari/604.1"
159.196.132.201 - - [04/Apr/2026:15:37:44 +0800] "GET /wp-content/uploads/2020/10/consult-thumbnail.jpg HTTP/1.1" 200 81166 "https://thegreenscapecollective.com.au/" "Mozilla/5.0 (iPhone; CPU iPhone OS 18_7 like Mac OS X) AppleWebKit/605.1.15 (KHTML, like Gecko) Version/26.3 Mobile/15E148 Safari/604.1"
159.196.132.201 - - [04/Apr/2026:15:37:46 +0800] "GET /wp-content/uploads/2020/10/create-thumbnail.jpg HTTP/1.1" 200 67514 "https://thegreenscapecollective.com.au/" "Mozilla/5.0 (iPhone; CPU iPhone OS 18_7 like Mac OS X) AppleWebKit/605.1.15 (KHTML, like Gecko) Version/26.3 Mobile/15E148 Safari/604.1"
159.196.132.201 - - [04/Apr/2026:15:37:46 +0800] "GET /wp-content/uploads/2020/10/greenscapeaugust-0552-1536x1024.jpg HTTP/1.1" 200 138945 "https://thegreenscapecollective.com.au/" "Mozilla/5.0 (iPhone; CPU iPhone OS 18_7 like Mac OS X) AppleWebKit/605.1.15 (KHTML, like Gecko) Version/26.3 Mobile/15E148 Safari/604.1"
159.196.132.201 - - [04/Apr/2026:15:37:47 +0800] "GET /wp-content/uploads/2020/10/construct-thumbnail.jpg HTTP/1.1" 200 79887 "https://thegreenscapecollective.com.au/" "Mozilla/5.0 (iPhone; CPU iPhone OS 18_7 like Mac OS X) AppleWebKit/605.1.15 (KHTML, like Gecko) Version/26.3 Mobile/15E148 Safari/604.1"
159.196.132.201 - - [04/Apr/2026:15:37:48 +0800] "GET /wp-content/uploads/2020/10/care-thumbnail.jpg HTTP/1.1" 200 106504 "https://thegreenscapecollective.com.au/" "Mozilla/5.0 (iPhone; CPU iPhone OS 18_7 like Mac OS X) AppleWebKit/605.1.15 (KHTML, like Gecko) Version/26.3 Mobile/15E148 Safari/604.1"
159.196.132.201 - - [04/Apr/2026:15:37:49 +0800] "GET /wp-content/uploads/2020/10/greenscapeaugust-0474-1536x1024.jpg HTTP/1.1" 200 163646 "https://thegreenscapecollective.com.au/" "Mozilla/5.0 (iPhone; CPU iPhone OS 18_7 like Mac OS X) AppleWebKit/605.1.15 (KHTML, like Gecko) Version/26.3 Mobile/15E148 Safari/604.1"
159.196.132.201 - - [04/Apr/2026:15:37:52 +0800] "GET /wp-content/uploads/2020/10/greenscapeaugust-0246-1536x1024.jpg HTTP/1.1" 200 227353 "https://thegreenscapecollective.com.au/" "Mozilla/5.0 (iPhone; CPU iPhone OS 18_7 like Mac OS X) AppleWebKit/605.1.15 (KHTML, like Gecko) Version/26.3 Mobile/15E148 Safari/604.1"
159.196.132.201 - - [04/Apr/2026:15:38:12 +0800] "GET /wp-content/cache/autoptimize/css/autoptimize_3d9422e908e46f207bed651ebb88557c.css HTTP/1.1" 200 49012 "https://thegreenscapecollective.com.au/contact/" "Mozilla/5.0 (iPhone; CPU iPhone OS 18_7 like Mac OS X) AppleWebKit/605.1.15 (KHTML, like Gecko) Version/26.3 Mobile/15E148 Safari/604.1"
103.4.122.14 - - [04/Apr/2026:15:38:12 +0800] "POST /wp-cron.php?doing_wp_cron=1775288292.7015850543975830078125 HTTP/1.1" 200 20 "-" "WordPress/6.9.4; https://thegreenscapecollective.com.au"
159.196.132.201 - - [04/Apr/2026:15:38:11 +0800] "GET /contact/ HTTP/1.1" 200 16204 "https://thegreenscapecollective.com.au/" "Mozilla/5.0 (iPhone; CPU iPhone OS 18_7 like Mac OS X) AppleWebKit/605.1.15 (KHTML, like Gecko) Version/26.3 Mobile/15E148 Safari/604.1"
159.196.132.201 - - [04/Apr/2026:15:38:12 +0800] "GET /wp-content/cache/autoptimize/css/autoptimize_single_ddc831ce512729069ba9c17caf264e70.css?ver=1765809073 HTTP/1.1" 200 559 "https://thegreenscapecollective.com.au/contact/" "Mozilla/5.0 (iPhone; CPU iPhone OS 18_7 like Mac OS X) AppleWebKit/605.1.15 (KHTML, like Gecko) Version/26.3 Mobile/15E148 Safari/604.1"
159.196.132.201 - - [04/Apr/2026:15:38:12 +0800] "GET /wp-content/cache/autoptimize/js/autoptimize_608318ece1b0c8452f17313c8b437743.js HTTP/1.1" 200 61064 "https://thegreenscapecollective.com.au/contact/" "Mozilla/5.0 (iPhone; CPU iPhone OS 18_7 like Mac OS X) AppleWebKit/605.1.15 (KHTML, like Gecko) Version/26.3 Mobile/15E148 Safari/604.1"
159.196.132.201 - - [04/Apr/2026:15:38:13 +0800] "GET /wp-content/uploads/2020/10/contact.jpg HTTP/1.1" 200 325164 "https://thegreenscapecollective.com.au/contact/" "Mozilla/5.0 (iPhone; CPU iPhone OS 18_7 like Mac OS X) AppleWebKit/605.1.15 (KHTML, like Gecko) Version/26.3 Mobile/15E148 Safari/604.1"
159.196.132.201 - - [04/Apr/2026:15:38:13 +0800] "GET /wp-json/contact-form-7/v1/contact-forms/904/feedback/schema HTTP/1.1" 200 553 "https://thegreenscapecollective.com.au/contact/" "Mozilla/5.0 (iPhone; CPU iPhone OS 18_7 like Mac OS X) AppleWebKit/605.1.15 (KHTML, like Gecko) Version/26.3 Mobile/15E148 Safari/604.1"
159.196.132.201 - - [04/Apr/2026:15:38:13 +0800] "GET /wp-json/contact-form-7/v1/contact-forms/893/feedback/schema HTTP/1.1" 200 736 "https://thegreenscapecollective.com.au/contact/" "Mozilla/5.0 (iPhone; CPU iPhone OS 18_7 like Mac OS X) AppleWebKit/605.1.15 (KHTML, like Gecko) Version/26.3 Mobile/15E148 Safari/604.1"
159.196.132.201 - - [04/Apr/2026:15:38:13 +0800] "GET /wp-json/contact-form-7/v1/contact-forms/891/feedback/schema HTTP/1.1" 200 736 "https://thegreenscapecollective.com.au/contact/" "Mozilla/5.0 (iPhone; CPU iPhone OS 18_7 like Mac OS X) AppleWebKit/605.1.15 (KHTML, like Gecko) Version/26.3 Mobile/15E148 Safari/604.1"
159.196.132.201 - - [04/Apr/2026:15:38:13 +0800] "GET /wp-json/contact-form-7/v1/contact-forms/889/feedback/schema HTTP/1.1" 200 682 "https://thegreenscapecollective.com.au/contact/" "Mozilla/5.0 (iPhone; CPU iPhone OS 18_7 like Mac OS X) AppleWebKit/605.1.15 (KHTML, like Gecko) Version/26.3 Mobile/15E148 Safari/604.1"
159.196.132.201 - - [04/Apr/2026:15:38:13 +0800] "GET /wp-json/contact-form-7/v1/contact-forms/892/feedback/schema HTTP/1.1" 200 678 "https://thegreenscapecollective.com.au/contact/" "Mozilla/5.0 (iPhone; CPU iPhone OS 18_7 like Mac OS X) AppleWebKit/605.1.15 (KHTML, like Gecko) Version/26.3 Mobile/15E148 Safari/604.1"
65.87.7.61 - - [04/Apr/2026:15:38:32 +0800] "GET / HTTP/1.1" 200 22002 "-" "Mozilla/5.0 (Windows NT 10.0; Win64; x64; rv:125.0) Gecko/20100101 Firefox/125.0"
65.87.7.61 - - [04/Apr/2026:15:38:37 +0800] "GET / HTTP/1.1" 200 22007 "https://thegreenscapecollective.thegreenscapecollective.com.au" "Mozilla/5.0 (Windows NT 10.0; Win64; x64) AppleWebKit/537.36 (KHTML, like Gecko) Chrome/124.0.0.0 Safari/537.36"
65.87.7.61 - - [04/Apr/2026:15:38:42 +0800] "GET /wp-content/cache/autoptimize/js/autoptimize_ab496bd2c807e734c892193f0f86f2bc.js HTTP/1.1" 200 63340 "-" "Mozilla/5.0 (Windows NT 10.0; Win64; x64) AppleWebKit/537.36 (KHTML, like Gecko) Chrome/124.0.0.0 Safari/537.36"
65.87.7.61 - - [04/Apr/2026:15:38:42 +0800] "GET /wp-includes/js/jquery/jquery.min.js?ver=3.7.1 HTTP/1.1" 200 30368 "-" "Mozilla/5.0 (Macintosh; Intel Mac OS X 10_15_7) AppleWebKit/537.36 (KHTML, like Gecko) Chrome/124.0.0.0 Safari/537.36"
65.87.7.61 - - [04/Apr/2026:15:38:44 +0800] "GET /wp-content/plugins/autoptimize/classes/external/js/lazysizes.min.js?ao_version=3.1.15 HTTP/1.1" 200 4122 "-" "Mozilla/5.0 (X11; Linux x86_64) AppleWebKit/537.36 (KHTML, like Gecko) Chrome/124.0.0.0 Safari/537.36"
65.87.7.61 - - [04/Apr/2026:15:38:44 +0800] "GET /wp-includes/js/dist/hooks.min.js?ver=dd5603f07f9220ed27f1 HTTP/1.1" 200 1941 "-" "Mozilla/5.0 (X11; Linux x86_64) AppleWebKit/537.36 (KHTML, like Gecko) Chrome/124.0.0.0 Safari/537.36"
65.87.7.61 - - [04/Apr/2026:15:38:45 +0800] "GET /wp-includes/js/dist/vendor/wp-polyfill.min.js?ver=3.15.0 HTTP/1.1" 200 11852 "-" "Mozilla/5.0 (X11; Linux x86_64) AppleWebKit/537.36 (KHTML, like Gecko) Chrome/124.0.0.0 Safari/537.36"
65.87.7.61 - - [04/Apr/2026:15:38:45 +0800] "GET /wp-includes/js/dist/i18n.min.js?ver=c26c3dc7bed366793375 HTTP/1.1" 200 2229 "-" "Mozilla/5.0 (Windows NT 10.0; Win64; x64; rv:125.0) Gecko/20100101 Firefox/125.0"
159.196.132.201 - - [04/Apr/2026:15:38:46 +0800] "GET /wp-json/pum/v1/analytics/?event=open&pid=898&_cache=1775288326659 HTTP/1.1" 204 - "https://thegreenscapecollective.com.au/contact/" "Mozilla/5.0 (iPhone; CPU iPhone OS 18_7 like Mac OS X) AppleWebKit/605.1.15 (KHTML, like Gecko) Version/26.3 Mobile/15E148 Safari/604.1"
159.196.132.201 - - [04/Apr/2026:15:39:25 +0800] "GET /about/ HTTP/1.1" 200 18748 "https://thegreenscapecollective.com.au/" "Mozilla/5.0 (iPhone; CPU iPhone OS 18_7 like Mac OS X) AppleWebKit/605.1.15 (KHTML, like Gecko) Version/26.3 Mobile/15E148 Safari/604.1"
159.196.132.201 - - [04/Apr/2026:15:39:26 +0800] "GET /wp-content/cache/autoptimize/css/autoptimize_single_fe8f181541bb22b337e01d4d0d362cb4.css?ver=1765807811 HTTP/1.1" 200 777 "https://thegreenscapecollective.com.au/about/" "Mozilla/5.0 (iPhone; CPU iPhone OS 18_7 like Mac OS X) AppleWebKit/605.1.15 (KHTML, like Gecko) Version/26.3 Mobile/15E148 Safari/604.1"
159.196.132.201 - - [04/Apr/2026:15:39:26 +0800] "GET /wp-content/cache/autoptimize/css/autoptimize_96b68dd506dffc123c52aa39a661bd82.css HTTP/1.1" 200 49646 "https://thegreenscapecollective.com.au/about/" "Mozilla/5.0 (iPhone; CPU iPhone OS 18_7 like Mac OS X) AppleWebKit/605.1.15 (KHTML, like Gecko) Version/26.3 Mobile/15E148 Safari/604.1"
159.196.132.201 - - [04/Apr/2026:15:39:26 +0800] "GET /wp-content/uploads/2020/10/about.jpg HTTP/1.1" 200 595897 "https://thegreenscapecollective.com.au/about/" "Mozilla/5.0 (iPhone; CPU iPhone OS 18_7 like Mac OS X) AppleWebKit/605.1.15 (KHTML, like Gecko) Version/26.3 Mobile/15E148 Safari/604.1"
159.196.132.201 - - [04/Apr/2026:15:39:26 +0800] "GET /wp-json/contact-form-7/v1/contact-forms/892/feedback/schema HTTP/1.1" 200 678 "https://thegreenscapecollective.com.au/about/" "Mozilla/5.0 (iPhone; CPU iPhone OS 18_7 like Mac OS X) AppleWebKit/605.1.15 (KHTML, like Gecko) Version/26.3 Mobile/15E148 Safari/604.1"
159.196.132.201 - - [04/Apr/2026:15:39:26 +0800] "GET /wp-json/contact-form-7/v1/contact-forms/891/feedback/schema HTTP/1.1" 200 736 "https://thegreenscapecollective.com.au/about/" "Mozilla/5.0 (iPhone; CPU iPhone OS 18_7 like Mac OS X) AppleWebKit/605.1.15 (KHTML, like Gecko) Version/26.3 Mobile/15E148 Safari/604.1"
159.196.132.201 - - [04/Apr/2026:15:39:26 +0800] "GET /wp-json/contact-form-7/v1/contact-forms/893/feedback/schema HTTP/1.1" 200 736 "https://thegreenscapecollective.com.au/about/" "Mozilla/5.0 (iPhone; CPU iPhone OS 18_7 like Mac OS X) AppleWebKit/605.1.15 (KHTML, like Gecko) Version/26.3 Mobile/15E148 Safari/604.1"
159.196.132.201 - - [04/Apr/2026:15:39:26 +0800] "GET /wp-json/contact-form-7/v1/contact-forms/889/feedback/schema HTTP/1.1" 200 682 "https://thegreenscapecollective.com.au/about/" "Mozilla/5.0 (iPhone; CPU iPhone OS 18_7 like Mac OS X) AppleWebKit/605.1.15 (KHTML, like Gecko) Version/26.3 Mobile/15E148 Safari/604.1"
159.196.132.201 - - [04/Apr/2026:15:39:30 +0800] "GET /wp-content/uploads/2020/10/group-profile-users.png HTTP/1.1" 200 6001 "https://thegreenscapecollective.com.au/about/" "Mozilla/5.0 (iPhone; CPU iPhone OS 18_7 like Mac OS X) AppleWebKit/605.1.15 (KHTML, like Gecko) Version/26.3 Mobile/15E148 Safari/604.1"
159.196.132.201 - - [04/Apr/2026:15:39:41 +0800] "GET /wp-content/uploads/2020/10/notepad.png HTTP/1.1" 200 4350 "https://thegreenscapecollective.com.au/about/" "Mozilla/5.0 (iPhone; CPU iPhone OS 18_7 like Mac OS X) AppleWebKit/605.1.15 (KHTML, like Gecko) Version/26.3 Mobile/15E148 Safari/604.1"
159.196.132.201 - - [04/Apr/2026:15:39:43 +0800] "GET /wp-content/uploads/2020/10/piggy-bank.png HTTP/1.1" 200 5931 "https://thegreenscapecollective.com.au/about/" "Mozilla/5.0 (iPhone; CPU iPhone OS 18_7 like Mac OS X) AppleWebKit/605.1.15 (KHTML, like Gecko) Version/26.3 Mobile/15E148 Safari/604.1"
159.196.132.201 - - [04/Apr/2026:15:39:46 +0800] "GET /wp-content/uploads/2020/10/thumbs-up-hand-symbol.png HTTP/1.1" 200 3653 "https://thegreenscapecollective.com.au/about/" "Mozilla/5.0 (iPhone; CPU iPhone OS 18_7 like Mac OS X) AppleWebKit/605.1.15 (KHTML, like Gecko) Version/26.3 Mobile/15E148 Safari/604.1"
159.196.132.201 - - [04/Apr/2026:15:39:47 +0800] "GET /wp-content/uploads/2020/10/get-to-know-each-other.jpg HTTP/1.1" 200 43739 "https://thegreenscapecollective.com.au/about/" "Mozilla/5.0 (iPhone; CPU iPhone OS 18_7 like Mac OS X) AppleWebKit/605.1.15 (KHTML, like Gecko) Version/26.3 Mobile/15E148 Safari/604.1"
159.196.132.201 - - [04/Apr/2026:15:39:54 +0800] "GET /wp-content/uploads/2020/10/create-beautiful-gardens.jpg HTTP/1.1" 200 49808 "https://thegreenscapecollective.com.au/about/" "Mozilla/5.0 (iPhone; CPU iPhone OS 18_7 like Mac OS X) AppleWebKit/605.1.15 (KHTML, like Gecko) Version/26.3 Mobile/15E148 Safari/604.1"
159.196.132.201 - - [04/Apr/2026:15:40:01 +0800] "GET /wp-content/uploads/2020/10/bring-your-dream-garden-to-life.jpg HTTP/1.1" 200 48247 "https://thegreenscapecollective.com.au/about/" "Mozilla/5.0 (iPhone; CPU iPhone OS 18_7 like Mac OS X) AppleWebKit/605.1.15 (KHTML, like Gecko) Version/26.3 Mobile/15E148 Safari/604.1"
159.196.132.201 - - [04/Apr/2026:15:40:06 +0800] "GET /wp-content/uploads/2020/10/let-you-relax-and-unwind.jpg HTTP/1.1" 200 31009 "https://thegreenscapecollective.com.au/about/" "Mozilla/5.0 (iPhone; CPU iPhone OS 18_7 like Mac OS X) AppleWebKit/605.1.15 (KHTML, like Gecko) Version/26.3 Mobile/15E148 Safari/604.1"
14.170.37.79 - - [04/Apr/2026:15:40:37 +0800] "GET /terms-of-service HTTP/1.1" 301 20 "-" "Mozilla/5.0 (Macintosh; Intel Mac OS X 11_2_3) AppleWebKit/537.36 (KHTML, like Gecko) Brave Chrome/89.0.4389.72 Safari/537.36"
14.170.37.79 - - [04/Apr/2026:15:40:38 +0800] "GET /terms-of-service/ HTTP/1.1" 200 15726 "-" "Mozilla/5.0 (Macintosh; Intel Mac OS X 11_2_3) AppleWebKit/537.36 (KHTML, like Gecko) Brave Chrome/89.0.4389.72 Safari/537.36"
74.7.229.4 - - [04/Apr/2026:15:42:44 +0800] "GET / HTTP/1.1" 200 22001 "-" "Mozilla/5.0 (Macintosh; Intel Mac OS X 10_15_7) AppleWebKit/537.36 (KHTML, like Gecko) Chrome/131.0.0.0 Safari/537.36; compatible; OAI-SearchBot/1.3; +https://openai.com/searchbot"
103.4.122.14 - - [04/Apr/2026:15:46:29 +0800] "POST /wp-cron.php?doing_wp_cron=1775288789.8081529140472412109375 HTTP/1.1" 200 20 "-" "WordPress/6.9.4; https://thegreenscapecollective.com.au"
158.181.40.76 - - [04/Apr/2026:15:46:28 +0800] "GET /5-ways-to-transform-your-backyard-into-a-breathtaking-entertaining-area/tel:0861025202 HTTP/1.1" 404 15238 "-" "Mozilla/5.0 (Windows NT 6.1; Win64; x64) AppleWebKit/537.36 (KHTML, like Gecko) Chrome/86.0.4240.198 Safari/537.36"
103.4.122.14 - - [04/Apr/2026:15:53:39 +0800] "POST /wp-cron.php?doing_wp_cron=1775289219.9605441093444824218750 HTTP/1.1" 200 20 "-" "WordPress/6.9.4; https://thegreenscapecollective.com.au"
54.170.122.110 - - [04/Apr/2026:15:53:38 +0800] "GET / HTTP/1.1" 301 20 "-" "Mozilla/5.0 (Macintosh; Intel Mac OS X 14_0) AppleWebKit/537.36 (KHTML, like Gecko) Chrome/119.0.0.0 Safari/537.36 MomentumFetcher/1.0"
54.170.122.110 - - [04/Apr/2026:15:53:39 +0800] "GET / HTTP/1.1" 200 22005 "-" "Mozilla/5.0 (Windows NT 10.0; Win64; x64) AppleWebKit/537.36 (KHTML, like Gecko) Chrome/146.0.0.0 Safari/537.36"
54.170.122.110 - - [04/Apr/2026:15:53:41 +0800] "GET /wp-content/cache/autoptimize/css/autoptimize_2e02926ac66b065cdef3e3d343893e11.css HTTP/1.1" 200 52362 "https://thegreenscapecollective.com.au/" "Mozilla/5.0 (Windows NT 10.0; Win64; x64) AppleWebKit/537.36 (KHTML, like Gecko) Chrome/146.0.0.0 Safari/537.36"
54.170.122.110 - - [04/Apr/2026:15:53:41 +0800] "GET /wp-content/cache/autoptimize/css/autoptimize_single_a0e61596f3f196c3460ed19f7d818fe7.css?generated=1755196485&ver=1.21.5 HTTP/1.1" 200 3059 "https://thegreenscapecollective.com.au/" "Mozilla/5.0 (Windows NT 10.0; Win64; x64) AppleWebKit/537.36 (KHTML, like Gecko) Chrome/146.0.0.0 Safari/537.36"
54.170.122.110 - - [04/Apr/2026:15:53:41 +0800] "GET /wp-content/cache/autoptimize/css/autoptimize_single_c3c5d54ef606327a4025aefb8e32211e.css?ver=1765800085 HTTP/1.1" 200 633 "https://thegreenscapecollective.com.au/" "Mozilla/5.0 (Windows NT 10.0; Win64; x64) AppleWebKit/537.36 (KHTML, like Gecko) Chrome/146.0.0.0 Safari/537.36"
54.170.122.110 - - [04/Apr/2026:15:53:41 +0800] "GET /wp-includes/css/dashicons.min.css?ver=6.9.4 HTTP/1.1" 200 35721 "https://thegreenscapecollective.com.au/" "Mozilla/5.0 (Windows NT 10.0; Win64; x64) AppleWebKit/537.36 (KHTML, like Gecko) Chrome/146.0.0.0 Safari/537.36"
54.170.122.110 - - [04/Apr/2026:15:53:41 +0800] "GET /wp-includes/js/jquery/jquery.min.js?ver=3.7.1 HTTP/1.1" 200 30368 "https://thegreenscapecollective.com.au/" "Mozilla/5.0 (Windows NT 10.0; Win64; x64) AppleWebKit/537.36 (KHTML, like Gecko) Chrome/146.0.0.0 Safari/537.36"
54.170.122.110 - - [04/Apr/2026:15:53:41 +0800] "GET / HTTP/1.1" 200 22001 "-" "Mozilla/5.0 (Macintosh; Intel Mac OS X 14_0) AppleWebKit/537.36 (KHTML, like Gecko) Chrome/119.0.0.0 Safari/537.36 MomentumFetcher/1.0"
54.170.122.110 - - [04/Apr/2026:15:53:43 +0800] "GET /wp-includes/js/dist/hooks.min.js?ver=dd5603f07f9220ed27f1 HTTP/1.1" 200 1941 "https://thegreenscapecollective.com.au/" "Mozilla/5.0 (Windows NT 10.0; Win64; x64) AppleWebKit/537.36 (KHTML, like Gecko) Chrome/146.0.0.0 Safari/537.36"
54.170.122.110 - - [04/Apr/2026:15:53:43 +0800] "GET /wp-includes/js/dist/i18n.min.js?ver=c26c3dc7bed366793375 HTTP/1.1" 200 2229 "https://thegreenscapecollective.com.au/" "Mozilla/5.0 (Windows NT 10.0; Win64; x64) AppleWebKit/537.36 (KHTML, like Gecko) Chrome/146.0.0.0 Safari/537.36"
54.170.122.110 - - [04/Apr/2026:15:53:43 +0800] "GET /wp-content/plugins/autoptimize/classes/external/js/lazysizes.min.js?ao_version=3.1.15 HTTP/1.1" 200 4122 "https://thegreenscapecollective.com.au/" "Mozilla/5.0 (Windows NT 10.0; Win64; x64) AppleWebKit/537.36 (KHTML, like Gecko) Chrome/146.0.0.0 Safari/537.36"
54.170.122.110 - - [04/Apr/2026:15:53:43 +0800] "GET /wp-includes/js/dist/vendor/wp-polyfill.min.js?ver=3.15.0 HTTP/1.1" 200 11852 "https://thegreenscapecollective.com.au/" "Mozilla/5.0 (Windows NT 10.0; Win64; x64) AppleWebKit/537.36 (KHTML, like Gecko) Chrome/146.0.0.0 Safari/537.36"
54.170.122.110 - - [04/Apr/2026:15:53:43 +0800] "GET /wp-content/cache/autoptimize/js/autoptimize_ab496bd2c807e734c892193f0f86f2bc.js HTTP/1.1" 200 63340 "https://thegreenscapecollective.com.au/" "Mozilla/5.0 (Windows NT 10.0; Win64; x64) AppleWebKit/537.36 (KHTML, like Gecko) Chrome/146.0.0.0 Safari/537.36"
54.170.122.110 - - [04/Apr/2026:15:53:43 +0800] "GET /wp-content/uploads/2020/10/greenscapeaugust-0030-1024x683.jpg HTTP/1.1" 200 217688 "https://thegreenscapecollective.com.au/" "Mozilla/5.0 (Windows NT 10.0; Win64; x64) AppleWebKit/537.36 (KHTML, like Gecko) Chrome/146.0.0.0 Safari/537.36"
54.170.122.110 - - [04/Apr/2026:15:53:44 +0800] "GET /wp-content/plugins/lightweight-social-icons/fonts/fontello.woff HTTP/1.1" 200 23328 "https://thegreenscapecollective.com.au/wp-content/cache/autoptimize/css/autoptimize_2e02926ac66b065cdef3e3d343893e11.css" "Mozilla/5.0 (Windows NT 10.0; Win64; x64) AppleWebKit/537.36 (KHTML, like Gecko) Chrome/146.0.0.0 Safari/537.36"
54.170.122.110 - - [04/Apr/2026:15:53:45 +0800] "GET /wp-content/uploads/2020/10/right-arrow-green.png HTTP/1.1" 200 2211 "https://thegreenscapecollective.com.au/wp-content/cache/autoptimize/css/autoptimize_2e02926ac66b065cdef3e3d343893e11.css" "Mozilla/5.0 (Windows NT 10.0; Win64; x64) AppleWebKit/537.36 (KHTML, like Gecko) Chrome/146.0.0.0 Safari/537.36"
54.170.122.110 - - [04/Apr/2026:15:53:46 +0800] "GET /wp-content/uploads/2020/10/fingerprint.png HTTP/1.1" 200 49629 "https://thegreenscapecollective.com.au/wp-content/cache/autoptimize/css/autoptimize_single_c3c5d54ef606327a4025aefb8e32211e.css?ver=1765800085" "Mozilla/5.0 (Windows NT 10.0; Win64; x64) AppleWebKit/537.36 (KHTML, like Gecko) Chrome/146.0.0.0 Safari/537.36"
54.170.122.110 - - [04/Apr/2026:15:53:46 +0800] "GET /wp-content/uploads/2020/10/the-greenscape-collective.png HTTP/1.1" 200 28488 "https://thegreenscapecollective.com.au/" "Mozilla/5.0 (Windows NT 10.0; Win64; x64) AppleWebKit/537.36 (KHTML, like Gecko) Chrome/146.0.0.0 Safari/537.36"
54.170.122.110 - - [04/Apr/2026:15:53:46 +0800] "GET /wp-json/contact-form-7/v1/contact-forms/893/feedback/schema HTTP/1.1" 200 736 "https://thegreenscapecollective.com.au/" "Mozilla/5.0 (Windows NT 10.0; Win64; x64) AppleWebKit/537.36 (KHTML, like Gecko) Chrome/146.0.0.0 Safari/537.36"
54.170.122.110 - - [04/Apr/2026:15:53:46 +0800] "GET /wp-content/cache/autoptimize/js/gutenslider-js.js HTTP/1.1" 410 17831 "https://thegreenscapecollective.com.au/" "Mozilla/5.0 (Windows NT 10.0; Win64; x64) AppleWebKit/537.36 (KHTML, like Gecko) Chrome/146.0.0.0 Safari/537.36"
54.170.122.110 - - [04/Apr/2026:15:53:46 +0800] "GET /wp-json/contact-form-7/v1/contact-forms/892/feedback/schema HTTP/1.1" 200 678 "https://thegreenscapecollective.com.au/" "Mozilla/5.0 (Windows NT 10.0; Win64; x64) AppleWebKit/537.36 (KHTML, like Gecko) Chrome/146.0.0.0 Safari/537.36"
43.153.96.79 - - [04/Apr/2026:15:53:49 +0800] "GET / HTTP/1.1" 403 199 "-" "Mozilla/5.0 (iPhone; CPU iPhone OS 13_2_3 like Mac OS X) AppleWebKit/605.1.15 (KHTML, like Gecko) Version/13.0.3 Mobile/15E148 Safari/604.1"
54.170.122.110 - - [04/Apr/2026:15:53:49 +0800] "GET /wp-json/contact-form-7/v1/contact-forms/889/feedback/schema HTTP/1.1" 200 682 "https://thegreenscapecollective.com.au/" "Mozilla/5.0 (Windows NT 10.0; Win64; x64) AppleWebKit/537.36 (KHTML, like Gecko) Chrome/146.0.0.0 Safari/537.36"
54.170.122.110 - - [04/Apr/2026:15:53:49 +0800] "GET /wp-json/contact-form-7/v1/contact-forms/891/feedback/schema HTTP/1.1" 200 736 "https://thegreenscapecollective.com.au/" "Mozilla/5.0 (Windows NT 10.0; Win64; x64) AppleWebKit/537.36 (KHTML, like Gecko) Chrome/146.0.0.0 Safari/537.36"
54.170.122.110 - - [04/Apr/2026:15:54:07 +0800] "GET /wp-content/uploads/2020/10/greenscapeaugust-0073-1024x683.jpg HTTP/1.1" 200 66782 "https://thegreenscapecollective.com.au/" "Mozilla/5.0 (Windows NT 10.0; Win64; x64) AppleWebKit/537.36 (KHTML, like Gecko) Chrome/146.0.0.0 Safari/537.36"
103.4.122.14 - - [04/Apr/2026:16:07:11 +0800] "POST /wp-cron.php?doing_wp_cron=1775290030.8335769176483154296875 HTTP/1.1" 200 20 "-" "WordPress/6.9.4; https://thegreenscapecollective.com.au"
57.141.14.34 - - [04/Apr/2026:16:07:09 +0800] "GET /services/ HTTP/1.1" 200 127800 "-" "meta-externalagent/1.1 (+https://developers.facebook.com/docs/sharing/webmasters/crawler)"
32.193.52.205 - - [04/Apr/2026:16:07:13 +0800] "GET /robots.txt HTTP/1.1" 301 20 "-" "Mozilla/5.0 (Macintosh; Intel Mac OS X 10_10_1) AppleWebKit/600.2.5 (KHTML, like Gecko) Version/8.0.2 Safari/600.2.5 (Gort)"
52.203.246.32 - - [04/Apr/2026:16:07:15 +0800] "GET /robots.txt HTTP/1.1" 200 140 "-" "Mozilla/5.0 (Macintosh; Intel Mac OS X 10_10_1) AppleWebKit/600.2.5 (KHTML, like Gecko) Version/8.0.2 Safari/600.2.5 (Gort)"
103.4.122.14 - - [04/Apr/2026:16:10:12 +0800] "POST /wp-cron.php?doing_wp_cron=1775290212.6786611080169677734375 HTTP/1.1" 200 20 "-" "WordPress/6.9.4; https://thegreenscapecollective.com.au"
95.129.101.144 - - [04/Apr/2026:16:10:11 +0800] "GET /post-sitemap.xml HTTP/1.1" 200 949 "-" "Mozilla/5.0 (compatible; SpiderLing; +https://nlp.fi.muni.cz/projects/biwec/)"
14.188.105.21 - - [04/Apr/2026:16:10:17 +0800] "GET /contact/tel:0861025202 HTTP/1.1" 404 15198 "-" "Mozilla/5.0 (Windows NT 6.2; Win64; x64) AppleWebKit/537.36 (KHTML, like Gecko) Chrome/101.0.4951.64 Safari/537.36"
92.99.26.43 - - [04/Apr/2026:16:10:36 +0800] "GET /post-sitemap.xml HTTP/1.1" 200 949 "-" "Mozilla/5.0 (Macintosh; Intel Mac OS X 14.5; rv:126.0) Gecko/20100101 Firefox/126.0"
74.7.242.43 - - [04/Apr/2026:16:12:40 +0800] "GET /?s={search_term_string} HTTP/1.1" 200 15418 "https://thegreenscapecollective.com.au/" "Mozilla/5.0 AppleWebKit/537.36 (KHTML, like Gecko; compatible; GPTBot/1.3; +https://openai.com/gptbot)"
103.4.122.14 - - [04/Apr/2026:16:16:52 +0800] "POST /wp-cron.php?doing_wp_cron=1775290612.3547089099884033203125 HTTP/1.1" 200 20 "-" "WordPress/6.9.4; https://thegreenscapecollective.com.au"
128.0.7.131 - - [04/Apr/2026:16:16:51 +0800] "GET /category/garden-care/tel:0861025202 HTTP/1.1" 404 15203 "-" "Mozilla/5.0 (Windows NT 10.0; WOW64) AppleWebKit/537.36 (KHTML, like Gecko) Chrome/86.0.4240.198 Safari/537.36"
112.141.48.212 - - [04/Apr/2026:16:17:47 +0800] "GET /wp-content/uploads/2020/12/Common-Everlasting.jpg HTTP/1.1" 200 97949 "https://www.google.com/" "Mozilla/5.0 (iPhone; CPU iPhone OS 18_6_2 like Mac OS X) AppleWebKit/605.1.15 (KHTML, like Gecko) Version/18.6 Mobile/15E148 Safari/604.1"
112.141.48.212 - - [04/Apr/2026:16:17:52 +0800] "GET /wp-content/cache/autoptimize/css/autoptimize_single_a0e61596f3f196c3460ed19f7d818fe7.css?generated=1755196485&ver=1.21.5 HTTP/1.1" 200 3059 "https://thegreenscapecollective.com.au/the-6-best-australian-native-plants-for-waterwise-perth-garden-designs/" "Mozilla/5.0 (iPhone; CPU iPhone OS 18_6_2 like Mac OS X) AppleWebKit/605.1.15 (KHTML, like Gecko) Version/18.6 Mobile/15E148 Safari/604.1"
112.141.48.212 - - [04/Apr/2026:16:17:52 +0800] "GET /wp-includes/css/dashicons.min.css?ver=6.9.4 HTTP/1.1" 200 35721 "https://thegreenscapecollective.com.au/the-6-best-australian-native-plants-for-waterwise-perth-garden-designs/" "Mozilla/5.0 (iPhone; CPU iPhone OS 18_6_2 like Mac OS X) AppleWebKit/605.1.15 (KHTML, like Gecko) Version/18.6 Mobile/15E148 Safari/604.1"
112.141.48.212 - - [04/Apr/2026:16:17:52 +0800] "GET /wp-content/cache/autoptimize/css/autoptimize_b2d70d75074c3f6f710cac67f62d68e7.css HTTP/1.1" 200 51526 "https://thegreenscapecollective.com.au/the-6-best-australian-native-plants-for-waterwise-perth-garden-designs/" "Mozilla/5.0 (iPhone; CPU iPhone OS 18_6_2 like Mac OS X) AppleWebKit/605.1.15 (KHTML, like Gecko) Version/18.6 Mobile/15E148 Safari/604.1"
112.141.48.212 - - [04/Apr/2026:16:17:52 +0800] "GET /wp-includes/js/jquery/jquery.min.js?ver=3.7.1 HTTP/1.1" 200 30368 "https://thegreenscapecollective.com.au/the-6-best-australian-native-plants-for-waterwise-perth-garden-designs/" "Mozilla/5.0 (iPhone; CPU iPhone OS 18_6_2 like Mac OS X) AppleWebKit/605.1.15 (KHTML, like Gecko) Version/18.6 Mobile/15E148 Safari/604.1"
112.141.48.212 - - [04/Apr/2026:16:17:52 +0800] "GET /wp-content/uploads/2020/12/Toothbrush-Grevillea.jpg HTTP/1.1" 200 152987 "https://thegreenscapecollective.com.au/the-6-best-australian-native-plants-for-waterwise-perth-garden-designs/" "Mozilla/5.0 (iPhone; CPU iPhone OS 18_6_2 like Mac OS X) AppleWebKit/605.1.15 (KHTML, like Gecko) Version/18.6 Mobile/15E148 Safari/604.1"
103.4.122.14 - - [04/Apr/2026:16:17:52 +0800] "POST /wp-cron.php?doing_wp_cron=1775290672.3883149623870849609375 HTTP/1.1" 200 20 "-" "WordPress/6.9.4; https://thegreenscapecollective.com.au"
112.141.48.212 - - [04/Apr/2026:16:17:51 +0800] "GET /the-6-best-australian-native-plants-for-waterwise-perth-garden-designs/ HTTP/1.1" 200 26956 "https://www.google.com/" "Mozilla/5.0 (iPhone; CPU iPhone OS 18_6_2 like Mac OS X) AppleWebKit/605.1.15 (KHTML, like Gecko) Version/18.6 Mobile/15E148 Safari/604.1"
112.141.48.212 - - [04/Apr/2026:16:17:52 +0800] "GET /wp-includes/js/dist/hooks.min.js?ver=dd5603f07f9220ed27f1 HTTP/1.1" 200 1941 "https://thegreenscapecollective.com.au/the-6-best-australian-native-plants-for-waterwise-perth-garden-designs/" "Mozilla/5.0 (iPhone; CPU iPhone OS 18_6_2 like Mac OS X) AppleWebKit/605.1.15 (KHTML, like Gecko) Version/18.6 Mobile/15E148 Safari/604.1"
112.141.48.212 - - [04/Apr/2026:16:17:52 +0800] "GET /wp-content/plugins/autoptimize/classes/external/js/lazysizes.min.js?ao_version=3.1.15 HTTP/1.1" 200 4122 "https://thegreenscapecollective.com.au/the-6-best-australian-native-plants-for-waterwise-perth-garden-designs/" "Mozilla/5.0 (iPhone; CPU iPhone OS 18_6_2 like Mac OS X) AppleWebKit/605.1.15 (KHTML, like Gecko) Version/18.6 Mobile/15E148 Safari/604.1"
112.141.48.212 - - [04/Apr/2026:16:17:52 +0800] "GET /wp-includes/js/dist/i18n.min.js?ver=c26c3dc7bed366793375 HTTP/1.1" 200 2229 "https://thegreenscapecollective.com.au/the-6-best-australian-native-plants-for-waterwise-perth-garden-designs/" "Mozilla/5.0 (iPhone; CPU iPhone OS 18_6_2 like Mac OS X) AppleWebKit/605.1.15 (KHTML, like Gecko) Version/18.6 Mobile/15E148 Safari/604.1"
112.141.48.212 - - [04/Apr/2026:16:17:52 +0800] "GET /wp-includes/js/dist/vendor/wp-polyfill.min.js?ver=3.15.0 HTTP/1.1" 200 11852 "https://thegreenscapecollective.com.au/the-6-best-australian-native-plants-for-waterwise-perth-garden-designs/" "Mozilla/5.0 (iPhone; CPU iPhone OS 18_6_2 like Mac OS X) AppleWebKit/605.1.15 (KHTML, like Gecko) Version/18.6 Mobile/15E148 Safari/604.1"
112.141.48.212 - - [04/Apr/2026:16:17:52 +0800] "GET /wp-content/cache/autoptimize/js/autoptimize_608318ece1b0c8452f17313c8b437743.js HTTP/1.1" 200 61064 "https://thegreenscapecollective.com.au/the-6-best-australian-native-plants-for-waterwise-perth-garden-designs/" "Mozilla/5.0 (iPhone; CPU iPhone OS 18_6_2 like Mac OS X) AppleWebKit/605.1.15 (KHTML, like Gecko) Version/18.6 Mobile/15E148 Safari/604.1"
112.141.48.212 - - [04/Apr/2026:16:17:52 +0800] "GET /wp-content/plugins/lightweight-social-icons/fonts/fontello.woff HTTP/1.1" 200 23328 "https://thegreenscapecollective.com.au/the-6-best-australian-native-plants-for-waterwise-perth-garden-designs/" "Mozilla/5.0 (iPhone; CPU iPhone OS 18_6_2 like Mac OS X) AppleWebKit/605.1.15 (KHTML, like Gecko) Version/18.6 Mobile/15E148 Safari/604.1"
112.141.48.212 - - [04/Apr/2026:16:17:52 +0800] "GET /wp-content/uploads/2020/10/fingerprint.png HTTP/1.1" 200 49629 "https://thegreenscapecollective.com.au/the-6-best-australian-native-plants-for-waterwise-perth-garden-designs/" "Mozilla/5.0 (iPhone; CPU iPhone OS 18_6_2 like Mac OS X) AppleWebKit/605.1.15 (KHTML, like Gecko) Version/18.6 Mobile/15E148 Safari/604.1"
112.141.48.212 - - [04/Apr/2026:16:17:52 +0800] "GET /wp-content/uploads/2020/10/the-greenscape-collective.png HTTP/1.1" 200 28488 "https://thegreenscapecollective.com.au/the-6-best-australian-native-plants-for-waterwise-perth-garden-designs/" "Mozilla/5.0 (iPhone; CPU iPhone OS 18_6_2 like Mac OS X) AppleWebKit/605.1.15 (KHTML, like Gecko) Version/18.6 Mobile/15E148 Safari/604.1"
112.141.48.212 - - [04/Apr/2026:16:17:53 +0800] "GET /wp-content/uploads/2020/10/cropped-greenscape-favicon-2-32x32.png HTTP/1.1" 200 2496 "https://thegreenscapecollective.com.au/the-6-best-australian-native-plants-for-waterwise-perth-garden-designs/" "Mozilla/5.0 (iPhone; CPU iPhone OS 18_6_2 like Mac OS X) AppleWebKit/605.1.15 (KHTML, like Gecko) Version/18.6 Mobile/15E148 Safari/604.1"
112.141.48.212 - - [04/Apr/2026:16:17:53 +0800] "GET /wp-content/uploads/2020/10/cropped-greenscape-favicon-2-192x192.png HTTP/1.1" 200 22570 "https://thegreenscapecollective.com.au/the-6-best-australian-native-plants-for-waterwise-perth-garden-designs/" "Mozilla/5.0 (iPhone; CPU iPhone OS 18_6_2 like Mac OS X) AppleWebKit/605.1.15 (KHTML, like Gecko) Version/18.6 Mobile/15E148 Safari/604.1"
112.141.48.212 - - [04/Apr/2026:16:17:52 +0800] "GET /wp-json/contact-form-7/v1/contact-forms/889/feedback/schema HTTP/1.1" 200 682 "https://thegreenscapecollective.com.au/the-6-best-australian-native-plants-for-waterwise-perth-garden-designs/" "Mozilla/5.0 (iPhone; CPU iPhone OS 18_6_2 like Mac OS X) AppleWebKit/605.1.15 (KHTML, like Gecko) Version/18.6 Mobile/15E148 Safari/604.1"
112.141.48.212 - - [04/Apr/2026:16:17:52 +0800] "GET /wp-json/contact-form-7/v1/contact-forms/891/feedback/schema HTTP/1.1" 200 736 "https://thegreenscapecollective.com.au/the-6-best-australian-native-plants-for-waterwise-perth-garden-designs/" "Mozilla/5.0 (iPhone; CPU iPhone OS 18_6_2 like Mac OS X) AppleWebKit/605.1.15 (KHTML, like Gecko) Version/18.6 Mobile/15E148 Safari/604.1"
112.141.48.212 - - [04/Apr/2026:16:17:52 +0800] "GET /wp-json/contact-form-7/v1/contact-forms/892/feedback/schema HTTP/1.1" 200 678 "https://thegreenscapecollective.com.au/the-6-best-australian-native-plants-for-waterwise-perth-garden-designs/" "Mozilla/5.0 (iPhone; CPU iPhone OS 18_6_2 like Mac OS X) AppleWebKit/605.1.15 (KHTML, like Gecko) Version/18.6 Mobile/15E148 Safari/604.1"
112.141.48.212 - - [04/Apr/2026:16:17:52 +0800] "GET /wp-json/contact-form-7/v1/contact-forms/893/feedback/schema HTTP/1.1" 200 736 "https://thegreenscapecollective.com.au/the-6-best-australian-native-plants-for-waterwise-perth-garden-designs/" "Mozilla/5.0 (iPhone; CPU iPhone OS 18_6_2 like Mac OS X) AppleWebKit/605.1.15 (KHTML, like Gecko) Version/18.6 Mobile/15E148 Safari/604.1"
111.225.149.236 - - [04/Apr/2026:16:18:19 +0800] "GET /robots.txt HTTP/1.1" 200 140 "-" "Mozilla/5.0 (Linux; Android 5.0) AppleWebKit/537.36 (KHTML, like Gecko) Mobile Safari/537.36 (compatible; Bytespider; https://zhanzhang.toutiao.com/)"
92.222.108.122 - - [04/Apr/2026:16:19:43 +0800] "GET /sitemap_index.xml HTTP/1.1" 200 385 "-" "Mozilla/5.0 (compatible; AhrefsBot/7.0; +http://ahrefs.com/robot/)"
94.23.188.217 - - [04/Apr/2026:16:19:47 +0800] "GET /post-sitemap.xml HTTP/1.1" 200 949 "-" "Mozilla/5.0 (compatible; AhrefsBot/7.0; +http://ahrefs.com/robot/)"
37.59.204.158 - - [04/Apr/2026:16:20:17 +0800] "GET /testimonial-sitemap.xml HTTP/1.1" 200 433 "-" "Mozilla/5.0 (compatible; AhrefsBot/7.0; +http://ahrefs.com/robot/)"
92.222.108.121 - - [04/Apr/2026:16:20:50 +0800] "GET /category-sitemap.xml HTTP/1.1" 200 406 "-" "Mozilla/5.0 (compatible; AhrefsBot/7.0; +http://ahrefs.com/robot/)"
94.23.188.197 - - [04/Apr/2026:16:20:53 +0800] "GET /post_tag-sitemap.xml HTTP/1.1" 200 397 "-" "Mozilla/5.0 (compatible; AhrefsBot/7.0; +http://ahrefs.com/robot/)"
92.222.104.197 - - [04/Apr/2026:16:20:56 +0800] "GET /author-sitemap.xml HTTP/1.1" 200 377 "-" "Mozilla/5.0 (compatible; AhrefsBot/7.0; +http://ahrefs.com/robot/)"
103.4.122.14 - - [04/Apr/2026:16:27:38 +0800] "POST /wp-cron.php?doing_wp_cron=1775291258.1249070167541503906250 HTTP/1.1" 200 20 "-" "WordPress/6.9.4; https://thegreenscapecollective.com.au"
123.28.228.56 - - [04/Apr/2026:16:27:36 +0800] "GET /author/greenscape/tel:0861025202 HTTP/1.1" 404 15689 "-" "Mozilla/5.0 (Macintosh; Intel Mac OS X 10_14_6) AppleWebKit/537.36 (KHTML, like Gecko) Brave Chrome/89.0.4389.72 Safari/537.36"
103.4.122.14 - - [04/Apr/2026:16:28:30 +0800] "POST /wp-cron.php?doing_wp_cron=1775291310.6771779060363769531250 HTTP/1.1" 200 20 "-" "WordPress/6.9.4; https://thegreenscapecollective.com.au"
216.73.216.146 - - [04/Apr/2026:16:28:29 +0800] "GET /robots.txt HTTP/1.1" 200 140 "-" "Mozilla/5.0 AppleWebKit/537.36 (KHTML, like Gecko; compatible; ClaudeBot/1.0; +claudebot@anthropic.com)"
216.73.216.146 - - [04/Apr/2026:16:28:31 +0800] "GET /sitemap_index.xml HTTP/1.1" 200 385 "-" "Mozilla/5.0 AppleWebKit/537.36 (KHTML, like Gecko; compatible; ClaudeBot/1.0; +claudebot@anthropic.com)"
106.68.179.115 - - [04/Apr/2026:16:42:27 +0800] "GET / HTTP/1.1" 200 22005 "-" "Mozilla/5.0 (iPhone; CPU iPhone OS 18_7 like Mac OS X) AppleWebKit/605.1.15 (KHTML, like Gecko) Version/26.3 Mobile/15E148 Safari/604.1"
103.4.122.14 - - [04/Apr/2026:16:42:28 +0800] "POST /wp-cron.php?doing_wp_cron=1775292148.7339439392089843750000 HTTP/1.1" 200 20 "-" "WordPress/6.9.4; https://thegreenscapecollective.com.au"
103.4.122.14 - - [04/Apr/2026:16:51:51 +0800] "POST /wp-cron.php?doing_wp_cron=1775292710.9329380989074707031250 HTTP/1.1" 200 20 "-" "WordPress/6.9.4; https://thegreenscapecollective.com.au"
57.141.14.85 - - [04/Apr/2026:16:51:50 +0800] "GET /sitemap.xml HTTP/1.1" 301 - "-" "meta-externalagent/1.1 (+https://developers.facebook.com/docs/sharing/webmasters/crawler)"
104.28.90.41 - - [04/Apr/2026:16:52:32 +0800] "GET /the-6-best-australian-native-plants-for-waterwise-perth-garden-designs/ HTTP/1.1" 200 26956 "https://www.google.com/" "Mozilla/5.0 (iPhone; CPU iPhone OS 18_7 like Mac OS X) AppleWebKit/605.1.15 (KHTML, like Gecko) Version/26.3 Mobile/15E148 Safari/604.1"
104.28.90.41 - - [04/Apr/2026:16:52:34 +0800] "GET /wp-content/cache/autoptimize/css/autoptimize_b2d70d75074c3f6f710cac67f62d68e7.css HTTP/1.1" 200 51526 "https://thegreenscapecollective.com.au/the-6-best-australian-native-plants-for-waterwise-perth-garden-designs/" "Mozilla/5.0 (iPhone; CPU iPhone OS 18_7 like Mac OS X) AppleWebKit/605.1.15 (KHTML, like Gecko) Version/26.3 Mobile/15E148 Safari/604.1"
104.28.90.41 - - [04/Apr/2026:16:52:34 +0800] "GET /wp-content/cache/autoptimize/css/autoptimize_single_a0e61596f3f196c3460ed19f7d818fe7.css?generated=1755196485&ver=1.21.5 HTTP/1.1" 200 3059 "https://thegreenscapecollective.com.au/the-6-best-australian-native-plants-for-waterwise-perth-garden-designs/" "Mozilla/5.0 (iPhone; CPU iPhone OS 18_7 like Mac OS X) AppleWebKit/605.1.15 (KHTML, like Gecko) Version/26.3 Mobile/15E148 Safari/604.1"
