43.172.196.77 - - [02/Apr/2026:06:39:37 +0800] "GET /wp-json/contact-form-7/v1/contact-forms/889/feedback/schema HTTP/1.1" 200 682 "https://thegreenscapecollective.com.au/" "Mozilla/5.0 (Windows NT 10.0; Win64; x64) AppleWebKit/537.36 (KHTML, like Gecko) Chrome/124.0.0.0 Safari/537.36"
43.173.175.202 - - [02/Apr/2026:06:39:41 +0800] "GET / HTTP/1.1" 301 20 "-" "Mozilla/5.0 (Windows NT 10.0; Win64; x64) AppleWebKit/537.36 (KHTML, like Gecko) Chrome/112.0.0.0 Safari/537.36"
43.173.175.202 - - [02/Apr/2026:06:39:43 +0800] "GET / HTTP/1.1" 200 22002 "http://thegreenscapecollective.com.au" "Mozilla/5.0 (Windows NT 10.0; Win64; x64) AppleWebKit/537.36 (KHTML, like Gecko) Chrome/112.0.0.0 Safari/537.36"
141.94.101.142 - - [02/Apr/2026:06:41:19 +0800] "GET /robots.txt HTTP/1.1" 200 188 "-" "Mozilla/5.0 (compatible; MJ12bot/v1.4.8; http://mj12bot.com/)"
141.94.101.142 - - [02/Apr/2026:06:41:22 +0800] "GET /1234%20slot.aspx HTTP/1.1" 404 15205 "-" "Mozilla/5.0 (compatible; MJ12bot/v1.4.8; http://mj12bot.com/)"
141.94.101.142 - - [02/Apr/2026:06:41:26 +0800] "GET /1234%20superslot.aspx HTTP/1.1" 404 15209 "-" "Mozilla/5.0 (compatible; MJ12bot/v1.4.8; http://mj12bot.com/)"
141.94.101.142 - - [02/Apr/2026:06:41:29 +0800] "GET /168%20slot.aspx HTTP/1.1" 404 15205 "-" "Mozilla/5.0 (compatible; MJ12bot/v1.4.8; http://mj12bot.com/)"
141.94.101.142 - - [02/Apr/2026:06:41:33 +0800] "GET /24th%20slot.aspx HTTP/1.1" 404 15205 "-" "Mozilla/5.0 (compatible; MJ12bot/v1.4.8; http://mj12bot.com/)"
141.94.101.142 - - [02/Apr/2026:06:41:36 +0800] "GET /2xl%20slot.aspx HTTP/1.1" 404 15205 "-" "Mozilla/5.0 (compatible; MJ12bot/v1.4.8; http://mj12bot.com/)"
141.94.101.142 - - [02/Apr/2026:06:41:40 +0800] "GET /789%20slot.aspx HTTP/1.1" 404 15205 "-" "Mozilla/5.0 (compatible; MJ12bot/v1.4.8; http://mj12bot.com/)"
141.94.101.142 - - [02/Apr/2026:06:41:43 +0800] "GET /888%20slot.aspx HTTP/1.1" 404 15205 "-" "Mozilla/5.0 (compatible; MJ12bot/v1.4.8; http://mj12bot.com/)"
141.94.101.142 - - [02/Apr/2026:06:41:46 +0800] "GET /all%20slot.aspx HTTP/1.1" 404 15204 "-" "Mozilla/5.0 (compatible; MJ12bot/v1.4.8; http://mj12bot.com/)"
141.94.101.142 - - [02/Apr/2026:06:41:49 +0800] "GET /allslot%20wallet.aspx HTTP/1.1" 404 15209 "-" "Mozilla/5.0 (compatible; MJ12bot/v1.4.8; http://mj12bot.com/)"
141.94.101.142 - - [02/Apr/2026:06:41:52 +0800] "GET /amb%20superslot.aspx HTTP/1.1" 404 15208 "-" "Mozilla/5.0 (compatible; MJ12bot/v1.4.8; http://mj12bot.com/)"
141.94.101.142 - - [02/Apr/2026:06:41:55 +0800] "GET /apollo%20slot%20pg.aspx HTTP/1.1" 404 15209 "-" "Mozilla/5.0 (compatible; MJ12bot/v1.4.8; http://mj12bot.com/)"
103.4.122.14 - - [02/Apr/2026:06:43:12 +0800] "POST /wp-cron.php?doing_wp_cron=1775083392.4426970481872558593750 HTTP/1.1" 200 20 "-" "WordPress/6.9.4; https://thegreenscapecollective.com.au"
141.94.101.142 - - [02/Apr/2026:06:43:11 +0800] "GET /robots.txt HTTP/1.1" 200 188 "-" "Mozilla/5.0 (compatible; MJ12bot/v1.4.8; http://mj12bot.com/)"
141.94.101.142 - - [02/Apr/2026:06:43:14 +0800] "GET /1234%20slot.aspx HTTP/1.1" 404 15205 "-" "Mozilla/5.0 (compatible; MJ12bot/v1.4.8; http://mj12bot.com/)"
141.94.101.142 - - [02/Apr/2026:06:43:17 +0800] "GET /1234%20superslot.aspx HTTP/1.1" 404 15209 "-" "Mozilla/5.0 (compatible; MJ12bot/v1.4.8; http://mj12bot.com/)"
141.94.101.142 - - [02/Apr/2026:06:43:20 +0800] "GET /168%20slot.aspx HTTP/1.1" 404 15205 "-" "Mozilla/5.0 (compatible; MJ12bot/v1.4.8; http://mj12bot.com/)"
141.94.101.142 - - [02/Apr/2026:06:43:23 +0800] "GET /24th%20slot.aspx HTTP/1.1" 404 15205 "-" "Mozilla/5.0 (compatible; MJ12bot/v1.4.8; http://mj12bot.com/)"
141.94.101.142 - - [02/Apr/2026:06:43:26 +0800] "GET /2xl%20slot.aspx HTTP/1.1" 404 15205 "-" "Mozilla/5.0 (compatible; MJ12bot/v1.4.8; http://mj12bot.com/)"
141.94.101.142 - - [02/Apr/2026:06:43:29 +0800] "GET /789%20slot.aspx HTTP/1.1" 404 15205 "-" "Mozilla/5.0 (compatible; MJ12bot/v1.4.8; http://mj12bot.com/)"
141.94.101.142 - - [02/Apr/2026:06:43:32 +0800] "GET /888%20slot.aspx HTTP/1.1" 404 15205 "-" "Mozilla/5.0 (compatible; MJ12bot/v1.4.8; http://mj12bot.com/)"
141.94.101.142 - - [02/Apr/2026:06:43:35 +0800] "GET /all%20slot.aspx HTTP/1.1" 404 15204 "-" "Mozilla/5.0 (compatible; MJ12bot/v1.4.8; http://mj12bot.com/)"
141.94.101.142 - - [02/Apr/2026:06:43:38 +0800] "GET /allslot%20wallet.aspx HTTP/1.1" 404 15209 "-" "Mozilla/5.0 (compatible; MJ12bot/v1.4.8; http://mj12bot.com/)"
141.94.101.142 - - [02/Apr/2026:06:43:41 +0800] "GET /amb%20superslot.aspx HTTP/1.1" 404 15208 "-" "Mozilla/5.0 (compatible; MJ12bot/v1.4.8; http://mj12bot.com/)"
141.94.101.142 - - [02/Apr/2026:06:43:44 +0800] "GET /apollo%20slot%20pg.aspx HTTP/1.1" 404 15209 "-" "Mozilla/5.0 (compatible; MJ12bot/v1.4.8; http://mj12bot.com/)"
103.4.122.14 - - [02/Apr/2026:06:49:01 +0800] "POST /wp-cron.php?doing_wp_cron=1775083741.3853170871734619140625 HTTP/1.1" 200 20 "-" "WordPress/6.9.4; https://thegreenscapecollective.com.au"
216.244.66.233 - - [02/Apr/2026:06:49:00 +0800] "GET /robots.txt HTTP/1.1" 301 - "-" "Mozilla/5.0 (compatible; DotBot/1.2; +https://opensiteexplorer.org/dotbot; help@moz.com)"
216.244.66.233 - - [02/Apr/2026:06:49:02 +0800] "GET /robots.txt HTTP/1.1" 200 188 "-" "Mozilla/5.0 (compatible; DotBot/1.2; +https://opensiteexplorer.org/dotbot; help@moz.com)"
101.189.38.41 - - [02/Apr/2026:06:54:21 +0800] "GET / HTTP/1.1" 301 247 "https://www.google.com/" "Mozilla/5.0 (Macintosh; Intel Mac OS X 10_15_7) AppleWebKit/605.1.15 (KHTML, like Gecko) Version/18.6 Safari/605.1.15"
103.4.122.14 - - [02/Apr/2026:06:54:23 +0800] "POST /wp-cron.php?doing_wp_cron=1775084063.0614950656890869140625 HTTP/1.1" 200 20 "-" "WordPress/6.9.4; https://thegreenscapecollective.com.au"
101.189.38.41 - - [02/Apr/2026:06:54:21 +0800] "GET / HTTP/1.1" 200 22004 "https://www.google.com/" "Mozilla/5.0 (Macintosh; Intel Mac OS X 10_15_7) AppleWebKit/605.1.15 (KHTML, like Gecko) Version/18.6 Safari/605.1.15"
101.189.38.41 - - [02/Apr/2026:06:54:23 +0800] "GET /wp-content/cache/autoptimize/css/autoptimize_2e02926ac66b065cdef3e3d343893e11.css HTTP/1.1" 200 52362 "https://thegreenscapecollective.com.au/" "Mozilla/5.0 (Macintosh; Intel Mac OS X 10_15_7) AppleWebKit/605.1.15 (KHTML, like Gecko) Version/18.6 Safari/605.1.15"
101.189.38.41 - - [02/Apr/2026:06:54:23 +0800] "GET /wp-content/cache/autoptimize/css/autoptimize_single_a0e61596f3f196c3460ed19f7d818fe7.css?generated=1755196485&ver=1.21.5 HTTP/1.1" 200 3059 "https://thegreenscapecollective.com.au/" "Mozilla/5.0 (Macintosh; Intel Mac OS X 10_15_7) AppleWebKit/605.1.15 (KHTML, like Gecko) Version/18.6 Safari/605.1.15"
101.189.38.41 - - [02/Apr/2026:06:54:23 +0800] "GET /wp-includes/css/dashicons.min.css?ver=6.9.4 HTTP/1.1" 200 35721 "https://thegreenscapecollective.com.au/" "Mozilla/5.0 (Macintosh; Intel Mac OS X 10_15_7) AppleWebKit/605.1.15 (KHTML, like Gecko) Version/18.6 Safari/605.1.15"
101.189.38.41 - - [02/Apr/2026:06:54:23 +0800] "GET /wp-includes/js/jquery/jquery.min.js?ver=3.7.1 HTTP/1.1" 200 30368 "https://thegreenscapecollective.com.au/" "Mozilla/5.0 (Macintosh; Intel Mac OS X 10_15_7) AppleWebKit/605.1.15 (KHTML, like Gecko) Version/18.6 Safari/605.1.15"
101.189.38.41 - - [02/Apr/2026:06:54:23 +0800] "GET /wp-content/cache/autoptimize/css/autoptimize_single_c3c5d54ef606327a4025aefb8e32211e.css?ver=1765800085 HTTP/1.1" 200 633 "https://thegreenscapecollective.com.au/" "Mozilla/5.0 (Macintosh; Intel Mac OS X 10_15_7) AppleWebKit/605.1.15 (KHTML, like Gecko) Version/18.6 Safari/605.1.15"
101.189.38.41 - - [02/Apr/2026:06:54:23 +0800] "GET /wp-includes/js/dist/hooks.min.js?ver=dd5603f07f9220ed27f1 HTTP/1.1" 200 1941 "https://thegreenscapecollective.com.au/" "Mozilla/5.0 (Macintosh; Intel Mac OS X 10_15_7) AppleWebKit/605.1.15 (KHTML, like Gecko) Version/18.6 Safari/605.1.15"
101.189.38.41 - - [02/Apr/2026:06:54:23 +0800] "GET /wp-includes/js/dist/i18n.min.js?ver=c26c3dc7bed366793375 HTTP/1.1" 200 2229 "https://thegreenscapecollective.com.au/" "Mozilla/5.0 (Macintosh; Intel Mac OS X 10_15_7) AppleWebKit/605.1.15 (KHTML, like Gecko) Version/18.6 Safari/605.1.15"
101.189.38.41 - - [02/Apr/2026:06:54:23 +0800] "GET /wp-includes/js/dist/vendor/wp-polyfill.min.js?ver=3.15.0 HTTP/1.1" 200 11852 "https://thegreenscapecollective.com.au/" "Mozilla/5.0 (Macintosh; Intel Mac OS X 10_15_7) AppleWebKit/605.1.15 (KHTML, like Gecko) Version/18.6 Safari/605.1.15"
101.189.38.41 - - [02/Apr/2026:06:54:23 +0800] "GET /wp-content/plugins/autoptimize/classes/external/js/lazysizes.min.js?ao_version=3.1.15 HTTP/1.1" 200 4122 "https://thegreenscapecollective.com.au/" "Mozilla/5.0 (Macintosh; Intel Mac OS X 10_15_7) AppleWebKit/605.1.15 (KHTML, like Gecko) Version/18.6 Safari/605.1.15"
101.189.38.41 - - [02/Apr/2026:06:54:23 +0800] "GET /wp-content/cache/autoptimize/js/autoptimize_ab496bd2c807e734c892193f0f86f2bc.js HTTP/1.1" 200 63340 "https://thegreenscapecollective.com.au/" "Mozilla/5.0 (Macintosh; Intel Mac OS X 10_15_7) AppleWebKit/605.1.15 (KHTML, like Gecko) Version/18.6 Safari/605.1.15"
101.189.38.41 - - [02/Apr/2026:06:54:23 +0800] "GET /wp-content/uploads/2020/10/greenscapeaugust-0030.jpg HTTP/1.1" 200 3079857 "https://thegreenscapecollective.com.au/" "Mozilla/5.0 (Macintosh; Intel Mac OS X 10_15_7) AppleWebKit/605.1.15 (KHTML, like Gecko) Version/18.6 Safari/605.1.15"
101.189.38.41 - - [02/Apr/2026:06:54:23 +0800] "GET /wp-content/plugins/lightweight-social-icons/fonts/fontello.woff HTTP/1.1" 200 23328 "https://thegreenscapecollective.com.au/" "Mozilla/5.0 (Macintosh; Intel Mac OS X 10_15_7) AppleWebKit/605.1.15 (KHTML, like Gecko) Version/18.6 Safari/605.1.15"
101.189.38.41 - - [02/Apr/2026:06:54:23 +0800] "GET /wp-json/contact-form-7/v1/contact-forms/891/feedback/schema HTTP/1.1" 200 736 "https://thegreenscapecollective.com.au/" "Mozilla/5.0 (Macintosh; Intel Mac OS X 10_15_7) AppleWebKit/605.1.15 (KHTML, like Gecko) Version/18.6 Safari/605.1.15"
101.189.38.41 - - [02/Apr/2026:06:54:23 +0800] "GET /wp-json/contact-form-7/v1/contact-forms/892/feedback/schema HTTP/1.1" 200 678 "https://thegreenscapecollective.com.au/" "Mozilla/5.0 (Macintosh; Intel Mac OS X 10_15_7) AppleWebKit/605.1.15 (KHTML, like Gecko) Version/18.6 Safari/605.1.15"
101.189.38.41 - - [02/Apr/2026:06:54:23 +0800] "GET /wp-content/cache/autoptimize/js/gutenslider-js.js HTTP/1.1" 410 17831 "https://thegreenscapecollective.com.au/" "Mozilla/5.0 (Macintosh; Intel Mac OS X 10_15_7) AppleWebKit/605.1.15 (KHTML, like Gecko) Version/18.6 Safari/605.1.15"
101.189.38.41 - - [02/Apr/2026:06:54:23 +0800] "GET /wp-json/contact-form-7/v1/contact-forms/893/feedback/schema HTTP/1.1" 200 736 "https://thegreenscapecollective.com.au/" "Mozilla/5.0 (Macintosh; Intel Mac OS X 10_15_7) AppleWebKit/605.1.15 (KHTML, like Gecko) Version/18.6 Safari/605.1.15"
101.189.38.41 - - [02/Apr/2026:06:54:25 +0800] "GET /wp-content/uploads/2020/10/right-arrow-green.png HTTP/1.1" 200 2211 "https://thegreenscapecollective.com.au/" "Mozilla/5.0 (Macintosh; Intel Mac OS X 10_15_7) AppleWebKit/605.1.15 (KHTML, like Gecko) Version/18.6 Safari/605.1.15"
101.189.38.41 - - [02/Apr/2026:06:54:25 +0800] "GET /wp-content/uploads/2020/10/fingerprint.png HTTP/1.1" 200 49629 "https://thegreenscapecollective.com.au/" "Mozilla/5.0 (Macintosh; Intel Mac OS X 10_15_7) AppleWebKit/605.1.15 (KHTML, like Gecko) Version/18.6 Safari/605.1.15"
101.189.38.41 - - [02/Apr/2026:06:54:25 +0800] "GET /wp-content/uploads/2020/10/the-greenscape-collective.png HTTP/1.1" 200 28488 "https://thegreenscapecollective.com.au/" "Mozilla/5.0 (Macintosh; Intel Mac OS X 10_15_7) AppleWebKit/605.1.15 (KHTML, like Gecko) Version/18.6 Safari/605.1.15"
101.189.38.41 - - [02/Apr/2026:06:54:23 +0800] "GET /wp-json/contact-form-7/v1/contact-forms/889/feedback/schema HTTP/1.1" 200 682 "https://thegreenscapecollective.com.au/" "Mozilla/5.0 (Macintosh; Intel Mac OS X 10_15_7) AppleWebKit/605.1.15 (KHTML, like Gecko) Version/18.6 Safari/605.1.15"
101.189.38.41 - - [02/Apr/2026:06:54:25 +0800] "GET /wp-content/uploads/2020/10/cropped-greenscape-favicon-2-32x32.png HTTP/1.1" 200 2496 "https://thegreenscapecollective.com.au/" "Mozilla/5.0 (Macintosh; Intel Mac OS X 10_15_7) AppleWebKit/605.1.15 (KHTML, like Gecko) Version/18.6 Safari/605.1.15"
101.189.38.41 - - [02/Apr/2026:06:54:25 +0800] "GET /wp-content/uploads/2020/10/cropped-greenscape-favicon-2-192x192.png HTTP/1.1" 200 22570 "https://thegreenscapecollective.com.au/" "Mozilla/5.0 (Macintosh; Intel Mac OS X 10_15_7) AppleWebKit/605.1.15 (KHTML, like Gecko) Version/18.6 Safari/605.1.15"
101.189.38.41 - - [02/Apr/2026:06:57:24 +0800] "GET / HTTP/1.1" 200 22002 "https://www.google.com/" "Mozilla/5.0 (Macintosh; Intel Mac OS X 10_15_7) AppleWebKit/605.1.15 (KHTML, like Gecko) Version/18.6 Safari/605.1.15"
101.189.38.41 - - [02/Apr/2026:06:57:26 +0800] "GET /wp-json/contact-form-7/v1/contact-forms/893/feedback/schema HTTP/1.1" 200 736 "https://thegreenscapecollective.com.au/" "Mozilla/5.0 (Macintosh; Intel Mac OS X 10_15_7) AppleWebKit/605.1.15 (KHTML, like Gecko) Version/18.6 Safari/605.1.15"
101.189.38.41 - - [02/Apr/2026:06:57:26 +0800] "GET /wp-json/contact-form-7/v1/contact-forms/892/feedback/schema HTTP/1.1" 200 678 "https://thegreenscapecollective.com.au/" "Mozilla/5.0 (Macintosh; Intel Mac OS X 10_15_7) AppleWebKit/605.1.15 (KHTML, like Gecko) Version/18.6 Safari/605.1.15"
101.189.38.41 - - [02/Apr/2026:06:57:26 +0800] "GET /wp-json/contact-form-7/v1/contact-forms/891/feedback/schema HTTP/1.1" 200 736 "https://thegreenscapecollective.com.au/" "Mozilla/5.0 (Macintosh; Intel Mac OS X 10_15_7) AppleWebKit/605.1.15 (KHTML, like Gecko) Version/18.6 Safari/605.1.15"
101.189.38.41 - - [02/Apr/2026:06:57:26 +0800] "GET /wp-json/contact-form-7/v1/contact-forms/889/feedback/schema HTTP/1.1" 200 682 "https://thegreenscapecollective.com.au/" "Mozilla/5.0 (Macintosh; Intel Mac OS X 10_15_7) AppleWebKit/605.1.15 (KHTML, like Gecko) Version/18.6 Safari/605.1.15"
101.189.38.41 - - [02/Apr/2026:06:57:26 +0800] "GET /wp-content/cache/autoptimize/js/gutenslider-js.js HTTP/1.1" 410 17831 "https://thegreenscapecollective.com.au/" "Mozilla/5.0 (Macintosh; Intel Mac OS X 10_15_7) AppleWebKit/605.1.15 (KHTML, like Gecko) Version/18.6 Safari/605.1.15"
101.189.38.41 - - [02/Apr/2026:06:57:30 +0800] "GET /services/landscape-and-garden-design/ HTTP/1.1" 200 17019 "https://thegreenscapecollective.com.au/" "Mozilla/5.0 (Macintosh; Intel Mac OS X 10_15_7) AppleWebKit/605.1.15 (KHTML, like Gecko) Version/18.6 Safari/605.1.15"
101.189.38.41 - - [02/Apr/2026:06:57:31 +0800] "GET /wp-content/cache/autoptimize/css/autoptimize_097dea125fa5174069b601e3d5938f73.css HTTP/1.1" 200 49632 "https://thegreenscapecollective.com.au/services/landscape-and-garden-design/" "Mozilla/5.0 (Macintosh; Intel Mac OS X 10_15_7) AppleWebKit/605.1.15 (KHTML, like Gecko) Version/18.6 Safari/605.1.15"
101.189.38.41 - - [02/Apr/2026:06:57:31 +0800] "GET /wp-content/cache/autoptimize/js/autoptimize_608318ece1b0c8452f17313c8b437743.js HTTP/1.1" 200 61064 "https://thegreenscapecollective.com.au/services/landscape-and-garden-design/" "Mozilla/5.0 (Macintosh; Intel Mac OS X 10_15_7) AppleWebKit/605.1.15 (KHTML, like Gecko) Version/18.6 Safari/605.1.15"
101.189.38.41 - - [02/Apr/2026:06:57:32 +0800] "GET /wp-content/uploads/2020/10/create.jpg HTTP/1.1" 200 313628 "https://thegreenscapecollective.com.au/services/landscape-and-garden-design/" "Mozilla/5.0 (Macintosh; Intel Mac OS X 10_15_7) AppleWebKit/605.1.15 (KHTML, like Gecko) Version/18.6 Safari/605.1.15"
101.189.38.41 - - [02/Apr/2026:06:57:32 +0800] "GET /wp-content/uploads/2020/10/design-concepts.png HTTP/1.1" 200 5742 "https://thegreenscapecollective.com.au/services/landscape-and-garden-design/" "Mozilla/5.0 (Macintosh; Intel Mac OS X 10_15_7) AppleWebKit/605.1.15 (KHTML, like Gecko) Version/18.6 Safari/605.1.15"
101.189.38.41 - - [02/Apr/2026:06:57:33 +0800] "GET /wp-content/uploads/2020/10/basic-package.png HTTP/1.1" 200 3533 "https://thegreenscapecollective.com.au/services/landscape-and-garden-design/" "Mozilla/5.0 (Macintosh; Intel Mac OS X 10_15_7) AppleWebKit/605.1.15 (KHTML, like Gecko) Version/18.6 Safari/605.1.15"
101.189.38.41 - - [02/Apr/2026:06:57:32 +0800] "GET /wp-json/contact-form-7/v1/contact-forms/892/feedback/schema HTTP/1.1" 200 678 "https://thegreenscapecollective.com.au/services/landscape-and-garden-design/" "Mozilla/5.0 (Macintosh; Intel Mac OS X 10_15_7) AppleWebKit/605.1.15 (KHTML, like Gecko) Version/18.6 Safari/605.1.15"
101.189.38.41 - - [02/Apr/2026:06:57:32 +0800] "GET /wp-json/contact-form-7/v1/contact-forms/891/feedback/schema HTTP/1.1" 200 736 "https://thegreenscapecollective.com.au/services/landscape-and-garden-design/" "Mozilla/5.0 (Macintosh; Intel Mac OS X 10_15_7) AppleWebKit/605.1.15 (KHTML, like Gecko) Version/18.6 Safari/605.1.15"
101.189.38.41 - - [02/Apr/2026:06:57:32 +0800] "GET /wp-json/contact-form-7/v1/contact-forms/889/feedback/schema HTTP/1.1" 200 682 "https://thegreenscapecollective.com.au/services/landscape-and-garden-design/" "Mozilla/5.0 (Macintosh; Intel Mac OS X 10_15_7) AppleWebKit/605.1.15 (KHTML, like Gecko) Version/18.6 Safari/605.1.15"
101.189.38.41 - - [02/Apr/2026:06:57:33 +0800] "GET /wp-content/uploads/2020/10/3d.png HTTP/1.1" 200 4165 "https://thegreenscapecollective.com.au/services/landscape-and-garden-design/" "Mozilla/5.0 (Macintosh; Intel Mac OS X 10_15_7) AppleWebKit/605.1.15 (KHTML, like Gecko) Version/18.6 Safari/605.1.15"
101.189.38.41 - - [02/Apr/2026:06:57:32 +0800] "GET /wp-json/contact-form-7/v1/contact-forms/893/feedback/schema HTTP/1.1" 200 736 "https://thegreenscapecollective.com.au/services/landscape-and-garden-design/" "Mozilla/5.0 (Macintosh; Intel Mac OS X 10_15_7) AppleWebKit/605.1.15 (KHTML, like Gecko) Version/18.6 Safari/605.1.15"
101.189.38.41 - - [02/Apr/2026:06:57:38 +0800] "GET /services/residential-and-commercial-landscape-construction/ HTTP/1.1" 200 17729 "https://thegreenscapecollective.com.au/services/landscape-and-garden-design/" "Mozilla/5.0 (Macintosh; Intel Mac OS X 10_15_7) AppleWebKit/605.1.15 (KHTML, like Gecko) Version/18.6 Safari/605.1.15"
101.189.38.41 - - [02/Apr/2026:06:57:39 +0800] "GET /wp-content/uploads/2020/10/construction.jpg HTTP/1.1" 200 570046 "https://thegreenscapecollective.com.au/services/residential-and-commercial-landscape-construction/" "Mozilla/5.0 (Macintosh; Intel Mac OS X 10_15_7) AppleWebKit/605.1.15 (KHTML, like Gecko) Version/18.6 Safari/605.1.15"
101.189.38.41 - - [02/Apr/2026:06:57:39 +0800] "GET /wp-content/uploads/2020/10/material-cost-1.png HTTP/1.1" 200 3019 "https://thegreenscapecollective.com.au/services/residential-and-commercial-landscape-construction/" "Mozilla/5.0 (Macintosh; Intel Mac OS X 10_15_7) AppleWebKit/605.1.15 (KHTML, like Gecko) Version/18.6 Safari/605.1.15"
101.189.38.41 - - [02/Apr/2026:06:57:40 +0800] "GET /wp-content/uploads/2020/10/landscape-build.png HTTP/1.1" 200 3211 "https://thegreenscapecollective.com.au/services/residential-and-commercial-landscape-construction/" "Mozilla/5.0 (Macintosh; Intel Mac OS X 10_15_7) AppleWebKit/605.1.15 (KHTML, like Gecko) Version/18.6 Safari/605.1.15"
101.189.38.41 - - [02/Apr/2026:06:57:39 +0800] "GET /wp-json/contact-form-7/v1/contact-forms/892/feedback/schema HTTP/1.1" 200 678 "https://thegreenscapecollective.com.au/services/residential-and-commercial-landscape-construction/" "Mozilla/5.0 (Macintosh; Intel Mac OS X 10_15_7) AppleWebKit/605.1.15 (KHTML, like Gecko) Version/18.6 Safari/605.1.15"
101.189.38.41 - - [02/Apr/2026:06:57:40 +0800] "GET /wp-json/contact-form-7/v1/contact-forms/889/feedback/schema HTTP/1.1" 200 682 "https://thegreenscapecollective.com.au/services/residential-and-commercial-landscape-construction/" "Mozilla/5.0 (Macintosh; Intel Mac OS X 10_15_7) AppleWebKit/605.1.15 (KHTML, like Gecko) Version/18.6 Safari/605.1.15"
101.189.38.41 - - [02/Apr/2026:06:57:39 +0800] "GET /wp-json/contact-form-7/v1/contact-forms/891/feedback/schema HTTP/1.1" 200 736 "https://thegreenscapecollective.com.au/services/residential-and-commercial-landscape-construction/" "Mozilla/5.0 (Macintosh; Intel Mac OS X 10_15_7) AppleWebKit/605.1.15 (KHTML, like Gecko) Version/18.6 Safari/605.1.15"
101.189.38.41 - - [02/Apr/2026:06:57:39 +0800] "GET /wp-json/contact-form-7/v1/contact-forms/893/feedback/schema HTTP/1.1" 200 736 "https://thegreenscapecollective.com.au/services/residential-and-commercial-landscape-construction/" "Mozilla/5.0 (Macintosh; Intel Mac OS X 10_15_7) AppleWebKit/605.1.15 (KHTML, like Gecko) Version/18.6 Safari/605.1.15"
101.189.38.41 - - [02/Apr/2026:06:57:41 +0800] "GET /wp-content/uploads/2020/10/garden-install.png HTTP/1.1" 200 3743 "https://thegreenscapecollective.com.au/services/residential-and-commercial-landscape-construction/" "Mozilla/5.0 (Macintosh; Intel Mac OS X 10_15_7) AppleWebKit/605.1.15 (KHTML, like Gecko) Version/18.6 Safari/605.1.15"
101.189.38.41 - - [02/Apr/2026:06:57:41 +0800] "GET /wp-content/uploads/2020/10/reticulation.png HTTP/1.1" 200 3967 "https://thegreenscapecollective.com.au/services/residential-and-commercial-landscape-construction/" "Mozilla/5.0 (Macintosh; Intel Mac OS X 10_15_7) AppleWebKit/605.1.15 (KHTML, like Gecko) Version/18.6 Safari/605.1.15"
101.189.38.41 - - [02/Apr/2026:06:57:41 +0800] "GET /wp-content/uploads/2020/10/turf-laying.png HTTP/1.1" 200 4426 "https://thegreenscapecollective.com.au/services/residential-and-commercial-landscape-construction/" "Mozilla/5.0 (Macintosh; Intel Mac OS X 10_15_7) AppleWebKit/605.1.15 (KHTML, like Gecko) Version/18.6 Safari/605.1.15"
101.189.38.41 - - [02/Apr/2026:06:57:47 +0800] "GET /wp-content/uploads/2020/10/specifcations.png HTTP/1.1" 200 5924 "https://thegreenscapecollective.com.au/services/residential-and-commercial-landscape-construction/" "Mozilla/5.0 (Macintosh; Intel Mac OS X 10_15_7) AppleWebKit/605.1.15 (KHTML, like Gecko) Version/18.6 Safari/605.1.15"
101.189.38.41 - - [02/Apr/2026:06:57:50 +0800] "GET /wp-content/uploads/2020/10/counsil-approvals.png HTTP/1.1" 200 4612 "https://thegreenscapecollective.com.au/services/residential-and-commercial-landscape-construction/" "Mozilla/5.0 (Macintosh; Intel Mac OS X 10_15_7) AppleWebKit/605.1.15 (KHTML, like Gecko) Version/18.6 Safari/605.1.15"
101.189.38.41 - - [02/Apr/2026:06:58:07 +0800] "GET /wp-content/cache/autoptimize/css/autoptimize_96b68dd506dffc123c52aa39a661bd82.css HTTP/1.1" 200 49646 "https://thegreenscapecollective.com.au/about/" "Mozilla/5.0 (Macintosh; Intel Mac OS X 10_15_7) AppleWebKit/605.1.15 (KHTML, like Gecko) Version/18.6 Safari/605.1.15"
103.4.122.14 - - [02/Apr/2026:06:58:07 +0800] "POST /wp-cron.php?doing_wp_cron=1775084287.2998049259185791015625 HTTP/1.1" 200 20 "-" "WordPress/6.9.4; https://thegreenscapecollective.com.au"
101.189.38.41 - - [02/Apr/2026:06:58:05 +0800] "GET /about/ HTTP/1.1" 200 18747 "https://thegreenscapecollective.com.au/services/residential-and-commercial-landscape-construction/" "Mozilla/5.0 (Macintosh; Intel Mac OS X 10_15_7) AppleWebKit/605.1.15 (KHTML, like Gecko) Version/18.6 Safari/605.1.15"
101.189.38.41 - - [02/Apr/2026:06:58:07 +0800] "GET /wp-content/cache/autoptimize/css/autoptimize_single_fe8f181541bb22b337e01d4d0d362cb4.css?ver=1765807811 HTTP/1.1" 200 777 "https://thegreenscapecollective.com.au/about/" "Mozilla/5.0 (Macintosh; Intel Mac OS X 10_15_7) AppleWebKit/605.1.15 (KHTML, like Gecko) Version/18.6 Safari/605.1.15"
101.189.38.41 - - [02/Apr/2026:06:58:07 +0800] "GET /wp-content/uploads/2020/10/about.jpg HTTP/1.1" 200 595897 "https://thegreenscapecollective.com.au/about/" "Mozilla/5.0 (Macintosh; Intel Mac OS X 10_15_7) AppleWebKit/605.1.15 (KHTML, like Gecko) Version/18.6 Safari/605.1.15"
101.189.38.41 - - [02/Apr/2026:06:58:07 +0800] "GET /wp-json/contact-form-7/v1/contact-forms/893/feedback/schema HTTP/1.1" 200 736 "https://thegreenscapecollective.com.au/about/" "Mozilla/5.0 (Macintosh; Intel Mac OS X 10_15_7) AppleWebKit/605.1.15 (KHTML, like Gecko) Version/18.6 Safari/605.1.15"
101.189.38.41 - - [02/Apr/2026:06:58:08 +0800] "GET /wp-json/contact-form-7/v1/contact-forms/891/feedback/schema HTTP/1.1" 200 736 "https://thegreenscapecollective.com.au/about/" "Mozilla/5.0 (Macintosh; Intel Mac OS X 10_15_7) AppleWebKit/605.1.15 (KHTML, like Gecko) Version/18.6 Safari/605.1.15"
101.189.38.41 - - [02/Apr/2026:06:58:07 +0800] "GET /wp-json/contact-form-7/v1/contact-forms/892/feedback/schema HTTP/1.1" 200 678 "https://thegreenscapecollective.com.au/about/" "Mozilla/5.0 (Macintosh; Intel Mac OS X 10_15_7) AppleWebKit/605.1.15 (KHTML, like Gecko) Version/18.6 Safari/605.1.15"
101.189.38.41 - - [02/Apr/2026:06:58:09 +0800] "GET /wp-content/uploads/2020/10/piggy-bank.png HTTP/1.1" 200 5931 "https://thegreenscapecollective.com.au/about/" "Mozilla/5.0 (Macintosh; Intel Mac OS X 10_15_7) AppleWebKit/605.1.15 (KHTML, like Gecko) Version/18.6 Safari/605.1.15"
101.189.38.41 - - [02/Apr/2026:06:58:09 +0800] "GET /wp-content/uploads/2020/10/thumbs-up-hand-symbol.png HTTP/1.1" 200 3653 "https://thegreenscapecollective.com.au/about/" "Mozilla/5.0 (Macintosh; Intel Mac OS X 10_15_7) AppleWebKit/605.1.15 (KHTML, like Gecko) Version/18.6 Safari/605.1.15"
101.189.38.41 - - [02/Apr/2026:06:58:09 +0800] "GET /wp-content/uploads/2020/10/group-profile-users.png HTTP/1.1" 200 6001 "https://thegreenscapecollective.com.au/about/" "Mozilla/5.0 (Macintosh; Intel Mac OS X 10_15_7) AppleWebKit/605.1.15 (KHTML, like Gecko) Version/18.6 Safari/605.1.15"
101.189.38.41 - - [02/Apr/2026:06:58:09 +0800] "GET /wp-content/uploads/2020/10/notepad.png HTTP/1.1" 200 4350 "https://thegreenscapecollective.com.au/about/" "Mozilla/5.0 (Macintosh; Intel Mac OS X 10_15_7) AppleWebKit/605.1.15 (KHTML, like Gecko) Version/18.6 Safari/605.1.15"
101.189.38.41 - - [02/Apr/2026:06:58:08 +0800] "GET /wp-json/contact-form-7/v1/contact-forms/889/feedback/schema HTTP/1.1" 200 682 "https://thegreenscapecollective.com.au/about/" "Mozilla/5.0 (Macintosh; Intel Mac OS X 10_15_7) AppleWebKit/605.1.15 (KHTML, like Gecko) Version/18.6 Safari/605.1.15"
101.189.38.41 - - [02/Apr/2026:06:58:10 +0800] "GET /wp-content/uploads/2020/10/get-to-know-each-other.jpg HTTP/1.1" 200 43739 "https://thegreenscapecollective.com.au/about/" "Mozilla/5.0 (Macintosh; Intel Mac OS X 10_15_7) AppleWebKit/605.1.15 (KHTML, like Gecko) Version/18.6 Safari/605.1.15"
101.189.38.41 - - [02/Apr/2026:06:58:14 +0800] "GET /wp-content/uploads/2020/10/create-beautiful-gardens.jpg HTTP/1.1" 200 49808 "https://thegreenscapecollective.com.au/about/" "Mozilla/5.0 (Macintosh; Intel Mac OS X 10_15_7) AppleWebKit/605.1.15 (KHTML, like Gecko) Version/18.6 Safari/605.1.15"
101.189.38.41 - - [02/Apr/2026:06:58:16 +0800] "GET /wp-content/uploads/2020/10/bring-your-dream-garden-to-life.jpg HTTP/1.1" 200 48247 "https://thegreenscapecollective.com.au/about/" "Mozilla/5.0 (Macintosh; Intel Mac OS X 10_15_7) AppleWebKit/605.1.15 (KHTML, like Gecko) Version/18.6 Safari/605.1.15"
101.189.38.41 - - [02/Apr/2026:06:58:16 +0800] "GET /wp-content/uploads/2020/10/let-you-relax-and-unwind.jpg HTTP/1.1" 200 31009 "https://thegreenscapecollective.com.au/about/" "Mozilla/5.0 (Macintosh; Intel Mac OS X 10_15_7) AppleWebKit/605.1.15 (KHTML, like Gecko) Version/18.6 Safari/605.1.15"
101.189.38.41 - - [02/Apr/2026:06:58:20 +0800] "GET /wp-content/uploads/2020/10/about.jpg HTTP/1.1" 200 595897 "-" "Mozilla/5.0 (Macintosh; Intel Mac OS X 10_15_7) AppleWebKit/605.1.15 (KHTML, like Gecko) Safari"
101.189.38.41 - - [02/Apr/2026:06:58:25 +0800] "GET /wp-content/uploads/2020/10/create-thumbnail.jpg HTTP/1.1" 200 67514 "https://thegreenscapecollective.com.au/" "Mozilla/5.0 (Macintosh; Intel Mac OS X 10_15_7) AppleWebKit/605.1.15 (KHTML, like Gecko) Version/18.6 Safari/605.1.15"
101.189.38.41 - - [02/Apr/2026:06:58:25 +0800] "GET /wp-content/uploads/2020/10/consult-thumbnail.jpg HTTP/1.1" 200 81166 "https://thegreenscapecollective.com.au/" "Mozilla/5.0 (Macintosh; Intel Mac OS X 10_15_7) AppleWebKit/605.1.15 (KHTML, like Gecko) Version/18.6 Safari/605.1.15"
101.189.38.41 - - [02/Apr/2026:06:58:25 +0800] "GET /wp-content/uploads/2020/10/construct-thumbnail.jpg HTTP/1.1" 200 79887 "https://thegreenscapecollective.com.au/" "Mozilla/5.0 (Macintosh; Intel Mac OS X 10_15_7) AppleWebKit/605.1.15 (KHTML, like Gecko) Version/18.6 Safari/605.1.15"
101.189.38.41 - - [02/Apr/2026:06:58:25 +0800] "GET /wp-content/uploads/2020/10/care-thumbnail.jpg HTTP/1.1" 200 106504 "https://thegreenscapecollective.com.au/" "Mozilla/5.0 (Macintosh; Intel Mac OS X 10_15_7) AppleWebKit/605.1.15 (KHTML, like Gecko) Version/18.6 Safari/605.1.15"
101.189.38.41 - - [02/Apr/2026:06:58:25 +0800] "GET /wp-content/uploads/2020/10/greenscapeaugust-0073.jpg HTTP/1.1" 200 1415544 "https://thegreenscapecollective.com.au/" "Mozilla/5.0 (Macintosh; Intel Mac OS X 10_15_7) AppleWebKit/605.1.15 (KHTML, like Gecko) Version/18.6 Safari/605.1.15"
216.244.66.233 - - [02/Apr/2026:06:59:34 +0800] "GET /terms-of-service HTTP/1.1" 301 - "-" "Mozilla/5.0 (compatible; DotBot/1.2; +https://opensiteexplorer.org/dotbot; help@moz.com)"
103.4.122.14 - - [02/Apr/2026:07:05:19 +0800] "POST /wp-cron.php?doing_wp_cron=1775084719.3705930709838867187500 HTTP/1.1" 200 20 "-" "WordPress/6.9.4; https://thegreenscapecollective.com.au"
57.141.14.108 - - [02/Apr/2026:07:05:18 +0800] "GET /sitemap.txt HTTP/1.1" 404 117592 "-" "meta-externalagent/1.1 (+https://developers.facebook.com/docs/sharing/webmasters/crawler)"
216.73.216.190 - - [02/Apr/2026:07:07:29 +0800] "GET /robots.txt HTTP/1.1" 200 140 "-" "Mozilla/5.0 AppleWebKit/537.36 (KHTML, like Gecko; compatible; ClaudeBot/1.0; +claudebot@anthropic.com)"
216.73.216.190 - - [02/Apr/2026:07:07:30 +0800] "GET /sitemap_index.xml HTTP/1.1" 200 385 "-" "Mozilla/5.0 AppleWebKit/537.36 (KHTML, like Gecko; compatible; ClaudeBot/1.0; +claudebot@anthropic.com)"
103.4.122.14 - - [02/Apr/2026:07:09:49 +0800] "POST /wp-cron.php?doing_wp_cron=1775084988.9669311046600341796875 HTTP/1.1" 200 20 "-" "WordPress/6.9.4; https://thegreenscapecollective.com.au"
14.249.64.236 - - [02/Apr/2026:07:09:47 +0800] "GET /faq/ HTTP/1.1" 200 17888 "-" "Mozilla/5.0 (Macintosh; Intel Mac OS X 10_15_7) AppleWebKit/537.36 (KHTML, like Gecko) Chrome/100.0.4896.147 Safari/537.36"
103.4.122.14 - - [02/Apr/2026:07:14:06 +0800] "POST /wp-cron.php?doing_wp_cron=1775085246.8479490280151367187500 HTTP/1.1" 200 20 "-" "WordPress/6.9.4; https://thegreenscapecollective.com.au"
176.47.68.85 - - [02/Apr/2026:07:14:05 +0800] "GET /tag/pollen/ HTTP/1.1" 301 20 "-" "Mozilla/5.0 (Macintosh; Intel Mac OS X 15_1_1) AppleWebKit/537.36 (KHTML, like Gecko) Chrome/133.0.6943.53 Safari/537.36"
186.130.59.24 - - [02/Apr/2026:07:14:11 +0800] "GET /tag/pollen/ HTTP/1.1" 200 16055 "-" "Mozilla/5.0 (Macintosh; Intel Mac OS X 15_1_1) AppleWebKit/537.36 (KHTML, like Gecko) Chrome/133.0.6943.53 Safari/537.36"
103.4.122.14 - - [02/Apr/2026:07:25:51 +0800] "POST /wp-cron.php?doing_wp_cron=1775085951.7440080642700195312500 HTTP/1.1" 200 20 "-" "WordPress/6.9.4; https://thegreenscapecollective.com.au"
185.28.180.138 - - [02/Apr/2026:07:25:50 +0800] "GET /contact/ HTTP/1.1" 200 16204 "https://thegreenscapecollective.com.au/" "Mozilla/5.0 (Windows NT 10.0; WOW64) AppleWebKit/537.36 (KHTML, like Gecko) Chrome/114.0.0.0 Safari/537.36 Vivaldi/5.3.2679.68"
185.28.180.138 - - [02/Apr/2026:07:25:54 +0800] "GET /wp-admin/admin-ajax.php HTTP/1.1" 400 21 "https://thegreenscapecollective.com.au/contact/" "Mozilla/5.0 (Windows NT 6.3; Win64; x64) AppleWebKit/537.36 (KHTML, like Gecko) Chrome/103.0.0.0 Safari/537.36"
185.28.180.138 - - [02/Apr/2026:07:25:57 +0800] "GET /wp-admin/admin-ajax.php?action=register HTTP/1.1" 400 21 "https://thegreenscapecollective.com.au/wp-admin/admin-ajax.php" "Mozilla/5.0 (Windows NT 6.3; Win64; x64) AppleWebKit/537.36 (KHTML, like Gecko) Chrome/103.0.0.0 Safari/537.36"
103.4.122.14 - - [02/Apr/2026:08:05:19 +0800] "POST /wp-cron.php?doing_wp_cron=1775088319.5347080230712890625000 HTTP/1.1" 200 20 "-" "WordPress/6.9.4; https://thegreenscapecollective.com.au"
8.217.214.152 - - [02/Apr/2026:08:05:18 +0800] "GET /robots.txt HTTP/1.1" 200 140 "-" "AliyunSecBot/Aliyun (AliyunSecBot@service.alibaba.com)"
8.217.213.185 - - [02/Apr/2026:08:05:20 +0800] "GET /wp-content/uploads/2020/10/greenscapeaugust-0073.jpg HTTP/1.1" 200 1415544 "-" "AliyunSecBot/Aliyun (AliyunSecBot@service.alibaba.com)"
103.4.122.14 - - [02/Apr/2026:08:11:43 +0800] "POST /wp-cron.php?doing_wp_cron=1775088703.4508800506591796875000 HTTP/1.1" 200 20 "-" "WordPress/6.9.4; https://thegreenscapecollective.com.au"
14.171.11.46 - - [02/Apr/2026:08:11:42 +0800] "GET /services/residential-and-commercial-landscape-construction/tel:0861025202 HTTP/1.1" 404 15686 "-" "Mozilla/5.0 (Windows NT 6.1) AppleWebKit/537.36 (KHTML, like Gecko) Chrome/27.0.1453.90 Safari/537.36"
103.4.122.14 - - [02/Apr/2026:08:15:18 +0800] "POST /wp-cron.php?doing_wp_cron=1775088917.8947858810424804687500 HTTP/1.1" 200 20 "-" "WordPress/6.9.4; https://thegreenscapecollective.com.au"
52.22.138.222 - - [02/Apr/2026:08:15:16 +0800] "GET /robots.txt HTTP/1.1" 301 20 "-" "Mozilla/5.0 (Macintosh; Intel Mac OS X 10_10_1) AppleWebKit/600.2.5 (KHTML, like Gecko) Version/8.0.2 Safari/600.2.5 (Gort)"
34.206.50.36 - - [02/Apr/2026:08:15:18 +0800] "GET /robots.txt HTTP/1.1" 200 140 "-" "Mozilla/5.0 (Macintosh; Intel Mac OS X 10_10_1) AppleWebKit/600.2.5 (KHTML, like Gecko) Version/8.0.2 Safari/600.2.5 (Gort)"
3.135.212.218 - - [02/Apr/2026:08:22:09 +0800] "GET / HTTP/1.1" 301 247 "-" "Mozilla/5.0 (Windows NT 10.0; Win64; x64) AppleWebKit/537.36 (KHTML, like Gecko) Chrome/139.0.0.0 Safari/537.36"
3.135.212.218 - - [02/Apr/2026:08:22:09 +0800] "GET / HTTP/1.1" 301 247 "-" "Mozilla/5.0 (Windows NT 10.0; Win64; x64) AppleWebKit/537.36 (KHTML, like Gecko) Chrome/139.0.0.0 Safari/537.36"
3.135.212.218 - - [02/Apr/2026:08:22:10 +0800] "GET / HTTP/1.1" 200 22006 "https://www.thegreenscapecollective.com.au/" "Mozilla/5.0 (Windows NT 10.0; Win64; x64) AppleWebKit/537.36 (KHTML, like Gecko) Chrome/139.0.0.0 Safari/537.36"
103.4.122.14 - - [02/Apr/2026:08:22:12 +0800] "POST /wp-cron.php?doing_wp_cron=1775089332.0787999629974365234375 HTTP/1.1" 200 20 "-" "WordPress/6.9.4; https://thegreenscapecollective.com.au"
3.135.212.218 - - [02/Apr/2026:08:22:10 +0800] "GET / HTTP/1.1" 200 22004 "https://www.thegreenscapecollective.com.au/" "Mozilla/5.0 (Windows NT 10.0; Win64; x64) AppleWebKit/537.36 (KHTML, like Gecko) Chrome/139.0.0.0 Safari/537.36"
3.24.133.226 - - [02/Apr/2026:08:23:14 +0800] "GET / HTTP/1.0" 301 247 "-" "Mozilla/4.0 (compatible; MSIE 8.0; Windows NT 6.1; WOW64; Trident/4.0; SLCC2; .NET CLR 2.0.50727; .NET CLR 3.5.30729; .NET CLR 3.0.30729)"
103.4.122.14 - - [02/Apr/2026:08:23:16 +0800] "POST /wp-cron.php?doing_wp_cron=1775089395.8583209514617919921875 HTTP/1.1" 200 20 "-" "WordPress/6.9.4; https://thegreenscapecollective.com.au"
3.24.133.226 - - [02/Apr/2026:08:23:14 +0800] "GET / HTTP/1.0" 200 188062 "-" "Mozilla/4.0 (compatible; MSIE 8.0; Windows NT 6.1; WOW64; Trident/4.0; SLCC2; .NET CLR 2.0.50727; .NET CLR 3.5.30729; .NET CLR 3.0.30729)"
103.76.239.91 - - [02/Apr/2026:08:25:20 +0800] "GET /how-to-create-a-low-allergen-garden-in-perth/ HTTP/1.1" 200 21298 "http://www.baidu.com.au/" "Mozilla/5.0 (Macintosh; Intel Mac OS X 10.15; rv:135.0) Gecko/20100101 Firefox/147.0"
44.245.229.198 - - [02/Apr/2026:08:29:47 +0800] "GET /wp-content/uploads/2020/12/Toothbrush-Grevillea.jpg HTTP/1.1" 200 152987 "-" "Mozilla/5.0 (Windows NT 10.0; Win64; x64) AppleWebKit/537.36 (KHTML, like Gecko) Chrome/144.0.0.0 Safari/537.36"
8.217.211.163 - - [02/Apr/2026:08:30:04 +0800] "GET /wp-content/uploads/2020/10/greenscapeaugust-0552.jpg HTTP/1.1" 200 1371094 "-" "AliyunSecBot/Aliyun (AliyunSecBot@service.alibaba.com)"
180.150.81.33 - - [02/Apr/2026:08:34:30 +0800] "GET /wp-content/uploads/2020/12/Common-Everlasting.jpg HTTP/1.1" 200 97949 "https://www.google.com/" "Mozilla/5.0 (Macintosh; Intel Mac OS X 10_15_7) AppleWebKit/605.1.15 (KHTML, like Gecko) Version/26.3 Safari/605.1.15"
103.4.122.14 - - [02/Apr/2026:08:35:51 +0800] "POST /wp-cron.php?doing_wp_cron=1775090151.1894559860229492187500 HTTP/1.1" 200 20 "-" "WordPress/6.9.4; https://thegreenscapecollective.com.au"
85.208.96.209 - - [02/Apr/2026:08:35:50 +0800] "GET /robots.txt HTTP/1.1" 200 140 "-" "Mozilla/5.0 (compatible; SemrushBot/7~bl; +http://www.semrush.com/bot.html)"
185.191.171.2 - - [02/Apr/2026:08:35:54 +0800] "GET /the-top-5-garden-trends-arriving-in-2020/ HTTP/1.1" 200 17711 "-" "Mozilla/5.0 (compatible; SemrushBot/7~bl; +http://www.semrush.com/bot.html)"
180.150.81.33 - - [02/Apr/2026:08:38:14 +0800] "GET /wp-content/uploads/2020/12/Native-Fuchsia.jpg HTTP/1.1" 200 59054 "https://www.google.com/" "Mozilla/5.0 (Macintosh; Intel Mac OS X 10_15_7) AppleWebKit/605.1.15 (KHTML, like Gecko) Version/26.3 Safari/605.1.15"
180.150.81.33 - - [02/Apr/2026:08:38:18 +0800] "GET /wp-content/cache/autoptimize/css/autoptimize_b2d70d75074c3f6f710cac67f62d68e7.css HTTP/1.1" 200 51526 "https://thegreenscapecollective.com.au/" "Mozilla/5.0 (Macintosh; Intel Mac OS X 10_15_7) AppleWebKit/605.1.15 (KHTML, like Gecko) Version/26.3 Safari/605.1.15"
103.4.122.14 - - [02/Apr/2026:08:38:18 +0800] "POST /wp-cron.php?doing_wp_cron=1775090298.6573500633239746093750 HTTP/1.1" 200 20 "-" "WordPress/6.9.4; https://thegreenscapecollective.com.au"
180.150.81.33 - - [02/Apr/2026:08:38:17 +0800] "GET /the-6-best-australian-native-plants-for-waterwise-perth-garden-designs/ HTTP/1.1" 200 26955 "https://www.google.com/" "Mozilla/5.0 (Macintosh; Intel Mac OS X 10_15_7) AppleWebKit/605.1.15 (KHTML, like Gecko) Version/26.3 Safari/605.1.15"
180.150.81.33 - - [02/Apr/2026:08:38:18 +0800] "GET /wp-content/plugins/autoptimize/classes/external/js/lazysizes.min.js?ao_version=3.1.15 HTTP/1.1" 200 4122 "https://thegreenscapecollective.com.au/" "Mozilla/5.0 (Macintosh; Intel Mac OS X 10_15_7) AppleWebKit/605.1.15 (KHTML, like Gecko) Version/26.3 Safari/605.1.15"
180.150.81.33 - - [02/Apr/2026:08:38:18 +0800] "GET /wp-includes/js/jquery/jquery.min.js?ver=3.7.1 HTTP/1.1" 200 30368 "https://thegreenscapecollective.com.au/" "Mozilla/5.0 (Macintosh; Intel Mac OS X 10_15_7) AppleWebKit/605.1.15 (KHTML, like Gecko) Version/26.3 Safari/605.1.15"
180.150.81.33 - - [02/Apr/2026:08:38:18 +0800] "GET /wp-content/cache/autoptimize/css/autoptimize_single_a0e61596f3f196c3460ed19f7d818fe7.css?generated=1755196485&ver=1.21.5 HTTP/1.1" 200 3059 "https://thegreenscapecollective.com.au/" "Mozilla/5.0 (Macintosh; Intel Mac OS X 10_15_7) AppleWebKit/605.1.15 (KHTML, like Gecko) Version/26.3 Safari/605.1.15"
180.150.81.33 - - [02/Apr/2026:08:38:18 +0800] "GET /wp-includes/css/dashicons.min.css?ver=6.9.4 HTTP/1.1" 200 35721 "https://thegreenscapecollective.com.au/" "Mozilla/5.0 (Macintosh; Intel Mac OS X 10_15_7) AppleWebKit/605.1.15 (KHTML, like Gecko) Version/26.3 Safari/605.1.15"
180.150.81.33 - - [02/Apr/2026:08:38:18 +0800] "GET /wp-includes/js/dist/hooks.min.js?ver=dd5603f07f9220ed27f1 HTTP/1.1" 200 1941 "https://thegreenscapecollective.com.au/" "Mozilla/5.0 (Macintosh; Intel Mac OS X 10_15_7) AppleWebKit/605.1.15 (KHTML, like Gecko) Version/26.3 Safari/605.1.15"
180.150.81.33 - - [02/Apr/2026:08:38:18 +0800] "GET /wp-includes/js/dist/i18n.min.js?ver=c26c3dc7bed366793375 HTTP/1.1" 200 2229 "https://thegreenscapecollective.com.au/" "Mozilla/5.0 (Macintosh; Intel Mac OS X 10_15_7) AppleWebKit/605.1.15 (KHTML, like Gecko) Version/26.3 Safari/605.1.15"
180.150.81.33 - - [02/Apr/2026:08:38:18 +0800] "GET /wp-content/uploads/2020/12/Toothbrush-Grevillea.jpg HTTP/1.1" 200 152987 "https://thegreenscapecollective.com.au/" "Mozilla/5.0 (Macintosh; Intel Mac OS X 10_15_7) AppleWebKit/605.1.15 (KHTML, like Gecko) Version/26.3 Safari/605.1.15"
180.150.81.33 - - [02/Apr/2026:08:38:19 +0800] "GET /wp-includes/js/dist/vendor/wp-polyfill.min.js?ver=3.15.0 HTTP/1.1" 200 11852 "https://thegreenscapecollective.com.au/" "Mozilla/5.0 (Macintosh; Intel Mac OS X 10_15_7) AppleWebKit/605.1.15 (KHTML, like Gecko) Version/26.3 Safari/605.1.15"
180.150.81.33 - - [02/Apr/2026:08:38:19 +0800] "GET /wp-content/cache/autoptimize/js/autoptimize_608318ece1b0c8452f17313c8b437743.js HTTP/1.1" 200 61064 "https://thegreenscapecollective.com.au/" "Mozilla/5.0 (Macintosh; Intel Mac OS X 10_15_7) AppleWebKit/605.1.15 (KHTML, like Gecko) Version/26.3 Safari/605.1.15"
180.150.81.33 - - [02/Apr/2026:08:38:19 +0800] "GET /wp-content/uploads/2020/10/fingerprint.png HTTP/1.1" 200 49629 "https://thegreenscapecollective.com.au/" "Mozilla/5.0 (Macintosh; Intel Mac OS X 10_15_7) AppleWebKit/605.1.15 (KHTML, like Gecko) Version/26.3 Safari/605.1.15"
180.150.81.33 - - [02/Apr/2026:08:38:19 +0800] "GET /wp-content/plugins/lightweight-social-icons/fonts/fontello.woff HTTP/1.1" 200 23328 "https://thegreenscapecollective.com.au/" "Mozilla/5.0 (Macintosh; Intel Mac OS X 10_15_7) AppleWebKit/605.1.15 (KHTML, like Gecko) Version/26.3 Safari/605.1.15"
180.150.81.33 - - [02/Apr/2026:08:38:19 +0800] "GET /wp-content/uploads/2020/10/the-greenscape-collective.png HTTP/1.1" 200 28488 "https://thegreenscapecollective.com.au/" "Mozilla/5.0 (Macintosh; Intel Mac OS X 10_15_7) AppleWebKit/605.1.15 (KHTML, like Gecko) Version/26.3 Safari/605.1.15"
180.150.81.33 - - [02/Apr/2026:08:38:19 +0800] "GET /wp-json/contact-form-7/v1/contact-forms/891/feedback/schema HTTP/1.1" 200 736 "https://thegreenscapecollective.com.au/" "Mozilla/5.0 (Macintosh; Intel Mac OS X 10_15_7) AppleWebKit/605.1.15 (KHTML, like Gecko) Version/26.3 Safari/605.1.15"
180.150.81.33 - - [02/Apr/2026:08:38:19 +0800] "GET /wp-json/contact-form-7/v1/contact-forms/889/feedback/schema HTTP/1.1" 200 682 "https://thegreenscapecollective.com.au/" "Mozilla/5.0 (Macintosh; Intel Mac OS X 10_15_7) AppleWebKit/605.1.15 (KHTML, like Gecko) Version/26.3 Safari/605.1.15"
180.150.81.33 - - [02/Apr/2026:08:38:19 +0800] "GET /wp-json/contact-form-7/v1/contact-forms/892/feedback/schema HTTP/1.1" 200 678 "https://thegreenscapecollective.com.au/" "Mozilla/5.0 (Macintosh; Intel Mac OS X 10_15_7) AppleWebKit/605.1.15 (KHTML, like Gecko) Version/26.3 Safari/605.1.15"
180.150.81.33 - - [02/Apr/2026:08:38:20 +0800] "GET /wp-content/uploads/2020/10/cropped-greenscape-favicon-2-32x32.png HTTP/1.1" 200 2496 "https://thegreenscapecollective.com.au/" "Mozilla/5.0 (Macintosh; Intel Mac OS X 10_15_7) AppleWebKit/605.1.15 (KHTML, like Gecko) Version/26.3 Safari/605.1.15"
180.150.81.33 - - [02/Apr/2026:08:38:20 +0800] "GET /wp-content/uploads/2020/10/cropped-greenscape-favicon-2-192x192.png HTTP/1.1" 200 22570 "https://thegreenscapecollective.com.au/" "Mozilla/5.0 (Macintosh; Intel Mac OS X 10_15_7) AppleWebKit/605.1.15 (KHTML, like Gecko) Version/26.3 Safari/605.1.15"
180.150.81.33 - - [02/Apr/2026:08:38:19 +0800] "GET /wp-json/contact-form-7/v1/contact-forms/893/feedback/schema HTTP/1.1" 200 736 "https://thegreenscapecollective.com.au/" "Mozilla/5.0 (Macintosh; Intel Mac OS X 10_15_7) AppleWebKit/605.1.15 (KHTML, like Gecko) Version/26.3 Safari/605.1.15"
180.150.81.33 - - [02/Apr/2026:08:38:24 +0800] "GET /wp-content/uploads/2020/12/Coastal-Wattle-thumb.jpg HTTP/1.1" 200 16254 "https://thegreenscapecollective.com.au/" "Mozilla/5.0 (Macintosh; Intel Mac OS X 10_15_7) AppleWebKit/605.1.15 (KHTML, like Gecko) Version/26.3 Safari/605.1.15"
180.150.81.33 - - [02/Apr/2026:08:38:26 +0800] "GET /wp-content/uploads/2020/12/Toothbrush-Grevillea-thumb.jpg HTTP/1.1" 200 14557 "https://thegreenscapecollective.com.au/" "Mozilla/5.0 (Macintosh; Intel Mac OS X 10_15_7) AppleWebKit/605.1.15 (KHTML, like Gecko) Version/26.3 Safari/605.1.15"
180.150.81.33 - - [02/Apr/2026:08:38:27 +0800] "GET /wp-content/uploads/2020/12/Common-Everlasting-thumb.jpg HTTP/1.1" 200 15068 "https://thegreenscapecollective.com.au/" "Mozilla/5.0 (Macintosh; Intel Mac OS X 10_15_7) AppleWebKit/605.1.15 (KHTML, like Gecko) Version/26.3 Safari/605.1.15"
180.150.81.33 - - [02/Apr/2026:08:38:27 +0800] "GET /wp-content/uploads/2020/12/Callistemon-Kings-Park-Special-thumb.jpg HTTP/1.1" 200 11760 "https://thegreenscapecollective.com.au/" "Mozilla/5.0 (Macintosh; Intel Mac OS X 10_15_7) AppleWebKit/605.1.15 (KHTML, like Gecko) Version/26.3 Safari/605.1.15"
180.150.81.33 - - [02/Apr/2026:08:38:28 +0800] "GET /wp-content/uploads/2020/12/NSW-Christmas-Bush-thumb.jpg HTTP/1.1" 200 14041 "https://thegreenscapecollective.com.au/" "Mozilla/5.0 (Macintosh; Intel Mac OS X 10_15_7) AppleWebKit/605.1.15 (KHTML, like Gecko) Version/26.3 Safari/605.1.15"
103.4.122.14 - - [02/Apr/2026:08:52:46 +0800] "POST /wp-cron.php?doing_wp_cron=1775091166.5272600650787353515625 HTTP/1.1" 200 20 "-" "WordPress/6.9.4; https://thegreenscapecollective.com.au"
66.249.75.161 - - [02/Apr/2026:08:52:45 +0800] "GET /sitemap_index.xml HTTP/1.1" 200 385 "-" "Mozilla/5.0 (compatible; Googlebot/2.1; +http://www.google.com/bot.html)"
103.4.122.14 - - [02/Apr/2026:08:59:01 +0800] "POST /wp-cron.php?doing_wp_cron=1775091540.8326120376586914062500 HTTP/1.1" 200 20 "-" "WordPress/6.9.4; https://thegreenscapecollective.com.au"
57.141.14.19 - - [02/Apr/2026:08:58:59 +0800] "GET /sitemap-index.xml HTTP/1.1" 404 115584 "-" "meta-externalagent/1.1 (+https://developers.facebook.com/docs/sharing/webmasters/crawler)"
103.4.122.14 - - [02/Apr/2026:09:04:02 +0800] "POST /wp-cron.php?doing_wp_cron=1775091842.5981431007385253906250 HTTP/1.1" 200 20 "-" "WordPress/6.9.4; https://thegreenscapecollective.com.au"
113.182.85.112 - - [02/Apr/2026:09:04:00 +0800] "GET /tag/trees/tel:0861025202 HTTP/1.1" 404 15690 "-" "Mozilla/5.0 (Macintosh; Intel Mac OS X 10_12_6) AppleWebKit/537.36 (KHTML, like Gecko) Chrome/89.0.4389.114 Safari/537.36"
39.51.246.118 - - [02/Apr/2026:09:04:27 +0800] "GET /terms-of-service HTTP/1.1" 301 20 "-" "Mozilla/5.0 (Windows NT 6.2; Win64; x64) AppleWebKit/537.36 (KHTML, like Gecko) Chrome/72.0.3626.121 Safari/537.36"
39.51.246.118 - - [02/Apr/2026:09:04:28 +0800] "GET /terms-of-service/ HTTP/1.1" 200 15726 "-" "Mozilla/5.0 (Windows NT 6.2; Win64; x64) AppleWebKit/537.36 (KHTML, like Gecko) Chrome/72.0.3626.121 Safari/537.36"
203.54.223.174 - - [02/Apr/2026:09:20:58 +0800] "GET /wp-content/uploads/2020/12/Native-Fuchsia.jpg HTTP/1.1" 200 59054 "https://www.google.com/" "Mozilla/5.0 (Windows NT 10.0; Win64; x64) AppleWebKit/537.36 (KHTML, like Gecko) Chrome/146.0.0.0 Safari/537.36"
103.4.122.14 - - [02/Apr/2026:09:24:53 +0800] "POST /wp-cron.php?doing_wp_cron=1775093093.1730670928955078125000 HTTP/1.1" 200 20 "-" "WordPress/6.9.4; https://thegreenscapecollective.com.au"
216.73.216.190 - - [02/Apr/2026:09:24:52 +0800] "GET /robots.txt HTTP/1.1" 200 140 "-" "Mozilla/5.0 AppleWebKit/537.36 (KHTML, like Gecko; compatible; ClaudeBot/1.0; +claudebot@anthropic.com)"
216.73.216.190 - - [02/Apr/2026:09:24:53 +0800] "GET /sitemap_index.xml HTTP/1.1" 200 385 "-" "Mozilla/5.0 AppleWebKit/537.36 (KHTML, like Gecko; compatible; ClaudeBot/1.0; +claudebot@anthropic.com)"
169.224.121.232 - - [02/Apr/2026:09:25:58 +0800] "GET /category/garden-care/tel:0861025202 HTTP/1.1" 404 15203 "-" "Mozilla/5.0 (Macintosh; Intel Mac OS X 10_15_7) AppleWebKit/537.36 (KHTML, like Gecko) Chrome/98.0.4758.109 Safari/537.36"
171.6.94.225 - - [02/Apr/2026:09:27:22 +0800] "GET /wp-json/wp/v2/posts HTTP/1.1" 301 20 "-" "Mozilla/5.0 (Windows NT 10.0; Win64; x64) AppleWebKit/537.36 (KHTML, like Gecko) Chrome/120.0.0.0 Safari/537.36"
103.4.122.14 - - [02/Apr/2026:09:29:13 +0800] "POST /wp-cron.php?doing_wp_cron=1775093353.4455280303955078125000 HTTP/1.1" 200 20 "-" "WordPress/6.9.4; https://thegreenscapecollective.com.au"
54.39.203.93 - - [02/Apr/2026:09:29:12 +0800] "GET /robots.txt HTTP/1.1" 301 20 "-" "Mozilla/5.0 (compatible; AhrefsBot/7.0; +http://ahrefs.com/robot/)"
54.39.203.93 - - [02/Apr/2026:09:29:14 +0800] "GET /robots.txt HTTP/1.1" 301 20 "-" "Mozilla/5.0 (compatible; AhrefsBot/7.0; +http://ahrefs.com/robot/)"
54.39.203.93 - - [02/Apr/2026:09:29:16 +0800] "GET /robots.txt HTTP/1.1" 200 140 "-" "Mozilla/5.0 (compatible; AhrefsBot/7.0; +http://ahrefs.com/robot/)"
54.39.210.250 - - [02/Apr/2026:09:29:18 +0800] "GET / HTTP/1.1" 301 247 "-" "Mozilla/5.0 (compatible; AhrefsBot/7.0; +http://ahrefs.com/robot/)"
103.4.122.14 - - [02/Apr/2026:09:40:08 +0800] "POST /wp-cron.php?doing_wp_cron=1775094008.4887459278106689453125 HTTP/1.1" 200 20 "-" "WordPress/6.9.4; https://thegreenscapecollective.com.au"
152.69.222.190 - - [02/Apr/2026:09:40:07 +0800] "POST /_ignition/execute-solution HTTP/1.1" 404 15209 "-" "python-requests/2.33.0"
14.189.101.50 - - [02/Apr/2026:09:40:23 +0800] "GET http://thegreenscapecollective.com.au/ HTTP/1.1" 301 20 "-" "Mozilla/5.0 (Macintosh; Intel Mac OS X 10_14_6) AppleWebKit/537.36 (KHTML, like Gecko) Brave Chrome/89.0.4389.114 Safari/537.36"
190.89.29.241 - - [02/Apr/2026:09:40:33 +0800] "GET http://thegreenscapecollective.com.au/ HTTP/1.1" 301 20 "-" "Mozilla/5.0 (Windows NT 6.1; WOW64) AppleWebKit/537.36 (KHTML, like Gecko) Chrome/74.0.3729.131 Safari/537.36"
103.4.122.14 - - [02/Apr/2026:09:44:13 +0800] "POST /wp-cron.php?doing_wp_cron=1775094253.6403710842132568359375 HTTP/1.1" 200 20 "-" "WordPress/6.9.4; https://thegreenscapecollective.com.au"
34.1.17.73 - - [02/Apr/2026:09:44:17 +0800] "GET / HTTP/1.1" 200 22006 "-" "Mozilla/5.0 (Windows NT 10.0; Win64; x64) AppleWebKit/537.36 (KHTML, like Gecko; compatible; BuiltWith/1.4; rb.gy/xprgqj) Chrome/124.0.0.0 Safari/537.36"
42.83.147.56 - - [02/Apr/2026:09:44:27 +0800] "GET / HTTP/1.1" 200 22004 "-" "Mozilla/5.0 (Windows NT 6.1; Win64; x64) AppleWebKit/537.36 (KHTML, like Gecko)Chrome/74.0.3729.169 Safari/537.36"
3.24.133.226 - - [02/Apr/2026:09:47:13 +0800] "GET / HTTP/1.0" 301 247 "-" "Mozilla/4.0 (compatible; MSIE 8.0; Windows NT 6.1; WOW64; Trident/4.0; SLCC2; .NET CLR 2.0.50727; .NET CLR 3.5.30729; .NET CLR 3.0.30729)"
3.24.133.226 - - [02/Apr/2026:09:47:13 +0800] "GET / HTTP/1.0" 200 188062 "-" "Mozilla/4.0 (compatible; MSIE 8.0; Windows NT 6.1; WOW64; Trident/4.0; SLCC2; .NET CLR 2.0.50727; .NET CLR 3.5.30729; .NET CLR 3.0.30729)"
